11-08 04:59:56.296 1517 5798 I notification_visibility: [-1|android|32|null|1000,1,15079,15079,0,1]
11-08 04:59:56.683 0 0 I auditd : type=1400 audit(0.0:10788): avc: denied { kill } for comm="swapper/0" capability=5 scontext=u:r:kernel:s0 tcontext=u:r:kernel:s0 tclass=capability permissive=0
11-08 04:59:57.538 1517 1689 I input_interaction: Interaction with: 1f46765 NotificationShade (server), edge-swipe (server), swipe-up (server), PointerEventDispatcher0 (server),
11-08 04:59:57.648 1969 1969 I sysui_multi_action: [757,407,758,4,759,1]
11-08 04:59:57.683 0 0 I auditd : type=1400 audit(0.0:10789): avc: denied { kill } for comm="swapper/0" capability=5 scontext=u:r:kernel:s0 tcontext=u:r:kernel:s0 tclass=capability permissive=0
11-08 04:59:58.683 0 0 I auditd : type=1400 audit(0.0:10790): avc: denied { kill } for comm="swapper/0" capability=5 scontext=u:r:kernel:s0 tcontext=u:r:kernel:s0 tclass=capability permissive=0
11-08 04:59:59.165 1517 1517 I notification_enqueue: [10082,1969,com.android.systemui,2048,NULL,0,Notification(channel=updateNotification shortcut=null contentView=null vibrate=null sound=null defaults=0x0 flags=0x0 color=0x00000000 vis=PRIVATE),1]
11-08 04:59:59.165 1969 1969 I sysui_multi_action: [757,111,758,2]
11-08 04:59:59.165 1969 1969 I sysui_multi_action: [757,111,758,2]
11-08 04:59:59.183 1969 1969 I sysui_multi_action: [757,111,758,1]
11-08 04:59:59.184 1969 1969 I sysui_multi_action: [757,126,758,1,759,126,927,0,928,1,1593,1]
11-08 04:59:59.184 1969 1969 I sysui_multi_action: [757,113,758,1,759,113,927,1,928,0,1593,1]
11-08 04:59:59.185 1969 1969 I sysui_multi_action: [757,0,758,1,759,0,927,2,928,0,1593,1]
11-08 04:59:59.185 1969 1969 I sysui_multi_action: [757,0,758,1,759,0,927,3,928,0,1593,1]
11-08 04:59:59.185 1969 1969 I sysui_multi_action: [757,0,758,1,759,0,927,4,1593,1]
11-08 04:59:59.185 1969 1969 I sysui_multi_action: [757,491,758,1,759,491,927,5,928,0,1311,-1,1593,0]
11-08 04:59:59.186 1969 1969 I sysui_multi_action: [757,122,758,1,759,122,927,6,928,1,1593,0]
11-08 04:59:59.186 1969 1969 I sysui_multi_action: [757,0,758,1,759,0,927,7,928,0,1593,0]
11-08 04:59:59.186 1969 1969 I sysui_multi_action: [757,111,758,1]
11-08 04:59:59.186 1969 1969 I sysui_multi_action: [757,126,758,1,759,126,927,0,928,1,1593,1]
11-08 04:59:59.186 1969 1969 I sysui_multi_action: [757,113,758,1,759,113,927,1,928,0,1593,1]
11-08 04:59:59.186 1969 1969 I sysui_multi_action: [757,0,758,1,759,0,927,2,928,0,1593,1]
11-08 04:59:59.186 1969 1969 I sysui_multi_action: [757,0,758,1,759,0,927,3,928,0,1593,1]
11-08 04:59:59.209 1969 1969 I sysui_multi_action: [757,111,758,2]
11-08 04:59:59.209 1969 1969 I sysui_multi_action: [757,111,758,2]
11-08 04:59:59.209 1517 1517 I notification_enqueue: [10082,1969,com.android.systemui,2048,NULL,0,Notification(channel=updateNotification shortcut=null contentView=null vibrate=null sound=null defaults=0x0 flags=0x0 color=0x00000000 vis=PRIVATE),1]
11-08 04:59:59.219 1969 1969 I sysui_multi_action: [757,111,758,1]
11-08 04:59:59.219 1969 1969 I sysui_multi_action: [757,126,758,1,759,126,927,0,928,1,1593,1]
11-08 04:59:59.219 1969 1969 I sysui_multi_action: [757,113,758,1,759,113,927,1,928,0,1593,1]
11-08 04:59:59.220 1969 1969 I sysui_multi_action: [757,0,758,1,759,0,927,2,928,0,1593,1]
11-08 04:59:59.220 1969 1969 I sysui_multi_action: [757,0,758,1,759,0,927,3,928,0,1593,1]
11-08 04:59:59.220 1969 1969 I sysui_multi_action: [757,0,758,1,759,0,927,4,1593,1]
11-08 04:59:59.220 1969 1969 I sysui_multi_action: [757,491,758,1,759,491,927,5,928,0,1311,-1,1593,0]
11-08 04:59:59.220 1969 1969 I sysui_multi_action: [757,122,758,1,759,122,927,6,928,1,1593,0]
11-08 04:59:59.220 1969 1969 I sysui_multi_action: [757,0,758,1,759,0,927,7,928,0,1593,0]
11-08 04:59:59.220 1969 1969 I sysui_multi_action: [757,111,758,1]
11-08 04:59:59.220 1969 1969 I sysui_multi_action: [757,126,758,1,759,126,927,0,928,1,1593,1]
11-08 04:59:59.220 1969 1969 I sysui_multi_action: [757,113,758,1,759,113,927,1,928,0,1593,1]
11-08 04:59:59.220 1969 1969 I sysui_multi_action: [757,0,758,1,759,0,927,2,928,0,1593,1]
11-08 04:59:59.220 1969 1969 I sysui_multi_action: [757,0,758,1,759,0,927,3,928,0,1593,1]
11-08 04:59:59.237 1969 1969 I sysui_multi_action: [757,111,758,2]
11-08 04:59:59.238 1517 1517 I notification_enqueue: [10082,1969,com.android.systemui,2048,NULL,0,Notification(channel=updateNotification shortcut=null contentView=null vibrate=null sound=null defaults=0x0 flags=0x0 color=0x00000000 vis=PRIVATE),1]
11-08 04:59:59.238 1969 1969 I sysui_multi_action: [757,111,758,2]
11-08 04:59:59.245 1969 1969 I sysui_multi_action: [757,111,758,1]
11-08 04:59:59.245 1969 1969 I sysui_multi_action: [757,126,758,1,759,126,927,0,928,1,1593,1]
11-08 04:59:59.245 1969 1969 I sysui_multi_action: [757,113,758,1,759,113,927,1,928,0,1593,1]
11-08 04:59:59.245 1969 1969 I sysui_multi_action: [757,0,758,1,759,0,927,2,928,0,1593,1]
11-08 04:59:59.245 1969 1969 I sysui_multi_action: [757,0,758,1,759,0,927,3,928,0,1593,1]
11-08 04:59:59.245 1969 1969 I sysui_multi_action: [757,0,758,1,759,0,927,4,1593,1]
11-08 04:59:59.245 1969 1969 I sysui_multi_action: [757,491,758,1,759,491,927,5,928,0,1311,-1,1593,0]
11-08 04:59:59.245 1969 1969 I sysui_multi_action: [757,122,758,1,759,122,927,6,928,1,1593,0]
11-08 04:59:59.245 1969 1969 I sysui_multi_action: [757,0,758,1,759,0,927,7,928,0,1593,0]
11-08 04:59:59.245 1969 1969 I sysui_multi_action: [757,111,758,1]
11-08 04:59:59.245 1969 1969 I sysui_multi_action: [757,126,758,1,759,126,927,0,928,1,1593,1]
11-08 04:59:59.245 1969 1969 I sysui_multi_action: [757,113,758,1,759,113,927,1,928,0,1593,1]
11-08 04:59:59.245 1969 1969 I sysui_multi_action: [757,0,758,1,759,0,927,2,928,0,1593,1]
11-08 04:59:59.245 1969 1969 I sysui_multi_action: [757,0,758,1,759,0,927,3,928,0,1593,1]
11-08 04:59:59.256 1969 1969 I sysui_multi_action: [757,111,758,2]
11-08 04:59:59.256 1969 1969 I sysui_multi_action: [757,111,758,2]
11-08 04:59:59.256 1517 1517 I notification_enqueue: [10082,1969,com.android.systemui,2048,NULL,0,Notification(channel=updateNotification shortcut=null contentView=null vibrate=null sound=null defaults=0x0 flags=0x0 color=0x00000000 vis=PRIVATE),1]
11-08 04:59:59.262 1969 1969 I sysui_multi_action: [757,111,758,1]
11-08 04:59:59.262 1969 1969 I sysui_multi_action: [757,126,758,1,759,126,927,0,928,1,1593,1]
11-08 04:59:59.262 1969 1969 I sysui_multi_action: [757,113,758,1,759,113,927,1,928,0,1593,1]
11-08 04:59:59.262 1969 1969 I sysui_multi_action: [757,0,758,1,759,0,927,2,928,0,1593,1]
11-08 04:59:59.262 1969 1969 I sysui_multi_action: [757,0,758,1,759,0,927,3,928,0,1593,1]
11-08 04:59:59.262 1969 1969 I sysui_multi_action: [757,0,758,1,759,0,927,4,1593,1]
11-08 04:59:59.262 1969 1969 I sysui_multi_action: [757,491,758,1,759,491,927,5,928,0,1311,-1,1593,0]
11-08 04:59:59.262 1969 1969 I sysui_multi_action: [757,122,758,1,759,122,927,6,928,1,1593,0]
11-08 04:59:59.263 1969 1969 I sysui_multi_action: [757,0,758,1,759,0,927,7,928,0,1593,0]
11-08 04:59:59.263 1969 1969 I sysui_multi_action: [757,111,758,1]
11-08 04:59:59.263 1969 1969 I sysui_multi_action: [757,126,758,1,759,126,927,0,928,1,1593,1]
11-08 04:59:59.263 1969 1969 I sysui_multi_action: [757,113,758,1,759,113,927,1,928,0,1593,1]
11-08 04:59:59.263 1969 1969 I sysui_multi_action: [757,0,758,1,759,0,927,2,928,0,1593,1]
11-08 04:59:59.263 1969 1969 I sysui_multi_action: [757,0,758,1,759,0,927,3,928,0,1593,1]
11-08 04:59:59.274 1969 1969 I sysui_multi_action: [757,111,758,2]
11-08 04:59:59.274 1969 1969 I sysui_multi_action: [757,111,758,2]
11-08 04:59:59.274 1517 1517 I notification_enqueue: [10082,1969,com.android.systemui,2048,NULL,0,Notification(channel=updateNotification shortcut=null contentView=null vibrate=null sound=null defaults=0x0 flags=0x0 color=0x00000000 vis=PRIVATE),1]
11-08 04:59:59.282 1969 1969 I sysui_multi_action: [757,111,758,1]
11-08 04:59:59.282 1969 1969 I sysui_multi_action: [757,126,758,1,759,126,927,0,928,1,1593,1]
11-08 04:59:59.282 1969 1969 I sysui_multi_action: [757,113,758,1,759,113,927,1,928,0,1593,1]
11-08 04:59:59.282 1969 1969 I sysui_multi_action: [757,0,758,1,759,0,927,2,928,0,1593,1]
11-08 04:59:59.282 1969 1969 I sysui_multi_action: [757,0,758,1,759,0,927,3,928,0,1593,1]
11-08 04:59:59.282 1969 1969 I sysui_multi_action: [757,0,758,1,759,0,927,4,1593,1]
11-08 04:59:59.282 1969 1969 I sysui_multi_action: [757,491,758,1,759,491,927,5,928,0,1311,-1,1593,0]
11-08 04:59:59.282 1969 1969 I sysui_multi_action: [757,122,758,1,759,122,927,6,928,1,1593,0]
11-08 04:59:59.282 1969 1969 I sysui_multi_action: [757,0,758,1,759,0,927,7,928,0,1593,0]
11-08 04:59:59.282 1969 1969 I sysui_multi_action: [757,111,758,1]
11-08 04:59:59.282 1969 1969 I sysui_multi_action: [757,126,758,1,759,126,927,0,928,1,1593,1]
11-08 04:59:59.282 1969 1969 I sysui_multi_action: [757,113,758,1,759,113,927,1,928,0,1593,1]
11-08 04:59:59.282 1969 1969 I sysui_multi_action: [757,0,758,1,759,0,927,2,928,0,1593,1]
11-08 04:59:59.282 1969 1969 I sysui_multi_action: [757,0,758,1,759,0,927,3,928,0,1593,1]
11-08 04:59:59.300 1969 1969 I sysui_multi_action: [757,111,758,2]
11-08 04:59:59.300 1517 1517 I notification_enqueue: [10082,1969,com.android.systemui,2048,NULL,0,Notification(channel=updateNotification shortcut=null contentView=null vibrate=null sound=null defaults=0x0 flags=0x0 color=0x00000000 vis=PRIVATE),1]
11-08 04:59:59.300 1969 1969 I sysui_multi_action: [757,111,758,2]
11-08 04:59:59.306 1969 1969 I sysui_multi_action: [757,111,758,1]
11-08 04:59:59.306 1969 1969 I sysui_multi_action: [757,126,758,1,759,126,927,0,928,1,1593,1]
11-08 04:59:59.306 1969 1969 I sysui_multi_action: [757,113,758,1,759,113,927,1,928,0,1593,1]
11-08 04:59:59.306 1969 1969 I sysui_multi_action: [757,0,758,1,759,0,927,2,928,0,1593,1]
11-08 04:59:59.306 1969 1969 I sysui_multi_action: [757,0,758,1,759,0,927,3,928,0,1593,1]
11-08 04:59:59.306 1969 1969 I sysui_multi_action: [757,0,758,1,759,0,927,4,1593,1]
11-08 04:59:59.306 1969 1969 I sysui_multi_action: [757,491,758,1,759,491,927,5,928,0,1311,-1,1593,0]
11-08 04:59:59.306 1969 1969 I sysui_multi_action: [757,122,758,1,759,122,927,6,928,1,1593,0]
11-08 04:59:59.307 1969 1969 I sysui_multi_action: [757,0,758,1,759,0,927,7,928,0,1593,0]
11-08 04:59:59.307 1969 1969 I sysui_multi_action: [757,111,758,1]
11-08 04:59:59.307 1969 1969 I sysui_multi_action: [757,126,758,1,759,126,927,0,928,1,1593,1]
11-08 04:59:59.307 1969 1969 I sysui_multi_action: [757,113,758,1,759,113,927,1,928,0,1593,1]
11-08 04:59:59.307 1969 1969 I sysui_multi_action: [757,0,758,1,759,0,927,2,928,0,1593,1]
11-08 04:59:59.307 1969 1969 I sysui_multi_action: [757,0,758,1,759,0,927,3,928,0,1593,1]
11-08 04:59:59.318 1969 1969 I sysui_multi_action: [757,111,758,2]
11-08 04:59:59.318 1969 1969 I sysui_multi_action: [757,111,758,2]
11-08 04:59:59.318 1517 1517 I notification_enqueue: [10082,1969,com.android.systemui,2048,NULL,0,Notification(channel=updateNotification shortcut=null contentView=null vibrate=null sound=null defaults=0x0 flags=0x0 color=0x00000000 vis=PRIVATE),1]
11-08 04:59:59.324 1969 1969 I sysui_multi_action: [757,111,758,1]
11-08 04:59:59.324 1969 1969 I sysui_multi_action: [757,126,758,1,759,126,927,0,928,1,1593,1]
11-08 04:59:59.324 1969 1969 I sysui_multi_action: [757,113,758,1,759,113,927,1,928,0,1593,1]
11-08 04:59:59.324 1969 1969 I sysui_multi_action: [757,0,758,1,759,0,927,2,928,0,1593,1]
11-08 04:59:59.324 1969 1969 I sysui_multi_action: [757,0,758,1,759,0,927,3,928,0,1593,1]
11-08 04:59:59.324 1969 1969 I sysui_multi_action: [757,0,758,1,759,0,927,4,1593,1]
11-08 04:59:59.325 1969 1969 I sysui_multi_action: [757,491,758,1,759,491,927,5,928,0,1311,-1,1593,0]
11-08 04:59:59.325 1969 1969 I sysui_multi_action: [757,122,758,1,759,122,927,6,928,1,1593,0]
11-08 04:59:59.325 1969 1969 I sysui_multi_action: [757,0,758,1,759,0,927,7,928,0,1593,0]
11-08 04:59:59.325 1969 1969 I sysui_multi_action: [757,111,758,1]
11-08 04:59:59.325 1969 1969 I sysui_multi_action: [757,126,758,1,759,126,927,0,928,1,1593,1]
11-08 04:59:59.325 1969 1969 I sysui_multi_action: [757,113,758,1,759,113,927,1,928,0,1593,1]
11-08 04:59:59.325 1969 1969 I sysui_multi_action: [757,0,758,1,759,0,927,2,928,0,1593,1]
11-08 04:59:59.325 1969 1969 I sysui_multi_action: [757,0,758,1,759,0,927,3,928,0,1593,1]
11-08 04:59:59.336 1969 1969 I sysui_multi_action: [757,111,758,2]
11-08 04:59:59.336 1969 1969 I sysui_multi_action: [757,111,758,2]
11-08 04:59:59.337 1517 1517 I notification_enqueue: [10082,1969,com.android.systemui,2048,NULL,0,Notification(channel=updateNotification shortcut=null contentView=null vibrate=null sound=null defaults=0x0 flags=0x0 color=0x00000000 vis=PRIVATE),1]
11-08 04:59:59.342 1969 1969 I sysui_multi_action: [757,111,758,1]
11-08 04:59:59.342 1969 1969 I sysui_multi_action: [757,126,758,1,759,126,927,0,928,1,1593,1]
11-08 04:59:59.342 1969 1969 I sysui_multi_action: [757,113,758,1,759,113,927,1,928,0,1593,1]
11-08 04:59:59.342 1969 1969 I sysui_multi_action: [757,0,758,1,759,0,927,2,928,0,1593,1]
11-08 04:59:59.342 1969 1969 I sysui_multi_action: [757,0,758,1,759,0,927,3,928,0,1593,1]
11-08 04:59:59.342 1969 1969 I sysui_multi_action: [757,0,758,1,759,0,927,4,1593,1]
11-08 04:59:59.343 1969 1969 I sysui_multi_action: [757,491,758,1,759,491,927,5,928,0,1311,-1,1593,0]
11-08 04:59:59.343 1969 1969 I sysui_multi_action: [757,122,758,1,759,122,927,6,928,1,1593,0]
11-08 04:59:59.343 1969 1969 I sysui_multi_action: [757,0,758,1,759,0,927,7,928,0,1593,0]
11-08 04:59:59.343 1969 1969 I sysui_multi_action: [757,111,758,1]
11-08 04:59:59.343 1969 1969 I sysui_multi_action: [757,126,758,1,759,126,927,0,928,1,1593,1]
11-08 04:59:59.343 1969 1969 I sysui_multi_action: [757,113,758,1,759,113,927,1,928,0,1593,1]
11-08 04:59:59.343 1969 1969 I sysui_multi_action: [757,0,758,1,759,0,927,2,928,0,1593,1]
11-08 04:59:59.343 1969 1969 I sysui_multi_action: [757,0,758,1,759,0,927,3,928,0,1593,1]
11-08 04:59:59.354 1969 1969 I sysui_multi_action: [757,111,758,2]
11-08 04:59:59.354 1517 1517 I notification_enqueue: [10082,1969,com.android.systemui,2048,NULL,0,Notification(channel=updateNotification shortcut=null contentView=null vibrate=null sound=null defaults=0x0 flags=0x0 color=0x00000000 vis=PRIVATE),1]
11-08 04:59:59.354 1969 1969 I sysui_multi_action: [757,111,758,2]
11-08 04:59:59.360 1969 1969 I sysui_multi_action: [757,111,758,1]
11-08 04:59:59.360 1969 1969 I sysui_multi_action: [757,126,758,1,759,126,927,0,928,1,1593,1]
11-08 04:59:59.360 1969 1969 I sysui_multi_action: [757,113,758,1,759,113,927,1,928,0,1593,1]
11-08 04:59:59.360 1969 1969 I sysui_multi_action: [757,0,758,1,759,0,927,2,928,0,1593,1]
11-08 04:59:59.360 1969 1969 I sysui_multi_action: [757,0,758,1,759,0,927,3,928,0,1593,1]
11-08 04:59:59.360 1969 1969 I sysui_multi_action: [757,0,758,1,759,0,927,4,1593,1]
11-08 04:59:59.361 1969 1969 I sysui_multi_action: [757,491,758,1,759,491,927,5,928,0,1311,-1,1593,0]
11-08 04:59:59.361 1969 1969 I sysui_multi_action: [757,122,758,1,759,122,927,6,928,1,1593,0]
11-08 04:59:59.361 1969 1969 I sysui_multi_action: [757,0,758,1,759,0,927,7,928,0,1593,0]
11-08 04:59:59.361 1969 1969 I sysui_multi_action: [757,111,758,1]
11-08 04:59:59.361 1969 1969 I sysui_multi_action: [757,126,758,1,759,126,927,0,928,1,1593,1]
11-08 04:59:59.361 1969 1969 I sysui_multi_action: [757,113,758,1,759,113,927,1,928,0,1593,1]
11-08 04:59:59.361 1969 1969 I sysui_multi_action: [757,0,758,1,759,0,927,2,928,0,1593,1]
11-08 04:59:59.361 1969 1969 I sysui_multi_action: [757,0,758,1,759,0,927,3,928,0,1593,1]
11-08 04:59:59.368 1517 1517 I sysui_multi_action: [757,1501,758,1,793,10185509,794,0,795,206,796,2048,806,com.android.systemui,857,updateNotification,858,3,947,0,1500,0,1688,1]
11-08 04:59:59.368 1517 1517 I sysui_multi_action: [757,804,799,note_interruptive,801,0,802,1]
11-08 04:59:59.369 1517 1517 I sysui_multi_action: [757,199,758,1,759,2,793,10185509,794,0,795,206,796,2048,806,com.android.systemui,857,updateNotification,858,3,947,0,1500,0,1688,1]
11-08 04:59:59.369 1517 1517 I notification_alert: [0|com.android.systemui|2048|null|10082,0,1,0]
11-08 04:59:59.372 1969 1969 I sysui_multi_action: [757,111,758,2]
11-08 04:59:59.372 1969 1969 I sysui_multi_action: [757,111,758,2]
11-08 04:59:59.372 1517 1517 I notification_enqueue: [10082,1969,com.android.systemui,2048,NULL,0,Notification(channel=updateNotification shortcut=null contentView=null vibrate=null sound=null defaults=0x0 flags=0x0 color=0x00000000 vis=PRIVATE),1]
11-08 04:59:59.379 1969 1969 I sysui_multi_action: [757,111,758,1]
11-08 04:59:59.379 1969 1969 I sysui_multi_action: [757,126,758,1,759,126,927,0,928,1,1593,1]
11-08 04:59:59.379 1969 1969 I sysui_multi_action: [757,113,758,1,759,113,927,1,928,0,1593,1]
11-08 04:59:59.379 1969 1969 I sysui_multi_action: [757,0,758,1,759,0,927,2,928,0,1593,1]
11-08 04:59:59.379 1969 1969 I sysui_multi_action: [757,0,758,1,759,0,927,3,928,0,1593,1]
11-08 04:59:59.379 1969 1969 I sysui_multi_action: [757,0,758,1,759,0,927,4,1593,1]
11-08 04:59:59.379 1969 1969 I sysui_multi_action: [757,491,758,1,759,491,927,5,928,0,1311,-1,1593,0]
11-08 04:59:59.379 1969 1969 I sysui_multi_action: [757,122,758,1,759,122,927,6,928,1,1593,0]
11-08 04:59:59.379 1969 1969 I sysui_multi_action: [757,0,758,1,759,0,927,7,928,0,1593,0]
11-08 04:59:59.379 1969 1969 I sysui_multi_action: [757,111,758,1]
11-08 04:59:59.379 1969 1969 I sysui_multi_action: [757,126,758,1,759,126,927,0,928,1,1593,1]
11-08 04:59:59.380 1969 1969 I sysui_multi_action: [757,113,758,1,759,113,927,1,928,0,1593,1]
11-08 04:59:59.380 1969 1969 I sysui_multi_action: [757,0,758,1,759,0,927,2,928,0,1593,1]
11-08 04:59:59.380 1969 1969 I sysui_multi_action: [757,0,758,1,759,0,927,3,928,0,1593,1]
11-08 04:59:59.391 1969 1969 I sysui_multi_action: [757,111,758,2]
11-08 04:59:59.391 1969 1969 I sysui_multi_action: [757,111,758,2]
11-08 04:59:59.391 1517 1517 I notification_enqueue: [10082,1969,com.android.systemui,2048,NULL,0,Notification(channel=updateNotification shortcut=null contentView=null vibrate=null sound=null defaults=0x0 flags=0x0 color=0x00000000 vis=PRIVATE),1]
11-08 04:59:59.397 1969 1969 I sysui_multi_action: [757,111,758,1]
11-08 04:59:59.397 1969 1969 I sysui_multi_action: [757,126,758,1,759,126,927,0,928,1,1593,1]
11-08 04:59:59.397 1969 1969 I sysui_multi_action: [757,113,758,1,759,113,927,1,928,0,1593,1]
11-08 04:59:59.397 1969 1969 I sysui_multi_action: [757,0,758,1,759,0,927,2,928,0,1593,1]
11-08 04:59:59.397 1969 1969 I sysui_multi_action: [757,0,758,1,759,0,927,3,928,0,1593,1]
11-08 04:59:59.397 1969 1969 I sysui_multi_action: [757,0,758,1,759,0,927,4,1593,1]
11-08 04:59:59.398 1969 1969 I sysui_multi_action: [757,491,758,1,759,491,927,5,928,0,1311,-1,1593,0]
11-08 04:59:59.398 1969 1969 I sysui_multi_action: [757,122,758,1,759,122,927,6,928,1,1593,0]
11-08 04:59:59.398 1969 1969 I sysui_multi_action: [757,0,758,1,759,0,927,7,928,0,1593,0]
11-08 04:59:59.398 1969 1969 I sysui_multi_action: [757,111,758,1]
11-08 04:59:59.398 1969 1969 I sysui_multi_action: [757,126,758,1,759,126,927,0,928,1,1593,1]
11-08 04:59:59.398 1969 1969 I sysui_multi_action: [757,113,758,1,759,113,927,1,928,0,1593,1]
11-08 04:59:59.398 1969 1969 I sysui_multi_action: [757,0,758,1,759,0,927,2,928,0,1593,1]
11-08 04:59:59.398 1969 1969 I sysui_multi_action: [757,0,758,1,759,0,927,3,928,0,1593,1]
11-08 04:59:59.411 1969 1969 I sysui_multi_action: [757,111,758,2]
11-08 04:59:59.411 1969 1969 I sysui_multi_action: [757,111,758,2]
11-08 04:59:59.413 1517 1517 I notification_enqueue: [10082,1969,com.android.systemui,2048,NULL,0,Notification(channel=updateNotification shortcut=null contentView=null vibrate=null sound=null defaults=0x0 flags=0x0 color=0x00000000 vis=PRIVATE),1]
11-08 04:59:59.418 1969 1969 I sysui_multi_action: [757,111,758,1]
11-08 04:59:59.418 1969 1969 I sysui_multi_action: [757,126,758,1,759,126,927,0,928,1,1593,1]
11-08 04:59:59.418 1969 1969 I sysui_multi_action: [757,113,758,1,759,113,927,1,928,0,1593,1]
11-08 04:59:59.418 1969 1969 I sysui_multi_action: [757,0,758,1,759,0,927,2,928,0,1593,1]
11-08 04:59:59.418 1969 1969 I sysui_multi_action: [757,0,758,1,759,0,927,3,928,0,1593,1]
11-08 04:59:59.418 1969 1969 I sysui_multi_action: [757,0,758,1,759,0,927,4,1593,1]
11-08 04:59:59.418 1969 1969 I sysui_multi_action: [757,491,758,1,759,491,927,5,928,0,1311,-1,1593,0]
11-08 04:59:59.418 1969 1969 I sysui_multi_action: [757,122,758,1,759,122,927,6,928,1,1593,0]
11-08 04:59:59.418 1969 1969 I sysui_multi_action: [757,0,758,1,759,0,927,7,928,0,1593,0]
11-08 04:59:59.418 1969 1969 I sysui_multi_action: [757,111,758,1]
11-08 04:59:59.418 1969 1969 I sysui_multi_action: [757,126,758,1,759,126,927,0,928,1,1593,1]
11-08 04:59:59.418 1969 1969 I sysui_multi_action: [757,113,758,1,759,113,927,1,928,0,1593,1]
11-08 04:59:59.418 1969 1969 I sysui_multi_action: [757,0,758,1,759,0,927,2,928,0,1593,1]
11-08 04:59:59.418 1969 1969 I sysui_multi_action: [757,0,758,1,759,0,927,3,928,0,1593,1]
11-08 04:59:59.430 1969 1969 I sysui_multi_action: [757,111,758,2]
11-08 04:59:59.431 1517 1517 I notification_enqueue: [10082,1969,com.android.systemui,2048,NULL,0,Notification(channel=updateNotification shortcut=null contentView=null vibrate=null sound=null defaults=0x0 flags=0x0 color=0x00000000 vis=PRIVATE),1]
11-08 04:59:59.431 1969 1969 I sysui_multi_action: [757,111,758,2]
11-08 04:59:59.437 1969 1969 I sysui_multi_action: [757,111,758,1]
11-08 04:59:59.438 1969 1969 I sysui_multi_action: [757,126,758,1,759,126,927,0,928,1,1593,1]
11-08 04:59:59.438 1969 1969 I sysui_multi_action: [757,113,758,1,759,113,927,1,928,0,1593,1]
11-08 04:59:59.438 1969 1969 I sysui_multi_action: [757,0,758,1,759,0,927,2,928,0,1593,1]
11-08 04:59:59.438 1969 1969 I sysui_multi_action: [757,0,758,1,759,0,927,3,928,0,1593,1]
11-08 04:59:59.438 1969 1969 I sysui_multi_action: [757,0,758,1,759,0,927,4,1593,1]
11-08 04:59:59.438 1969 1969 I sysui_multi_action: [757,491,758,1,759,491,927,5,928,0,1311,-1,1593,0]
11-08 04:59:59.438 1969 1969 I sysui_multi_action: [757,122,758,1,759,122,927,6,928,1,1593,0]
11-08 04:59:59.438 1969 1969 I sysui_multi_action: [757,0,758,1,759,0,927,7,928,0,1593,0]
11-08 04:59:59.438 1969 1969 I sysui_multi_action: [757,111,758,1]
11-08 04:59:59.438 1969 1969 I sysui_multi_action: [757,126,758,1,759,126,927,0,928,1,1593,1]
11-08 04:59:59.438 1969 1969 I sysui_multi_action: [757,113,758,1,759,113,927,1,928,0,1593,1]
11-08 04:59:59.438 1969 1969 I sysui_multi_action: [757,0,758,1,759,0,927,2,928,0,1593,1]
11-08 04:59:59.438 1969 1969 I sysui_multi_action: [757,0,758,1,759,0,927,3,928,0,1593,1]
11-08 04:59:59.452 1969 1969 I sysui_multi_action: [757,111,758,2]
11-08 04:59:59.452 1517 1517 I notification_enqueue: [10082,1969,com.android.systemui,2048,NULL,0,Notification(channel=updateNotification shortcut=null contentView=null vibrate=null sound=null defaults=0x0 flags=0x0 color=0x00000000 vis=PRIVATE),1]
11-08 04:59:59.452 1969 1969 I sysui_multi_action: [757,111,758,2]
11-08 04:59:59.458 1969 1969 I sysui_multi_action: [757,111,758,1]
11-08 04:59:59.458 1969 1969 I sysui_multi_action: [757,126,758,1,759,126,927,0,928,1,1593,1]
11-08 04:59:59.458 1969 1969 I sysui_multi_action: [757,113,758,1,759,113,927,1,928,0,1593,1]
11-08 04:59:59.458 1969 1969 I sysui_multi_action: [757,0,758,1,759,0,927,2,928,0,1593,1]
11-08 04:59:59.458 1969 1969 I sysui_multi_action: [757,0,758,1,759,0,927,3,928,0,1593,1]
11-08 04:59:59.458 1969 1969 I sysui_multi_action: [757,0,758,1,759,0,927,4,1593,1]
11-08 04:59:59.458 1969 1969 I sysui_multi_action: [757,491,758,1,759,491,927,5,928,0,1311,-1,1593,0]
11-08 04:59:59.458 1969 1969 I sysui_multi_action: [757,122,758,1,759,122,927,6,928,1,1593,0]
11-08 04:59:59.458 1969 1969 I sysui_multi_action: [757,0,758,1,759,0,927,7,928,0,1593,0]
11-08 04:59:59.458 1969 1969 I sysui_multi_action: [757,111,758,1]
11-08 04:59:59.458 1969 1969 I sysui_multi_action: [757,126,758,1,759,126,927,0,928,1,1593,1]
11-08 04:59:59.459 1969 1969 I sysui_multi_action: [757,113,758,1,759,113,927,1,928,0,1593,1]
11-08 04:59:59.459 1969 1969 I sysui_multi_action: [757,0,758,1,759,0,927,2,928,0,1593,1]
11-08 04:59:59.459 1969 1969 I sysui_multi_action: [757,0,758,1,759,0,927,3,928,0,1593,1]
11-08 04:59:59.473 1969 1969 I sysui_multi_action: [757,111,758,2]
11-08 04:59:59.473 1969 1969 I sysui_multi_action: [757,111,758,2]
11-08 04:59:59.473 1517 1517 I notification_enqueue: [10082,1969,com.android.systemui,2048,NULL,0,Notification(channel=updateNotification shortcut=null contentView=null vibrate=null sound=null defaults=0x0 flags=0x0 color=0x00000000 vis=PRIVATE),1]
11-08 04:59:59.479 1969 1969 I sysui_multi_action: [757,111,758,1]
11-08 04:59:59.479 1969 1969 I sysui_multi_action: [757,126,758,1,759,126,927,0,928,1,1593,1]
11-08 04:59:59.479 1969 1969 I sysui_multi_action: [757,113,758,1,759,113,927,1,928,0,1593,1]
11-08 04:59:59.479 1969 1969 I sysui_multi_action: [757,0,758,1,759,0,927,2,928,0,1593,1]
11-08 04:59:59.479 1969 1969 I sysui_multi_action: [757,0,758,1,759,0,927,3,928,0,1593,1]
11-08 04:59:59.479 1969 1969 I sysui_multi_action: [757,0,758,1,759,0,927,4,1593,1]
11-08 04:59:59.480 1969 1969 I sysui_multi_action: [757,491,758,1,759,491,927,5,928,0,1311,-1,1593,0]
11-08 04:59:59.480 1969 1969 I sysui_multi_action: [757,122,758,1,759,122,927,6,928,1,1593,0]
11-08 04:59:59.480 1969 1969 I sysui_multi_action: [757,0,758,1,759,0,927,7,928,0,1593,0]
11-08 04:59:59.480 1969 1969 I sysui_multi_action: [757,111,758,1]
11-08 04:59:59.480 1969 1969 I sysui_multi_action: [757,126,758,1,759,126,927,0,928,1,1593,1]
11-08 04:59:59.480 1969 1969 I sysui_multi_action: [757,113,758,1,759,113,927,1,928,0,1593,1]
11-08 04:59:59.480 1969 1969 I sysui_multi_action: [757,0,758,1,759,0,927,2,928,0,1593,1]
11-08 04:59:59.480 1969 1969 I sysui_multi_action: [757,0,758,1,759,0,927,3,928,0,1593,1]
11-08 04:59:59.492 1969 1969 I sysui_multi_action: [757,111,758,2]
11-08 04:59:59.492 1969 1969 I sysui_multi_action: [757,111,758,2]
11-08 04:59:59.492 1517 1517 I notification_enqueue: [10082,1969,com.android.systemui,2048,NULL,0,Notification(channel=updateNotification shortcut=null contentView=null vibrate=null sound=null defaults=0x0 flags=0x0 color=0x00000000 vis=PRIVATE),1]
11-08 04:59:59.505 1517 1609 I input_focus: [Focus request ea9cb2e com.android.settings/com.android.settings.Settings,reason=UpdateInputWindows]
11-08 04:59:59.506 1969 1969 I sysui_multi_action: [757,111,758,1]
11-08 04:59:59.506 1969 1969 I sysui_multi_action: [757,126,758,1,759,126,927,0,928,1,1593,1]
11-08 04:59:59.506 1969 1969 I sysui_multi_action: [757,113,758,1,759,113,927,1,928,0,1593,1]
11-08 04:59:59.506 1969 1969 I sysui_multi_action: [757,0,758,1,759,0,927,2,928,0,1593,1]
11-08 04:59:59.506 1969 1969 I sysui_multi_action: [757,0,758,1,759,0,927,3,928,0,1593,1]
11-08 04:59:59.506 1969 1969 I sysui_multi_action: [757,0,758,1,759,0,927,4,1593,1]
11-08 04:59:59.506 1969 1969 I sysui_multi_action: [757,491,758,1,759,491,927,5,928,0,1311,-1,1593,0]
11-08 04:59:59.506 1969 1969 I sysui_multi_action: [757,122,758,1,759,122,927,6,928,1,1593,0]
11-08 04:59:59.506 1969 1969 I sysui_multi_action: [757,0,758,1,759,0,927,7,928,0,1593,0]
11-08 04:59:59.506 1969 1969 I sysui_multi_action: [757,111,758,1]
11-08 04:59:59.506 1969 1969 I sysui_multi_action: [757,126,758,1,759,126,927,0,928,1,1593,1]
11-08 04:59:59.507 1969 1969 I sysui_multi_action: [757,113,758,1,759,113,927,1,928,0,1593,1]
11-08 04:59:59.507 1969 1969 I sysui_multi_action: [757,0,758,1,759,0,927,2,928,0,1593,1]
11-08 04:59:59.507 1969 1969 I sysui_multi_action: [757,0,758,1,759,0,927,3,928,0,1593,1]
11-08 04:59:59.522 1969 1969 I sysui_multi_action: [757,111,758,2]
11-08 04:59:59.522 1969 1969 I sysui_multi_action: [757,111,758,2]
11-08 04:59:59.522 1517 1517 I notification_enqueue: [10082,1969,com.android.systemui,2048,NULL,0,Notification(channel=updateNotification shortcut=null contentView=null vibrate=null sound=null defaults=0x0 flags=0x0 color=0x00000000 vis=PRIVATE),1]
11-08 04:59:59.524 1517 5459 I sysui_multi_action: [757,128,758,2,793,18309,794,3228,795,18309,796,26,798,0,806,android,857,DEVELOPER_IMPORTANT,858,4,947,0,1395,2,1500,18079,1688,1]
11-08 04:59:59.524 1517 5459 I notification_visibility: [-1|android|26|null|1000,0,18309,18309,0,0]
11-08 04:59:59.525 1517 5459 I sysui_multi_action: [757,128,758,2,793,18308,794,3229,795,18308,796,32,798,1,806,android,857,USB,858,1,947,0,1395,2,1500,18079,1688,1]
11-08 04:59:59.525 1517 5459 I notification_visibility: [-1|android|32|null|1000,0,18308,18308,0,1]
11-08 04:59:59.525 1517 5459 I sysui_multi_action: [757,127,758,2]
11-08 04:59:59.525 1517 5459 I notification_panel_hidden:
11-08 04:59:59.530 1517 1689 I input_focus: [Focus leaving 1f46765 NotificationShade (server),reason=NOT_FOCUSABLE]
11-08 04:59:59.530 1517 1689 I input_focus: [Focus entering ea9cb2e com.android.settings/com.android.settings.Settings (server),reason=setFocusedWindow]
11-08 04:59:59.539 1969 1969 I sysui_multi_action: [757,111,758,1]
11-08 04:59:59.540 1969 1969 I sysui_multi_action: [757,126,758,1,759,126,927,0,928,1,1593,0]
11-08 04:59:59.540 1969 1969 I sysui_multi_action: [757,113,758,1,759,113,927,1,928,0,1593,0]
11-08 04:59:59.540 1969 1969 I sysui_multi_action: [757,0,758,1,759,0,927,2,928,0,1593,0]
11-08 04:59:59.540 1969 1969 I sysui_multi_action: [757,0,758,1,759,0,927,3,928,0,1593,0]
11-08 04:59:59.540 1969 1969 I sysui_multi_action: [757,0,758,1,759,0,927,4,1593,0]
11-08 04:59:59.540 1969 1969 I sysui_multi_action: [757,491,758,1,759,491,927,5,928,0,1311,-1,1593,0]
11-08 04:59:59.540 1969 1969 I sysui_multi_action: [757,122,758,1,759,122,927,6,928,1,1593,0]
11-08 04:59:59.540 1969 1969 I sysui_multi_action: [757,0,758,1,759,0,927,7,928,0,1593,0]
11-08 04:59:59.540 1969 1969 I sysui_multi_action: [757,111,758,1]
11-08 04:59:59.540 1969 1969 I sysui_multi_action: [757,126,758,1,759,126,927,0,928,1,1593,1]
11-08 04:59:59.540 1969 1969 I sysui_multi_action: [757,113,758,1,759,113,927,1,928,0,1593,1]
11-08 04:59:59.540 1969 1969 I sysui_multi_action: [757,0,758,1,759,0,927,2,928,0,1593,1]
11-08 04:59:59.540 1969 1969 I sysui_multi_action: [757,0,758,1,759,0,927,3,928,0,1593,1]
11-08 05:00:00.026 1517 1689 I input_interaction: Interaction with: ea9cb2e com.android.settings/com.android.settings.Settings (server), edge-swipe (server), swipe-up (server), PointerEventDispatcher0 (server),
11-08 05:00:00.163 11517 11517 I sysui_multi_action: [757,830,758,4,833,0,854,top_level_connected_devices,1089,0]
11-08 05:00:00.271 11517 11517 I sysui_multi_action: [757,746,758,2,1089,5851]
11-08 05:00:00.314 11517 11517 I sysui_multi_action: [757,747,758,1,833,0,1089,33]
11-08 05:00:00.316 11517 11517 I sysui_multi_action: [757,1729,758,4,854,isParalleledControllers:false,1089,35]
11-08 05:00:00.683 0 0 I auditd : type=1400 audit(0.0:10791): avc: denied { kill } for comm="swapper/0" capability=5 scontext=u:r:kernel:s0 tcontext=u:r:kernel:s0 tclass=capability permissive=0
11-08 05:00:00.768 11517 11517 I sysui_multi_action: [757,830,758,4,833,0,854,top_level_apps,1089,0]
11-08 05:00:00.871 11517 11517 I sysui_multi_action: [757,747,758,2,1089,556]
11-08 05:00:00.941 11517 11517 I sysui_multi_action: [757,65,758,1,833,0,1089,62]
11-08 05:00:00.962 11517 11517 I sysui_multi_action: [757,1729,758,4,854,isParalleledControllers:false,1089,83]
11-08 05:00:01.112 11517 11517 I sysui_multi_action: [757,830,758,4,833,0,854,top_level_notification,1089,0]
11-08 05:00:01.225 1517 1614 I am_pss : [11517,1000,com.android.settings,126632960,108367872,0,273305600,0,2,15]
11-08 05:00:01.229 11517 11517 I sysui_multi_action: [757,65,758,2,1089,288]
11-08 05:00:01.237 1517 1614 I am_pss : [11770,10088,com.android.music,29403136,23293952,0,149082112,0,18,9]
11-08 05:00:01.244 1517 1614 I am_pss : [12651,10068,com.android.inputmethod.latin,14450688,11268096,0,115159040,0,7,6]
11-08 05:00:01.251 1517 1614 I am_pss : [12612,10069,com.android.deskclock,10046464,7053312,0,105078784,0,19,6]
11-08 05:00:01.252 11517 11517 I sysui_multi_action: [757,337,758,1,833,0,1089,20]
11-08 05:00:01.255 11517 11517 I sysui_multi_action: [757,1729,758,4,854,isParalleledControllers:false,1089,22]
11-08 05:00:01.258 1517 1614 I am_pss : [12616,10025,com.android.providers.calendar,7536640,5365760,0,99422208,0,19,6]
11-08 05:00:01.264 1517 1614 I am_pss : [12549,1000,com.thundercomm.mcuupgrade,7033856,5222400,0,91590656,0,19,5]
11-08 05:00:01.272 1517 1614 I am_pss : [8088,1000,com.thundercomm.gamemode,18778112,13930496,0,125366272,0,10,6]
11-08 05:00:03.683 350 350 I auditd : type=1400 audit(0.0:10792): avc: denied { kill } for comm="irq/382-atmel_m" capability=5 scontext=u:r:kernel:s0 tcontext=u:r:kernel:s0 tclass=capability permissive=0
11-08 05:00:04.683 0 0 I auditd : type=1400 audit(0.0:10793): avc: denied { kill } for comm="swapper/0" capability=5 scontext=u:r:kernel:s0 tcontext=u:r:kernel:s0 tclass=capability permissive=0
11-08 05:00:05.683 0 0 I auditd : type=1400 audit(0.0:10794): avc: denied { kill } for comm="swapper/0" capability=5 scontext=u:r:kernel:s0 tcontext=u:r:kernel:s0 tclass=capability permissive=0
11-08 05:00:06.683 0 0 I auditd : type=1400 audit(0.0:10795): avc: denied { kill } for comm="swapper/0" capability=5 scontext=u:r:kernel:s0 tcontext=u:r:kernel:s0 tclass=capability permissive=0
11-08 05:00:07.262 1517 1689 I input_interaction: Interaction with: ea9cb2e com.android.settings/com.android.settings.Settings (server), PointerEventDispatcher0 (server),
11-08 05:00:07.683 0 0 I auditd : type=1400 audit(0.0:10796): avc: denied { kill } for comm="swapper/0" capability=5 scontext=u:r:kernel:s0 tcontext=u:r:kernel:s0 tclass=capability permissive=0
11-08 05:00:08.683 0 0 I auditd : type=1400 audit(0.0:10797): avc: denied { kill } for comm="swapper/1" capability=5 scontext=u:r:kernel:s0 tcontext=u:r:kernel:s0 tclass=capability permissive=0
11-08 05:00:09.683 0 0 I auditd : type=1400 audit(0.0:10798): avc: denied { kill } for comm="swapper/1" capability=5 scontext=u:r:kernel:s0 tcontext=u:r:kernel:s0 tclass=capability permissive=0
11-08 05:00:09.774 1517 1689 I input_interaction: Interaction with: ea9cb2e com.android.settings/com.android.settings.Settings (server), edge-swipe (server), swipe-up (server), PointerEventDispatcher0 (server),
11-08 05:00:09.854 11517 11517 I sysui_multi_action: [757,830,758,4,833,0,854,top_level_about_device,1089,0]
11-08 05:00:09.958 11517 11517 I sysui_multi_action: [757,337,758,2,1089,8705]
11-08 05:00:10.014 11517 11517 I sysui_multi_action: [757,40,758,1,833,0,1089,48]
11-08 05:00:10.016 11517 11517 W FeatureConnector: [ImsConnector, 0] connect: not supported.
11-08 05:00:10.017 11517 11517 I sysui_multi_action: [757,1729,758,4,854,isParalleledControllers:false,1089,51]
11-08 05:00:10.338 11517 11517 I sysui_multi_action: [757,830,758,4,833,0,854,top_level_game,1089,0]
11-08 05:00:10.440 11517 11517 I sysui_multi_action: [757,40,758,2,1089,425]
11-08 05:00:10.463 11517 11517 I sysui_multi_action: [757,3000,758,1,833,0,1089,19]
11-08 05:00:10.464 11517 11517 I sysui_multi_action: [757,1729,758,4,854,isParalleledControllers:false,1089,20]
11-08 05:00:10.924 11517 11517 I sysui_multi_action: [757,830,758,4,833,0,854,top_level_system,1089,0]
11-08 05:00:11.028 11517 11517 I sysui_multi_action: [757,3000,758,2,1089,564]
11-08 05:00:11.057 11517 11517 I sysui_multi_action: [757,744,758,1,833,0,1089,22]
11-08 05:00:11.060 11517 11517 I sysui_multi_action: [757,1729,758,4,854,isParalleledControllers:false,1089,26]
11-08 05:00:11.683 0 0 I auditd : type=1400 audit(0.0:10799): avc: denied { kill } for comm="swapper/1" capability=5 scontext=u:r:kernel:s0 tcontext=u:r:kernel:s0 tclass=capability permissive=0
11-08 05:00:12.067 11517 11517 I sysui_multi_action: [757,830,758,4,833,0,854,top_level_game,1089,0]
11-08 05:00:12.170 11517 11517 I sysui_multi_action: [757,744,758,2,1089,1113]
11-08 05:00:12.198 11517 11517 I sysui_multi_action: [757,3000,758,1,833,0,1089,24]
11-08 05:00:12.199 11517 11517 I sysui_multi_action: [757,1729,758,4,854,isParalleledControllers:false,1089,25]
11-08 05:00:12.683 0 0 I auditd : type=1400 audit(0.0:10800): avc: denied { kill } for comm="swapper/1" capability=5 scontext=u:r:kernel:s0 tcontext=u:r:kernel:s0 tclass=capability permissive=0
11-08 05:00:14.683 0 0 I auditd : type=1400 audit(0.0:10801): avc: denied { kill } for comm="swapper/2" capability=5 scontext=u:r:kernel:s0 tcontext=u:r:kernel:s0 tclass=capability permissive=0
11-08 05:00:15.683 0 0 I auditd : type=1400 audit(0.0:10802): avc: denied { kill } for comm="swapper/2" capability=5 scontext=u:r:kernel:s0 tcontext=u:r:kernel:s0 tclass=capability permissive=0
11-08 05:00:16.683 0 0 I auditd : type=1400 audit(0.0:10803): avc: denied { kill } for comm="swapper/2" capability=5 scontext=u:r:kernel:s0 tcontext=u:r:kernel:s0 tclass=capability permissive=0
11-08 05:00:17.683 0 0 I auditd : type=1400 audit(0.0:10804): avc: denied { kill } for comm="swapper/2" capability=5 scontext=u:r:kernel:s0 tcontext=u:r:kernel:s0 tclass=capability permissive=0
11-08 05:00:17.740 11517 11517 I sysui_multi_action: [757,830,758,4,833,0,854,top_level_system,1089,0]
11-08 05:00:17.843 11517 11517 I sysui_multi_action: [757,3000,758,2,1089,5644]
11-08 05:00:17.874 11517 11517 I sysui_multi_action: [757,744,758,1,833,0,1089,23]
11-08 05:00:17.878 11517 11517 I sysui_multi_action: [757,1729,758,4,854,isParalleledControllers:false,1089,26]
11-08 05:00:18.622 11517 11517 I sysui_multi_action: [757,830,758,4,833,0,854,top_level_game,1089,0]
11-08 05:00:18.683 0 0 I auditd : type=1400 audit(0.0:10805): avc: denied { kill } for comm="swapper/2" capability=5 scontext=u:r:kernel:s0 tcontext=u:r:kernel:s0 tclass=capability permissive=0
11-08 05:00:18.724 11517 11517 I sysui_multi_action: [757,744,758,2,1089,850]
11-08 05:00:18.760 11517 11517 I sysui_multi_action: [757,3000,758,1,833,0,1089,30]
11-08 05:00:18.761 11517 11517 I sysui_multi_action: [757,1729,758,4,854,isParalleledControllers:false,1089,32]
11-08 05:00:19.260 11517 11517 I sysui_multi_action: [757,830,758,4,833,0,854,top_level_system,1089,0]
11-08 05:00:19.363 11517 11517 I sysui_multi_action: [757,3000,758,2,1089,603]
11-08 05:00:19.392 11517 11517 I sysui_multi_action: [757,744,758,1,833,0,1089,22]
11-08 05:00:19.395 11517 11517 I sysui_multi_action: [757,1729,758,4,854,isParalleledControllers:false,1089,25]
11-08 05:00:19.683 0 0 I auditd : type=1400 audit(0.0:10806): avc: denied { kill } for comm="swapper/2" capability=5 scontext=u:r:kernel:s0 tcontext=u:r:kernel:s0 tclass=capability permissive=0
11-08 05:00:19.913 11517 11517 I sysui_multi_action: [757,830,758,4,833,0,854,top_level_system,1089,0]
11-08 05:00:20.016 11517 11517 I sysui_multi_action: [757,744,758,2,1089,624]
11-08 05:00:20.043 11517 11517 I sysui_multi_action: [757,744,758,1,833,0,1089,22]
11-08 05:00:20.046 11517 11517 I sysui_multi_action: [757,1729,758,4,854,isParalleledControllers:false,1089,25]
11-08 05:00:20.683 0 0 I auditd : type=1400 audit(0.0:10807): avc: denied { kill } for comm="swapper/2" capability=5 scontext=u:r:kernel:s0 tcontext=u:r:kernel:s0 tclass=capability permissive=0
11-08 05:00:21.067 11517 11517 I sysui_multi_action: [757,830,758,4,833,0,854,language_input_settings,1089,0]
11-08 05:00:21.077 11517 11517 I sysui_multi_action: [757,744,758,2,1089,1033]
11-08 05:00:21.105 11517 11517 I sysui_multi_action: [757,750,758,1,833,0,1089,27]
11-08 05:00:21.128 11517 11517 I sysui_multi_action: [757,1729,758,4,854,isParalleledControllers:false,1089,50]
11-08 05:00:21.683 0 0 I auditd : type=1400 audit(0.0:10808): avc: denied { kill } for comm="swapper/2" capability=5 scontext=u:r:kernel:s0 tcontext=u:r:kernel:s0 tclass=capability permissive=0
11-08 05:00:22.683 0 0 I auditd : type=1400 audit(0.0:10809): avc: denied { kill } for comm="swapper/2" capability=5 scontext=u:r:kernel:s0 tcontext=u:r:kernel:s0 tclass=capability permissive=0
11-08 05:00:23.683 0 0 I auditd : type=1400 audit(0.0:10810): avc: denied { kill } for comm="swapper/2" capability=5 scontext=u:r:kernel:s0 tcontext=u:r:kernel:s0 tclass=capability permissive=0
11-08 05:00:23.789 11517 11517 I sysui_multi_action: [757,830,758,4,833,0,854,virtual_keyboard_pref,1089,0]
11-08 05:00:23.801 11517 11517 I sysui_multi_action: [757,750,758,2,1089,2696]
11-08 05:00:23.845 11517 11517 I sysui_multi_action: [757,345,758,1,833,0,1089,42]
11-08 05:00:23.845 11517 11517 I sysui_multi_action: [757,1729,758,4,854,isParalleledControllers:false,1089,43]
11-08 05:00:24.683 0 0 I auditd : type=1400 audit(0.0:10811): avc: denied { kill } for comm="swapper/2" capability=5 scontext=u:r:kernel:s0 tcontext=u:r:kernel:s0 tclass=capability permissive=0
11-08 05:00:24.777 1517 1614 I am_pss : [12651,10068,com.android.inputmethod.latin,13005824,8380416,0,115159040,0,7,11]
11-08 05:00:25.116 11517 11517 I sysui_multi_action: [757,345,758,2,1089,1272]
11-08 05:00:25.132 11517 11517 I sysui_multi_action: [757,750,758,1,833,0,1089,0]
11-08 05:00:25.683 0 0 I auditd : type=1400 audit(0.0:10812): avc: denied { kill } for comm="swapper/2" capability=5 scontext=u:r:kernel:s0 tcontext=u:r:kernel:s0 tclass=capability permissive=0
11-08 05:00:25.777 1517 9873 I wm_task_moved: [187,1,6]
11-08 05:00:25.778 1517 9873 I wm_set_resumed_activity: [0,com.android.settings/.Settings,positionChildAt]
11-08 05:00:25.778 1517 9873 I wm_create_activity: [0,217791229,187,com.android.settings/.SubSettings,android.intent.action.MAIN,NULL,NULL,0]
11-08 05:00:25.779 1517 9873 I wm_pause_activity: [0,249170876,com.android.settings/.Settings,userLeaving=true,resumeTopActivityInnerLocked]
11-08 05:00:25.783 11517 11517 I sysui_multi_action: [757,830,758,4,833,0,854,phone_language,1089,0]
11-08 05:00:25.785 11517 11517 I wm_on_top_resumed_lost_called: [249170876,com.android.settings.Settings,topStateChangedWhenResumed]
11-08 05:00:25.787 11517 11517 I sysui_multi_action: [757,35,758,2,1089,44486]
11-08 05:00:25.787 11517 11517 I sysui_multi_action: [757,750,758,2,1089,656]
11-08 05:00:25.787 11517 11517 I wm_on_paused_called: [249170876,com.android.settings.Settings,performPause]
11-08 05:00:25.789 1517 5459 I wm_add_to_stopping: [0,249170876,com.android.settings/.Settings,makeInvisible]
11-08 05:00:25.824 1517 5459 I configuration_changed: 536871936
11-08 05:00:25.858 1517 5459 I wm_restart_activity: [0,217791229,187,com.android.settings/.SubSettings]
11-08 05:00:25.859 1517 5459 I wm_set_resumed_activity: [0,com.android.settings/.SubSettings,minimalResumeActivityLocked]
11-08 05:00:25.866 1517 1608 I wm_stop_activity: [0,249170876,com.android.settings/.Settings]
11-08 05:00:25.876 1517 1608 I sysui_multi_action: [757,803,799,window_time_0,802,52]
11-08 05:00:25.893 1517 9873 I wm_finish_activity: [0,217791229,187,com.android.settings/.SubSettings,clear-task-stack]
11-08 05:00:25.898 1517 1614 I am_pss : [11770,10088,com.android.music,29404160,23298048,0,149086208,0,18,8]
11-08 05:00:25.899 1517 9873 I wm_pause_activity: [0,217791229,com.android.settings/.SubSettings,userLeaving=false,finish]
11-08 05:00:25.899 1517 9873 I wm_new_intent: [0,249170876,187,com.android.settings/.Settings,android.intent.action.MAIN,NULL,NULL,270532608]
11-08 05:00:25.899 1517 9873 I wm_task_moved: [187,1,6]
11-08 05:00:25.905 1517 1614 I am_pss : [12612,10069,com.android.deskclock,10062848,7069696,0,105095168,0,19,6]
11-08 05:00:25.907 11517 11517 I wm_on_create_called: [217791229,com.android.settings.SubSettings,performCreate]
11-08 05:00:25.911 11517 11517 I wm_on_stop_called: [249170876,com.android.settings.Settings,STOP_ACTIVITY_ITEM]
11-08 05:00:25.915 1517 1614 I am_pss : [12616,10025,com.android.providers.calendar,7561216,5390336,0,99446784,0,19,7]
11-08 05:00:25.917 1517 5459 I wm_add_to_stopping: [0,217791229,com.android.settings/.SubSettings,completeFinishing]
11-08 05:00:25.918 1517 5459 I wm_set_resumed_activity: [0,com.android.settings/.Settings,resumeTopActivityInnerLocked]
11-08 05:00:25.919 1517 5459 I wm_resume_activity: [0,249170876,187,com.android.settings/.Settings]
11-08 05:00:25.922 1517 1614 I am_pss : [12549,1000,com.thundercomm.mcuupgrade,7037952,5226496,0,91594752,0,19,6]
11-08 05:00:25.922 1517 1608 I sysui_multi_action: [757,803,799,window_time_0,802,0]
11-08 05:00:25.926 11517 11517 I wm_on_restart_called: [249170876,com.android.settings.Settings,performRestartActivity]
11-08 05:00:25.928 11517 11517 I wm_on_start_called: [249170876,com.android.settings.Settings,handleStartActivity]
11-08 05:00:25.928 11517 11517 I snet_event_log: [120484087,-1,]
11-08 05:00:25.929 11517 11517 I wm_on_resume_called: [249170876,com.android.settings.Settings,RESUME_ACTIVITY]
11-08 05:00:25.929 11517 11517 I sysui_multi_action: [757,35,758,1,833,0,1089,0]
11-08 05:00:25.930 11517 11517 I sysui_multi_action: [757,750,758,1,833,0,1089,0]
11-08 05:00:25.940 11517 11517 I wm_on_top_resumed_gained_called: [249170876,com.android.settings.Settings,topWhenResuming]
11-08 05:00:25.957 1517 1609 I input_focus: [Focus request ea9cb2e com.android.settings/com.android.settings.Settings,reason=UpdateInputWindows]
11-08 05:00:25.982 1517 1608 I wm_destroy_activity: [0,217791229,187,com.android.settings/.SubSettings,finish-imm:transit]
11-08 05:00:25.982 11517 11517 I wm_on_destroy_called: [217791229,com.android.settings.SubSettings,performDestroy]
11-08 05:00:25.984 1517 1689 I input_focus: [Focus leaving ea9cb2e com.android.settings/com.android.settings.Settings (server),reason=NO_WINDOW]
11-08 05:00:25.991 1517 1689 I input_focus: [Focus entering ea9cb2e com.android.settings/com.android.settings.Settings (server),reason=Window became focusable. Previous reason: NOT_VISIBLE]
11-08 05:00:26.354 11517 11517 I sysui_multi_action: [757,344,758,1,833,0,1089,24]
11-08 05:00:26.683 0 0 I auditd : type=1400 audit(0.0:10813): avc: denied { kill } for comm="swapper/2" capability=5 scontext=u:r:kernel:s0 tcontext=u:r:kernel:s0 tclass=capability permissive=0
11-08 05:00:26.794 1517 1615 I am_uid_idle: 10088
11-08 05:00:27.683 0 0 I auditd : type=1400 audit(0.0:10814): avc: denied { kill } for comm="swapper/2" capability=5 scontext=u:r:kernel:s0 tcontext=u:r:kernel:s0 tclass=capability permissive=0
11-08 05:00:27.744 1517 9075 I configuration_changed: 8196
11-08 05:00:27.826 1517 9075 I wm_relaunch_resume_activity: [0,249170876,187,com.android.settings/.Settings]
11-08 05:00:27.832 1517 2100 I wm_relaunch_activity: [0,193491456,93,com.android.launcher3/.uioverrides.QuickstepLauncher]
11-08 05:00:27.832 1517 2100 I wm_add_to_stopping: [0,193491456,com.android.launcher3/.uioverrides.QuickstepLauncher,preloadRecents]
11-08 05:00:27.839 11517 11517 I wm_on_top_resumed_lost_called: [249170876,com.android.settings.Settings,pausing]
11-08 05:00:27.843 11517 11517 I sysui_multi_action: [757,35,758,2,1089,1913]
11-08 05:00:27.843 11517 11517 I sysui_multi_action: [757,750,758,2,1089,1914]
11-08 05:00:27.843 11517 11517 I sysui_multi_action: [757,344,758,2,1089,1489]
11-08 05:00:27.843 11517 11517 I wm_on_paused_called: [249170876,com.android.settings.Settings,performPause]
11-08 05:00:27.845 2526 2526 I wm_on_destroy_called: [193491456,com.android.launcher3.uioverrides.QuickstepLauncher,performDestroy]
11-08 05:00:27.847 11517 11517 I wm_on_stop_called: [249170876,com.android.settings.Settings,handleRelaunchActivity]
11-08 05:00:27.850 11517 11517 I wm_on_destroy_called: [249170876,com.android.settings.Settings,performDestroy]
11-08 05:00:27.881 1517 1517 I sysui_multi_action: [757,128,758,5,759,8,793,46666,794,31585,795,46666,796,26,806,android,857,DEVELOPER_IMPORTANT,858,4,947,0,1500,46436,1688,1]
11-08 05:00:27.881 1517 1517 I notification_canceled: [-1|android|26|null|1000,8,46666,46666,31585,-1,-1,NULL]
11-08 05:00:27.882 1517 1517 I notification_enqueue: [1000,1517,android,26,NULL,-1,Notification(channel=DEVELOPER_IMPORTANT shortcut=null contentView=null vibrate=null sound=null tick defaults=0x0 flags=0x2 color=0x00000000 vis=PUBLIC),0]
11-08 05:00:27.883 1517 1517 I sysui_multi_action: [757,128,758,5,759,8,793,46666,794,31587,795,46666,796,32,806,android,857,USB,858,1,947,0,1500,46437,1688,1]
11-08 05:00:27.883 1517 1517 I notification_canceled: [-1|android|32|null|1000,8,46666,46666,31587,-1,-1,NULL]
11-08 05:00:27.883 1517 1517 I notification_enqueue: [1000,1517,android,32,NULL,-1,Notification(channel=USB shortcut=null contentView=null vibrate=null sound=null tick defaults=0x0 flags=0x2 color=0x00000000 vis=PUBLIC),0]
11-08 05:00:27.893 1517 1517 I notification_cancel_all: [1000,1517,com.android.systemui,0,0,0,20,NULL]
11-08 05:00:27.922 11517 11517 I wm_on_create_called: [249170876,com.android.settings.Settings,performCreate]
11-08 05:00:27.944 11517 11517 I wm_on_start_called: [249170876,com.android.settings.Settings,handleStartActivity]
11-08 05:00:27.945 11517 11517 I snet_event_log: [120484087,-1,]
11-08 05:00:27.945 11517 11517 I wm_on_resume_called: [249170876,com.android.settings.Settings,RESUME_ACTIVITY]
11-08 05:00:27.945 11517 11517 I sysui_multi_action: [757,750,758,1,833,0,1089,64]
11-08 05:00:27.952 11517 11517 I sysui_multi_action: [757,1729,758,4,854,isParalleledControllers:false,1089,71]
11-08 05:00:27.952 2526 2526 I wm_on_create_called: [193491456,com.android.launcher3.uioverrides.QuickstepLauncher,performCreate]
11-08 05:00:27.952 11517 11517 I sysui_multi_action: [757,344,758,1,833,0,1089,53]
11-08 05:00:27.953 2526 2526 I wm_on_start_called: [193491456,com.android.launcher3.uioverrides.QuickstepLauncher,handleStartActivity]
11-08 05:00:27.953 11517 11517 I sysui_multi_action: [757,35,758,1,833,0,1089,23]
11-08 05:00:27.953 11517 11517 I sysui_multi_action: [757,1729,758,4,854,isParalleledControllers:false,1089,23]
11-08 05:00:27.953 2526 2526 I wm_on_resume_called: [193491456,com.android.launcher3.uioverrides.QuickstepLauncher,LIFECYCLER_RESUME_ACTIVITY]
11-08 05:00:27.954 11517 11517 I wm_on_top_resumed_gained_called: [249170876,com.android.settings.Settings,topWhenResuming]
