11-08 04:49:49.590 1517 9837 I wm_finish_activity: [0,41182195,168,com.thundercomm.screensaver/android.service.dreams.DreamActivity,finish-activity]
11-08 04:49:49.590 1517 9837 I wm_task_moved: [167,1,6]
11-08 04:49:49.590 1517 9837 I wm_task_to_front: [0,167]
11-08 04:49:49.591 1517 9837 I wm_focused_root_task: [0,0,167,168,finish-top adjustFocusToNextFocusableTask]
11-08 04:49:49.593 1517 9837 I wm_pause_activity: [0,41182195,com.thundercomm.screensaver/android.service.dreams.DreamActivity,userLeaving=false,finish]
11-08 04:49:49.601 4301 4301 I wm_on_top_resumed_lost_called: [41182195,android.service.dreams.DreamActivity,topStateChangedWhenResumed]
11-08 04:49:49.603 1517 1608 I sysui_multi_action: [757,803,799,window_time_0,802,123]
11-08 04:49:49.604 4301 4301 I wm_on_paused_called: [41182195,android.service.dreams.DreamActivity,performPause]
11-08 04:49:49.604 1517 9837 I wm_add_to_stopping: [0,41182195,com.thundercomm.screensaver/android.service.dreams.DreamActivity,completeFinishing]
11-08 04:49:49.606 1517 9837 I wm_set_resumed_activity: [0,com.android.gallery3d/.app.GalleryActivity,resumeTopActivityInnerLocked]
11-08 04:49:49.607 1517 9837 I wm_resume_activity: [0,177202904,167,com.android.gallery3d/.app.GalleryActivity]
11-08 04:49:49.612 1517 1608 I am_uid_active: 10066
11-08 04:49:49.622 1517 1608 I sysui_multi_action: [757,803,799,window_time_0,802,0]
11-08 04:49:49.628 11103 11103 I wm_on_restart_called: [177202904,com.android.gallery3d.app.GalleryActivity,performRestartActivity]
11-08 04:49:49.629 11103 11103 I wm_on_start_called: [177202904,com.android.gallery3d.app.GalleryActivity,handleStartActivity]
11-08 04:49:49.630 1517 1614 I am_pss : [11518,1000,com.thundercomm.mcuupgrade,7207936,5259264,0,91537408,0,19,6]
11-08 04:49:49.631 1517 1517 I am_uid_active: 10063
11-08 04:49:49.633 11103 11103 I wm_on_resume_called: [177202904,com.android.gallery3d.app.GalleryActivity,RESUME_ACTIVITY]
11-08 04:49:49.633 11103 11103 I wm_on_top_resumed_gained_called: [177202904,com.android.gallery3d.app.GalleryActivity,topWhenResuming]
11-08 04:49:49.638 1517 1614 I am_pss : [11517,1000,com.android.settings,27046912,25096192,0,112087040,0,19,6]
11-08 04:49:49.642 1517 1689 I input_focus: [Focus leaving f674c4f com.thundercomm.screensaver/android.service.dreams.DreamActivity (server),reason=NO_WINDOW]
11-08 04:49:49.642 4301 4301 I view_enqueue_input_event: [Motion - Cancel,com.thundercomm.screensaver/android.service.dreams.DreamActivity]
11-08 04:49:49.645 1517 1614 I am_pss : [11489,10064,com.android.calendar,6817792,4825088,0,92725248,0,19,5]
11-08 04:49:49.652 1517 1609 I input_focus: [Focus request 15d8fc6 com.android.gallery3d/com.android.gallery3d.app.GalleryActivity,reason=UpdateInputWindows]
11-08 04:49:49.683 0 0 I auditd : type=1400 audit(0.0:10177): avc: denied { kill } for comm="swapper/2" capability=5 scontext=u:r:kernel:s0 tcontext=u:r:kernel:s0 tclass=capability permissive=0
11-08 04:49:49.696 1517 1689 I input_focus: [Focus entering 15d8fc6 com.android.gallery3d/com.android.gallery3d.app.GalleryActivity (server),reason=Window became focusable. Previous reason: NOT_VISIBLE]
11-08 04:49:50.198 1517 1608 I wm_destroy_activity: [0,41182195,168,com.thundercomm.screensaver/android.service.dreams.DreamActivity,finish-imm:idle]
11-08 04:49:50.226 4301 4301 I wm_on_stop_called: [41182195,android.service.dreams.DreamActivity,LIFECYCLER_STOP_ACTIVITY]
11-08 04:49:50.229 4301 4301 I wm_on_destroy_called: [41182195,android.service.dreams.DreamActivity,performDestroy]
11-08 04:49:50.235 1517 1605 I sysui_multi_action: [757,222,758,2]
11-08 04:49:50.235 1517 1605 I sysui_multi_action: [757,804,799,dreaming_minutes,801,2,802,1]
11-08 04:49:50.250 1517 3050 I wm_task_removed: [168,removeChild:removeChild last r=ActivityRecord{27463f3 u0 com.thundercomm.screensaver/android.service.dreams.DreamActivity t-1 f}} in t=Task{5f6d80c #168 type=dream A=10040:android:com.thundercomm.screensaver/dream U=0 visible=false mode=fullscreen translucent=true sz=0}]
11-08 04:49:50.250 1517 3050 I wm_task_removed: [168,removeChild]
11-08 04:49:50.683 0 0 I auditd : type=1400 audit(0.0:10178): avc: denied { kill } for comm="swapper/2" capability=5 scontext=u:r:kernel:s0 tcontext=u:r:kernel:s0 tclass=capability permissive=0
11-08 04:49:51.683 0 0 I auditd : type=1400 audit(0.0:10179): avc: denied { kill } for comm="swapper/2" capability=5 scontext=u:r:kernel:s0 tcontext=u:r:kernel:s0 tclass=capability permissive=0
11-08 04:49:52.683 0 0 I auditd : type=1400 audit(0.0:10180): avc: denied { kill } for comm="swapper/2" capability=5 scontext=u:r:kernel:s0 tcontext=u:r:kernel:s0 tclass=capability permissive=0
11-08 04:49:52.881 1517 1689 I input_interaction: Interaction with: 15d8fc6 com.android.gallery3d/com.android.gallery3d.app.GalleryActivity (server), edge-swipe (server), swipe-up (server), PointerEventDispatcher0 (server),
11-08 04:49:52.910 1517 9837 I wm_task_moved: [92,0,0]
11-08 04:49:52.911 1517 9837 I wm_task_moved: [92,0,5]
11-08 04:49:52.944 2526 2526 I wm_on_restart_called: [193491456,com.android.launcher3.uioverrides.QuickstepLauncher,performRestartActivity]
11-08 04:49:52.960 2526 2526 I wm_on_start_called: [193491456,com.android.launcher3.uioverrides.QuickstepLauncher,handleStartActivity]
11-08 04:49:52.991 1517 1605 I sysui_multi_action: [319,10,322,68,325,9600,757,761,758,9,759,5,806,com.android.launcher3,871,com.android.launcher3.uioverrides.QuickstepLauncher,904,com.android.launcher3,905,0,1320,8,1321,5]
11-08 04:49:53.003 11103 11103 I view_enqueue_input_event: [Motion - Cancel,com.android.gallery3d/com.android.gallery3d.app.GalleryActivity]
11-08 04:49:53.004 2526 2526 I sysui_latency: [1,91]
11-08 04:49:53.009 1517 1689 I input_interaction: Interaction with: edge-swipe (server), swipe-up (server), PointerEventDispatcher0 (server),
11-08 04:49:53.010 1517 1609 I input_focus: [Focus request recents_animation_input_consumer,reason=UpdateInputWindows]
11-08 04:49:53.038 1517 1689 I input_focus: [Focus leaving 15d8fc6 com.android.gallery3d/com.android.gallery3d.app.GalleryActivity (server),reason=NOT_FOCUSABLE]
11-08 04:49:53.038 1517 1689 I input_focus: [Focus entering recents_animation_input_consumer (server),reason=setFocusedWindow]
11-08 04:49:53.164 1517 1677 I commit_sys_config_file: [settings-1-0,6]
11-08 04:49:53.282 1517 1614 I sysui_latency: [8,89]
11-08 04:49:53.846 1517 1677 I commit_sys_config_file: [settings-1-0,9]
11-08 04:49:54.166 1517 1689 I input_interaction: Interaction with: f9f7f com.android.launcher3/com.android.launcher3.uioverrides.QuickstepLauncher (server), edge-swipe (server), swipe-up (server), PointerEventDispatcher0 (server),
11-08 04:49:54.582 1517 2076 I wm_task_moved: [92,1,6]
11-08 04:49:54.585 1517 2076 I wm_focused_root_task: [0,0,92,167,RecentsAnimation.onAnimationFinished()]
11-08 04:49:54.586 11103 11103 I wm_on_top_resumed_lost_called: [177202904,com.android.gallery3d.app.GalleryActivity,topStateChangedWhenResumed]
11-08 04:49:54.587 1517 2076 I wm_pause_activity: [0,177202904,com.android.gallery3d/.app.GalleryActivity,userLeaving=false,pauseBackTasks]
11-08 04:49:54.589 1517 2076 I wm_set_resumed_activity: [0,com.android.launcher3/.uioverrides.QuickstepLauncher,resumeTopActivityInnerLocked]
11-08 04:49:54.592 1517 2076 I wm_resume_activity: [0,193491456,93,com.android.launcher3/.uioverrides.QuickstepLauncher]
11-08 04:49:54.593 1517 2076 I wm_add_to_stopping: [0,177202904,com.android.gallery3d/.app.GalleryActivity,makeInvisible]
11-08 04:49:54.593 2526 2526 I wm_on_resume_called: [193491456,com.android.launcher3.uioverrides.QuickstepLauncher,RESUME_ACTIVITY]
11-08 04:49:54.605 1517 1609 I input_focus: [Focus request f9f7f com.android.launcher3/com.android.launcher3.uioverrides.QuickstepLauncher,reason=UpdateInputWindows]
11-08 04:49:54.607 1517 1608 I sysui_multi_action: [757,803,799,window_time_0,802,5]
11-08 04:49:54.609 1517 1608 I wm_stop_activity: [0,177202904,com.android.gallery3d/.app.GalleryActivity]
11-08 04:49:54.613 2526 2526 I wm_on_top_resumed_gained_called: [193491456,com.android.launcher3.uioverrides.QuickstepLauncher,topStateChangedWhenResumed]
11-08 04:49:54.617 1517 1689 I input_focus: [Focus leaving recents_animation_input_consumer (server),reason=NOT_VISIBLE]
11-08 04:49:54.617 1517 1689 I input_focus: [Focus entering f9f7f com.android.launcher3/com.android.launcher3.uioverrides.QuickstepLauncher (server),reason=setFocusedWindow]
11-08 04:49:54.620 1517 1608 I sysui_multi_action: [757,803,799,window_time_0,802,0]
11-08 04:49:54.630 11103 11103 I wm_on_paused_called: [177202904,com.android.gallery3d.app.GalleryActivity,performPause]
11-08 04:49:54.635 11103 11103 I wm_on_stop_called: [177202904,com.android.gallery3d.app.GalleryActivity,STOP_ACTIVITY_ITEM]
11-08 04:49:54.683 0 0 I auditd : type=1400 audit(0.0:10181): avc: denied { kill } for comm="swapper/2" capability=5 scontext=u:r:kernel:s0 tcontext=u:r:kernel:s0 tclass=capability permissive=0
11-08 04:49:54.706 1517 7327 I wm_finish_activity: [0,177202904,167,com.android.gallery3d/.app.GalleryActivity,recent-task-trimmed]
11-08 04:49:54.707 1517 7327 I wm_destroy_activity: [0,177202904,167,com.android.gallery3d/.app.GalleryActivity,finish-imm:finishIfPossible]
11-08 04:49:54.716 1517 1608 I am_kill : [0,11103,com.android.gallery3d,0,remove task]
11-08 04:49:54.718 1517 1608 I sysui_multi_action: [757,803,799,window_time_0,802,0]
11-08 04:49:54.773 1517 9837 I am_proc_died: [0,11103,com.android.gallery3d,0,10]
11-08 04:49:54.779 1517 9837 I am_uid_stopped: 10066
11-08 04:49:54.781 1517 9837 I wm_task_removed: [167,removeChild:removeChild last r=ActivityRecord{a8fe6d8 u0 com.android.gallery3d/.app.GalleryActivity t-1 f}} in t=Task{8a6e7b5 #167 type=standard A=10066:com.android.gallery3d U=0 visible=false mode=fullscreen translucent=true sz=0}]
11-08 04:49:54.781 1517 9837 I wm_task_removed: [167,removeChild]
11-08 04:49:54.788 1517 1608 I am_uid_running: 10066
11-08 04:49:54.797 1517 1616 I am_proc_start: [0,11570,10066,com.android.gallery3d,NULL,]
11-08 04:49:54.825 1517 2084 I am_proc_bound: [0,11570,com.android.gallery3d]
11-08 04:49:55.632 1517 1689 I input_interaction: Interaction with: f9f7f com.android.launcher3/com.android.launcher3.uioverrides.QuickstepLauncher (server), c84215e com.android.systemui.ImageWallpaper (server), edge-swipe (server), swipe-up (server), PointerEventDispatcher0 (server),
11-08 04:49:55.683 0 0 I auditd : type=1400 audit(0.0:10182): avc: denied { kill } for comm="swapper/2" capability=5 scontext=u:r:kernel:s0 tcontext=u:r:kernel:s0 tclass=capability permissive=0
11-08 04:49:56.683 0 0 I auditd : type=1400 audit(0.0:10183): avc: denied { kill } for comm="swapper/2" capability=5 scontext=u:r:kernel:s0 tcontext=u:r:kernel:s0 tclass=capability permissive=0
11-08 04:49:56.974 1517 9837 I wm_task_created: [169,-1]
11-08 04:49:56.983 1517 9837 I wm_task_moved: [169,1,6]
11-08 04:49:56.983 1517 9837 I wm_task_to_front: [0,169]
11-08 04:49:56.984 1517 9837 I wm_create_task: [0,169]
11-08 04:49:56.984 1517 9837 I wm_create_activity: [0,108024008,169,com.android.gallery3d/.app.GalleryActivity,NULL,NULL,NULL,268468224]
11-08 04:49:56.984 1517 9837 I wm_task_moved: [169,1,6]
11-08 04:49:56.989 1517 9837 I wm_restart_activity: [0,108024008,169,com.android.gallery3d/.app.GalleryActivity]
11-08 04:49:56.991 1517 9837 I wm_set_resumed_activity: [0,com.android.gallery3d/.app.GalleryActivity,minimalResumeActivityLocked]
11-08 04:49:56.999 2526 2526 I wm_on_top_resumed_lost_called: [193491456,com.android.launcher3.uioverrides.QuickstepLauncher,topStateChangedWhenResumed]
11-08 04:49:56.999 1517 1608 I am_uid_active: 10066
11-08 04:49:57.053 11570 11570 I wm_on_create_called: [108024008,com.android.gallery3d.app.GalleryActivity,performCreate]
11-08 04:49:57.054 11570 11570 I wm_on_start_called: [108024008,com.android.gallery3d.app.GalleryActivity,handleStartActivity]
11-08 04:49:57.057 11570 11570 I wm_on_resume_called: [108024008,com.android.gallery3d.app.GalleryActivity,RESUME_ACTIVITY]
11-08 04:49:57.063 11570 11570 I wm_on_top_resumed_gained_called: [108024008,com.android.gallery3d.app.GalleryActivity,topStateChangedWhenResumed]
11-08 04:49:57.072 1517 1609 I input_focus: [Focus request 7971f36 com.android.gallery3d/com.android.gallery3d.app.GalleryActivity,reason=UpdateInputWindows]
11-08 04:49:57.098 1517 1689 I input_focus: [Focus leaving f9f7f com.android.launcher3/com.android.launcher3.uioverrides.QuickstepLauncher (server),reason=Waiting for window because NOT_VISIBLE]
11-08 04:49:57.142 1517 1605 I sysui_multi_action: [319,165,322,165,325,9604,757,761,758,8,759,2,806,com.android.gallery3d,871,com.android.gallery3d.app.GalleryActivity,904,com.android.launcher3,905,0,1320,21,1321,5]
11-08 04:49:57.143 1517 1605 I wm_activity_launch_time: [0,108024008,com.android.gallery3d/.app.GalleryActivity,165]
11-08 04:49:57.148 1517 1689 I input_focus: [Focus entering 7971f36 com.android.gallery3d/com.android.gallery3d.app.GalleryActivity (server),reason=Window became focusable. Previous reason: NOT_VISIBLE]
11-08 04:49:57.683 0 0 I auditd : type=1400 audit(0.0:10184): avc: denied { kill } for comm="swapper/2" capability=5 scontext=u:r:kernel:s0 tcontext=u:r:kernel:s0 tclass=capability permissive=0
11-08 04:49:57.943 1517 1689 I input_interaction: Interaction with: 7971f36 com.android.gallery3d/com.android.gallery3d.app.GalleryActivity (server), edge-swipe (server), swipe-up (server), PointerEventDispatcher0 (server),
11-08 04:49:58.683 0 0 I auditd : type=1400 audit(0.0:10185): avc: denied { kill } for comm="swapper/2" capability=5 scontext=u:r:kernel:s0 tcontext=u:r:kernel:s0 tclass=capability permissive=0
11-08 04:49:59.683 0 0 I auditd : type=1400 audit(0.0:10186): avc: denied { kill } for comm="swapper/2" capability=5 scontext=u:r:kernel:s0 tcontext=u:r:kernel:s0 tclass=capability permissive=0
11-08 04:50:00.683 0 0 I auditd : type=1400 audit(0.0:10187): avc: denied { kill } for comm="swapper/2" capability=5 scontext=u:r:kernel:s0 tcontext=u:r:kernel:s0 tclass=capability permissive=0
11-08 04:50:00.793 1517 5799 I wm_task_moved: [169,1,6]
11-08 04:50:00.793 1517 5799 I wm_set_resumed_activity: [0,com.android.gallery3d/.app.GalleryActivity,positionChildAt]
11-08 04:50:00.793 1517 5799 I wm_create_activity: [0,65497509,169,com.android.gallery3d/.app.MovieActivity,android.intent.action.VIEW,video/*,content://media/external/video/media/21,0]
11-08 04:50:00.796 1517 5799 I wm_pause_activity: [0,108024008,com.android.gallery3d/.app.GalleryActivity,userLeaving=true,resumeTopActivityInnerLocked]
11-08 04:50:00.801 11570 11570 I wm_on_top_resumed_lost_called: [108024008,com.android.gallery3d.app.GalleryActivity,topStateChangedWhenResumed]
11-08 04:50:00.842 11570 11570 I wm_on_paused_called: [108024008,com.android.gallery3d.app.GalleryActivity,performPause]
11-08 04:50:00.846 1517 5799 I wm_restart_activity: [0,65497509,169,com.android.gallery3d/.app.MovieActivity]
11-08 04:50:00.848 1517 5799 I wm_set_resumed_activity: [0,com.android.gallery3d/.app.MovieActivity,minimalResumeActivityLocked]
11-08 04:50:00.852 1517 1608 I sysui_multi_action: [757,803,799,window_time_0,802,6]
11-08 04:50:00.878 11570 11570 I wm_on_create_called: [65497509,com.android.gallery3d.app.MovieActivity,performCreate]
11-08 04:50:00.882 11570 11570 I wm_on_start_called: [65497509,com.android.gallery3d.app.MovieActivity,handleStartActivity]
11-08 04:50:00.882 11570 11570 I wm_on_resume_called: [65497509,com.android.gallery3d.app.MovieActivity,RESUME_ACTIVITY]
11-08 04:50:00.892 11570 11570 I wm_on_top_resumed_gained_called: [65497509,com.android.gallery3d.app.MovieActivity,topStateChangedWhenResumed]
11-08 04:50:00.901 1517 1609 I input_focus: [Focus request be7f107 com.android.gallery3d/com.android.gallery3d.app.MovieActivity,reason=UpdateInputWindows]
11-08 04:50:00.928 1517 1689 I input_focus: [Focus leaving 7971f36 com.android.gallery3d/com.android.gallery3d.app.GalleryActivity (server),reason=Waiting for window because NOT_VISIBLE]
11-08 04:50:00.952 1517 1605 I wm_activity_launch_time: [0,65497509,com.android.gallery3d/.app.MovieActivity,164]
11-08 04:50:00.958 1517 1689 I input_focus: [Focus entering be7f107 com.android.gallery3d/com.android.gallery3d.app.MovieActivity (server),reason=Window became focusable. Previous reason: NOT_VISIBLE]
11-08 04:50:01.766 1517 1689 I input_interaction: Interaction with: be7f107 com.android.gallery3d/com.android.gallery3d.app.MovieActivity (server), edge-swipe (server), swipe-up (server), PointerEventDispatcher0 (server),
11-08 04:50:01.890 1517 2100 I wm_relaunch_resume_activity: [0,65497509,169,com.android.gallery3d/.app.MovieActivity]
11-08 04:50:01.891 1517 2100 I wm_add_to_stopping: [0,108024008,com.android.gallery3d/.app.GalleryActivity,makeInvisible]
11-08 04:50:01.891 1517 2100 I wm_add_to_stopping: [0,193491456,com.android.launcher3/.uioverrides.QuickstepLauncher,makeInvisible]
11-08 04:50:01.893 1517 1608 I wm_relaunch_activity: [0,108024008,169,com.android.gallery3d/.app.GalleryActivity]
11-08 04:50:01.907 11570 11570 I wm_on_top_resumed_lost_called: [65497509,com.android.gallery3d.app.MovieActivity,pausing]
11-08 04:50:01.928 1517 1517 I notification_enqueue: [10082,1969,com.android.systemui,2048,NULL,0,Notification(channel=updateNotification shortcut=null contentView=null vibrate=null sound=null defaults=0x0 flags=0x0 color=0x00000000 vis=PRIVATE),1]
11-08 04:50:01.934 1969 1969 I sysui_multi_action: [757,111,758,2]
11-08 04:50:01.935 1969 1969 I sysui_multi_action: [757,111,758,2]
11-08 04:50:01.954 1969 1969 I sysui_multi_action: [757,111,758,1]
11-08 04:50:01.955 1969 1969 I sysui_multi_action: [757,126,758,1,759,126,927,0,928,1,1593,0]
11-08 04:50:01.955 1969 1969 I sysui_multi_action: [757,113,758,1,759,113,927,1,928,0,1593,0]
11-08 04:50:01.955 1969 1969 I sysui_multi_action: [757,0,758,1,759,0,927,2,928,0,1593,0]
11-08 04:50:01.955 1969 1969 I sysui_multi_action: [757,0,758,1,759,0,927,3,928,0,1593,0]
11-08 04:50:01.955 1969 1969 I sysui_multi_action: [757,0,758,1,759,0,927,4,1593,0]
11-08 04:50:01.955 1969 1969 I sysui_multi_action: [757,491,758,1,759,491,927,5,928,0,1311,-1,1593,0]
11-08 04:50:01.955 1969 1969 I sysui_multi_action: [757,122,758,1,759,122,927,6,928,1,1593,0]
11-08 04:50:01.956 1969 1969 I sysui_multi_action: [757,0,758,1,759,0,927,7,928,0,1593,0]
11-08 04:50:01.956 1969 1969 I sysui_multi_action: [757,111,758,1]
11-08 04:50:01.956 1969 1969 I sysui_multi_action: [757,126,758,1,759,126,927,0,928,1,1593,0]
11-08 04:50:01.956 1969 1969 I sysui_multi_action: [757,113,758,1,759,113,927,1,928,0,1593,0]
11-08 04:50:01.956 1969 1969 I sysui_multi_action: [757,0,758,1,759,0,927,2,928,0,1593,0]
11-08 04:50:01.956 1969 1969 I sysui_multi_action: [757,0,758,1,759,0,927,3,928,0,1593,0]
11-08 04:50:02.040 11570 11570 I wm_on_paused_called: [65497509,com.android.gallery3d.app.MovieActivity,performPause]
11-08 04:50:02.041 11570 11570 I wm_on_stop_called: [65497509,com.android.gallery3d.app.MovieActivity,handleRelaunchActivity]
11-08 04:50:02.042 11570 11570 I wm_on_destroy_called: [65497509,com.android.gallery3d.app.MovieActivity,performDestroy]
11-08 04:50:02.060 11570 11570 I wm_on_create_called: [65497509,com.android.gallery3d.app.MovieActivity,performCreate]
11-08 04:50:02.064 11570 11570 I wm_on_start_called: [65497509,com.android.gallery3d.app.MovieActivity,handleStartActivity]
11-08 04:50:02.070 11570 11570 I wm_on_resume_called: [65497509,com.android.gallery3d.app.MovieActivity,RESUME_ACTIVITY]
11-08 04:50:02.070 11570 11570 I wm_on_top_resumed_gained_called: [65497509,com.android.gallery3d.app.MovieActivity,topWhenResuming]
11-08 04:50:02.071 11570 11570 I wm_on_stop_called: [108024008,com.android.gallery3d.app.GalleryActivity,handleRelaunchActivity]
11-08 04:50:02.073 11570 11570 I wm_on_destroy_called: [108024008,com.android.gallery3d.app.GalleryActivity,performDestroy]
11-08 04:50:02.085 11570 11570 I wm_on_create_called: [108024008,com.android.gallery3d.app.GalleryActivity,performCreate]
11-08 04:50:02.086 11570 11570 I wm_on_start_called: [108024008,com.android.gallery3d.app.GalleryActivity,handleStartActivity]
11-08 04:50:02.091 11570 11570 I wm_on_resume_called: [108024008,com.android.gallery3d.app.GalleryActivity,LIFECYCLER_RESUME_ACTIVITY]
11-08 04:50:02.091 11570 11570 I wm_on_paused_called: [108024008,com.android.gallery3d.app.GalleryActivity,performPause]
11-08 04:50:02.132 1517 1517 I sysui_multi_action: [757,1501,758,1,793,9588273,794,0,795,206,796,2048,806,com.android.systemui,857,updateNotification,858,3,947,0,1500,0,1688,1]
11-08 04:50:02.132 1517 1517 I sysui_multi_action: [757,804,799,note_interruptive,801,0,802,1]
11-08 04:50:02.133 1517 1517 I sysui_multi_action: [757,199,758,1,759,2,793,9588273,794,0,795,206,796,2048,806,com.android.systemui,857,updateNotification,858,3,947,0,1500,0,1688,1]
11-08 04:50:02.133 1517 1517 I notification_alert: [0|com.android.systemui|2048|null|10082,0,1,0]
11-08 04:50:02.184 1517 2100 I snet_event_log: [172655291,-1,]
11-08 04:50:02.246 1517 1608 I wm_stop_activity: [0,193491456,com.android.launcher3/.uioverrides.QuickstepLauncher]
11-08 04:50:02.272 2526 2526 I wm_on_paused_called: [193491456,com.android.launcher3.uioverrides.QuickstepLauncher,performPause]
11-08 04:50:02.275 2526 2526 I wm_on_stop_called: [193491456,com.android.launcher3.uioverrides.QuickstepLauncher,STOP_ACTIVITY_ITEM]
11-08 04:50:05.683 0 0 I auditd : type=1400 audit(0.0:10188): avc: denied { kill } for comm="swapper/1" capability=5 scontext=u:r:kernel:s0 tcontext=u:r:kernel:s0 tclass=capability permissive=0
11-08 04:50:06.683 0 0 I auditd : type=1400 audit(0.0:10189): avc: denied { kill } for comm="swapper/1" capability=5 scontext=u:r:kernel:s0 tcontext=u:r:kernel:s0 tclass=capability permissive=0
11-08 04:50:07.683 0 0 I auditd : type=1400 audit(0.0:10190): avc: denied { kill } for comm="swapper/1" capability=5 scontext=u:r:kernel:s0 tcontext=u:r:kernel:s0 tclass=capability permissive=0
11-08 04:50:09.683 0 0 I auditd : type=1400 audit(0.0:10191): avc: denied { kill } for comm="swapper/1" capability=5 scontext=u:r:kernel:s0 tcontext=u:r:kernel:s0 tclass=capability permissive=0
11-08 04:50:10.683 0 0 I auditd : type=1400 audit(0.0:10192): avc: denied { kill } for comm="swapper/1" capability=5 scontext=u:r:kernel:s0 tcontext=u:r:kernel:s0 tclass=capability permissive=0
11-08 04:50:11.683 0 0 I auditd : type=1400 audit(0.0:10193): avc: denied { kill } for comm="swapper/1" capability=5 scontext=u:r:kernel:s0 tcontext=u:r:kernel:s0 tclass=capability permissive=0
11-08 04:50:12.036 11570 11570 I menu_item_selected: [0,Food]
11-08 04:50:12.037 1517 9837 I wm_finish_activity: [0,65497509,169,com.android.gallery3d/.app.MovieActivity,app-request]
11-08 04:50:12.045 1517 9837 I wm_pause_activity: [0,65497509,com.android.gallery3d/.app.MovieActivity,userLeaving=false,finish]
11-08 04:50:12.048 11570 11570 I wm_on_top_resumed_lost_called: [65497509,com.android.gallery3d.app.MovieActivity,topStateChangedWhenResumed]
11-08 04:50:12.067 1517 1689 I input_focus: [Focus leaving be7f107 com.android.gallery3d/com.android.gallery3d.app.MovieActivity (server),reason=NO_WINDOW]
11-08 04:50:12.106 11570 11570 I wm_on_paused_called: [65497509,com.android.gallery3d.app.MovieActivity,performPause]
11-08 04:50:12.107 1517 9837 I wm_add_to_stopping: [0,65497509,com.android.gallery3d/.app.MovieActivity,completeFinishing]
11-08 04:50:12.108 1517 9837 I wm_set_resumed_activity: [0,com.android.gallery3d/.app.GalleryActivity,resumeTopActivityInnerLocked]
11-08 04:50:12.110 1517 9837 I wm_resume_activity: [0,108024008,169,com.android.gallery3d/.app.GalleryActivity]
11-08 04:50:12.113 1517 1608 I sysui_multi_action: [757,803,799,window_time_2,802,11]
11-08 04:50:12.120 1517 1614 I am_pss : [11570,10066,com.android.gallery3d,67555328,60997632,0,186707968,0,2,7]
11-08 04:50:12.127 11570 11570 I wm_on_activity_result_called: [108024008,com.android.gallery3d.app.GalleryActivity,ACTIVITY_RESULT]
11-08 04:50:12.132 11570 11570 I wm_on_resume_called: [108024008,com.android.gallery3d.app.GalleryActivity,RESUME_ACTIVITY]
11-08 04:50:12.132 11570 11570 I wm_on_top_resumed_gained_called: [108024008,com.android.gallery3d.app.GalleryActivity,topWhenResuming]
11-08 04:50:12.144 1517 1609 I input_focus: [Focus request 7971f36 com.android.gallery3d/com.android.gallery3d.app.GalleryActivity,reason=UpdateInputWindows]
11-08 04:50:12.201 1517 1689 I input_focus: [Focus entering 7971f36 com.android.gallery3d/com.android.gallery3d.app.GalleryActivity (server),reason=Window became focusable. Previous reason: NOT_VISIBLE]
11-08 04:50:12.416 1517 1614 I am_pss : [11518,1000,com.thundercomm.mcuupgrade,7207936,5259264,0,91537408,0,19,7]
11-08 04:50:12.428 1517 1614 I am_pss : [11517,1000,com.android.settings,27046912,25096192,0,112087040,0,19,7]
11-08 04:50:12.586 1517 1608 I wm_destroy_activity: [0,65497509,169,com.android.gallery3d/.app.MovieActivity,finish-imm:idle]
11-08 04:50:12.609 11570 11570 I wm_on_stop_called: [65497509,com.android.gallery3d.app.MovieActivity,LIFECYCLER_STOP_ACTIVITY]
11-08 04:50:12.610 11570 11570 I wm_on_destroy_called: [65497509,com.android.gallery3d.app.MovieActivity,performDestroy]
11-08 04:50:12.683 0 0 I auditd : type=1400 audit(0.0:10194): avc: denied { kill } for comm="swapper/1" capability=5 scontext=u:r:kernel:s0 tcontext=u:r:kernel:s0 tclass=capability permissive=0
11-08 04:50:13.661 1517 1689 I input_interaction: Interaction with: 7971f36 com.android.gallery3d/com.android.gallery3d.app.GalleryActivity (server), edge-swipe (server), swipe-up (server), PointerEventDispatcher0 (server),
11-08 04:50:13.683 0 0 I auditd : type=1400 audit(0.0:10195): avc: denied { kill } for comm="swapper/1" capability=5 scontext=u:r:kernel:s0 tcontext=u:r:kernel:s0 tclass=capability permissive=0
11-08 04:50:13.756 1517 9837 I wm_task_moved: [169,1,6]
11-08 04:50:13.757 1517 9837 I wm_set_resumed_activity: [0,com.android.gallery3d/.app.GalleryActivity,positionChildAt]
11-08 04:50:13.757 1517 9837 I wm_create_activity: [0,102157053,169,com.android.gallery3d/.app.MovieActivity,android.intent.action.VIEW,video/*,content://media/external/video/media/21,0]
11-08 04:50:13.759 1517 9837 I wm_pause_activity: [0,108024008,com.android.gallery3d/.app.GalleryActivity,userLeaving=true,resumeTopActivityInnerLocked]
11-08 04:50:13.765 11570 11570 I wm_on_top_resumed_lost_called: [108024008,com.android.gallery3d.app.GalleryActivity,topStateChangedWhenResumed]
11-08 04:50:13.806 11570 11570 I wm_on_paused_called: [108024008,com.android.gallery3d.app.GalleryActivity,performPause]
11-08 04:50:13.809 1517 9837 I wm_add_to_stopping: [0,108024008,com.android.gallery3d/.app.GalleryActivity,makeInvisible]
11-08 04:50:13.810 1517 9837 I wm_restart_activity: [0,102157053,169,com.android.gallery3d/.app.MovieActivity]
11-08 04:50:13.812 1517 9837 I wm_set_resumed_activity: [0,com.android.gallery3d/.app.MovieActivity,minimalResumeActivityLocked]
11-08 04:50:13.817 1517 1608 I sysui_multi_action: [757,803,799,window_time_0,802,2]
11-08 04:50:13.828 11570 11570 I wm_on_create_called: [102157053,com.android.gallery3d.app.MovieActivity,performCreate]
11-08 04:50:13.831 11570 11570 I wm_on_start_called: [102157053,com.android.gallery3d.app.MovieActivity,handleStartActivity]
11-08 04:50:13.831 11570 11570 I wm_on_resume_called: [102157053,com.android.gallery3d.app.MovieActivity,RESUME_ACTIVITY]
11-08 04:50:13.836 11570 11570 I wm_on_top_resumed_gained_called: [102157053,com.android.gallery3d.app.MovieActivity,topStateChangedWhenResumed]
11-08 04:50:13.838 1517 1689 I input_focus: [Focus leaving 7971f36 com.android.gallery3d/com.android.gallery3d.app.GalleryActivity (server),reason=NO_WINDOW]
11-08 04:50:13.847 1517 1609 I input_focus: [Focus request 5b2879f com.android.gallery3d/com.android.gallery3d.app.MovieActivity,reason=UpdateInputWindows]
11-08 04:50:13.886 1517 1605 I wm_activity_launch_time: [0,102157053,com.android.gallery3d/.app.MovieActivity,136]
11-08 04:50:13.905 1517 1689 I input_focus: [Focus entering 5b2879f com.android.gallery3d/com.android.gallery3d.app.MovieActivity (server),reason=Window became focusable. Previous reason: NOT_VISIBLE]
11-08 04:50:14.005 1517 9837 I snet_event_log: [172655291,-1,]
11-08 04:50:14.294 1517 1608 I wm_stop_activity: [0,108024008,com.android.gallery3d/.app.GalleryActivity]
11-08 04:50:14.300 11570 11570 I wm_on_stop_called: [108024008,com.android.gallery3d.app.GalleryActivity,STOP_ACTIVITY_ITEM]
11-08 04:50:14.683 0 0 I auditd : type=1400 audit(0.0:10196): avc: denied { kill } for comm="swapper/1" capability=5 scontext=u:r:kernel:s0 tcontext=u:r:kernel:s0 tclass=capability permissive=0
11-08 04:50:15.026 1517 1689 I input_interaction: Interaction with: 5b2879f com.android.gallery3d/com.android.gallery3d.app.MovieActivity (server), edge-swipe (server), swipe-up (server), PointerEventDispatcher0 (server),
11-08 04:50:16.873 1517 9837 I wm_task_moved: [92,0,0]
11-08 04:50:16.873 1517 9837 I wm_task_moved: [92,0,5]
11-08 04:50:16.898 1517 1661 I snet_event_log: [172655291,-1,]
11-08 04:50:16.904 2526 2526 I wm_on_restart_called: [193491456,com.android.launcher3.uioverrides.QuickstepLauncher,performRestartActivity]
11-08 04:50:16.921 2526 2526 I wm_on_start_called: [193491456,com.android.launcher3.uioverrides.QuickstepLauncher,handleStartActivity]
11-08 04:50:16.941 11570 11570 I view_enqueue_input_event: [Motion - Cancel,com.android.gallery3d/com.android.gallery3d.app.MovieActivity]
11-08 04:50:16.943 2526 2526 I sysui_latency: [1,97]
11-08 04:50:16.948 1517 1605 I sysui_multi_action: [319,13,322,66,325,9624,757,761,758,9,759,5,806,com.android.launcher3,871,com.android.launcher3.uioverrides.QuickstepLauncher,904,com.android.launcher3,905,0,1320,8,1321,5]
11-08 04:50:16.950 1517 1609 I input_focus: [Focus request recents_animation_input_consumer,reason=UpdateInputWindows]
11-08 04:50:16.951 1517 1689 I input_interaction: Interaction with: edge-swipe (server), swipe-up (server), PointerEventDispatcher0 (server),
11-08 04:50:16.978 1517 1689 I input_focus: [Focus leaving 5b2879f com.android.gallery3d/com.android.gallery3d.app.MovieActivity (server),reason=NOT_FOCUSABLE]
11-08 04:50:16.978 1517 1689 I input_focus: [Focus entering recents_animation_input_consumer (server),reason=setFocusedWindow]
11-08 04:50:17.130 1517 1677 I commit_sys_config_file: [settings-1-0,11]
11-08 04:50:17.242 1517 1614 I sysui_latency: [8,100]
11-08 04:50:17.813 1517 1677 I commit_sys_config_file: [settings-1-0,5]
11-08 04:50:18.241 1517 1689 I input_interaction: Interaction with: f9f7f com.android.launcher3/com.android.launcher3.uioverrides.QuickstepLauncher (server), edge-swipe (server), swipe-up (server), PointerEventDispatcher0 (server),
11-08 04:50:18.651 1517 9837 I wm_task_moved: [92,1,6]
11-08 04:50:18.656 1517 9837 I wm_focused_root_task: [0,0,92,169,RecentsAnimation.onAnimationFinished()]
11-08 04:50:18.656 11570 11570 I wm_on_top_resumed_lost_called: [102157053,com.android.gallery3d.app.MovieActivity,topStateChangedWhenResumed]
11-08 04:50:18.659 1517 9837 I wm_pause_activity: [0,102157053,com.android.gallery3d/.app.MovieActivity,userLeaving=false,pauseBackTasks]
11-08 04:50:18.663 1517 9837 I wm_set_resumed_activity: [0,com.android.launcher3/.uioverrides.QuickstepLauncher,resumeTopActivityInnerLocked]
11-08 04:50:18.665 1517 9837 I wm_resume_activity: [0,193491456,93,com.android.launcher3/.uioverrides.QuickstepLauncher]
11-08 04:50:18.665 1517 9837 I wm_add_to_stopping: [0,102157053,com.android.gallery3d/.app.MovieActivity,makeInvisible]
11-08 04:50:18.676 2526 2526 I wm_on_resume_called: [193491456,com.android.launcher3.uioverrides.QuickstepLauncher,RESUME_ACTIVITY]
11-08 04:50:18.679 1517 1609 I input_focus: [Focus request f9f7f com.android.launcher3/com.android.launcher3.uioverrides.QuickstepLauncher,reason=UpdateInputWindows]
11-08 04:50:18.682 2526 2526 I wm_on_top_resumed_gained_called: [193491456,com.android.launcher3.uioverrides.QuickstepLauncher,topStateChangedWhenResumed]
11-08 04:50:18.687 1517 1689 I input_focus: [Focus leaving recents_animation_input_consumer (server),reason=NOT_VISIBLE]
11-08 04:50:18.689 1517 1608 I sysui_multi_action: [757,803,799,window_time_0,802,5]
11-08 04:50:18.696 1517 1608 I wm_stop_activity: [0,102157053,com.android.gallery3d/.app.MovieActivity]
11-08 04:50:18.699 1517 1689 I input_focus: [Focus entering f9f7f com.android.launcher3/com.android.launcher3.uioverrides.QuickstepLauncher (server),reason=setFocusedWindow]
11-08 04:50:18.701 1517 1608 I sysui_multi_action: [757,803,799,window_time_0,802,0]
11-08 04:50:18.730 11570 11570 I wm_on_paused_called: [102157053,com.android.gallery3d.app.MovieActivity,performPause]
11-08 04:50:18.749 11570 11570 I wm_on_stop_called: [102157053,com.android.gallery3d.app.MovieActivity,STOP_ACTIVITY_ITEM]
11-08 04:50:18.781 1517 2100 I wm_finish_activity: [0,102157053,169,com.android.gallery3d/.app.MovieActivity,recent-task-trimmed]
11-08 04:50:18.784 1517 2100 I wm_destroy_activity: [0,102157053,169,com.android.gallery3d/.app.MovieActivity,finish-imm:finishIfPossible]
11-08 04:50:18.785 11570 11570 I wm_on_destroy_called: [102157053,com.android.gallery3d.app.MovieActivity,performDestroy]
11-08 04:50:18.785 1517 2100 I wm_finish_activity: [0,108024008,169,com.android.gallery3d/.app.GalleryActivity,recent-task-trimmed]
11-08 04:50:18.785 1517 2100 I wm_destroy_activity: [0,108024008,169,com.android.gallery3d/.app.GalleryActivity,finish-imm:finishIfPossible]
11-08 04:50:18.786 1517 1608 I am_kill : [0,11570,com.android.gallery3d,900,remove task]
11-08 04:50:18.789 1517 1608 I sysui_multi_action: [757,803,799,window_time_0,802,0]
11-08 04:50:18.848 1517 2084 I am_proc_died: [0,11570,com.android.gallery3d,900,18]
11-08 04:50:18.852 1517 2084 I am_uid_stopped: 10066
11-08 04:50:18.857 1517 2084 I wm_task_removed: [169,removeChild:removeChild last r=ActivityRecord{616cafd u0 com.android.gallery3d/.app.MovieActivity t-1 f}} in t=Task{1771d6b #169 type=standard A=10066:com.android.gallery3d U=0 visible=false mode=fullscreen translucent=true sz=0}]
11-08 04:50:18.858 1517 2084 I wm_task_removed: [169,removeChild]
11-08 04:50:18.862 1517 1608 I am_uid_running: 10066
11-08 04:50:18.871 1517 1616 I am_proc_start: [0,11739,10066,com.android.gallery3d,NULL,]
11-08 04:50:18.902 1517 2084 I am_proc_bound: [0,11739,com.android.gallery3d]
11-08 04:50:18.964 1517 1689 I input_interaction: Interaction with: f9f7f com.android.launcher3/com.android.launcher3.uioverrides.QuickstepLauncher (server), c84215e com.android.systemui.ImageWallpaper (server), edge-swipe (server), swipe-up (server), PointerEventDispatcher0 (server),
11-08 04:50:19.683 0 0 I auditd : type=1400 audit(0.0:10197): avc: denied { kill } for comm="swapper/3" capability=5 scontext=u:r:kernel:s0 tcontext=u:r:kernel:s0 tclass=capability permissive=0
11-08 04:50:20.240 1517 2084 I wm_task_created: [170,-1]
11-08 04:50:20.250 1517 2084 I wm_task_moved: [170,1,6]
11-08 04:50:20.250 1517 2084 I wm_task_to_front: [0,170]
11-08 04:50:20.251 1517 2084 I wm_create_task: [0,170]
11-08 04:50:20.251 1517 2084 I wm_create_activity: [0,263467305,170,com.android.music/.VideoBrowserActivity,android.intent.action.MAIN,NULL,NULL,270532608]
11-08 04:50:20.251 1517 2084 I wm_task_moved: [170,1,6]
11-08 04:50:20.253 1517 2084 I wm_pause_activity: [0,193491456,com.android.launcher3/.uioverrides.QuickstepLauncher,userLeaving=true,pauseBackTasks]
11-08 04:50:20.258 2526 2526 I wm_on_top_resumed_lost_called: [193491456,com.android.launcher3.uioverrides.QuickstepLauncher,topStateChangedWhenResumed]
11-08 04:50:20.259 2526 2526 I wm_on_paused_called: [193491456,com.android.launcher3.uioverrides.QuickstepLauncher,performPause]
11-08 04:50:20.268 1517 1553 I wm_add_to_stopping: [0,193491456,com.android.launcher3/.uioverrides.QuickstepLauncher,makeInvisible]
11-08 04:50:20.269 1517 1553 I wm_restart_activity: [0,263467305,170,com.android.music/.VideoBrowserActivity]
11-08 04:50:20.271 1517 1553 I wm_set_resumed_activity: [0,com.android.music/.VideoBrowserActivity,minimalResumeActivityLocked]
11-08 04:50:20.276 1517 1608 I am_uid_active: 10088
11-08 04:50:20.283 1517 1608 I sysui_multi_action: [757,803,799,window_time_0,802,1]
11-08 04:50:20.302 9874 9874 I wm_on_create_called: [263467305,com.android.music.VideoBrowserActivity,performCreate]
11-08 04:50:20.303 9874 9874 I wm_on_start_called: [263467305,com.android.music.VideoBrowserActivity,handleStartActivity]
11-08 04:50:20.303 9874 9874 I wm_on_resume_called: [263467305,com.android.music.VideoBrowserActivity,RESUME_ACTIVITY]
11-08 04:50:20.304 1517 1689 I input_focus: [Focus leaving f9f7f com.android.launcher3/com.android.launcher3.uioverrides.QuickstepLauncher (server),reason=NO_WINDOW]
11-08 04:50:20.305 9874 9874 I wm_on_top_resumed_gained_called: [263467305,com.android.music.VideoBrowserActivity,topStateChangedWhenResumed]
11-08 04:50:20.310 1517 1609 I input_focus: [Focus request 36c9386 com.android.music/com.android.music.VideoBrowserActivity,reason=UpdateInputWindows]
11-08 04:50:20.330 1517 1605 I sysui_multi_action: [319,80,321,77,322,89,325,9627,757,761,758,8,759,1,806,com.android.music,871,com.android.music.VideoBrowserActivity,904,com.android.launcher3,905,0,1320,8,1321,5]
11-08 04:50:20.331 1517 1605 I wm_activity_launch_time: [0,263467305,com.android.music/.VideoBrowserActivity,89]
11-08 04:50:20.337 1517 1689 I input_focus: [Focus entering 36c9386 com.android.music/com.android.music.VideoBrowserActivity (server),reason=Window became focusable. Previous reason: NOT_VISIBLE]
11-08 04:50:20.497 1517 1689 I input_interaction: Interaction with: 36c9386 com.android.music/com.android.music.VideoBrowserActivity (server), edge-swipe (server), swipe-up (server), PointerEventDispatcher0 (server),
11-08 04:50:20.868 1517 1608 I wm_stop_activity: [0,193491456,com.android.launcher3/.uioverrides.QuickstepLauncher]
11-08 04:50:20.924 2526 2526 I wm_on_stop_called: [193491456,com.android.launcher3.uioverrides.QuickstepLauncher,STOP_ACTIVITY_ITEM]
11-08 04:50:21.521 1517 6412 I wm_task_moved: [92,0,0]
11-08 04:50:21.522 1517 6412 I wm_task_moved: [92,0,5]
11-08 04:50:21.552 2526 2526 I wm_on_restart_called: [193491456,com.android.launcher3.uioverrides.QuickstepLauncher,performRestartActivity]
11-08 04:50:21.578 2526 2526 I wm_on_start_called: [193491456,com.android.launcher3.uioverrides.QuickstepLauncher,handleStartActivity]
11-08 04:50:21.581 9874 9874 I view_enqueue_input_event: [Motion - Cancel,com.android.music/com.android.music.VideoBrowserActivity]
11-08 04:50:21.581 1517 1609 I input_focus: [Focus request recents_animation_input_consumer,reason=UpdateInputWindows]
11-08 04:50:21.583 1517 1689 I input_interaction: Interaction with: edge-swipe (server), swipe-up (server), PointerEventDispatcher0 (server),
11-08 04:50:21.589 1517 1689 I input_focus: [Focus leaving 36c9386 com.android.music/com.android.music.VideoBrowserActivity (server),reason=NOT_FOCUSABLE]
11-08 04:50:21.590 2526 2526 I sysui_latency: [1,91]
11-08 04:50:21.590 1517 1689 I input_focus: [Focus entering recents_animation_input_consumer (server),reason=setFocusedWindow]
11-08 04:50:21.606 1517 1605 I sysui_multi_action: [319,19,322,77,325,9628,757,761,758,9,759,5,806,com.android.launcher3,871,com.android.launcher3.uioverrides.QuickstepLauncher,904,com.android.launcher3,905,0,1320,8,1321,5]
11-08 04:50:21.683 0 0 I auditd : type=1400 audit(0.0:10198): avc: denied { kill } for comm="swapper/3" capability=5 scontext=u:r:kernel:s0 tcontext=u:r:kernel:s0 tclass=capability permissive=0
11-08 04:50:21.794 1517 1677 I commit_sys_config_file: [settings-1-0,16]
11-08 04:50:21.901 1517 1614 I sysui_latency: [8,92]
11-08 04:50:22.420 1517 1677 I commit_sys_config_file: [settings-1-0,5]
11-08 04:50:22.654 1517 1689 I input_interaction: Interaction with: f9f7f com.android.launcher3/com.android.launcher3.uioverrides.QuickstepLauncher (server), edge-swipe (server), swipe-up (server), PointerEventDispatcher0 (server),
11-08 04:50:22.683 0 0 I auditd : type=1400 audit(0.0:10199): avc: denied { kill } for comm="swapper/3" capability=5 scontext=u:r:kernel:s0 tcontext=u:r:kernel:s0 tclass=capability permissive=0
11-08 04:50:23.062 1517 5799 I wm_task_moved: [92,1,6]
11-08 04:50:23.063 1517 5799 I wm_focused_root_task: [0,0,92,170,RecentsAnimation.onAnimationFinished()]
11-08 04:50:23.063 9874 9874 I wm_on_top_resumed_lost_called: [263467305,com.android.music.VideoBrowserActivity,topStateChangedWhenResumed]
11-08 04:50:23.064 1517 5799 I wm_pause_activity: [0,263467305,com.android.music/.VideoBrowserActivity,userLeaving=false,pauseBackTasks]
11-08 04:50:23.072 1517 5799 I wm_set_resumed_activity: [0,com.android.launcher3/.uioverrides.QuickstepLauncher,resumeTopActivityInnerLocked]
11-08 04:50:23.073 1517 5799 I wm_resume_activity: [0,193491456,93,com.android.launcher3/.uioverrides.QuickstepLauncher]
11-08 04:50:23.074 1517 5799 I wm_add_to_stopping: [0,263467305,com.android.music/.VideoBrowserActivity,makeInvisible]
11-08 04:50:23.074 2526 2526 I wm_on_resume_called: [193491456,com.android.launcher3.uioverrides.QuickstepLauncher,RESUME_ACTIVITY]
11-08 04:50:23.080 1517 1609 I input_focus: [Focus request f9f7f com.android.launcher3/com.android.launcher3.uioverrides.QuickstepLauncher,reason=UpdateInputWindows]
11-08 04:50:23.080 9874 9874 I wm_on_paused_called: [263467305,com.android.music.VideoBrowserActivity,performPause]
11-08 04:50:23.082 2526 2526 I wm_on_top_resumed_gained_called: [193491456,com.android.launcher3.uioverrides.QuickstepLauncher,topStateChangedWhenResumed]
11-08 04:50:23.082 1517 1608 I sysui_multi_action: [757,803,799,window_time_0,802,3]
11-08 04:50:23.088 1517 1608 I wm_stop_activity: [0,263467305,com.android.music/.VideoBrowserActivity]
11-08 04:50:23.091 1517 1608 I sysui_multi_action: [757,803,799,window_time_0,802,0]
11-08 04:50:23.094 1517 1689 I input_focus: [Focus leaving recents_animation_input_consumer (server),reason=NOT_VISIBLE]
11-08 04:50:23.094 1517 1689 I input_focus: [Focus entering f9f7f com.android.launcher3/com.android.launcher3.uioverrides.QuickstepLauncher (server),reason=setFocusedWindow]
11-08 04:50:23.106 9874 9874 I wm_on_stop_called: [263467305,com.android.music.VideoBrowserActivity,STOP_ACTIVITY_ITEM]
11-08 04:50:23.185 1517 2076 I wm_finish_activity: [0,263467305,170,com.android.music/.VideoBrowserActivity,recent-task-trimmed]
11-08 04:50:23.186 1517 2076 I wm_destroy_activity: [0,263467305,170,com.android.music/.VideoBrowserActivity,finish-imm:finishIfPossible]
11-08 04:50:23.187 1517 1608 I am_kill : [0,9874,com.android.music,900,remove task]
11-08 04:50:23.189 1517 1608 I sysui_multi_action: [757,803,799,window_time_0,802,0]
11-08 04:50:23.230 1517 9255 I am_proc_died: [0,9874,com.android.music,900,18]
11-08 04:50:23.233 1517 9255 I am_uid_stopped: 10088
11-08 04:50:23.236 1517 9255 I wm_task_removed: [170,removeChild:removeChild last r=ActivityRecord{fb43129 u0 com.android.music/.VideoBrowserActivity t-1 f}} in t=Task{60523e0 #170 type=standard A=10088:android.task.video U=0 visible=false mode=fullscreen translucent=true sz=0}]
11-08 04:50:23.236 1517 9255 I wm_task_removed: [170,removeChild]
11-08 04:50:23.240 1517 1608 I am_uid_running: 10088
11-08 04:50:23.249 1517 1616 I am_proc_start: [0,11770,10088,com.android.music,NULL,]
11-08 04:50:23.277 1517 2078 I am_proc_bound: [0,11770,com.android.music]
11-08 04:50:23.516 1517 1689 I input_interaction: Interaction with: f9f7f com.android.launcher3/com.android.launcher3.uioverrides.QuickstepLauncher (server), c84215e com.android.systemui.ImageWallpaper (server), edge-swipe (server), swipe-up (server), PointerEventDispatcher0 (server),
11-08 04:50:24.683 0 0 I auditd : type=1400 audit(0.0:10200): avc: denied { kill } for comm="swapper/3" capability=5 scontext=u:r:kernel:s0 tcontext=u:r:kernel:s0 tclass=capability permissive=0
11-08 04:50:24.766 1517 9255 I wm_task_created: [171,-1]
11-08 04:50:24.771 1517 9255 I wm_task_moved: [171,1,6]
11-08 04:50:24.771 1517 9255 I wm_task_to_front: [0,171]
11-08 04:50:24.772 1517 9255 I wm_create_task: [0,171]
11-08 04:50:24.772 1517 9255 I wm_create_activity: [0,176015390,171,com.android.music/.VideoBrowserActivity,NULL,NULL,NULL,268468224]
11-08 04:50:24.772 1517 9255 I wm_task_moved: [171,1,6]
11-08 04:50:24.777 1517 9255 I wm_restart_activity: [0,176015390,171,com.android.music/.VideoBrowserActivity]
11-08 04:50:24.779 1517 9255 I wm_set_resumed_activity: [0,com.android.music/.VideoBrowserActivity,minimalResumeActivityLocked]
11-08 04:50:24.784 1517 1608 I am_uid_active: 10088
11-08 04:50:24.797 2526 2526 I wm_on_top_resumed_lost_called: [193491456,com.android.launcher3.uioverrides.QuickstepLauncher,topStateChangedWhenResumed]
11-08 04:50:24.828 11770 11770 I wm_on_create_called: [176015390,com.android.music.VideoBrowserActivity,performCreate]
11-08 04:50:24.828 11770 11770 I wm_on_start_called: [176015390,com.android.music.VideoBrowserActivity,handleStartActivity]
11-08 04:50:24.830 11770 11770 I wm_on_resume_called: [176015390,com.android.music.VideoBrowserActivity,RESUME_ACTIVITY]
11-08 04:50:24.837 11770 11770 I wm_on_top_resumed_gained_called: [176015390,com.android.music.VideoBrowserActivity,topStateChangedWhenResumed]
11-08 04:50:24.848 1517 1609 I input_focus: [Focus request 2ed9364 com.android.music/com.android.music.VideoBrowserActivity,reason=UpdateInputWindows]
11-08 04:50:24.867 1517 1689 I input_focus: [Focus leaving f9f7f com.android.launcher3/com.android.launcher3.uioverrides.QuickstepLauncher (server),reason=Waiting for window because NOT_VISIBLE]
11-08 04:50:24.884 1517 1605 I sysui_multi_action: [319,123,322,122,325,9632,757,761,758,8,759,2,806,com.android.music,871,com.android.music.VideoBrowserActivity,904,com.android.launcher3,905,0,1320,8,1321,5]
11-08 04:50:24.888 1517 1605 I wm_activity_launch_time: [0,176015390,com.android.music/.VideoBrowserActivity,122]
11-08 04:50:24.898 1517 1689 I input_focus: [Focus entering 2ed9364 com.android.music/com.android.music.VideoBrowserActivity (server),reason=Window became focusable. Previous reason: NOT_VISIBLE]
11-08 04:50:25.683 0 0 I auditd : type=1400 audit(0.0:10201): avc: denied { kill } for comm="swapper/3" capability=5 scontext=u:r:kernel:s0 tcontext=u:r:kernel:s0 tclass=capability permissive=0
11-08 04:50:26.520 1517 1689 I input_interaction: Interaction with: 2ed9364 com.android.music/com.android.music.VideoBrowserActivity (server), edge-swipe (server), swipe-up (server), PointerEventDispatcher0 (server),
11-08 04:50:26.694 1517 9255 I wm_task_moved: [171,1,6]
11-08 04:50:26.695 1517 9255 I wm_set_resumed_activity: [0,com.android.music/.VideoBrowserActivity,positionChildAt]
11-08 04:50:26.695 1517 9255 I wm_create_activity: [0,157047285,171,com.android.gallery3d/.app.MovieActivity,android.intent.action.VIEW,video/mp4,content://media/external/video/media/21,0]
11-08 04:50:26.697 1517 9255 I wm_pause_activity: [0,176015390,com.android.music/.VideoBrowserActivity,userLeaving=true,resumeTopActivityInnerLocked]
11-08 04:50:26.709 11770 11770 I wm_on_top_resumed_lost_called: [176015390,com.android.music.VideoBrowserActivity,topStateChangedWhenResumed]
11-08 04:50:26.710 11770 11770 I wm_on_paused_called: [176015390,com.android.music.VideoBrowserActivity,performPause]
11-08 04:50:26.714 1517 1554 I wm_restart_activity: [0,157047285,171,com.android.gallery3d/.app.MovieActivity]
11-08 04:50:26.717 1517 1554 I wm_set_resumed_activity: [0,com.android.gallery3d/.app.MovieActivity,minimalResumeActivityLocked]
11-08 04:50:26.718 1517 1608 I am_uid_active: 10066
11-08 04:50:26.728 1517 1608 I sysui_multi_action: [757,803,799,window_time_0,802,4]
11-08 04:50:26.768 11739 11739 I wm_on_create_called: [157047285,com.android.gallery3d.app.MovieActivity,performCreate]
11-08 04:50:26.772 11739 11739 I wm_on_start_called: [157047285,com.android.gallery3d.app.MovieActivity,handleStartActivity]
11-08 04:50:26.773 11739 11739 I wm_on_resume_called: [157047285,com.android.gallery3d.app.MovieActivity,RESUME_ACTIVITY]
11-08 04:50:26.779 11739 11739 I wm_on_top_resumed_gained_called: [157047285,com.android.gallery3d.app.MovieActivity,topStateChangedWhenResumed]
11-08 04:50:26.790 1517 1609 I input_focus: [Focus request d3a975c com.android.gallery3d/com.android.gallery3d.app.MovieActivity,reason=UpdateInputWindows]
11-08 04:50:26.819 1517 1689 I input_focus: [Focus leaving 2ed9364 com.android.music/com.android.music.VideoBrowserActivity (server),reason=Waiting for window because NOT_VISIBLE]
11-08 04:50:26.831 1517 1605 I sysui_multi_action: [319,140,322,139,325,9634,757,761,758,8,759,2,806,com.android.gallery3d,871,com.android.gallery3d.app.MovieActivity,904,com.android.music,905,0,1320,21,1321,5]
11-08 04:50:26.831 1517 1605 I wm_activity_launch_time: [0,157047285,com.android.gallery3d/.app.MovieActivity,139]
11-08 04:50:26.836 1517 1689 I input_focus: [Focus entering d3a975c com.android.gallery3d/com.android.gallery3d.app.MovieActivity (server),reason=Window became focusable. Previous reason: NOT_VISIBLE]
11-08 04:50:26.952 1517 2078 I snet_event_log: [172655291,-1,]
11-08 04:50:27.683 0 0 I auditd : type=1400 audit(0.0:10202): avc: denied { kill } for comm="swapper/3" capability=5 scontext=u:r:kernel:s0 tcontext=u:r:kernel:s0 tclass=capability permissive=0
11-08 04:50:28.683 0 0 I auditd : type=1400 audit(0.0:10203): avc: denied { kill } for comm="swapper/3" capability=5 scontext=u:r:kernel:s0 tcontext=u:r:kernel:s0 tclass=capability permissive=0
11-08 04:50:30.683 10619 10619 I auditd : type=1400 audit(0.0:10204): avc: denied { kill } for comm="kworker/u16:9" capability=5 scontext=u:r:kernel:s0 tcontext=u:r:kernel:s0 tclass=capability permissive=0
11-08 04:50:31.556 1517 1689 I input_interaction: Interaction with: d3a975c com.android.gallery3d/com.android.gallery3d.app.MovieActivity (server), edge-swipe (server), swipe-up (server), PointerEventDispatcher0 (server),
