11-08 04:53:53.683 0 0 I auditd : type=1400 audit(0.0:10375): avc: denied { kill } for comm="swapper/2" capability=5 scontext=u:r:kernel:s0 tcontext=u:r:kernel:s0 tclass=capability permissive=0
11-08 04:53:54.683 0 0 I auditd : type=1400 audit(0.0:10376): avc: denied { kill } for comm="swapper/2" capability=5 scontext=u:r:kernel:s0 tcontext=u:r:kernel:s0 tclass=capability permissive=0
11-08 04:53:55.683 0 0 I auditd : type=1400 audit(0.0:10377): avc: denied { kill } for comm="swapper/2" capability=5 scontext=u:r:kernel:s0 tcontext=u:r:kernel:s0 tclass=capability permissive=0
11-08 04:53:56.683 0 0 I auditd : type=1400 audit(0.0:10378): avc: denied { kill } for comm="swapper/2" capability=5 scontext=u:r:kernel:s0 tcontext=u:r:kernel:s0 tclass=capability permissive=0
11-08 04:53:59.683 0 0 I auditd : type=1400 audit(0.0:10379): avc: denied { kill } for comm="swapper/2" capability=5 scontext=u:r:kernel:s0 tcontext=u:r:kernel:s0 tclass=capability permissive=0
11-08 04:54:00.683 0 0 I auditd : type=1400 audit(0.0:10380): avc: denied { kill } for comm="swapper/2" capability=5 scontext=u:r:kernel:s0 tcontext=u:r:kernel:s0 tclass=capability permissive=0
11-08 04:54:01.683 0 0 I auditd : type=1400 audit(0.0:10381): avc: denied { kill } for comm="swapper/2" capability=5 scontext=u:r:kernel:s0 tcontext=u:r:kernel:s0 tclass=capability permissive=0
11-08 04:54:02.683 0 0 I auditd : type=1400 audit(0.0:10382): avc: denied { kill } for comm="swapper/2" capability=5 scontext=u:r:kernel:s0 tcontext=u:r:kernel:s0 tclass=capability permissive=0
11-08 04:54:03.683 0 0 I auditd : type=1400 audit(0.0:10383): avc: denied { kill } for comm="swapper/2" capability=5 scontext=u:r:kernel:s0 tcontext=u:r:kernel:s0 tclass=capability permissive=0
11-08 04:54:04.683 0 0 I auditd : type=1400 audit(0.0:10384): avc: denied { kill } for comm="swapper/2" capability=5 scontext=u:r:kernel:s0 tcontext=u:r:kernel:s0 tclass=capability permissive=0
11-08 04:54:05.683 0 0 I auditd : type=1400 audit(0.0:10385): avc: denied { kill } for comm="swapper/2" capability=5 scontext=u:r:kernel:s0 tcontext=u:r:kernel:s0 tclass=capability permissive=0
11-08 04:54:06.683 0 0 I auditd : type=1400 audit(0.0:10386): avc: denied { kill } for comm="swapper/2" capability=5 scontext=u:r:kernel:s0 tcontext=u:r:kernel:s0 tclass=capability permissive=0
11-08 04:54:07.683 0 0 I auditd : type=1400 audit(0.0:10387): avc: denied { kill } for comm="swapper/2" capability=5 scontext=u:r:kernel:s0 tcontext=u:r:kernel:s0 tclass=capability permissive=0
11-08 04:54:08.683 0 0 I auditd : type=1400 audit(0.0:10388): avc: denied { kill } for comm="swapper/2" capability=5 scontext=u:r:kernel:s0 tcontext=u:r:kernel:s0 tclass=capability permissive=0
11-08 04:54:09.683 0 0 I auditd : type=1400 audit(0.0:10389): avc: denied { kill } for comm="swapper/2" capability=5 scontext=u:r:kernel:s0 tcontext=u:r:kernel:s0 tclass=capability permissive=0
11-08 04:54:10.683 0 0 I auditd : type=1400 audit(0.0:10390): avc: denied { kill } for comm="swapper/2" capability=5 scontext=u:r:kernel:s0 tcontext=u:r:kernel:s0 tclass=capability permissive=0
11-08 04:54:11.683 0 0 I auditd : type=1400 audit(0.0:10391): avc: denied { kill } for comm="swapper/2" capability=5 scontext=u:r:kernel:s0 tcontext=u:r:kernel:s0 tclass=capability permissive=0
11-08 04:54:12.683 0 0 I auditd : type=1400 audit(0.0:10392): avc: denied { kill } for comm="swapper/2" capability=5 scontext=u:r:kernel:s0 tcontext=u:r:kernel:s0 tclass=capability permissive=0
11-08 04:54:13.683 0 0 I auditd : type=1400 audit(0.0:10393): avc: denied { kill } for comm="swapper/2" capability=5 scontext=u:r:kernel:s0 tcontext=u:r:kernel:s0 tclass=capability permissive=0
11-08 04:54:14.683 0 0 I auditd : type=1400 audit(0.0:10394): avc: denied { kill } for comm="swapper/2" capability=5 scontext=u:r:kernel:s0 tcontext=u:r:kernel:s0 tclass=capability permissive=0
11-08 04:54:15.683 0 0 I auditd : type=1400 audit(0.0:10395): avc: denied { kill } for comm="swapper/2" capability=5 scontext=u:r:kernel:s0 tcontext=u:r:kernel:s0 tclass=capability permissive=0
11-08 04:54:16.683 0 0 I auditd : type=1400 audit(0.0:10396): avc: denied { kill } for comm="swapper/2" capability=5 scontext=u:r:kernel:s0 tcontext=u:r:kernel:s0 tclass=capability permissive=0
11-08 04:54:17.683 0 0 I auditd : type=1400 audit(0.0:10397): avc: denied { kill } for comm="swapper/2" capability=5 scontext=u:r:kernel:s0 tcontext=u:r:kernel:s0 tclass=capability permissive=0
11-08 04:54:18.683 0 0 I auditd : type=1400 audit(0.0:10398): avc: denied { kill } for comm="swapper/2" capability=5 scontext=u:r:kernel:s0 tcontext=u:r:kernel:s0 tclass=capability permissive=0
11-08 04:54:19.683 0 0 I auditd : type=1400 audit(0.0:10399): avc: denied { kill } for comm="swapper/2" capability=5 scontext=u:r:kernel:s0 tcontext=u:r:kernel:s0 tclass=capability permissive=0
11-08 04:54:20.683 0 0 I auditd : type=1400 audit(0.0:10400): avc: denied { kill } for comm="swapper/2" capability=5 scontext=u:r:kernel:s0 tcontext=u:r:kernel:s0 tclass=capability permissive=0
11-08 04:54:21.683 0 0 I auditd : type=1400 audit(0.0:10401): avc: denied { kill } for comm="swapper/2" capability=5 scontext=u:r:kernel:s0 tcontext=u:r:kernel:s0 tclass=capability permissive=0
11-08 04:54:22.683 0 0 I auditd : type=1400 audit(0.0:10402): avc: denied { kill } for comm="swapper/2" capability=5 scontext=u:r:kernel:s0 tcontext=u:r:kernel:s0 tclass=capability permissive=0
11-08 04:54:22.931 1517 1615 I am_uid_idle: 10063
11-08 04:54:23.683 0 0 I auditd : type=1400 audit(0.0:10403): avc: denied { kill } for comm="swapper/2" capability=5 scontext=u:r:kernel:s0 tcontext=u:r:kernel:s0 tclass=capability permissive=0
11-08 04:54:24.683 0 0 I auditd : type=1400 audit(0.0:10404): avc: denied { kill } for comm="swapper/2" capability=5 scontext=u:r:kernel:s0 tcontext=u:r:kernel:s0 tclass=capability permissive=0
11-08 04:54:25.683 0 0 I auditd : type=1400 audit(0.0:10405): avc: denied { kill } for comm="swapper/2" capability=5 scontext=u:r:kernel:s0 tcontext=u:r:kernel:s0 tclass=capability permissive=0
11-08 04:54:26.683 0 0 I auditd : type=1400 audit(0.0:10406): avc: denied { kill } for comm="swapper/2" capability=5 scontext=u:r:kernel:s0 tcontext=u:r:kernel:s0 tclass=capability permissive=0
11-08 04:54:27.683 0 0 I auditd : type=1400 audit(0.0:10407): avc: denied { kill } for comm="swapper/2" capability=5 scontext=u:r:kernel:s0 tcontext=u:r:kernel:s0 tclass=capability permissive=0
11-08 04:54:28.683 0 0 I auditd : type=1400 audit(0.0:10408): avc: denied { kill } for comm="swapper/2" capability=5 scontext=u:r:kernel:s0 tcontext=u:r:kernel:s0 tclass=capability permissive=0
11-08 04:54:29.683 0 0 I auditd : type=1400 audit(0.0:10409): avc: denied { kill } for comm="swapper/2" capability=5 scontext=u:r:kernel:s0 tcontext=u:r:kernel:s0 tclass=capability permissive=0
11-08 04:54:30.683 0 0 I auditd : type=1400 audit(0.0:10410): avc: denied { kill } for comm="swapper/2" capability=5 scontext=u:r:kernel:s0 tcontext=u:r:kernel:s0 tclass=capability permissive=0
11-08 04:54:31.683 0 0 I auditd : type=1400 audit(0.0:10411): avc: denied { kill } for comm="swapper/2" capability=5 scontext=u:r:kernel:s0 tcontext=u:r:kernel:s0 tclass=capability permissive=0
11-08 04:54:32.683 0 0 I auditd : type=1400 audit(0.0:10412): avc: denied { kill } for comm="swapper/2" capability=5 scontext=u:r:kernel:s0 tcontext=u:r:kernel:s0 tclass=capability permissive=0
11-08 04:54:33.683 0 0 I auditd : type=1400 audit(0.0:10413): avc: denied { kill } for comm="swapper/2" capability=5 scontext=u:r:kernel:s0 tcontext=u:r:kernel:s0 tclass=capability permissive=0
11-08 04:54:34.683 0 0 I auditd : type=1400 audit(0.0:10414): avc: denied { kill } for comm="swapper/2" capability=5 scontext=u:r:kernel:s0 tcontext=u:r:kernel:s0 tclass=capability permissive=0
11-08 04:54:35.683 0 0 I auditd : type=1400 audit(0.0:10415): avc: denied { kill } for comm="swapper/2" capability=5 scontext=u:r:kernel:s0 tcontext=u:r:kernel:s0 tclass=capability permissive=0
11-08 04:54:36.683 0 0 I auditd : type=1400 audit(0.0:10416): avc: denied { kill } for comm="swapper/2" capability=5 scontext=u:r:kernel:s0 tcontext=u:r:kernel:s0 tclass=capability permissive=0
11-08 04:54:37.683 0 0 I auditd : type=1400 audit(0.0:10417): avc: denied { kill } for comm="swapper/2" capability=5 scontext=u:r:kernel:s0 tcontext=u:r:kernel:s0 tclass=capability permissive=0
11-08 04:54:38.683 0 0 I auditd : type=1400 audit(0.0:10418): avc: denied { kill } for comm="swapper/2" capability=5 scontext=u:r:kernel:s0 tcontext=u:r:kernel:s0 tclass=capability permissive=0
11-08 04:54:39.683 0 0 I auditd : type=1400 audit(0.0:10419): avc: denied { kill } for comm="swapper/2" capability=5 scontext=u:r:kernel:s0 tcontext=u:r:kernel:s0 tclass=capability permissive=0
11-08 04:54:40.683 0 0 I auditd : type=1400 audit(0.0:10420): avc: denied { kill } for comm="swapper/2" capability=5 scontext=u:r:kernel:s0 tcontext=u:r:kernel:s0 tclass=capability permissive=0
11-08 04:54:41.683 0 0 I auditd : type=1400 audit(0.0:10421): avc: denied { kill } for comm="swapper/2" capability=5 scontext=u:r:kernel:s0 tcontext=u:r:kernel:s0 tclass=capability permissive=0
11-08 04:54:42.683 0 0 I auditd : type=1400 audit(0.0:10422): avc: denied { kill } for comm="swapper/2" capability=5 scontext=u:r:kernel:s0 tcontext=u:r:kernel:s0 tclass=capability permissive=0
11-08 04:54:43.683 0 0 I auditd : type=1400 audit(0.0:10423): avc: denied { kill } for comm="swapper/2" capability=5 scontext=u:r:kernel:s0 tcontext=u:r:kernel:s0 tclass=capability permissive=0
11-08 04:54:44.683 0 0 I auditd : type=1400 audit(0.0:10424): avc: denied { kill } for comm="swapper/2" capability=5 scontext=u:r:kernel:s0 tcontext=u:r:kernel:s0 tclass=capability permissive=0
11-08 04:54:45.683 0 0 I auditd : type=1400 audit(0.0:10425): avc: denied { kill } for comm="swapper/2" capability=5 scontext=u:r:kernel:s0 tcontext=u:r:kernel:s0 tclass=capability permissive=0
11-08 04:54:46.683 0 0 I auditd : type=1400 audit(0.0:10426): avc: denied { kill } for comm="swapper/2" capability=5 scontext=u:r:kernel:s0 tcontext=u:r:kernel:s0 tclass=capability permissive=0
11-08 04:54:47.683 0 0 I auditd : type=1400 audit(0.0:10427): avc: denied { kill } for comm="swapper/2" capability=5 scontext=u:r:kernel:s0 tcontext=u:r:kernel:s0 tclass=capability permissive=0
11-08 04:54:48.683 0 0 I auditd : type=1400 audit(0.0:10428): avc: denied { kill } for comm="swapper/2" capability=5 scontext=u:r:kernel:s0 tcontext=u:r:kernel:s0 tclass=capability permissive=0
11-08 04:54:49.683 0 0 I auditd : type=1400 audit(0.0:10429): avc: denied { kill } for comm="swapper/2" capability=5 scontext=u:r:kernel:s0 tcontext=u:r:kernel:s0 tclass=capability permissive=0
11-08 04:54:50.465 1517 1717 I netstats_mobile_sample: [0,0,0,0,0,0,0,0,0,0,0,0,1667854490464]
11-08 04:54:50.466 1517 1717 I netstats_wifi_sample: [70092770,163783,38719733,94687,70092770,163783,38719733,94687,89503826,289060,19482841,49322,1667854490464]
11-08 04:54:50.683 0 0 I auditd : type=1400 audit(0.0:10430): avc: denied { kill } for comm="swapper/2" capability=5 scontext=u:r:kernel:s0 tcontext=u:r:kernel:s0 tclass=capability permissive=0
11-08 04:54:51.683 0 0 I auditd : type=1400 audit(0.0:10431): avc: denied { kill } for comm="swapper/2" capability=5 scontext=u:r:kernel:s0 tcontext=u:r:kernel:s0 tclass=capability permissive=0
11-08 04:54:52.683 0 0 I auditd : type=1400 audit(0.0:10432): avc: denied { kill } for comm="swapper/2" capability=5 scontext=u:r:kernel:s0 tcontext=u:r:kernel:s0 tclass=capability permissive=0
11-08 04:54:53.683 0 0 I auditd : type=1400 audit(0.0:10433): avc: denied { kill } for comm="swapper/2" capability=5 scontext=u:r:kernel:s0 tcontext=u:r:kernel:s0 tclass=capability permissive=0
11-08 04:54:54.683 0 0 I auditd : type=1400 audit(0.0:10434): avc: denied { kill } for comm="swapper/2" capability=5 scontext=u:r:kernel:s0 tcontext=u:r:kernel:s0 tclass=capability permissive=0
11-08 04:54:55.683 0 0 I auditd : type=1400 audit(0.0:10435): avc: denied { kill } for comm="swapper/2" capability=5 scontext=u:r:kernel:s0 tcontext=u:r:kernel:s0 tclass=capability permissive=0
11-08 04:54:56.683 0 0 I auditd : type=1400 audit(0.0:10436): avc: denied { kill } for comm="swapper/2" capability=5 scontext=u:r:kernel:s0 tcontext=u:r:kernel:s0 tclass=capability permissive=0
11-08 04:55:03.683 0 0 I auditd : type=1400 audit(0.0:10437): avc: denied { kill } for comm="swapper/1" capability=5 scontext=u:r:kernel:s0 tcontext=u:r:kernel:s0 tclass=capability permissive=0
11-08 04:55:04.683 0 0 I auditd : type=1400 audit(0.0:10438): avc: denied { kill } for comm="swapper/1" capability=5 scontext=u:r:kernel:s0 tcontext=u:r:kernel:s0 tclass=capability permissive=0
11-08 04:55:05.683 0 0 I auditd : type=1400 audit(0.0:10439): avc: denied { kill } for comm="swapper/1" capability=5 scontext=u:r:kernel:s0 tcontext=u:r:kernel:s0 tclass=capability permissive=0
11-08 04:55:07.683 0 0 I auditd : type=1400 audit(0.0:10440): avc: denied { kill } for comm="swapper/1" capability=5 scontext=u:r:kernel:s0 tcontext=u:r:kernel:s0 tclass=capability permissive=0
11-08 04:55:08.683 0 0 I auditd : type=1400 audit(0.0:10441): avc: denied { kill } for comm="swapper/1" capability=5 scontext=u:r:kernel:s0 tcontext=u:r:kernel:s0 tclass=capability permissive=0
11-08 04:55:09.683 0 0 I auditd : type=1400 audit(0.0:10442): avc: denied { kill } for comm="swapper/1" capability=5 scontext=u:r:kernel:s0 tcontext=u:r:kernel:s0 tclass=capability permissive=0
11-08 04:55:10.683 0 0 I auditd : type=1400 audit(0.0:10443): avc: denied { kill } for comm="swapper/1" capability=5 scontext=u:r:kernel:s0 tcontext=u:r:kernel:s0 tclass=capability permissive=0
11-08 04:55:11.683 0 0 I auditd : type=1400 audit(0.0:10444): avc: denied { kill } for comm="swapper/1" capability=5 scontext=u:r:kernel:s0 tcontext=u:r:kernel:s0 tclass=capability permissive=0
11-08 04:55:12.683 0 0 I auditd : type=1400 audit(0.0:10445): avc: denied { kill } for comm="swapper/1" capability=5 scontext=u:r:kernel:s0 tcontext=u:r:kernel:s0 tclass=capability permissive=0
11-08 04:55:13.683 0 0 I auditd : type=1400 audit(0.0:10446): avc: denied { kill } for comm="swapper/1" capability=5 scontext=u:r:kernel:s0 tcontext=u:r:kernel:s0 tclass=capability permissive=0
11-08 04:55:14.683 0 0 I auditd : type=1400 audit(0.0:10447): avc: denied { kill } for comm="swapper/1" capability=5 scontext=u:r:kernel:s0 tcontext=u:r:kernel:s0 tclass=capability permissive=0
11-08 04:55:15.683 0 0 I auditd : type=1400 audit(0.0:10448): avc: denied { kill } for comm="swapper/1" capability=5 scontext=u:r:kernel:s0 tcontext=u:r:kernel:s0 tclass=capability permissive=0
11-08 04:55:16.683 0 0 I auditd : type=1400 audit(0.0:10449): avc: denied { kill } for comm="swapper/1" capability=5 scontext=u:r:kernel:s0 tcontext=u:r:kernel:s0 tclass=capability permissive=0
11-08 04:55:17.683 0 0 I auditd : type=1400 audit(0.0:10450): avc: denied { kill } for comm="swapper/1" capability=5 scontext=u:r:kernel:s0 tcontext=u:r:kernel:s0 tclass=capability permissive=0
11-08 04:55:18.683 0 0 I auditd : type=1400 audit(0.0:10451): avc: denied { kill } for comm="swapper/1" capability=5 scontext=u:r:kernel:s0 tcontext=u:r:kernel:s0 tclass=capability permissive=0
11-08 04:55:19.683 0 0 I auditd : type=1400 audit(0.0:10452): avc: denied { kill } for comm="swapper/1" capability=5 scontext=u:r:kernel:s0 tcontext=u:r:kernel:s0 tclass=capability permissive=0
11-08 04:55:20.683 0 0 I auditd : type=1400 audit(0.0:10453): avc: denied { kill } for comm="swapper/1" capability=5 scontext=u:r:kernel:s0 tcontext=u:r:kernel:s0 tclass=capability permissive=0
11-08 04:55:21.683 0 0 I auditd : type=1400 audit(0.0:10454): avc: denied { kill } for comm="swapper/1" capability=5 scontext=u:r:kernel:s0 tcontext=u:r:kernel:s0 tclass=capability permissive=0
11-08 04:55:22.683 0 0 I auditd : type=1400 audit(0.0:10455): avc: denied { kill } for comm="swapper/1" capability=5 scontext=u:r:kernel:s0 tcontext=u:r:kernel:s0 tclass=capability permissive=0
11-08 04:55:23.683 0 0 I auditd : type=1400 audit(0.0:10456): avc: denied { kill } for comm="swapper/1" capability=5 scontext=u:r:kernel:s0 tcontext=u:r:kernel:s0 tclass=capability permissive=0
11-08 04:55:24.683 0 0 I auditd : type=1400 audit(0.0:10457): avc: denied { kill } for comm="swapper/1" capability=5 scontext=u:r:kernel:s0 tcontext=u:r:kernel:s0 tclass=capability permissive=0
11-08 04:55:25.683 0 0 I auditd : type=1400 audit(0.0:10458): avc: denied { kill } for comm="swapper/1" capability=5 scontext=u:r:kernel:s0 tcontext=u:r:kernel:s0 tclass=capability permissive=0
11-08 04:55:26.683 0 0 I auditd : type=1400 audit(0.0:10459): avc: denied { kill } for comm="swapper/1" capability=5 scontext=u:r:kernel:s0 tcontext=u:r:kernel:s0 tclass=capability permissive=0
11-08 04:55:27.683 0 0 I auditd : type=1400 audit(0.0:10460): avc: denied { kill } for comm="swapper/1" capability=5 scontext=u:r:kernel:s0 tcontext=u:r:kernel:s0 tclass=capability permissive=0
11-08 04:55:28.683 0 0 I auditd : type=1400 audit(0.0:10461): avc: denied { kill } for comm="swapper/1" capability=5 scontext=u:r:kernel:s0 tcontext=u:r:kernel:s0 tclass=capability permissive=0
11-08 04:55:29.683 0 0 I auditd : type=1400 audit(0.0:10462): avc: denied { kill } for comm="swapper/1" capability=5 scontext=u:r:kernel:s0 tcontext=u:r:kernel:s0 tclass=capability permissive=0
11-08 04:55:30.683 0 0 I auditd : type=1400 audit(0.0:10463): avc: denied { kill } for comm="swapper/1" capability=5 scontext=u:r:kernel:s0 tcontext=u:r:kernel:s0 tclass=capability permissive=0
11-08 04:55:31.683 0 0 I auditd : type=1400 audit(0.0:10464): avc: denied { kill } for comm="swapper/1" capability=5 scontext=u:r:kernel:s0 tcontext=u:r:kernel:s0 tclass=capability permissive=0
11-08 04:55:32.683 0 0 I auditd : type=1400 audit(0.0:10465): avc: denied { kill } for comm="swapper/1" capability=5 scontext=u:r:kernel:s0 tcontext=u:r:kernel:s0 tclass=capability permissive=0
11-08 04:55:33.683 0 0 I auditd : type=1400 audit(0.0:10466): avc: denied { kill } for comm="swapper/1" capability=5 scontext=u:r:kernel:s0 tcontext=u:r:kernel:s0 tclass=capability permissive=0
11-08 04:55:34.683 0 0 I auditd : type=1400 audit(0.0:10467): avc: denied { kill } for comm="swapper/1" capability=5 scontext=u:r:kernel:s0 tcontext=u:r:kernel:s0 tclass=capability permissive=0
11-08 04:55:35.683 0 0 I auditd : type=1400 audit(0.0:10468): avc: denied { kill } for comm="swapper/1" capability=5 scontext=u:r:kernel:s0 tcontext=u:r:kernel:s0 tclass=capability permissive=0
11-08 04:55:36.683 0 0 I auditd : type=1400 audit(0.0:10469): avc: denied { kill } for comm="swapper/1" capability=5 scontext=u:r:kernel:s0 tcontext=u:r:kernel:s0 tclass=capability permissive=0
11-08 04:55:37.683 0 0 I auditd : type=1400 audit(0.0:10470): avc: denied { kill } for comm="swapper/1" capability=5 scontext=u:r:kernel:s0 tcontext=u:r:kernel:s0 tclass=capability permissive=0
11-08 04:55:38.683 0 0 I auditd : type=1400 audit(0.0:10471): avc: denied { kill } for comm="swapper/1" capability=5 scontext=u:r:kernel:s0 tcontext=u:r:kernel:s0 tclass=capability permissive=0
11-08 04:55:39.217 1517 1689 I input_interaction: Interaction with: 173a367 com.thundercomm.screensaver/android.service.dreams.DreamActivity (server), edge-swipe (server), swipe-up (server), PointerEventDispatcher0 (server),
11-08 04:55:39.221 1517 5798 I wm_finish_activity: [0,5703429,175,com.thundercomm.screensaver/android.service.dreams.DreamActivity,finish-activity]
11-08 04:55:39.221 1517 5798 I wm_task_moved: [174,1,7]
11-08 04:55:39.221 1517 5798 I wm_task_to_front: [0,174]
11-08 04:55:39.224 1517 5798 I wm_set_resumed_activity: [0,com.android.music/.MusicBrowserActivity,positionChildAt]
11-08 04:55:39.224 1517 5798 I wm_focused_root_task: [0,0,174,175,finish-top adjustFocusToNextFocusableTask]
11-08 04:55:39.224 1517 5798 I wm_set_resumed_activity: [0,com.android.music/.MusicBrowserActivity,finish-top]
11-08 04:55:39.225 1517 5798 I wm_pause_activity: [0,5703429,com.thundercomm.screensaver/android.service.dreams.DreamActivity,userLeaving=false,finish]
11-08 04:55:39.240 4301 4301 I wm_on_top_resumed_lost_called: [5703429,android.service.dreams.DreamActivity,topStateChangedWhenResumed]
11-08 04:55:39.241 4301 4301 I wm_on_paused_called: [5703429,android.service.dreams.DreamActivity,performPause]
11-08 04:55:39.246 11770 11770 I wm_on_top_resumed_gained_called: [238554122,com.android.music.MusicBrowserActivity,topStateChangedWhenResumed]
11-08 04:55:39.247 1517 7327 I wm_resume_activity: [0,193491456,93,com.android.launcher3/.uioverrides.QuickstepLauncher]
11-08 04:55:39.258 1517 1608 I sysui_multi_action: [757,803,799,window_time_0,802,143]
11-08 04:55:39.262 1517 1608 I sysui_multi_action: [757,803,799,window_time_2,802,0]
11-08 04:55:39.267 1517 1689 I input_focus: [Focus leaving 173a367 com.thundercomm.screensaver/android.service.dreams.DreamActivity (server),reason=NO_WINDOW]
11-08 04:55:39.268 4301 4301 I view_enqueue_input_event: [Motion - Cancel,com.thundercomm.screensaver/android.service.dreams.DreamActivity]
11-08 04:55:39.268 1517 1609 I input_focus: [Focus request 8707155 com.android.music/com.android.music.MusicBrowserActivity,reason=UpdateInputWindows]
11-08 04:55:39.271 2526 2526 I wm_on_restart_called: [193491456,com.android.launcher3.uioverrides.QuickstepLauncher,performRestartActivity]
11-08 04:55:39.272 2526 2526 I wm_on_start_called: [193491456,com.android.launcher3.uioverrides.QuickstepLauncher,handleStartActivity]
11-08 04:55:39.272 2526 2526 I wm_on_resume_called: [193491456,com.android.launcher3.uioverrides.QuickstepLauncher,RESUME_ACTIVITY]
11-08 04:55:39.278 1517 1517 I am_uid_active: 10063
11-08 04:55:39.299 1517 1689 I input_focus: [Focus entering 8707155 com.android.music/com.android.music.MusicBrowserActivity (server),reason=setFocusedWindow]
11-08 04:55:39.356 1517 5618 I wm_destroy_activity: [0,5703429,175,com.thundercomm.screensaver/android.service.dreams.DreamActivity,finish-idle]
11-08 04:55:39.359 4301 4301 I wm_on_stop_called: [5703429,android.service.dreams.DreamActivity,LIFECYCLER_STOP_ACTIVITY]
11-08 04:55:39.360 4301 4301 I wm_on_destroy_called: [5703429,android.service.dreams.DreamActivity,performDestroy]
11-08 04:55:39.371 1517 1605 I sysui_multi_action: [757,222,758,2]
11-08 04:55:39.371 1517 1605 I sysui_multi_action: [757,804,799,dreaming_minutes,801,2,802,1]
11-08 04:55:39.392 1517 1614 I am_pss : [11770,10088,com.android.music,42513408,36192256,0,160198656,0,2,8]
11-08 04:55:39.400 1517 1614 I am_pss : [11739,10066,com.android.gallery3d,22465536,16650240,0,138846208,0,15,7]
11-08 04:55:39.585 1517 1609 I wm_task_removed: [175,removeChild:removeChild last r=ActivityRecord{570705 u0 com.thundercomm.screensaver/android.service.dreams.DreamActivity t-1 f}} in t=Task{c2529d6 #175 type=dream A=10040:android:com.thundercomm.screensaver/dream U=0 visible=false mode=fullscreen translucent=true sz=0}]
11-08 04:55:39.585 1517 1609 I wm_task_removed: [175,removeChild]
11-08 04:55:39.683 0 0 I auditd : type=1400 audit(0.0:10472): avc: denied { kill } for comm="swapper/1" capability=5 scontext=u:r:kernel:s0 tcontext=u:r:kernel:s0 tclass=capability permissive=0
11-08 04:55:40.683 0 0 I auditd : type=1400 audit(0.0:10473): avc: denied { kill } for comm="swapper/1" capability=5 scontext=u:r:kernel:s0 tcontext=u:r:kernel:s0 tclass=capability permissive=0
11-08 04:55:41.459 1517 1689 I input_interaction: Interaction with: 8707155 com.android.music/com.android.music.MusicBrowserActivity (server), edge-swipe (server), swipe-up (server), PointerEventDispatcher0 (server),
11-08 04:55:41.541 1517 5618 I wm_finish_activity: [0,238554122,174,com.android.music/.MusicBrowserActivity,finish-activity]
11-08 04:55:41.542 1517 5618 I wm_task_moved: [92,1,7]
11-08 04:55:41.545 1517 5618 I wm_set_resumed_activity: [0,com.android.launcher3/.uioverrides.QuickstepLauncher,positionChildAt]
11-08 04:55:41.545 1517 5618 I wm_task_moved: [93,1,2147483647]
11-08 04:55:41.545 1517 5618 I wm_task_to_front: [0,93]
11-08 04:55:41.545 1517 5618 I wm_focused_root_task: [0,0,92,-1,finish-top adjustFocusToNextFocusableTask]
11-08 04:55:41.545 1517 5618 I wm_set_resumed_activity: [0,com.android.launcher3/.uioverrides.QuickstepLauncher,finish-top]
11-08 04:55:41.559 1517 5618 I wm_pause_activity: [0,238554122,com.android.music/.MusicBrowserActivity,userLeaving=false,finish]
11-08 04:55:41.565 11770 11770 I wm_on_top_resumed_lost_called: [238554122,com.android.music.MusicBrowserActivity,topStateChangedWhenResumed]
11-08 04:55:41.566 1517 1609 I input_focus: [Focus request f9f7f com.android.launcher3/com.android.launcher3.uioverrides.QuickstepLauncher,reason=UpdateInputWindows]
11-08 04:55:41.573 11770 11770 I wm_on_paused_called: [238554122,com.android.music.MusicBrowserActivity,performPause]
11-08 04:55:41.573 2526 2526 I wm_on_top_resumed_gained_called: [193491456,com.android.launcher3.uioverrides.QuickstepLauncher,topStateChangedWhenResumed]
11-08 04:55:41.579 1517 9873 I wm_destroy_activity: [0,238554122,174,com.android.music/.MusicBrowserActivity,finish-imm:completePausedLocked]
11-08 04:55:41.600 1517 1608 I sysui_multi_action: [757,803,799,window_time_2,802,3]
11-08 04:55:41.600 1517 1608 I sysui_multi_action: [757,803,799,window_time_0,802,0]
11-08 04:55:41.603 11770 11770 I wm_on_stop_called: [238554122,com.android.music.MusicBrowserActivity,LIFECYCLER_STOP_ACTIVITY]
11-08 04:55:41.605 1517 1689 I input_focus: [Focus leaving 8707155 com.android.music/com.android.music.MusicBrowserActivity (server),reason=NO_WINDOW]
11-08 04:55:41.607 1517 1689 I input_focus: [Focus entering f9f7f com.android.launcher3/com.android.launcher3.uioverrides.QuickstepLauncher (server),reason=setFocusedWindow]
11-08 04:55:41.616 11770 11770 I wm_on_destroy_called: [238554122,com.android.music.MusicBrowserActivity,performDestroy]
11-08 04:55:41.632 1517 5618 I sysui_multi_action: [757,856,758,2,806,com.android.music,857,Channel-music,858,2]
11-08 04:55:41.635 1517 1517 I notification_cancel_all: [1000,1517,com.android.music,0,0,0,20,NULL]
11-08 04:55:41.683 2665 2665 I auditd : type=1400 audit(0.0:10474): avc: denied { kill } for comm="irq/17-9091000." capability=5 scontext=u:r:kernel:s0 tcontext=u:r:kernel:s0 tclass=capability permissive=0
11-08 04:55:41.888 1517 1607 I commit_sys_config_file: [notification-policy,9939331]
11-08 04:55:41.892 1517 1609 I wm_task_removed: [174,removeChild:removeChild last r=ActivityRecord{e380c0a u0 com.android.music/.MusicBrowserActivity t-1 f}} in t=Task{b16895f #174 type=standard A=10088:android.task.music U=0 visible=false mode=freeform translucent=true sz=0}]
11-08 04:55:41.892 1517 1609 I wm_task_removed: [174,removeChild]
11-08 04:55:42.683 0 0 I auditd : type=1400 audit(0.0:10475): avc: denied { kill } for comm="swapper/1" capability=5 scontext=u:r:kernel:s0 tcontext=u:r:kernel:s0 tclass=capability permissive=0
11-08 04:55:43.234 1517 1689 I input_interaction: Interaction with: f9f7f com.android.launcher3/com.android.launcher3.uioverrides.QuickstepLauncher (server), c84215e com.android.systemui.ImageWallpaper (server), edge-swipe (server), swipe-up (server), PointerEventDispatcher0 (server),
11-08 04:55:43.566 1517 1677 I commit_sys_config_file: [settings-1-0,9]
11-08 04:55:43.683 0 0 I auditd : type=1400 audit(0.0:10476): avc: denied { kill } for comm="swapper/1" capability=5 scontext=u:r:kernel:s0 tcontext=u:r:kernel:s0 tclass=capability permissive=0
11-08 04:55:44.683 0 0 I auditd : type=1400 audit(0.0:10477): avc: denied { kill } for comm="swapper/1" capability=5 scontext=u:r:kernel:s0 tcontext=u:r:kernel:s0 tclass=capability permissive=0
11-08 04:55:45.157 1517 1677 I commit_sys_config_file: [settings-1-0,11]
11-08 04:55:45.683 0 0 I auditd : type=1400 audit(0.0:10478): avc: denied { kill } for comm="swapper/1" capability=5 scontext=u:r:kernel:s0 tcontext=u:r:kernel:s0 tclass=capability permissive=0
11-08 04:55:46.683 0 0 I auditd : type=1400 audit(0.0:10479): avc: denied { kill } for comm="swapper/1" capability=5 scontext=u:r:kernel:s0 tcontext=u:r:kernel:s0 tclass=capability permissive=0
11-08 04:55:47.683 0 0 I auditd : type=1400 audit(0.0:10480): avc: denied { kill } for comm="swapper/1" capability=5 scontext=u:r:kernel:s0 tcontext=u:r:kernel:s0 tclass=capability permissive=0
11-08 04:55:47.710 1517 7327 I wm_task_moved: [171,1,6]
11-08 04:55:47.710 1517 7327 I wm_task_to_front: [0,171]
11-08 04:55:47.711 1517 7327 I wm_focused_root_task: [0,0,171,92,bringingFoundTaskToFront]
11-08 04:55:47.712 1517 7327 I wm_set_resumed_activity: [0,com.android.gallery3d/.app.MovieActivity,bringingFoundTaskToFront]
11-08 04:55:47.719 1517 7327 I service_manager_stats: [100,54,150874]
11-08 04:55:47.722 1517 7327 I wm_relaunch_resume_activity: [0,157047285,171,com.android.gallery3d/.app.MovieActivity]
11-08 04:55:47.725 1517 7327 I wm_set_resumed_activity: [0,com.android.gallery3d/.app.MovieActivity,resumeTopActivityInnerLocked]
11-08 04:55:47.727 1517 7327 I wm_resume_activity: [0,157047285,171,com.android.gallery3d/.app.MovieActivity]
11-08 04:55:47.727 1517 7327 I wm_relaunch_activity: [0,176015390,171,com.android.music/.VideoBrowserActivity]
11-08 04:55:47.729 1517 7327 I wm_finish_activity: [0,157047285,171,com.android.gallery3d/.app.MovieActivity,clear-task-all]
11-08 04:55:47.729 1517 7327 I wm_pause_activity: [0,157047285,com.android.gallery3d/.app.MovieActivity,userLeaving=false,finish]
11-08 04:55:47.730 11739 11739 I wm_on_destroy_called: [157047285,com.android.gallery3d.app.MovieActivity,performDestroy]
11-08 04:55:47.730 1517 7327 I wm_finish_activity: [0,176015390,171,com.android.music/.VideoBrowserActivity,clear-task-all]
11-08 04:55:47.732 1517 7327 I wm_destroy_activity: [0,176015390,171,com.android.music/.VideoBrowserActivity,finish-imm:finishIfPossible]
11-08 04:55:47.735 1517 7327 I wm_task_moved: [171,1,6]
11-08 04:55:47.736 1517 7327 I wm_create_activity: [0,142466246,171,com.android.music/.VideoBrowserActivity,NULL,NULL,NULL,272662528]
11-08 04:55:47.744 1517 1608 I am_uid_active: 10066
11-08 04:55:47.755 2526 2526 I wm_on_top_resumed_lost_called: [193491456,com.android.launcher3.uioverrides.QuickstepLauncher,topStateChangedWhenResumed]
11-08 04:55:47.784 11739 11739 I wm_on_create_called: [157047285,com.android.gallery3d.app.MovieActivity,performCreate]
11-08 04:55:47.787 11739 11739 I wm_on_start_called: [157047285,com.android.gallery3d.app.MovieActivity,handleStartActivity]
11-08 04:55:47.793 11739 11739 I wm_on_resume_called: [157047285,com.android.gallery3d.app.MovieActivity,RESUME_ACTIVITY]
11-08 04:55:47.794 11739 11739 I wm_on_paused_called: [157047285,com.android.gallery3d.app.MovieActivity,performPause]
11-08 04:55:47.794 1517 9873 I wm_add_to_stopping: [0,157047285,com.android.gallery3d/.app.MovieActivity,completeFinishing]
11-08 04:55:47.796 1517 9873 I wm_restart_activity: [0,142466246,171,com.android.music/.VideoBrowserActivity]
11-08 04:55:47.797 1517 9873 I wm_set_resumed_activity: [0,com.android.music/.VideoBrowserActivity,minimalResumeActivityLocked]
11-08 04:55:47.798 1517 1608 I sysui_multi_action: [757,803,799,window_time_0,802,6]
11-08 04:55:47.802 11770 11770 I wm_on_stop_called: [176015390,com.android.music.VideoBrowserActivity,handleRelaunchActivity]
11-08 04:55:47.803 11770 11770 I wm_on_destroy_called: [176015390,com.android.music.VideoBrowserActivity,performDestroy]
11-08 04:55:47.819 11770 11770 I wm_on_create_called: [176015390,com.android.music.VideoBrowserActivity,performCreate]
11-08 04:55:47.820 11770 11770 I wm_on_start_called: [176015390,com.android.music.VideoBrowserActivity,handleStartActivity]
11-08 04:55:47.821 11770 11770 I wm_on_resume_called: [176015390,com.android.music.VideoBrowserActivity,LIFECYCLER_RESUME_ACTIVITY]
11-08 04:55:47.821 11770 11770 I wm_on_paused_called: [176015390,com.android.music.VideoBrowserActivity,performPause]
11-08 04:55:47.821 11770 11770 I wm_on_stop_called: [176015390,com.android.music.VideoBrowserActivity,LIFECYCLER_STOP_ACTIVITY]
11-08 04:55:47.822 11770 11770 I wm_on_destroy_called: [176015390,com.android.music.VideoBrowserActivity,performDestroy]
11-08 04:55:47.838 11770 11770 I wm_on_create_called: [142466246,com.android.music.VideoBrowserActivity,performCreate]
11-08 04:55:47.838 11770 11770 I wm_on_start_called: [142466246,com.android.music.VideoBrowserActivity,handleStartActivity]
11-08 04:55:47.839 11770 11770 I wm_on_resume_called: [142466246,com.android.music.VideoBrowserActivity,RESUME_ACTIVITY]
11-08 04:55:47.840 11770 11770 I wm_on_top_resumed_gained_called: [142466246,com.android.music.VideoBrowserActivity,topStateChangedWhenResumed]
11-08 04:55:47.847 1517 1609 I input_focus: [Focus request c1d5611 com.android.music/com.android.music.VideoBrowserActivity,reason=UpdateInputWindows]
11-08 04:55:47.858 1517 1689 I input_focus: [Focus leaving f9f7f com.android.launcher3/com.android.launcher3.uioverrides.QuickstepLauncher (server),reason=Waiting for window because NOT_VISIBLE]
11-08 04:55:47.866 1517 1605 I sysui_multi_action: [319,151,322,151,325,9955,757,761,758,8,759,2,806,com.android.music,871,com.android.music.VideoBrowserActivity,904,com.android.launcher3,905,0,1320,8,1321,5]
11-08 04:55:47.870 1517 1605 I wm_activity_launch_time: [0,142466246,com.android.music/.VideoBrowserActivity,151]
11-08 04:55:47.874 1517 5618 I wm_destroy_activity: [0,157047285,171,com.android.gallery3d/.app.MovieActivity,finish-imm:idle]
11-08 04:55:47.874 1517 1689 I input_focus: [Focus entering c1d5611 com.android.music/com.android.music.VideoBrowserActivity (server),reason=Window became focusable. Previous reason: NOT_VISIBLE]
11-08 04:55:47.888 1517 5618 I snet_event_log: [172655291,-1,]
11-08 04:55:47.896 11739 11739 I wm_on_stop_called: [157047285,com.android.gallery3d.app.MovieActivity,LIFECYCLER_STOP_ACTIVITY]
11-08 04:55:47.896 11739 11739 I wm_on_destroy_called: [157047285,com.android.gallery3d.app.MovieActivity,performDestroy]
11-08 04:55:48.683 0 0 I auditd : type=1400 audit(0.0:10481): avc: denied { kill } for comm="swapper/2" capability=5 scontext=u:r:kernel:s0 tcontext=u:r:kernel:s0 tclass=capability permissive=0
11-08 04:55:48.822 1517 1689 I input_interaction: Interaction with: c1d5611 com.android.music/com.android.music.VideoBrowserActivity (server), edge-swipe (server), swipe-up (server), PointerEventDispatcher0 (server),
11-08 04:55:48.988 1517 7327 I wm_task_moved: [171,1,6]
11-08 04:55:48.988 1517 7327 I wm_set_resumed_activity: [0,com.android.music/.VideoBrowserActivity,positionChildAt]
11-08 04:55:48.988 1517 7327 I wm_create_activity: [0,165691834,171,com.android.gallery3d/.app.MovieActivity,android.intent.action.VIEW,video/mp4,content://media/external/video/media/23,0]
11-08 04:55:48.996 1517 7327 I wm_pause_activity: [0,142466246,com.android.music/.VideoBrowserActivity,userLeaving=true,resumeTopActivityInnerLocked]
11-08 04:55:49.003 11770 11770 I wm_on_top_resumed_lost_called: [142466246,com.android.music.VideoBrowserActivity,topStateChangedWhenResumed]
11-08 04:55:49.004 11770 11770 I wm_on_paused_called: [142466246,com.android.music.VideoBrowserActivity,performPause]
11-08 04:55:49.009 1517 5798 I wm_restart_activity: [0,165691834,171,com.android.gallery3d/.app.MovieActivity]
11-08 04:55:49.011 1517 5798 I wm_set_resumed_activity: [0,com.android.gallery3d/.app.MovieActivity,minimalResumeActivityLocked]
11-08 04:55:49.016 1517 1608 I sysui_multi_action: [757,803,799,window_time_2,802,1]
11-08 04:55:49.041 11739 11739 I wm_on_create_called: [165691834,com.android.gallery3d.app.MovieActivity,performCreate]
11-08 04:55:49.043 11739 11739 I wm_on_start_called: [165691834,com.android.gallery3d.app.MovieActivity,handleStartActivity]
11-08 04:55:49.044 11739 11739 I wm_on_resume_called: [165691834,com.android.gallery3d.app.MovieActivity,RESUME_ACTIVITY]
11-08 04:55:49.048 11739 11739 I wm_on_top_resumed_gained_called: [165691834,com.android.gallery3d.app.MovieActivity,topStateChangedWhenResumed]
11-08 04:55:49.065 1517 1609 I input_focus: [Focus request 93be9e3 com.android.gallery3d/com.android.gallery3d.app.MovieActivity,reason=UpdateInputWindows]
11-08 04:55:49.093 1517 1689 I input_focus: [Focus leaving c1d5611 com.android.music/com.android.music.VideoBrowserActivity (server),reason=Waiting for window because NOT_VISIBLE]
11-08 04:55:49.106 1517 1605 I sysui_multi_action: [319,117,322,117,325,9956,757,761,758,8,759,2,806,com.android.gallery3d,871,com.android.gallery3d.app.MovieActivity,904,com.android.music,905,0,1320,21,1321,5]
11-08 04:55:49.107 1517 1605 I wm_activity_launch_time: [0,165691834,com.android.gallery3d/.app.MovieActivity,117]
11-08 04:55:49.110 1517 1689 I input_focus: [Focus entering 93be9e3 com.android.gallery3d/com.android.gallery3d.app.MovieActivity (server),reason=Window became focusable. Previous reason: NOT_VISIBLE]
11-08 04:55:50.608 1517 1689 I input_interaction: Interaction with: f9f7f com.android.launcher3/com.android.launcher3.uioverrides.QuickstepLauncher (server), c84215e com.android.systemui.ImageWallpaper (server), edge-swipe (server), swipe-up (server), PointerEventDispatcher0 (server),
11-08 04:55:50.779 2526 2526 I view_enqueue_input_event: [Motion - Cancel,com.android.launcher3/com.android.launcher3.uioverrides.QuickstepLauncher]
11-08 04:55:50.781 1517 1689 I input_interaction: Interaction with: edge-swipe (server), swipe-up (server), PointerEventDispatcher0 (server),
11-08 04:55:51.192 1517 2078 I wm_task_moved: [92,1,6]
11-08 04:55:51.195 11739 11739 I wm_on_top_resumed_lost_called: [165691834,com.android.gallery3d.app.MovieActivity,topStateChangedWhenResumed]
11-08 04:55:51.195 1517 2078 I wm_set_resumed_activity: [0,com.android.launcher3/.uioverrides.QuickstepLauncher,positionChildAt]
11-08 04:55:51.195 1517 2078 I wm_task_moved: [93,1,2147483647]
11-08 04:55:51.195 1517 2078 I wm_task_to_front: [0,93]
11-08 04:55:51.195 1517 2078 I wm_focused_root_task: [0,0,92,171,bringingFoundTaskToFront]
11-08 04:55:51.196 1517 2078 I wm_set_resumed_activity: [0,com.android.launcher3/.uioverrides.QuickstepLauncher,bringingFoundTaskToFront]
11-08 04:55:51.197 1517 2078 I wm_new_intent: [0,193491456,93,com.android.launcher3/.uioverrides.QuickstepLauncher,android.intent.action.MAIN,NULL,NULL,268500992]
11-08 04:55:51.198 1517 2078 I wm_task_moved: [92,1,6]
11-08 04:55:51.199 1517 2078 I wm_set_resumed_activity: [0,com.android.launcher3/.uioverrides.QuickstepLauncher,positionChildAt]
11-08 04:55:51.205 1517 1609 I input_focus: [Focus request f9f7f com.android.launcher3/com.android.launcher3.uioverrides.QuickstepLauncher,reason=UpdateInputWindows]
11-08 04:55:51.209 2526 2526 I wm_on_paused_called: [193491456,com.android.launcher3.uioverrides.QuickstepLauncher,performPause]
11-08 04:55:51.215 2526 2526 I wm_on_resume_called: [193491456,com.android.launcher3.uioverrides.QuickstepLauncher,LIFECYCLER_RESUME_ACTIVITY]
11-08 04:55:51.216 2526 2526 I wm_on_top_resumed_gained_called: [193491456,com.android.launcher3.uioverrides.QuickstepLauncher,topStateChangedWhenResumed]
11-08 04:55:51.233 1517 1689 I input_focus: [Focus leaving 93be9e3 com.android.gallery3d/com.android.gallery3d.app.MovieActivity (server),reason=setFocusedWindow]
11-08 04:55:51.233 1517 1689 I input_focus: [Focus entering f9f7f com.android.launcher3/com.android.launcher3.uioverrides.QuickstepLauncher (server),reason=setFocusedWindow]
11-08 04:55:52.075 1517 1689 I input_interaction: Interaction with: f9f7f com.android.launcher3/com.android.launcher3.uioverrides.QuickstepLauncher (server), c84215e com.android.systemui.ImageWallpaper (server), edge-swipe (server), swipe-up (server), PointerEventDispatcher0 (server),
11-08 04:55:52.203 1517 1689 I input_interaction: Interaction with: edge-swipe (server), swipe-up (server), PointerEventDispatcher0 (server),
11-08 04:55:52.206 2526 2526 I view_enqueue_input_event: [Motion - Cancel,com.android.launcher3/com.android.launcher3.uioverrides.QuickstepLauncher]
11-08 04:55:52.399 1517 1677 I commit_sys_config_file: [settings-1-0,15]
11-08 04:55:52.748 1517 1677 I commit_sys_config_file: [settings-1-0,3]
11-08 04:55:52.851 1517 5618 I wm_finish_activity: [0,165691834,171,com.android.gallery3d/.app.MovieActivity,app-request]
11-08 04:55:52.871 1517 5618 I wm_pause_activity: [0,165691834,com.android.gallery3d/.app.MovieActivity,userLeaving=false,finish]
11-08 04:55:52.879 1517 5618 I wm_finish_activity: [0,142466246,171,com.android.music/.VideoBrowserActivity,app-request]
11-08 04:55:52.881 1517 5618 I wm_destroy_activity: [0,142466246,171,com.android.music/.VideoBrowserActivity,finish-imm:finishIfPossible]
11-08 04:55:52.894 11770 11770 I wm_on_stop_called: [142466246,com.android.music.VideoBrowserActivity,LIFECYCLER_STOP_ACTIVITY]
11-08 04:55:52.897 11770 11770 I wm_on_destroy_called: [142466246,com.android.music.VideoBrowserActivity,performDestroy]
11-08 04:55:52.921 11739 11739 I wm_on_paused_called: [165691834,com.android.gallery3d.app.MovieActivity,performPause]
11-08 04:55:52.923 1517 2078 I wm_destroy_activity: [0,165691834,171,com.android.gallery3d/.app.MovieActivity,finish-imm:completePausedLocked]
11-08 04:55:52.925 1517 1608 I sysui_multi_action: [757,803,799,window_time_2,802,4]
11-08 04:55:52.947 11739 11739 I wm_on_stop_called: [165691834,com.android.gallery3d.app.MovieActivity,LIFECYCLER_STOP_ACTIVITY]
11-08 04:55:52.947 11739 11739 I wm_on_destroy_called: [165691834,com.android.gallery3d.app.MovieActivity,performDestroy]
11-08 04:55:53.186 1517 1609 I wm_task_removed: [171,removeChild:removeChild last r=ActivityRecord{87ddcc6 u0 com.android.music/.VideoBrowserActivity t-1 f}} in t=Task{e9535a3 #171 type=standard A=10088:android.task.video U=0 visible=false mode=freeform translucent=true sz=0}]
11-08 04:55:53.186 1517 1609 I wm_task_removed: [171,removeChild]
11-08 04:55:53.683 0 0 I auditd : type=1400 audit(0.0:10482): avc: denied { kill } for comm="swapper/0" capability=5 scontext=u:r:kernel:s0 tcontext=u:r:kernel:s0 tclass=capability permissive=0
11-08 04:55:54.683 0 0 I auditd : type=1400 audit(0.0:10483): avc: denied { kill } for comm="swapper/0" capability=5 scontext=u:r:kernel:s0 tcontext=u:r:kernel:s0 tclass=capability permissive=0
11-08 04:55:55.683 350 350 I auditd : type=1400 audit(0.0:10484): avc: denied { kill } for comm="irq/382-atmel_m" capability=5 scontext=u:r:kernel:s0 tcontext=u:r:kernel:s0 tclass=capability permissive=0
11-08 04:55:56.683 0 0 I auditd : type=1400 audit(0.0:10485): avc: denied { kill } for comm="swapper/0" capability=5 scontext=u:r:kernel:s0 tcontext=u:r:kernel:s0 tclass=capability permissive=0
11-08 04:55:57.607 1517 1689 I input_interaction: Interaction with: f9f7f com.android.launcher3/com.android.launcher3.uioverrides.QuickstepLauncher (server), c84215e com.android.systemui.ImageWallpaper (server), edge-swipe (server), swipe-up (server), PointerEventDispatcher0 (server),
11-08 04:55:57.683 0 0 I auditd : type=1400 audit(0.0:10486): avc: denied { kill } for comm="swapper/0" capability=5 scontext=u:r:kernel:s0 tcontext=u:r:kernel:s0 tclass=capability permissive=0
11-08 04:55:57.743 1517 2078 I wm_task_created: [176,-1]
11-08 04:55:57.748 1517 2078 I wm_task_moved: [176,1,6]
11-08 04:55:57.748 1517 2078 I wm_task_to_front: [0,176]
11-08 04:55:57.748 1517 2078 I wm_create_task: [0,176]
11-08 04:55:57.748 1517 2078 I wm_create_activity: [0,107744493,176,com.android.music/.VideoBrowserActivity,NULL,NULL,NULL,268468224]
11-08 04:55:57.748 1517 2078 I wm_task_moved: [176,1,6]
11-08 04:55:57.752 1517 2078 I wm_restart_activity: [0,107744493,176,com.android.music/.VideoBrowserActivity]
11-08 04:55:57.754 1517 2078 I wm_set_resumed_activity: [0,com.android.music/.VideoBrowserActivity,minimalResumeActivityLocked]
11-08 04:55:57.760 2526 2526 I wm_on_top_resumed_lost_called: [193491456,com.android.launcher3.uioverrides.QuickstepLauncher,topStateChangedWhenResumed]
11-08 04:55:57.783 11770 11770 I wm_on_create_called: [107744493,com.android.music.VideoBrowserActivity,performCreate]
11-08 04:55:57.784 11770 11770 I wm_on_start_called: [107744493,com.android.music.VideoBrowserActivity,handleStartActivity]
11-08 04:55:57.784 11770 11770 I wm_on_resume_called: [107744493,com.android.music.VideoBrowserActivity,RESUME_ACTIVITY]
11-08 04:55:57.787 11770 11770 I wm_on_top_resumed_gained_called: [107744493,com.android.music.VideoBrowserActivity,topStateChangedWhenResumed]
11-08 04:55:57.794 1517 1609 I input_focus: [Focus request 919536e com.android.music/com.android.music.VideoBrowserActivity,reason=UpdateInputWindows]
11-08 04:55:57.813 1517 1605 I sysui_multi_action: [319,66,322,65,325,9965,757,761,758,8,759,2,806,com.android.music,871,com.android.music.VideoBrowserActivity,904,android,905,0,1320,8,1321,5]
11-08 04:55:57.814 1517 1689 I input_focus: [Focus leaving f9f7f com.android.launcher3/com.android.launcher3.uioverrides.QuickstepLauncher (server),reason=setFocusedWindow]
11-08 04:55:57.815 1517 1689 I input_focus: [Focus entering 919536e com.android.music/com.android.music.VideoBrowserActivity (server),reason=setFocusedWindow]
11-08 04:55:57.818 1517 1605 I wm_activity_launch_time: [0,107744493,com.android.music/.VideoBrowserActivity,65]
11-08 04:55:58.683 0 0 I auditd : type=1400 audit(0.0:10487): avc: denied { kill } for comm="swapper/0" capability=5 scontext=u:r:kernel:s0 tcontext=u:r:kernel:s0 tclass=capability permissive=0
11-08 04:55:59.683 0 0 I auditd : type=1400 audit(0.0:10488): avc: denied { kill } for comm="swapper/0" capability=5 scontext=u:r:kernel:s0 tcontext=u:r:kernel:s0 tclass=capability permissive=0
11-08 04:56:00.038 1517 1689 I input_interaction: Interaction with: 919536e com.android.music/com.android.music.VideoBrowserActivity (server), edge-swipe (server), swipe-up (server), PointerEventDispatcher0 (server),
11-08 04:56:00.269 1517 5798 I wm_task_moved: [176,1,6]
11-08 04:56:00.270 1517 5798 I wm_set_resumed_activity: [0,com.android.music/.VideoBrowserActivity,positionChildAt]
11-08 04:56:00.270 1517 5798 I wm_create_activity: [0,13451192,176,com.android.gallery3d/.app.MovieActivity,android.intent.action.VIEW,video/mp4,content://media/external/video/media/21,0]
11-08 04:56:00.272 1517 5798 I wm_pause_activity: [0,107744493,com.android.music/.VideoBrowserActivity,userLeaving=true,resumeTopActivityInnerLocked]
11-08 04:56:00.284 11770 11770 I wm_on_top_resumed_lost_called: [107744493,com.android.music.VideoBrowserActivity,topStateChangedWhenResumed]
11-08 04:56:00.285 11770 11770 I wm_on_paused_called: [107744493,com.android.music.VideoBrowserActivity,performPause]
11-08 04:56:00.288 1517 2078 I wm_restart_activity: [0,13451192,176,com.android.gallery3d/.app.MovieActivity]
11-08 04:56:00.289 1517 2078 I wm_set_resumed_activity: [0,com.android.gallery3d/.app.MovieActivity,minimalResumeActivityLocked]
11-08 04:56:00.294 1517 1608 I sysui_multi_action: [757,803,799,window_time_0,802,7]
11-08 04:56:00.324 11739 11739 I wm_on_create_called: [13451192,com.android.gallery3d.app.MovieActivity,performCreate]
11-08 04:56:00.326 11739 11739 I wm_on_start_called: [13451192,com.android.gallery3d.app.MovieActivity,handleStartActivity]
11-08 04:56:00.327 11739 11739 I wm_on_resume_called: [13451192,com.android.gallery3d.app.MovieActivity,RESUME_ACTIVITY]
11-08 04:56:00.331 11739 11739 I wm_on_top_resumed_gained_called: [13451192,com.android.gallery3d.app.MovieActivity,topStateChangedWhenResumed]
11-08 04:56:00.342 1517 1609 I input_focus: [Focus request 232b1c9 com.android.gallery3d/com.android.gallery3d.app.MovieActivity,reason=UpdateInputWindows]
11-08 04:56:00.371 1517 1689 I input_focus: [Focus leaving 919536e com.android.music/com.android.music.VideoBrowserActivity (server),reason=Waiting for window because NOT_VISIBLE]
11-08 04:56:00.372 1517 1605 I sysui_multi_action: [319,107,322,106,325,9967,757,761,758,8,759,2,806,com.android.gallery3d,871,com.android.gallery3d.app.MovieActivity,904,com.android.music,905,0,1320,21,1321,5]
11-08 04:56:00.373 1517 1605 I wm_activity_launch_time: [0,13451192,com.android.gallery3d/.app.MovieActivity,106]
11-08 04:56:00.388 1517 1689 I input_focus: [Focus entering 232b1c9 com.android.gallery3d/com.android.gallery3d.app.MovieActivity (server),reason=Window became focusable. Previous reason: NOT_VISIBLE]
11-08 04:56:00.476 1517 9873 I snet_event_log: [172655291,-1,]
11-08 04:56:00.683 0 0 I auditd : type=1400 audit(0.0:10489): avc: denied { kill } for comm="swapper/0" capability=5 scontext=u:r:kernel:s0 tcontext=u:r:kernel:s0 tclass=capability permissive=0
11-08 04:56:01.683 350 350 I auditd : type=1400 audit(0.0:10490): avc: denied { kill } for comm="irq/382-atmel_m" capability=5 scontext=u:r:kernel:s0 tcontext=u:r:kernel:s0 tclass=capability permissive=0
11-08 04:56:01.992 1517 1689 I input_interaction: Interaction with: f9f7f com.android.launcher3/com.android.launcher3.uioverrides.QuickstepLauncher (server), c84215e com.android.systemui.ImageWallpaper (server), edge-swipe (server), swipe-up (server), PointerEventDispatcher0 (server),
11-08 04:56:02.058 2526 2526 I view_enqueue_input_event: [Motion - Cancel,com.android.launcher3/com.android.launcher3.uioverrides.QuickstepLauncher]
11-08 04:56:02.061 1517 1689 I input_interaction: Interaction with: edge-swipe (server), swipe-up (server), PointerEventDispatcher0 (server),
11-08 04:56:02.328 1517 9873 I wm_task_moved: [92,1,6]
11-08 04:56:02.329 1517 9873 I wm_set_resumed_activity: [0,com.android.launcher3/.uioverrides.QuickstepLauncher,positionChildAt]
11-08 04:56:02.329 1517 9873 I wm_task_moved: [93,1,2147483647]
11-08 04:56:02.329 1517 9873 I wm_task_to_front: [0,93]
11-08 04:56:02.329 1517 9873 I wm_focused_root_task: [0,0,92,176,bringingFoundTaskToFront]
11-08 04:56:02.329 1517 9873 I wm_set_resumed_activity: [0,com.android.launcher3/.uioverrides.QuickstepLauncher,bringingFoundTaskToFront]
11-08 04:56:02.330 11739 11739 I wm_on_top_resumed_lost_called: [13451192,com.android.gallery3d.app.MovieActivity,topStateChangedWhenResumed]
