11-08 05:14:28.387 1204 1204 D PlatformConfig: getInt32: Returning default
11-08 05:14:28.388 1517 1517 W NotificationHistory: Attempted to add notif for locked/gone/disabled user 0
11-08 05:14:28.389 1204 1204 D PlatformConfig: getInstance: Enter
11-08 05:14:28.389 1204 1204 D PlatformConfig: getInt32 Config name: vidc_dec_output_rate value: 120
11-08 05:14:28.389 1197 14776 D ReflectedParamUpdater: extent() != 1 for single value type: algo.buffers.max-count.values
11-08 05:14:28.389 1197 14776 D ReflectedParamUpdater: extent() != 1 for single value type: output.subscribed-indices.values
11-08 05:14:28.389 1197 14776 D ReflectedParamUpdater: extent() != 1 for single value type: input.buffers.allocator-ids.values
11-08 05:14:28.389 1197 14776 D ReflectedParamUpdater: extent() != 1 for single value type: output.buffers.allocator-ids.values
11-08 05:14:28.389 1197 14776 D ReflectedParamUpdater: extent() != 1 for single value type: algo.buffers.allocator-ids.values
11-08 05:14:28.390 1197 14776 D ReflectedParamUpdater: extent() != 1 for single value type: output.buffers.pool-ids.values
11-08 05:14:28.390 1197 14776 D ReflectedParamUpdater: extent() != 1 for single value type: algo.buffers.pool-ids.values
11-08 05:14:28.390 1204 1204 I OMX-VDEC-1080P: component_init: OMX.qcom.video.decoder.avc : fd=11
11-08 05:14:28.390 1969 1969 D InterruptionStateProvider: No bubble up: not allowed to bubble: 0|com.android.systemui|2048|null|10082
11-08 05:14:28.390 1204 1204 E OMX-VDEC-1080P: Unsupported output color format for c2d (2141391876)
11-08 05:14:28.390 1204 1204 E OMX-VDEC-1080P: Setting color format failed
11-08 05:14:28.390 1969 1969 D InterruptionStateProvider: No heads up: unimportant notification: 0|com.android.systemui|2048|null|10082
11-08 05:14:28.391 1204 1204 D PlatformConfig: getInstance: Enter
11-08 05:14:28.391 1204 1204 D PlatformConfig: getInt32: Returning default
11-08 05:14:28.391 1204 1204 D PlatformConfig: getInstance: Enter
11-08 05:14:28.391 1204 1204 D PlatformConfig: getInt32: Returning default
11-08 05:14:28.391 1204 1204 I OMX-VDEC-1080P: omx_vdec::component_init() success : fd=11
11-08 05:14:28.393 1197 14777 D SurfaceUtils: disconnecting from surface 0xec14c998, reason onConfigure
11-08 05:14:28.394 1197 14778 D SurfaceUtils: connecting to surface 0xec14c998, reason connectToSurface
11-08 05:14:28.394 1197 14778 I MediaCodec: [OMX.qcom.video.decoder.avc] setting surface generation to 1225753
11-08 05:14:28.394 1197 14778 D SurfaceUtils: disconnecting from surface 0xec14c998, reason connectToSurface(reconnect)
11-08 05:14:28.394 1197 14778 D SurfaceUtils: connecting to surface 0xec14c998, reason connectToSurface(reconnect)
11-08 05:14:28.395 1204 1444 E OMX-VDEC-1080P: Extension: OMX.google.android.index.storeANWBufferInMetadata not implemented
11-08 05:14:28.395 1204 1444 E OMX-VDEC-1080P: Extension: OMX.google.android.index.configureVideoTunnelMode not implemented
11-08 05:14:28.395 1204 1444 E OMX-VDEC-1080P: Extension: OMX.google.android.index.useAndroidNativeBuffer is supported
11-08 05:14:28.395 1204 1444 E OMX-VDEC-1080P: get_parameter: unknown param 7f000046
11-08 05:14:28.395 1204 1444 E OMXNodeInstance: getParameter(0xeada0034:qcom.decoder.avc, ??(0x7f000046)) ERROR: UnsupportedIndex(0x8000101a)
11-08 05:14:28.395 1969 2344 D PeopleSpaceWidgetMgr: Sbn doesn't contain valid PeopleTileKey: null/0/com.android.systemui
11-08 05:14:28.396 1197 14776 I CCodecConfig: query failed after returning 19 values (BAD_INDEX)
11-08 05:14:28.396 1197 14776 D CCodecConfig: c2 config diff is Dict {
11-08 05:14:28.396 1197 14776 D CCodecConfig: c2::u32 coded.aac-packaging.value = 0
11-08 05:14:28.396 1197 14776 D CCodecConfig: c2::u32 coded.bitrate.value = 64000
11-08 05:14:28.396 1197 14776 D CCodecConfig: c2::u32 coded.pl.level = 0
11-08 05:14:28.396 1197 14776 D CCodecConfig: c2::u32 coded.pl.profile = 8192
11-08 05:14:28.396 1197 14776 D CCodecConfig: c2::i32 coding.drc.album-mode.value = 0
11-08 05:14:28.396 1197 14776 D CCodecConfig: c2::float coding.drc.attenuation-factor.value = 1
11-08 05:14:28.396 1197 14776 D CCodecConfig: c2::float coding.drc.boost-factor.value = 1
11-08 05:14:28.396 1197 14776 D CCodecConfig: c2::i32 coding.drc.compression-mode.value = 3
11-08 05:14:28.396 1197 14776 D CCodecConfig: c2::i32 coding.drc.effect-type.value = 3
11-08 05:14:28.396 1197 14776 D CCodecConfig: c2::float coding.drc.encoded-level.value = 0.25
11-08 05:14:28.396 1197 14776 D CCodecConfig: c2::float coding.drc.reference-level.value = -16
11-08 05:14:28.396 1197 14776 D CCodecConfig: c2::u32 input.buffers.max-size.value = 8192
11-08 05:14:28.396 1197 14776 D CCodecConfig: c2::u32 input.delay.value = 0
11-08 05:14:28.396 1197 14776 D CCodecConfig: string input.media-type.value = "audio/mp4a-latm"
11-08 05:14:28.396 1197 14776 D CCodecConfig: c2::u32 output.delay.value = 2
11-08 05:14:28.396 1197 14776 D CCodecConfig: c2::float output.drc.output-loudness.value = 0.25
11-08 05:14:28.396 1197 14776 D CCodecConfig: string output.media-type.value = "audio/raw"
11-08 05:14:28.396 1197 14776 D CCodecConfig: c2::u32 raw.channel-count.value = 1
11-08 05:14:28.396 1197 14776 D CCodecConfig: c2::u32 raw.max-channel-count.value = 8
11-08 05:14:28.396 1197 14776 D CCodecConfig: c2::u32 raw.sample-rate.value = 44100
11-08 05:14:28.396 1197 14776 D CCodecConfig: }
11-08 05:14:28.398 1204 1204 E OMX-VDEC-1080P: set_parameter: Error: 0x80001019, setting param 0x7f00005d
11-08 05:14:28.398 1204 1204 E OMXNodeInstance: setParameter(0xeada0034:qcom.decoder.avc, OMX.google.android.index.allocateNativeHandle(0x7f00005d): Output:1 en=0) ERROR: UnsupportedSetting(0x80001019)
11-08 05:14:28.398 1204 1204 E OMX-VDEC-1080P: Extension: OMX.google.android.index.storeANWBufferInMetadata not implemented
11-08 05:14:28.398 1204 1204 E OMX-VDEC-1080P: get_parameter: unknown param 6f600011
11-08 05:14:28.398 1204 1204 E OMXNodeInstance: getParameter(0xeada0034:qcom.decoder.avc, ??(0x6f600011)) ERROR: UnsupportedIndex(0x8000101a)
11-08 05:14:28.398 1197 14779 I ExtendedACodec: setupVideoDecoder()
11-08 05:14:28.399 1197 14776 D CCodec : [c2.android.aac.decoder] buffers are bound to CCodec for this session
11-08 05:14:28.399 1197 14776 D CCodecConfig: no c2 equivalents for durationUs
11-08 05:14:28.399 1197 14776 D CCodecConfig: no c2 equivalents for language
11-08 05:14:28.399 1197 14776 D CCodecConfig: no c2 equivalents for encoder-padding
11-08 05:14:28.399 1197 14776 D CCodecConfig: no c2 equivalents for file-format
11-08 05:14:28.399 1197 14776 D CCodecConfig: no c2 equivalents for aac-format-adif
11-08 05:14:28.399 1197 14776 D CCodecConfig: no c2 equivalents for flags
11-08 05:14:28.399 1197 14776 D CCodecConfig: config failed => CORRUPTED
11-08 05:14:28.399 1197 14779 I ExtendedACodec: Decoder will be in frame by frame mode
11-08 05:14:28.399 1204 1204 E OMX-VDEC-1080P: Setparameter: unknown param 2130706434
11-08 05:14:28.399 1204 1204 E OMX-VDEC-1080P: set_parameter: Error: 0x8000101a, setting param 0x7f000002
11-08 05:14:28.399 1204 1204 E OMXNodeInstance: setParameter(0xeada0034:qcom.decoder.avc, ??(0x7f000002)) ERROR: UnsupportedIndex(0x8000101a)
11-08 05:14:28.399 1197 14779 W ExtendedACodec: Failed to set frame packing format on component
11-08 05:14:28.399 1197 14776 D CCodecConfig: c2 config diff is c2::u32 coded.bitrate.value = 189375
11-08 05:14:28.399 1197 14776 D CCodecConfig: c2::u32 raw.channel-count.value = 2
11-08 05:14:28.399 1197 14776 D CCodecConfig: c2::u32 raw.sample-rate.value = 48000
11-08 05:14:28.400 1197 14776 W Codec2Client: query -- param skipped: index = 1107298332.
11-08 05:14:28.400 1197 14776 D CCodec : setup formats input: AMessage(what = 0x00000000) = {
11-08 05:14:28.400 1197 14776 D CCodec : int32_t aac-drc-album-mode = 0
11-08 05:14:28.400 1197 14776 D CCodec : int32_t aac-drc-boost-level = 127
11-08 05:14:28.400 1197 14776 D CCodec : int32_t aac-drc-cut-level = 127
11-08 05:14:28.400 1197 14776 D CCodec : int32_t aac-drc-effect-type = 3
11-08 05:14:28.400 1197 14776 D CCodec : int32_t aac-encoded-target-level = -1
11-08 05:14:28.400 1197 14776 D CCodec : int32_t aac-max-output-channel_count = 8
11-08 05:14:28.400 1197 14776 D CCodec : int32_t aac-target-ref-level = 64
11-08 05:14:28.400 1197 14776 D CCodec : int32_t bitrate = 189375
11-08 05:14:28.400 1197 14776 D CCodec : int32_t channel-count = 2
11-08 05:14:28.400 1197 14776 D CCodec : int32_t level = 0
11-08 05:14:28.400 1197 14776 D CCodec : int32_t max-input-size = 65538
11-08 05:14:28.400 1197 14776 D CCodec : string mime = "audio/mp4a-latm"
11-08 05:14:28.400 1197 14776 D CCodec : int32_t profile = 2
11-08 05:14:28.400 1197 14776 D CCodec : int32_t sample-rate = 48000
11-08 05:14:28.400 1197 14776 D CCodec : }
11-08 05:14:28.400 1197 14776 D CCodec : setup formats output: AMessage(what = 0x00000000) = {
11-08 05:14:28.400 1197 14776 D CCodec : int32_t aac-drc-album-mode = 0
11-08 05:14:28.400 1197 14776 D CCodec : int32_t aac-drc-boost-level = 127
11-08 05:14:28.400 1197 14776 D CCodec : int32_t aac-drc-cut-level = 127
11-08 05:14:28.400 1197 14776 D CCodec : int32_t aac-drc-effect-type = 3
11-08 05:14:28.400 1197 14776 D CCodec : int32_t aac-drc-output-loudness = -1
11-08 05:14:28.400 1197 14776 D CCodec : int32_t aac-encoded-target-level = -1
11-08 05:14:28.400 1197 14776 D CCodec : int32_t aac-max-output-channel_count = 8
11-08 05:14:28.400 1197 14776 D CCodec : int32_t aac-target-ref-level = 64
11-08 05:14:28.400 1197 14776 D CCodec : int32_t channel-count = 2
11-08 05:14:28.400 1197 14776 D CCodec : string mime = "audio/raw"
11-08 05:14:28.400 1197 14776 D CCodec : int32_t sample-rate = 48000
11-08 05:14:28.400 1197 14776 D CCodec : int32_t encoder-padding = 2146
11-08 05:14:28.400 1197 14776 D CCodec : int32_t android._config-pcm-encoding = 2
11-08 05:14:28.400 1197 14776 D CCodec : }
11-08 05:14:28.400 1197 14776 I CCodecConfig: query failed after returning 19 values (BAD_INDEX)
11-08 05:14:28.400 1197 14776 I MediaCodec: MediaCodec will operate in async mode
11-08 05:14:28.400 1197 14775 D MediaCodec: keep callback message for reclaim
11-08 05:14:28.401 1204 1204 E OMXNodeInstance: getConfig(0xeada0034:qcom.decoder.avc, ??(0x7f000062)) ERROR: UnsupportedSetting(0x80001019)
11-08 05:14:28.402 1197 14776 W Codec2Client: query -- param skipped: index = 1342179345.
11-08 05:14:28.402 1197 14776 W Codec2Client: query -- param skipped: index = 2415921170.
11-08 05:14:28.402 1197 14776 W Codec2Client: query -- param skipped: index = 1610614798.
11-08 05:14:28.403 1197 14776 D CCodecBufferChannel: [c2.android.aac.decoder#696] Created input block pool with allocatorID 16 => poolID 96 - OK (0)
11-08 05:14:28.403 1250 1335 D BufferPoolAccessor2.0: Destruction - bufferpool2 0xb4000075be74c868 cached: 0/0M, 0/0% in use; allocs: 3383, 100% recycled; transfers: 3383, 99% unfetched
11-08 05:14:28.404 1197 1821 D BufferPoolAccessor2.0: bufferpool2 0xec3c0c88 : 0(0 size) total buffers - 0(0 size) used buffers - 96/104 (recycle/alloc) - 8/198 (fetch/transfer)
11-08 05:14:28.404 1197 5371 D BufferPoolAccessor2.0: bufferpool2 0xec3c32c8 : 0(0 size) total buffers - 0(0 size) used buffers - 0/5 (recycle/alloc) - 1/2 (fetch/transfer)
11-08 05:14:28.404 1197 5371 D BufferPoolAccessor2.0: Destruction - bufferpool2 0xec3c32c8 cached: 0/0M, 0/0% in use; allocs: 5, 0% recycled; transfers: 2, 50% unfetched
11-08 05:14:28.404 1197 14776 I CCodecBufferChannel: [c2.android.aac.decoder#696] Created output block pool with allocatorID 16 => poolID 108 - OK
11-08 05:14:28.404 1197 1784 D BufferPoolAccessor2.0: Destruction - bufferpool2 0xec3c1588 cached: 0/0M, 0/0% in use; allocs: 3397, 100% recycled; transfers: 3395, 99% unfetched
11-08 05:14:28.404 1197 14776 D CCodecBufferChannel: [c2.android.aac.decoder#696] Configured output block pool ids 108 => OK
11-08 05:14:28.404 1197 3909 D BufferPoolAccessor2.0: Destruction - bufferpool2 0xec3c0c88 cached: 0/0M, 0/0% in use; allocs: 104, 92% recycled; transfers: 198, 96% unfetched
11-08 05:14:28.405 1197 14776 D CCodecBufferChannel: [c2.android.aac.decoder#696] start: updating output delay 2
11-08 05:14:28.406 1197 14778 I MediaCodec: MediaCodec will operate in async mode
11-08 05:14:28.406 1197 14777 D MediaCodec: keep callback message for reclaim
11-08 05:14:28.406 1250 14780 D SimpleC2Component: Using output block pool with poolID 108 => got 108 - 0
11-08 05:14:28.407 1197 14776 W AMessage: failed to post message as target looper for handler 0 is gone.
11-08 05:14:28.407 1197 14776 W AMessage: failed to post message as target looper for handler 0 is gone.
11-08 05:14:28.407 1197 14776 W AMessage: failed to post message as target looper for handler 0 is gone.
11-08 05:14:28.407 1197 14776 D CCodecBufferChannel: [c2.android.aac.decoder#696] MediaCodec discarded an unknown buffer
11-08 05:14:28.407 1197 14776 D CCodecBufferChannel: [c2.android.aac.decoder#696] MediaCodec discarded an unknown buffer
11-08 05:14:28.407 1197 14776 D CCodecBufferChannel: [c2.android.aac.decoder#696] MediaCodec discarded an unknown buffer
11-08 05:14:28.409 1197 14776 I hw-BpHwBinder: onLastStrongRef automatically unlinking death recipients
11-08 05:14:28.409 1250 1789 D BufferPoolAccessor2.0: Destruction - bufferpool2 0xb4000075be744b88 cached: 0/0M, 0/0% in use; allocs: 0, 0% recycled; transfers: 0, 0% unfetched
11-08 05:14:28.409 1250 11358 V C2Store : in ~ComponentModule
11-08 05:14:28.409 1250 11358 V C2Store : unloading dll
11-08 05:14:28.410 1197 14786 E Codec2-types: Failed to receive buffer from bufferpool -- resultStatus = 3.
11-08 05:14:28.410 1197 14786 E Codec2-types: Invalid WorkBundle::baseBlocks[0].
11-08 05:14:28.418 1204 1204 E OMX-VDEC-1080P: Extension: OMX.google.android.index.AndroidNativeBufferConsumerUsage not implemented
11-08 05:14:28.418 1197 14779 D SurfaceUtils: set up nativeWindow 0xec14c998 for 2560x1600, color 0x7fa30c06, rotation 0, usage 0x20402900
11-08 05:14:28.420 1197 14778 W ResourceManagerService: Ignoring request to add new resource entry with value <= 0
11-08 05:14:28.422 2876 5931 W MediaProvider: Failed to fetch original file descriptor
11-08 05:14:28.422 2876 5931 W MediaProvider: java.io.IOException: stat failed: EACCES (Permission denied)
11-08 05:14:28.422 2876 5931 W MediaProvider: at com.android.providers.media.MediaProvider.getFileFromFileDescriptor(MediaProvider.java:5794)
11-08 05:14:28.422 2876 5931 W MediaProvider: at com.android.providers.media.MediaProvider.getOriginalMediaFormatFileDescriptor(MediaProvider.java:5711)
11-08 05:14:28.422 2876 5931 W MediaProvider: at com.android.providers.media.MediaProvider.openTypedAssetFileCommon(MediaProvider.java:7134)
11-08 05:14:28.422 2876 5931 W MediaProvider: at com.android.providers.media.MediaProvider.openTypedAssetFile(MediaProvider.java:7115)
11-08 05:14:28.422 2876 5931 W MediaProvider: at android.content.ContentProvider$Transport.openTypedAssetFile(ContentProvider.java:548)
11-08 05:14:28.422 2876 5931 W MediaProvider: at android.content.ContentProviderNative.onTransact(ContentProviderNative.java:327)
11-08 05:14:28.422 2876 5931 W MediaProvider: at android.os.Binder.execTransactInternal(Binder.java:1184)
11-08 05:14:28.422 2876 5931 W MediaProvider: at android.os.Binder.execTransact(Binder.java:1143)
11-08 05:14:28.422 2876 5931 W MediaProvider: Caused by: android.system.ErrnoException: stat failed: EACCES (Permission denied)
11-08 05:14:28.422 2876 5931 W MediaProvider: at libcore.io.Linux.stat(Native Method)
11-08 05:14:28.422 2876 5931 W MediaProvider: at libcore.io.ForwardingOs.stat(ForwardingOs.java:853)
11-08 05:14:28.422 2876 5931 W MediaProvider: at libcore.io.BlockGuardOs.stat(BlockGuardOs.java:420)
11-08 05:14:28.422 2876 5931 W MediaProvider: at libcore.io.ForwardingOs.stat(ForwardingOs.java:853)
11-08 05:14:28.422 2876 5931 W MediaProvider: at android.app.ActivityThread$AndroidOs.stat(ActivityThread.java:7780)
11-08 05:14:28.422 2876 5931 W MediaProvider: at android.system.Os.stat(Os.java:919)
11-08 05:14:28.422 2876 5931 W MediaProvider: at com.android.providers.media.MediaProvider.getFileFromFileDescriptor(MediaProvider.java:5788)
11-08 05:14:28.422 2876 5931 W MediaProvider: ... 7 more
11-08 05:14:28.422 1197 3481 D NuPlayerDriver: NuPlayerDriver(0xecd41050) created, clientPid(1969)
11-08 05:14:28.429 1197 3481 I ExtendedNuUtils: printFileName fd(12) -> /data/system_de/0/ringtones/notification_sound_cache
11-08 05:14:28.432 1197 14790 D GenericSource: FileSource remote
11-08 05:14:28.435 1194 5613 I MMParserExtractor: Created(0xb40000709e40ea50)
11-08 05:14:28.437 1194 4062 D MediaBufferGroup: creating MemoryDealer
11-08 05:14:28.449 1517 5618 I MediaFocusControl: requestAudioFocus() from uid/pid 10082/1969 AA=USAGE_NOTIFICATION/CONTENT_TYPE_SONIFICATION clientId=android.media.AudioManager@4dc1ce1 callingPack=com.android.systemui req=3 flags=0x0 sdk=31
11-08 05:14:28.450 1517 5618 I AudioService.PlaybackActivityMonitor: ducking player piid:1087 uid/pid:10066/14223 skip ramp:false
11-08 05:14:28.450 1517 5618 I AudioService.FadeOutManager: unfadeOutUid() uid:10082
11-08 05:14:28.454 1197 14777 D MediaCodec: keep callback message for reclaim
11-08 05:14:28.457 801 1714 D audio_hw_primary: adev_get_parameters:is_hw_dec_session_available
11-08 05:14:28.457 801 1714 D audio_hw_spkr_prot: fbsp_get_parameters: Speaker protection disabled
11-08 05:14:28.457 801 1714 D soundtrigger: audio_extn_sound_trigger_get_parameters input string
11-08 05:14:28.457 801 1714 D soundtrigger: extract_sm_handle input string param string
11-08 05:14:28.457 801 1714 D audio_hw_extn: audio_extn_fm_get_parameters: Enter
11-08 05:14:28.457 801 1714 D audio_hw_extn: audio_extn_get_parameters: returns
11-08 05:14:28.457 801 1714 D audio_hw_primary: adev_get_parameters: exit: returns -
11-08 05:14:28.457 999 1775 I hash_map_utils: system/bt/osi/src/hash_map_utils.cc:81 hash_map_utils_dump_string_keys_string_values: key: 'is_hw_dec_session_available' value: 'audio/mp4a-latm'
11-08 05:14:28.463 1197 14793 D CCodec : allocate(c2.android.aac.decoder)
11-08 05:14:28.466 1197 14793 I CCodec : setting up 'default' as default (vendor) store
11-08 05:14:28.466 1250 11358 V C2Store : in init
11-08 05:14:28.466 1250 11358 V C2Store : loading dll
11-08 05:14:28.470 1197 14793 I CCodec : Created component [c2.android.aac.decoder]
11-08 05:14:28.471 1197 14793 D CCodecConfig: read media type: audio/mp4a-latm
11-08 05:14:28.474 1197 14793 D ReflectedParamUpdater: extent() != 1 for single value type: algo.buffers.max-count.values
11-08 05:14:28.474 1197 14793 D ReflectedParamUpdater: extent() != 1 for single value type: output.subscribed-indices.values
11-08 05:14:28.475 1197 14793 D ReflectedParamUpdater: extent() != 1 for single value type: input.buffers.allocator-ids.values
11-08 05:14:28.475 1197 14793 D ReflectedParamUpdater: extent() != 1 for single value type: output.buffers.allocator-ids.values
11-08 05:14:28.475 1197 14793 D ReflectedParamUpdater: extent() != 1 for single value type: algo.buffers.allocator-ids.values
11-08 05:14:28.475 1197 14793 D ReflectedParamUpdater: extent() != 1 for single value type: output.buffers.pool-ids.values
11-08 05:14:28.475 1197 14793 D ReflectedParamUpdater: extent() != 1 for single value type: algo.buffers.pool-ids.values
11-08 05:14:28.478 1197 14793 I CCodecConfig: query failed after returning 19 values (BAD_INDEX)
11-08 05:14:28.478 1197 14793 D CCodecConfig: c2 config diff is Dict {
11-08 05:14:28.478 1197 14793 D CCodecConfig: c2::u32 coded.aac-packaging.value = 0
11-08 05:14:28.478 1197 14793 D CCodecConfig: c2::u32 coded.bitrate.value = 64000
11-08 05:14:28.478 1197 14793 D CCodecConfig: c2::u32 coded.pl.level = 0
11-08 05:14:28.478 1197 14793 D CCodecConfig: c2::u32 coded.pl.profile = 8192
11-08 05:14:28.478 1197 14793 D CCodecConfig: c2::i32 coding.drc.album-mode.value = 0
11-08 05:14:28.478 1197 14793 D CCodecConfig: c2::float coding.drc.attenuation-factor.value = 1
11-08 05:14:28.478 1197 14793 D CCodecConfig: c2::float coding.drc.boost-factor.value = 1
11-08 05:14:28.478 1197 14793 D CCodecConfig: c2::i32 coding.drc.compression-mode.value = 3
11-08 05:14:28.478 1197 14793 D CCodecConfig: c2::i32 coding.drc.effect-type.value = 3
11-08 05:14:28.478 1197 14793 D CCodecConfig: c2::float coding.drc.encoded-level.value = 0.25
11-08 05:14:28.478 1197 14793 D CCodecConfig: c2::float coding.drc.reference-level.value = -16
11-08 05:14:28.478 1197 14793 D CCodecConfig: c2::u32 input.buffers.max-size.value = 8192
11-08 05:14:28.478 1197 14793 D CCodecConfig: c2::u32 input.delay.value = 0
11-08 05:14:28.478 1197 14793 D CCodecConfig: string input.media-type.value = "audio/mp4a-latm"
11-08 05:14:28.478 1197 14793 D CCodecConfig: c2::u32 output.delay.value = 2
11-08 05:14:28.478 1197 14793 D CCodecConfig: c2::float output.drc.output-loudness.value = 0.25
11-08 05:14:28.478 1197 14793 D CCodecConfig: string output.media-type.value = "audio/raw"
11-08 05:14:28.478 1197 14793 D CCodecConfig: c2::u32 raw.channel-count.value = 1
11-08 05:14:28.478 1197 14793 D CCodecConfig: c2::u32 raw.max-channel-count.value = 8
11-08 05:14:28.478 1197 14793 D CCodecConfig: c2::u32 raw.sample-rate.value = 44100
11-08 05:14:28.478 1197 14793 D CCodecConfig: }
11-08 05:14:28.481 1197 14793 D CCodec : [c2.android.aac.decoder] buffers are bound to CCodec for this session
11-08 05:14:28.481 1197 14793 D CCodecConfig: no c2 equivalents for durationUs
11-08 05:14:28.481 1197 14793 D CCodecConfig: no c2 equivalents for language
11-08 05:14:28.481 1197 14793 D CCodecConfig: no c2 equivalents for encoder-padding
11-08 05:14:28.481 1197 14793 D CCodecConfig: no c2 equivalents for file-format
11-08 05:14:28.482 1197 14793 D CCodecConfig: no c2 equivalents for aac-format-adif
11-08 05:14:28.482 1197 14793 D CCodecConfig: no c2 equivalents for flags
11-08 05:14:28.482 1197 14793 D CCodecConfig: config failed => CORRUPTED
11-08 05:14:28.482 1197 14793 D CCodecConfig: c2 config diff is c2::u32 coded.bitrate.value = 189375
11-08 05:14:28.482 1197 14793 D CCodecConfig: c2::u32 raw.channel-count.value = 2
11-08 05:14:28.482 1197 14793 D CCodecConfig: c2::u32 raw.sample-rate.value = 48000
11-08 05:14:28.484 801 14736 E audio_hw_primary: offload_thread_loop: Next track returned error -1
11-08 05:14:28.484 1197 14793 W Codec2Client: query -- param skipped: index = 1107298332.
11-08 05:14:28.484 1197 14793 D CCodec : setup formats input: AMessage(what = 0x00000000) = {
11-08 05:14:28.484 1197 14793 D CCodec : int32_t aac-drc-album-mode = 0
11-08 05:14:28.484 1197 14793 D CCodec : int32_t aac-drc-boost-level = 127
11-08 05:14:28.484 1197 14793 D CCodec : int32_t aac-drc-cut-level = 127
11-08 05:14:28.484 1197 14793 D CCodec : int32_t aac-drc-effect-type = 3
11-08 05:14:28.484 1197 14793 D CCodec : int32_t aac-encoded-target-level = -1
11-08 05:14:28.484 1197 14793 D CCodec : int32_t aac-max-output-channel_count = 8
11-08 05:14:28.484 1197 14793 D CCodec : int32_t aac-target-ref-level = 64
11-08 05:14:28.484 1197 14793 D CCodec : int32_t bitrate = 189375
11-08 05:14:28.484 1197 14793 D CCodec : int32_t channel-count = 2
11-08 05:14:28.484 1197 14793 D CCodec : int32_t level = 0
11-08 05:14:28.484 1197 14793 D CCodec : int32_t max-input-size = 65538
11-08 05:14:28.484 1197 14793 D CCodec : string mime = "audio/mp4a-latm"
11-08 05:14:28.484 1197 14793 D CCodec : int32_t profile = 2
11-08 05:14:28.484 1197 14793 D CCodec : int32_t sample-rate = 48000
11-08 05:14:28.484 1197 14793 D CCodec : }
11-08 05:14:28.484 1197 14793 D CCodec : setup formats output: AMessage(what = 0x00000000) = {
11-08 05:14:28.484 1197 14793 D CCodec : int32_t aac-drc-album-mode = 0
11-08 05:14:28.484 1197 14793 D CCodec : int32_t aac-drc-boost-level = 127
11-08 05:14:28.484 1197 14793 D CCodec : int32_t aac-drc-cut-level = 127
11-08 05:14:28.484 1197 14793 D CCodec : int32_t aac-drc-effect-type = 3
11-08 05:14:28.484 1197 14793 D CCodec : int32_t aac-drc-output-loudness = -1
11-08 05:14:28.484 1197 14793 D CCodec : int32_t aac-encoded-target-level = -1
11-08 05:14:28.484 1197 14793 D CCodec : int32_t aac-max-output-channel_count = 8
11-08 05:14:28.484 1197 14793 D CCodec : int32_t aac-target-ref-level = 64
11-08 05:14:28.484 1197 14793 D CCodec : int32_t channel-count = 2
11-08 05:14:28.484 1197 14793 D CCodec : string mime = "audio/raw"
11-08 05:14:28.484 1197 14793 D CCodec : int32_t sample-rate = 48000
11-08 05:14:28.484 1197 14793 D CCodec : int32_t encoder-padding = 2146
11-08 05:14:28.484 1197 14793 D CCodec : int32_t android._config-pcm-encoding = 2
11-08 05:14:28.484 1197 14793 D CCodec : }
11-08 05:14:28.484 1197 14793 I CCodecConfig: query failed after returning 19 values (BAD_INDEX)
11-08 05:14:28.484 801 14743 D audio_hw_utils: audio_extn_utils_compress_get_dsp_latency:: Using Fix DSP delay
11-08 05:14:28.484 801 14743 D audio_hw_utils: audio_extn_utils_compress_get_dsp_latency:: delay in ms is 50
11-08 05:14:28.486 801 1714 D msm8974_platform: platform_split_snd_device: snd_device(2) num devices(1) new_snd_devices(0)
11-08 05:14:28.486 801 1714 D ACDB-LOADER: ACDB -> send_audvoltable
11-08 05:14:28.486 801 1714 D ACDB-LOADER: ACDB -> ACDB_CMD_GET_AUDPROC_INSTANCE_GAIN_DEP_STEP_TABLE_SIZE
11-08 05:14:28.486 801 1714 D ACDB-LOADER: ACDB -> ACDB_CMD_GET_AUDPROC_INSTANCE_GAIN_DEP_STEP_TABLE, vol index 0
11-08 05:14:28.486 801 1714 D ACDB-LOADER: ACDB -> AUDIO_SET_VOL_CAL cal type = 40
11-08 05:14:28.487 801 1714 D msm8974_platform: platform_split_snd_device: snd_device(2) num devices(1) new_snd_devices(0)
11-08 05:14:28.489 1197 14793 I MediaCodec: MediaCodec will operate in async mode
11-08 05:14:28.489 1197 14792 D MediaCodec: keep callback message for reclaim
11-08 05:14:28.490 999 1284 W AudioFlinger: moveEffectChain_l() effect chain for session 0 not on source thread 0xb4000077c97d3840
11-08 05:14:28.490 1197 14793 W Codec2Client: query -- param skipped: index = 1342179345.
11-08 05:14:28.490 1197 14793 W Codec2Client: query -- param skipped: index = 2415921170.
11-08 05:14:28.490 1197 14793 W Codec2Client: query -- param skipped: index = 1610614798.
11-08 05:14:28.491 801 1714 D audio_hw_primary: adev_release_audio_patch: Remove patch with handle 25
11-08 05:14:28.491 801 1714 D audio_hw_primary: route_output_stream: enter: usecase(3: compress-offload-playback) devices 0
11-08 05:14:28.492 801 1714 D audio_hw_primary: out_set_parameters: enter: usecase(3: compress-offload-playback) kvpairs: closing=true
11-08 05:14:28.493 1197 14793 D CCodecBufferChannel: [c2.android.aac.decoder#417] Created input block pool with allocatorID 16 => poolID 97 - OK (0)
11-08 05:14:28.494 1197 14793 I CCodecBufferChannel: [c2.android.aac.decoder#417] Created output block pool with allocatorID 16 => poolID 109 - OK
11-08 05:14:28.494 1197 14793 D CCodecBufferChannel: [c2.android.aac.decoder#417] Configured output block pool ids 109 => OK
11-08 05:14:28.494 1197 14793 D CCodecBufferChannel: [c2.android.aac.decoder#417] start: updating output delay 2
11-08 05:14:28.495 801 1714 D audio_hw_primary: out_set_parameters: enter: usecase(3: compress-offload-playback) kvpairs: exiting=1
11-08 05:14:28.496 801 14736 D audio_hw_primary: copl(0xe88ca7e0):calling compress_drain
11-08 05:14:28.496 801 14736 D audio_hw_primary: copl(0xe88ca7e0):out of compress_drain
11-08 05:14:28.496 801 12195 D audio_hw_primary: out_standby: enter: stream (0xe88ca7e0) usecase(3: compress-offload-playback)
11-08 05:14:28.496 801 12195 D audio_hw_primary: copl(0xe88ca7e0):standby
11-08 05:14:28.499 1250 14794 D SimpleC2Component: Using output block pool with poolID 109 => got 109 - 0
11-08 05:14:28.501 1250 14794 I C2SoftAacDec: Reconfiguring decoder: 0->48000 Hz, 0->2 channels
11-08 05:14:28.501 1517 1608 I wm_stop_activity: [0,193491456,com.android.launcher3/.uioverrides.QuickstepLauncher]
11-08 05:14:28.502 8088 8700 I GameMode_ActivityMonitoringService: onForegroundActivitiesChanged uid 10076 pid 2526 fg true
11-08 05:14:28.505 1204 1834 E OMXNodeInstance: getConfig(0xeada0034:qcom.decoder.avc, ??(0x7f000062)) ERROR: UnsupportedSetting(0x80001019)
11-08 05:14:28.505 8088 8104 I GameMode_ActivityMonitoringService: Updating top task to: TaskInfoContainer [topActivity=ComponentInfo{com.android.gallery3d/com.android.gallery3d.app.MovieActivity}, taskId=215, stackId=215, userId=0, displayId=0, position=6
11-08 05:14:28.505 8088 8104 I GameMode_ActivityMonitoringService: Notifying about top task: TaskInfoContainer [topActivity=ComponentInfo{com.android.gallery3d/com.android.gallery3d.app.MovieActivity}, taskId=215, stackId=215, userId=0, displayId=0, position=6
11-08 05:14:28.505 8088 8104 D GameMode_GameMode: Show GameMode entry by service!
11-08 05:14:28.506 8088 8104 W ContextImpl: Calling a method in the system process without a qualified user: android.app.ContextImpl.startService:1816 android.content.ContextWrapper.startService:774 com.thundercomm.gamemode.ingame.services.GameModeActionUtils.startGameModeService:93 com.thundercomm.gamemode.ingame.services.GameModeActionUtils.startGameModeEntry:21 com.thundercomm.gamemode.ingame.services.ActivityMonitoringService$1.onActivityLaunch:120
11-08 05:14:28.506 1197 14773 I NuPlayerRenderer: Initializing video frame scheduler with 30.000000 fps
11-08 05:14:28.508 14223 14251 W MediaPlayerNative: info/warning (3, 0)
11-08 05:14:28.508 1204 1879 E OMX-VDEC-1080P: Extension: OMX.QTI.index.config.video.getdsmode not implemented
11-08 05:14:28.510 1197 14792 I ExtendedNuUtils: Both src and dst missing for bit-width
11-08 05:14:28.510 1197 14792 I ExtendedNuUtils: Overriding durationUs: with 64 bit src value 119530500
11-08 05:14:28.510 1197 14792 I ExtendedNuUtils: Both src and dst missing for channel-mask
11-08 05:14:28.511 8088 8104 D GameMode: getUriFor setting_content_uri_root = content://com.thundercomm.gamemode.api/gamemode_settings , name = gamemode_isgaming
11-08 05:14:28.512 8088 8088 D GameMode_GameMode: type=hide_entry
11-08 05:14:28.514 1517 1517 I GameModeConfig: Current uri is uri = content://com.thundercomm.gamemode.api/gamemode_settings/gamemode_isgaming
11-08 05:14:28.514 1517 1517 D GameMode: getUriFor setting_content_uri_root = content://com.thundercomm.gamemode.api/gamemode_settings , name = gamemode_isgaming
11-08 05:14:28.515 8088 8088 D GameMode_GameSettingsObserver: Game Data change!!!! uri = content://com.thundercomm.gamemode.api/gamemode_settings/gamemode_isgaming
11-08 05:14:28.515 8088 8088 D GameMode: getUriFor setting_content_uri_root = content://com.thundercomm.gamemode.api/gamemode_settings , name = gamemode_isgaming
11-08 05:14:28.515 1517 1517 I GameModeConfig: isGameModeOn = false
11-08 05:14:28.516 1517 1517 I GameModeConfig: isGameModeOn = false
11-08 05:14:28.516 1517 1517 I GameModeConfig: isDisableVoice = true
11-08 05:14:28.517 8088 8104 D GameMode: gamemode_isgaming set to 0
11-08 05:14:28.517 801 14746 D offload_visualizer: thread exit
11-08 05:14:28.518 801 12195 D audio_hw_primary: disable_audio_route: reset and update mixer path: compress-offload-playback
11-08 05:14:28.518 801 12195 E soundtrigger: audio_extn_sound_trigger_update_stream_status: invalid input device 0x0, for event 2
11-08 05:14:28.518 801 12195 D soundtrigger: audio_extn_sound_trigger_update_stream_status: uc_info->id 3 of type 0 for Event 2, with Raise=1
11-08 05:14:28.518 801 12195 I sound_trigger_platform: platform_stdev_check_and_update_concurrency: Received STREAM event, event type 2, usecase type 0
11-08 05:14:28.518 801 12195 D sound_trigger_platform: platform_stdev_get_capture_device: Device = 0x80000004
11-08 05:14:28.518 801 12195 D sound_trigger_platform: platform_stdev_get_capture_device: Available device = 0x80000004
11-08 05:14:28.518 801 12195 D sound_trigger_platform: platform_stdev_check_and_update_concurrency: dedicated path 1, reset backend 1, tx 0, rx 0, concurrency session allowed
11-08 05:14:28.518 801 12195 D msm8974_platform: platform_split_snd_device: snd_device(2) num devices(0) new_snd_devices(0)
11-08 05:14:28.518 801 12195 I msm8974_platform: platform_get_custom_mtmx_params: no matching param with id 0 ip_ch 2 op_ch 2 uc_id 3 snd_dev 2
11-08 05:14:28.518 801 12195 D hardware_info: hw_info_append_hw_type : device_name = speaker
11-08 05:14:28.518 801 12195 D audio_hw_primary: disable_snd_device: snd_device(2: speaker)
11-08 05:14:28.518 801 12195 D msm8974_platform: platform_split_snd_device: snd_device(2) num devices(0) new_snd_devices(0)
11-08 05:14:28.518 801 12195 I soundtrigger: audio_extn_sound_trigger_update_device_status: device 0x2 of type 0 for Event 0, with Raise=0
11-08 05:14:28.518 801 12195 D audio_hw_primary: audio_enable_asm_bit_width_enforce_mode: DSP bitwidth feature is disabled.
11-08 05:14:28.518 801 12195 D audio_hw_primary: out_standby: exit
11-08 05:14:28.519 801 12195 D audio_hw_primary: adev_close_output_stream: enter:stream_handle(compress-offload-playback)
11-08 05:14:28.519 801 12195 D audio_hw_primary: io_streams_map_remove: Removed stream with handle 333
11-08 05:14:28.519 801 12195 D audio_hw_primary: out_standby: enter: stream (0xe88ca7e0) usecase(3: compress-offload-playback)
11-08 05:14:28.519 801 12195 D audio_hw_primary: out_standby: exit
11-08 05:14:28.524 8088 8088 D GameMode_GameMode:GameModeService: updateGlobalSettings = gamemode_isgaming
11-08 05:14:28.528 2526 2526 I wm_on_paused_called: [193491456,com.android.launcher3.uioverrides.QuickstepLauncher,performPause]
11-08 05:14:28.529 801 12195 D audio_hw_primary: adev_get_parameters:vr_audio_mode_on
11-08 05:14:28.529 801 12195 I audio_hw_primary: getting vr mode to 0
11-08 05:14:28.529 801 12195 D audio_hw_primary: adev_get_parameters: exit: returns - vr_audio_mode_on=false
11-08 05:14:28.529 999 1773 I hash_map_utils: system/bt/osi/src/hash_map_utils.cc:81 hash_map_utils_dump_string_keys_string_values: key: 'vr_audio_mode_on' value: ''
11-08 05:14:28.530 999 1773 I AudioFlinger: openOutput() this 0xb4000077197cfa30, module 10 Device type:0x2,@:, SamplingRate 48000, Format 0x000001, Channels 0x3, flags 0x1
11-08 05:14:28.531 801 1714 D audio_hw_primary: adev_open_output_stream: enter: format(0x1) sample_rate(48000) channel_mask(0x3) devices(0x2) flags(0x1) stream_handle(0xe88ca7e0) address()
11-08 05:14:28.531 801 1714 I audio_hw_utils: PCM offload Fragment size to 15360 bytes
11-08 05:14:28.531 801 1714 I audio_hw_utils: audio_extn_utils_update_stream_output_app_type_cfg Allowing 24 and above bits playback on speaker ONLY at default sampling rate
11-08 05:14:28.531 801 1714 D audio_hw_primary: adev_open_output_stream: Stream (0xe88ca7e0) picks up usecase (compress-offload-playback2)
11-08 05:14:28.531 801 1714 D audio_hw_primary: io_streams_map_insert: Added stream in io_streams_map with handle 341
11-08 05:14:28.531 2526 2526 D StateManager: goToState: Normal
11-08 05:14:28.532 999 1773 I AudioFlinger: HAL output buffer size 3840 frames, normal sink buffer size 3840 frames
11-08 05:14:28.532 2526 2526 I wm_on_stop_called: [193491456,com.android.launcher3.uioverrides.QuickstepLauncher,STOP_ACTIVITY_ITEM]
11-08 05:14:28.532 801 870 D audio_hw_utils: audio_extn_utils_compress_get_dsp_latency:: Using Fix DSP delay
11-08 05:14:28.532 801 870 D audio_hw_utils: audio_extn_utils_compress_get_dsp_latency:: delay in ms is 62
11-08 05:14:28.533 999 1773 D AudioFlinger: Failed to add event callback
11-08 05:14:28.533 999 14798 I AudioFlinger: AudioFlinger's thread 0xb4000077c97c6010 tid=14798 ready to run
11-08 05:14:28.533 801 867 D audio_hw_utils: audio_extn_utils_compress_get_dsp_latency:: Using Fix DSP delay
11-08 05:14:28.533 801 867 D audio_hw_utils: audio_extn_utils_compress_get_dsp_latency:: delay in ms is 62
11-08 05:14:28.533 801 870 D audio_hw_utils: audio_extn_utils_compress_get_dsp_latency:: Using Fix DSP delay
11-08 05:14:28.533 801 870 D audio_hw_utils: audio_extn_utils_compress_get_dsp_latency:: delay in ms is 62
11-08 05:14:28.534 999 14798 D AudioFlinger: ro.audio.silent is ignored since no output device is set
11-08 05:14:28.534 801 867 D audio_hw_primary: out_standby: enter: stream (0xe88ca7e0) usecase(4: compress-offload-playback2)
11-08 05:14:28.534 801 867 D audio_hw_primary: out_standby: exit
11-08 05:14:28.536 999 14798 D AudioFlinger: ro.audio.silent is ignored since no output device is set
11-08 05:14:28.545 801 12195 D audio_hw_utils: audio_extn_utils_compress_get_dsp_latency:: Using Fix DSP delay
11-08 05:14:28.545 801 12195 D audio_hw_utils: audio_extn_utils_compress_get_dsp_latency:: delay in ms is 62
11-08 05:14:28.545 999 1773 D AudioFlinger: Client defaulted notificationFrames to 12480 for frameCount 24960
11-08 05:14:28.547 999 1773 D AF::TrackHandle: OpPlayAudio: track:143 usage:1 not muted
11-08 05:14:28.548 801 12195 D audio_hw_utils: audio_extn_utils_compress_get_dsp_latency:: Using Fix DSP delay
11-08 05:14:28.548 801 12195 D audio_hw_utils: audio_extn_utils_compress_get_dsp_latency:: delay in ms is 62
11-08 05:14:28.550 801 12195 D audio_hw_utils: audio_extn_utils_compress_get_dsp_latency:: Using Fix DSP delay
11-08 05:14:28.550 801 12195 D audio_hw_utils: audio_extn_utils_compress_get_dsp_latency:: delay in ms is 62
11-08 05:14:28.553 801 867 I EffectsFactory: EffectCreate() create_effect
11-08 05:14:28.554 999 1284 W AudioFlinger: moveEffectChain_l() effect chain for session 0 not on source thread 0xb4000078797ce010
11-08 05:14:28.560 8088 8700 I GameMode_ActivityMonitoringService: onForegroundActivitiesChanged uid 10076 pid 2526 fg false
11-08 05:14:28.562 8088 8104 I GameMode_ActivityMonitoringService: Updating top task to: TaskInfoContainer [topActivity=ComponentInfo{com.android.gallery3d/com.android.gallery3d.app.MovieActivity}, taskId=215, stackId=215, userId=0, displayId=0, position=6
11-08 05:14:28.562 8088 8104 I GameMode_ActivityMonitoringService: Notifying about top task: TaskInfoContainer [topActivity=ComponentInfo{com.android.gallery3d/com.android.gallery3d.app.MovieActivity}, taskId=215, stackId=215, userId=0, displayId=0, position=6
11-08 05:14:28.563 8088 8104 D GameMode_GameMode: Show GameMode entry by service!
11-08 05:14:28.563 8088 8104 W ContextImpl: Calling a method in the system process without a qualified user: android.app.ContextImpl.startService:1816 android.content.ContextWrapper.startService:774 com.thundercomm.gamemode.ingame.services.GameModeActionUtils.startGameModeService:93 com.thundercomm.gamemode.ingame.services.GameModeActionUtils.startGameModeEntry:21 com.thundercomm.gamemode.ingame.services.ActivityMonitoringService$1.onActivityLaunch:120
11-08 05:14:28.564 8088 8104 D GameMode: getUriFor setting_content_uri_root = content://com.thundercomm.gamemode.api/gamemode_settings , name = gamemode_isgaming
11-08 05:14:28.564 8088 8088 D GameMode_GameMode: type=hide_entry
11-08 05:14:28.565 8088 8088 D GameMode_GameSettingsObserver: Game Data change!!!! uri = content://com.thundercomm.gamemode.api/gamemode_settings/gamemode_isgaming
11-08 05:14:28.565 1517 1517 I GameModeConfig: Current uri is uri = content://com.thundercomm.gamemode.api/gamemode_settings/gamemode_isgaming
11-08 05:14:28.565 8088 8088 D GameMode: getUriFor setting_content_uri_root = content://com.thundercomm.gamemode.api/gamemode_settings , name = gamemode_isgaming
11-08 05:14:28.566 1517 1517 D GameMode: getUriFor setting_content_uri_root = content://com.thundercomm.gamemode.api/gamemode_settings , name = gamemode_isgaming
11-08 05:14:28.566 8088 8104 D GameMode: gamemode_isgaming set to 0
11-08 05:14:28.567 1517 1517 I GameModeConfig: isGameModeOn = false
11-08 05:14:28.567 1517 1517 I GameModeConfig: isGameModeOn = false
11-08 05:14:28.567 1517 1517 I GameModeConfig: isDisableVoice = true
11-08 05:14:28.569 8088 8088 D GameMode_GameMode:GameModeService: updateGlobalSettings = gamemode_isgaming
11-08 05:14:28.569 999 11732 D AF::TrackHandle: OpPlayAudio: track:143 usage:1 not muted
11-08 05:14:28.570 999 11732 D AF::TrackHandle: OpPlayAudio: track:143 usage:1 not muted
11-08 05:14:28.570 999 11732 D AF::TrackHandle: OpPlayAudio: track:143 usage:1 not muted
11-08 05:14:28.570 999 1773 D AF::TrackHandle: OpPlayAudio: track:143 usage:1 not muted
11-08 05:14:28.570 999 1773 D AF::TrackHandle: OpPlayAudio: track:143 usage:1 not muted
11-08 05:14:28.570 999 1773 D AF::TrackHandle: OpPlayAudio: track:143 usage:1 not muted
11-08 05:14:28.571 999 1773 D AF::TrackHandle: OpPlayAudio: track:143 usage:1 not muted
11-08 05:14:28.571 999 1773 D AF::TrackHandle: OpPlayAudio: track:143 usage:1 not muted
11-08 05:14:28.571 999 11732 D AF::TrackHandle: OpPlayAudio: track:143 usage:1 not muted
11-08 05:14:28.571 999 11732 D AF::TrackHandle: OpPlayAudio: track:143 usage:1 not muted
11-08 05:14:28.572 999 1773 D AF::TrackHandle: OpPlayAudio: track:143 usage:1 not muted
11-08 05:14:28.572 999 1773 D AF::TrackHandle: OpPlayAudio: track:143 usage:1 not muted
11-08 05:14:28.572 999 11732 D AF::TrackHandle: OpPlayAudio: track:143 usage:1 not muted
11-08 05:14:28.572 999 11732 D AF::TrackHandle: OpPlayAudio: track:143 usage:1 not muted
11-08 05:14:28.572 999 11732 D AF::TrackHandle: OpPlayAudio: track:143 usage:1 not muted
11-08 05:14:28.572 999 11732 D AF::TrackHandle: OpPlayAudio: track:143 usage:1 not muted
11-08 05:14:28.586 801 867 E volume_listener: check_and_set_gain_dep_cal: Failed to set gain dep cal level
11-08 05:14:28.586 801 867 D audio_hw_primary: adev_create_audio_patch: enter: num sources 1, num_sinks 1, handle 0
11-08 05:14:28.586 801 867 D audio_hw_primary: adev_create_audio_patch: Playback patch from mix handle 341 to device 2
11-08 05:14:28.586 801 867 D audio_hw_primary: update_patch: enter
11-08 05:14:28.586 801 867 D audio_hw_primary: route_output_stream: enter: usecase(4: compress-offload-playback2) devices 2
11-08 05:14:28.586 801 867 D audio_hw_primary: adev_create_audio_patch: Added a new patch with handle 26
11-08 05:14:28.587 801 12195 D audio_hw_utils: audio_extn_utils_compress_get_dsp_latency:: Using Fix DSP delay
11-08 05:14:28.587 801 12195 D audio_hw_utils: audio_extn_utils_compress_get_dsp_latency:: delay in ms is 62
11-08 05:14:28.591 801 12195 D audio_hw_primary: copl(0xe88ca7e0):calling compress flush
11-08 05:14:28.591 801 12195 W audio_hw_primary: out_flush called in invalid state 0
11-08 05:14:28.591 801 12195 D audio_hw_primary: copl(0xe88ca7e0):out of compress flush
11-08 05:14:28.598 1517 5618 W AudioIDCMicroNegotiator: idcm_warn: idcm control is not enable
11-08 05:14:28.601 1517 5618 W AudioIDCMicroNegotiator: idcm_warn: idcm control is not enable
11-08 05:14:28.614 1197 3909 I CCodecBufferChannel: pipelineRoom(3) is <= numClientBuffers(3). Not signalling any more buffers to client
11-08 05:14:28.614 1197 14793 I CCodecBufferChannel: pipelineRoom(3) is <= numClientBuffers(3). Not signalling any more buffers to client
11-08 05:14:28.617 1197 3909 I CCodecBufferChannel: pipelineRoom(1) is <= numClientBuffers(2). Not signalling any more buffers to client
11-08 05:14:28.618 1197 1784 I CCodecBufferChannel: pipelineRoom(1) is <= numClientBuffers(2). Not signalling any more buffers to client
11-08 05:14:28.621 1197 14793 I CCodecBufferChannel: pipelineRoom(1) is <= numClientBuffers(1). Not signalling any more buffers to client
11-08 05:14:28.621 1197 14793 I CCodecBufferChannel: pipelineRoom(2) is <= numClientBuffers(2). Not signalling any more buffers to client
11-08 05:14:28.626 1197 3909 I CCodecBufferChannel: pipelineRoom(3) is <= numClientBuffers(3). Not signalling any more buffers to client
11-08 05:14:28.626 1197 14793 I CCodecBufferChannel: pipelineRoom(3) is <= numClientBuffers(3). Not signalling any more buffers to client
11-08 05:14:28.628 1197 3909 I CCodecBufferChannel: pipelineRoom(1) is <= numClientBuffers(2). Not signalling any more buffers to client
11-08 05:14:28.628 1197 14793 I CCodecBufferChannel: pipelineRoom(1) is <= numClientBuffers(1). Not signalling any more buffers to client
11-08 05:14:28.630 1197 1784 I CCodecBufferChannel: pipelineRoom(1) is <= numClientBuffers(1). Not signalling any more buffers to client
11-08 05:14:28.630 1197 1784 I CCodecBufferChannel: pipelineRoom(1) is <= numClientBuffers(1). Not signalling any more buffers to client
11-08 05:14:28.673 801 12195 E volume_listener: check_and_set_gain_dep_cal: Failed to set gain dep cal level
11-08 05:14:28.673 801 867 D audio_hw_primary: out_set_volume: called with left_vol=0.023646, right_vol=0.023646
11-08 05:14:28.673 801 867 E audio_hw_primary: out_set_compr_volume:ctl for mixer cmd - Compress Playback 11 Volume, left 0.023646, right 0.023646
11-08 05:14:28.676 801 870 E FMQ : grantorIdx must be less than 3
11-08 05:14:28.676 801 870 E FMQ : grantorIdx must be less than 3
11-08 05:14:28.677 801 14799 D audio_hw_primary: start_output_stream: enter: stream(0xe88ca7e0)usecase(4: compress-offload-playback2) devices(0x2) is_haptic_usecase(0)
11-08 05:14:28.678 864 864 E ANDR-PERF-TARGET: Error: Invalid logical cluster id 0
11-08 05:14:28.678 864 864 E ANDR-PERF-REQUEST: invalid request
11-08 05:14:28.678 864 864 E ANDR-PERF-MPCTL: invalid request, no optimizations performed
11-08 05:14:28.678 801 14799 E audio_hw_extn: audio_extn_perf_lock_acquire: Failed to acquire perf lock, err: -1
11-08 05:14:28.678 801 14799 D audio_hw_primary: select_devices for use case (compress-offload-playback2)
11-08 05:14:28.678 801 14799 I msm8974_platform: platform_check_and_set_codec_backend_cfg:becf: afe: bitwidth 16, samplerate 48000 channels 2, backend_idx 0 usecase = 4 device (speaker)
11-08 05:14:28.679 801 14799 D msm8974_platform: platform_split_snd_device: snd_device(2) num devices(1) new_snd_devices(0)
11-08 05:14:28.679 801 14799 I msm8974_platform: platform_check_and_set_codec_backend_cfg: new_snd_devices[0] is 2
11-08 05:14:28.679 801 14799 I msm8974_platform: platform_check_codec_backend_cfg:becf: afe: bitwidth 16, samplerate 48000 channels 2, backend_idx 0 usecase = 4 device (speaker)
11-08 05:14:28.680 801 14799 D audio_hw_extn: audio_extn_enable_hifi_filter: mixer_value set 0
11-08 05:14:28.680 801 14799 D msm8974_platform: platform_check_codec_backend_cfg:becf: updated afe: bitwidth 16, samplerate 48000 channels 2,backend_idx 0 usecase = 4 device (speaker)
11-08 05:14:28.680 801 14799 D msm8974_platform: platform_check_codec_backend_cfg:becf: afe: playback on codec device not supporting native playback set default Sample Rate(48k)
11-08 05:14:28.680 801 14799 I msm8974_platform: platform_check_codec_backend_cfg:becf: afe: Codec selected backend: 0 updated bit width: 16 and sample rate: 48000
11-08 05:14:28.680 801 14799 D audio_hw_primary: check_usecases_codec_backend:becf: force routing 0
11-08 05:14:28.680 801 14799 E msm8974_platform: platform_check_backends_match: Invalid snd_device =
11-08 05:14:28.680 801 14799 D audio_hw_primary: check_usecases_codec_backend:becf: (78) check_usecases curr device: speaker, usecase device: backends match 0
11-08 05:14:28.680 801 14799 D audio_hw_primary: check_usecases_codec_backend:becf: check_usecases num.of Usecases to switch 0
11-08 05:14:28.680 801 14799 D hardware_info: hw_info_append_hw_type : device_name = speaker
11-08 05:14:28.681 801 14799 D msm8974_platform: platform_split_snd_device: snd_device(2) num devices(0) new_snd_devices(0)
11-08 05:14:28.681 801 14799 D audio_hw_primary: enable_snd_device: snd_device(2: speaker)
11-08 05:14:28.681 801 14799 D msm8974_platform: platform_get_island_cfg_on_device:island cfg status on snd_device = (speaker 0)
11-08 05:14:28.681 801 14799 I soundtrigger: audio_extn_sound_trigger_update_device_status: device 0x2 of type 0 for Event 1, with Raise=0
11-08 05:14:28.681 801 14799 D audio_route: Apply path: speaker
11-08 05:14:28.681 801 14799 I audio_hw_utils: audio_extn_utils_update_stream_output_app_type_cfg Allowing 24 and above bits playback on speaker ONLY at default sampling rate
11-08 05:14:28.681 801 14799 E soundtrigger: audio_extn_sound_trigger_update_stream_status: invalid input device 0x0, for event 3
11-08 05:14:28.681 801 14799 D soundtrigger: audio_extn_sound_trigger_update_stream_status: uc_info->id 4 of type 0 for Event 3, with Raise=1
11-08 05:14:28.681 801 14799 I sound_trigger_platform: platform_stdev_check_and_update_concurrency: Received STREAM event, event type 3, usecase type 0
11-08 05:14:28.681 801 14799 D sound_trigger_platform: platform_stdev_get_capture_device: Device = 0x80000004
11-08 05:14:28.681 801 14799 D sound_trigger_platform: platform_stdev_get_capture_device: Available device = 0x80000004
11-08 05:14:28.681 801 14799 D sound_trigger_platform: platform_stdev_check_and_update_concurrency: dedicated path 1, reset backend 1, tx 0, rx 1, concurrency session allowed
11-08 05:14:28.681 801 14799 D audio_hw_utils: audio_extn_utils_send_app_type_cfg: usecase->out_snd_device speaker
11-08 05:14:28.681 801 14799 D msm8974_platform: platform_split_snd_device: snd_device(2) num devices(0) new_snd_devices(0)
11-08 05:14:28.681 801 14799 D audio_hw_utils: audio_extn_btsco_get_sample_rate:Not a BT SCO device, need not update sampling rate
11-08 05:14:28.681 801 14799 I audio_hw_utils: send_app_type_cfg_for_device PLAYBACK app_type 69936, acdb_dev_id 15, sample_rate 48000, snd_device_be_idx 179
11-08 05:14:28.682 801 14799 D msm8974_platform: platform_split_snd_device: snd_device(2) num devices(1) new_snd_devices(0)
11-08 05:14:28.682 801 14799 D audio_hw_utils: audio_extn_btsco_get_sample_rate:Not a BT SCO device, need not update sampling rate
11-08 05:14:28.682 801 14799 D ACDB-LOADER: ACDB -> send_audio_cal, acdb_id = 15, path = 0, app id = 0x11130, sample rate = 48000, afe_sample_rate = 48000
11-08 05:14:28.682 801 14799 D ACDB-LOADER: ACDB -> send_asm_topology
11-08 05:14:28.682 801 14799 D ACDB-LOADER: ACDB -> ACDB_CMD_GET_AUDPROC_STREAM_TOPOLOGY_ID
11-08 05:14:28.682 801 14799 D ACDB-LOADER: ACDB -> send_adm_topology
11-08 05:14:28.682 801 14799 D ACDB-LOADER: ACDB -> ACDB_CMD_GET_AUDPROC_COMMON_TOPOLOGY_ID
11-08 05:14:28.682 801 14799 D ACDB-LOADER: ACDB -> send_audtable
