--------- beginning of radio
11-08 02:10:02.240 1517 1517 D TelephonyRegistry: listen oscl: mHasNotifySubscriptionInfoChangedOccurred==false no callback
11-08 02:10:02.851 1517 1717 D TelephonyRegistry: listen oscl: mHasNotifySubscriptionInfoChangedOccurred==false no callback
11-08 02:10:02.880 1517 1718 D TelephonyRegistry: listen oscl: mHasNotifySubscriptionInfoChangedOccurred==false no callback
11-08 02:10:02.882 1517 1517 D TelephonyRegistry: listen oscl: mHasNotifySubscriptionInfoChangedOccurred==false no callback
11-08 02:10:02.908 1517 1517 D TelephonyRegistry: listen oscl: mHasNotifySubscriptionInfoChangedOccurred==false no callback
11-08 02:10:02.924 1517 1605 W CarrierConfigManager: Error getting config for subId -1 ICarrierConfigLoader is null
11-08 02:10:02.950 1517 1517 D TelephonyRegistry: systemRunning register for intents
11-08 02:10:03.175 1517 1614 D TelephonyRegistry: listen oscl: mHasNotifySubscriptionInfoChangedOccurred==false no callback
11-08 02:10:03.460 1517 1553 D TelephonyRegistry: listen oscl: mHasNotifySubscriptionInfoChangedOccurred==false no callback
11-08 02:10:03.545 1517 1517 D TelephonyRegistry: listen oscl: mHasNotifySubscriptionInfoChangedOccurred==false no callback
11-08 02:10:03.555 1517 1517 D TelephonyRegistry: notifyCellLocationForSubscriber: subId=2147483647 cellIdentity=null
11-08 02:10:03.739 1969 1969 W CarrierConfigManager: Error getting config for subId -1 ICarrierConfigLoader is null
11-08 02:10:03.746 1517 1553 D TelephonyRegistry: listen oscl: mHasNotifySubscriptionInfoChangedOccurred==false no callback
11-08 02:10:04.924 1517 2116 D TelephonyRegistry: listen oscl: mHasNotifySubscriptionInfoChangedOccurred==false no callback
11-08 02:10:05.031 1517 2084 D TelephonyRegistry: listen oscl: mHasNotifySubscriptionInfoChangedOccurred==false no callback
11-08 02:10:05.351 1517 2118 D TelephonyRegistry: listen oscl: mHasNotifySubscriptionInfoChangedOccurred==false no callback
11-08 02:10:06.740 3534 3534 D CAT : BootCompletedReceiver: [ACTION_BOOT_COMPLETED]
11-08 02:10:06.742 3534 3534 D CAT : StkAppService: onCreate()+
11-08 02:10:06.743 3534 3534 D CAT : StkAppService: simCount: 1
11-08 02:10:06.743 3534 3534 D CAT : StkAppService: slotId: 0
11-08 02:10:06.744 3534 3534 D CAT : StkAppService: onStart sim id: 0, op: 5, *****
11-08 02:10:06.744 3534 3534 D CAT : StkAppService: mStkService is: -1
11-08 02:10:06.753 3534 3534 D CAT : StkAppService: onDestroy()
11-08 02:12:31.795 2417 2417 W CarrierConfigManager: Error getting config for subId -1 ICarrierConfigLoader is null
11-08 02:12:31.847 1517 1553 D TelephonyRegistry: listen oscl: mHasNotifySubscriptionInfoChangedOccurred==false no callback
11-08 02:12:31.851 1517 1553 D TelephonyRegistry: listen oscl: mHasNotifySubscriptionInfoChangedOccurred==false no callback
11-08 02:12:40.627 2417 2417 W FeatureConnector: [ImsConnector, 0] connect: not supported.
11-08 02:12:45.758 1517 1553 D TelephonyRegistry: listen oscl: mHasNotifySubscriptionInfoChangedOccurred==false no callback
11-08 02:12:45.760 1517 1553 D TelephonyRegistry: listen oscl: mHasNotifySubscriptionInfoChangedOccurred==false no callback
11-08 04:30:24.285 9517 9517 W CarrierConfigManager: Error getting config for subId -1 ICarrierConfigLoader is null
11-08 04:30:24.347 1517 2117 D TelephonyRegistry: listen oscl: mHasNotifySubscriptionInfoChangedOccurred==false no callback
11-08 04:30:24.353 1517 2117 D TelephonyRegistry: listen oscl: mHasNotifySubscriptionInfoChangedOccurred==false no callback
11-08 04:30:46.301 9517 9517 W FeatureConnector: [ImsConnector, 0] connect: not supported.
11-08 04:39:18.366 1517 7327 D TelephonyRegistry: listen oscl: mHasNotifySubscriptionInfoChangedOccurred==false no callback --------- beginning of events
11-08 04:44:21.683 350 350 I auditd : type=1400 audit(0.0:9884): avc: denied { kill } for comm="irq/382-atmel_m" capability=5 scontext=u:r:kernel:s0 tcontext=u:r:kernel:s0 tclass=capability permissive=0
11-08 04:44:22.683 350 350 I auditd : type=1400 audit(0.0:9885): avc: denied { kill } for comm="irq/382-atmel_m" capability=5 scontext=u:r:kernel:s0 tcontext=u:r:kernel:s0 tclass=capability permissive=0
11-08 04:44:23.683 350 350 I auditd : type=1400 audit(0.0:9886): avc: denied { kill } for comm="irq/382-atmel_m" capability=5 scontext=u:r:kernel:s0 tcontext=u:r:kernel:s0 tclass=capability permissive=0
11-08 04:44:24.683 0 0 I auditd : type=1400 audit(0.0:9887): avc: denied { kill } for comm="swapper/0" capability=5 scontext=u:r:kernel:s0 tcontext=u:r:kernel:s0 tclass=capability permissive=0
11-08 04:44:25.683 0 0 I auditd : type=1400 audit(0.0:9888): avc: denied { kill } for comm="swapper/0" capability=5 scontext=u:r:kernel:s0 tcontext=u:r:kernel:s0 tclass=capability permissive=0
11-08 04:44:26.683 0 0 I auditd : type=1400 audit(0.0:9889): avc: denied { kill } for comm="swapper/0" capability=5 scontext=u:r:kernel:s0 tcontext=u:r:kernel:s0 tclass=capability permissive=0
11-08 04:44:27.683 0 0 I auditd : type=1400 audit(0.0:9890): avc: denied { kill } for comm="swapper/0" capability=5 scontext=u:r:kernel:s0 tcontext=u:r:kernel:s0 tclass=capability permissive=0
11-08 04:44:28.683 350 350 I auditd : type=1400 audit(0.0:9891): avc: denied { kill } for comm="irq/382-atmel_m" capability=5 scontext=u:r:kernel:s0 tcontext=u:r:kernel:s0 tclass=capability permissive=0
11-08 04:44:29.683 0 0 I auditd : type=1400 audit(0.0:9892): avc: denied { kill } for comm="swapper/2" capability=5 scontext=u:r:kernel:s0 tcontext=u:r:kernel:s0 tclass=capability permissive=0
11-08 04:44:30.683 0 0 I auditd : type=1400 audit(0.0:9893): avc: denied { kill } for comm="swapper/2" capability=5 scontext=u:r:kernel:s0 tcontext=u:r:kernel:s0 tclass=capability permissive=0
11-08 04:44:31.683 0 0 I auditd : type=1400 audit(0.0:9894): avc: denied { kill } for comm="swapper/2" capability=5 scontext=u:r:kernel:s0 tcontext=u:r:kernel:s0 tclass=capability permissive=0
11-08 04:44:32.683 0 0 I auditd : type=1400 audit(0.0:9895): avc: denied { kill } for comm="swapper/2" capability=5 scontext=u:r:kernel:s0 tcontext=u:r:kernel:s0 tclass=capability permissive=0
11-08 04:44:33.683 0 0 I auditd : type=1400 audit(0.0:9896): avc: denied { kill } for comm="swapper/2" capability=5 scontext=u:r:kernel:s0 tcontext=u:r:kernel:s0 tclass=capability permissive=0
11-08 04:44:36.683 0 0 I auditd : type=1400 audit(0.0:9897): avc: denied { kill } for comm="swapper/2" capability=5 scontext=u:r:kernel:s0 tcontext=u:r:kernel:s0 tclass=capability permissive=0
11-08 04:44:37.683 0 0 I auditd : type=1400 audit(0.0:9898): avc: denied { kill } for comm="swapper/2" capability=5 scontext=u:r:kernel:s0 tcontext=u:r:kernel:s0 tclass=capability permissive=0
11-08 04:44:39.016 1517 1615 I am_uid_idle: 10088
11-08 04:44:42.683 0 0 I auditd : type=1400 audit(0.0:9899): avc: denied { kill } for comm="swapper/1" capability=5 scontext=u:r:kernel:s0 tcontext=u:r:kernel:s0 tclass=capability permissive=0
11-08 04:44:43.683 0 0 I auditd : type=1400 audit(0.0:9900): avc: denied { kill } for comm="swapper/1" capability=5 scontext=u:r:kernel:s0 tcontext=u:r:kernel:s0 tclass=capability permissive=0
11-08 04:44:45.683 0 0 I auditd : type=1400 audit(0.0:9901): avc: denied { kill } for comm="swapper/1" capability=5 scontext=u:r:kernel:s0 tcontext=u:r:kernel:s0 tclass=capability permissive=0
11-08 04:44:46.683 0 0 I auditd : type=1400 audit(0.0:9902): avc: denied { kill } for comm="swapper/1" capability=5 scontext=u:r:kernel:s0 tcontext=u:r:kernel:s0 tclass=capability permissive=0
11-08 04:44:47.683 0 0 I auditd : type=1400 audit(0.0:9903): avc: denied { kill } for comm="swapper/1" capability=5 scontext=u:r:kernel:s0 tcontext=u:r:kernel:s0 tclass=capability permissive=0
11-08 04:44:48.683 0 0 I auditd : type=1400 audit(0.0:9904): avc: denied { kill } for comm="swapper/1" capability=5 scontext=u:r:kernel:s0 tcontext=u:r:kernel:s0 tclass=capability permissive=0
11-08 04:44:49.683 0 0 I auditd : type=1400 audit(0.0:9905): avc: denied { kill } for comm="swapper/1" capability=5 scontext=u:r:kernel:s0 tcontext=u:r:kernel:s0 tclass=capability permissive=0
11-08 04:44:50.683 0 0 I auditd : type=1400 audit(0.0:9906): avc: denied { kill } for comm="swapper/1" capability=5 scontext=u:r:kernel:s0 tcontext=u:r:kernel:s0 tclass=capability permissive=0
11-08 04:44:51.683 0 0 I auditd : type=1400 audit(0.0:9907): avc: denied { kill } for comm="swapper/1" capability=5 scontext=u:r:kernel:s0 tcontext=u:r:kernel:s0 tclass=capability permissive=0
11-08 04:44:52.683 0 0 I auditd : type=1400 audit(0.0:9908): avc: denied { kill } for comm="swapper/1" capability=5 scontext=u:r:kernel:s0 tcontext=u:r:kernel:s0 tclass=capability permissive=0
11-08 04:44:53.683 0 0 I auditd : type=1400 audit(0.0:9909): avc: denied { kill } for comm="swapper/1" capability=5 scontext=u:r:kernel:s0 tcontext=u:r:kernel:s0 tclass=capability permissive=0
11-08 04:44:54.683 0 0 I auditd : type=1400 audit(0.0:9910): avc: denied { kill } for comm="swapper/1" capability=5 scontext=u:r:kernel:s0 tcontext=u:r:kernel:s0 tclass=capability permissive=0
11-08 04:44:55.683 0 0 I auditd : type=1400 audit(0.0:9911): avc: denied { kill } for comm="swapper/1" capability=5 scontext=u:r:kernel:s0 tcontext=u:r:kernel:s0 tclass=capability permissive=0
11-08 04:44:55.691 1517 1615 I am_uid_idle: 10063
11-08 04:44:58.683 0 0 I auditd : type=1400 audit(0.0:9912): avc: denied { kill } for comm="swapper/2" capability=5 scontext=u:r:kernel:s0 tcontext=u:r:kernel:s0 tclass=capability permissive=0
11-08 04:44:59.683 0 0 I auditd : type=1400 audit(0.0:9913): avc: denied { kill } for comm="swapper/2" capability=5 scontext=u:r:kernel:s0 tcontext=u:r:kernel:s0 tclass=capability permissive=0
11-08 04:45:01.683 0 0 I auditd : type=1400 audit(0.0:9914): avc: denied { kill } for comm="swapper/2" capability=5 scontext=u:r:kernel:s0 tcontext=u:r:kernel:s0 tclass=capability permissive=0
11-08 04:45:04.683 0 0 I auditd : type=1400 audit(0.0:9915): avc: denied { kill } for comm="swapper/2" capability=5 scontext=u:r:kernel:s0 tcontext=u:r:kernel:s0 tclass=capability permissive=0
11-08 04:45:05.683 0 0 I auditd : type=1400 audit(0.0:9916): avc: denied { kill } for comm="swapper/2" capability=5 scontext=u:r:kernel:s0 tcontext=u:r:kernel:s0 tclass=capability permissive=0
11-08 04:45:07.683 0 0 I auditd : type=1400 audit(0.0:9917): avc: denied { kill } for comm="swapper/3" capability=5 scontext=u:r:kernel:s0 tcontext=u:r:kernel:s0 tclass=capability permissive=0
11-08 04:45:08.683 9838 9838 I auditd : type=1400 audit(0.0:9918): avc: denied { kill } for comm="kworker/u16:16" capability=5 scontext=u:r:kernel:s0 tcontext=u:r:kernel:s0 tclass=capability permissive=0
11-08 04:45:09.683 10104 10104 I auditd : type=1400 audit(0.0:9919): avc: denied { kill } for comm="kworker/u17:0" capability=5 scontext=u:r:kernel:s0 tcontext=u:r:kernel:s0 tclass=capability permissive=0
11-08 04:45:11.683 0 0 I auditd : type=1400 audit(0.0:9920): avc: denied { kill } for comm="swapper/1" capability=5 scontext=u:r:kernel:s0 tcontext=u:r:kernel:s0 tclass=capability permissive=0
11-08 04:45:12.683 0 0 I auditd : type=1400 audit(0.0:9921): avc: denied { kill } for comm="swapper/1" capability=5 scontext=u:r:kernel:s0 tcontext=u:r:kernel:s0 tclass=capability permissive=0
11-08 04:45:15.683 0 0 I auditd : type=1400 audit(0.0:9922): avc: denied { kill } for comm="swapper/1" capability=5 scontext=u:r:kernel:s0 tcontext=u:r:kernel:s0 tclass=capability permissive=0
11-08 04:45:17.683 0 0 I auditd : type=1400 audit(0.0:9923): avc: denied { kill } for comm="swapper/1" capability=5 scontext=u:r:kernel:s0 tcontext=u:r:kernel:s0 tclass=capability permissive=0
11-08 04:45:20.683 0 0 I auditd : type=1400 audit(0.0:9924): avc: denied { kill } for comm="swapper/1" capability=5 scontext=u:r:kernel:s0 tcontext=u:r:kernel:s0 tclass=capability permissive=0
11-08 04:45:21.683 0 0 I auditd : type=1400 audit(0.0:9925): avc: denied { kill } for comm="swapper/1" capability=5 scontext=u:r:kernel:s0 tcontext=u:r:kernel:s0 tclass=capability permissive=0
11-08 04:45:22.683 0 0 I auditd : type=1400 audit(0.0:9926): avc: denied { kill } for comm="swapper/1" capability=5 scontext=u:r:kernel:s0 tcontext=u:r:kernel:s0 tclass=capability permissive=0
11-08 04:45:23.683 0 0 I auditd : type=1400 audit(0.0:9927): avc: denied { kill } for comm="swapper/1" capability=5 scontext=u:r:kernel:s0 tcontext=u:r:kernel:s0 tclass=capability permissive=0
11-08 04:45:24.683 0 0 I auditd : type=1400 audit(0.0:9928): avc: denied { kill } for comm="swapper/1" capability=5 scontext=u:r:kernel:s0 tcontext=u:r:kernel:s0 tclass=capability permissive=0
11-08 04:45:26.683 0 0 I auditd : type=1400 audit(0.0:9929): avc: denied { kill } for comm="swapper/1" capability=5 scontext=u:r:kernel:s0 tcontext=u:r:kernel:s0 tclass=capability permissive=0
11-08 04:45:27.683 0 0 I auditd : type=1400 audit(0.0:9930): avc: denied { kill } for comm="swapper/1" capability=5 scontext=u:r:kernel:s0 tcontext=u:r:kernel:s0 tclass=capability permissive=0
11-08 04:45:28.683 0 0 I auditd : type=1400 audit(0.0:9931): avc: denied { kill } for comm="swapper/1" capability=5 scontext=u:r:kernel:s0 tcontext=u:r:kernel:s0 tclass=capability permissive=0
11-08 04:45:29.683 0 0 I auditd : type=1400 audit(0.0:9932): avc: denied { kill } for comm="swapper/1" capability=5 scontext=u:r:kernel:s0 tcontext=u:r:kernel:s0 tclass=capability permissive=0
11-08 04:45:30.683 0 0 I auditd : type=1400 audit(0.0:9933): avc: denied { kill } for comm="swapper/1" capability=5 scontext=u:r:kernel:s0 tcontext=u:r:kernel:s0 tclass=capability permissive=0
11-08 04:45:32.683 0 0 I auditd : type=1400 audit(0.0:9934): avc: denied { kill } for comm="swapper/3" capability=5 scontext=u:r:kernel:s0 tcontext=u:r:kernel:s0 tclass=capability permissive=0
11-08 04:45:33.683 0 0 I auditd : type=1400 audit(0.0:9935): avc: denied { kill } for comm="swapper/3" capability=5 scontext=u:r:kernel:s0 tcontext=u:r:kernel:s0 tclass=capability permissive=0
11-08 04:45:34.683 0 0 I auditd : type=1400 audit(0.0:9936): avc: denied { kill } for comm="swapper/3" capability=5 scontext=u:r:kernel:s0 tcontext=u:r:kernel:s0 tclass=capability permissive=0
11-08 04:45:35.683 0 0 I auditd : type=1400 audit(0.0:9937): avc: denied { kill } for comm="swapper/3" capability=5 scontext=u:r:kernel:s0 tcontext=u:r:kernel:s0 tclass=capability permissive=0
11-08 04:45:36.683 0 0 I auditd : type=1400 audit(0.0:9938): avc: denied { kill } for comm="swapper/3" capability=5 scontext=u:r:kernel:s0 tcontext=u:r:kernel:s0 tclass=capability permissive=0
11-08 04:45:37.683 0 0 I auditd : type=1400 audit(0.0:9939): avc: denied { kill } for comm="swapper/3" capability=5 scontext=u:r:kernel:s0 tcontext=u:r:kernel:s0 tclass=capability permissive=0
11-08 04:45:40.683 0 0 I auditd : type=1400 audit(0.0:9940): avc: denied { kill } for comm="swapper/3" capability=5 scontext=u:r:kernel:s0 tcontext=u:r:kernel:s0 tclass=capability permissive=0
11-08 04:45:41.683 0 0 I auditd : type=1400 audit(0.0:9941): avc: denied { kill } for comm="swapper/3" capability=5 scontext=u:r:kernel:s0 tcontext=u:r:kernel:s0 tclass=capability permissive=0
11-08 04:45:43.683 0 0 I auditd : type=1400 audit(0.0:9942): avc: denied { kill } for comm="swapper/3" capability=5 scontext=u:r:kernel:s0 tcontext=u:r:kernel:s0 tclass=capability permissive=0
11-08 04:45:44.683 0 0 I auditd : type=1400 audit(0.0:9943): avc: denied { kill } for comm="swapper/3" capability=5 scontext=u:r:kernel:s0 tcontext=u:r:kernel:s0 tclass=capability permissive=0
11-08 04:45:47.683 0 0 I auditd : type=1400 audit(0.0:9944): avc: denied { kill } for comm="swapper/0" capability=5 scontext=u:r:kernel:s0 tcontext=u:r:kernel:s0 tclass=capability permissive=0
11-08 04:45:48.683 0 0 I auditd : type=1400 audit(0.0:9945): avc: denied { kill } for comm="swapper/0" capability=5 scontext=u:r:kernel:s0 tcontext=u:r:kernel:s0 tclass=capability permissive=0
11-08 04:45:49.683 0 0 I auditd : type=1400 audit(0.0:9946): avc: denied { kill } for comm="swapper/0" capability=5 scontext=u:r:kernel:s0 tcontext=u:r:kernel:s0 tclass=capability permissive=0
11-08 04:45:50.683 0 0 I auditd : type=1400 audit(0.0:9947): avc: denied { kill } for comm="swapper/0" capability=5 scontext=u:r:kernel:s0 tcontext=u:r:kernel:s0 tclass=capability permissive=0
11-08 04:45:51.683 0 0 I auditd : type=1400 audit(0.0:9948): avc: denied { kill } for comm="swapper/0" capability=5 scontext=u:r:kernel:s0 tcontext=u:r:kernel:s0 tclass=capability permissive=0
11-08 04:45:52.683 0 0 I auditd : type=1400 audit(0.0:9949): avc: denied { kill } for comm="swapper/0" capability=5 scontext=u:r:kernel:s0 tcontext=u:r:kernel:s0 tclass=capability permissive=0
11-08 04:45:53.683 0 0 I auditd : type=1400 audit(0.0:9950): avc: denied { kill } for comm="swapper/0" capability=5 scontext=u:r:kernel:s0 tcontext=u:r:kernel:s0 tclass=capability permissive=0
11-08 04:45:54.683 0 0 I auditd : type=1400 audit(0.0:9951): avc: denied { kill } for comm="swapper/0" capability=5 scontext=u:r:kernel:s0 tcontext=u:r:kernel:s0 tclass=capability permissive=0
11-08 04:45:55.683 0 0 I auditd : type=1400 audit(0.0:9952): avc: denied { kill } for comm="swapper/0" capability=5 scontext=u:r:kernel:s0 tcontext=u:r:kernel:s0 tclass=capability permissive=0
11-08 04:45:57.683 0 0 I auditd : type=1400 audit(0.0:9953): avc: denied { kill } for comm="swapper/0" capability=5 scontext=u:r:kernel:s0 tcontext=u:r:kernel:s0 tclass=capability permissive=0
11-08 04:45:58.683 0 0 I auditd : type=1400 audit(0.0:9954): avc: denied { kill } for comm="swapper/0" capability=5 scontext=u:r:kernel:s0 tcontext=u:r:kernel:s0 tclass=capability permissive=0
11-08 04:45:59.683 350 350 I auditd : type=1400 audit(0.0:9955): avc: denied { kill } for comm="irq/382-atmel_m" capability=5 scontext=u:r:kernel:s0 tcontext=u:r:kernel:s0 tclass=capability permissive=0
11-08 04:46:00.683 0 0 I auditd : type=1400 audit(0.0:9956): avc: denied { kill } for comm="swapper/0" capability=5 scontext=u:r:kernel:s0 tcontext=u:r:kernel:s0 tclass=capability permissive=0
11-08 04:46:01.683 0 0 I auditd : type=1400 audit(0.0:9957): avc: denied { kill } for comm="swapper/0" capability=5 scontext=u:r:kernel:s0 tcontext=u:r:kernel:s0 tclass=capability permissive=0
11-08 04:46:02.683 0 0 I auditd : type=1400 audit(0.0:9958): avc: denied { kill } for comm="swapper/0" capability=5 scontext=u:r:kernel:s0 tcontext=u:r:kernel:s0 tclass=capability permissive=0
11-08 04:46:03.683 0 0 I auditd : type=1400 audit(0.0:9959): avc: denied { kill } for comm="swapper/0" capability=5 scontext=u:r:kernel:s0 tcontext=u:r:kernel:s0 tclass=capability permissive=0
11-08 04:46:04.683 0 0 I auditd : type=1400 audit(0.0:9960): avc: denied { kill } for comm="swapper/0" capability=5 scontext=u:r:kernel:s0 tcontext=u:r:kernel:s0 tclass=capability permissive=0
11-08 04:46:05.683 0 0 I auditd : type=1400 audit(0.0:9961): avc: denied { kill } for comm="swapper/0" capability=5 scontext=u:r:kernel:s0 tcontext=u:r:kernel:s0 tclass=capability permissive=0
11-08 04:46:06.683 0 0 I auditd : type=1400 audit(0.0:9962): avc: denied { kill } for comm="swapper/0" capability=5 scontext=u:r:kernel:s0 tcontext=u:r:kernel:s0 tclass=capability permissive=0
11-08 04:46:07.683 0 0 I auditd : type=1400 audit(0.0:9963): avc: denied { kill } for comm="swapper/0" capability=5 scontext=u:r:kernel:s0 tcontext=u:r:kernel:s0 tclass=capability permissive=0
11-08 04:46:08.683 0 0 I auditd : type=1400 audit(0.0:9964): avc: denied { kill } for comm="swapper/0" capability=5 scontext=u:r:kernel:s0 tcontext=u:r:kernel:s0 tclass=capability permissive=0
11-08 04:46:09.683 0 0 I auditd : type=1400 audit(0.0:9965): avc: denied { kill } for comm="swapper/0" capability=5 scontext=u:r:kernel:s0 tcontext=u:r:kernel:s0 tclass=capability permissive=0
11-08 04:46:10.683 350 350 I auditd : type=1400 audit(0.0:9966): avc: denied { kill } for comm="irq/382-atmel_m" capability=5 scontext=u:r:kernel:s0 tcontext=u:r:kernel:s0 tclass=capability permissive=0
11-08 04:46:11.683 0 0 I auditd : type=1400 audit(0.0:9967): avc: denied { kill } for comm="swapper/0" capability=5 scontext=u:r:kernel:s0 tcontext=u:r:kernel:s0 tclass=capability permissive=0
11-08 04:46:12.683 350 350 I auditd : type=1400 audit(0.0:9968): avc: denied { kill } for comm="irq/382-atmel_m" capability=5 scontext=u:r:kernel:s0 tcontext=u:r:kernel:s0 tclass=capability permissive=0
11-08 04:46:13.683 0 0 I auditd : type=1400 audit(0.0:9969): avc: denied { kill } for comm="swapper/0" capability=5 scontext=u:r:kernel:s0 tcontext=u:r:kernel:s0 tclass=capability permissive=0
11-08 04:46:14.683 350 350 I auditd : type=1400 audit(0.0:9970): avc: denied { kill } for comm="irq/382-atmel_m" capability=5 scontext=u:r:kernel:s0 tcontext=u:r:kernel:s0 tclass=capability permissive=0
11-08 04:46:15.683 350 350 I auditd : type=1400 audit(0.0:9971): avc: denied { kill } for comm="irq/382-atmel_m" capability=5 scontext=u:r:kernel:s0 tcontext=u:r:kernel:s0 tclass=capability permissive=0
11-08 04:46:16.683 0 0 I auditd : type=1400 audit(0.0:9972): avc: denied { kill } for comm="swapper/0" capability=5 scontext=u:r:kernel:s0 tcontext=u:r:kernel:s0 tclass=capability permissive=0
11-08 04:46:18.683 350 350 I auditd : type=1400 audit(0.0:9973): avc: denied { kill } for comm="irq/382-atmel_m" capability=5 scontext=u:r:kernel:s0 tcontext=u:r:kernel:s0 tclass=capability permissive=0
11-08 04:46:19.683 0 0 I auditd : type=1400 audit(0.0:9974): avc: denied { kill } for comm="swapper/0" capability=5 scontext=u:r:kernel:s0 tcontext=u:r:kernel:s0 tclass=capability permissive=0
11-08 04:46:20.683 350 350 I auditd : type=1400 audit(0.0:9975): avc: denied { kill } for comm="irq/382-atmel_m" capability=5 scontext=u:r:kernel:s0 tcontext=u:r:kernel:s0 tclass=capability permissive=0
11-08 04:46:21.683 350 350 I auditd : type=1400 audit(0.0:9976): avc: denied { kill } for comm="irq/382-atmel_m" capability=5 scontext=u:r:kernel:s0 tcontext=u:r:kernel:s0 tclass=capability permissive=0
11-08 04:46:22.683 0 0 I auditd : type=1400 audit(0.0:9977): avc: denied { kill } for comm="swapper/0" capability=5 scontext=u:r:kernel:s0 tcontext=u:r:kernel:s0 tclass=capability permissive=0
11-08 04:46:24.683 0 0 I auditd : type=1400 audit(0.0:9978): avc: denied { kill } for comm="swapper/0" capability=5 scontext=u:r:kernel:s0 tcontext=u:r:kernel:s0 tclass=capability permissive=0
11-08 04:46:25.683 350 350 I auditd : type=1400 audit(0.0:9979): avc: denied { kill } for comm="irq/382-atmel_m" capability=5 scontext=u:r:kernel:s0 tcontext=u:r:kernel:s0 tclass=capability permissive=0
11-08 04:46:26.683 0 0 I auditd : type=1400 audit(0.0:9980): avc: denied { kill } for comm="swapper/0" capability=5 scontext=u:r:kernel:s0 tcontext=u:r:kernel:s0 tclass=capability permissive=0
11-08 04:46:27.683 0 0 I auditd : type=1400 audit(0.0:9981): avc: denied { kill } for comm="swapper/0" capability=5 scontext=u:r:kernel:s0 tcontext=u:r:kernel:s0 tclass=capability permissive=0
11-08 04:46:28.683 0 0 I auditd : type=1400 audit(0.0:9982): avc: denied { kill } for comm="swapper/0" capability=5 scontext=u:r:kernel:s0 tcontext=u:r:kernel:s0 tclass=capability permissive=0
11-08 04:46:29.683 0 0 I auditd : type=1400 audit(0.0:9983): avc: denied { kill } for comm="swapper/0" capability=5 scontext=u:r:kernel:s0 tcontext=u:r:kernel:s0 tclass=capability permissive=0
11-08 04:46:30.683 0 0 I auditd : type=1400 audit(0.0:9984): avc: denied { kill } for comm="swapper/0" capability=5 scontext=u:r:kernel:s0 tcontext=u:r:kernel:s0 tclass=capability permissive=0
11-08 04:46:31.683 350 350 I auditd : type=1400 audit(0.0:9985): avc: denied { kill } for comm="irq/382-atmel_m" capability=5 scontext=u:r:kernel:s0 tcontext=u:r:kernel:s0 tclass=capability permissive=0
11-08 04:46:32.683 0 0 I auditd : type=1400 audit(0.0:9986): avc: denied { kill } for comm="swapper/0" capability=5 scontext=u:r:kernel:s0 tcontext=u:r:kernel:s0 tclass=capability permissive=0
11-08 04:46:33.683 0 0 I auditd : type=1400 audit(0.0:9987): avc: denied { kill } for comm="swapper/0" capability=5 scontext=u:r:kernel:s0 tcontext=u:r:kernel:s0 tclass=capability permissive=0
11-08 04:46:34.683 0 0 I auditd : type=1400 audit(0.0:9988): avc: denied { kill } for comm="swapper/0" capability=5 scontext=u:r:kernel:s0 tcontext=u:r:kernel:s0 tclass=capability permissive=0
11-08 04:46:35.683 0 0 I auditd : type=1400 audit(0.0:9989): avc: denied { kill } for comm="swapper/0" capability=5 scontext=u:r:kernel:s0 tcontext=u:r:kernel:s0 tclass=capability permissive=0
11-08 04:46:37.683 0 0 I auditd : type=1400 audit(0.0:9990): avc: denied { kill } for comm="swapper/0" capability=5 scontext=u:r:kernel:s0 tcontext=u:r:kernel:s0 tclass=capability permissive=0
11-08 04:46:38.683 350 350 I auditd : type=1400 audit(0.0:9991): avc: denied { kill } for comm="irq/382-atmel_m" capability=5 scontext=u:r:kernel:s0 tcontext=u:r:kernel:s0 tclass=capability permissive=0
11-08 04:46:39.683 0 0 I auditd : type=1400 audit(0.0:9992): avc: denied { kill } for comm="swapper/0" capability=5 scontext=u:r:kernel:s0 tcontext=u:r:kernel:s0 tclass=capability permissive=0
11-08 04:46:40.683 350 350 I auditd : type=1400 audit(0.0:9993): avc: denied { kill } for comm="irq/382-atmel_m" capability=5 scontext=u:r:kernel:s0 tcontext=u:r:kernel:s0 tclass=capability permissive=0
11-08 04:46:41.603 1517 10469 I commit_sys_config_file: [appops,9388890]
11-08 04:46:41.683 0 0 I auditd : type=1400 audit(0.0:9994): avc: denied { kill } for comm="swapper/0" capability=5 scontext=u:r:kernel:s0 tcontext=u:r:kernel:s0 tclass=capability permissive=0
11-08 04:46:43.683 0 0 I auditd : type=1400 audit(0.0:9995): avc: denied { kill } for comm="swapper/0" capability=5 scontext=u:r:kernel:s0 tcontext=u:r:kernel:s0 tclass=capability permissive=0
11-08 04:46:44.683 10619 10619 I auditd : type=1400 audit(0.0:9996): avc: denied { kill } for comm="kworker/u16:9" capability=5 scontext=u:r:kernel:s0 tcontext=u:r:kernel:s0 tclass=capability permissive=0
11-08 04:46:45.683 0 0 I auditd : type=1400 audit(0.0:9997): avc: denied { kill } for comm="swapper/0" capability=5 scontext=u:r:kernel:s0 tcontext=u:r:kernel:s0 tclass=capability permissive=0
11-08 04:46:46.657 1517 2078 I wm_finish_activity: [0,100053164,167,com.android.gallery3d/.app.MovieActivity,app-request]
11-08 04:46:46.670 1517 2078 I wm_pause_activity: [0,100053164,com.android.gallery3d/.app.MovieActivity,userLeaving=false,finish]
11-08 04:46:46.679 11103 11103 I wm_on_top_resumed_lost_called: [100053164,com.android.gallery3d.app.MovieActivity,topStateChangedWhenResumed]
11-08 04:46:46.708 1517 1689 I input_focus: [Focus leaving ceb67d6 com.android.gallery3d/com.android.gallery3d.app.MovieActivity (server),reason=NO_WINDOW]
11-08 04:46:46.741 11103 11103 I wm_on_paused_called: [100053164,com.android.gallery3d.app.MovieActivity,performPause]
11-08 04:46:46.742 1517 2078 I wm_add_to_stopping: [0,100053164,com.android.gallery3d/.app.MovieActivity,completeFinishing]
11-08 04:46:46.744 1517 2078 I wm_set_resumed_activity: [0,com.android.gallery3d/.app.GalleryActivity,resumeTopActivityInnerLocked]
11-08 04:46:46.745 1517 2078 I wm_resume_activity: [0,177202904,167,com.android.gallery3d/.app.GalleryActivity]
11-08 04:46:46.751 1517 1608 I sysui_multi_action: [757,803,799,window_time_2,802,177]
11-08 04:46:46.762 1517 1614 I am_pss : [11103,10066,com.android.gallery3d,65302528,58769408,0,184709120,0,2,9]
11-08 04:46:46.763 11103 11103 I wm_on_activity_result_called: [177202904,com.android.gallery3d.app.GalleryActivity,ACTIVITY_RESULT]
11-08 04:46:46.765 11103 11103 I wm_on_resume_called: [177202904,com.android.gallery3d.app.GalleryActivity,RESUME_ACTIVITY]
11-08 04:46:46.765 11103 11103 I wm_on_top_resumed_gained_called: [177202904,com.android.gallery3d.app.GalleryActivity,topWhenResuming]
11-08 04:46:46.783 1517 1609 I input_focus: [Focus request 15d8fc6 com.android.gallery3d/com.android.gallery3d.app.GalleryActivity,reason=UpdateInputWindows]
11-08 04:46:46.825 1517 1689 I input_focus: [Focus entering 15d8fc6 com.android.gallery3d/com.android.gallery3d.app.GalleryActivity (server),reason=Window became focusable. Previous reason: NOT_VISIBLE]
11-08 04:46:46.872 1517 1517 I am_uid_active: 10063
11-08 04:46:46.877 1517 1614 I am_pss : [1969,10082,com.android.systemui,97250304,75108352,0,262144000,0,0,11]
11-08 04:46:46.883 1517 1614 I commit_sys_config_file: [procstats,18]
11-08 04:46:47.056 1517 1614 I am_pss : [3517,2000,com.android.shell,6345728,4304896,0,94003200,0,19,7]
11-08 04:46:47.213 1517 1608 I wm_destroy_activity: [0,100053164,167,com.android.gallery3d/.app.MovieActivity,finish-imm:idle]
11-08 04:46:47.231 11103 11103 I wm_on_stop_called: [100053164,com.android.gallery3d.app.MovieActivity,LIFECYCLER_STOP_ACTIVITY]
11-08 04:46:47.232 11103 11103 I wm_on_destroy_called: [100053164,com.android.gallery3d.app.MovieActivity,performDestroy]
11-08 04:46:47.683 0 0 I auditd : type=1400 audit(0.0:9998): avc: denied { kill } for comm="swapper/0" capability=5 scontext=u:r:kernel:s0 tcontext=u:r:kernel:s0 tclass=capability permissive=0
11-08 04:46:48.683 0 0 I auditd : type=1400 audit(0.0:9999): avc: denied { kill } for comm="swapper/0" capability=5 scontext=u:r:kernel:s0 tcontext=u:r:kernel:s0 tclass=capability permissive=0
11-08 04:46:49.683 0 0 I auditd : type=1400 audit(0.0:10000): avc: denied { kill } for comm="swapper/0" capability=5 scontext=u:r:kernel:s0 tcontext=u:r:kernel:s0 tclass=capability permissive=0
11-08 04:46:50.683 0 0 I auditd : type=1400 audit(0.0:10001): avc: denied { kill } for comm="swapper/0" capability=5 scontext=u:r:kernel:s0 tcontext=u:r:kernel:s0 tclass=capability permissive=0
11-08 04:46:51.059 1517 1631 I sysui_multi_action: [757,1696,758,6,759,2]
11-08 04:46:51.062 1517 1615 I am_wtf : [0,1517,system_server,-1,DisplayDeviceConfig,requesting nits when no mapping exists.]
11-08 04:46:51.064 1517 1615 I service_manager_stats: [100,97,212708]
11-08 04:46:51.067 1517 1615 I am_wtf : [0,1517,system_server,-1,DisplayDeviceConfig,requesting nits when no mapping exists.]
11-08 04:46:51.075 1517 1615 I am_wtf : [0,1517,system_server,-1,DisplayDeviceConfig,requesting nits when no mapping exists.]
11-08 04:46:51.077 1517 1615 I am_wtf : [0,1517,system_server,-1,DisplayDeviceConfig,requesting nits when no mapping exists.]
11-08 04:46:51.091 1517 1615 I am_wtf : [0,1517,system_server,-1,DisplayDeviceConfig,requesting nits when no mapping exists.]
11-08 04:46:51.093 1517 1615 I am_wtf : [0,1517,system_server,-1,DisplayDeviceConfig,requesting nits when no mapping exists.]
11-08 04:46:51.098 1517 1615 I am_wtf : [0,1517,system_server,-1,DisplayDeviceConfig,requesting nits when no mapping exists.]
11-08 04:46:51.099 1517 1615 I am_wtf : [0,1517,system_server,-1,DisplayDeviceConfig,requesting nits when no mapping exists.]
11-08 04:46:51.115 1517 1615 I am_wtf : [0,1517,system_server,-1,DisplayDeviceConfig,requesting nits when no mapping exists.]
11-08 04:46:51.116 1517 1615 I am_wtf : [0,1517,system_server,-1,DisplayDeviceConfig,requesting nits when no mapping exists.]
11-08 04:46:51.132 1517 1615 I am_wtf : [0,1517,system_server,-1,DisplayDeviceConfig,requesting nits when no mapping exists.]
11-08 04:46:51.132 1517 1615 I am_wtf : [0,1517,system_server,-1,DisplayDeviceConfig,requesting nits when no mapping exists.]
11-08 04:46:51.148 1517 1615 I am_wtf : [0,1517,system_server,-1,DisplayDeviceConfig,requesting nits when no mapping exists.]
11-08 04:46:51.149 1517 1615 I am_wtf : [0,1517,system_server,-1,DisplayDeviceConfig,requesting nits when no mapping exists.]
11-08 04:46:51.164 1517 1615 I am_wtf : [0,1517,system_server,-1,DisplayDeviceConfig,requesting nits when no mapping exists.]
11-08 04:46:51.165 1517 1615 I am_wtf : [0,1517,system_server,-1,DisplayDeviceConfig,requesting nits when no mapping exists.]
11-08 04:46:51.182 1517 1615 I am_wtf : [0,1517,system_server,-1,DisplayDeviceConfig,requesting nits when no mapping exists.]
11-08 04:46:51.182 1517 1615 I am_wtf : [0,1517,system_server,-1,DisplayDeviceConfig,requesting nits when no mapping exists.]
11-08 04:46:51.198 1517 1615 I am_wtf : [0,1517,system_server,-1,DisplayDeviceConfig,requesting nits when no mapping exists.]
11-08 04:46:51.199 1517 1615 I am_wtf : [0,1517,system_server,-1,DisplayDeviceConfig,requesting nits when no mapping exists.]
11-08 04:46:51.215 1517 1615 I am_wtf : [0,1517,system_server,-1,DisplayDeviceConfig,requesting nits when no mapping exists.]
11-08 04:46:51.216 1517 1615 I am_wtf : [0,1517,system_server,-1,DisplayDeviceConfig,requesting nits when no mapping exists.]
11-08 04:46:51.232 1517 1615 I am_wtf : [0,1517,system_server,-1,DisplayDeviceConfig,requesting nits when no mapping exists.]
11-08 04:46:51.233 1517 1615 I am_wtf : [0,1517,system_server,-1,DisplayDeviceConfig,requesting nits when no mapping exists.]
11-08 04:46:51.249 1517 1615 I am_wtf : [0,1517,system_server,-1,DisplayDeviceConfig,requesting nits when no mapping exists.]
11-08 04:46:51.250 1517 1615 I am_wtf : [0,1517,system_server,-1,DisplayDeviceConfig,requesting nits when no mapping exists.]
11-08 04:46:51.265 1517 1615 I am_wtf : [0,1517,system_server,-1,DisplayDeviceConfig,requesting nits when no mapping exists.]
11-08 04:46:51.266 1517 1615 I am_wtf : [0,1517,system_server,-1,DisplayDeviceConfig,requesting nits when no mapping exists.]
11-08 04:46:51.282 1517 1615 I am_wtf : [0,1517,system_server,-1,DisplayDeviceConfig,requesting nits when no mapping exists.]
11-08 04:46:51.290 1517 1615 I am_wtf : [0,1517,system_server,-1,DisplayDeviceConfig,requesting nits when no mapping exists.]
11-08 04:46:51.299 1517 1615 I am_wtf : [0,1517,system_server,-1,DisplayDeviceConfig,requesting nits when no mapping exists.]
11-08 04:46:51.300 1517 1615 I am_wtf : [0,1517,system_server,-1,DisplayDeviceConfig,requesting nits when no mapping exists.]
11-08 04:46:51.317 1517 1615 I am_wtf : [0,1517,system_server,-1,DisplayDeviceConfig,requesting nits when no mapping exists.]
11-08 04:46:51.318 1517 1615 I am_wtf : [0,1517,system_server,-1,DisplayDeviceConfig,requesting nits when no mapping exists.]
11-08 04:46:51.332 1517 1615 I am_wtf : [0,1517,system_server,-1,DisplayDeviceConfig,requesting nits when no mapping exists.]
11-08 04:46:51.333 1517 1615 I am_wtf : [0,1517,system_server,-1,DisplayDeviceConfig,requesting nits when no mapping exists.]
11-08 04:46:51.348 1517 1615 I am_wtf : [0,1517,system_server,-1,DisplayDeviceConfig,requesting nits when no mapping exists.]
11-08 04:46:51.350 1517 1615 I am_wtf : [0,1517,system_server,-1,DisplayDeviceConfig,requesting nits when no mapping exists.]
11-08 04:46:51.365 1517 1615 I am_wtf : [0,1517,system_server,-1,DisplayDeviceConfig,requesting nits when no mapping exists.]
11-08 04:46:51.366 1517 1615 I am_wtf : [0,1517,system_server,-1,DisplayDeviceConfig,requesting nits when no mapping exists.]
11-08 04:46:51.382 1517 1615 I am_wtf : [0,1517,system_server,-1,DisplayDeviceConfig,requesting nits when no mapping exists.]
11-08 04:46:51.384 1517 1615 I am_wtf : [0,1517,system_server,-1,DisplayDeviceConfig,requesting nits when no mapping exists.]
11-08 04:46:51.399 1517 1615 I am_wtf : [0,1517,system_server,-1,DisplayDeviceConfig,requesting nits when no mapping exists.]
11-08 04:46:51.400 1517 1615 I am_wtf : [0,1517,system_server,-1,DisplayDeviceConfig,requesting nits when no mapping exists.]
11-08 04:46:51.416 1517 1615 I am_wtf : [0,1517,system_server,-1,DisplayDeviceConfig,requesting nits when no mapping exists.]
11-08 04:46:51.417 1517 1615 I am_wtf : [0,1517,system_server,-1,DisplayDeviceConfig,requesting nits when no mapping exists.]
11-08 04:46:51.432 1517 1615 I am_wtf : [0,1517,system_server,-1,DisplayDeviceConfig,requesting nits when no mapping exists.]
11-08 04:46:51.433 1517 1615 I am_wtf : [0,1517,system_server,-1,DisplayDeviceConfig,requesting nits when no mapping exists.]
11-08 04:46:51.449 1517 1615 I am_wtf : [0,1517,system_server,-1,DisplayDeviceConfig,requesting nits when no mapping exists.]
11-08 04:46:51.450 1517 1615 I am_wtf : [0,1517,system_server,-1,DisplayDeviceConfig,requesting nits when no mapping exists.]
11-08 04:46:51.465 1517 1615 I am_wtf : [0,1517,system_server,-1,DisplayDeviceConfig,requesting nits when no mapping exists.]
11-08 04:46:51.467 1517 1615 I am_wtf : [0,1517,system_server,-1,DisplayDeviceConfig,requesting nits when no mapping exists.]
11-08 04:46:51.482 1517 1615 I am_wtf : [0,1517,system_server,-1,DisplayDeviceConfig,requesting nits when no mapping exists.]
11-08 04:46:51.484 1517 1615 I am_wtf : [0,1517,system_server,-1,DisplayDeviceConfig,requesting nits when no mapping exists.]
11-08 04:46:51.499 1517 1615 I am_wtf : [0,1517,system_server,-1,DisplayDeviceConfig,requesting nits when no mapping exists.]
11-08 04:46:51.500 1517 1615 I am_wtf : [0,1517,system_server,-1,DisplayDeviceConfig,requesting nits when no mapping exists.]
11-08 04:46:51.515 1517 1615 I am_wtf : [0,1517,system_server,-1,DisplayDeviceConfig,requesting nits when no mapping exists.]
11-08 04:46:51.516 1517 1615 I am_wtf : [0,1517,system_server,-1,DisplayDeviceConfig,requesting nits when no mapping exists.]
11-08 04:46:51.536 1517 1615 I am_wtf : [0,1517,system_server,-1,DisplayDeviceConfig,requesting nits when no mapping exists.]
11-08 04:46:51.537 1517 1615 I am_wtf : [0,1517,system_server,-1,DisplayDeviceConfig,requesting nits when no mapping exists.]
11-08 04:46:51.549 1517 1615 I am_wtf : [0,1517,system_server,-1,DisplayDeviceConfig,requesting nits when no mapping exists.]
11-08 04:46:51.550 1517 1615 I am_wtf : [0,1517,system_server,-1,DisplayDeviceConfig,requesting nits when no mapping exists.]
11-08 04:46:51.565 1517 1615 I am_wtf : [0,1517,system_server,-1,DisplayDeviceConfig,requesting nits when no mapping exists.]
11-08 04:46:51.566 1517 1615 I am_wtf : [0,1517,system_server,-1,DisplayDeviceConfig,requesting nits when no mapping exists.]
11-08 04:46:51.582 1517 1615 I am_wtf : [0,1517,system_server,-1,DisplayDeviceConfig,requesting nits when no mapping exists.]
11-08 04:46:51.583 1517 1615 I am_wtf : [0,1517,system_server,-1,DisplayDeviceConfig,requesting nits when no mapping exists.]
11-08 04:46:51.599 1517 1615 I am_wtf : [0,1517,system_server,-1,DisplayDeviceConfig,requesting nits when no mapping exists.]
11-08 04:46:51.601 1517 1615 I am_wtf : [0,1517,system_server,-1,DisplayDeviceConfig,requesting nits when no mapping exists.]
11-08 04:46:51.616 1517 1615 I am_wtf : [0,1517,system_server,-1,DisplayDeviceConfig,requesting nits when no mapping exists.]
11-08 04:46:51.617 1517 1615 I am_wtf : [0,1517,system_server,-1,DisplayDeviceConfig,requesting nits when no mapping exists.]
11-08 04:46:51.633 1517 1615 I am_wtf : [0,1517,system_server,-1,DisplayDeviceConfig,requesting nits when no mapping exists.]
11-08 04:46:51.634 1517 1615 I am_wtf : [0,1517,system_server,-1,DisplayDeviceConfig,requesting nits when no mapping exists.]
11-08 04:46:51.650 1517 1615 I am_wtf : [0,1517,system_server,-1,DisplayDeviceConfig,requesting nits when no mapping exists.]
11-08 04:46:51.651 1517 1615 I am_wtf : [0,1517,system_server,-1,DisplayDeviceConfig,requesting nits when no mapping exists.]
11-08 04:46:51.666 1517 1615 I am_wtf : [0,1517,system_server,-1,DisplayDeviceConfig,requesting nits when no mapping exists.]
11-08 04:46:51.667 1517 1615 I am_wtf : [0,1517,system_server,-1,DisplayDeviceConfig,requesting nits when no mapping exists.]
11-08 04:46:51.683 1517 1615 I am_wtf : [0,1517,system_server,-1,DisplayDeviceConfig,requesting nits when no mapping exists.]
11-08 04:46:51.684 1517 1615 I am_wtf : [0,1517,system_server,-1,DisplayDeviceConfig,requesting nits when no mapping exists.]
11-08 04:46:51.683 0 0 I auditd : type=1400 audit(0.0:10002): avc: denied { kill } for comm="swapper/0" capability=5 scontext=u:r:kernel:s0 tcontext=u:r:kernel:s0 tclass=capability permissive=0
11-08 04:46:51.700 1517 1615 I am_wtf : [0,1517,system_server,-1,DisplayDeviceConfig,requesting nits when no mapping exists.]
11-08 04:46:51.701 1517 1615 I am_wtf : [0,1517,system_server,-1,DisplayDeviceConfig,requesting nits when no mapping exists.]
11-08 04:46:51.716 1517 1615 I am_wtf : [0,1517,system_server,-1,DisplayDeviceConfig,requesting nits when no mapping exists.]
11-08 04:46:51.717 1517 1615 I am_wtf : [0,1517,system_server,-1,DisplayDeviceConfig,requesting nits when no mapping exists.]
11-08 04:46:51.733 1517 1615 I am_wtf : [0,1517,system_server,-1,DisplayDeviceConfig,requesting nits when no mapping exists.]
11-08 04:46:51.734 1517 1615 I am_wtf : [0,1517,system_server,-1,DisplayDeviceConfig,requesting nits when no mapping exists.]
11-08 04:46:51.749 1517 1615 I am_wtf : [0,1517,system_server,-1,DisplayDeviceConfig,requesting nits when no mapping exists.]
11-08 04:46:51.751 1517 1615 I am_wtf : [0,1517,system_server,-1,DisplayDeviceConfig,requesting nits when no mapping exists.]
11-08 04:46:51.766 1517 1615 I am_wtf : [0,1517,system_server,-1,DisplayDeviceConfig,requesting nits when no mapping exists.]
11-08 04:46:51.768 1517 1615 I am_wtf : [0,1517,system_server,-1,DisplayDeviceConfig,requesting nits when no mapping exists.]
11-08 04:46:51.784 1517 1615 I am_wtf : [0,1517,system_server,-1,DisplayDeviceConfig,requesting nits when no mapping exists.]
11-08 04:46:51.786 1517 1615 I am_wtf : [0,1517,system_server,-1,DisplayDeviceConfig,requesting nits when no mapping exists.]
11-08 04:46:51.799 1517 1615 I am_wtf : [0,1517,system_server,-1,DisplayDeviceConfig,requesting nits when no mapping exists.]
11-08 04:46:51.800 1517 1615 I am_wtf : [0,1517,system_server,-1,DisplayDeviceConfig,requesting nits when no mapping exists.]
11-08 04:46:51.817 1517 1615 I am_wtf : [0,1517,system_server,-1,DisplayDeviceConfig,requesting nits when no mapping exists.]
11-08 04:46:51.817 1517 1615 I am_wtf : [0,1517,system_server,-1,DisplayDeviceConfig,requesting nits when no mapping exists.]
11-08 04:46:51.833 1517 1615 I am_wtf : [0,1517,system_server,-1,DisplayDeviceConfig,requesting nits when no mapping exists.]
11-08 04:46:51.833 1517 1615 I am_wtf : [0,1517,system_server,-1,DisplayDeviceConfig,requesting nits when no mapping exists.]
11-08 04:46:51.849 1517 1615 I am_wtf : [0,1517,system_server,-1,DisplayDeviceConfig,requesting nits when no mapping exists.]
11-08 04:46:51.850 1517 1615 I am_wtf : [0,1517,system_server,-1,DisplayDeviceConfig,requesting nits when no mapping exists.]
11-08 04:46:51.866 1517 1615 I am_wtf : [0,1517,system_server,-1,DisplayDeviceConfig,requesting nits when no mapping exists.]
11-08 04:46:51.867 1517 1615 I am_wtf : [0,1517,system_server,-1,DisplayDeviceConfig,requesting nits when no mapping exists.]
11-08 04:46:51.883 1517 1615 I am_wtf : [0,1517,system_server,-1,DisplayDeviceConfig,requesting nits when no mapping exists.]
11-08 04:46:51.884 1517 1615 I am_wtf : [0,1517,system_server,-1,DisplayDeviceConfig,requesting nits when no mapping exists.]
11-08 04:46:51.900 1517 1615 I am_wtf : [0,1517,system_server,-1,DisplayDeviceConfig,requesting nits when no mapping exists.]
11-08 04:46:51.902 1517 1615 I am_wtf : [0,1517,system_server,-1,DisplayDeviceConfig,requesting nits when no mapping exists.]
11-08 04:46:51.917 1517 1615 I am_wtf : [0,1517,system_server,-1,DisplayDeviceConfig,requesting nits when no mapping exists.]
11-08 04:46:51.919 1517 1615 I am_wtf : [0,1517,system_server,-1,DisplayDeviceConfig,requesting nits when no mapping exists.]
11-08 04:46:51.933 1517 1615 I am_wtf : [0,1517,system_server,-1,DisplayDeviceConfig,requesting nits when no mapping exists.]
11-08 04:46:51.935 1517 1615 I am_wtf : [0,1517,system_server,-1,DisplayDeviceConfig,requesting nits when no mapping exists.]
11-08 04:46:51.950 1517 1615 I am_wtf : [0,1517,system_server,-1,DisplayDeviceConfig,requesting nits when no mapping exists.]
11-08 04:46:51.950 1517 1615 I am_wtf : [0,1517,system_server,-1,DisplayDeviceConfig,requesting nits when no mapping exists.]
11-08 04:46:51.966 1517 1615 I am_wtf : [0,1517,system_server,-1,DisplayDeviceConfig,requesting nits when no mapping exists.]
11-08 04:46:51.967 1517 1615 I am_wtf : [0,1517,system_server,-1,DisplayDeviceConfig,requesting nits when no mapping exists.]
11-08 04:46:51.984 1517 1615 I am_wtf : [0,1517,system_server,-1,DisplayDeviceConfig,requesting nits when no mapping exists.]
11-08 04:46:51.985 1517 1615 I am_wtf : [0,1517,system_server,-1,DisplayDeviceConfig,requesting nits when no mapping exists.]
11-08 04:46:52.000 1517 1615 I am_wtf : [0,1517,system_server,-1,DisplayDeviceConfig,requesting nits when no mapping exists.]
11-08 04:46:52.001 1517 1615 I am_wtf : [0,1517,system_server,-1,DisplayDeviceConfig,requesting nits when no mapping exists.]
11-08 04:46:52.683 0 0 I auditd : type=1400 audit(0.0:10003): avc: denied { kill } for comm="swapper/0" capability=5 scontext=u:r:kernel:s0 tcontext=u:r:kernel:s0 tclass=capability permissive=0
11-08 04:46:53.683 0 0 I auditd : type=1400 audit(0.0:10004): avc: denied { kill } for comm="swapper/0" capability=5 scontext=u:r:kernel:s0 tcontext=u:r:kernel:s0 tclass=capability permissive=0
11-08 04:46:54.683 350 350 I auditd : type=1400 audit(0.0:10005): avc: denied { kill } for comm="irq/382-atmel_m" capability=5 scontext=u:r:kernel:s0 tcontext=u:r:kernel:s0 tclass=capability permissive=0
11-08 04:46:55.683 0 0 I auditd : type=1400 audit(0.0:10006): avc: denied { kill } for comm="swapper/0" capability=5 scontext=u:r:kernel:s0 tcontext=u:r:kernel:s0 tclass=capability permissive=0
11-08 04:46:56.683 0 0 I auditd : type=1400 audit(0.0:10007): avc: denied { kill } for comm="swapper/0" capability=5 scontext=u:r:kernel:s0 tcontext=u:r:kernel:s0 tclass=capability permissive=0
11-08 04:46:57.683 0 0 I auditd : type=1400 audit(0.0:10008): avc: denied { kill } for comm="swapper/0" capability=5 scontext=u:r:kernel:s0 tcontext=u:r:kernel:s0 tclass=capability permissive=0
11-08 04:46:58.683 0 0 I auditd : type=1400 audit(0.0:10009): avc: denied { kill } for comm="swapper/0" capability=5 scontext=u:r:kernel:s0 tcontext=u:r:kernel:s0 tclass=capability permissive=0
11-08 04:46:59.683 0 0 I auditd : type=1400 audit(0.0:10010): avc: denied { kill } for comm="swapper/0" capability=5 scontext=u:r:kernel:s0 tcontext=u:r:kernel:s0 tclass=capability permissive=0
11-08 04:47:00.683 0 0 I auditd : type=1400 audit(0.0:10011): avc: denied { kill } for comm="swapper/0" capability=5 scontext=u:r:kernel:s0 tcontext=u:r:kernel:s0 tclass=capability permissive=0
11-08 04:47:01.683 0 0 I auditd : type=1400 audit(0.0:10012): avc: denied { kill } for comm="swapper/0" capability=5 scontext=u:r:kernel:s0 tcontext=u:r:kernel:s0 tclass=capability permissive=0
11-08 04:47:02.683 350 350 I auditd : type=1400 audit(0.0:10013): avc: denied { kill } for comm="irq/382-atmel_m" capability=5 scontext=u:r:kernel:s0 tcontext=u:r:kernel:s0 tclass=capability permissive=0
11-08 04:47:03.683 0 0 I auditd : type=1400 audit(0.0:10014): avc: denied { kill } for comm="swapper/0" capability=5 scontext=u:r:kernel:s0 tcontext=u:r:kernel:s0 tclass=capability permissive=0
11-08 04:47:04.683 0 0 I auditd : type=1400 audit(0.0:10015): avc: denied { kill } for comm="swapper/0" capability=5 scontext=u:r:kernel:s0 tcontext=u:r:kernel:s0 tclass=capability permissive=0
11-08 04:47:05.683 0 0 I auditd : type=1400 audit(0.0:10016): avc: denied { kill } for comm="swapper/0" capability=5 scontext=u:r:kernel:s0 tcontext=u:r:kernel:s0 tclass=capability permissive=0
11-08 04:47:06.683 0 0 I auditd : type=1400 audit(0.0:10017): avc: denied { kill } for comm="swapper/0" capability=5 scontext=u:r:kernel:s0 tcontext=u:r:kernel:s0 tclass=capability permissive=0
11-08 04:47:07.683 0 0 I auditd : type=1400 audit(0.0:10018): avc: denied { kill } for comm="swapper/0" capability=5 scontext=u:r:kernel:s0 tcontext=u:r:kernel:s0 tclass=capability permissive=0
11-08 04:47:08.683 0 0 I auditd : type=1400 audit(0.0:10019): avc: denied { kill } for comm="swapper/0" capability=5 scontext=u:r:kernel:s0 tcontext=u:r:kernel:s0 tclass=capability permissive=0
11-08 04:47:09.683 350 350 I auditd : type=1400 audit(0.0:10020): avc: denied { kill } for comm="irq/382-atmel_m" capability=5 scontext=u:r:kernel:s0 tcontext=u:r:kernel:s0 tclass=capability permissive=0
11-08 04:47:10.683 0 0 I auditd : type=1400 audit(0.0:10021): avc: denied { kill } for comm="swapper/0" capability=5 scontext=u:r:kernel:s0 tcontext=u:r:kernel:s0 tclass=capability permissive=0
11-08 04:47:11.683 0 0 I auditd : type=1400 audit(0.0:10022): avc: denied { kill } for comm="swapper/0" capability=5 scontext=u:r:kernel:s0 tcontext=u:r:kernel:s0 tclass=capability permissive=0
11-08 04:47:12.683 350 350 I auditd : type=1400 audit(0.0:10023): avc: denied { kill } for comm="irq/382-atmel_m" capability=5 scontext=u:r:kernel:s0 tcontext=u:r:kernel:s0 tclass=capability permissive=0
11-08 04:47:13.683 0 0 I auditd : type=1400 audit(0.0:10024): avc: denied { kill } for comm="swapper/0" capability=5 scontext=u:r:kernel:s0 tcontext=u:r:kernel:s0 tclass=capability permissive=0
11-08 04:47:14.683 0 0 I auditd : type=1400 audit(0.0:10025): avc: denied { kill } for comm="swapper/0" capability=5 scontext=u:r:kernel:s0 tcontext=u:r:kernel:s0 tclass=capability permissive=0
11-08 04:47:15.683 350 350 I auditd : type=1400 audit(0.0:10026): avc: denied { kill } for comm="irq/382-atmel_m" capability=5 scontext=u:r:kernel:s0 tcontext=u:r:kernel:s0 tclass=capability permissive=0
11-08 04:47:16.683 0 0 I auditd : type=1400 audit(0.0:10027): avc: denied { kill } for comm="swapper/0" capability=5 scontext=u:r:kernel:s0 tcontext=u:r:kernel:s0 tclass=capability permissive=0
11-08 04:47:17.683 0 0 I auditd : type=1400 audit(0.0:10028): avc: denied { kill } for comm="swapper/0" capability=5 scontext=u:r:kernel:s0 tcontext=u:r:kernel:s0 tclass=capability permissive=0
11-08 04:47:18.683 0 0 I auditd : type=1400 audit(0.0:10029): avc: denied { kill } for comm="swapper/0" capability=5 scontext=u:r:kernel:s0 tcontext=u:r:kernel:s0 tclass=capability permissive=0
