11-08 05:01:28.279 1517 9075 I wm_task_moved: [189,1,7]
11-08 05:01:28.279 1517 9075 I wm_task_to_front: [0,189]
11-08 05:01:28.280 1517 9075 I wm_create_task: [0,189]
11-08 05:01:28.280 1517 9075 I wm_create_activity: [0,93608046,189,com.android.music/.VideoBrowserActivity,android.intent.action.MAIN,NULL,NULL,270532608]
11-08 05:01:28.280 1517 9075 I wm_task_moved: [189,1,7]
11-08 05:01:28.282 1517 9075 I wm_pause_activity: [0,193491456,com.android.launcher3/.uioverrides.QuickstepLauncher,userLeaving=true,pauseBackTasks]
11-08 05:01:28.289 2526 2526 I wm_on_top_resumed_lost_called: [193491456,com.android.launcher3.uioverrides.QuickstepLauncher,topStateChangedWhenResumed]
11-08 05:01:28.290 2526 2526 I wm_on_paused_called: [193491456,com.android.launcher3.uioverrides.QuickstepLauncher,performPause]
11-08 05:01:28.294 1517 9075 I wm_add_to_stopping: [0,193491456,com.android.launcher3/.uioverrides.QuickstepLauncher,makeInvisible]
11-08 05:01:28.295 1517 9075 I wm_restart_activity: [0,93608046,189,com.android.music/.VideoBrowserActivity]
11-08 05:01:28.297 1517 9075 I wm_set_resumed_activity: [0,com.android.music/.VideoBrowserActivity,minimalResumeActivityLocked]
11-08 05:01:28.316 1517 1608 I sysui_multi_action: [757,803,799,window_time_0,802,0]
11-08 05:01:28.324 1517 1689 I input_focus: [Focus leaving dd1dbc0 com.android.launcher3/com.android.launcher3.uioverrides.QuickstepLauncher (server),reason=NO_WINDOW]
11-08 05:01:28.336 11770 11770 I wm_on_create_called: [93608046,com.android.music.VideoBrowserActivity,performCreate]
11-08 05:01:28.337 11770 11770 I wm_on_start_called: [93608046,com.android.music.VideoBrowserActivity,handleStartActivity]
11-08 05:01:28.338 11770 11770 I wm_on_resume_called: [93608046,com.android.music.VideoBrowserActivity,RESUME_ACTIVITY]
11-08 05:01:28.340 11770 11770 I wm_on_top_resumed_gained_called: [93608046,com.android.music.VideoBrowserActivity,topStateChangedWhenResumed]
11-08 05:01:28.344 1517 1609 I input_focus: [Focus request 72325ff com.android.music/com.android.music.VideoBrowserActivity,reason=UpdateInputWindows]
11-08 05:01:28.356 1517 1605 I sysui_multi_action: [319,59,321,56,322,79,325,10295,757,761,758,8,759,1,806,com.android.music,871,com.android.music.VideoBrowserActivity,904,com.android.launcher3,905,0,1320,8,1321,5]
11-08 05:01:28.359 1517 1689 I input_focus: [Focus entering 72325ff com.android.music/com.android.music.VideoBrowserActivity (server),reason=setFocusedWindow]
11-08 05:01:28.365 1517 1605 I wm_activity_launch_time: [0,93608046,com.android.music/.VideoBrowserActivity,79]
11-08 05:01:28.683 746 746 I auditd : type=1400 audit(0.0:10863): avc: denied { kill } for comm="crtc_commit:125" capability=5 scontext=u:r:kernel:s0 tcontext=u:r:kernel:s0 tclass=capability permissive=0
11-08 05:01:28.873 1517 1608 I wm_stop_activity: [0,193491456,com.android.launcher3/.uioverrides.QuickstepLauncher]
11-08 05:01:28.922 2526 2526 I wm_on_stop_called: [193491456,com.android.launcher3.uioverrides.QuickstepLauncher,STOP_ACTIVITY_ITEM]
11-08 05:01:29.683 11614 11614 I auditd : type=1400 audit(0.0:10864): avc: denied { kill } for comm="kworker/u16:0" capability=5 scontext=u:r:kernel:s0 tcontext=u:r:kernel:s0 tclass=capability permissive=0
11-08 05:01:30.683 0 0 I auditd : type=1400 audit(0.0:10865): avc: denied { kill } for comm="swapper/1" capability=5 scontext=u:r:kernel:s0 tcontext=u:r:kernel:s0 tclass=capability permissive=0
11-08 05:01:31.683 0 0 I auditd : type=1400 audit(0.0:10866): avc: denied { kill } for comm="swapper/1" capability=5 scontext=u:r:kernel:s0 tcontext=u:r:kernel:s0 tclass=capability permissive=0
11-08 05:01:31.899 1517 1615 I am_uid_idle: 10084
11-08 05:01:32.683 0 0 I auditd : type=1400 audit(0.0:10867): avc: denied { kill } for comm="swapper/1" capability=5 scontext=u:r:kernel:s0 tcontext=u:r:kernel:s0 tclass=capability permissive=0
11-08 05:01:33.683 0 0 I auditd : type=1400 audit(0.0:10868): avc: denied { kill } for comm="swapper/1" capability=5 scontext=u:r:kernel:s0 tcontext=u:r:kernel:s0 tclass=capability permissive=0
11-08 05:01:34.683 0 0 I auditd : type=1400 audit(0.0:10869): avc: denied { kill } for comm="swapper/1" capability=5 scontext=u:r:kernel:s0 tcontext=u:r:kernel:s0 tclass=capability permissive=0
11-08 05:01:35.683 0 0 I auditd : type=1400 audit(0.0:10870): avc: denied { kill } for comm="swapper/1" capability=5 scontext=u:r:kernel:s0 tcontext=u:r:kernel:s0 tclass=capability permissive=0
11-08 05:01:36.683 0 0 I auditd : type=1400 audit(0.0:10871): avc: denied { kill } for comm="swapper/1" capability=5 scontext=u:r:kernel:s0 tcontext=u:r:kernel:s0 tclass=capability permissive=0
11-08 05:01:37.683 0 0 I auditd : type=1400 audit(0.0:10872): avc: denied { kill } for comm="swapper/1" capability=5 scontext=u:r:kernel:s0 tcontext=u:r:kernel:s0 tclass=capability permissive=0
11-08 05:01:38.683 0 0 I auditd : type=1400 audit(0.0:10873): avc: denied { kill } for comm="swapper/1" capability=5 scontext=u:r:kernel:s0 tcontext=u:r:kernel:s0 tclass=capability permissive=0
11-08 05:01:39.683 0 0 I auditd : type=1400 audit(0.0:10874): avc: denied { kill } for comm="swapper/1" capability=5 scontext=u:r:kernel:s0 tcontext=u:r:kernel:s0 tclass=capability permissive=0
11-08 05:01:40.683 0 0 I auditd : type=1400 audit(0.0:10875): avc: denied { kill } for comm="swapper/1" capability=5 scontext=u:r:kernel:s0 tcontext=u:r:kernel:s0 tclass=capability permissive=0
11-08 05:01:41.683 0 0 I auditd : type=1400 audit(0.0:10876): avc: denied { kill } for comm="swapper/1" capability=5 scontext=u:r:kernel:s0 tcontext=u:r:kernel:s0 tclass=capability permissive=0
11-08 05:01:42.683 0 0 I auditd : type=1400 audit(0.0:10877): avc: denied { kill } for comm="swapper/1" capability=5 scontext=u:r:kernel:s0 tcontext=u:r:kernel:s0 tclass=capability permissive=0
11-08 05:01:42.741 1517 1689 I input_interaction: Interaction with: 72325ff com.android.music/com.android.music.VideoBrowserActivity (server), edge-swipe (server), swipe-up (server), PointerEventDispatcher0 (server),
11-08 05:01:42.764 1517 1661 I wm_task_moved: [92,0,0]
11-08 05:01:42.766 1517 1661 I wm_task_moved: [92,0,6]
11-08 05:01:42.776 2526 2526 I wm_on_restart_called: [193491456,com.android.launcher3.uioverrides.QuickstepLauncher,performRestartActivity]
11-08 05:01:42.806 2526 2526 I wm_on_start_called: [193491456,com.android.launcher3.uioverrides.QuickstepLauncher,handleStartActivity]
11-08 05:01:42.833 1517 1605 I sysui_multi_action: [319,17,322,57,325,10310,757,761,758,9,759,5,806,com.android.launcher3,871,com.android.launcher3.uioverrides.QuickstepLauncher,904,com.android.launcher3,905,0,1320,8,1321,5]
11-08 05:01:42.854 11770 11770 I view_enqueue_input_event: [Motion - Cancel,com.android.music/com.android.music.VideoBrowserActivity]
11-08 05:01:42.854 1517 1689 I input_interaction: Interaction with: edge-swipe (server), swipe-up (server), PointerEventDispatcher0 (server),
11-08 05:01:42.855 2526 2526 I sysui_latency: [1,75]
11-08 05:01:42.865 1517 1609 I input_focus: [Focus request recents_animation_input_consumer,reason=UpdateInputWindows]
11-08 05:01:42.893 1517 1689 I input_focus: [Focus leaving 72325ff com.android.music/com.android.music.VideoBrowserActivity (server),reason=NOT_FOCUSABLE]
11-08 05:01:42.893 1517 1689 I input_focus: [Focus entering recents_animation_input_consumer (server),reason=setFocusedWindow]
11-08 05:01:43.011 1517 1677 I commit_sys_config_file: [settings-1-0,6]
11-08 05:01:43.123 1517 1614 I sysui_latency: [8,75]
11-08 05:01:43.330 1517 1661 I wm_task_moved: [92,0,6]
11-08 05:01:43.331 1517 1661 I wm_add_to_stopping: [0,193491456,com.android.launcher3/.uioverrides.QuickstepLauncher,makeInvisible]
11-08 05:01:43.338 1517 1609 I input_focus: [Focus request 72325ff com.android.music/com.android.music.VideoBrowserActivity,reason=UpdateInputWindows]
11-08 05:01:43.339 1517 1608 I wm_stop_activity: [0,193491456,com.android.launcher3/.uioverrides.QuickstepLauncher]
11-08 05:01:43.365 1517 1689 I input_focus: [Focus leaving recents_animation_input_consumer (server),reason=NOT_VISIBLE]
11-08 05:01:43.365 1517 1689 I input_focus: [Focus entering 72325ff com.android.music/com.android.music.VideoBrowserActivity (server),reason=setFocusedWindow]
11-08 05:01:43.386 2526 2526 I wm_on_stop_called: [193491456,com.android.launcher3.uioverrides.QuickstepLauncher,STOP_ACTIVITY_ITEM]
11-08 05:01:43.577 1517 1677 I commit_sys_config_file: [settings-1-0,6]
11-08 05:01:43.683 0 0 I auditd : type=1400 audit(0.0:10878): avc: denied { kill } for comm="swapper/1" capability=5 scontext=u:r:kernel:s0 tcontext=u:r:kernel:s0 tclass=capability permissive=0
11-08 05:01:44.355 1517 1689 I input_interaction: Interaction with: 72325ff com.android.music/com.android.music.VideoBrowserActivity (server), edge-swipe (server), swipe-up (server), PointerEventDispatcher0 (server),
11-08 05:01:44.376 1517 1661 I wm_task_moved: [92,0,0]
11-08 05:01:44.377 1517 1661 I wm_task_moved: [92,0,6]
11-08 05:01:44.387 2526 2526 I wm_on_restart_called: [193491456,com.android.launcher3.uioverrides.QuickstepLauncher,performRestartActivity]
11-08 05:01:44.409 2526 2526 I wm_on_start_called: [193491456,com.android.launcher3.uioverrides.QuickstepLauncher,handleStartActivity]
11-08 05:01:44.425 11770 11770 I view_enqueue_input_event: [Motion - Cancel,com.android.music/com.android.music.VideoBrowserActivity]
11-08 05:01:44.426 1517 1689 I input_interaction: Interaction with: edge-swipe (server), swipe-up (server), PointerEventDispatcher0 (server),
11-08 05:01:44.426 2526 2526 I sysui_latency: [1,67]
11-08 05:01:44.433 1517 1609 I input_focus: [Focus request recents_animation_input_consumer,reason=UpdateInputWindows]
11-08 05:01:44.436 1517 1605 I sysui_multi_action: [319,16,322,56,325,10311,757,761,758,9,759,5,806,com.android.launcher3,871,com.android.launcher3.uioverrides.QuickstepLauncher,904,com.android.launcher3,905,0,1320,8,1321,5]
11-08 05:01:44.463 1517 1689 I input_focus: [Focus leaving 72325ff com.android.music/com.android.music.VideoBrowserActivity (server),reason=NOT_FOCUSABLE]
11-08 05:01:44.463 1517 1689 I input_focus: [Focus entering recents_animation_input_consumer (server),reason=setFocusedWindow]
11-08 05:01:44.615 1517 1677 I commit_sys_config_file: [settings-1-0,10]
11-08 05:01:44.683 0 0 I auditd : type=1400 audit(0.0:10879): avc: denied { kill } for comm="swapper/1" capability=5 scontext=u:r:kernel:s0 tcontext=u:r:kernel:s0 tclass=capability permissive=0
11-08 05:01:44.733 1517 1614 I sysui_latency: [8,71]
11-08 05:01:45.491 1517 1677 I commit_sys_config_file: [settings-1-0,7]
11-08 05:01:45.683 0 0 I auditd : type=1400 audit(0.0:10880): avc: denied { kill } for comm="swapper/1" capability=5 scontext=u:r:kernel:s0 tcontext=u:r:kernel:s0 tclass=capability permissive=0
11-08 05:01:46.102 1517 1689 I input_interaction: Interaction with: dd1dbc0 com.android.launcher3/com.android.launcher3.uioverrides.QuickstepLauncher (server), edge-swipe (server), swipe-up (server), PointerEventDispatcher0 (server),
11-08 05:01:46.198 1517 2078 I wm_task_moved: [92,1,7]
11-08 05:01:46.204 1517 2078 I wm_focused_root_task: [0,0,92,189,startActivityFromRecents]
11-08 05:01:46.204 11770 11770 I wm_on_top_resumed_lost_called: [93608046,com.android.music.VideoBrowserActivity,topStateChangedWhenResumed]
11-08 05:01:46.204 1517 2078 I wm_task_moved: [187,1,7]
11-08 05:01:46.204 1517 2078 I wm_task_to_front: [0,187]
11-08 05:01:46.205 1517 2078 I wm_focused_root_task: [0,0,187,92,moveTaskToFront findTaskToMoveToFront]
11-08 05:01:46.206 1517 2078 I wm_set_resumed_activity: [0,com.android.settings/.Settings,moveTaskToFront findTaskToMoveToFront]
11-08 05:01:46.208 1517 2078 I wm_pause_activity: [0,93608046,com.android.music/.VideoBrowserActivity,userLeaving=true,pauseBackTasks]
11-08 05:01:46.232 11770 11770 I wm_on_paused_called: [93608046,com.android.music.VideoBrowserActivity,performPause]
11-08 05:01:46.235 1517 9075 I wm_set_resumed_activity: [0,com.android.settings/.Settings,resumeTopActivityInnerLocked]
11-08 05:01:46.236 1517 9075 I wm_add_to_stopping: [0,93608046,com.android.music/.VideoBrowserActivity,makeInvisible]
11-08 05:01:46.237 1517 9075 I wm_resume_activity: [0,249170876,187,com.android.settings/.Settings]
11-08 05:01:46.259 11517 11517 I wm_on_restart_called: [249170876,com.android.settings.Settings,performRestartActivity]
11-08 05:01:46.273 11517 11517 I wm_on_start_called: [249170876,com.android.settings.Settings,handleStartActivity]
11-08 05:01:46.273 1517 1608 I sysui_multi_action: [757,803,799,window_time_0,802,18]
11-08 05:01:46.274 11517 11517 I snet_event_log: [120484087,-1,]
11-08 05:01:46.275 11517 11517 I wm_on_resume_called: [249170876,com.android.settings.Settings,RESUME_ACTIVITY]
11-08 05:01:46.275 11517 11517 I sysui_multi_action: [757,35,758,1,833,0,1089,0]
11-08 05:01:46.276 11517 11517 I sysui_multi_action: [757,745,758,1,833,0,1089,0]
11-08 05:01:46.283 11517 11517 I wm_on_top_resumed_gained_called: [249170876,com.android.settings.Settings,topWhenResuming]
11-08 05:01:46.303 1517 1605 I sysui_multi_action: [319,61,321,56,322,95,325,10313,757,761,758,9,759,4,806,com.android.settings,871,com.android.settings.Settings,904,com.android.launcher3,905,0,1320,8,1321,5]
11-08 05:01:46.662 1517 9075 I wm_task_moved: [92,0,5]
11-08 05:01:46.663 1517 9075 I wm_add_to_stopping: [0,193491456,com.android.launcher3/.uioverrides.QuickstepLauncher,makeInvisible]
11-08 05:01:46.670 1517 1608 I wm_stop_activity: [0,193491456,com.android.launcher3/.uioverrides.QuickstepLauncher]
11-08 05:01:46.670 1517 1608 I wm_stop_activity: [0,93608046,com.android.music/.VideoBrowserActivity]
11-08 05:01:46.673 1517 1609 I input_focus: [Focus request 239f3b5 com.android.settings/com.android.settings.Settings,reason=UpdateInputWindows]
11-08 05:01:46.675 11770 11770 I wm_on_stop_called: [93608046,com.android.music.VideoBrowserActivity,STOP_ACTIVITY_ITEM]
11-08 05:01:46.686 1517 1689 I input_focus: [Focus leaving recents_animation_input_consumer (server),reason=NOT_VISIBLE]
11-08 05:01:46.687 1517 1689 I input_focus: [Focus entering 239f3b5 com.android.settings/com.android.settings.Settings (server),reason=setFocusedWindow]
11-08 05:01:46.744 2526 2526 I wm_on_stop_called: [193491456,com.android.launcher3.uioverrides.QuickstepLauncher,STOP_ACTIVITY_ITEM]
11-08 05:01:47.604 1517 1689 I input_interaction: Interaction with: 239f3b5 com.android.settings/com.android.settings.Settings (server), edge-swipe (server), swipe-up (server), PointerEventDispatcher0 (server),
11-08 05:01:47.683 0 0 I auditd : type=1400 audit(0.0:10881): avc: denied { kill } for comm="swapper/1" capability=5 scontext=u:r:kernel:s0 tcontext=u:r:kernel:s0 tclass=capability permissive=0
11-08 05:01:47.734 11517 11517 I sysui_multi_action: [757,830,758,4,833,0,854,top_level_system,1089,0]
11-08 05:01:47.837 11517 11517 I sysui_multi_action: [757,745,758,2,1089,1561]
11-08 05:01:47.855 1517 1615 I am_uid_idle: 10040
11-08 05:01:47.860 1517 1615 I am_uid_idle: 10064
11-08 05:01:47.861 11517 11517 I sysui_multi_action: [757,744,758,1,833,0,1089,18]
11-08 05:01:47.863 11517 11517 I sysui_multi_action: [757,1729,758,4,854,isParalleledControllers:false,1089,21]
11-08 05:01:47.892 1517 1615 I am_uid_idle: 10069
11-08 05:01:47.905 1517 1615 I am_uid_idle: 10017
11-08 05:01:47.915 1517 1615 I am_uid_idle: 10035
11-08 05:01:48.683 0 0 I auditd : type=1400 audit(0.0:10882): avc: denied { kill } for comm="swapper/1" capability=5 scontext=u:r:kernel:s0 tcontext=u:r:kernel:s0 tclass=capability permissive=0
11-08 05:01:48.983 11517 11517 I sysui_multi_action: [757,830,758,4,833,0,854,language_input_settings,1089,0]
11-08 05:01:48.995 11517 11517 I sysui_multi_action: [757,744,758,2,1089,1134]
11-08 05:01:49.027 11517 11517 I sysui_multi_action: [757,750,758,1,833,0,1089,30]
11-08 05:01:49.047 1517 9075 I am_uid_active: 10017
11-08 05:01:49.057 11517 11517 I sysui_multi_action: [757,1729,758,4,854,isParalleledControllers:false,1089,61]
11-08 05:01:49.683 0 0 I auditd : type=1400 audit(0.0:10883): avc: denied { kill } for comm="swapper/1" capability=5 scontext=u:r:kernel:s0 tcontext=u:r:kernel:s0 tclass=capability permissive=0
11-08 05:01:49.720 1517 9075 I wm_task_moved: [187,1,7]
11-08 05:01:49.721 1517 9075 I wm_set_resumed_activity: [0,com.android.settings/.Settings,positionChildAt]
11-08 05:01:49.721 1517 9075 I wm_create_activity: [0,228355742,187,com.android.settings/.SubSettings,android.intent.action.MAIN,NULL,NULL,0]
11-08 05:01:49.722 1517 9075 I wm_pause_activity: [0,249170876,com.android.settings/.Settings,userLeaving=true,resumeTopActivityInnerLocked]
11-08 05:01:49.727 11517 11517 I sysui_multi_action: [757,830,758,4,833,0,854,phone_language,1089,0]
11-08 05:01:49.745 11517 11517 I wm_on_top_resumed_lost_called: [249170876,com.android.settings.Settings,topStateChangedWhenResumed]
11-08 05:01:49.748 11517 11517 I sysui_multi_action: [757,35,758,2,1089,3472]
11-08 05:01:49.749 11517 11517 I sysui_multi_action: [757,750,758,2,1089,723]
11-08 05:01:49.750 11517 11517 I wm_on_paused_called: [249170876,com.android.settings.Settings,performPause]
11-08 05:01:49.752 1517 9075 I wm_add_to_stopping: [0,249170876,com.android.settings/.Settings,makeInvisible]
11-08 05:01:49.753 1517 9075 I wm_restart_activity: [0,228355742,187,com.android.settings/.SubSettings]
11-08 05:01:49.755 1517 9075 I wm_set_resumed_activity: [0,com.android.settings/.SubSettings,minimalResumeActivityLocked]
11-08 05:01:49.759 1517 1608 I sysui_multi_action: [757,803,799,window_time_0,802,4]
11-08 05:01:49.775 1517 1689 I input_focus: [Focus leaving 239f3b5 com.android.settings/com.android.settings.Settings (server),reason=NO_WINDOW]
11-08 05:01:49.777 1517 6420 I am_uid_active: 10084
11-08 05:01:49.788 1517 6420 I wm_finish_activity: [0,228355742,187,com.android.settings/.SubSettings,clear-task-stack]
11-08 05:01:49.797 1517 6420 I wm_pause_activity: [0,228355742,com.android.settings/.SubSettings,userLeaving=false,finish]
11-08 05:01:49.798 1517 6420 I wm_new_intent: [0,249170876,187,com.android.settings/.Settings,android.intent.action.MAIN,NULL,NULL,270532608]
11-08 05:01:49.798 1517 6420 I wm_task_moved: [187,1,7]
11-08 05:01:49.804 11517 11517 I wm_on_create_called: [228355742,com.android.settings.SubSettings,performCreate]
11-08 05:01:49.810 1517 6420 I wm_add_to_stopping: [0,228355742,com.android.settings/.SubSettings,completeFinishing]
11-08 05:01:49.811 1517 6420 I wm_set_resumed_activity: [0,com.android.settings/.Settings,resumeTopActivityInnerLocked]
11-08 05:01:49.812 1517 6420 I wm_resume_activity: [0,249170876,187,com.android.settings/.Settings]
11-08 05:01:49.818 1517 1609 I input_focus: [Focus request 239f3b5 com.android.settings/com.android.settings.Settings,reason=UpdateInputWindows]
11-08 05:01:49.818 1517 1608 I sysui_multi_action: [757,803,799,window_time_0,802,0]
11-08 05:01:49.830 11517 11517 I wm_on_resume_called: [249170876,com.android.settings.Settings,RESUME_ACTIVITY]
11-08 05:01:49.832 11517 11517 I sysui_multi_action: [757,35,758,1,833,0,1089,0]
11-08 05:01:49.837 11517 11517 I sysui_multi_action: [757,750,758,1,833,0,1089,0]
11-08 05:01:49.842 1517 1689 I input_focus: [Focus entering 239f3b5 com.android.settings/com.android.settings.Settings (server),reason=Window became focusable. Previous reason: NO_WINDOW]
11-08 05:01:49.856 11517 11517 I wm_on_top_resumed_gained_called: [249170876,com.android.settings.Settings,topWhenResuming]
11-08 05:01:49.874 1517 6420 I wm_destroy_activity: [0,228355742,187,com.android.settings/.SubSettings,finish-imm:idle]
11-08 05:01:49.875 11517 11517 I wm_on_destroy_called: [228355742,com.android.settings.SubSettings,performDestroy]
11-08 05:01:50.237 11517 11517 I sysui_multi_action: [757,344,758,1,833,0,1089,15]
11-08 05:01:50.683 0 0 I auditd : type=1400 audit(0.0:10884): avc: denied { kill } for comm="swapper/1" capability=5 scontext=u:r:kernel:s0 tcontext=u:r:kernel:s0 tclass=capability permissive=0
11-08 05:01:53.683 0 0 I auditd : type=1400 audit(0.0:10885): avc: denied { kill } for comm="swapper/1" capability=5 scontext=u:r:kernel:s0 tcontext=u:r:kernel:s0 tclass=capability permissive=0
11-08 05:01:55.237 1517 1517 I service_manager_stats: [100,85,76569]
11-08 05:01:55.505 1517 6171 I configuration_changed: 8196
11-08 05:01:55.587 1517 6171 I wm_relaunch_resume_activity: [0,249170876,187,com.android.settings/.Settings]
11-08 05:01:55.592 11517 11517 I wm_on_top_resumed_lost_called: [249170876,com.android.settings.Settings,pausing]
11-08 05:01:55.599 1517 2116 I wm_relaunch_activity: [0,193491456,93,com.android.launcher3/.uioverrides.QuickstepLauncher]
11-08 05:01:55.602 1517 2116 I wm_add_to_stopping: [0,193491456,com.android.launcher3/.uioverrides.QuickstepLauncher,preloadRecents]
11-08 05:01:55.607 1517 1615 I am_uid_active: 10040
11-08 05:01:55.608 1517 1615 I am_uid_active: 10069
11-08 05:01:55.609 1517 1615 I am_uid_active: 10064
11-08 05:01:55.611 11517 11517 I sysui_multi_action: [757,35,758,2,1089,5779]
11-08 05:01:55.611 11517 11517 I sysui_multi_action: [757,750,758,2,1089,5775]
11-08 05:01:55.611 11517 11517 I sysui_multi_action: [757,344,758,2,1089,5375]
11-08 05:01:55.611 11517 11517 I wm_on_paused_called: [249170876,com.android.settings.Settings,performPause]
11-08 05:01:55.616 11517 11517 I wm_on_stop_called: [249170876,com.android.settings.Settings,handleRelaunchActivity]
11-08 05:01:55.620 11517 11517 I wm_on_destroy_called: [249170876,com.android.settings.Settings,performDestroy]
11-08 05:01:55.622 2526 2526 I wm_on_destroy_called: [193491456,com.android.launcher3.uioverrides.QuickstepLauncher,performDestroy]
11-08 05:01:55.635 1517 1517 I sysui_multi_action: [757,128,758,5,759,8,793,87788,794,86960,795,87788,796,26,806,android,857,DEVELOPER_IMPORTANT,858,4,947,0,1500,87547,1688,1]
11-08 05:01:55.636 1517 1517 I notification_canceled: [-1|android|26|null|1000,8,87788,87788,86960,-1,-1,NULL]
11-08 05:01:55.636 1517 1517 I notification_enqueue: [1000,1517,android,26,NULL,-1,Notification(channel=DEVELOPER_IMPORTANT shortcut=null contentView=null vibrate=null sound=null tick defaults=0x0 flags=0x2 color=0x00000000 vis=PUBLIC),0]
11-08 05:01:55.637 1517 1517 I sysui_multi_action: [757,128,758,5,759,8,793,87789,794,0,795,87789,796,32,806,android,857,USB,858,1,947,0,1500,87546,1688,1]
11-08 05:01:55.637 1517 1517 I notification_canceled: [-1|android|32|null|1000,8,87789,87789,0,-1,-1,NULL]
11-08 05:01:55.637 1517 1517 I notification_enqueue: [1000,1517,android,32,NULL,-1,Notification(channel=USB shortcut=null contentView=null vibrate=null sound=null tick defaults=0x0 flags=0x2 color=0x00000000 vis=PUBLIC),0]
11-08 05:01:55.641 1517 9075 I sysui_multi_action: [324,1,757,1090,758,13,806,com.android.settings,871,com.android.settings.Settings,1091,9437]
11-08 05:01:55.664 1517 1517 I notification_cancel_all: [1000,1517,com.android.systemui,0,0,0,20,NULL]
11-08 05:01:55.683 11517 11517 I wm_on_create_called: [249170876,com.android.settings.Settings,performCreate]
11-08 05:01:55.690 1517 6420 I am_uid_active: 10035
11-08 05:01:55.708 11517 11517 I wm_on_start_called: [249170876,com.android.settings.Settings,handleStartActivity]
11-08 05:01:55.708 11517 11517 I snet_event_log: [120484087,-1,]
11-08 05:01:55.709 11517 11517 I wm_on_resume_called: [249170876,com.android.settings.Settings,RESUME_ACTIVITY]
11-08 05:01:55.709 11517 11517 I sysui_multi_action: [757,750,758,1,833,0,1089,54]
11-08 05:01:55.718 11517 11517 I sysui_multi_action: [757,1729,758,4,854,isParalleledControllers:false,1089,63]
11-08 05:01:55.718 11517 11517 I sysui_multi_action: [757,344,758,1,833,0,1089,47]
11-08 05:01:55.718 11517 11517 I sysui_multi_action: [757,35,758,1,833,0,1089,25]
11-08 05:01:55.719 11517 11517 I sysui_multi_action: [757,1729,758,4,854,isParalleledControllers:false,1089,26]
11-08 05:01:55.719 11517 11517 I wm_on_top_resumed_gained_called: [249170876,com.android.settings.Settings,topWhenResuming]
11-08 05:01:55.720 2526 2526 I wm_on_create_called: [193491456,com.android.launcher3.uioverrides.QuickstepLauncher,performCreate]
11-08 05:01:55.721 2526 2526 I wm_on_start_called: [193491456,com.android.launcher3.uioverrides.QuickstepLauncher,handleStartActivity]
11-08 05:01:55.722 2526 2526 I wm_on_resume_called: [193491456,com.android.launcher3.uioverrides.QuickstepLauncher,LIFECYCLER_RESUME_ACTIVITY]
11-08 05:01:55.724 2526 2526 I wm_on_paused_called: [193491456,com.android.launcher3.uioverrides.QuickstepLauncher,performPause]
11-08 05:01:55.737 1969 1969 I sysui_multi_action: [757,111,758,1]
11-08 05:01:55.737 1969 1969 I sysui_multi_action: [757,126,758,1,759,126,927,0,928,1,1593,0]
11-08 05:01:55.737 1969 1969 I sysui_multi_action: [757,113,758,1,759,113,927,1,928,0,1593,0]
11-08 05:01:55.738 1969 1969 I sysui_multi_action: [757,0,758,1,759,0,927,2,928,0,1593,0]
11-08 05:01:55.738 1969 1969 I sysui_multi_action: [757,0,758,1,759,0,927,3,928,0,1593,0]
11-08 05:01:55.738 1969 1969 I sysui_multi_action: [757,0,758,1,759,0,927,4,1593,0]
11-08 05:01:55.738 1969 1969 I sysui_multi_action: [757,491,758,1,759,491,927,5,928,0,1311,-1,1593,0]
11-08 05:01:55.738 1969 1969 I sysui_multi_action: [757,122,758,1,759,122,927,6,928,1,1593,0]
11-08 05:01:55.738 1969 1969 I sysui_multi_action: [757,0,758,1,759,0,927,7,928,0,1593,0]
11-08 05:01:55.738 1969 1969 I sysui_multi_action: [757,111,758,1]
11-08 05:01:55.738 1969 1969 I sysui_multi_action: [757,126,758,1,759,126,927,0,928,1,1593,0]
11-08 05:01:55.738 1969 1969 I sysui_multi_action: [757,113,758,1,759,113,927,1,928,0,1593,0]
11-08 05:01:55.738 1969 1969 I sysui_multi_action: [757,0,758,1,759,0,927,2,928,0,1593,0]
11-08 05:01:55.738 1969 1969 I sysui_multi_action: [757,0,758,1,759,0,927,3,928,0,1593,0]
11-08 05:01:55.750 1517 1661 I wm_stop_activity: [0,193491456,com.android.launcher3/.uioverrides.QuickstepLauncher]
11-08 05:01:55.754 1517 1677 I commit_sys_config_file: [settings-1-0,7]
11-08 05:01:55.755 1517 1609 I input_focus: [Focus request 8cfe82f com.android.settings/com.android.settings.Settings,reason=UpdateInputWindows]
11-08 05:01:55.760 2526 2526 I wm_on_stop_called: [193491456,com.android.launcher3.uioverrides.QuickstepLauncher,STOP_ACTIVITY_ITEM]
11-08 05:01:55.778 1517 1689 I input_focus: [Focus entering 8cfe82f com.android.settings/com.android.settings.Settings (server),reason=setFocusedWindow]
11-08 05:01:55.837 1517 1677 I commit_sys_config_file: [settings-0-0,3]
11-08 05:01:55.838 1517 1517 I sysui_multi_action: [757,1501,758,1,793,227,794,0,795,227,796,26,806,android,857,DEVELOPER_IMPORTANT,858,4,947,0,1500,0]
11-08 05:01:55.838 1517 1517 I sysui_multi_action: [757,804,799,note_interruptive,801,0,802,1]
11-08 05:01:55.839 1517 1517 I sysui_multi_action: [757,1501,758,1,793,228,794,0,795,228,796,26,806,android,857,DEVELOPER_IMPORTANT,858,4,947,0,1500,0,1688,1]
11-08 05:01:55.840 1517 1517 I sysui_multi_action: [757,804,799,note_interruptive,801,0,802,1]
11-08 05:01:55.840 1517 1517 I sysui_multi_action: [757,199,758,1,759,2,793,229,794,0,795,229,796,26,806,android,857,DEVELOPER_IMPORTANT,858,4,947,0,1500,1,1688,1]
11-08 05:01:55.840 1517 1517 I notification_alert: [-1|android|26|null|1000,0,1,0]
11-08 05:01:55.841 1517 1517 I sysui_multi_action: [757,1501,758,1,793,229,794,0,795,229,796,32,806,android,857,USB,858,1,947,0,1500,0]
11-08 05:01:55.841 1517 1517 I sysui_multi_action: [757,804,799,note_interruptive,801,0,802,1]
11-08 05:01:55.860 1517 1607 I commit_sys_config_file: [notification-policy,10313303]
11-08 05:01:55.905 1969 1969 I sysui_multi_action: [757,803,799,note_peek,802,1]
11-08 05:01:55.909 1517 5618 I sysui_multi_action: [757,127,758,1]
11-08 05:01:55.912 1969 1969 I sysui_heads_up_status: [-1|android|26|null|1000,1]
11-08 05:01:55.914 1517 5618 I sysui_multi_action: [757,804,799,note_load,801,1,802,1]
11-08 05:01:55.914 1517 5618 I notification_panel_revealed: 1
11-08 05:01:56.419 1517 1554 I sysui_multi_action: [757,128,758,1,793,808,794,0,795,808,796,26,798,0,806,android,857,DEVELOPER_IMPORTANT,858,4,947,0,1395,2,1500,580,1688,1]
11-08 05:01:56.419 1517 1554 I sysui_multi_action: [757,804,799,note_freshness,801,808,802,1]
11-08 05:01:56.420 1517 1554 I notification_visibility: [-1|android|26|null|1000,1,808,808,0,0]
11-08 05:01:57.252 1517 1689 I input_interaction: Interaction with: 8cfe82f com.android.settings/com.android.settings.Settings (server), edge-swipe (server), swipe-up (server), PointerEventDispatcher0 (server),
11-08 05:01:57.282 1517 5618 I wm_task_moved: [92,0,0]
11-08 05:01:57.284 1517 5618 I wm_task_moved: [92,0,6]
11-08 05:01:57.313 2526 2526 I wm_on_restart_called: [193491456,com.android.launcher3.uioverrides.QuickstepLauncher,performRestartActivity]
11-08 05:01:57.354 2526 2526 I wm_on_start_called: [193491456,com.android.launcher3.uioverrides.QuickstepLauncher,handleStartActivity]
11-08 05:01:57.355 11517 11517 I view_enqueue_input_event: [Motion - Cancel,com.android.settings/com.android.settings.Settings]
11-08 05:01:57.357 1517 1689 I input_interaction: Interaction with: edge-swipe (server), swipe-up (server), PointerEventDispatcher0 (server),
11-08 05:01:57.357 1517 1609 I input_focus: [Focus request recents_animation_input_consumer,reason=UpdateInputWindows]
11-08 05:01:57.369 2526 2526 I sysui_latency: [1,118]
11-08 05:01:57.377 1517 1689 I input_focus: [Focus leaving 8cfe82f com.android.settings/com.android.settings.Settings (server),reason=NOT_FOCUSABLE]
11-08 05:01:57.378 1517 1689 I input_focus: [Focus entering recents_animation_input_consumer (server),reason=setFocusedWindow]
11-08 05:01:57.385 1517 1605 I sysui_multi_action: [319,15,322,97,325,10324,757,761,758,9,759,5,806,com.android.launcher3,871,com.android.launcher3.uioverrides.QuickstepLauncher,904,com.android.launcher3,905,0,1320,8,1321,5]
11-08 05:01:57.559 1517 1677 I commit_sys_config_file: [settings-1-0,6]
11-08 05:01:57.682 1517 1614 I sysui_latency: [8,119]
11-08 05:01:58.155 1517 1554 I wm_task_moved: [92,1,7]
11-08 05:01:58.156 1517 1554 I wm_task_moved: [93,1,2147483647]
11-08 05:01:58.156 1517 1554 I wm_task_to_front: [0,93]
11-08 05:01:58.156 1517 1554 I wm_focused_root_task: [0,0,92,187,RecentsAnimation.onAnimationFinished()]
11-08 05:01:58.156 1517 1554 I wm_set_resumed_activity: [0,com.android.launcher3/.uioverrides.QuickstepLauncher,RecentsAnimation.onAnimationFinished()]
11-08 05:01:58.157 1517 1554 I wm_pause_activity: [0,249170876,com.android.settings/.Settings,userLeaving=true,pauseBackTasks]
11-08 05:01:58.158 1517 1554 I wm_add_to_stopping: [0,249170876,com.android.settings/.Settings,makeInvisible]
11-08 05:01:58.159 1517 1554 I wm_set_resumed_activity: [0,com.android.launcher3/.uioverrides.QuickstepLauncher,resumeTopActivityInnerLocked]
11-08 05:01:58.160 1517 1554 I wm_resume_activity: [0,193491456,93,com.android.launcher3/.uioverrides.QuickstepLauncher]
11-08 05:01:58.165 11517 11517 I wm_on_top_resumed_lost_called: [249170876,com.android.settings.Settings,topStateChangedWhenResumed]
11-08 05:01:58.168 2526 2526 I wm_on_resume_called: [193491456,com.android.launcher3.uioverrides.QuickstepLauncher,RESUME_ACTIVITY]
11-08 05:01:58.170 1517 1609 I input_focus: [Focus request cbeae27 com.android.launcher3/com.android.launcher3.uioverrides.QuickstepLauncher,reason=UpdateInputWindows]
11-08 05:01:58.178 1517 5618 I wm_stop_activity: [0,249170876,com.android.settings/.Settings]
11-08 05:01:58.180 1517 1689 I input_focus: [Focus leaving recents_animation_input_consumer (server),reason=NOT_VISIBLE]
11-08 05:01:58.180 1517 1689 I input_focus: [Focus entering cbeae27 com.android.launcher3/com.android.launcher3.uioverrides.QuickstepLauncher (server),reason=setFocusedWindow]
11-08 05:01:58.180 1517 1608 I sysui_multi_action: [757,803,799,window_time_0,802,8]
11-08 05:01:58.182 1517 1608 I sysui_multi_action: [757,803,799,window_time_0,802,0]
11-08 05:01:58.196 11517 11517 I sysui_multi_action: [757,750,758,2,1089,2486]
11-08 05:01:58.196 11517 11517 I sysui_multi_action: [757,344,758,2,1089,2478]
11-08 05:01:58.197 11517 11517 I sysui_multi_action: [757,35,758,2,1089,2479]
11-08 05:01:58.197 11517 11517 I wm_on_paused_called: [249170876,com.android.settings.Settings,performPause]
11-08 05:01:58.199 2526 2526 I wm_on_top_resumed_gained_called: [193491456,com.android.launcher3.uioverrides.QuickstepLauncher,topStateChangedWhenResumed]
11-08 05:01:58.206 11517 11517 I wm_on_stop_called: [249170876,com.android.settings.Settings,STOP_ACTIVITY_ITEM]
11-08 05:01:58.515 1517 1689 I input_interaction: Interaction with: cbeae27 com.android.launcher3/com.android.launcher3.uioverrides.QuickstepLauncher (server), c84215e com.android.systemui.ImageWallpaper (server), edge-swipe (server), swipe-up (server), PointerEventDispatcher0 (server),
11-08 05:01:58.619 1517 9837 I wm_task_moved: [189,1,7]
11-08 05:01:58.619 1517 9837 I wm_task_to_front: [0,189]
11-08 05:01:58.620 1517 9837 I wm_focused_root_task: [0,0,189,92,bringingFoundTaskToFront]
11-08 05:01:58.620 1517 9837 I wm_set_resumed_activity: [0,com.android.music/.VideoBrowserActivity,bringingFoundTaskToFront]
11-08 05:01:58.625 1517 9837 I wm_pause_activity: [0,193491456,com.android.launcher3/.uioverrides.QuickstepLauncher,userLeaving=true,pauseBackTasks]
11-08 05:01:58.631 2526 2526 I wm_on_top_resumed_lost_called: [193491456,com.android.launcher3.uioverrides.QuickstepLauncher,topStateChangedWhenResumed]
11-08 05:01:58.641 2526 2526 I wm_on_paused_called: [193491456,com.android.launcher3.uioverrides.QuickstepLauncher,performPause]
11-08 05:01:58.646 1517 9837 I wm_set_resumed_activity: [0,com.android.music/.VideoBrowserActivity,resumeTopActivityInnerLocked]
11-08 05:01:58.646 1517 9837 I wm_add_to_stopping: [0,193491456,com.android.launcher3/.uioverrides.QuickstepLauncher,makeInvisible]
11-08 05:01:58.651 1517 9837 I wm_relaunch_resume_activity: [0,93608046,189,com.android.music/.VideoBrowserActivity]
11-08 05:01:58.669 1517 1608 I sysui_multi_action: [757,803,799,window_time_0,802,1]
11-08 05:01:58.670 11770 11770 I wm_on_destroy_called: [93608046,com.android.music.VideoBrowserActivity,performDestroy]
11-08 05:01:58.680 1517 1689 I input_focus: [Focus leaving cbeae27 com.android.launcher3/com.android.launcher3.uioverrides.QuickstepLauncher (server),reason=NO_WINDOW]
11-08 05:01:58.693 1517 1614 I sysui_multi_action: [757,1717,758,1,759,0]
11-08 05:01:58.693 1517 1614 I sysui_multi_action: [757,1717,758,2,759,0]
11-08 05:01:58.693 1517 1614 I sysui_multi_action: [757,1717,758,3,759,0]
11-08 05:01:58.700 11770 11770 I wm_on_create_called: [93608046,com.android.music.VideoBrowserActivity,performCreate]
11-08 05:01:58.700 11770 11770 I wm_on_start_called: [93608046,com.android.music.VideoBrowserActivity,handleStartActivity]
11-08 05:01:58.702 11770 11770 I wm_on_resume_called: [93608046,com.android.music.VideoBrowserActivity,RESUME_ACTIVITY]
11-08 05:01:58.702 11770 11770 I wm_on_top_resumed_gained_called: [93608046,com.android.music.VideoBrowserActivity,topWhenResuming]
11-08 05:01:58.709 1517 1609 I input_focus: [Focus request 7d87ccd com.android.music/com.android.music.VideoBrowserActivity,reason=UpdateInputWindows]
11-08 05:01:58.722 1517 1605 I sysui_multi_action: [319,43,321,38,322,102,325,10326,757,761,758,9,759,4,806,com.android.music,871,com.android.music.VideoBrowserActivity,904,com.android.launcher3,905,0,1320,8,1321,5]
11-08 05:01:58.731 1517 1689 I input_focus: [Focus entering 7d87ccd com.android.music/com.android.music.VideoBrowserActivity (server),reason=setFocusedWindow]
11-08 05:01:59.214 1517 1608 I wm_stop_activity: [0,193491456,com.android.launcher3/.uioverrides.QuickstepLauncher]
11-08 05:01:59.264 2526 2526 I wm_on_stop_called: [193491456,com.android.launcher3.uioverrides.QuickstepLauncher,STOP_ACTIVITY_ITEM]
11-08 05:01:59.542 1517 1717 I netstats_mobile_sample: [0,0,0,0,0,0,0,0,0,0,0,0,1667854919542]
11-08 05:01:59.543 1517 1717 I netstats_wifi_sample: [73107374,170823,40378332,98733,73107374,170823,40378332,98733,93352787,301418,20317742,51436,1667854919542]
11-08 05:01:59.683 0 0 I auditd : type=1400 audit(0.0:10886): avc: denied { kill } for comm="swapper/1" capability=5 scontext=u:r:kernel:s0 tcontext=u:r:kernel:s0 tclass=capability permissive=0
11-08 05:02:00.683 0 0 I auditd : type=1400 audit(0.0:10887): avc: denied { kill } for comm="swapper/1" capability=5 scontext=u:r:kernel:s0 tcontext=u:r:kernel:s0 tclass=capability permissive=0
11-08 05:02:01.354 1517 1689 I input_interaction: Interaction with: 7d87ccd com.android.music/com.android.music.VideoBrowserActivity (server), edge-swipe (server), swipe-up (server), PointerEventDispatcher0 (server),
11-08 05:02:01.374 1517 5618 I wm_task_moved: [92,0,0]
11-08 05:02:01.374 1517 5618 I wm_task_moved: [92,0,6]
11-08 05:02:01.384 2526 2526 I wm_on_restart_called: [193491456,com.android.launcher3.uioverrides.QuickstepLauncher,performRestartActivity]
11-08 05:02:01.421 2526 2526 I wm_on_start_called: [193491456,com.android.launcher3.uioverrides.QuickstepLauncher,handleStartActivity]
11-08 05:02:01.444 1517 1605 I sysui_multi_action: [319,13,322,61,325,10328,757,761,758,9,759,5,806,com.android.launcher3,871,com.android.launcher3.uioverrides.QuickstepLauncher,904,com.android.launcher3,905,0,1320,8,1321,5]
11-08 05:02:01.465 2526 2526 I sysui_latency: [1,76]
11-08 05:02:01.466 11770 11770 I view_enqueue_input_event: [Motion - Cancel,com.android.music/com.android.music.VideoBrowserActivity]
11-08 05:02:01.474 1517 1609 I input_focus: [Focus request recents_animation_input_consumer,reason=UpdateInputWindows]
11-08 05:02:01.475 1517 1689 I input_interaction: Interaction with: edge-swipe (server), swipe-up (server), PointerEventDispatcher0 (server),
11-08 05:02:01.504 1517 1689 I input_focus: [Focus leaving 7d87ccd com.android.music/com.android.music.VideoBrowserActivity (server),reason=NOT_FOCUSABLE]
11-08 05:02:01.504 1517 1689 I input_focus: [Focus entering recents_animation_input_consumer (server),reason=setFocusedWindow]
11-08 05:02:01.607 1969 1969 I sysui_heads_up_status: [-1|android|26|null|1000,0]
11-08 05:02:01.633 1517 1677 I commit_sys_config_file: [settings-1-0,14]
11-08 05:02:01.735 1517 1614 I sysui_latency: [8,74]
11-08 05:02:02.091 1517 1661 I sysui_multi_action: [757,128,758,2,793,6480,794,5672,795,6480,796,26,798,0,806,android,857,DEVELOPER_IMPORTANT,858,4,947,0,1395,2,1500,6252,1688,1]
11-08 05:02:02.091 1517 1661 I notification_visibility: [-1|android|26|null|1000,0,6480,6480,0,0]
11-08 05:02:02.093 1969 1969 I sysui_multi_action: [757,111,758,2]
11-08 05:02:02.093 1969 1969 I sysui_multi_action: [757,111,758,2]
11-08 05:02:02.093 1517 1517 I notification_enqueue: [10082,1969,com.android.systemui,2048,NULL,0,Notification(channel=updateNotification shortcut=null contentView=null vibrate=null sound=null defaults=0x0 flags=0x0 color=0x00000000 vis=PRIVATE),1]
11-08 05:02:02.098 1517 9075 I sysui_multi_action: [757,127,758,2]
11-08 05:02:02.098 1517 9075 I notification_panel_hidden:
11-08 05:02:02.131 1969 1969 I sysui_multi_action: [757,111,758,1]
11-08 05:02:02.132 1969 1969 I sysui_multi_action: [757,126,758,1,759,126,927,0,928,1,1593,0]
11-08 05:02:02.132 1969 1969 I sysui_multi_action: [757,113,758,1,759,113,927,1,928,0,1593,0]
11-08 05:02:02.132 1969 1969 I sysui_multi_action: [757,0,758,1,759,0,927,2,928,0,1593,0]
11-08 05:02:02.132 1969 1969 I sysui_multi_action: [757,0,758,1,759,0,927,3,928,0,1593,0]
11-08 05:02:02.132 1969 1969 I sysui_multi_action: [757,0,758,1,759,0,927,4,1593,0]
11-08 05:02:02.133 1969 1969 I sysui_multi_action: [757,491,758,1,759,491,927,5,928,0,1311,-1,1593,0]
11-08 05:02:02.133 1969 1969 I sysui_multi_action: [757,122,758,1,759,122,927,6,928,1,1593,0]
11-08 05:02:02.133 1969 1969 I sysui_multi_action: [757,0,758,1,759,0,927,7,928,0,1593,0]
11-08 05:02:02.133 1969 1969 I sysui_multi_action: [757,111,758,1]
11-08 05:02:02.133 1969 1969 I sysui_multi_action: [757,126,758,1,759,126,927,0,928,1,1593,0]
11-08 05:02:02.134 1969 1969 I sysui_multi_action: [757,113,758,1,759,113,927,1,928,0,1593,0]
11-08 05:02:02.134 1969 1969 I sysui_multi_action: [757,0,758,1,759,0,927,2,928,0,1593,0]
11-08 05:02:02.134 1969 1969 I sysui_multi_action: [757,0,758,1,759,0,927,3,928,0,1593,0]
11-08 05:02:02.299 1517 1517 I sysui_multi_action: [757,1501,758,1,793,10308440,794,0,795,207,796,2048,806,com.android.systemui,857,updateNotification,858,3,947,0,1500,0,1688,1]
11-08 05:02:02.299 1517 1517 I sysui_multi_action: [757,804,799,note_interruptive,801,0,802,1]
11-08 05:02:02.299 1517 1517 I sysui_multi_action: [757,199,758,1,759,2,793,10308440,794,0,795,207,796,2048,806,com.android.systemui,857,updateNotification,858,3,947,0,1500,0,1688,1]
11-08 05:02:02.300 1517 1517 I notification_alert: [0|com.android.systemui|2048|null|10082,0,1,0]
11-08 05:02:02.418 1517 1677 I commit_sys_config_file: [settings-1-0,7]
11-08 05:02:02.683 0 0 I auditd : type=1400 audit(0.0:10888): avc: denied { kill } for comm="swapper/1" capability=5 scontext=u:r:kernel:s0 tcontext=u:r:kernel:s0 tclass=capability permissive=0
11-08 05:02:03.076 1517 1689 I input_interaction: Interaction with: cbeae27 com.android.launcher3/com.android.launcher3.uioverrides.QuickstepLauncher (server), edge-swipe (server), swipe-up (server), PointerEventDispatcher0 (server),
11-08 05:02:03.528 1517 5618 I wm_task_moved: [92,1,7]
11-08 05:02:03.530 1517 5618 I wm_focused_root_task: [0,0,92,189,RecentsAnimation.onAnimationFinished()]
11-08 05:02:03.530 11770 11770 I wm_on_top_resumed_lost_called: [93608046,com.android.music.VideoBrowserActivity,topStateChangedWhenResumed]
11-08 05:02:03.534 1517 5618 I wm_pause_activity: [0,93608046,com.android.music/.VideoBrowserActivity,userLeaving=false,pauseBackTasks]
11-08 05:02:03.537 1517 5618 I wm_set_resumed_activity: [0,com.android.launcher3/.uioverrides.QuickstepLauncher,resumeTopActivityInnerLocked]
11-08 05:02:03.539 1517 5618 I wm_resume_activity: [0,193491456,93,com.android.launcher3/.uioverrides.QuickstepLauncher]
11-08 05:02:03.539 1517 5618 I wm_add_to_stopping: [0,93608046,com.android.music/.VideoBrowserActivity,makeInvisible]
11-08 05:02:03.540 2526 2526 I wm_on_resume_called: [193491456,com.android.launcher3.uioverrides.QuickstepLauncher,RESUME_ACTIVITY]
11-08 05:02:03.550 1517 1609 I input_focus: [Focus request cbeae27 com.android.launcher3/com.android.launcher3.uioverrides.QuickstepLauncher,reason=UpdateInputWindows]
11-08 05:02:03.550 1517 1608 I sysui_multi_action: [757,803,799,window_time_0,802,4]
11-08 05:02:03.551 11770 11770 I wm_on_paused_called: [93608046,com.android.music.VideoBrowserActivity,performPause]
11-08 05:02:03.556 1517 1608 I wm_stop_activity: [0,93608046,com.android.music/.VideoBrowserActivity]
11-08 05:02:03.557 1517 1608 I sysui_multi_action: [757,803,799,window_time_0,802,1]
11-08 05:02:03.560 2526 2526 I wm_on_top_resumed_gained_called: [193491456,com.android.launcher3.uioverrides.QuickstepLauncher,topStateChangedWhenResumed]
11-08 05:02:03.564 1517 1689 I input_focus: [Focus leaving recents_animation_input_consumer (server),reason=NOT_VISIBLE]
11-08 05:02:03.564 1517 1689 I input_focus: [Focus entering cbeae27 com.android.launcher3/com.android.launcher3.uioverrides.QuickstepLauncher (server),reason=setFocusedWindow]
11-08 05:02:03.571 11770 11770 I wm_on_stop_called: [93608046,com.android.music.VideoBrowserActivity,STOP_ACTIVITY_ITEM]
11-08 05:02:03.649 1517 9075 I wm_finish_activity: [0,249170876,187,com.android.settings/.Settings,recent-task-trimmed]
11-08 05:02:03.650 1517 9075 I wm_destroy_activity: [0,249170876,187,com.android.settings/.Settings,finish-imm:finishIfPossible]
11-08 05:02:03.652 1517 9075 I wm_finish_activity: [0,93608046,189,com.android.music/.VideoBrowserActivity,recent-task-trimmed]
11-08 05:02:03.653 1517 9075 I wm_destroy_activity: [0,93608046,189,com.android.music/.VideoBrowserActivity,finish-imm:finishIfPossible]
11-08 05:02:03.656 1517 1608 I am_kill : [0,11517,com.android.settings,900,remove task]
11-08 05:02:03.658 1517 1608 I sysui_multi_action: [757,803,799,window_time_0,802,0]
11-08 05:02:03.660 1517 1608 I am_kill : [0,11770,com.android.music,905,remove task]
11-08 05:02:03.667 1517 1608 I sysui_multi_action: [757,803,799,window_time_0,802,0]
11-08 05:02:03.708 1517 2116 I am_proc_died: [0,11770,com.android.music,905,19]
11-08 05:02:03.712 1517 2116 I am_uid_stopped: 10088
11-08 05:02:03.714 1517 2116 I wm_task_removed: [189,removeChild:removeChild last r=ActivityRecord{594586e u0 com.android.music/.VideoBrowserActivity t-1 f}} in t=Task{73b0746 #189 type=standard A=10088:android.task.video U=0 visible=false mode=fullscreen translucent=true sz=0}]
11-08 05:02:03.714 1517 2116 I wm_task_removed: [189,removeChild]
11-08 05:02:03.722 1517 1608 I am_uid_running: 10088
11-08 05:02:03.732 1517 1616 I am_proc_start: [0,13057,10088,com.android.music,NULL,]
11-08 05:02:03.756 1517 5618 I am_proc_bound: [0,13057,com.android.music]
11-08 05:02:03.785 1517 2078 I am_proc_died: [0,11517,com.android.settings,900,19]
11-08 05:02:03.793 1517 2078 I wm_task_removed: [187,removeChild:removeChild last r=ActivityRecord{eda0bbc u0 com.android.settings/.Settings t-1 f}} in t=Task{ca991a7 #187 type=standard A=1000:com.android.settings.root U=0 visible=false mode=fullscreen translucent=true sz=0}]
11-08 05:02:03.793 1517 2078 I wm_task_removed: [187,removeChild]
11-08 05:02:03.801 1517 1616 I am_proc_start: [0,13073,1000,com.android.settings,NULL,]
11-08 05:02:03.816 1517 2078 I am_proc_bound: [0,13073,com.android.settings]
11-08 05:02:03.856 1517 1689 I input_interaction: Interaction with: cbeae27 com.android.launcher3/com.android.launcher3.uioverrides.QuickstepLauncher (server), c84215e com.android.systemui.ImageWallpaper (server), edge-swipe (server), swipe-up (server), PointerEventDispatcher0 (server),
11-08 05:02:04.683 0 0 I auditd : type=1400 audit(0.0:10889): avc: denied { kill } for comm="swapper/1" capability=5 scontext=u:r:kernel:s0 tcontext=u:r:kernel:s0 tclass=capability permissive=0
11-08 05:02:05.303 1517 5618 I wm_task_created: [190,-1]
11-08 05:02:05.310 1517 5618 I wm_task_moved: [190,1,6]
11-08 05:02:05.310 1517 5618 I wm_task_to_front: [0,190]
11-08 05:02:05.310 1517 5618 I wm_create_task: [0,190]
11-08 05:02:05.310 1517 5618 I wm_create_activity: [0,226798953,190,com.android.gallery3d/.app.GalleryActivity,android.intent.action.MAIN,NULL,NULL,270532608]
11-08 05:02:05.310 1517 5618 I wm_task_moved: [190,1,6]
11-08 05:02:05.314 1517 5618 I wm_pause_activity: [0,193491456,com.android.launcher3/.uioverrides.QuickstepLauncher,userLeaving=true,pauseBackTasks]
11-08 05:02:05.326 2526 2526 I wm_on_top_resumed_lost_called: [193491456,com.android.launcher3.uioverrides.QuickstepLauncher,topStateChangedWhenResumed]
11-08 05:02:05.329 2526 2526 I wm_on_paused_called: [193491456,com.android.launcher3.uioverrides.QuickstepLauncher,performPause]
11-08 05:02:05.332 1517 5618 I wm_add_to_stopping: [0,193491456,com.android.launcher3/.uioverrides.QuickstepLauncher,makeInvisible]
11-08 05:02:05.333 1517 5618 I wm_restart_activity: [0,226798953,190,com.android.gallery3d/.app.GalleryActivity]
11-08 05:02:05.335 1517 5618 I wm_set_resumed_activity: [0,com.android.gallery3d/.app.GalleryActivity,minimalResumeActivityLocked]
11-08 05:02:05.342 1517 1608 I am_uid_active: 10066
11-08 05:02:05.344 1517 1608 I sysui_multi_action: [757,803,799,window_time_0,802,1]
11-08 05:02:05.363 1517 1689 I input_focus: [Focus leaving cbeae27 com.android.launcher3/com.android.launcher3.uioverrides.QuickstepLauncher (server),reason=NO_WINDOW]
11-08 05:02:05.380 11739 11739 I wm_on_create_called: [226798953,com.android.gallery3d.app.GalleryActivity,performCreate]
11-08 05:02:05.383 11739 11739 I wm_on_start_called: [226798953,com.android.gallery3d.app.GalleryActivity,handleStartActivity]
11-08 05:02:05.386 11739 11739 I wm_on_resume_called: [226798953,com.android.gallery3d.app.GalleryActivity,RESUME_ACTIVITY]
11-08 05:02:05.389 11739 11739 I wm_on_top_resumed_gained_called: [226798953,com.android.gallery3d.app.GalleryActivity,topStateChangedWhenResumed]
11-08 05:02:05.405 1517 1609 I input_focus: [Focus request 1c88c38 com.android.gallery3d/com.android.gallery3d.app.GalleryActivity,reason=UpdateInputWindows]
11-08 05:02:05.411 1517 1517 I notification_enqueue: [10082,1969,com.android.systemui,2048,NULL,0,Notification(channel=updateNotification shortcut=null contentView=null vibrate=null sound=null defaults=0x0 flags=0x0 color=0x00000000 vis=PRIVATE),1]
11-08 05:02:05.411 1969 1969 I sysui_multi_action: [757,111,758,2]
11-08 05:02:05.412 1969 1969 I sysui_multi_action: [757,111,758,2]
11-08 05:02:05.436 1969 1969 I sysui_multi_action: [757,111,758,1]
11-08 05:02:05.436 1969 1969 I sysui_multi_action: [757,126,758,1,759,126,927,0,928,1,1593,0]
11-08 05:02:05.436 1969 1969 I sysui_multi_action: [757,113,758,1,759,113,927,1,928,0,1593,0]
11-08 05:02:05.436 1969 1969 I sysui_multi_action: [757,0,758,1,759,0,927,2,928,0,1593,0]
11-08 05:02:05.436 1969 1969 I sysui_multi_action: [757,0,758,1,759,0,927,3,928,0,1593,0]
11-08 05:02:05.436 1969 1969 I sysui_multi_action: [757,0,758,1,759,0,927,4,1593,0]
11-08 05:02:05.437 1969 1969 I sysui_multi_action: [757,491,758,1,759,491,927,5,928,0,1311,-1,1593,0]
11-08 05:02:05.437 1969 1969 I sysui_multi_action: [757,122,758,1,759,122,927,6,928,1,1593,0]
11-08 05:02:05.437 1969 1969 I sysui_multi_action: [757,0,758,1,759,0,927,7,928,0,1593,0]
11-08 05:02:05.437 1969 1969 I sysui_multi_action: [757,111,758,1]
11-08 05:02:05.437 1969 1969 I sysui_multi_action: [757,126,758,1,759,126,927,0,928,1,1593,0]
11-08 05:02:05.437 1969 1969 I sysui_multi_action: [757,113,758,1,759,113,927,1,928,0,1593,0]
11-08 05:02:05.437 1969 1969 I sysui_multi_action: [757,0,758,1,759,0,927,2,928,0,1593,0]
11-08 05:02:05.437 1969 1969 I sysui_multi_action: [757,0,758,1,759,0,927,3,928,0,1593,0]
11-08 05:02:05.464 1517 1689 I input_focus: [Focus entering 1c88c38 com.android.gallery3d/com.android.gallery3d.app.GalleryActivity (server),reason=Window became focusable. Previous reason: NOT_VISIBLE]
