11-08 05:14:31.666 2526 2526 D StateManager: goToState: Overview
11-08 05:14:31.668 2526 2526 D FreeWindowContainer: reloadTask: null
11-08 05:14:31.680 1197 3310 D CCodecBufferChannel: [c2.android.aac.decoder#417] DEBUG: elapsed: n=6 [in=0 pipeline=0 out=2]
11-08 05:14:31.680 1197 3310 D PipelineWatcher: DEBUG: elapsed 2 / 6
11-08 05:14:31.689 2526 2526 D EditModeHelper: setHotseatVisibility: 0
11-08 05:14:31.717 1197 5371 I CCodecBufferChannel: pipelineRoom(1) is <= numClientBuffers(1). Not signalling any more buffers to client
11-08 05:14:31.896 1517 1677 I commit_sys_config_file: [settings-1-0,5]
11-08 05:14:31.988 801 870 D audio_hw_primary: out_set_parameters: enter: usecase(1: low-latency-playback) kvpairs: suspend_playback=false
11-08 05:14:31.988 801 870 D audio_hw_extn: audio_extn_fm_set_parameters: Enter
11-08 05:14:31.990 1197 1791 I CCodecBufferChannel: pipelineRoom(1) is <= numClientBuffers(1). Not signalling any more buffers to client
11-08 05:14:31.990 1197 14793 I CCodecBufferChannel: pipelineRoom(2) is <= numClientBuffers(2). Not signalling any more buffers to client
11-08 05:14:31.990 1197 1791 I CCodecBufferChannel: pipelineRoom(2) is <= numClientBuffers(2). Not signalling any more buffers to client
11-08 05:14:31.991 1197 14793 I CCodecBufferChannel: pipelineRoom(3) is <= numClientBuffers(3). Not signalling any more buffers to client
11-08 05:14:31.992 801 3339 W audio_hw_primary: out_write: underrun(144) frames_by_time(48226) > out->last_fifo_frames_remaining(384)
11-08 05:14:32.031 801 870 D audio_hw_primary: out_set_parameters: enter: usecase(1: low-latency-playback) kvpairs: suspend_playback=true
11-08 05:14:32.031 801 870 D audio_hw_extn: audio_extn_fm_set_parameters: Enter
11-08 05:14:32.086 646 661 I mpu_uart: [MSG-P:RECV]:No message received in 1000 ms
11-08 05:14:32.194 1204 5305 I OMX-VENC: venc_dev: stats: avg. fps 50.65, bitrate 2642289
11-08 05:14:32.287 1197 5371 I CCodecBufferChannel: pipelineRoom(1) is <= numClientBuffers(1). Not signalling any more buffers to client
11-08 05:14:32.288 1197 14793 I CCodecBufferChannel: pipelineRoom(2) is <= numClientBuffers(2). Not signalling any more buffers to client
11-08 05:14:32.308 646 660 I mpu_uart: [MSG-P:R]:recv sync frame timeout
11-08 05:14:32.500 1517 1689 I input_interaction: Interaction with: de3c7b2 com.android.launcher3/com.android.launcher3.uioverrides.QuickstepLauncher (server), edge-swipe (server), swipe-up (server), PointerEventDispatcher0 (server),
11-08 05:14:32.549 1197 1791 I CCodecBufferChannel: pipelineRoom(1) is <= numClientBuffers(1). Not signalling any more buffers to client
11-08 05:14:32.554 1197 14793 I CCodecBufferChannel: pipelineRoom(2) is <= numClientBuffers(2). Not signalling any more buffers to client
11-08 05:14:32.556 1197 1791 I CCodecBufferChannel: pipelineRoom(2) is <= numClientBuffers(3). Not signalling any more buffers to client
11-08 05:14:32.556 1197 14793 I CCodecBufferChannel: pipelineRoom(2) is <= numClientBuffers(2). Not signalling any more buffers to client
11-08 05:14:32.560 1197 5371 I CCodecBufferChannel: pipelineRoom(2) is <= numClientBuffers(3). Not signalling any more buffers to client
11-08 05:14:32.560 1197 14793 I CCodecBufferChannel: pipelineRoom(2) is <= numClientBuffers(2). Not signalling any more buffers to client
11-08 05:14:32.683 0 0 I auditd : type=1400 audit(0.0:11693): avc: denied { kill } for comm="swapper/3" capability=5 scontext=u:r:kernel:s0 tcontext=u:r:kernel:s0 tclass=capability permissive=0
11-08 05:14:32.683 0 0 W swapper/3: type=1400 audit(0.0:11693): avc: denied { kill } for capability=5 scontext=u:r:kernel:s0 tcontext=u:r:kernel:s0 tclass=capability permissive=0
11-08 05:14:32.825 1197 5371 I CCodecBufferChannel: pipelineRoom(2) is <= numClientBuffers(3). Not signalling any more buffers to client
11-08 05:14:32.826 1197 5371 I CCodecBufferChannel: pipelineRoom(2) is <= numClientBuffers(3). Not signalling any more buffers to client
11-08 05:14:32.826 1197 14793 I CCodecBufferChannel: pipelineRoom(2) is <= numClientBuffers(2). Not signalling any more buffers to client
11-08 05:14:32.826 1197 14793 I CCodecBufferChannel: pipelineRoom(3) is <= numClientBuffers(3). Not signalling any more buffers to client
11-08 05:14:32.830 1197 1791 I CCodecBufferChannel: pipelineRoom(1) is <= numClientBuffers(1). Not signalling any more buffers to client
11-08 05:14:32.935 1517 2116 I wm_task_moved: [92,1,6]
11-08 05:14:32.941 1517 2116 I wm_focused_root_task: [0,0,92,215,RecentsAnimation.onAnimationFinished()]
11-08 05:14:32.942 14223 14223 I wm_on_top_resumed_lost_called: [28453519,com.android.gallery3d.app.MovieActivity,topStateChangedWhenResumed]
11-08 05:14:32.943 1517 2116 D ActivityTrigger: ActivityTrigger activityPauseTrigger
11-08 05:14:32.943 1517 2116 I wm_pause_activity: [0,28453519,com.android.gallery3d/.app.MovieActivity,userLeaving=false,pauseBackTasks]
11-08 05:14:32.944 1517 2116 I ActivityTaskManager: FOREGROUND_APPLICATION_CHANGED to com.android.launcher3.uioverrides.QuickstepLauncher
11-08 05:14:32.945 1517 2116 I wm_set_resumed_activity: [0,com.android.launcher3/.uioverrides.QuickstepLauncher,resumeTopActivityInnerLocked]
11-08 05:14:32.947 1517 2116 I wm_resume_activity: [0,193491456,93,com.android.launcher3/.uioverrides.QuickstepLauncher]
11-08 05:14:32.947 1517 2116 I wm_add_to_stopping: [0,28453519,com.android.gallery3d/.app.MovieActivity,makeInvisible]
11-08 05:14:32.948 2526 2526 I wm_on_resume_called: [193491456,com.android.launcher3.uioverrides.QuickstepLauncher,RESUME_ACTIVITY]
11-08 05:14:32.962 1517 1609 I input_focus: [Focus request de3c7b2 com.android.launcher3/com.android.launcher3.uioverrides.QuickstepLauncher,reason=UpdateInputWindows]
11-08 05:14:32.965 1197 1197 D NuPlayerDriver: reset(0xecd40f10) at state 5
11-08 05:14:32.970 1197 14793 D CCodecBuffers: [c2.android.aac.decoder#417:1D-Output.Impl[N]] Client returned a buffer it does not own according to our record: 0
11-08 05:14:32.970 1197 14793 D CCodecBuffers: [c2.android.aac.decoder#417:1D-Output.Impl[N]] Client returned a buffer it does not own according to our record: 1
11-08 05:14:32.971 1517 1608 I sysui_multi_action: [757,803,799,window_time_2,802,6]
11-08 05:14:32.972 1517 9202 I wm_stop_activity: [0,28453519,com.android.gallery3d/.app.MovieActivity]
11-08 05:14:32.973 1197 14793 I hw-BpHwBinder: onLastStrongRef automatically unlinking death recipients
11-08 05:14:32.973 1250 1789 I hw-BpHwBinder: onLastStrongRef automatically unlinking death recipients
11-08 05:14:32.975 1250 1789 V C2Store : in ~ComponentModule
11-08 05:14:32.975 1250 1789 V C2Store : unloading dll
11-08 05:14:32.977 1517 1689 I input_focus: [Focus leaving recents_animation_input_consumer (server),reason=NOT_VISIBLE]
11-08 05:14:32.977 1517 1689 I input_focus: [Focus entering de3c7b2 com.android.launcher3/com.android.launcher3.uioverrides.QuickstepLauncher (server),reason=setFocusedWindow]
11-08 05:14:32.977 2526 2526 I wm_on_top_resumed_gained_called: [193491456,com.android.launcher3.uioverrides.QuickstepLauncher,topStateChangedWhenResumed]
11-08 05:14:32.995 1517 1608 I sysui_multi_action: [757,803,799,window_time_0,802,0]
11-08 05:14:33.005 1204 12200 I OMX-VDEC-1080P: omx_vdec::component_deinit() complete
11-08 05:14:33.009 1204 12200 I OMX-VDEC-1080P: Exit OMX vdec Destructor: fd=11
11-08 05:14:33.010 1197 14778 D SurfaceUtils: disconnecting from surface 0xec14c998, reason disconnectFromSurface
11-08 05:14:33.012 1517 1614 I am_pss : [8783,10027,com.android.musicfx,6310912,4456448,0,92561408,0,19,7]
11-08 05:14:33.014 1517 1689 I input_interaction: Interaction with: de3c7b2 com.android.launcher3/com.android.launcher3.uioverrides.QuickstepLauncher (server), c84215e com.android.systemui.ImageWallpaper (server), edge-swipe (server), swipe-up (server), PointerEventDispatcher0 (server),
11-08 05:14:33.015 801 870 D audio_hw_primary: copl(0xe88ca7e0):pause compress driver
11-08 05:14:33.016 801 867 D audio_hw_primary: copl(0xe88ca7e0):calling compress flush
11-08 05:14:33.024 1197 14777 D SurfaceUtils: connecting to surface 0xec14c998, reason onShutdown
11-08 05:14:33.032 801 870 D audio_hw_primary: out_set_parameters: enter: usecase(1: low-latency-playback) kvpairs: suspend_playback=false
11-08 05:14:33.032 801 870 D audio_hw_extn: audio_extn_fm_set_parameters: Enter
11-08 05:14:33.032 801 3339 W audio_hw_primary: out_write: underrun(145) frames_by_time(48102) > out->last_fifo_frames_remaining(384)
11-08 05:14:33.035 1197 14771 D NuPlayerDriver: notifyResetComplete(0xecd40f10)
11-08 05:14:33.036 1197 1197 D NuPlayerDriver: reset(0xecd40f10) at state 0
11-08 05:14:33.036 1197 1197 D SurfaceUtils: disconnecting from surface 0xec1464d8, reason disconnectNativeWindow
11-08 05:14:33.042 1197 1197 W AMessage: failed to post message as target looper for handler 707 is gone.
11-08 05:14:33.046 14223 14223 V MediaPlayer: resetDrmState: mDrmInfo=null mDrmProvisioningThread=null mPrepareDrmInProgress=false mActiveDrmScheme=false
11-08 05:14:33.046 14223 14223 V MediaPlayer: cleanDrmObj: mDrmObj=null mDrmSessionId=null
11-08 05:14:33.046 14223 14223 V MediaPlayer: resetDrmState: mDrmInfo=null mDrmProvisioningThread=null mPrepareDrmInProgress=false mActiveDrmScheme=false
11-08 05:14:33.046 14223 14223 V MediaPlayer: cleanDrmObj: mDrmObj=null mDrmSessionId=null
11-08 05:14:33.047 1517 1662 I MediaFocusControl: abandonAudioFocus() from uid/pid 10066/14223 clientId=android.media.AudioManager@6cceff7
11-08 05:14:33.048 14223 14223 I wm_on_paused_called: [28453519,com.android.gallery3d.app.MovieActivity,performPause]
11-08 05:14:33.049 1197 1197 D AudioTrack: stop(188): called with 0 frames delivered
11-08 05:14:33.061 1517 1662 I MediaFocusControl: abandonAudioFocus() from uid/pid 10066/14223 clientId=android.media.AudioManager@6cceff7
11-08 05:14:33.064 8088 8700 I GameMode_ActivityMonitoringService: onTaskStackChanged
11-08 05:14:33.065 14223 14223 I wm_on_stop_called: [28453519,com.android.gallery3d.app.MovieActivity,STOP_ACTIVITY_ITEM]
11-08 05:14:33.070 8088 8104 I GameMode_ActivityMonitoringService: Updating top task to: TaskInfoContainer [topActivity=ComponentInfo{com.android.launcher3/com.android.launcher3.uioverrides.QuickstepLauncher}, taskId=93, stackId=92, userId=0, displayId=0, position=6
11-08 05:14:33.071 801 870 D audio_hw_primary: out_set_parameters: enter: usecase(1: low-latency-playback) kvpairs: suspend_playback=true
11-08 05:14:33.071 801 870 D audio_hw_extn: audio_extn_fm_set_parameters: Enter
11-08 05:14:33.071 8088 8104 I GameMode_ActivityMonitoringService: Notifying about top task: TaskInfoContainer [topActivity=ComponentInfo{com.android.launcher3/com.android.launcher3.uioverrides.QuickstepLauncher}, taskId=93, stackId=92, userId=0, displayId=0, position=6
11-08 05:14:33.071 8088 8104 D GameMode_GameMode: Show GameMode entry by service!
11-08 05:14:33.071 8088 8104 W ContextImpl: Calling a method in the system process without a qualified user: android.app.ContextImpl.startService:1816 android.content.ContextWrapper.startService:774 com.thundercomm.gamemode.ingame.services.GameModeActionUtils.startGameModeService:93 com.thundercomm.gamemode.ingame.services.GameModeActionUtils.startGameModeEntry:21 com.thundercomm.gamemode.ingame.services.ActivityMonitoringService$1.onActivityLaunch:120
11-08 05:14:33.071 801 867 D audio_hw_primary: copl(0xe88ca7e0):out of compress flush
11-08 05:14:33.072 999 14798 W AudioFlinger: LinearMap: y negative diff(-215040) from 0 - 215040
11-08 05:14:33.072 801 14799 D audio_hw_utils: audio_extn_utils_compress_get_dsp_latency:: Using Fix DSP delay
11-08 05:14:33.072 801 14799 D audio_hw_utils: audio_extn_utils_compress_get_dsp_latency:: delay in ms is 62
11-08 05:14:33.073 8088 8088 D GameMode_GameMode: type=hide_entry
11-08 05:14:33.073 8088 8104 D GameMode: getUriFor setting_content_uri_root = content://com.thundercomm.gamemode.api/gamemode_settings , name = gamemode_isgaming
11-08 05:14:33.075 1517 1517 I GameModeConfig: Current uri is uri = content://com.thundercomm.gamemode.api/gamemode_settings/gamemode_isgaming
11-08 05:14:33.075 1517 1517 D GameMode: getUriFor setting_content_uri_root = content://com.thundercomm.gamemode.api/gamemode_settings , name = gamemode_isgaming
11-08 05:14:33.075 8088 8104 D GameMode: gamemode_isgaming set to 0
11-08 05:14:33.076 8088 8088 D GameMode_GameSettingsObserver: Game Data change!!!! uri = content://com.thundercomm.gamemode.api/gamemode_settings/gamemode_isgaming
11-08 05:14:33.076 8088 8088 D GameMode: getUriFor setting_content_uri_root = content://com.thundercomm.gamemode.api/gamemode_settings , name = gamemode_isgaming
11-08 05:14:33.077 1517 1517 I GameModeConfig: isGameModeOn = false
11-08 05:14:33.077 1517 1517 I GameModeConfig: isGameModeOn = false
11-08 05:14:33.077 1517 1517 I GameModeConfig: isDisableVoice = true
11-08 05:14:33.078 1517 5618 I wm_finish_activity: [0,28453519,215,com.android.gallery3d/.app.MovieActivity,recent-task-trimmed]
11-08 05:14:33.078 8088 8088 D GameMode_GameMode:GameModeService: updateGlobalSettings = gamemode_isgaming
11-08 05:14:33.079 1517 5618 I wm_destroy_activity: [0,28453519,215,com.android.gallery3d/.app.MovieActivity,finish-imm:finishIfPossible]
11-08 05:14:33.079 1517 5618 I wm_finish_activity: [0,177383599,215,com.android.music/.VideoBrowserActivity,recent-task-trimmed]
11-08 05:14:33.080 1517 5618 I wm_destroy_activity: [0,177383599,215,com.android.music/.VideoBrowserActivity,finish-imm:finishIfPossible]
11-08 05:14:33.080 8088 8700 I GameMode_ActivityMonitoringService: onForegroundActivitiesChanged uid 10066 pid 14223 fg false
11-08 05:14:33.081 8088 8700 I GameMode_ActivityMonitoringService: onForegroundActivitiesChanged uid 10088 pid 14687 fg false
11-08 05:14:33.082 1517 1608 I ActivityManager: Killing 14687:com.android.music/u0a88 (adj 900): remove task
11-08 05:14:33.082 1517 1608 I am_kill : [0,14687,com.android.music,900,remove task]
11-08 05:14:33.083 1517 1620 E libprocessgroup: set_timerslack_ns write failed: No such process
11-08 05:14:33.084 999 1775 D AF::TrackHandle: OpPlayAudio: track:143 usage:1 not muted
11-08 05:14:33.084 1517 1608 I sysui_multi_action: [757,803,799,window_time_0,802,0]
11-08 05:14:33.084 14223 14223 I wm_on_destroy_called: [28453519,com.android.gallery3d.app.MovieActivity,performDestroy]
11-08 05:14:33.084 999 1775 D AF::TrackHandle: OpPlayAudio: track:143 usage:1 not muted
11-08 05:14:33.085 999 1775 D AF::TrackHandle: OpPlayAudio: track:143 usage:1 not muted
11-08 05:14:33.085 999 1775 D AF::TrackHandle: OpPlayAudio: track:143 usage:1 not muted
11-08 05:14:33.085 999 1775 D AF::TrackHandle: OpPlayAudio: track:143 usage:1 not muted
11-08 05:14:33.085 999 1773 D AF::TrackHandle: OpPlayAudio: track:143 usage:1 not muted
11-08 05:14:33.085 999 1773 D AF::TrackHandle: OpPlayAudio: track:143 usage:1 not muted
11-08 05:14:33.085 999 1773 D AF::TrackHandle: OpPlayAudio: track:143 usage:1 not muted
11-08 05:14:33.085 999 1773 D AF::TrackHandle: OpPlayAudio: track:143 usage:1 not muted
11-08 05:14:33.086 999 1773 D AF::TrackHandle: OpPlayAudio: track:143 usage:1 not muted
11-08 05:14:33.086 999 1773 D AF::TrackHandle: OpPlayAudio: track:143 usage:1 not muted
11-08 05:14:33.086 999 1376 D AF::TrackHandle: OpPlayAudio: track:143 usage:1 not muted
11-08 05:14:33.086 999 1368 D AF::TrackHandle: OpPlayAudio: track:143 usage:1 not muted
11-08 05:14:33.086 999 1368 D AF::TrackHandle: OpPlayAudio: track:143 usage:1 not muted
11-08 05:14:33.087 999 1368 D AF::TrackHandle: OpPlayAudio: track:143 usage:1 not muted
11-08 05:14:33.087 999 1368 D AF::TrackHandle: OpPlayAudio: track:143 usage:1 not muted
11-08 05:14:33.087 1517 2760 E TaskPersister: File error accessing recents directory (directory doesn't exist?).
11-08 05:14:33.087 646 661 I mpu_uart: [MSG-P:RECV]:No message received in 1000 ms
11-08 05:14:33.088 1517 2116 W InputManager-JNI: Input channel object '68b37b4 com.android.gallery3d/com.android.gallery3d.app.MovieActivity (client)' was disposed without first being removed with the input manager!
11-08 05:14:33.088 1517 1549 W System : A resource failed to call release.
11-08 05:14:33.089 1517 1549 W System : A resource failed to call close.
11-08 05:14:33.089 1517 1549 W System : A resource failed to call release.
11-08 05:14:33.088 8088 8104 I GameMode_ActivityMonitoringService: Updating top task to: TaskInfoContainer [topActivity=ComponentInfo{com.android.launcher3/com.android.launcher3.uioverrides.QuickstepLauncher}, taskId=93, stackId=92, userId=0, displayId=0, position=6
11-08 05:14:33.089 8088 8104 I GameMode_ActivityMonitoringService: Notifying about top task: TaskInfoContainer [topActivity=ComponentInfo{com.android.launcher3/com.android.launcher3.uioverrides.QuickstepLauncher}, taskId=93, stackId=92, userId=0, displayId=0, position=6
11-08 05:14:33.089 8088 8104 D GameMode_GameMode: Show GameMode entry by service!
11-08 05:14:33.089 8088 8104 W ContextImpl: Calling a method in the system process without a qualified user: android.app.ContextImpl.startService:1816 android.content.ContextWrapper.startService:774 com.thundercomm.gamemode.ingame.services.GameModeActionUtils.startGameModeService:93 com.thundercomm.gamemode.ingame.services.GameModeActionUtils.startGameModeEntry:21 com.thundercomm.gamemode.ingame.services.ActivityMonitoringService$1.onActivityLaunch:120
11-08 05:14:33.090 1517 1549 W System : A resource failed to call close.
11-08 05:14:33.090 1517 1549 W System : A resource failed to call close.
11-08 05:14:33.090 1517 1549 W System : A resource failed to call close.
11-08 05:14:33.090 8088 8104 D GameMode: getUriFor setting_content_uri_root = content://com.thundercomm.gamemode.api/gamemode_settings , name = gamemode_isgaming
11-08 05:14:33.090 8088 8088 D GameMode_GameMode: type=hide_entry
11-08 05:14:33.091 1517 1549 W System : A resource failed to call release.
11-08 05:14:33.091 1517 1549 W System : A resource failed to call close.
11-08 05:14:33.092 1517 1549 W System : A resource failed to call release.
11-08 05:14:33.092 1517 1614 W UsageStatsService: Unexpected activity event reported! (com.android.gallery3d/com.android.gallery3d.app.MovieActivity event : 23 instanceId : 137016814)
11-08 05:14:33.092 8088 8088 D GameMode_GameSettingsObserver: Game Data change!!!! uri = content://com.thundercomm.gamemode.api/gamemode_settings/gamemode_isgaming
11-08 05:14:33.092 1517 1517 I GameModeConfig: Current uri is uri = content://com.thundercomm.gamemode.api/gamemode_settings/gamemode_isgaming
11-08 05:14:33.092 8088 8088 D GameMode: getUriFor setting_content_uri_root = content://com.thundercomm.gamemode.api/gamemode_settings , name = gamemode_isgaming
11-08 05:14:33.092 1517 1517 D GameMode: getUriFor setting_content_uri_root = content://com.thundercomm.gamemode.api/gamemode_settings , name = gamemode_isgaming
11-08 05:14:33.092 8088 8104 D GameMode: gamemode_isgaming set to 0
11-08 05:14:33.093 1517 1517 I GameModeConfig: isGameModeOn = false
11-08 05:14:33.094 1517 1517 I GameModeConfig: isGameModeOn = false
11-08 05:14:33.094 1517 1517 I GameModeConfig: isDisableVoice = true
11-08 05:14:33.094 999 1368 D AF::TrackHandle: OpPlayAudio: track:143 usage:1 not muted
11-08 05:14:33.095 999 1368 D AF::TrackHandle: OpPlayAudio: track:143 usage:1 not muted
11-08 05:14:33.095 999 1368 D AF::TrackHandle: OpPlayAudio: track:143 usage:1 not muted
11-08 05:14:33.095 999 1368 D AF::TrackHandle: OpPlayAudio: track:143 usage:1 not muted
11-08 05:14:33.095 999 1368 D AF::TrackHandle: OpPlayAudio: track:143 usage:1 not muted
11-08 05:14:33.095 1517 1617 I libprocessgroup: Successfully killed process cgroup uid 10088 pid 14687 in 12ms
11-08 05:14:33.096 999 1376 D AF::TrackHandle: OpPlayAudio: track:143 usage:1 not muted
11-08 05:14:33.096 999 1368 D AF::TrackHandle: OpPlayAudio: track:143 usage:1 not muted
11-08 05:14:33.096 999 1368 D AF::TrackHandle: OpPlayAudio: track:143 usage:1 not muted
11-08 05:14:33.096 999 1368 D AF::TrackHandle: OpPlayAudio: track:143 usage:1 not muted
11-08 05:14:33.096 8088 8088 D GameMode_GameMode:GameModeService: updateGlobalSettings = gamemode_isgaming
11-08 05:14:33.097 999 1368 D AF::TrackHandle: OpPlayAudio: track:143 usage:1 not muted
11-08 05:14:33.097 999 1376 D AF::TrackHandle: OpPlayAudio: track:143 usage:1 not muted
11-08 05:14:33.097 999 1376 D AF::TrackHandle: OpPlayAudio: track:143 usage:1 not muted
11-08 05:14:33.097 999 1376 D AF::TrackHandle: OpPlayAudio: track:143 usage:1 not muted
11-08 05:14:33.098 999 1376 D AF::TrackHandle: OpPlayAudio: track:143 usage:1 not muted
11-08 05:14:33.098 999 1376 D AF::TrackHandle: OpPlayAudio: track:143 usage:1 not muted
11-08 05:14:33.098 8088 8104 I GameMode_ActivityMonitoringService: Updating top task to: TaskInfoContainer [topActivity=ComponentInfo{com.android.launcher3/com.android.launcher3.uioverrides.QuickstepLauncher}, taskId=93, stackId=92, userId=0, displayId=0, position=6
11-08 05:14:33.098 999 1376 D AF::TrackHandle: OpPlayAudio: track:143 usage:1 not muted
11-08 05:14:33.098 8088 8104 I GameMode_ActivityMonitoringService: Notifying about top task: TaskInfoContainer [topActivity=ComponentInfo{com.android.launcher3/com.android.launcher3.uioverrides.QuickstepLauncher}, taskId=93, stackId=92, userId=0, displayId=0, position=6
11-08 05:14:33.098 8088 8104 D GameMode_GameMode: Show GameMode entry by service!
11-08 05:14:33.098 8088 8104 W ContextImpl: Calling a method in the system process without a qualified user: android.app.ContextImpl.startService:1816 android.content.ContextWrapper.startService:774 com.thundercomm.gamemode.ingame.services.GameModeActionUtils.startGameModeService:93 com.thundercomm.gamemode.ingame.services.GameModeActionUtils.startGameModeEntry:21 com.thundercomm.gamemode.ingame.services.ActivityMonitoringService$1.onActivityLaunch:120
11-08 05:14:33.098 1517 1549 W System : A resource failed to call close.
11-08 05:14:33.098 1517 1549 W System : A resource failed to call close.
11-08 05:14:33.099 1517 2760 E TaskPersister: File error accessing recents directory (directory doesn't exist?).
11-08 05:14:33.099 1517 1549 W System : A resource failed to call close.
11-08 05:14:33.100 8088 8088 D GameMode_GameMode: type=hide_entry
11-08 05:14:33.100 8088 8104 D GameMode: getUriFor setting_content_uri_root = content://com.thundercomm.gamemode.api/gamemode_settings , name = gamemode_isgaming
11-08 05:14:33.102 8088 8088 D GameMode_GameSettingsObserver: Game Data change!!!! uri = content://com.thundercomm.gamemode.api/gamemode_settings/gamemode_isgaming
11-08 05:14:33.102 8088 8088 D GameMode: getUriFor setting_content_uri_root = content://com.thundercomm.gamemode.api/gamemode_settings , name = gamemode_isgaming
11-08 05:14:33.102 1517 1517 I GameModeConfig: Current uri is uri = content://com.thundercomm.gamemode.api/gamemode_settings/gamemode_isgaming
11-08 05:14:33.102 1517 1517 D GameMode: getUriFor setting_content_uri_root = content://com.thundercomm.gamemode.api/gamemode_settings , name = gamemode_isgaming
11-08 05:14:33.102 8088 8104 D GameMode: gamemode_isgaming set to 0
11-08 05:14:33.104 1517 1517 I GameModeConfig: isGameModeOn = false
11-08 05:14:33.104 8088 8088 D GameMode_GameMode:GameModeService: updateGlobalSettings = gamemode_isgaming
11-08 05:14:33.104 1517 1517 I GameModeConfig: isGameModeOn = false
11-08 05:14:33.104 1517 1517 I GameModeConfig: isDisableVoice = true
11-08 05:14:33.104 999 1376 D AF::TrackHandle: OpPlayAudio: track:143 usage:1 not muted
11-08 05:14:33.105 999 1376 D AF::TrackHandle: OpPlayAudio: track:143 usage:1 not muted
11-08 05:14:33.105 999 1773 D AF::TrackHandle: OpPlayAudio: track:143 usage:1 not muted
11-08 05:14:33.105 999 1773 D AF::TrackHandle: OpPlayAudio: track:143 usage:1 not muted
11-08 05:14:33.105 999 1773 D AF::TrackHandle: OpPlayAudio: track:143 usage:1 not muted
11-08 05:14:33.105 999 1773 D AF::TrackHandle: OpPlayAudio: track:143 usage:1 not muted
11-08 05:14:33.106 999 1368 D AF::TrackHandle: OpPlayAudio: track:143 usage:1 not muted
11-08 05:14:33.106 999 1368 D AF::TrackHandle: OpPlayAudio: track:143 usage:1 not muted
11-08 05:14:33.106 999 1368 D AF::TrackHandle: OpPlayAudio: track:143 usage:1 not muted
11-08 05:14:33.106 999 1368 D AF::TrackHandle: OpPlayAudio: track:143 usage:1 not muted
11-08 05:14:33.106 999 1368 D AF::TrackHandle: OpPlayAudio: track:143 usage:1 not muted
11-08 05:14:33.107 999 1368 D AF::TrackHandle: OpPlayAudio: track:143 usage:1 not muted
11-08 05:14:33.107 999 1368 D AF::TrackHandle: OpPlayAudio: track:143 usage:1 not muted
11-08 05:14:33.107 999 1368 D AF::TrackHandle: OpPlayAudio: track:143 usage:1 not muted
11-08 05:14:33.107 999 1368 D AF::TrackHandle: OpPlayAudio: track:143 usage:1 not muted
11-08 05:14:33.108 999 1368 D AF::TrackHandle: OpPlayAudio: track:143 usage:1 not muted
11-08 05:14:33.113 801 14799 D audio_hw_utils: audio_extn_utils_compress_get_dsp_latency:: Using Fix DSP delay
11-08 05:14:33.113 801 14799 D audio_hw_utils: audio_extn_utils_compress_get_dsp_latency:: delay in ms is 62
11-08 05:14:33.118 2526 2526 D StateManager: goToState: Normal
11-08 05:14:33.118 2526 2526 D EditModeHelper: setHotseatVisibility: 0
11-08 05:14:33.142 1517 9837 I WindowManager: WIN DEATH: Window{76afefd u0 com.android.music/com.android.music.VideoBrowserActivity}
11-08 05:14:33.143 1517 9837 W InputManager-JNI: Input channel object '76afefd com.android.music/com.android.music.VideoBrowserActivity (client)' was disposed without first being removed with the input manager!
11-08 05:14:33.144 1517 9202 I am_proc_died: [0,14687,com.android.music,900,18]
11-08 05:14:33.147 667 667 I Zygote : Process 14687 exited due to signal 9 (Killed)
11-08 05:14:33.148 1517 9202 I am_uid_stopped: 10088
11-08 05:14:33.149 1517 9202 I wm_task_removed: [215,removeChild:removeChild last r=ActivityRecord{a92a8af u0 com.android.music/.VideoBrowserActivity t-1 f}} in t=Task{1a3d88e #215 type=standard A=10088:android.task.video U=0 visible=false mode=fullscreen translucent=true sz=0}]
11-08 05:14:33.149 1517 9202 I wm_task_removed: [215,removeChild]
11-08 05:14:33.151 1517 1608 W ActivityManager: setHasOverlayUi called on unknown pid: 14687
11-08 05:14:33.152 1517 1609 W ActivityTaskManager: Can't find TaskDisplayArea to determine support for multi window. Task id=215 attached=false
11-08 05:14:33.152 1517 1609 W ActivityTaskManager: Can't find TaskDisplayArea to determine support for multi window. Task id=215 attached=false
11-08 05:14:33.153 801 14799 D audio_hw_utils: audio_extn_utils_compress_get_dsp_latency:: Using Fix DSP delay
11-08 05:14:33.153 801 14799 D audio_hw_utils: audio_extn_utils_compress_get_dsp_latency:: delay in ms is 62
11-08 05:14:33.154 801 867 D audio_hw_primary: copl(0xe88ca7e0):pause compress driver
11-08 05:14:33.154 801 867 W StreamHAL: Error from HAL stream in function pause: No data available
11-08 05:14:33.154 999 14798 E AudioFlinger: Error when pausing output stream: -61
11-08 05:14:33.154 801 870 D audio_hw_primary: copl(0xe88ca7e0):calling compress flush
11-08 05:14:33.154 801 870 W audio_hw_primary: out_flush called in invalid state 0
11-08 05:14:33.154 801 870 D audio_hw_primary: copl(0xe88ca7e0):out of compress flush
11-08 05:14:33.155 1517 1608 I am_uid_running: 10088
11-08 05:14:33.156 801 867 D msm8974_platform: platform_split_snd_device: snd_device(2) num devices(1) new_snd_devices(0)
11-08 05:14:33.156 801 867 D ACDB-LOADER: ACDB -> send_audvoltable
11-08 05:14:33.156 801 867 D ACDB-LOADER: ACDB -> ACDB_CMD_GET_AUDPROC_INSTANCE_GAIN_DEP_STEP_TABLE_SIZE
11-08 05:14:33.156 801 867 D ACDB-LOADER: ACDB -> ACDB_CMD_GET_AUDPROC_INSTANCE_GAIN_DEP_STEP_TABLE, vol index 0
11-08 05:14:33.156 801 867 D ACDB-LOADER: ACDB -> AUDIO_SET_VOL_CAL cal type = 40
11-08 05:14:33.157 801 867 D msm8974_platform: platform_split_snd_device: snd_device(2) num devices(1) new_snd_devices(0)
11-08 05:14:33.157 801 867 D ACDB-LOADER: ACDB -> send_audvoltable
11-08 05:14:33.157 801 867 D ACDB-LOADER: ACDB -> ACDB_CMD_GET_AUDPROC_INSTANCE_GAIN_DEP_STEP_TABLE_SIZE
11-08 05:14:33.157 801 867 D ACDB-LOADER: ACDB -> ACDB_CMD_GET_AUDPROC_INSTANCE_GAIN_DEP_STEP_TABLE, vol index 0
11-08 05:14:33.157 801 867 D ACDB-LOADER: ACDB -> AUDIO_SET_VOL_CAL cal type = 40
11-08 05:14:33.157 1517 1608 D CompatibilityChangeReporter: Compat change id reported: 135634846; UID 10088; state: DISABLED
11-08 05:14:33.157 1517 1608 D CompatibilityChangeReporter: Compat change id reported: 177438394; UID 10088; state: DISABLED
11-08 05:14:33.158 1517 1608 D CompatibilityChangeReporter: Compat change id reported: 135772972; UID 10088; state: DISABLED
11-08 05:14:33.158 1517 1608 D CompatibilityChangeReporter: Compat change id reported: 135754954; UID 10088; state: ENABLED
11-08 05:14:33.158 1517 1616 D CompatibilityChangeReporter: Compat change id reported: 143937733; UID 10088; state: ENABLED
11-08 05:14:33.159 801 867 D msm8974_platform: platform_split_snd_device: snd_device(2) num devices(1) new_snd_devices(0)
11-08 05:14:33.159 801 867 D msm8974_platform: platform_split_snd_device: snd_device(2) num devices(1) new_snd_devices(0)
11-08 05:14:33.161 1008 1008 E BpTransactionCompletedListener: Failed to transact (-32)
11-08 05:14:33.163 999 1284 W AudioFlinger: moveEffectChain_l() effect chain for session 0 not on source thread 0xb4000077c97c6010
11-08 05:14:33.167 801 867 D audio_hw_primary: adev_release_audio_patch: Remove patch with handle 26
11-08 05:14:33.167 801 867 D audio_hw_primary: route_output_stream: enter: usecase(4: compress-offload-playback2) devices 0
11-08 05:14:33.168 801 867 D audio_hw_primary: out_set_parameters: enter: usecase(4: compress-offload-playback2) kvpairs: closing=true
11-08 05:14:33.170 667 667 D Zygote : Forked child process 14819
11-08 05:14:33.171 1517 1616 I am_proc_start: [0,14819,10088,com.android.music,NULL,]
11-08 05:14:33.171 1517 1616 I ActivityManager: Start proc 14819:com.android.music/u0a88 for null
11-08 05:14:33.172 801 867 D audio_hw_primary: out_set_parameters: enter: usecase(4: compress-offload-playback2) kvpairs: exiting=1
11-08 05:14:33.172 801 870 D audio_hw_primary: out_standby: enter: stream (0xe88ca7e0) usecase(4: compress-offload-playback2)
11-08 05:14:33.172 801 870 D audio_hw_primary: copl(0xe88ca7e0):standby
11-08 05:14:33.183 8088 8700 I GameMode_ActivityMonitoringService: onTaskStackChanged
11-08 05:14:33.183 801 14800 D offload_visualizer: thread exit
11-08 05:14:33.183 801 870 D audio_hw_primary: disable_audio_route: reset and update mixer path: compress-offload-playback2
11-08 05:14:33.185 801 870 E soundtrigger: audio_extn_sound_trigger_update_stream_status: invalid input device 0x0, for event 2
11-08 05:14:33.185 801 870 D soundtrigger: audio_extn_sound_trigger_update_stream_status: uc_info->id 4 of type 0 for Event 2, with Raise=1
11-08 05:14:33.185 801 870 I sound_trigger_platform: platform_stdev_check_and_update_concurrency: Received STREAM event, event type 2, usecase type 0
11-08 05:14:33.185 801 870 D sound_trigger_platform: platform_stdev_get_capture_device: Device = 0x80000004
11-08 05:14:33.185 801 870 D sound_trigger_platform: platform_stdev_get_capture_device: Available device = 0x80000004
11-08 05:14:33.185 801 870 D sound_trigger_platform: platform_stdev_check_and_update_concurrency: dedicated path 1, reset backend 1, tx 0, rx 0, concurrency session allowed
11-08 05:14:33.185 801 870 D msm8974_platform: platform_split_snd_device: snd_device(2) num devices(0) new_snd_devices(0)
11-08 05:14:33.185 801 870 I msm8974_platform: platform_get_custom_mtmx_params: no matching param with id 0 ip_ch 2 op_ch 2 uc_id 4 snd_dev 2
11-08 05:14:33.185 801 870 D hardware_info: hw_info_append_hw_type : device_name = speaker
11-08 05:14:33.185 801 870 D msm8974_platform: platform_split_snd_device: snd_device(2) num devices(0) new_snd_devices(0)
11-08 05:14:33.185 801 870 D audio_hw_primary: audio_enable_asm_bit_width_enforce_mode: DSP bitwidth feature is disabled.
11-08 05:14:33.185 801 870 D audio_hw_primary: out_standby: exit
11-08 05:14:33.186 8088 8104 I GameMode_ActivityMonitoringService: Updating top task to: TaskInfoContainer [topActivity=ComponentInfo{com.android.launcher3/com.android.launcher3.uioverrides.QuickstepLauncher}, taskId=93, stackId=92, userId=0, displayId=0, position=5
11-08 05:14:33.187 801 867 D audio_hw_primary: adev_close_output_stream: enter:stream_handle(compress-offload-playback2)
11-08 05:14:33.187 801 867 D audio_hw_primary: io_streams_map_remove: Removed stream with handle 341
11-08 05:14:33.187 801 867 D audio_hw_primary: out_standby: enter: stream (0xe88ca7e0) usecase(4: compress-offload-playback2)
11-08 05:14:33.187 801 867 D audio_hw_primary: out_standby: exit
11-08 05:14:33.187 8088 8104 I GameMode_ActivityMonitoringService: Notifying about top task: TaskInfoContainer [topActivity=ComponentInfo{com.android.launcher3/com.android.launcher3.uioverrides.QuickstepLauncher}, taskId=93, stackId=92, userId=0, displayId=0, position=5
11-08 05:14:33.189 8088 8104 D GameMode_GameMode: Show GameMode entry by service!
11-08 05:14:33.190 8088 8104 W ContextImpl: Calling a method in the system process without a qualified user: android.app.ContextImpl.startService:1816 android.content.ContextWrapper.startService:774 com.thundercomm.gamemode.ingame.services.GameModeActionUtils.startGameModeService:93 com.thundercomm.gamemode.ingame.services.GameModeActionUtils.startGameModeEntry:21 com.thundercomm.gamemode.ingame.services.ActivityMonitoringService$1.onActivityLaunch:120
11-08 05:14:33.191 14819 14819 E m.android.musi: Not starting debugger since process cannot load the jdwp agent.
11-08 05:14:33.193 8088 8088 D GameMode_GameMode: type=hide_entry
11-08 05:14:33.193 8088 8104 D GameMode: getUriFor setting_content_uri_root = content://com.thundercomm.gamemode.api/gamemode_settings , name = gamemode_isgaming
11-08 05:14:33.195 14819 14819 D ProcessState: Binder ioctl to enable oneway spam detection failed: Invalid argument
11-08 05:14:33.196 1204 5305 I OMX-VENC: venc_dev: stats: avg. fps 45.94, bitrate 398876
11-08 05:14:33.196 1517 1517 I GameModeConfig: Current uri is uri = content://com.thundercomm.gamemode.api/gamemode_settings/gamemode_isgaming
11-08 05:14:33.196 1517 1517 D GameMode: getUriFor setting_content_uri_root = content://com.thundercomm.gamemode.api/gamemode_settings , name = gamemode_isgaming
11-08 05:14:33.196 8088 8088 D GameMode_GameSettingsObserver: Game Data change!!!! uri = content://com.thundercomm.gamemode.api/gamemode_settings/gamemode_isgaming
11-08 05:14:33.196 8088 8088 D GameMode: getUriFor setting_content_uri_root = content://com.thundercomm.gamemode.api/gamemode_settings , name = gamemode_isgaming
11-08 05:14:33.197 1517 1517 I GameModeConfig: isGameModeOn = false
11-08 05:14:33.197 1517 1517 I GameModeConfig: isGameModeOn = false
11-08 05:14:33.197 1517 1517 I GameModeConfig: isDisableVoice = true
11-08 05:14:33.198 8088 8088 D GameMode_GameMode:GameModeService: updateGlobalSettings = gamemode_isgaming
11-08 05:14:33.199 8088 8104 D GameMode: gamemode_isgaming set to 0
11-08 05:14:33.200 1517 5618 I am_proc_bound: [0,14819,com.android.music]
11-08 05:14:33.200 1517 5618 D CompatibilityInfo: mCompatibilityFlags - 4
11-08 05:14:33.200 1517 5618 D CompatibilityInfo: applicationDensity - 240
11-08 05:14:33.200 1517 5618 D CompatibilityInfo: applicationScale - 1.0
11-08 05:14:33.207 14819 14819 D CompatibilityChangeReporter: Compat change id reported: 171979766; UID 10088; state: ENABLED
11-08 05:14:33.238 14819 14819 I Perf : Connecting to perf service.
11-08 05:14:33.243 14819 14819 V GraphicsEnvironment: ANGLE Developer option for 'com.android.music' set to: 'default'
11-08 05:14:33.243 14819 14819 V GraphicsEnvironment: ANGLE GameManagerService for com.android.music: false
11-08 05:14:33.244 14819 14819 D NetworkSecurityConfig: No Network Security Config specified, using platform default
11-08 05:14:33.245 14819 14819 D NetworkSecurityConfig: No Network Security Config specified, using platform default
11-08 05:14:33.404 1197 3313 D BufferPoolAccessor2.0: bufferpool2 0xec3c0928 : 0(0 size) total buffers - 0(0 size) used buffers - 0/5 (recycle/alloc) - 1/2 (fetch/transfer)
11-08 05:14:33.404 1197 3313 D BufferPoolAccessor2.0: evictor expired: 1, evicted: 1
11-08 05:14:33.404 1250 1786 D BufferPoolAccessor2.0: evictor expired: 2, evicted: 0
11-08 05:14:33.527 2526 2526 W OrientationEventListener: Cannot detect sensors. Invalid disable
11-08 05:14:34.075 801 867 D audio_hw_primary: out_set_parameters: enter: usecase(1: low-latency-playback) kvpairs: suspend_playback=false
11-08 05:14:34.076 801 867 D audio_hw_extn: audio_extn_fm_set_parameters: Enter
11-08 05:14:34.076 801 870 D audio_hw_primary: out_standby: enter: stream (0xe88c64c0) usecase(1: low-latency-playback)
11-08 05:14:34.087 646 661 I mpu_uart: [MSG-P:RECV]:No message received in 1000 ms
11-08 05:14:34.103 801 870 D audio_hw_primary: disable_audio_route: reset and update mixer path: low-latency-playback
11-08 05:14:34.105 801 870 E soundtrigger: audio_extn_sound_trigger_update_stream_status: invalid input device 0x0, for event 2
11-08 05:14:34.105 801 870 D soundtrigger: audio_extn_sound_trigger_update_stream_status: uc_info->id 1 of type 0 for Event 2, with Raise=0
11-08 05:14:34.105 801 870 D msm8974_platform: platform_split_snd_device: snd_device(2) num devices(0) new_snd_devices(0)
11-08 05:14:34.105 801 870 I msm8974_platform: platform_get_custom_mtmx_params: no matching param with id 0 ip_ch 2 op_ch 2 uc_id 1 snd_dev 2
11-08 05:14:34.105 801 870 D hardware_info: hw_info_append_hw_type : device_name = speaker
11-08 05:14:34.105 801 870 D audio_hw_primary: disable_snd_device: snd_device(2: speaker)
11-08 05:14:34.105 801 870 D msm8974_platform: platform_split_snd_device: snd_device(2) num devices(0) new_snd_devices(0)
11-08 05:14:34.105 801 870 I soundtrigger: audio_extn_sound_trigger_update_device_status: device 0x2 of type 0 for Event 0, with Raise=0
11-08 05:14:34.105 801 870 D audio_hw_primary: out_standby: exit
11-08 05:14:34.200 1204 5305 I OMX-VENC: venc_dev: stats: avg. fps 58.76, bitrate 3620597
11-08 05:14:34.405 1197 3313 D BufferPoolAccessor2.0: evictor expired: 3, evicted: 0
11-08 05:14:35.087 646 661 I mpu_uart: [MSG-P:RECV]:No message received in 1000 ms
11-08 05:14:35.216 1204 5305 I OMX-VENC: venc_dev: stats: avg. fps 58.05, bitrate 1593426
11-08 05:14:35.312 646 660 I mpu_uart: [MSG-P:R]:recv sync frame timeout
11-08 05:14:35.405 1250 1786 D BufferPoolAccessor2.0: bufferpool2 0xb4000075be74c868 : 0(0 size) total buffers - 0(0 size) used buffers - 93/97 (recycle/alloc) - 4/96 (fetch/transfer)
11-08 05:14:35.405 1250 1786 D BufferPoolAccessor2.0: evictor expired: 1, evicted: 1
11-08 05:14:35.406 1197 3313 D BufferPoolAccessor2.0: bufferpool2 0xec3c0fe8 : 0(0 size) total buffers - 0(0 size) used buffers - 95/103 (recycle/alloc) - 8/198 (fetch/transfer)
11-08 05:14:35.406 1197 3313 D BufferPoolAccessor2.0: evictor expired: 1, evicted: 1
11-08 05:14:35.683 0 0 I auditd : type=1400 audit(0.0:11694): avc: denied { kill } for comm="swapper/3" capability=5 scontext=u:r:kernel:s0 tcontext=u:r:kernel:s0 tclass=capability permissive=0
11-08 05:14:35.683 0 0 W swapper/3: type=1400 audit(0.0:11694): avc: denied { kill } for capability=5 scontext=u:r:kernel:s0 tcontext=u:r:kernel:s0 tclass=capability permissive=0
11-08 05:14:36.088 646 661 I mpu_uart: [MSG-P:RECV]:No message received in 1000 ms
11-08 05:14:36.152 1517 2760 E TaskPersister: File error accessing recents directory (directory doesn't exist?).
11-08 05:14:36.229 1204 5305 I OMX-VENC: venc_dev: stats: avg. fps 9.87, bitrate 270444
11-08 05:14:36.683 0 0 I auditd : type=1400 audit(0.0:11695): avc: denied { kill } for comm="swapper/3" capability=5 scontext=u:r:kernel:s0 tcontext=u:r:kernel:s0 tclass=capability permissive=0
11-08 05:14:36.683 0 0 W swapper/3: type=1400 audit(0.0:11695): avc: denied { kill } for capability=5 scontext=u:r:kernel:s0 tcontext=u:r:kernel:s0 tclass=capability permissive=0
11-08 05:14:37.088 646 661 I mpu_uart: [MSG-P:RECV]:No message received in 1000 ms
11-08 05:14:37.406 1250 1786 D BufferPoolAccessor2.0: bufferpool2 0xb4000075be744b88 : 0(0 size) total buffers - 0(0 size) used buffers - 231/236 (recycle/alloc) - 5/236 (fetch/transfer)
11-08 05:14:37.406 1250 1786 D BufferPoolAccessor2.0: evictor expired: 1, evicted: 1
11-08 05:14:37.406 1197 3313 D BufferPoolAccessor2.0: bufferpool2 0xec3c1588 : 0(0 size) total buffers - 0(0 size) used buffers - 228/240 (recycle/alloc) - 16/240 (fetch/transfer)
11-08 05:14:37.406 1197 3313 D BufferPoolAccessor2.0: evictor expired: 1, evicted: 1
11-08 05:14:37.683 0 0 I auditd : type=1400 audit(0.0:11696): avc: denied { kill } for comm="swapper/3" capability=5 scontext=u:r:kernel:s0 tcontext=u:r:kernel:s0 tclass=capability permissive=0
11-08 05:14:37.683 0 0 W swapper/3: type=1400 audit(0.0:11696): avc: denied { kill } for capability=5 scontext=u:r:kernel:s0 tcontext=u:r:kernel:s0 tclass=capability permissive=0
11-08 05:14:38.088 646 661 I mpu_uart: [MSG-P:RECV]:No message received in 1000 ms
11-08 05:14:38.226 1517 1678 D ActivityManager: freezing 13783 com.android.settings
11-08 05:14:38.227 1517 1678 E ActivityManager: Unable to freeze binder for 13783 com.android.settings
11-08 05:14:38.229 1517 1678 D ActivityManager: froze 13783 com.android.settings
11-08 05:14:38.229 1517 1678 I am_freeze: [13783,com.android.settings]
11-08 05:14:38.229 1517 1678 E ActivityManager: Unable to freeze binder for 13783 com.android.settings
11-08 05:14:38.230 1517 1678 I ActivityManager: Killing 13783:com.android.settings/1000 (adj 945): Unable to freeze binder interface
11-08 05:14:38.231 1517 1678 I am_kill : [0,13783,com.android.settings,945,Unable to freeze binder interface]
11-08 05:14:38.237 1517 1617 I libprocessgroup: Successfully killed process cgroup uid 1000 pid 13783 in 5ms
11-08 05:14:38.266 1517 5618 I am_proc_died: [0,13783,com.android.settings,945,19]
11-08 05:14:38.267 667 667 I Zygote : Process 13783 exited due to signal 9 (Killed)
11-08 05:14:38.277 1517 1608 D CompatibilityChangeReporter: Compat change id reported: 135634846; UID 1000; state: DISABLED
11-08 05:14:38.277 1517 1608 D CompatibilityChangeReporter: Compat change id reported: 177438394; UID 1000; state: DISABLED
11-08 05:14:38.277 1517 1608 D CompatibilityChangeReporter: Compat change id reported: 135772972; UID 1000; state: DISABLED
11-08 05:14:38.277 1517 1608 D CompatibilityChangeReporter: Compat change id reported: 135754954; UID 1000; state: ENABLED
11-08 05:14:38.296 667 667 D Zygote : Forked child process 14835
11-08 05:14:38.296 1517 1616 I am_proc_start: [0,14835,1000,com.android.settings,NULL,]
11-08 05:14:38.296 1517 1616 I ActivityManager: Start proc 14835:com.android.settings/1000 for null
11-08 05:14:38.315 646 660 I mpu_uart: [MSG-P:R]:recv sync frame timeout
11-08 05:14:38.321 14835 14835 E ndroid.setting: Not starting debugger since process cannot load the jdwp agent.
11-08 05:14:38.324 14835 14835 D ProcessState: Binder ioctl to enable oneway spam detection failed: Invalid argument
11-08 05:14:38.331 1517 5618 I am_proc_bound: [0,14835,com.android.settings]
11-08 05:14:38.333 1517 5618 D CompatibilityChangeReporter: Compat change id reported: 168419799; UID 1000; state: DISABLED
11-08 05:14:38.333 1517 5618 D CompatibilityInfo: mCompatibilityFlags - 4
11-08 05:14:38.333 1517 5618 D CompatibilityInfo: applicationDensity - 240
11-08 05:14:38.333 1517 5618 D CompatibilityInfo: applicationScale - 1.0
11-08 05:14:38.337 14835 14835 D CompatibilityChangeReporter: Compat change id reported: 171979766; UID 1000; state: ENABLED
11-08 05:14:38.369 14835 14835 I Perf : Connecting to perf service.
11-08 05:14:38.374 14835 14835 V GraphicsEnvironment: ANGLE Developer option for 'com.android.settings' set to: 'default'
11-08 05:14:38.374 14835 14835 V GraphicsEnvironment: ANGLE GameManagerService for com.android.settings: false
11-08 05:14:38.375 14835 14835 D NetworkSecurityConfig: No Network Security Config specified, using platform default
11-08 05:14:38.376 14835 14835 D NetworkSecurityConfig: No Network Security Config specified, using platform default
11-08 05:14:38.380 14835 14835 D SettingsSliceProvider: init
11-08 05:14:38.380 14835 14835 D SettingsSliceProvider: onCreateSliceProvider
11-08 05:14:38.426 1517 1745 I GameModeConfig: isGameModeOn = false
11-08 05:14:38.441 1969 1969 D InterruptionStateProvider: No alerting: filtered notification: 0|com.android.systemui|1|empty_media|10082
11-08 05:14:38.442 1969 1969 D InterruptionStateProvider: No bubble up: not allowed to bubble: -1|android|26|null|1000
11-08 05:14:38.442 1969 1969 D InterruptionStateProvider: No bubble up: not allowed to bubble: 0|com.android.systemui|2048|null|10082
11-08 05:14:38.442 1969 1969 D InterruptionStateProvider: No bubble up: not allowed to bubble: -1|android|32|null|1000
11-08 05:14:38.492 1204 5305 I OMX-VENC: venc_dev: stats: avg. fps 0.44, bitrate 12104
11-08 05:14:38.683 0 0 I auditd : type=1400 audit(0.0:11697): avc: denied { kill } for comm="swapper/3" capability=5 scontext=u:r:kernel:s0 tcontext=u:r:kernel:s0 tclass=capability permissive=0
11-08 05:14:38.683 0 0 W swapper/3: type=1400 audit(0.0:11697): avc: denied { kill } for capability=5 scontext=u:r:kernel:s0 tcontext=u:r:kernel:s0 tclass=capability permissive=0
11-08 05:14:39.089 646 661 I mpu_uart: [MSG-P:RECV]:No message received in 1000 ms
11-08 05:14:39.499 1204 5305 I OMX-VENC: venc_dev: stats: avg. fps 9.93, bitrate 271885
11-08 05:14:39.683 0 0 I auditd : type=1400 audit(0.0:11698): avc: denied { kill } for comm="swapper/3" capability=5 scontext=u:r:kernel:s0 tcontext=u:r:kernel:s0 tclass=capability permissive=0
11-08 05:14:39.683 0 0 W swapper/3: type=1400 audit(0.0:11698): avc: denied { kill } for capability=5 scontext=u:r:kernel:s0 tcontext=u:r:kernel:s0 tclass=capability permissive=0