11-08 05:07:10.132 1969 1969 I sysui_multi_action: [757,0,758,1,759,0,927,3,928,0,1593,1]
11-08 05:07:10.132 1969 1969 I sysui_multi_action: [757,0,758,1,759,0,927,4,1593,1]
11-08 05:07:10.132 1969 1969 I sysui_multi_action: [757,491,758,1,759,491,927,5,928,0,1311,-1,1593,0]
11-08 05:07:10.132 1969 1969 I sysui_multi_action: [757,122,758,1,759,122,927,6,928,1,1593,0]
11-08 05:07:10.132 1969 1969 I sysui_multi_action: [757,0,758,1,759,0,927,7,928,0,1593,0]
11-08 05:07:10.132 1969 1969 I sysui_multi_action: [757,111,758,1]
11-08 05:07:10.132 1969 1969 I sysui_multi_action: [757,126,758,1,759,126,927,0,928,1,1593,1]
11-08 05:07:10.132 1969 1969 I sysui_multi_action: [757,113,758,1,759,113,927,1,928,0,1593,1]
11-08 05:07:10.133 1969 1969 I sysui_multi_action: [757,0,758,1,759,0,927,2,928,0,1593,1]
11-08 05:07:10.133 1969 1969 I sysui_multi_action: [757,0,758,1,759,0,927,3,928,0,1593,1]
11-08 05:07:10.145 1969 1969 I sysui_multi_action: [757,111,758,2]
11-08 05:07:10.145 1969 1969 I sysui_multi_action: [757,111,758,2]
11-08 05:07:10.145 1517 1517 I notification_enqueue: [10082,1969,com.android.systemui,2048,NULL,0,Notification(channel=updateNotification shortcut=null contentView=null vibrate=null sound=null defaults=0x0 flags=0x0 color=0x00000000 vis=PRIVATE),1]
11-08 05:07:10.153 1969 1969 I sysui_multi_action: [757,111,758,1]
11-08 05:07:10.153 1969 1969 I sysui_multi_action: [757,126,758,1,759,126,927,0,928,1,1593,1]
11-08 05:07:10.153 1969 1969 I sysui_multi_action: [757,113,758,1,759,113,927,1,928,0,1593,1]
11-08 05:07:10.153 1969 1969 I sysui_multi_action: [757,0,758,1,759,0,927,2,928,0,1593,1]
11-08 05:07:10.153 1969 1969 I sysui_multi_action: [757,0,758,1,759,0,927,3,928,0,1593,1]
11-08 05:07:10.153 1969 1969 I sysui_multi_action: [757,0,758,1,759,0,927,4,1593,1]
11-08 05:07:10.154 1969 1969 I sysui_multi_action: [757,491,758,1,759,491,927,5,928,0,1311,-1,1593,0]
11-08 05:07:10.154 1969 1969 I sysui_multi_action: [757,122,758,1,759,122,927,6,928,1,1593,0]
11-08 05:07:10.154 1969 1969 I sysui_multi_action: [757,0,758,1,759,0,927,7,928,0,1593,0]
11-08 05:07:10.154 1969 1969 I sysui_multi_action: [757,111,758,1]
11-08 05:07:10.154 1969 1969 I sysui_multi_action: [757,126,758,1,759,126,927,0,928,1,1593,1]
11-08 05:07:10.154 1969 1969 I sysui_multi_action: [757,113,758,1,759,113,927,1,928,0,1593,1]
11-08 05:07:10.154 1969 1969 I sysui_multi_action: [757,0,758,1,759,0,927,2,928,0,1593,1]
11-08 05:07:10.154 1969 1969 I sysui_multi_action: [757,0,758,1,759,0,927,3,928,0,1593,1]
11-08 05:07:10.169 1969 1969 I sysui_multi_action: [757,111,758,2]
11-08 05:07:10.169 1517 1517 I notification_enqueue: [10082,1969,com.android.systemui,2048,NULL,0,Notification(channel=updateNotification shortcut=null contentView=null vibrate=null sound=null defaults=0x0 flags=0x0 color=0x00000000 vis=PRIVATE),1]
11-08 05:07:10.169 1969 1969 I sysui_multi_action: [757,111,758,2]
11-08 05:07:10.178 1969 1969 I sysui_multi_action: [757,111,758,1]
11-08 05:07:10.178 1969 1969 I sysui_multi_action: [757,126,758,1,759,126,927,0,928,1,1593,1]
11-08 05:07:10.178 1969 1969 I sysui_multi_action: [757,113,758,1,759,113,927,1,928,0,1593,1]
11-08 05:07:10.178 1969 1969 I sysui_multi_action: [757,0,758,1,759,0,927,2,928,0,1593,1]
11-08 05:07:10.178 1969 1969 I sysui_multi_action: [757,0,758,1,759,0,927,3,928,0,1593,1]
11-08 05:07:10.178 1969 1969 I sysui_multi_action: [757,0,758,1,759,0,927,4,1593,1]
11-08 05:07:10.178 1969 1969 I sysui_multi_action: [757,491,758,1,759,491,927,5,928,0,1311,-1,1593,0]
11-08 05:07:10.178 1969 1969 I sysui_multi_action: [757,122,758,1,759,122,927,6,928,1,1593,0]
11-08 05:07:10.178 1969 1969 I sysui_multi_action: [757,0,758,1,759,0,927,7,928,0,1593,0]
11-08 05:07:10.178 1969 1969 I sysui_multi_action: [757,111,758,1]
11-08 05:07:10.178 1969 1969 I sysui_multi_action: [757,126,758,1,759,126,927,0,928,1,1593,1]
11-08 05:07:10.178 1969 1969 I sysui_multi_action: [757,113,758,1,759,113,927,1,928,0,1593,1]
11-08 05:07:10.178 1969 1969 I sysui_multi_action: [757,0,758,1,759,0,927,2,928,0,1593,1]
11-08 05:07:10.178 1969 1969 I sysui_multi_action: [757,0,758,1,759,0,927,3,928,0,1593,1]
11-08 05:07:10.190 1969 1969 I sysui_multi_action: [757,111,758,2]
11-08 05:07:10.190 1517 1517 I notification_enqueue: [10082,1969,com.android.systemui,2048,NULL,0,Notification(channel=updateNotification shortcut=null contentView=null vibrate=null sound=null defaults=0x0 flags=0x0 color=0x00000000 vis=PRIVATE),1]
11-08 05:07:10.190 1969 1969 I sysui_multi_action: [757,111,758,2]
11-08 05:07:10.198 1969 1969 I sysui_multi_action: [757,111,758,1]
11-08 05:07:10.198 1969 1969 I sysui_multi_action: [757,126,758,1,759,126,927,0,928,1,1593,1]
11-08 05:07:10.198 1969 1969 I sysui_multi_action: [757,113,758,1,759,113,927,1,928,0,1593,1]
11-08 05:07:10.198 1969 1969 I sysui_multi_action: [757,0,758,1,759,0,927,2,928,0,1593,1]
11-08 05:07:10.198 1969 1969 I sysui_multi_action: [757,0,758,1,759,0,927,3,928,0,1593,1]
11-08 05:07:10.198 1969 1969 I sysui_multi_action: [757,0,758,1,759,0,927,4,1593,1]
11-08 05:07:10.199 1969 1969 I sysui_multi_action: [757,491,758,1,759,491,927,5,928,0,1311,-1,1593,0]
11-08 05:07:10.199 1969 1969 I sysui_multi_action: [757,122,758,1,759,122,927,6,928,1,1593,0]
11-08 05:07:10.199 1969 1969 I sysui_multi_action: [757,0,758,1,759,0,927,7,928,0,1593,0]
11-08 05:07:10.199 1969 1969 I sysui_multi_action: [757,111,758,1]
11-08 05:07:10.199 1969 1969 I sysui_multi_action: [757,126,758,1,759,126,927,0,928,1,1593,1]
11-08 05:07:10.199 1969 1969 I sysui_multi_action: [757,113,758,1,759,113,927,1,928,0,1593,1]
11-08 05:07:10.199 1969 1969 I sysui_multi_action: [757,0,758,1,759,0,927,2,928,0,1593,1]
11-08 05:07:10.199 1969 1969 I sysui_multi_action: [757,0,758,1,759,0,927,3,928,0,1593,1]
11-08 05:07:10.212 1969 1969 I sysui_multi_action: [757,111,758,2]
11-08 05:07:10.212 1517 1517 I notification_enqueue: [10082,1969,com.android.systemui,2048,NULL,0,Notification(channel=updateNotification shortcut=null contentView=null vibrate=null sound=null defaults=0x0 flags=0x0 color=0x00000000 vis=PRIVATE),1]
11-08 05:07:10.212 1969 1969 I sysui_multi_action: [757,111,758,2]
11-08 05:07:10.220 1969 1969 I sysui_multi_action: [757,111,758,1]
11-08 05:07:10.220 1969 1969 I sysui_multi_action: [757,126,758,1,759,126,927,0,928,1,1593,1]
11-08 05:07:10.220 1969 1969 I sysui_multi_action: [757,113,758,1,759,113,927,1,928,0,1593,1]
11-08 05:07:10.220 1969 1969 I sysui_multi_action: [757,0,758,1,759,0,927,2,928,0,1593,1]
11-08 05:07:10.220 1969 1969 I sysui_multi_action: [757,0,758,1,759,0,927,3,928,0,1593,1]
11-08 05:07:10.220 1969 1969 I sysui_multi_action: [757,0,758,1,759,0,927,4,1593,1]
11-08 05:07:10.220 1969 1969 I sysui_multi_action: [757,491,758,1,759,491,927,5,928,0,1311,-1,1593,0]
11-08 05:07:10.220 1969 1969 I sysui_multi_action: [757,122,758,1,759,122,927,6,928,1,1593,0]
11-08 05:07:10.220 1969 1969 I sysui_multi_action: [757,0,758,1,759,0,927,7,928,0,1593,0]
11-08 05:07:10.220 1969 1969 I sysui_multi_action: [757,111,758,1]
11-08 05:07:10.220 1969 1969 I sysui_multi_action: [757,126,758,1,759,126,927,0,928,1,1593,1]
11-08 05:07:10.220 1969 1969 I sysui_multi_action: [757,113,758,1,759,113,927,1,928,0,1593,1]
11-08 05:07:10.220 1969 1969 I sysui_multi_action: [757,0,758,1,759,0,927,2,928,0,1593,1]
11-08 05:07:10.220 1969 1969 I sysui_multi_action: [757,0,758,1,759,0,927,3,928,0,1593,1]
11-08 05:07:10.232 1969 1969 I sysui_multi_action: [757,111,758,2]
11-08 05:07:10.232 1969 1969 I sysui_multi_action: [757,111,758,2]
11-08 05:07:10.236 1517 1517 I notification_enqueue: [10082,1969,com.android.systemui,2048,NULL,0,Notification(channel=updateNotification shortcut=null contentView=null vibrate=null sound=null defaults=0x0 flags=0x0 color=0x00000000 vis=PRIVATE),1]
11-08 05:07:10.240 1969 1969 I sysui_multi_action: [757,111,758,1]
11-08 05:07:10.240 1969 1969 I sysui_multi_action: [757,126,758,1,759,126,927,0,928,1,1593,1]
11-08 05:07:10.240 1969 1969 I sysui_multi_action: [757,113,758,1,759,113,927,1,928,0,1593,1]
11-08 05:07:10.240 1969 1969 I sysui_multi_action: [757,0,758,1,759,0,927,2,928,0,1593,1]
11-08 05:07:10.240 1969 1969 I sysui_multi_action: [757,0,758,1,759,0,927,3,928,0,1593,1]
11-08 05:07:10.240 1969 1969 I sysui_multi_action: [757,0,758,1,759,0,927,4,1593,1]
11-08 05:07:10.240 1969 1969 I sysui_multi_action: [757,491,758,1,759,491,927,5,928,0,1311,-1,1593,0]
11-08 05:07:10.241 1969 1969 I sysui_multi_action: [757,122,758,1,759,122,927,6,928,1,1593,0]
11-08 05:07:10.241 1969 1969 I sysui_multi_action: [757,0,758,1,759,0,927,7,928,0,1593,0]
11-08 05:07:10.241 1969 1969 I sysui_multi_action: [757,111,758,1]
11-08 05:07:10.241 1969 1969 I sysui_multi_action: [757,126,758,1,759,126,927,0,928,1,1593,1]
11-08 05:07:10.241 1969 1969 I sysui_multi_action: [757,113,758,1,759,113,927,1,928,0,1593,1]
11-08 05:07:10.241 1969 1969 I sysui_multi_action: [757,0,758,1,759,0,927,2,928,0,1593,1]
11-08 05:07:10.241 1969 1969 I sysui_multi_action: [757,0,758,1,759,0,927,3,928,0,1593,1]
11-08 05:07:10.255 1517 1517 I sysui_multi_action: [757,1501,758,1,793,198415,794,0,795,212,796,2048,806,com.android.systemui,857,updateNotification,858,3,947,0,1500,0,1688,1]
11-08 05:07:10.255 1517 1517 I sysui_multi_action: [757,804,799,note_interruptive,801,0,802,1]
11-08 05:07:10.255 1517 1517 I sysui_multi_action: [757,199,758,1,759,2,793,198415,794,0,795,212,796,2048,806,com.android.systemui,857,updateNotification,858,3,947,0,1500,0,1688,1]
11-08 05:07:10.255 1517 1517 I notification_alert: [0|com.android.systemui|2048|null|10082,0,1,0]
11-08 05:07:10.257 1969 1969 I sysui_multi_action: [757,111,758,2]
11-08 05:07:10.257 1969 1969 I sysui_multi_action: [757,111,758,2]
11-08 05:07:10.258 1517 1517 I notification_enqueue: [10082,1969,com.android.systemui,2048,NULL,0,Notification(channel=updateNotification shortcut=null contentView=null vibrate=null sound=null defaults=0x0 flags=0x0 color=0x00000000 vis=PRIVATE),1]
11-08 05:07:10.266 1969 1969 I sysui_multi_action: [757,111,758,1]
11-08 05:07:10.266 1969 1969 I sysui_multi_action: [757,126,758,1,759,126,927,0,928,1,1593,1]
11-08 05:07:10.266 1969 1969 I sysui_multi_action: [757,113,758,1,759,113,927,1,928,0,1593,1]
11-08 05:07:10.266 1969 1969 I sysui_multi_action: [757,0,758,1,759,0,927,2,928,0,1593,1]
11-08 05:07:10.266 1969 1969 I sysui_multi_action: [757,0,758,1,759,0,927,3,928,0,1593,1]
11-08 05:07:10.266 1969 1969 I sysui_multi_action: [757,0,758,1,759,0,927,4,1593,1]
11-08 05:07:10.266 1969 1969 I sysui_multi_action: [757,491,758,1,759,491,927,5,928,0,1311,-1,1593,0]
11-08 05:07:10.266 1969 1969 I sysui_multi_action: [757,122,758,1,759,122,927,6,928,1,1593,0]
11-08 05:07:10.266 1969 1969 I sysui_multi_action: [757,0,758,1,759,0,927,7,928,0,1593,0]
11-08 05:07:10.266 1969 1969 I sysui_multi_action: [757,111,758,1]
11-08 05:07:10.266 1969 1969 I sysui_multi_action: [757,126,758,1,759,126,927,0,928,1,1593,1]
11-08 05:07:10.266 1969 1969 I sysui_multi_action: [757,113,758,1,759,113,927,1,928,0,1593,1]
11-08 05:07:10.266 1969 1969 I sysui_multi_action: [757,0,758,1,759,0,927,2,928,0,1593,1]
11-08 05:07:10.267 1969 1969 I sysui_multi_action: [757,0,758,1,759,0,927,3,928,0,1593,1]
11-08 05:07:10.278 1969 1969 I sysui_multi_action: [757,111,758,2]
11-08 05:07:10.278 1517 1517 I notification_enqueue: [10082,1969,com.android.systemui,2048,NULL,0,Notification(channel=updateNotification shortcut=null contentView=null vibrate=null sound=null defaults=0x0 flags=0x0 color=0x00000000 vis=PRIVATE),1]
11-08 05:07:10.278 1969 1969 I sysui_multi_action: [757,111,758,2]
11-08 05:07:10.286 1969 1969 I sysui_multi_action: [757,111,758,1]
11-08 05:07:10.286 1969 1969 I sysui_multi_action: [757,126,758,1,759,126,927,0,928,1,1593,1]
11-08 05:07:10.286 1969 1969 I sysui_multi_action: [757,113,758,1,759,113,927,1,928,0,1593,1]
11-08 05:07:10.286 1969 1969 I sysui_multi_action: [757,0,758,1,759,0,927,2,928,0,1593,1]
11-08 05:07:10.286 1969 1969 I sysui_multi_action: [757,0,758,1,759,0,927,3,928,0,1593,1]
11-08 05:07:10.286 1969 1969 I sysui_multi_action: [757,0,758,1,759,0,927,4,1593,1]
11-08 05:07:10.286 1969 1969 I sysui_multi_action: [757,491,758,1,759,491,927,5,928,0,1311,-1,1593,0]
11-08 05:07:10.286 1969 1969 I sysui_multi_action: [757,122,758,1,759,122,927,6,928,1,1593,0]
11-08 05:07:10.286 1969 1969 I sysui_multi_action: [757,0,758,1,759,0,927,7,928,0,1593,0]
11-08 05:07:10.286 1969 1969 I sysui_multi_action: [757,111,758,1]
11-08 05:07:10.286 1969 1969 I sysui_multi_action: [757,126,758,1,759,126,927,0,928,1,1593,1]
11-08 05:07:10.286 1969 1969 I sysui_multi_action: [757,113,758,1,759,113,927,1,928,0,1593,1]
11-08 05:07:10.287 1969 1969 I sysui_multi_action: [757,0,758,1,759,0,927,2,928,0,1593,1]
11-08 05:07:10.287 1969 1969 I sysui_multi_action: [757,0,758,1,759,0,927,3,928,0,1593,1]
11-08 05:07:10.302 1969 1969 I sysui_multi_action: [757,111,758,2]
11-08 05:07:10.302 1969 1969 I sysui_multi_action: [757,111,758,2]
11-08 05:07:10.302 1517 1517 I notification_enqueue: [10082,1969,com.android.systemui,2048,NULL,0,Notification(channel=updateNotification shortcut=null contentView=null vibrate=null sound=null defaults=0x0 flags=0x0 color=0x00000000 vis=PRIVATE),1]
11-08 05:07:10.310 1969 1969 I sysui_multi_action: [757,111,758,1]
11-08 05:07:10.310 1969 1969 I sysui_multi_action: [757,126,758,1,759,126,927,0,928,1,1593,1]
11-08 05:07:10.310 1969 1969 I sysui_multi_action: [757,113,758,1,759,113,927,1,928,0,1593,1]
11-08 05:07:10.310 1969 1969 I sysui_multi_action: [757,0,758,1,759,0,927,2,928,0,1593,1]
11-08 05:07:10.310 1969 1969 I sysui_multi_action: [757,0,758,1,759,0,927,3,928,0,1593,1]
11-08 05:07:10.310 1969 1969 I sysui_multi_action: [757,0,758,1,759,0,927,4,1593,1]
11-08 05:07:10.310 1969 1969 I sysui_multi_action: [757,491,758,1,759,491,927,5,928,0,1311,-1,1593,0]
11-08 05:07:10.310 1969 1969 I sysui_multi_action: [757,122,758,1,759,122,927,6,928,1,1593,0]
11-08 05:07:10.310 1969 1969 I sysui_multi_action: [757,0,758,1,759,0,927,7,928,0,1593,0]
11-08 05:07:10.310 1969 1969 I sysui_multi_action: [757,111,758,1]
11-08 05:07:10.310 1969 1969 I sysui_multi_action: [757,126,758,1,759,126,927,0,928,1,1593,1]
11-08 05:07:10.310 1969 1969 I sysui_multi_action: [757,113,758,1,759,113,927,1,928,0,1593,1]
11-08 05:07:10.310 1969 1969 I sysui_multi_action: [757,0,758,1,759,0,927,2,928,0,1593,1]
11-08 05:07:10.310 1969 1969 I sysui_multi_action: [757,0,758,1,759,0,927,3,928,0,1593,1]
11-08 05:07:10.323 1969 1969 I sysui_multi_action: [757,111,758,2]
11-08 05:07:10.323 1517 1517 I notification_enqueue: [10082,1969,com.android.systemui,2048,NULL,0,Notification(channel=updateNotification shortcut=null contentView=null vibrate=null sound=null defaults=0x0 flags=0x0 color=0x00000000 vis=PRIVATE),1]
11-08 05:07:10.323 1969 1969 I sysui_multi_action: [757,111,758,2]
11-08 05:07:10.331 1969 1969 I sysui_multi_action: [757,111,758,1]
11-08 05:07:10.331 1969 1969 I sysui_multi_action: [757,126,758,1,759,126,927,0,928,1,1593,1]
11-08 05:07:10.331 1969 1969 I sysui_multi_action: [757,113,758,1,759,113,927,1,928,0,1593,1]
11-08 05:07:10.331 1969 1969 I sysui_multi_action: [757,0,758,1,759,0,927,2,928,0,1593,1]
11-08 05:07:10.331 1969 1969 I sysui_multi_action: [757,0,758,1,759,0,927,3,928,0,1593,1]
11-08 05:07:10.331 1969 1969 I sysui_multi_action: [757,0,758,1,759,0,927,4,1593,0]
11-08 05:07:10.331 1969 1969 I sysui_multi_action: [757,491,758,1,759,491,927,5,928,0,1311,-1,1593,0]
11-08 05:07:10.331 1969 1969 I sysui_multi_action: [757,122,758,1,759,122,927,6,928,1,1593,0]
11-08 05:07:10.331 1969 1969 I sysui_multi_action: [757,0,758,1,759,0,927,7,928,0,1593,0]
11-08 05:07:10.331 1969 1969 I sysui_multi_action: [757,111,758,1]
11-08 05:07:10.331 1969 1969 I sysui_multi_action: [757,126,758,1,759,126,927,0,928,1,1593,1]
11-08 05:07:10.331 1969 1969 I sysui_multi_action: [757,113,758,1,759,113,927,1,928,0,1593,1]
11-08 05:07:10.331 1969 1969 I sysui_multi_action: [757,0,758,1,759,0,927,2,928,0,1593,1]
11-08 05:07:10.331 1969 1969 I sysui_multi_action: [757,0,758,1,759,0,927,3,928,0,1593,1]
11-08 05:07:10.346 1969 1969 I sysui_multi_action: [757,111,758,2]
11-08 05:07:10.346 1969 1969 I sysui_multi_action: [757,111,758,2]
11-08 05:07:10.346 1517 1517 I notification_enqueue: [10082,1969,com.android.systemui,2048,NULL,0,Notification(channel=updateNotification shortcut=null contentView=null vibrate=null sound=null defaults=0x0 flags=0x0 color=0x00000000 vis=PRIVATE),1]
11-08 05:07:10.354 1969 1969 I sysui_multi_action: [757,111,758,1]
11-08 05:07:10.354 1969 1969 I sysui_multi_action: [757,126,758,1,759,126,927,0,928,1,1593,1]
11-08 05:07:10.354 1969 1969 I sysui_multi_action: [757,113,758,1,759,113,927,1,928,0,1593,1]
11-08 05:07:10.354 1969 1969 I sysui_multi_action: [757,0,758,1,759,0,927,2,928,0,1593,1]
11-08 05:07:10.354 1969 1969 I sysui_multi_action: [757,0,758,1,759,0,927,3,928,0,1593,1]
11-08 05:07:10.354 1969 1969 I sysui_multi_action: [757,0,758,1,759,0,927,4,1593,1]
11-08 05:07:10.354 1969 1969 I sysui_multi_action: [757,491,758,1,759,491,927,5,928,0,1311,-1,1593,0]
11-08 05:07:10.354 1969 1969 I sysui_multi_action: [757,122,758,1,759,122,927,6,928,1,1593,0]
11-08 05:07:10.354 1969 1969 I sysui_multi_action: [757,0,758,1,759,0,927,7,928,0,1593,0]
11-08 05:07:10.354 1969 1969 I sysui_multi_action: [757,111,758,1]
11-08 05:07:10.354 1969 1969 I sysui_multi_action: [757,126,758,1,759,126,927,0,928,1,1593,1]
11-08 05:07:10.354 1969 1969 I sysui_multi_action: [757,113,758,1,759,113,927,1,928,0,1593,1]
11-08 05:07:10.354 1969 1969 I sysui_multi_action: [757,0,758,1,759,0,927,2,928,0,1593,1]
11-08 05:07:10.355 1969 1969 I sysui_multi_action: [757,0,758,1,759,0,927,3,928,0,1593,1]
11-08 05:07:10.371 1969 1969 I sysui_multi_action: [757,111,758,2]
11-08 05:07:10.371 1969 1969 I sysui_multi_action: [757,111,758,2]
11-08 05:07:10.371 1517 1517 I notification_enqueue: [10082,1969,com.android.systemui,2048,NULL,0,Notification(channel=updateNotification shortcut=null contentView=null vibrate=null sound=null defaults=0x0 flags=0x0 color=0x00000000 vis=PRIVATE),1]
11-08 05:07:10.386 1517 1609 I input_focus: [Focus request 2c578e7 com.android.gallery3d/com.android.gallery3d.app.GalleryActivity,reason=UpdateInputWindows]
11-08 05:07:10.387 1969 1969 I sysui_multi_action: [757,111,758,1]
11-08 05:07:10.387 1969 1969 I sysui_multi_action: [757,126,758,1,759,126,927,0,928,1,1593,1]
11-08 05:07:10.387 1969 1969 I sysui_multi_action: [757,113,758,1,759,113,927,1,928,0,1593,1]
11-08 05:07:10.387 1969 1969 I sysui_multi_action: [757,0,758,1,759,0,927,2,928,0,1593,1]
11-08 05:07:10.387 1969 1969 I sysui_multi_action: [757,0,758,1,759,0,927,3,928,0,1593,1]
11-08 05:07:10.387 1969 1969 I sysui_multi_action: [757,0,758,1,759,0,927,4,1593,1]
11-08 05:07:10.387 1969 1969 I sysui_multi_action: [757,491,758,1,759,491,927,5,928,0,1311,-1,1593,0]
11-08 05:07:10.387 1969 1969 I sysui_multi_action: [757,122,758,1,759,122,927,6,928,1,1593,0]
11-08 05:07:10.387 1969 1969 I sysui_multi_action: [757,0,758,1,759,0,927,7,928,0,1593,0]
11-08 05:07:10.387 1969 1969 I sysui_multi_action: [757,111,758,1]
11-08 05:07:10.388 1969 1969 I sysui_multi_action: [757,126,758,1,759,126,927,0,928,1,1593,1]
11-08 05:07:10.388 1969 1969 I sysui_multi_action: [757,113,758,1,759,113,927,1,928,0,1593,1]
11-08 05:07:10.388 1969 1969 I sysui_multi_action: [757,0,758,1,759,0,927,2,928,0,1593,1]
11-08 05:07:10.388 1969 1969 I sysui_multi_action: [757,0,758,1,759,0,927,3,928,0,1593,1]
11-08 05:07:10.408 1969 1969 I sysui_multi_action: [757,111,758,2]
11-08 05:07:10.408 1517 1517 I notification_enqueue: [10082,1969,com.android.systemui,2048,NULL,0,Notification(channel=updateNotification shortcut=null contentView=null vibrate=null sound=null defaults=0x0 flags=0x0 color=0x00000000 vis=PRIVATE),1]
11-08 05:07:10.408 1969 1969 I sysui_multi_action: [757,111,758,2]
11-08 05:07:10.411 1517 9075 I sysui_multi_action: [757,128,758,2,793,162757,794,2322,795,162757,796,26,798,0,806,android,857,DEVELOPER_IMPORTANT,858,4,947,0,1395,2,1500,162524,1688,1]
11-08 05:07:10.411 1517 9075 I notification_visibility: [-1|android|26|null|1000,0,162757,162757,0,0]
11-08 05:07:10.411 1517 9075 I sysui_multi_action: [757,128,758,2,793,162756,794,2322,795,162756,796,32,798,1,806,android,857,USB,858,1,947,0,1395,2,1500,162522,1688,1]
11-08 05:07:10.411 1517 9075 I notification_visibility: [-1|android|32|null|1000,0,162756,162756,0,1]
11-08 05:07:10.411 1517 9075 I sysui_multi_action: [757,127,758,2]
11-08 05:07:10.411 1517 9075 I notification_panel_hidden:
11-08 05:07:10.416 1517 1689 I input_focus: [Focus leaving 1f46765 NotificationShade (server),reason=NOT_FOCUSABLE]
11-08 05:07:10.416 1517 1689 I input_focus: [Focus entering 2c578e7 com.android.gallery3d/com.android.gallery3d.app.GalleryActivity (server),reason=setFocusedWindow]
11-08 05:07:10.447 1969 1969 I sysui_multi_action: [757,111,758,1]
11-08 05:07:10.448 1969 1969 I sysui_multi_action: [757,126,758,1,759,126,927,0,928,1,1593,0]
11-08 05:07:10.448 1969 1969 I sysui_multi_action: [757,113,758,1,759,113,927,1,928,0,1593,0]
11-08 05:07:10.448 1969 1969 I sysui_multi_action: [757,0,758,1,759,0,927,2,928,0,1593,0]
11-08 05:07:10.448 1969 1969 I sysui_multi_action: [757,0,758,1,759,0,927,3,928,0,1593,0]
11-08 05:07:10.448 1969 1969 I sysui_multi_action: [757,0,758,1,759,0,927,4,1593,0]
11-08 05:07:10.448 1969 1969 I sysui_multi_action: [757,491,758,1,759,491,927,5,928,0,1311,-1,1593,0]
11-08 05:07:10.448 1969 1969 I sysui_multi_action: [757,122,758,1,759,122,927,6,928,1,1593,0]
11-08 05:07:10.448 1969 1969 I sysui_multi_action: [757,0,758,1,759,0,927,7,928,0,1593,0]
11-08 05:07:10.448 1969 1969 I sysui_multi_action: [757,111,758,1]
11-08 05:07:10.448 1969 1969 I sysui_multi_action: [757,126,758,1,759,126,927,0,928,1,1593,0]
11-08 05:07:10.448 1969 1969 I sysui_multi_action: [757,113,758,1,759,113,927,1,928,0,1593,0]
11-08 05:07:10.448 1969 1969 I sysui_multi_action: [757,0,758,1,759,0,927,2,928,0,1593,0]
11-08 05:07:10.448 1969 1969 I sysui_multi_action: [757,0,758,1,759,0,927,3,928,0,1593,0]
11-08 05:07:10.683 0 0 I auditd : type=1400 audit(0.0:11248): avc: denied { kill } for comm="swapper/0" capability=5 scontext=u:r:kernel:s0 tcontext=u:r:kernel:s0 tclass=capability permissive=0
11-08 05:07:11.683 0 0 I auditd : type=1400 audit(0.0:11249): avc: denied { kill } for comm="swapper/0" capability=5 scontext=u:r:kernel:s0 tcontext=u:r:kernel:s0 tclass=capability permissive=0
11-08 05:07:12.683 0 0 I auditd : type=1400 audit(0.0:11250): avc: denied { kill } for comm="swapper/0" capability=5 scontext=u:r:kernel:s0 tcontext=u:r:kernel:s0 tclass=capability permissive=0
11-08 05:07:13.683 0 0 I auditd : type=1400 audit(0.0:11251): avc: denied { kill } for comm="swapper/0" capability=5 scontext=u:r:kernel:s0 tcontext=u:r:kernel:s0 tclass=capability permissive=0
11-08 05:07:14.683 0 0 I auditd : type=1400 audit(0.0:11252): avc: denied { kill } for comm="swapper/0" capability=5 scontext=u:r:kernel:s0 tcontext=u:r:kernel:s0 tclass=capability permissive=0
11-08 05:07:15.683 0 0 I auditd : type=1400 audit(0.0:11253): avc: denied { kill } for comm="swapper/0" capability=5 scontext=u:r:kernel:s0 tcontext=u:r:kernel:s0 tclass=capability permissive=0
11-08 05:07:16.683 0 0 I auditd : type=1400 audit(0.0:11254): avc: denied { kill } for comm="swapper/0" capability=5 scontext=u:r:kernel:s0 tcontext=u:r:kernel:s0 tclass=capability permissive=0
11-08 05:07:17.683 0 0 I auditd : type=1400 audit(0.0:11255): avc: denied { kill } for comm="swapper/0" capability=5 scontext=u:r:kernel:s0 tcontext=u:r:kernel:s0 tclass=capability permissive=0
11-08 05:07:18.683 0 0 I auditd : type=1400 audit(0.0:11256): avc: denied { kill } for comm="swapper/0" capability=5 scontext=u:r:kernel:s0 tcontext=u:r:kernel:s0 tclass=capability permissive=0
11-08 05:07:19.683 0 0 I auditd : type=1400 audit(0.0:11257): avc: denied { kill } for comm="swapper/0" capability=5 scontext=u:r:kernel:s0 tcontext=u:r:kernel:s0 tclass=capability permissive=0
11-08 05:07:20.683 0 0 I auditd : type=1400 audit(0.0:11258): avc: denied { kill } for comm="swapper/0" capability=5 scontext=u:r:kernel:s0 tcontext=u:r:kernel:s0 tclass=capability permissive=0
11-08 05:07:21.683 0 0 I auditd : type=1400 audit(0.0:11259): avc: denied { kill } for comm="swapper/0" capability=5 scontext=u:r:kernel:s0 tcontext=u:r:kernel:s0 tclass=capability permissive=0
11-08 05:07:22.683 0 0 I auditd : type=1400 audit(0.0:11260): avc: denied { kill } for comm="swapper/0" capability=5 scontext=u:r:kernel:s0 tcontext=u:r:kernel:s0 tclass=capability permissive=0
11-08 05:07:23.683 0 0 I auditd : type=1400 audit(0.0:11261): avc: denied { kill } for comm="swapper/0" capability=5 scontext=u:r:kernel:s0 tcontext=u:r:kernel:s0 tclass=capability permissive=0
11-08 05:07:24.683 0 0 I auditd : type=1400 audit(0.0:11262): avc: denied { kill } for comm="swapper/0" capability=5 scontext=u:r:kernel:s0 tcontext=u:r:kernel:s0 tclass=capability permissive=0
11-08 05:07:25.683 0 0 I auditd : type=1400 audit(0.0:11263): avc: denied { kill } for comm="swapper/0" capability=5 scontext=u:r:kernel:s0 tcontext=u:r:kernel:s0 tclass=capability permissive=0
11-08 05:07:26.683 0 0 I auditd : type=1400 audit(0.0:11264): avc: denied { kill } for comm="swapper/0" capability=5 scontext=u:r:kernel:s0 tcontext=u:r:kernel:s0 tclass=capability permissive=0
11-08 05:07:27.683 0 0 I auditd : type=1400 audit(0.0:11265): avc: denied { kill } for comm="swapper/0" capability=5 scontext=u:r:kernel:s0 tcontext=u:r:kernel:s0 tclass=capability permissive=0
11-08 05:07:28.477 1517 1615 I am_uid_idle: 10088
11-08 05:07:28.683 0 0 I auditd : type=1400 audit(0.0:11266): avc: denied { kill } for comm="swapper/0" capability=5 scontext=u:r:kernel:s0 tcontext=u:r:kernel:s0 tclass=capability permissive=0
11-08 05:07:29.683 0 0 I auditd : type=1400 audit(0.0:11267): avc: denied { kill } for comm="swapper/0" capability=5 scontext=u:r:kernel:s0 tcontext=u:r:kernel:s0 tclass=capability permissive=0
11-08 05:07:30.683 0 0 I auditd : type=1400 audit(0.0:11268): avc: denied { kill } for comm="swapper/0" capability=5 scontext=u:r:kernel:s0 tcontext=u:r:kernel:s0 tclass=capability permissive=0
11-08 05:07:31.683 0 0 I auditd : type=1400 audit(0.0:11269): avc: denied { kill } for comm="swapper/0" capability=5 scontext=u:r:kernel:s0 tcontext=u:r:kernel:s0 tclass=capability permissive=0
11-08 05:07:32.403 1517 1615 I am_uid_idle: 10063
11-08 05:07:32.683 350 350 I auditd : type=1400 audit(0.0:11270): avc: denied { kill } for comm="irq/382-atmel_m" capability=5 scontext=u:r:kernel:s0 tcontext=u:r:kernel:s0 tclass=capability permissive=0
11-08 05:07:33.683 350 350 I auditd : type=1400 audit(0.0:11271): avc: denied { kill } for comm="irq/382-atmel_m" capability=5 scontext=u:r:kernel:s0 tcontext=u:r:kernel:s0 tclass=capability permissive=0
11-08 05:07:34.683 0 0 I auditd : type=1400 audit(0.0:11272): avc: denied { kill } for comm="swapper/0" capability=5 scontext=u:r:kernel:s0 tcontext=u:r:kernel:s0 tclass=capability permissive=0
11-08 05:07:35.096 1517 1689 I input_interaction: Interaction with: 2c578e7 com.android.gallery3d/com.android.gallery3d.app.GalleryActivity (server), edge-swipe (server), swipe-up (server), PointerEventDispatcher0 (server),
11-08 05:07:35.119 1517 9075 I wm_task_moved: [92,0,0]
11-08 05:07:35.120 1517 9075 I wm_task_moved: [92,0,6]
11-08 05:07:35.134 2526 2526 I wm_on_restart_called: [193491456,com.android.launcher3.uioverrides.QuickstepLauncher,performRestartActivity]
11-08 05:07:35.152 1517 1517 I am_uid_active: 10063
11-08 05:07:35.169 2526 2526 I wm_on_start_called: [193491456,com.android.launcher3.uioverrides.QuickstepLauncher,handleStartActivity]
11-08 05:07:35.196 1517 1605 I sysui_multi_action: [319,14,322,69,325,10662,757,761,758,9,759,5,806,com.android.launcher3,871,com.android.launcher3.uioverrides.QuickstepLauncher,904,com.android.launcher3,905,0,1320,8,1321,5]
11-08 05:07:35.373 1517 1677 I commit_sys_config_file: [settings-1-0,4]
11-08 05:07:35.374 1517 9075 I wm_task_moved: [92,0,6]
11-08 05:07:35.376 1517 9075 I wm_add_to_stopping: [0,193491456,com.android.launcher3/.uioverrides.QuickstepLauncher,makeInvisible]
11-08 05:07:35.382 1517 1608 I wm_stop_activity: [0,193491456,com.android.launcher3/.uioverrides.QuickstepLauncher]
11-08 05:07:35.399 2526 2526 I wm_on_stop_called: [193491456,com.android.launcher3.uioverrides.QuickstepLauncher,STOP_ACTIVITY_ITEM]
11-08 05:07:35.403 1517 1614 I am_pss : [13915,10066,com.android.gallery3d,78513152,72761344,0,193794048,0,2,10]
11-08 05:07:35.683 0 0 I auditd : type=1400 audit(0.0:11273): avc: denied { kill } for comm="swapper/0" capability=5 scontext=u:r:kernel:s0 tcontext=u:r:kernel:s0 tclass=capability permissive=0
11-08 05:07:35.713 1517 9075 I wm_task_moved: [92,0,0]
11-08 05:07:35.713 1517 9075 I wm_task_moved: [92,0,6]
11-08 05:07:35.720 2526 2526 I wm_on_restart_called: [193491456,com.android.launcher3.uioverrides.QuickstepLauncher,performRestartActivity]
11-08 05:07:35.750 2526 2526 I wm_on_start_called: [193491456,com.android.launcher3.uioverrides.QuickstepLauncher,handleStartActivity]
11-08 05:07:35.775 1517 1605 I sysui_multi_action: [319,14,322,54,325,10663,757,761,758,9,759,5,806,com.android.launcher3,871,com.android.launcher3.uioverrides.QuickstepLauncher,904,com.android.launcher3,905,0,1320,8,1321,5]
11-08 05:07:35.888 13915 13915 I view_enqueue_input_event: [Motion - Cancel,com.android.gallery3d/com.android.gallery3d.app.GalleryActivity]
11-08 05:07:35.890 2526 2526 I sysui_latency: [1,68]
11-08 05:07:35.899 1517 1689 I input_interaction: Interaction with: edge-swipe (server), swipe-up (server), PointerEventDispatcher0 (server),
11-08 05:07:35.901 1517 1609 I input_focus: [Focus request recents_animation_input_consumer,reason=UpdateInputWindows]
11-08 05:07:35.924 1517 1689 I input_focus: [Focus leaving 2c578e7 com.android.gallery3d/com.android.gallery3d.app.GalleryActivity (server),reason=NOT_FOCUSABLE]
11-08 05:07:35.924 1517 1689 I input_focus: [Focus entering recents_animation_input_consumer (server),reason=setFocusedWindow]
11-08 05:07:35.952 1517 1677 I commit_sys_config_file: [settings-1-0,6]
11-08 05:07:36.069 1517 1614 I sysui_latency: [8,66]
11-08 05:07:36.651 1517 1677 I commit_sys_config_file: [settings-1-0,13]
11-08 05:07:36.683 0 0 I auditd : type=1400 audit(0.0:11274): avc: denied { kill } for comm="swapper/0" capability=5 scontext=u:r:kernel:s0 tcontext=u:r:kernel:s0 tclass=capability permissive=0
11-08 05:07:37.683 0 0 I auditd : type=1400 audit(0.0:11275): avc: denied { kill } for comm="swapper/0" capability=5 scontext=u:r:kernel:s0 tcontext=u:r:kernel:s0 tclass=capability permissive=0
11-08 05:07:37.908 1517 1689 I input_interaction: Interaction with: de3c7b2 com.android.launcher3/com.android.launcher3.uioverrides.QuickstepLauncher (server), edge-swipe (server), swipe-up (server), PointerEventDispatcher0 (server),
11-08 05:07:38.021 1517 2100 I wm_task_moved: [206,1,7]
11-08 05:07:38.021 1517 2100 I wm_task_to_front: [0,206]
11-08 05:07:38.028 1517 2100 I wm_focused_root_task: [0,0,206,207,bringingFoundTaskToFront]
11-08 05:07:38.029 1517 2100 I wm_set_resumed_activity: [0,com.android.music/.VideoBrowserActivity,bringingFoundTaskToFront]
11-08 05:07:38.029 13915 13915 I wm_on_top_resumed_lost_called: [126628003,com.android.gallery3d.app.GalleryActivity,topStateChangedWhenResumed]
11-08 05:07:38.039 1517 2100 I wm_set_resumed_activity: [0,com.android.music/.VideoBrowserActivity,resumeTopActivityInnerLocked]
11-08 05:07:38.041 1517 2100 I wm_resume_activity: [0,192041902,206,com.android.music/.VideoBrowserActivity]
11-08 05:07:38.042 1517 2100 I wm_finish_activity: [0,192041902,206,com.android.music/.VideoBrowserActivity,clear-task-all]
11-08 05:07:38.043 13458 13458 I wm_on_restart_called: [192041902,com.android.music.VideoBrowserActivity,performRestartActivity]
11-08 05:07:38.043 13458 13458 I wm_on_start_called: [192041902,com.android.music.VideoBrowserActivity,handleStartActivity]
11-08 05:07:38.043 1517 2100 I wm_pause_activity: [0,192041902,com.android.music/.VideoBrowserActivity,userLeaving=false,finish]
11-08 05:07:38.044 13458 13458 I wm_on_resume_called: [192041902,com.android.music.VideoBrowserActivity,RESUME_ACTIVITY]
11-08 05:07:38.046 1517 2100 I wm_task_moved: [206,1,7]
11-08 05:07:38.046 1517 2100 I wm_create_activity: [0,156475082,206,com.android.music/.VideoBrowserActivity,NULL,NULL,NULL,272662528]
11-08 05:07:38.061 1517 1608 I am_uid_active: 10088
11-08 05:07:38.090 13458 13458 I wm_on_paused_called: [192041902,com.android.music.VideoBrowserActivity,performPause]
11-08 05:07:38.092 1517 2100 I wm_add_to_stopping: [0,192041902,com.android.music/.VideoBrowserActivity,completeFinishing]
11-08 05:07:38.094 1517 2100 I wm_restart_activity: [0,156475082,206,com.android.music/.VideoBrowserActivity]
11-08 05:07:38.100 1517 2100 I wm_set_resumed_activity: [0,com.android.music/.VideoBrowserActivity,minimalResumeActivityLocked]
11-08 05:07:38.104 1517 1608 I sysui_multi_action: [757,803,799,window_time_0,802,67]
11-08 05:07:38.127 13458 13458 I wm_on_create_called: [156475082,com.android.music.VideoBrowserActivity,performCreate]
11-08 05:07:38.128 13458 13458 I wm_on_start_called: [156475082,com.android.music.VideoBrowserActivity,handleStartActivity]
11-08 05:07:38.129 13458 13458 I wm_on_resume_called: [156475082,com.android.music.VideoBrowserActivity,RESUME_ACTIVITY]
11-08 05:07:38.132 13458 13458 I wm_on_top_resumed_gained_called: [156475082,com.android.music.VideoBrowserActivity,topStateChangedWhenResumed]
11-08 05:07:38.140 1517 1609 I input_focus: [Focus request 3033504 com.android.music/com.android.music.VideoBrowserActivity,reason=UpdateInputWindows]
11-08 05:07:38.148 1517 1605 I wm_activity_launch_time: [0,156475082,com.android.music/.VideoBrowserActivity,130]
11-08 05:07:38.149 1517 1689 I input_focus: [Focus leaving recents_animation_input_consumer (server),reason=Waiting for window because NOT_VISIBLE]
11-08 05:07:38.164 1517 1689 I input_focus: [Focus entering 3033504 com.android.music/com.android.music.VideoBrowserActivity (server),reason=Window became focusable. Previous reason: NOT_VISIBLE]
11-08 05:07:38.166 1517 2100 I wm_destroy_activity: [0,192041902,206,com.android.music/.VideoBrowserActivity,finish-imm:idle]
11-08 05:07:38.180 13458 13458 I wm_on_stop_called: [192041902,com.android.music.VideoBrowserActivity,LIFECYCLER_STOP_ACTIVITY]
11-08 05:07:38.182 13458 13458 I wm_on_destroy_called: [192041902,com.android.music.VideoBrowserActivity,performDestroy]
11-08 05:07:38.467 1517 5458 I wm_task_moved: [92,1,7]
11-08 05:07:38.468 1517 5458 I wm_task_moved: [93,1,2147483647]
11-08 05:07:38.468 1517 5458 I wm_task_to_front: [0,93]
11-08 05:07:38.468 13458 13458 I wm_on_top_resumed_lost_called: [156475082,com.android.music.VideoBrowserActivity,topStateChangedWhenResumed]
11-08 05:07:38.469 1517 5458 I wm_focused_root_task: [0,0,92,206,RecentsAnimation.onAnimationFinished()]
11-08 05:07:38.469 1517 5458 I wm_set_resumed_activity: [0,com.android.launcher3/.uioverrides.QuickstepLauncher,RecentsAnimation.onAnimationFinished()]
11-08 05:07:38.471 1517 5458 I wm_pause_activity: [0,126628003,com.android.gallery3d/.app.GalleryActivity,userLeaving=true,pauseBackTasks]
11-08 05:07:38.477 1517 5458 I wm_add_to_stopping: [0,126628003,com.android.gallery3d/.app.GalleryActivity,makeInvisible]
11-08 05:07:38.478 1517 5458 I wm_set_resumed_activity: [0,com.android.launcher3/.uioverrides.QuickstepLauncher,resumeTopActivityInnerLocked]
11-08 05:07:38.480 1517 5458 I wm_resume_activity: [0,193491456,93,com.android.launcher3/.uioverrides.QuickstepLauncher]
11-08 05:07:38.486 2526 2526 I wm_on_resume_called: [193491456,com.android.launcher3.uioverrides.QuickstepLauncher,RESUME_ACTIVITY]
11-08 05:07:38.488 13915 13915 I wm_on_paused_called: [126628003,com.android.gallery3d.app.GalleryActivity,performPause]
11-08 05:07:38.500 1517 1609 I input_focus: [Focus request de3c7b2 com.android.launcher3/com.android.launcher3.uioverrides.QuickstepLauncher,reason=UpdateInputWindows]
11-08 05:07:38.501 2526 2526 I wm_on_top_resumed_gained_called: [193491456,com.android.launcher3.uioverrides.QuickstepLauncher,topStateChangedWhenResumed]
11-08 05:07:38.503 1517 8721 I wm_stop_activity: [0,126628003,com.android.gallery3d/.app.GalleryActivity]
11-08 05:07:38.508 1517 1608 I sysui_multi_action: [757,803,799,window_time_2,802,0]
11-08 05:07:38.510 13915 13915 I wm_on_stop_called: [126628003,com.android.gallery3d.app.GalleryActivity,STOP_ACTIVITY_ITEM]
11-08 05:07:38.512 1517 1608 I sysui_multi_action: [757,803,799,window_time_0,802,0]
11-08 05:07:38.514 1517 1689 I input_focus: [Focus leaving 3033504 com.android.music/com.android.music.VideoBrowserActivity (server),reason=setFocusedWindow]
11-08 05:07:38.514 1517 1689 I input_focus: [Focus entering de3c7b2 com.android.launcher3/com.android.launcher3.uioverrides.QuickstepLauncher (server),reason=setFocusedWindow]
11-08 05:07:39.683 0 0 I auditd : type=1400 audit(0.0:11276): avc: denied { kill } for comm="swapper/0" capability=5 scontext=u:r:kernel:s0 tcontext=u:r:kernel:s0 tclass=capability permissive=0
11-08 05:07:40.051 1517 1689 I input_interaction: Interaction with: 3033504 com.android.music/com.android.music.VideoBrowserActivity (server), edge-swipe (server), swipe-up (server), PointerEventDispatcher0 (server),
11-08 05:07:40.053 1517 1608 I wm_task_moved: [206,1,7]
11-08 05:07:40.053 1517 1608 I wm_task_to_front: [0,206]
11-08 05:07:40.056 1517 1608 I wm_set_resumed_activity: [0,com.android.music/.VideoBrowserActivity,positionChildAt]
11-08 05:07:40.056 1517 1608 I wm_focused_root_task: [0,0,206,92,setFocusedTask]
11-08 05:07:40.057 1517 1608 I wm_set_resumed_activity: [0,com.android.music/.VideoBrowserActivity,setFocusedTask]
11-08 05:07:40.058 1517 1609 I input_focus: [Focus request 3033504 com.android.music/com.android.music.VideoBrowserActivity,reason=UpdateInputWindows]
11-08 05:07:40.058 2526 2526 I wm_on_top_resumed_lost_called: [193491456,com.android.launcher3.uioverrides.QuickstepLauncher,topStateChangedWhenResumed]
11-08 05:07:40.061 13458 13458 I wm_on_top_resumed_gained_called: [156475082,com.android.music.VideoBrowserActivity,topStateChangedWhenResumed]
11-08 05:07:40.086 1517 1689 I input_focus: [Focus leaving de3c7b2 com.android.launcher3/com.android.launcher3.uioverrides.QuickstepLauncher (server),reason=setFocusedWindow]
11-08 05:07:40.086 1517 1689 I input_focus: [Focus entering 3033504 com.android.music/com.android.music.VideoBrowserActivity (server),reason=setFocusedWindow]
11-08 05:07:40.224 1517 9201 I wm_relaunch_resume_activity: [0,156475082,206,com.android.music/.VideoBrowserActivity]
11-08 05:07:40.225 1517 9201 I wm_add_to_stopping: [0,193491456,com.android.launcher3/.uioverrides.QuickstepLauncher,makeInvisible]
11-08 05:07:40.247 13458 13458 I wm_on_top_resumed_lost_called: [156475082,com.android.music.VideoBrowserActivity,pausing]
11-08 05:07:40.247 13458 13458 I wm_on_paused_called: [156475082,com.android.music.VideoBrowserActivity,performPause]
11-08 05:07:40.247 13458 13458 I wm_on_stop_called: [156475082,com.android.music.VideoBrowserActivity,handleRelaunchActivity]
11-08 05:07:40.250 13458 13458 I wm_on_destroy_called: [156475082,com.android.music.VideoBrowserActivity,performDestroy]
11-08 05:07:40.277 13458 13458 I wm_on_create_called: [156475082,com.android.music.VideoBrowserActivity,performCreate]
11-08 05:07:40.278 13458 13458 I wm_on_start_called: [156475082,com.android.music.VideoBrowserActivity,handleStartActivity]
11-08 05:07:40.279 13458 13458 I wm_on_resume_called: [156475082,com.android.music.VideoBrowserActivity,RESUME_ACTIVITY]
11-08 05:07:40.279 13458 13458 I wm_on_top_resumed_gained_called: [156475082,com.android.music.VideoBrowserActivity,topWhenResuming]
11-08 05:07:40.636 1517 1608 I wm_stop_activity: [0,193491456,com.android.launcher3/.uioverrides.QuickstepLauncher]
11-08 05:07:40.678 2526 2526 I wm_on_paused_called: [193491456,com.android.launcher3.uioverrides.QuickstepLauncher,performPause]
11-08 05:07:40.681 2526 2526 I wm_on_stop_called: [193491456,com.android.launcher3.uioverrides.QuickstepLauncher,STOP_ACTIVITY_ITEM]
11-08 05:07:40.683 0 0 I auditd : type=1400 audit(0.0:11277): avc: denied { kill } for comm="swapper/0" capability=5 scontext=u:r:kernel:s0 tcontext=u:r:kernel:s0 tclass=capability permissive=0
11-08 05:07:41.683 0 0 I auditd : type=1400 audit(0.0:11278): avc: denied { kill } for comm="swapper/0" capability=5 scontext=u:r:kernel:s0 tcontext=u:r:kernel:s0 tclass=capability permissive=0
11-08 05:07:41.767 1517 9837 I wm_task_moved: [92,0,0]
11-08 05:07:41.768 1517 9837 I wm_task_moved: [92,0,6]
11-08 05:07:41.798 2526 2526 I wm_on_restart_called: [193491456,com.android.launcher3.uioverrides.QuickstepLauncher,performRestartActivity]
11-08 05:07:41.837 2526 2526 I wm_on_start_called: [193491456,com.android.launcher3.uioverrides.QuickstepLauncher,handleStartActivity]
11-08 05:07:41.851 1517 1517 I service_manager_stats: [100,89,97795]
11-08 05:07:41.862 1517 1605 I sysui_multi_action: [319,26,322,87,325,10669,757,761,758,9,759,5,806,com.android.launcher3,871,com.android.launcher3.uioverrides.QuickstepLauncher,904,com.android.launcher3,905,0,1320,8,1321,5]
11-08 05:07:41.879 13458 13458 I view_enqueue_input_event: [Motion - Cancel,com.android.music/com.android.music.VideoBrowserActivity]
11-08 05:07:41.880 2526 2526 I sysui_latency: [1,97]
11-08 05:07:41.887 1517 1689 I input_interaction: Interaction with: edge-swipe (server), swipe-up (server), PointerEventDispatcher0 (server),
11-08 05:07:41.890 1517 1609 I input_focus: [Focus request recents_animation_input_consumer,reason=UpdateInputWindows]
11-08 05:07:41.923 1517 1689 I input_focus: [Focus leaving 3033504 com.android.music/com.android.music.VideoBrowserActivity (server),reason=NOT_FOCUSABLE]
11-08 05:07:41.923 1517 1689 I input_focus: [Focus entering recents_animation_input_consumer (server),reason=setFocusedWindow]
11-08 05:07:42.044 1517 1677 I commit_sys_config_file: [settings-1-0,7]
11-08 05:07:42.155 1517 1614 I sysui_latency: [8,98]
11-08 05:07:42.683 0 0 I auditd : type=1400 audit(0.0:11279): avc: denied { kill } for comm="swapper/0" capability=5 scontext=u:r:kernel:s0 tcontext=u:r:kernel:s0 tclass=capability permissive=0
11-08 05:07:42.933 1517 1677 I commit_sys_config_file: [settings-1-0,6]
11-08 05:07:43.683 0 0 I auditd : type=1400 audit(0.0:11280): avc: denied { kill } for comm="swapper/0" capability=5 scontext=u:r:kernel:s0 tcontext=u:r:kernel:s0 tclass=capability permissive=0
11-08 05:07:44.683 0 0 I auditd : type=1400 audit(0.0:11281): avc: denied { kill } for comm="swapper/0" capability=5 scontext=u:r:kernel:s0 tcontext=u:r:kernel:s0 tclass=capability permissive=0
11-08 05:07:45.683 0 0 I auditd : type=1400 audit(0.0:11282): avc: denied { kill } for comm="swapper/0" capability=5 scontext=u:r:kernel:s0 tcontext=u:r:kernel:s0 tclass=capability permissive=0
11-08 05:07:46.683 0 0 I auditd : type=1400 audit(0.0:11283): avc: denied { kill } for comm="swapper/0" capability=5 scontext=u:r:kernel:s0 tcontext=u:r:kernel:s0 tclass=capability permissive=0
11-08 05:07:47.683 350 350 I auditd : type=1400 audit(0.0:11284): avc: denied { kill } for comm="irq/382-atmel_m" capability=5 scontext=u:r:kernel:s0 tcontext=u:r:kernel:s0 tclass=capability permissive=0
11-08 05:07:48.683 0 0 I auditd : type=1400 audit(0.0:11285): avc: denied { kill } for comm="swapper/0" capability=5 scontext=u:r:kernel:s0 tcontext=u:r:kernel:s0 tclass=capability permissive=0
11-08 05:07:49.683 0 0 I auditd : type=1400 audit(0.0:11286): avc: denied { kill } for comm="swapper/0" capability=5 scontext=u:r:kernel:s0 tcontext=u:r:kernel:s0 tclass=capability permissive=0
11-08 05:07:50.683 0 0 I auditd : type=1400 audit(0.0:11287): avc: denied { kill } for comm="swapper/0" capability=5 scontext=u:r:kernel:s0 tcontext=u:r:kernel:s0 tclass=capability permissive=0
11-08 05:07:51.683 0 0 I auditd : type=1400 audit(0.0:11288): avc: denied { kill } for comm="swapper/0" capability=5 scontext=u:r:kernel:s0 tcontext=u:r:kernel:s0 tclass=capability permissive=0
11-08 05:07:52.683 0 0 I auditd : type=1400 audit(0.0:11289): avc: denied { kill } for comm="swapper/0" capability=5 scontext=u:r:kernel:s0 tcontext=u:r:kernel:s0 tclass=capability permissive=0
11-08 05:07:53.683 0 0 I auditd : type=1400 audit(0.0:11290): avc: denied { kill } for comm="swapper/0" capability=5 scontext=u:r:kernel:s0 tcontext=u:r:kernel:s0 tclass=capability permissive=0
11-08 05:07:54.683 0 0 I auditd : type=1400 audit(0.0:11291): avc: denied { kill } for comm="swapper/0" capability=5 scontext=u:r:kernel:s0 tcontext=u:r:kernel:s0 tclass=capability permissive=0
11-08 05:07:55.683 0 0 I auditd : type=1400 audit(0.0:11292): avc: denied { kill } for comm="swapper/0" capability=5 scontext=u:r:kernel:s0 tcontext=u:r:kernel:s0 tclass=capability permissive=0
11-08 05:07:56.683 0 0 I auditd : type=1400 audit(0.0:11293): avc: denied { kill } for comm="swapper/0" capability=5 scontext=u:r:kernel:s0 tcontext=u:r:kernel:s0 tclass=capability permissive=0
11-08 05:07:57.683 0 0 I auditd : type=1400 audit(0.0:11294): avc: denied { kill } for comm="swapper/0" capability=5 scontext=u:r:kernel:s0 tcontext=u:r:kernel:s0 tclass=capability permissive=0
11-08 05:07:58.683 350 350 I auditd : type=1400 audit(0.0:11295): avc: denied { kill } for comm="irq/382-atmel_m" capability=5 scontext=u:r:kernel:s0 tcontext=u:r:kernel:s0 tclass=capability permissive=0
11-08 05:07:59.683 9 9 I auditd : type=1400 audit(0.0:11296): avc: denied { kill } for comm="ksoftirqd/0" capability=5 scontext=u:r:kernel:s0 tcontext=u:r:kernel:s0 tclass=capability permissive=0
11-08 05:08:00.683 9 9 I auditd : type=1400 audit(0.0:11297): avc: denied { kill } for comm="ksoftirqd/0" capability=5 scontext=u:r:kernel:s0 tcontext=u:r:kernel:s0 tclass=capability permissive=0
11-08 05:08:01.683 350 350 I auditd : type=1400 audit(0.0:11298): avc: denied { kill } for comm="irq/382-atmel_m" capability=5 scontext=u:r:kernel:s0 tcontext=u:r:kernel:s0 tclass=capability permissive=0
11-08 05:08:02.683 0 0 I auditd : type=1400 audit(0.0:11299): avc: denied { kill } for comm="swapper/0" capability=5 scontext=u:r:kernel:s0 tcontext=u:r:kernel:s0 tclass=capability permissive=0
11-08 05:08:03.683 0 0 I auditd : type=1400 audit(0.0:11300): avc: denied { kill } for comm="swapper/0" capability=5 scontext=u:r:kernel:s0 tcontext=u:r:kernel:s0 tclass=capability permissive=0
11-08 05:08:04.683 0 0 I auditd : type=1400 audit(0.0:11301): avc: denied { kill } for comm="swapper/0" capability=5 scontext=u:r:kernel:s0 tcontext=u:r:kernel:s0 tclass=capability permissive=0
11-08 05:08:05.683 0 0 I auditd : type=1400 audit(0.0:11302): avc: denied { kill } for comm="swapper/0" capability=5 scontext=u:r:kernel:s0 tcontext=u:r:kernel:s0 tclass=capability permissive=0
11-08 05:08:06.683 0 0 I auditd : type=1400 audit(0.0:11303): avc: denied { kill } for comm="swapper/0" capability=5 scontext=u:r:kernel:s0 tcontext=u:r:kernel:s0 tclass=capability permissive=0
11-08 05:08:07.078 1517 1689 I input_interaction: Interaction with: de3c7b2 com.android.launcher3/com.android.launcher3.uioverrides.QuickstepLauncher (server), edge-swipe (server), swipe-up (server), PointerEventDispatcher0 (server),
11-08 05:08:07.241 1517 8721 I wm_task_created: [208,-1]
11-08 05:08:07.256 1517 8721 I wm_task_moved: [208,1,8]
11-08 05:08:07.256 1517 8721 I wm_task_to_front: [0,208]
11-08 05:08:07.257 1517 8721 I wm_create_task: [0,208]
11-08 05:08:07.257 1517 8721 I wm_create_activity: [0,183565049,208,com.android.deskclock/.DeskClock,NULL,NULL,NULL,268468224]
11-08 05:08:07.257 1517 8721 I wm_task_moved: [208,1,8]
11-08 05:08:07.257 13458 13458 I wm_on_top_resumed_lost_called: [156475082,com.android.music.VideoBrowserActivity,topStateChangedWhenResumed]
11-08 05:08:07.260 1517 8721 I wm_restart_activity: [0,183565049,208,com.android.deskclock/.DeskClock]
11-08 05:08:07.262 1517 8721 I wm_set_resumed_activity: [0,com.android.deskclock/.DeskClock,minimalResumeActivityLocked]
11-08 05:08:07.268 1517 1608 I am_uid_active: 10069
11-08 05:08:07.335 1517 9075 I wm_task_moved: [208,1,8]
11-08 05:08:07.335 1517 9075 I wm_set_resumed_activity: [0,com.android.deskclock/.DeskClock,positionChildAt]
11-08 05:08:07.335 1517 9075 I wm_create_activity: [0,213732789,208,com.android.permissioncontroller/.permission.ui.GrantPermissionsActivity,android.content.pm.action.REQUEST_PERMISSIONS,NULL,NULL,8388608]
11-08 05:08:07.337 1517 9075 I wm_pause_activity: [0,183565049,com.android.deskclock/.DeskClock,userLeaving=true,resumeTopActivityInnerLocked]
11-08 05:08:07.342 1517 1608 I am_uid_running: 10094
11-08 05:08:07.351 1517 1616 I am_proc_start: [0,14152,10094,com.android.permissioncontroller,pre-top-activity,{com.android.permissioncontroller/com.android.permissioncontroller.permission.ui.GrantPermissionsActivity}]
11-08 05:08:07.362 1517 9075 I am_proc_bound: [0,14152,com.android.permissioncontroller]
11-08 05:08:07.362 12612 12612 I wm_on_create_called: [183565049,com.android.deskclock.DeskClock,performCreate]
11-08 05:08:07.364 12612 12612 I wm_on_start_called: [183565049,com.android.deskclock.DeskClock,handleStartActivity]
11-08 05:08:07.366 12612 12612 I wm_on_resume_called: [183565049,com.android.deskclock.DeskClock,RESUME_ACTIVITY]
11-08 05:08:07.372 12612 12612 I wm_on_top_resumed_gained_called: [183565049,com.android.deskclock.DeskClock,topStateChangedWhenResumed]
11-08 05:08:07.372 12612 12612 I wm_on_top_resumed_lost_called: [183565049,com.android.deskclock.DeskClock,topStateChangedWhenResumed]
11-08 05:08:07.372 12612 12612 I wm_on_paused_called: [183565049,com.android.deskclock.DeskClock,performPause]
11-08 05:08:07.375 1517 2100 I wm_restart_activity: [0,213732789,208,com.android.permissioncontroller/.permission.ui.GrantPermissionsActivity]
