11-08 05:05:29.683 350 350 I auditd : type=1400 audit(0.0:11153): avc: denied { kill } for comm="irq/382-atmel_m" capability=5 scontext=u:r:kernel:s0 tcontext=u:r:kernel:s0 tclass=capability permissive=0
11-08 05:05:30.683 0 0 I auditd : type=1400 audit(0.0:11154): avc: denied { kill } for comm="swapper/0" capability=5 scontext=u:r:kernel:s0 tcontext=u:r:kernel:s0 tclass=capability permissive=0
11-08 05:05:31.683 0 0 I auditd : type=1400 audit(0.0:11155): avc: denied { kill } for comm="swapper/0" capability=5 scontext=u:r:kernel:s0 tcontext=u:r:kernel:s0 tclass=capability permissive=0
11-08 05:05:32.683 350 350 I auditd : type=1400 audit(0.0:11156): avc: denied { kill } for comm="irq/382-atmel_m" capability=5 scontext=u:r:kernel:s0 tcontext=u:r:kernel:s0 tclass=capability permissive=0
11-08 05:05:33.683 350 350 I auditd : type=1400 audit(0.0:11157): avc: denied { kill } for comm="irq/382-atmel_m" capability=5 scontext=u:r:kernel:s0 tcontext=u:r:kernel:s0 tclass=capability permissive=0
11-08 05:05:34.683 0 0 I auditd : type=1400 audit(0.0:11158): avc: denied { kill } for comm="swapper/0" capability=5 scontext=u:r:kernel:s0 tcontext=u:r:kernel:s0 tclass=capability permissive=0
11-08 05:05:35.683 0 0 I auditd : type=1400 audit(0.0:11159): avc: denied { kill } for comm="swapper/0" capability=5 scontext=u:r:kernel:s0 tcontext=u:r:kernel:s0 tclass=capability permissive=0
11-08 05:05:36.421 1517 1717 I netstats_mobile_sample: [0,0,0,0,0,0,0,0,0,0,0,0,1667855136421]
11-08 05:05:36.422 1517 1717 I netstats_wifi_sample: [74600185,174313,41212688,100760,74600185,174313,41212688,100760,95261886,307561,20737486,52491,1667855136421]
11-08 05:05:36.683 0 0 I auditd : type=1400 audit(0.0:11160): avc: denied { kill } for comm="swapper/0" capability=5 scontext=u:r:kernel:s0 tcontext=u:r:kernel:s0 tclass=capability permissive=0
11-08 05:05:37.683 0 0 I auditd : type=1400 audit(0.0:11161): avc: denied { kill } for comm="swapper/0" capability=5 scontext=u:r:kernel:s0 tcontext=u:r:kernel:s0 tclass=capability permissive=0
11-08 05:05:38.683 0 0 I auditd : type=1400 audit(0.0:11162): avc: denied { kill } for comm="swapper/0" capability=5 scontext=u:r:kernel:s0 tcontext=u:r:kernel:s0 tclass=capability permissive=0
11-08 05:05:39.683 0 0 I auditd : type=1400 audit(0.0:11163): avc: denied { kill } for comm="swapper/0" capability=5 scontext=u:r:kernel:s0 tcontext=u:r:kernel:s0 tclass=capability permissive=0
11-08 05:05:40.683 0 0 I auditd : type=1400 audit(0.0:11164): avc: denied { kill } for comm="swapper/0" capability=5 scontext=u:r:kernel:s0 tcontext=u:r:kernel:s0 tclass=capability permissive=0
11-08 05:05:41.683 0 0 I auditd : type=1400 audit(0.0:11165): avc: denied { kill } for comm="swapper/0" capability=5 scontext=u:r:kernel:s0 tcontext=u:r:kernel:s0 tclass=capability permissive=0
11-08 05:05:42.683 0 0 I auditd : type=1400 audit(0.0:11166): avc: denied { kill } for comm="swapper/0" capability=5 scontext=u:r:kernel:s0 tcontext=u:r:kernel:s0 tclass=capability permissive=0
11-08 05:05:42.927 1517 1615 I am_uid_idle: 10088
11-08 05:05:43.683 350 350 I auditd : type=1400 audit(0.0:11167): avc: denied { kill } for comm="irq/382-atmel_m" capability=5 scontext=u:r:kernel:s0 tcontext=u:r:kernel:s0 tclass=capability permissive=0
11-08 05:05:44.683 0 0 I auditd : type=1400 audit(0.0:11168): avc: denied { kill } for comm="swapper/0" capability=5 scontext=u:r:kernel:s0 tcontext=u:r:kernel:s0 tclass=capability permissive=0
11-08 05:05:45.683 350 350 I auditd : type=1400 audit(0.0:11169): avc: denied { kill } for comm="irq/382-atmel_m" capability=5 scontext=u:r:kernel:s0 tcontext=u:r:kernel:s0 tclass=capability permissive=0
11-08 05:05:46.683 0 0 I auditd : type=1400 audit(0.0:11170): avc: denied { kill } for comm="swapper/0" capability=5 scontext=u:r:kernel:s0 tcontext=u:r:kernel:s0 tclass=capability permissive=0
11-08 05:05:47.650 1517 1615 I am_uid_idle: 10040
11-08 05:05:47.663 1517 1615 I am_uid_idle: 10064
11-08 05:05:47.683 0 0 I auditd : type=1400 audit(0.0:11171): avc: denied { kill } for comm="swapper/0" capability=5 scontext=u:r:kernel:s0 tcontext=u:r:kernel:s0 tclass=capability permissive=0
11-08 05:05:47.716 1517 1615 I am_uid_idle: 10069
11-08 05:05:47.726 1517 1615 I am_uid_idle: 10017
11-08 05:05:47.738 1517 1615 I am_uid_idle: 10035
11-08 05:05:48.683 350 350 I auditd : type=1400 audit(0.0:11172): avc: denied { kill } for comm="irq/382-atmel_m" capability=5 scontext=u:r:kernel:s0 tcontext=u:r:kernel:s0 tclass=capability permissive=0
11-08 05:05:49.683 0 0 I auditd : type=1400 audit(0.0:11173): avc: denied { kill } for comm="swapper/0" capability=5 scontext=u:r:kernel:s0 tcontext=u:r:kernel:s0 tclass=capability permissive=0
11-08 05:05:50.683 0 0 I auditd : type=1400 audit(0.0:11174): avc: denied { kill } for comm="swapper/0" capability=5 scontext=u:r:kernel:s0 tcontext=u:r:kernel:s0 tclass=capability permissive=0
11-08 05:05:51.683 0 0 I auditd : type=1400 audit(0.0:11175): avc: denied { kill } for comm="swapper/0" capability=5 scontext=u:r:kernel:s0 tcontext=u:r:kernel:s0 tclass=capability permissive=0
11-08 05:05:51.997 1517 1631 I sysui_multi_action: [757,1696,758,6,759,2]
11-08 05:05:52.008 1517 1615 I am_wtf : [0,1517,system_server,-1,DisplayDeviceConfig,requesting nits when no mapping exists.]
11-08 05:05:52.012 1517 1615 I am_wtf : [0,1517,system_server,-1,DisplayDeviceConfig,requesting nits when no mapping exists.]
11-08 05:05:52.024 1517 1615 I am_wtf : [0,1517,system_server,-1,DisplayDeviceConfig,requesting nits when no mapping exists.]
11-08 05:05:52.026 1517 1615 I am_wtf : [0,1517,system_server,-1,DisplayDeviceConfig,requesting nits when no mapping exists.]
11-08 05:05:52.027 1517 1615 I service_manager_stats: [100,85,85267]
11-08 05:05:52.038 1517 1615 I am_wtf : [0,1517,system_server,-1,DisplayDeviceConfig,requesting nits when no mapping exists.]
11-08 05:05:52.040 1517 1615 I am_wtf : [0,1517,system_server,-1,DisplayDeviceConfig,requesting nits when no mapping exists.]
11-08 05:05:52.055 1517 1615 I am_wtf : [0,1517,system_server,-1,DisplayDeviceConfig,requesting nits when no mapping exists.]
11-08 05:05:52.056 1517 1615 I am_wtf : [0,1517,system_server,-1,DisplayDeviceConfig,requesting nits when no mapping exists.]
11-08 05:05:52.072 1517 1615 I am_wtf : [0,1517,system_server,-1,DisplayDeviceConfig,requesting nits when no mapping exists.]
11-08 05:05:52.073 1517 1615 I am_wtf : [0,1517,system_server,-1,DisplayDeviceConfig,requesting nits when no mapping exists.]
11-08 05:05:52.088 1517 1615 I am_wtf : [0,1517,system_server,-1,DisplayDeviceConfig,requesting nits when no mapping exists.]
11-08 05:05:52.090 1517 1615 I am_wtf : [0,1517,system_server,-1,DisplayDeviceConfig,requesting nits when no mapping exists.]
11-08 05:05:52.105 1517 1615 I am_wtf : [0,1517,system_server,-1,DisplayDeviceConfig,requesting nits when no mapping exists.]
11-08 05:05:52.106 1517 1615 I am_wtf : [0,1517,system_server,-1,DisplayDeviceConfig,requesting nits when no mapping exists.]
11-08 05:05:52.122 1517 1615 I am_wtf : [0,1517,system_server,-1,DisplayDeviceConfig,requesting nits when no mapping exists.]
11-08 05:05:52.124 1517 1615 I am_wtf : [0,1517,system_server,-1,DisplayDeviceConfig,requesting nits when no mapping exists.]
11-08 05:05:52.139 1517 1615 I am_wtf : [0,1517,system_server,-1,DisplayDeviceConfig,requesting nits when no mapping exists.]
11-08 05:05:52.140 1517 1615 I am_wtf : [0,1517,system_server,-1,DisplayDeviceConfig,requesting nits when no mapping exists.]
11-08 05:05:52.155 1517 1615 I am_wtf : [0,1517,system_server,-1,DisplayDeviceConfig,requesting nits when no mapping exists.]
11-08 05:05:52.156 1517 1615 I am_wtf : [0,1517,system_server,-1,DisplayDeviceConfig,requesting nits when no mapping exists.]
11-08 05:05:52.173 1517 1615 I am_wtf : [0,1517,system_server,-1,DisplayDeviceConfig,requesting nits when no mapping exists.]
11-08 05:05:52.174 1517 1615 I am_wtf : [0,1517,system_server,-1,DisplayDeviceConfig,requesting nits when no mapping exists.]
11-08 05:05:52.188 1517 1615 I am_wtf : [0,1517,system_server,-1,DisplayDeviceConfig,requesting nits when no mapping exists.]
11-08 05:05:52.189 1517 1615 I am_wtf : [0,1517,system_server,-1,DisplayDeviceConfig,requesting nits when no mapping exists.]
11-08 05:05:52.205 1517 1615 I am_wtf : [0,1517,system_server,-1,DisplayDeviceConfig,requesting nits when no mapping exists.]
11-08 05:05:52.206 1517 1615 I am_wtf : [0,1517,system_server,-1,DisplayDeviceConfig,requesting nits when no mapping exists.]
11-08 05:05:52.223 1517 1615 I am_wtf : [0,1517,system_server,-1,DisplayDeviceConfig,requesting nits when no mapping exists.]
11-08 05:05:52.224 1517 1615 I am_wtf : [0,1517,system_server,-1,DisplayDeviceConfig,requesting nits when no mapping exists.]
11-08 05:05:52.239 1517 1615 I am_wtf : [0,1517,system_server,-1,DisplayDeviceConfig,requesting nits when no mapping exists.]
11-08 05:05:52.240 1517 1615 I am_wtf : [0,1517,system_server,-1,DisplayDeviceConfig,requesting nits when no mapping exists.]
11-08 05:05:52.256 1517 1615 I am_wtf : [0,1517,system_server,-1,DisplayDeviceConfig,requesting nits when no mapping exists.]
11-08 05:05:52.257 1517 1615 I am_wtf : [0,1517,system_server,-1,DisplayDeviceConfig,requesting nits when no mapping exists.]
11-08 05:05:52.272 1517 1615 I am_wtf : [0,1517,system_server,-1,DisplayDeviceConfig,requesting nits when no mapping exists.]
11-08 05:05:52.273 1517 1615 I am_wtf : [0,1517,system_server,-1,DisplayDeviceConfig,requesting nits when no mapping exists.]
11-08 05:05:52.289 1517 1615 I am_wtf : [0,1517,system_server,-1,DisplayDeviceConfig,requesting nits when no mapping exists.]
11-08 05:05:52.290 1517 1615 I am_wtf : [0,1517,system_server,-1,DisplayDeviceConfig,requesting nits when no mapping exists.]
11-08 05:05:52.306 1517 1615 I am_wtf : [0,1517,system_server,-1,DisplayDeviceConfig,requesting nits when no mapping exists.]
11-08 05:05:52.307 1517 1615 I am_wtf : [0,1517,system_server,-1,DisplayDeviceConfig,requesting nits when no mapping exists.]
11-08 05:05:52.322 1517 1615 I am_wtf : [0,1517,system_server,-1,DisplayDeviceConfig,requesting nits when no mapping exists.]
11-08 05:05:52.323 1517 1615 I am_wtf : [0,1517,system_server,-1,DisplayDeviceConfig,requesting nits when no mapping exists.]
11-08 05:05:52.340 1517 1615 I am_wtf : [0,1517,system_server,-1,DisplayDeviceConfig,requesting nits when no mapping exists.]
11-08 05:05:52.341 1517 1615 I am_wtf : [0,1517,system_server,-1,DisplayDeviceConfig,requesting nits when no mapping exists.]
11-08 05:05:52.356 1517 1615 I am_wtf : [0,1517,system_server,-1,DisplayDeviceConfig,requesting nits when no mapping exists.]
11-08 05:05:52.357 1517 1615 I am_wtf : [0,1517,system_server,-1,DisplayDeviceConfig,requesting nits when no mapping exists.]
11-08 05:05:52.373 1517 1615 I am_wtf : [0,1517,system_server,-1,DisplayDeviceConfig,requesting nits when no mapping exists.]
11-08 05:05:52.374 1517 1615 I am_wtf : [0,1517,system_server,-1,DisplayDeviceConfig,requesting nits when no mapping exists.]
11-08 05:05:52.389 1517 1615 I am_wtf : [0,1517,system_server,-1,DisplayDeviceConfig,requesting nits when no mapping exists.]
11-08 05:05:52.390 1517 1615 I am_wtf : [0,1517,system_server,-1,DisplayDeviceConfig,requesting nits when no mapping exists.]
11-08 05:05:52.406 1517 1615 I am_wtf : [0,1517,system_server,-1,DisplayDeviceConfig,requesting nits when no mapping exists.]
11-08 05:05:52.408 1517 1615 I am_wtf : [0,1517,system_server,-1,DisplayDeviceConfig,requesting nits when no mapping exists.]
11-08 05:05:52.422 1517 1615 I am_wtf : [0,1517,system_server,-1,DisplayDeviceConfig,requesting nits when no mapping exists.]
11-08 05:05:52.423 1517 1615 I am_wtf : [0,1517,system_server,-1,DisplayDeviceConfig,requesting nits when no mapping exists.]
11-08 05:05:52.440 1517 1615 I am_wtf : [0,1517,system_server,-1,DisplayDeviceConfig,requesting nits when no mapping exists.]
11-08 05:05:52.440 1517 1615 I am_wtf : [0,1517,system_server,-1,DisplayDeviceConfig,requesting nits when no mapping exists.]
11-08 05:05:52.456 1517 1615 I am_wtf : [0,1517,system_server,-1,DisplayDeviceConfig,requesting nits when no mapping exists.]
11-08 05:05:52.457 1517 1615 I am_wtf : [0,1517,system_server,-1,DisplayDeviceConfig,requesting nits when no mapping exists.]
11-08 05:05:52.473 1517 1615 I am_wtf : [0,1517,system_server,-1,DisplayDeviceConfig,requesting nits when no mapping exists.]
11-08 05:05:52.474 1517 1615 I am_wtf : [0,1517,system_server,-1,DisplayDeviceConfig,requesting nits when no mapping exists.]
11-08 05:05:52.489 1517 1615 I am_wtf : [0,1517,system_server,-1,DisplayDeviceConfig,requesting nits when no mapping exists.]
11-08 05:05:52.490 1517 1615 I am_wtf : [0,1517,system_server,-1,DisplayDeviceConfig,requesting nits when no mapping exists.]
11-08 05:05:52.506 1517 1615 I am_wtf : [0,1517,system_server,-1,DisplayDeviceConfig,requesting nits when no mapping exists.]
11-08 05:05:52.507 1517 1615 I am_wtf : [0,1517,system_server,-1,DisplayDeviceConfig,requesting nits when no mapping exists.]
11-08 05:05:52.522 1517 1615 I am_wtf : [0,1517,system_server,-1,DisplayDeviceConfig,requesting nits when no mapping exists.]
11-08 05:05:52.524 1517 1615 I am_wtf : [0,1517,system_server,-1,DisplayDeviceConfig,requesting nits when no mapping exists.]
11-08 05:05:52.540 1517 1615 I am_wtf : [0,1517,system_server,-1,DisplayDeviceConfig,requesting nits when no mapping exists.]
11-08 05:05:52.541 1517 1615 I am_wtf : [0,1517,system_server,-1,DisplayDeviceConfig,requesting nits when no mapping exists.]
11-08 05:05:52.556 1517 1615 I am_wtf : [0,1517,system_server,-1,DisplayDeviceConfig,requesting nits when no mapping exists.]
11-08 05:05:52.557 1517 1615 I am_wtf : [0,1517,system_server,-1,DisplayDeviceConfig,requesting nits when no mapping exists.]
11-08 05:05:52.573 1517 1615 I am_wtf : [0,1517,system_server,-1,DisplayDeviceConfig,requesting nits when no mapping exists.]
11-08 05:05:52.575 1517 1615 I am_wtf : [0,1517,system_server,-1,DisplayDeviceConfig,requesting nits when no mapping exists.]
11-08 05:05:52.590 1517 1615 I am_wtf : [0,1517,system_server,-1,DisplayDeviceConfig,requesting nits when no mapping exists.]
11-08 05:05:52.591 1517 1615 I am_wtf : [0,1517,system_server,-1,DisplayDeviceConfig,requesting nits when no mapping exists.]
11-08 05:05:52.606 1517 1615 I am_wtf : [0,1517,system_server,-1,DisplayDeviceConfig,requesting nits when no mapping exists.]
11-08 05:05:52.608 1517 1615 I am_wtf : [0,1517,system_server,-1,DisplayDeviceConfig,requesting nits when no mapping exists.]
11-08 05:05:52.623 1517 1615 I am_wtf : [0,1517,system_server,-1,DisplayDeviceConfig,requesting nits when no mapping exists.]
11-08 05:05:52.625 1517 1615 I am_wtf : [0,1517,system_server,-1,DisplayDeviceConfig,requesting nits when no mapping exists.]
11-08 05:05:52.639 1517 1615 I am_wtf : [0,1517,system_server,-1,DisplayDeviceConfig,requesting nits when no mapping exists.]
11-08 05:05:52.640 1517 1615 I am_wtf : [0,1517,system_server,-1,DisplayDeviceConfig,requesting nits when no mapping exists.]
11-08 05:05:52.656 1517 1615 I am_wtf : [0,1517,system_server,-1,DisplayDeviceConfig,requesting nits when no mapping exists.]
11-08 05:05:52.658 1517 1615 I am_wtf : [0,1517,system_server,-1,DisplayDeviceConfig,requesting nits when no mapping exists.]
11-08 05:05:52.673 1517 1615 I am_wtf : [0,1517,system_server,-1,DisplayDeviceConfig,requesting nits when no mapping exists.]
11-08 05:05:52.674 1517 1615 I am_wtf : [0,1517,system_server,-1,DisplayDeviceConfig,requesting nits when no mapping exists.]
11-08 05:05:52.683 0 0 I auditd : type=1400 audit(0.0:11176): avc: denied { kill } for comm="swapper/0" capability=5 scontext=u:r:kernel:s0 tcontext=u:r:kernel:s0 tclass=capability permissive=0
11-08 05:05:52.690 1517 1615 I am_wtf : [0,1517,system_server,-1,DisplayDeviceConfig,requesting nits when no mapping exists.]
11-08 05:05:52.690 1517 1615 I am_wtf : [0,1517,system_server,-1,DisplayDeviceConfig,requesting nits when no mapping exists.]
11-08 05:05:52.706 1517 1615 I am_wtf : [0,1517,system_server,-1,DisplayDeviceConfig,requesting nits when no mapping exists.]
11-08 05:05:52.707 1517 1615 I am_wtf : [0,1517,system_server,-1,DisplayDeviceConfig,requesting nits when no mapping exists.]
11-08 05:05:52.723 1517 1615 I am_wtf : [0,1517,system_server,-1,DisplayDeviceConfig,requesting nits when no mapping exists.]
11-08 05:05:52.724 1517 1615 I am_wtf : [0,1517,system_server,-1,DisplayDeviceConfig,requesting nits when no mapping exists.]
11-08 05:05:52.740 1517 1615 I am_wtf : [0,1517,system_server,-1,DisplayDeviceConfig,requesting nits when no mapping exists.]
11-08 05:05:52.741 1517 1615 I am_wtf : [0,1517,system_server,-1,DisplayDeviceConfig,requesting nits when no mapping exists.]
11-08 05:05:52.757 1517 1615 I am_wtf : [0,1517,system_server,-1,DisplayDeviceConfig,requesting nits when no mapping exists.]
11-08 05:05:52.758 1517 1615 I am_wtf : [0,1517,system_server,-1,DisplayDeviceConfig,requesting nits when no mapping exists.]
11-08 05:05:52.773 1517 1615 I am_wtf : [0,1517,system_server,-1,DisplayDeviceConfig,requesting nits when no mapping exists.]
11-08 05:05:52.775 1517 1615 I am_wtf : [0,1517,system_server,-1,DisplayDeviceConfig,requesting nits when no mapping exists.]
11-08 05:05:52.790 1517 1615 I am_wtf : [0,1517,system_server,-1,DisplayDeviceConfig,requesting nits when no mapping exists.]
11-08 05:05:52.790 1517 1615 I am_wtf : [0,1517,system_server,-1,DisplayDeviceConfig,requesting nits when no mapping exists.]
11-08 05:05:52.807 1517 1615 I am_wtf : [0,1517,system_server,-1,DisplayDeviceConfig,requesting nits when no mapping exists.]
11-08 05:05:52.808 1517 1615 I am_wtf : [0,1517,system_server,-1,DisplayDeviceConfig,requesting nits when no mapping exists.]
11-08 05:05:52.823 1517 1615 I am_wtf : [0,1517,system_server,-1,DisplayDeviceConfig,requesting nits when no mapping exists.]
11-08 05:05:52.824 1517 1615 I am_wtf : [0,1517,system_server,-1,DisplayDeviceConfig,requesting nits when no mapping exists.]
11-08 05:05:52.840 1517 1615 I am_wtf : [0,1517,system_server,-1,DisplayDeviceConfig,requesting nits when no mapping exists.]
11-08 05:05:52.841 1517 1615 I am_wtf : [0,1517,system_server,-1,DisplayDeviceConfig,requesting nits when no mapping exists.]
11-08 05:05:52.858 1517 1615 I am_wtf : [0,1517,system_server,-1,DisplayDeviceConfig,requesting nits when no mapping exists.]
11-08 05:05:52.859 1517 1615 I am_wtf : [0,1517,system_server,-1,DisplayDeviceConfig,requesting nits when no mapping exists.]
11-08 05:05:52.873 1517 1615 I am_wtf : [0,1517,system_server,-1,DisplayDeviceConfig,requesting nits when no mapping exists.]
11-08 05:05:52.874 1517 1615 I am_wtf : [0,1517,system_server,-1,DisplayDeviceConfig,requesting nits when no mapping exists.]
11-08 05:05:52.891 1517 1615 I am_wtf : [0,1517,system_server,-1,DisplayDeviceConfig,requesting nits when no mapping exists.]
11-08 05:05:52.892 1517 1615 I am_wtf : [0,1517,system_server,-1,DisplayDeviceConfig,requesting nits when no mapping exists.]
11-08 05:05:52.908 1517 1615 I am_wtf : [0,1517,system_server,-1,DisplayDeviceConfig,requesting nits when no mapping exists.]
11-08 05:05:52.910 1517 1615 I am_wtf : [0,1517,system_server,-1,DisplayDeviceConfig,requesting nits when no mapping exists.]
11-08 05:05:52.923 1517 1615 I am_wtf : [0,1517,system_server,-1,DisplayDeviceConfig,requesting nits when no mapping exists.]
11-08 05:05:52.924 1517 1615 I am_wtf : [0,1517,system_server,-1,DisplayDeviceConfig,requesting nits when no mapping exists.]
11-08 05:05:52.940 1517 1615 I am_wtf : [0,1517,system_server,-1,DisplayDeviceConfig,requesting nits when no mapping exists.]
11-08 05:05:52.941 1517 1615 I am_wtf : [0,1517,system_server,-1,DisplayDeviceConfig,requesting nits when no mapping exists.]
11-08 05:05:53.683 0 0 I auditd : type=1400 audit(0.0:11177): avc: denied { kill } for comm="swapper/0" capability=5 scontext=u:r:kernel:s0 tcontext=u:r:kernel:s0 tclass=capability permissive=0
11-08 05:05:54.683 350 350 I auditd : type=1400 audit(0.0:11178): avc: denied { kill } for comm="irq/382-atmel_m" capability=5 scontext=u:r:kernel:s0 tcontext=u:r:kernel:s0 tclass=capability permissive=0
11-08 05:05:55.683 0 0 I auditd : type=1400 audit(0.0:11179): avc: denied { kill } for comm="swapper/0" capability=5 scontext=u:r:kernel:s0 tcontext=u:r:kernel:s0 tclass=capability permissive=0
11-08 05:05:56.683 0 0 I auditd : type=1400 audit(0.0:11180): avc: denied { kill } for comm="swapper/0" capability=5 scontext=u:r:kernel:s0 tcontext=u:r:kernel:s0 tclass=capability permissive=0
11-08 05:05:57.683 0 0 I auditd : type=1400 audit(0.0:11181): avc: denied { kill } for comm="swapper/0" capability=5 scontext=u:r:kernel:s0 tcontext=u:r:kernel:s0 tclass=capability permissive=0
11-08 05:05:58.683 0 0 I auditd : type=1400 audit(0.0:11182): avc: denied { kill } for comm="swapper/0" capability=5 scontext=u:r:kernel:s0 tcontext=u:r:kernel:s0 tclass=capability permissive=0
11-08 05:05:59.003 1517 1605 I sysui_multi_action: [757,222,758,1]
11-08 05:05:59.005 1517 1605 I am_uid_active: 10040
11-08 05:05:59.009 1517 1605 I service_manager_stats: [111,59,6982]
11-08 05:05:59.020 1517 1614 I am_pss : [13916,10060,com.android.soundrecorder,5746688,3899392,0,91213824,0,19,8]
11-08 05:05:59.028 1517 1614 I am_pss : [13915,10066,com.android.gallery3d,7884800,5591040,0,95092736,0,19,7]
11-08 05:05:59.037 1517 1614 I am_pss : [13458,10088,com.android.music,28903424,22126592,0,147337216,0,19,8]
11-08 05:05:59.040 1517 8721 I wm_task_created: [204,-1]
11-08 05:05:59.043 1517 8721 I wm_task_moved: [204,1,6]
11-08 05:05:59.043 1517 8721 I wm_task_to_front: [0,204]
11-08 05:05:59.044 1517 8721 I wm_create_task: [0,204]
11-08 05:05:59.044 1517 8721 I wm_create_activity: [0,205219284,204,com.thundercomm.screensaver/android.service.dreams.DreamActivity,NULL,NULL,NULL,276824064]
11-08 05:05:59.044 1517 8721 I wm_task_moved: [204,1,6]
11-08 05:05:59.044 2526 2526 I wm_on_top_resumed_lost_called: [193491456,com.android.launcher3.uioverrides.QuickstepLauncher,topStateChangedWhenResumed]
11-08 05:05:59.045 1517 1614 I am_pss : [13783,1000,com.android.settings,26877952,25063424,0,112574464,0,19,6]
11-08 05:05:59.048 1517 8721 I wm_pause_activity: [0,193491456,com.android.launcher3/.uioverrides.QuickstepLauncher,userLeaving=true,pauseBackTasks]
11-08 05:05:59.056 2526 2526 I wm_on_paused_called: [193491456,com.android.launcher3.uioverrides.QuickstepLauncher,performPause]
11-08 05:05:59.058 1517 8721 I wm_add_to_stopping: [0,193491456,com.android.launcher3/.uioverrides.QuickstepLauncher,makeInvisible]
11-08 05:05:59.059 1517 8721 I wm_restart_activity: [0,205219284,204,com.thundercomm.screensaver/android.service.dreams.DreamActivity]
11-08 05:05:59.060 1517 8721 I wm_set_resumed_activity: [0,com.thundercomm.screensaver/android.service.dreams.DreamActivity,minimalResumeActivityLocked]
11-08 05:05:59.069 1517 1608 I sysui_multi_action: [757,803,799,window_time_0,802,60]
11-08 05:05:59.077 1517 1689 I input_focus: [Focus leaving de3c7b2 com.android.launcher3/com.android.launcher3.uioverrides.QuickstepLauncher (server),reason=NO_WINDOW]
11-08 05:05:59.084 4301 4301 I wm_on_create_called: [205219284,android.service.dreams.DreamActivity,performCreate]
11-08 05:05:59.085 4301 4301 I wm_on_start_called: [205219284,android.service.dreams.DreamActivity,handleStartActivity]
11-08 05:05:59.085 4301 4301 I wm_on_resume_called: [205219284,android.service.dreams.DreamActivity,RESUME_ACTIVITY]
11-08 05:05:59.090 4301 4301 I wm_on_top_resumed_gained_called: [205219284,android.service.dreams.DreamActivity,topStateChangedWhenResumed]
11-08 05:05:59.113 1517 1609 I input_focus: [Focus request 8d30b40 com.thundercomm.screensaver/android.service.dreams.DreamActivity,reason=UpdateInputWindows]
11-08 05:05:59.118 1969 1969 I sysui_multi_action: [757,111,758,2]
11-08 05:05:59.118 1969 1969 I sysui_multi_action: [757,111,758,2]
11-08 05:05:59.120 1517 1517 I notification_enqueue: [10082,1969,com.android.systemui,2048,NULL,0,Notification(channel=updateNotification shortcut=null contentView=null vibrate=null sound=null defaults=0x0 flags=0x0 color=0x00000000 vis=PRIVATE),1]
11-08 05:05:59.129 1517 1631 I sysui_multi_action: [757,1696,758,6,759,3]
11-08 05:05:59.135 1517 1605 I sysui_multi_action: [319,94,322,92,325,10566,757,761,758,8,759,2,806,com.thundercomm.screensaver,871,android.service.dreams.DreamActivity,904,com.thundercomm.screensaver,905,0,1320,4,1321,2]
11-08 05:05:59.137 1517 1605 I wm_activity_launch_time: [0,205219284,com.thundercomm.screensaver/android.service.dreams.DreamActivity,92]
11-08 05:05:59.141 1517 1615 I am_wtf : [0,1517,system_server,-1,DisplayDeviceConfig,requesting nits when no mapping exists.]
11-08 05:05:59.142 1517 1615 I am_wtf : [0,1517,system_server,-1,DisplayDeviceConfig,requesting nits when no mapping exists.]
11-08 05:05:59.157 1969 1969 I sysui_multi_action: [757,111,758,1]
11-08 05:05:59.158 1969 1969 I sysui_multi_action: [757,126,758,1,759,126,927,0,928,1,1593,0]
11-08 05:05:59.158 1969 1969 I sysui_multi_action: [757,113,758,1,759,113,927,1,928,0,1593,0]
11-08 05:05:59.158 1969 1969 I sysui_multi_action: [757,0,758,1,759,0,927,2,928,0,1593,0]
11-08 05:05:59.158 1969 1969 I sysui_multi_action: [757,0,758,1,759,0,927,3,928,0,1593,0]
11-08 05:05:59.158 1969 1969 I sysui_multi_action: [757,0,758,1,759,0,927,4,1593,0]
11-08 05:05:59.158 1969 1969 I sysui_multi_action: [757,491,758,1,759,491,927,5,928,0,1311,-1,1593,0]
11-08 05:05:59.158 1969 1969 I sysui_multi_action: [757,122,758,1,759,122,927,6,928,1,1593,0]
11-08 05:05:59.158 1969 1969 I sysui_multi_action: [757,0,758,1,759,0,927,7,928,0,1593,0]
11-08 05:05:59.158 1969 1969 I sysui_multi_action: [757,111,758,1]
11-08 05:05:59.158 1969 1969 I sysui_multi_action: [757,126,758,1,759,126,927,0,928,1,1593,0]
11-08 05:05:59.158 1969 1969 I sysui_multi_action: [757,113,758,1,759,113,927,1,928,0,1593,0]
11-08 05:05:59.158 1969 1969 I sysui_multi_action: [757,0,758,1,759,0,927,2,928,0,1593,0]
11-08 05:05:59.159 1969 1969 I sysui_multi_action: [757,0,758,1,759,0,927,3,928,0,1593,0]
11-08 05:05:59.159 1517 1615 I am_wtf : [0,1517,system_server,-1,DisplayDeviceConfig,requesting nits when no mapping exists.]
11-08 05:05:59.161 1517 1615 I am_wtf : [0,1517,system_server,-1,DisplayDeviceConfig,requesting nits when no mapping exists.]
11-08 05:05:59.174 1517 1615 I am_wtf : [0,1517,system_server,-1,DisplayDeviceConfig,requesting nits when no mapping exists.]
11-08 05:05:59.175 1517 1615 I am_wtf : [0,1517,system_server,-1,DisplayDeviceConfig,requesting nits when no mapping exists.]
11-08 05:05:59.192 1517 1615 I am_wtf : [0,1517,system_server,-1,DisplayDeviceConfig,requesting nits when no mapping exists.]
11-08 05:05:59.192 1517 1689 I input_focus: [Focus entering 8d30b40 com.thundercomm.screensaver/android.service.dreams.DreamActivity (server),reason=Window became focusable. Previous reason: NOT_VISIBLE]
11-08 05:05:59.192 1517 1615 I am_wtf : [0,1517,system_server,-1,DisplayDeviceConfig,requesting nits when no mapping exists.]
11-08 05:05:59.211 1517 1615 I am_wtf : [0,1517,system_server,-1,DisplayDeviceConfig,requesting nits when no mapping exists.]
11-08 05:05:59.212 1517 1615 I am_wtf : [0,1517,system_server,-1,DisplayDeviceConfig,requesting nits when no mapping exists.]
11-08 05:05:59.226 1517 1615 I am_wtf : [0,1517,system_server,-1,DisplayDeviceConfig,requesting nits when no mapping exists.]
11-08 05:05:59.227 1517 1615 I am_wtf : [0,1517,system_server,-1,DisplayDeviceConfig,requesting nits when no mapping exists.]
11-08 05:05:59.243 1517 1615 I am_wtf : [0,1517,system_server,-1,DisplayDeviceConfig,requesting nits when no mapping exists.]
11-08 05:05:59.244 1517 1615 I am_wtf : [0,1517,system_server,-1,DisplayDeviceConfig,requesting nits when no mapping exists.]
11-08 05:05:59.264 1517 1615 I am_wtf : [0,1517,system_server,-1,DisplayDeviceConfig,requesting nits when no mapping exists.]
11-08 05:05:59.265 1517 1615 I am_wtf : [0,1517,system_server,-1,DisplayDeviceConfig,requesting nits when no mapping exists.]
11-08 05:05:59.277 1517 1615 I am_wtf : [0,1517,system_server,-1,DisplayDeviceConfig,requesting nits when no mapping exists.]
11-08 05:05:59.278 1517 1615 I am_wtf : [0,1517,system_server,-1,DisplayDeviceConfig,requesting nits when no mapping exists.]
11-08 05:05:59.292 1517 1615 I am_wtf : [0,1517,system_server,-1,DisplayDeviceConfig,requesting nits when no mapping exists.]
11-08 05:05:59.293 1517 1615 I am_wtf : [0,1517,system_server,-1,DisplayDeviceConfig,requesting nits when no mapping exists.]
11-08 05:05:59.309 1517 1615 I am_wtf : [0,1517,system_server,-1,DisplayDeviceConfig,requesting nits when no mapping exists.]
11-08 05:05:59.311 1517 1615 I am_wtf : [0,1517,system_server,-1,DisplayDeviceConfig,requesting nits when no mapping exists.]
11-08 05:05:59.322 1517 1517 I sysui_multi_action: [757,1501,758,1,793,127481,794,0,795,206,796,2048,806,com.android.systemui,857,updateNotification,858,3,947,0,1500,0,1688,1]
11-08 05:05:59.322 1517 1517 I sysui_multi_action: [757,804,799,note_interruptive,801,0,802,1]
11-08 05:05:59.322 1517 1517 I sysui_multi_action: [757,199,758,1,759,2,793,127482,794,0,795,207,796,2048,806,com.android.systemui,857,updateNotification,858,3,947,0,1500,1,1688,1]
11-08 05:05:59.322 1517 1517 I notification_alert: [0|com.android.systemui|2048|null|10082,0,1,0]
11-08 05:05:59.333 1517 1615 I am_wtf : [0,1517,system_server,-1,DisplayDeviceConfig,requesting nits when no mapping exists.]
11-08 05:05:59.334 1517 1615 I am_wtf : [0,1517,system_server,-1,DisplayDeviceConfig,requesting nits when no mapping exists.]
11-08 05:05:59.342 1517 1615 I am_wtf : [0,1517,system_server,-1,DisplayDeviceConfig,requesting nits when no mapping exists.]
11-08 05:05:59.342 1517 1615 I am_wtf : [0,1517,system_server,-1,DisplayDeviceConfig,requesting nits when no mapping exists.]
11-08 05:05:59.358 1517 1615 I am_wtf : [0,1517,system_server,-1,DisplayDeviceConfig,requesting nits when no mapping exists.]
11-08 05:05:59.359 1517 1615 I am_wtf : [0,1517,system_server,-1,DisplayDeviceConfig,requesting nits when no mapping exists.]
11-08 05:05:59.377 1517 1615 I am_wtf : [0,1517,system_server,-1,DisplayDeviceConfig,requesting nits when no mapping exists.]
11-08 05:05:59.379 1517 1615 I am_wtf : [0,1517,system_server,-1,DisplayDeviceConfig,requesting nits when no mapping exists.]
11-08 05:05:59.394 1517 1615 I am_wtf : [0,1517,system_server,-1,DisplayDeviceConfig,requesting nits when no mapping exists.]
11-08 05:05:59.394 1517 1615 I am_wtf : [0,1517,system_server,-1,DisplayDeviceConfig,requesting nits when no mapping exists.]
11-08 05:05:59.409 1517 1615 I am_wtf : [0,1517,system_server,-1,DisplayDeviceConfig,requesting nits when no mapping exists.]
11-08 05:05:59.409 1517 1615 I am_wtf : [0,1517,system_server,-1,DisplayDeviceConfig,requesting nits when no mapping exists.]
11-08 05:05:59.427 1517 1615 I am_wtf : [0,1517,system_server,-1,DisplayDeviceConfig,requesting nits when no mapping exists.]
11-08 05:05:59.428 1517 1615 I am_wtf : [0,1517,system_server,-1,DisplayDeviceConfig,requesting nits when no mapping exists.]
11-08 05:05:59.429 1517 1608 I wm_stop_activity: [0,193491456,com.android.launcher3/.uioverrides.QuickstepLauncher]
11-08 05:05:59.444 1517 1615 I am_wtf : [0,1517,system_server,-1,DisplayDeviceConfig,requesting nits when no mapping exists.]
11-08 05:05:59.445 1517 1615 I am_wtf : [0,1517,system_server,-1,DisplayDeviceConfig,requesting nits when no mapping exists.]
11-08 05:05:59.464 1517 1615 I am_wtf : [0,1517,system_server,-1,DisplayDeviceConfig,requesting nits when no mapping exists.]
11-08 05:05:59.465 1517 1615 I am_wtf : [0,1517,system_server,-1,DisplayDeviceConfig,requesting nits when no mapping exists.]
11-08 05:05:59.468 2526 2526 I wm_on_stop_called: [193491456,com.android.launcher3.uioverrides.QuickstepLauncher,STOP_ACTIVITY_ITEM]
11-08 05:05:59.475 1517 1615 I am_wtf : [0,1517,system_server,-1,DisplayDeviceConfig,requesting nits when no mapping exists.]
11-08 05:05:59.475 1517 1615 I am_wtf : [0,1517,system_server,-1,DisplayDeviceConfig,requesting nits when no mapping exists.]
11-08 05:05:59.495 1517 1615 I am_wtf : [0,1517,system_server,-1,DisplayDeviceConfig,requesting nits when no mapping exists.]
11-08 05:05:59.498 1517 1615 I am_wtf : [0,1517,system_server,-1,DisplayDeviceConfig,requesting nits when no mapping exists.]
11-08 05:05:59.506 1517 1615 I am_wtf : [0,1517,system_server,-1,DisplayDeviceConfig,requesting nits when no mapping exists.]
11-08 05:05:59.507 1517 1615 I am_wtf : [0,1517,system_server,-1,DisplayDeviceConfig,requesting nits when no mapping exists.]
11-08 05:05:59.523 1517 1615 I am_wtf : [0,1517,system_server,-1,DisplayDeviceConfig,requesting nits when no mapping exists.]
11-08 05:05:59.524 1517 1615 I am_wtf : [0,1517,system_server,-1,DisplayDeviceConfig,requesting nits when no mapping exists.]
11-08 05:05:59.540 1517 1615 I am_wtf : [0,1517,system_server,-1,DisplayDeviceConfig,requesting nits when no mapping exists.]
11-08 05:05:59.541 1517 1615 I am_wtf : [0,1517,system_server,-1,DisplayDeviceConfig,requesting nits when no mapping exists.]
11-08 05:05:59.556 1517 1615 I am_wtf : [0,1517,system_server,-1,DisplayDeviceConfig,requesting nits when no mapping exists.]
11-08 05:05:59.557 1517 1615 I am_wtf : [0,1517,system_server,-1,DisplayDeviceConfig,requesting nits when no mapping exists.]
11-08 05:05:59.573 1517 1615 I am_wtf : [0,1517,system_server,-1,DisplayDeviceConfig,requesting nits when no mapping exists.]
11-08 05:05:59.575 1517 1615 I am_wtf : [0,1517,system_server,-1,DisplayDeviceConfig,requesting nits when no mapping exists.]
11-08 05:05:59.591 1517 1615 I am_wtf : [0,1517,system_server,-1,DisplayDeviceConfig,requesting nits when no mapping exists.]
11-08 05:05:59.592 1517 1615 I am_wtf : [0,1517,system_server,-1,DisplayDeviceConfig,requesting nits when no mapping exists.]
11-08 05:05:59.606 1517 1615 I am_wtf : [0,1517,system_server,-1,DisplayDeviceConfig,requesting nits when no mapping exists.]
11-08 05:05:59.607 1517 1615 I am_wtf : [0,1517,system_server,-1,DisplayDeviceConfig,requesting nits when no mapping exists.]
11-08 05:05:59.624 1517 1615 I am_wtf : [0,1517,system_server,-1,DisplayDeviceConfig,requesting nits when no mapping exists.]
11-08 05:05:59.624 1517 1615 I am_wtf : [0,1517,system_server,-1,DisplayDeviceConfig,requesting nits when no mapping exists.]
11-08 05:05:59.641 1517 1615 I am_wtf : [0,1517,system_server,-1,DisplayDeviceConfig,requesting nits when no mapping exists.]
11-08 05:05:59.642 1517 1615 I am_wtf : [0,1517,system_server,-1,DisplayDeviceConfig,requesting nits when no mapping exists.]
11-08 05:05:59.657 1517 1615 I am_wtf : [0,1517,system_server,-1,DisplayDeviceConfig,requesting nits when no mapping exists.]
11-08 05:05:59.658 1517 1615 I am_wtf : [0,1517,system_server,-1,DisplayDeviceConfig,requesting nits when no mapping exists.]
11-08 05:05:59.673 1517 1615 I am_wtf : [0,1517,system_server,-1,DisplayDeviceConfig,requesting nits when no mapping exists.]
11-08 05:05:59.674 1517 1615 I am_wtf : [0,1517,system_server,-1,DisplayDeviceConfig,requesting nits when no mapping exists.]
11-08 05:05:59.690 1517 1615 I am_wtf : [0,1517,system_server,-1,DisplayDeviceConfig,requesting nits when no mapping exists.]
11-08 05:05:59.691 1517 1615 I am_wtf : [0,1517,system_server,-1,DisplayDeviceConfig,requesting nits when no mapping exists.]
11-08 05:05:59.707 1517 1615 I am_wtf : [0,1517,system_server,-1,DisplayDeviceConfig,requesting nits when no mapping exists.]
11-08 05:05:59.708 1517 1615 I am_wtf : [0,1517,system_server,-1,DisplayDeviceConfig,requesting nits when no mapping exists.]
11-08 05:05:59.723 1517 1615 I am_wtf : [0,1517,system_server,-1,DisplayDeviceConfig,requesting nits when no mapping exists.]
11-08 05:05:59.724 1517 1615 I am_wtf : [0,1517,system_server,-1,DisplayDeviceConfig,requesting nits when no mapping exists.]
11-08 05:05:59.740 1517 1615 I am_wtf : [0,1517,system_server,-1,DisplayDeviceConfig,requesting nits when no mapping exists.]
11-08 05:05:59.742 1517 1615 I am_wtf : [0,1517,system_server,-1,DisplayDeviceConfig,requesting nits when no mapping exists.]
11-08 05:05:59.757 1517 1615 I am_wtf : [0,1517,system_server,-1,DisplayDeviceConfig,requesting nits when no mapping exists.]
11-08 05:05:59.759 1517 1615 I am_wtf : [0,1517,system_server,-1,DisplayDeviceConfig,requesting nits when no mapping exists.]
11-08 05:05:59.774 1517 1615 I am_wtf : [0,1517,system_server,-1,DisplayDeviceConfig,requesting nits when no mapping exists.]
11-08 05:05:59.775 1517 1615 I am_wtf : [0,1517,system_server,-1,DisplayDeviceConfig,requesting nits when no mapping exists.]
11-08 05:05:59.791 1517 1615 I am_wtf : [0,1517,system_server,-1,DisplayDeviceConfig,requesting nits when no mapping exists.]
11-08 05:05:59.792 1517 1615 I am_wtf : [0,1517,system_server,-1,DisplayDeviceConfig,requesting nits when no mapping exists.]
11-08 05:05:59.807 1517 1615 I am_wtf : [0,1517,system_server,-1,DisplayDeviceConfig,requesting nits when no mapping exists.]
11-08 05:05:59.808 1517 1615 I am_wtf : [0,1517,system_server,-1,DisplayDeviceConfig,requesting nits when no mapping exists.]
11-08 05:05:59.826 1517 1615 I am_wtf : [0,1517,system_server,-1,DisplayDeviceConfig,requesting nits when no mapping exists.]
11-08 05:05:59.827 1517 1615 I am_wtf : [0,1517,system_server,-1,DisplayDeviceConfig,requesting nits when no mapping exists.]
11-08 05:05:59.841 1517 1615 I am_wtf : [0,1517,system_server,-1,DisplayDeviceConfig,requesting nits when no mapping exists.]
11-08 05:05:59.842 1517 1615 I am_wtf : [0,1517,system_server,-1,DisplayDeviceConfig,requesting nits when no mapping exists.]
11-08 05:05:59.857 1517 1615 I am_wtf : [0,1517,system_server,-1,DisplayDeviceConfig,requesting nits when no mapping exists.]
11-08 05:05:59.858 1517 1615 I am_wtf : [0,1517,system_server,-1,DisplayDeviceConfig,requesting nits when no mapping exists.]
11-08 05:05:59.873 1517 1615 I am_wtf : [0,1517,system_server,-1,DisplayDeviceConfig,requesting nits when no mapping exists.]
11-08 05:05:59.874 1517 1615 I am_wtf : [0,1517,system_server,-1,DisplayDeviceConfig,requesting nits when no mapping exists.]
11-08 05:05:59.890 1517 1615 I am_wtf : [0,1517,system_server,-1,DisplayDeviceConfig,requesting nits when no mapping exists.]
11-08 05:05:59.891 1517 1615 I am_wtf : [0,1517,system_server,-1,DisplayDeviceConfig,requesting nits when no mapping exists.]
11-08 05:05:59.908 1517 1615 I am_wtf : [0,1517,system_server,-1,DisplayDeviceConfig,requesting nits when no mapping exists.]
11-08 05:05:59.908 1517 1615 I am_wtf : [0,1517,system_server,-1,DisplayDeviceConfig,requesting nits when no mapping exists.]
11-08 05:05:59.924 1517 1615 I am_wtf : [0,1517,system_server,-1,DisplayDeviceConfig,requesting nits when no mapping exists.]
11-08 05:05:59.925 1517 1615 I am_wtf : [0,1517,system_server,-1,DisplayDeviceConfig,requesting nits when no mapping exists.]
11-08 05:05:59.943 1517 1615 I am_wtf : [0,1517,system_server,-1,DisplayDeviceConfig,requesting nits when no mapping exists.]
11-08 05:05:59.943 1517 1615 I am_wtf : [0,1517,system_server,-1,DisplayDeviceConfig,requesting nits when no mapping exists.]
11-08 05:05:59.957 1517 1615 I am_wtf : [0,1517,system_server,-1,DisplayDeviceConfig,requesting nits when no mapping exists.]
11-08 05:05:59.958 1517 1615 I am_wtf : [0,1517,system_server,-1,DisplayDeviceConfig,requesting nits when no mapping exists.]
11-08 05:05:59.974 1517 1615 I am_wtf : [0,1517,system_server,-1,DisplayDeviceConfig,requesting nits when no mapping exists.]
11-08 05:05:59.978 1517 1615 I am_wtf : [0,1517,system_server,-1,DisplayDeviceConfig,requesting nits when no mapping exists.]
11-08 05:05:59.991 1517 1615 I am_wtf : [0,1517,system_server,-1,DisplayDeviceConfig,requesting nits when no mapping exists.]
11-08 05:05:59.992 1517 1615 I am_wtf : [0,1517,system_server,-1,DisplayDeviceConfig,requesting nits when no mapping exists.]
11-08 05:06:00.010 1517 1615 I am_wtf : [0,1517,system_server,-1,DisplayDeviceConfig,requesting nits when no mapping exists.]
11-08 05:06:00.011 1517 1615 I am_wtf : [0,1517,system_server,-1,DisplayDeviceConfig,requesting nits when no mapping exists.]
11-08 05:06:00.024 1517 1615 I am_wtf : [0,1517,system_server,-1,DisplayDeviceConfig,requesting nits when no mapping exists.]
11-08 05:06:00.025 1517 1615 I am_wtf : [0,1517,system_server,-1,DisplayDeviceConfig,requesting nits when no mapping exists.]
11-08 05:06:00.041 1517 1615 I am_wtf : [0,1517,system_server,-1,DisplayDeviceConfig,requesting nits when no mapping exists.]
11-08 05:06:00.043 1517 1615 I am_wtf : [0,1517,system_server,-1,DisplayDeviceConfig,requesting nits when no mapping exists.]
11-08 05:06:00.058 1517 1615 I am_wtf : [0,1517,system_server,-1,DisplayDeviceConfig,requesting nits when no mapping exists.]
11-08 05:06:00.060 1517 1615 I am_wtf : [0,1517,system_server,-1,DisplayDeviceConfig,requesting nits when no mapping exists.]
11-08 05:06:00.683 0 0 I auditd : type=1400 audit(0.0:11183): avc: denied { kill } for comm="swapper/0" capability=5 scontext=u:r:kernel:s0 tcontext=u:r:kernel:s0 tclass=capability permissive=0
11-08 05:06:01.683 0 0 I auditd : type=1400 audit(0.0:11184): avc: denied { kill } for comm="swapper/0" capability=5 scontext=u:r:kernel:s0 tcontext=u:r:kernel:s0 tclass=capability permissive=0
11-08 05:06:02.683 0 0 I auditd : type=1400 audit(0.0:11185): avc: denied { kill } for comm="swapper/0" capability=5 scontext=u:r:kernel:s0 tcontext=u:r:kernel:s0 tclass=capability permissive=0
11-08 05:06:03.683 0 0 I auditd : type=1400 audit(0.0:11186): avc: denied { kill } for comm="swapper/0" capability=5 scontext=u:r:kernel:s0 tcontext=u:r:kernel:s0 tclass=capability permissive=0
11-08 05:06:03.731 1517 1689 I input_interaction: Interaction with: 8d30b40 com.thundercomm.screensaver/android.service.dreams.DreamActivity (server), edge-swipe (server), swipe-up (server), PointerEventDispatcher0 (server),
11-08 05:06:03.735 1517 2078 I wm_finish_activity: [0,205219284,204,com.thundercomm.screensaver/android.service.dreams.DreamActivity,finish-activity]
11-08 05:06:03.736 1517 2078 I wm_task_moved: [92,1,5]
11-08 05:06:03.737 1517 2078 I wm_task_moved: [93,1,2147483647]
11-08 05:06:03.737 1517 2078 I wm_task_to_front: [0,93]
11-08 05:06:03.737 1517 2078 I wm_focused_root_task: [0,0,92,204,finish-top adjustFocusToNextFocusableTask]
11-08 05:06:03.737 1517 2078 I wm_set_resumed_activity: [0,com.android.launcher3/.uioverrides.QuickstepLauncher,finish-top adjustFocusToNextFocusableTask]
11-08 05:06:03.739 1517 2078 I wm_pause_activity: [0,205219284,com.thundercomm.screensaver/android.service.dreams.DreamActivity,userLeaving=false,finish]
11-08 05:06:03.743 1517 1517 I service_manager_slow: [10,phone]
11-08 05:06:03.749 1517 1608 I sysui_multi_action: [757,803,799,window_time_0,802,5]
11-08 05:06:03.751 4301 4301 I wm_on_top_resumed_lost_called: [205219284,android.service.dreams.DreamActivity,topStateChangedWhenResumed]
11-08 05:06:03.754 4301 4301 I wm_on_paused_called: [205219284,android.service.dreams.DreamActivity,performPause]
11-08 05:06:03.754 1517 2078 I wm_add_to_stopping: [0,205219284,com.thundercomm.screensaver/android.service.dreams.DreamActivity,completeFinishing]
11-08 05:06:03.757 1517 2078 I wm_set_resumed_activity: [0,com.android.launcher3/.uioverrides.QuickstepLauncher,resumeTopActivityInnerLocked]
11-08 05:06:03.759 1517 2078 I wm_resume_activity: [0,193491456,93,com.android.launcher3/.uioverrides.QuickstepLauncher]
11-08 05:06:03.770 2526 2526 I wm_on_restart_called: [193491456,com.android.launcher3.uioverrides.QuickstepLauncher,performRestartActivity]
11-08 05:06:03.770 2526 2526 I wm_on_start_called: [193491456,com.android.launcher3.uioverrides.QuickstepLauncher,handleStartActivity]
11-08 05:06:03.771 2526 2526 I wm_on_resume_called: [193491456,com.android.launcher3.uioverrides.QuickstepLauncher,RESUME_ACTIVITY]
11-08 05:06:03.771 2526 2526 I wm_on_top_resumed_gained_called: [193491456,com.android.launcher3.uioverrides.QuickstepLauncher,topWhenResuming]
11-08 05:06:03.774 1517 1608 I sysui_multi_action: [757,803,799,window_time_0,802,0]
11-08 05:06:03.782 4301 4301 I view_enqueue_input_event: [Motion - Cancel,com.thundercomm.screensaver/android.service.dreams.DreamActivity]
11-08 05:06:03.782 1517 1689 I input_focus: [Focus leaving 8d30b40 com.thundercomm.screensaver/android.service.dreams.DreamActivity (server),reason=NO_WINDOW]
11-08 05:06:03.793 1517 1609 I input_focus: [Focus request de3c7b2 com.android.launcher3/com.android.launcher3.uioverrides.QuickstepLauncher,reason=UpdateInputWindows]
11-08 05:06:03.829 1517 1689 I input_focus: [Focus entering de3c7b2 com.android.launcher3/com.android.launcher3.uioverrides.QuickstepLauncher (server),reason=setFocusedWindow]
11-08 05:06:04.056 1517 1517 I service_manager_stats: [121,70,5047]
11-08 05:06:04.059 1517 1608 I wm_destroy_activity: [0,205219284,204,com.thundercomm.screensaver/android.service.dreams.DreamActivity,finish-imm:idle]
11-08 05:06:04.088 4301 4301 I wm_on_stop_called: [205219284,android.service.dreams.DreamActivity,LIFECYCLER_STOP_ACTIVITY]
11-08 05:06:04.089 4301 4301 I wm_on_destroy_called: [205219284,android.service.dreams.DreamActivity,performDestroy]
11-08 05:06:04.092 1517 1605 I sysui_multi_action: [757,222,758,2]
11-08 05:06:04.093 1517 1605 I sysui_multi_action: [757,804,799,dreaming_minutes,801,0,802,1]
11-08 05:06:04.100 1517 6171 I wm_task_removed: [204,removeChild:removeChild last r=ActivityRecord{c3b65d4 u0 com.thundercomm.screensaver/android.service.dreams.DreamActivity t-1 f}} in t=Task{40f3e9 #204 type=dream A=10040:android:com.thundercomm.screensaver/dream U=0 visible=false mode=fullscreen translucent=true sz=0}]
11-08 05:06:04.100 1517 6171 I wm_task_removed: [204,removeChild]
11-08 05:06:04.683 0 0 I auditd : type=1400 audit(0.0:11187): avc: denied { kill } for comm="swapper/0" capability=5 scontext=u:r:kernel:s0 tcontext=u:r:kernel:s0 tclass=capability permissive=0
11-08 05:06:05.456 1517 1689 I input_interaction: Interaction with: de3c7b2 com.android.launcher3/com.android.launcher3.uioverrides.QuickstepLauncher (server), c84215e com.android.systemui.ImageWallpaper (server), edge-swipe (server), swipe-up (server), PointerEventDispatcher0 (server),
11-08 05:06:05.612 1517 2078 I wm_task_created: [205,-1]
11-08 05:06:05.618 1517 2078 I wm_task_moved: [205,1,6]
11-08 05:06:05.618 1517 2078 I wm_task_to_front: [0,205]
11-08 05:06:05.618 1517 2078 I wm_create_task: [0,205]
11-08 05:06:05.618 1517 2078 I wm_create_activity: [0,89919872,205,com.android.music/.MusicBrowserActivity,android.intent.action.EDIT,vnd.android.cursor.dir/playlist,NULL,268435456]
11-08 05:06:05.618 1517 2078 I wm_task_moved: [205,1,6]
11-08 05:06:05.621 1517 2078 I wm_pause_activity: [0,193491456,com.android.launcher3/.uioverrides.QuickstepLauncher,userLeaving=true,pauseBackTasks]
11-08 05:06:05.631 2526 2526 I wm_on_top_resumed_lost_called: [193491456,com.android.launcher3.uioverrides.QuickstepLauncher,topStateChangedWhenResumed]
11-08 05:06:05.633 2526 2526 I wm_on_paused_called: [193491456,com.android.launcher3.uioverrides.QuickstepLauncher,performPause]
11-08 05:06:05.636 1517 6171 I wm_add_to_stopping: [0,193491456,com.android.launcher3/.uioverrides.QuickstepLauncher,makeInvisible]
11-08 05:06:05.638 1517 6171 I wm_restart_activity: [0,89919872,205,com.android.music/.MusicBrowserActivity]
11-08 05:06:05.640 1517 6171 I wm_set_resumed_activity: [0,com.android.music/.MusicBrowserActivity,minimalResumeActivityLocked]
11-08 05:06:05.645 1517 1608 I am_uid_active: 10088
11-08 05:06:05.650 1517 1608 I sysui_multi_action: [757,803,799,window_time_0,802,2]
11-08 05:06:05.657 1517 1689 I input_focus: [Focus leaving de3c7b2 com.android.launcher3/com.android.launcher3.uioverrides.QuickstepLauncher (server),reason=NO_WINDOW]
11-08 05:06:05.678 13458 13458 I wm_on_create_called: [89919872,com.android.music.MusicBrowserActivity,performCreate]
11-08 05:06:05.685 13458 13458 I wm_on_start_called: [89919872,com.android.music.MusicBrowserActivity,handleStartActivity]
11-08 05:06:05.685 13458 13458 I wm_on_resume_called: [89919872,com.android.music.MusicBrowserActivity,RESUME_ACTIVITY]
11-08 05:06:05.683 350 350 I auditd : type=1400 audit(0.0:11188): avc: denied { kill } for comm="irq/382-atmel_m" capability=5 scontext=u:r:kernel:s0 tcontext=u:r:kernel:s0 tclass=capability permissive=0
11-08 05:06:05.689 13458 13458 I wm_on_top_resumed_gained_called: [89919872,com.android.music.MusicBrowserActivity,topStateChangedWhenResumed]
11-08 05:06:05.706 1517 9075 I sysui_multi_action: [757,856,758,1,806,com.android.music,857,Channel-music,858,2]
11-08 05:06:05.710 1517 1517 I notification_enqueue: [10088,13458,com.android.music,1,NULL,0,Notification(channel=Channel-music shortcut=null contentView=null vibrate=null sound=null defaults=0x0 flags=0x0 color=0x00000000 category=transport actions=3 vis=PRIVATE),0]
11-08 05:06:05.716 1517 1517 I notification_enqueue: [10088,13458,com.android.music,1,NULL,0,Notification(channel=Channel-music shortcut=null contentView=null vibrate=null sound=null defaults=0x0 flags=0x40 color=0x00000000 category=transport actions=3 vis=PRIVATE),0]
11-08 05:06:05.717 1517 1517 I notification_enqueue: [10088,13458,com.android.music,1,NULL,0,Notification(channel=Channel-music shortcut=null contentView=null vibrate=null sound=null defaults=0x0 flags=0x40 color=0x00000000 category=transport actions=3 vis=PRIVATE),0]
11-08 05:06:05.720 1517 1517 I notification_enqueue: [10088,13458,com.android.music,1,NULL,0,Notification(channel=Channel-music shortcut=null contentView=null vibrate=null sound=null defaults=0x0 flags=0x40 color=0x00000000 category=transport actions=3 vis=PRIVATE),0]
