11-08 05:14:26.820 1197 14728 W Utils : track of type 'audio/mp4a-latm' does not publish channel mask, channel count 2
11-08 05:14:26.820 1197 14734 I OMXClient: IOmx service obtained
11-08 05:14:26.821 1204 1881 I OMXMaster: makeComponentInstance(OMX.qcom.video.decoder.avc) in android.hardwar process
11-08 05:14:26.824 801 867 D audio_hw_primary: adev_get_parameters:vr_audio_mode_on
11-08 05:14:26.824 801 867 I audio_hw_primary: getting vr mode to 0
11-08 05:14:26.824 801 867 D audio_hw_primary: adev_get_parameters: exit: returns - vr_audio_mode_on=false
11-08 05:14:26.824 999 11732 I hash_map_utils: system/bt/osi/src/hash_map_utils.cc:81 hash_map_utils_dump_string_keys_string_values: key: 'vr_audio_mode_on' value: ''
11-08 05:14:26.825 999 11732 I AudioFlinger: openOutput() this 0xb4000077197cfa30, module 10 Device type:0x2,@:, SamplingRate 48000, Format 0x4000002, Channels 0x3, flags 0x31
11-08 05:14:26.825 801 870 D audio_hw_primary: adev_open_output_stream: enter: format(0x4000002) sample_rate(48000) channel_mask(0x3) devices(0x2) flags(0x31) stream_handle(0xe88ca7e0) address()
11-08 05:14:26.825 801 870 I audio_hw_utils: audio_extn_utils_update_stream_output_app_type_cfg Allowing 24 and above bits playback on speaker ONLY at default sampling rate
11-08 05:14:26.825 801 870 D audio_hw_primary: adev_open_output_stream: Stream (0xe88ca7e0) picks up usecase (compress-offload-playback)
11-08 05:14:26.825 801 870 D audio_hw_primary: io_streams_map_insert: Added stream in io_streams_map with handle 333
11-08 05:14:26.826 999 11732 I AudioFlinger: HAL output buffer size 32768 frames, normal sink buffer size 32768 frames
11-08 05:14:26.827 801 867 D audio_hw_utils: audio_extn_utils_compress_get_dsp_latency:: Using Fix DSP delay
11-08 05:14:26.827 801 867 D audio_hw_utils: audio_extn_utils_compress_get_dsp_latency:: delay in ms is 50
11-08 05:14:26.827 999 11732 D AudioFlinger: Failed to add event callback
11-08 05:14:26.827 999 14738 I AudioFlinger: AudioFlinger's thread 0xb4000077c97d3840 tid=14738 ready to run
11-08 05:14:26.827 801 1714 D audio_hw_utils: audio_extn_utils_compress_get_dsp_latency:: Using Fix DSP delay
11-08 05:14:26.827 801 1714 D audio_hw_utils: audio_extn_utils_compress_get_dsp_latency:: delay in ms is 50
11-08 05:14:26.827 801 867 D audio_hw_utils: audio_extn_utils_compress_get_dsp_latency:: Using Fix DSP delay
11-08 05:14:26.827 801 867 D audio_hw_utils: audio_extn_utils_compress_get_dsp_latency:: delay in ms is 50
11-08 05:14:26.829 999 14738 D AudioFlinger: ro.audio.silent is ignored since no output device is set
11-08 05:14:26.834 1204 1881 E android.hardware.media.omx@1.0-service: Service not available yet
11-08 05:14:26.835 1204 1881 D PlatformConfig: getInstance: Enter
11-08 05:14:26.835 1204 1881 D PlatformConfig: getConfigStoreBool: vpp/enable=false, returning false
11-08 05:14:26.837 999 14738 D AudioFlinger: ro.audio.silent is ignored since no output device is set
11-08 05:14:26.837 1204 1881 D PlatformConfig: getInstance: Enter
11-08 05:14:26.837 1204 1881 D PlatformConfig: getInt32 Config name: vidc_dec_log_in value: 0
11-08 05:14:26.837 1204 1881 D PlatformConfig: getInstance: Enter
11-08 05:14:26.837 1204 1881 D PlatformConfig: getInt32 Config name: vidc_dec_log_out value: 0
11-08 05:14:26.837 1204 1881 D PlatformConfig: getInstance: Enter
11-08 05:14:26.837 1204 1881 D PlatformConfig: getInt32 Config name: vidc_dec_sec_prefetch_size_internal value: 209715200
11-08 05:14:26.837 1204 1881 D PlatformConfig: getInstance: Enter
11-08 05:14:26.837 1204 1881 D PlatformConfig: getInt32 Config name: vidc_dec_sec_prefetch_size_output value: 13434880
11-08 05:14:26.837 1204 1881 D PlatformConfig: getInstance: Enter
11-08 05:14:26.837 1204 1881 D PlatformConfig: getInt32 Config name: vidc_perf_control_enable value: 0
11-08 05:14:26.837 1204 1881 D PlatformConfig: getInstance: Enter
11-08 05:14:26.837 1204 1881 D PlatformConfig: getInt32 Config name: vidc_dec_thumbnail_yuv_output value: 0
11-08 05:14:26.837 1204 1881 D PlatformConfig: getInstance: Enter
11-08 05:14:26.837 1204 1881 D PlatformConfig: getInt32: Returning default
11-08 05:14:26.837 1204 1881 D PlatformConfig: getInstance: Enter
11-08 05:14:26.837 1204 1881 D PlatformConfig: getInt32 Config name: vidc_dec_output_rate value: 120
11-08 05:14:26.838 1204 1881 I OMX-VDEC-1080P: component_init: OMX.qcom.video.decoder.avc : fd=54
11-08 05:14:26.838 1204 1881 E OMX-VDEC-1080P: Unsupported output color format for c2d (2141391876)
11-08 05:14:26.838 1204 1881 E OMX-VDEC-1080P: Setting color format failed
11-08 05:14:26.839 1204 1881 D PlatformConfig: getInstance: Enter
11-08 05:14:26.839 1204 1881 D PlatformConfig: getInt32: Returning default
11-08 05:14:26.839 1204 1881 D PlatformConfig: getInstance: Enter
11-08 05:14:26.839 1204 1881 D PlatformConfig: getInt32: Returning default
11-08 05:14:26.839 1204 1881 I OMX-VDEC-1080P: omx_vdec::component_init() success : fd=54
11-08 05:14:26.845 1197 14732 D SurfaceUtils: disconnecting from surface 0xec1464d8, reason onConfigure
11-08 05:14:26.846 1197 14733 D SurfaceUtils: connecting to surface 0xec1464d8, reason connectToSurface
11-08 05:14:26.846 999 11732 D AF::TrackHandle: OpPlayAudio: track:142 usage:1 not muted
11-08 05:14:26.847 801 867 D audio_hw_utils: audio_extn_utils_compress_get_dsp_latency:: Using Fix DSP delay
11-08 05:14:26.847 801 867 D audio_hw_utils: audio_extn_utils_compress_get_dsp_latency:: delay in ms is 50
11-08 05:14:26.847 1197 14733 I MediaCodec: [OMX.qcom.video.decoder.avc] setting surface generation to 1225752
11-08 05:14:26.847 1197 14733 D SurfaceUtils: disconnecting from surface 0xec1464d8, reason connectToSurface(reconnect)
11-08 05:14:26.848 1197 14733 D SurfaceUtils: connecting to surface 0xec1464d8, reason connectToSurface(reconnect)
11-08 05:14:26.848 1204 1881 E OMX-VDEC-1080P: Extension: OMX.google.android.index.storeANWBufferInMetadata not implemented
11-08 05:14:26.848 1204 1881 E OMX-VDEC-1080P: Extension: OMX.google.android.index.configureVideoTunnelMode not implemented
11-08 05:14:26.848 1204 1881 E OMX-VDEC-1080P: Extension: OMX.google.android.index.useAndroidNativeBuffer is supported
11-08 05:14:26.848 1204 1881 E OMX-VDEC-1080P: get_parameter: unknown param 7f000046
11-08 05:14:26.849 1204 1881 E OMXNodeInstance: getParameter(0xeada0034:qcom.decoder.avc, ??(0x7f000046)) ERROR: UnsupportedIndex(0x8000101a)
11-08 05:14:26.850 801 12196 D audio_hw_utils: audio_extn_utils_compress_get_dsp_latency:: Using Fix DSP delay
11-08 05:14:26.850 801 12196 D audio_hw_utils: audio_extn_utils_compress_get_dsp_latency:: delay in ms is 50
11-08 05:14:26.850 1204 1881 E OMX-VDEC-1080P: set_parameter: Error: 0x80001019, setting param 0x7f00005d
11-08 05:14:26.850 1204 1881 E OMXNodeInstance: setParameter(0xeada0034:qcom.decoder.avc, OMX.google.android.index.allocateNativeHandle(0x7f00005d): Output:1 en=0) ERROR: UnsupportedSetting(0x80001019)
11-08 05:14:26.850 1204 1881 E OMX-VDEC-1080P: Extension: OMX.google.android.index.storeANWBufferInMetadata not implemented
11-08 05:14:26.850 1204 12200 E OMX-VDEC-1080P: get_parameter: unknown param 6f600011
11-08 05:14:26.850 1204 12200 E OMXNodeInstance: getParameter(0xeada0034:qcom.decoder.avc, ??(0x6f600011)) ERROR: UnsupportedIndex(0x8000101a)
11-08 05:14:26.850 1197 14734 I ExtendedACodec: setupVideoDecoder()
11-08 05:14:26.852 1197 14734 I ExtendedACodec: Decoder will be in frame by frame mode
11-08 05:14:26.852 1204 1880 E OMX-VDEC-1080P: Setparameter: unknown param 2130706434
11-08 05:14:26.852 1204 1880 E OMX-VDEC-1080P: set_parameter: Error: 0x8000101a, setting param 0x7f000002
11-08 05:14:26.852 1204 1880 E OMXNodeInstance: setParameter(0xeada0034:qcom.decoder.avc, ??(0x7f000002)) ERROR: UnsupportedIndex(0x8000101a)
11-08 05:14:26.852 1197 14734 W ExtendedACodec: Failed to set frame packing format on component
11-08 05:14:26.853 1204 1874 E OMXNodeInstance: getConfig(0xeada0034:qcom.decoder.avc, ??(0x7f000062)) ERROR: UnsupportedSetting(0x80001019)
11-08 05:14:26.855 801 867 I EffectsFactory: EffectCreate() create_effect
11-08 05:14:26.857 1197 14733 I MediaCodec: MediaCodec will operate in async mode
11-08 05:14:26.857 1197 14732 D MediaCodec: keep callback message for reclaim
11-08 05:14:26.857 999 1284 W AudioFlinger: moveEffectChain_l() effect chain for session 0 not on source thread 0xb4000078797ce010
11-08 05:14:26.867 1204 1879 E OMX-VDEC-1080P: Extension: OMX.google.android.index.AndroidNativeBufferConsumerUsage not implemented
11-08 05:14:26.868 1197 14734 D SurfaceUtils: set up nativeWindow 0xec1464d8 for 2560x1600, color 0x7fa30c06, rotation 0, usage 0x20402900
11-08 05:14:26.871 1197 14733 W ResourceManagerService: Ignoring request to add new resource entry with value <= 0
11-08 05:14:26.883 801 867 E volume_listener: check_and_set_gain_dep_cal: Failed to set gain dep cal level
11-08 05:14:26.884 801 1714 D audio_hw_primary: adev_create_audio_patch: enter: num sources 1, num_sinks 1, handle 0
11-08 05:14:26.884 801 1714 D audio_hw_primary: adev_create_audio_patch: Playback patch from mix handle 333 to device 2
11-08 05:14:26.884 801 1714 D audio_hw_primary: update_patch: enter
11-08 05:14:26.884 801 1714 D audio_hw_primary: route_output_stream: enter: usecase(3: compress-offload-playback) devices 2
11-08 05:14:26.884 801 1714 D audio_hw_primary: adev_create_audio_patch: Added a new patch with handle 25
11-08 05:14:26.884 801 1714 D audio_hw_utils: audio_extn_utils_compress_get_dsp_latency:: Using Fix DSP delay
11-08 05:14:26.884 801 1714 D audio_hw_utils: audio_extn_utils_compress_get_dsp_latency:: delay in ms is 50
11-08 05:14:26.888 801 1714 D audio_hw_primary: copl(0xe88ca7e0):calling compress flush
11-08 05:14:26.888 801 1714 W audio_hw_primary: out_flush called in invalid state 0
11-08 05:14:26.888 801 1714 D audio_hw_primary: copl(0xe88ca7e0):out of compress flush
11-08 05:14:26.891 1517 9837 W AudioIDCMicroNegotiator: idcm_warn: idcm control is not enable
11-08 05:14:26.891 801 1714 D audio_hw_primary: out_set_parameters: enter: usecase(3: compress-offload-playback) kvpairs: music_offload_avg_bit_rate=189375;music_offload_sample_rate=48000;padding_samples=2146
11-08 05:14:26.893 1197 14728 I NuPlayer: NOTE: Pausing Renderer after decoders instantiated..
11-08 05:14:26.894 1517 5618 W AudioIDCMicroNegotiator: idcm_warn: idcm control is not enable
11-08 05:14:26.896 1517 5618 I snet_event_log: [172655291,-1,]
11-08 05:14:26.900 801 1714 E volume_listener: check_and_set_gain_dep_cal: Failed to set gain dep cal level
11-08 05:14:26.902 999 1284 W AudioFlinger: moveEffectChain_l() effect chain for session 0 not on source thread 0xb4000077c97d3840
11-08 05:14:26.903 1204 1834 E OMXNodeInstance: getConfig(0xeada0034:qcom.decoder.avc, ??(0x7f000062)) ERROR: UnsupportedSetting(0x80001019)
11-08 05:14:26.906 1197 14731 I NuPlayerRenderer: Initializing video frame scheduler with 30.000000 fps
11-08 05:14:26.907 1197 14731 I NuPlayerRenderer: NOTE: notifying video preroll complete
11-08 05:14:26.907 1197 14728 I NuPlayer: NOTE: Video preroll complete.. resume renderer..
11-08 05:14:26.907 1197 14731 I NuPlayerRenderer: NOTE: First video buffer, wait audio for a while due to audio start latency(50000us)
11-08 05:14:26.914 801 870 I EffectsFactory: EffectCreate() create_effect
11-08 05:14:26.915 801 1714 E volume_listener: check_and_set_gain_dep_cal: Failed to set gain dep cal level
11-08 05:14:26.915 999 1284 W AudioFlinger: moveEffectChain_l() effect chain for session 0 not on source thread 0xb4000078797ce010
11-08 05:14:26.918 801 870 D audio_hw_primary: copl(0xe88ca7e0):calling compress flush
11-08 05:14:26.918 801 870 W audio_hw_primary: out_flush called in invalid state 0
11-08 05:14:26.918 801 870 D audio_hw_primary: copl(0xe88ca7e0):out of compress flush
11-08 05:14:26.929 1517 9837 W AudioIDCMicroNegotiator: idcm_warn: idcm control is not enable
11-08 05:14:26.930 801 870 E volume_listener: check_and_set_gain_dep_cal: Failed to set gain dep cal level
11-08 05:14:26.930 801 1714 D audio_hw_primary: out_set_volume: called with left_vol=0.023646, right_vol=0.023646
11-08 05:14:26.930 801 1714 E audio_hw_primary: out_set_compr_volume:ctl for mixer cmd - Compress Playback 7 Volume, left 0.023646, right 0.023646
11-08 05:14:26.932 801 12195 E FMQ : grantorIdx must be less than 3
11-08 05:14:26.932 801 12195 E FMQ : grantorIdx must be less than 3
11-08 05:14:26.933 801 14743 D audio_hw_primary: start_output_stream: enter: stream(0xe88ca7e0)usecase(3: compress-offload-playback) devices(0x2) is_haptic_usecase(0)
11-08 05:14:26.933 864 864 E ANDR-PERF-TARGET: Error: Invalid logical cluster id 0
11-08 05:14:26.934 864 864 E ANDR-PERF-REQUEST: invalid request
11-08 05:14:26.934 864 864 E ANDR-PERF-MPCTL: invalid request, no optimizations performed
11-08 05:14:26.934 801 14743 E audio_hw_extn: audio_extn_perf_lock_acquire: Failed to acquire perf lock, err: -1
11-08 05:14:26.934 801 14743 D audio_hw_primary: select_devices for use case (compress-offload-playback)
11-08 05:14:26.934 801 14743 I msm8974_platform: platform_check_and_set_codec_backend_cfg:becf: afe: bitwidth 16, samplerate 48000 channels 2, backend_idx 0 usecase = 3 device (speaker)
11-08 05:14:26.934 801 14743 D msm8974_platform: platform_split_snd_device: snd_device(2) num devices(1) new_snd_devices(0)
11-08 05:14:26.934 801 14743 I msm8974_platform: platform_check_and_set_codec_backend_cfg: new_snd_devices[0] is 2
11-08 05:14:26.934 801 14743 I msm8974_platform: platform_check_codec_backend_cfg:becf: afe: bitwidth 16, samplerate 48000 channels 2, backend_idx 0 usecase = 3 device (speaker)
11-08 05:14:26.935 801 14743 D audio_hw_extn: audio_extn_enable_hifi_filter: mixer_value set 0
11-08 05:14:26.935 801 14743 D msm8974_platform: platform_check_codec_backend_cfg:becf: updated afe: bitwidth 16, samplerate 48000 channels 2,backend_idx 0 usecase = 3 device (speaker)
11-08 05:14:26.935 801 14743 D msm8974_platform: platform_check_codec_backend_cfg:becf: afe: playback on codec device not supporting native playback set default Sample Rate(48k)
11-08 05:14:26.935 801 14743 I msm8974_platform: platform_check_codec_backend_cfg:becf: afe: Codec selected backend: 0 updated bit width: 16 and sample rate: 48000
11-08 05:14:26.935 801 14743 D audio_hw_primary: check_usecases_codec_backend:becf: force routing 0
11-08 05:14:26.935 801 14743 E msm8974_platform: platform_check_backends_match: Invalid snd_device =
11-08 05:14:26.935 801 14743 D audio_hw_primary: check_usecases_codec_backend:becf: (78) check_usecases curr device: speaker, usecase device: backends match 0
11-08 05:14:26.935 801 14743 D audio_hw_primary: check_usecases_codec_backend:becf: check_usecases num.of Usecases to switch 0
11-08 05:14:26.935 801 14743 D hardware_info: hw_info_append_hw_type : device_name = speaker
11-08 05:14:26.935 801 14743 D msm8974_platform: platform_split_snd_device: snd_device(2) num devices(0) new_snd_devices(0)
11-08 05:14:26.935 801 14743 D audio_hw_primary: enable_snd_device: snd_device(2: speaker)
11-08 05:14:26.935 801 14743 D msm8974_platform: platform_get_island_cfg_on_device:island cfg status on snd_device = (speaker 0)
11-08 05:14:26.935 801 14743 I soundtrigger: audio_extn_sound_trigger_update_device_status: device 0x2 of type 0 for Event 1, with Raise=0
11-08 05:14:26.935 801 14743 D audio_route: Apply path: speaker
11-08 05:14:26.935 801 14743 I audio_hw_utils: audio_extn_utils_update_stream_output_app_type_cfg Allowing 24 and above bits playback on speaker ONLY at default sampling rate
11-08 05:14:26.935 801 14743 E soundtrigger: audio_extn_sound_trigger_update_stream_status: invalid input device 0x0, for event 3
11-08 05:14:26.935 801 14743 D soundtrigger: audio_extn_sound_trigger_update_stream_status: uc_info->id 3 of type 0 for Event 3, with Raise=1
11-08 05:14:26.935 801 14743 I sound_trigger_platform: platform_stdev_check_and_update_concurrency: Received STREAM event, event type 3, usecase type 0
11-08 05:14:26.935 801 14743 D sound_trigger_platform: platform_stdev_get_capture_device: Device = 0x80000004
11-08 05:14:26.935 801 14743 D sound_trigger_platform: platform_stdev_get_capture_device: Available device = 0x80000004
11-08 05:14:26.935 801 14743 D sound_trigger_platform: platform_stdev_check_and_update_concurrency: dedicated path 1, reset backend 1, tx 0, rx 1, concurrency session allowed
11-08 05:14:26.935 801 14743 D audio_hw_utils: audio_extn_utils_send_app_type_cfg: usecase->out_snd_device speaker
11-08 05:14:26.936 801 14743 D msm8974_platform: platform_split_snd_device: snd_device(2) num devices(0) new_snd_devices(0)
11-08 05:14:26.936 801 14743 D audio_hw_utils: audio_extn_btsco_get_sample_rate:Not a BT SCO device, need not update sampling rate
11-08 05:14:26.936 801 14743 I audio_hw_utils: send_app_type_cfg_for_device PLAYBACK app_type 69936, acdb_dev_id 15, sample_rate 48000, snd_device_be_idx 179
11-08 05:14:26.936 801 14743 D msm8974_platform: platform_split_snd_device: snd_device(2) num devices(1) new_snd_devices(0)
11-08 05:14:26.936 801 14743 D audio_hw_utils: audio_extn_btsco_get_sample_rate:Not a BT SCO device, need not update sampling rate
11-08 05:14:26.936 801 14743 D ACDB-LOADER: ACDB -> send_audio_cal, acdb_id = 15, path = 0, app id = 0x11130, sample rate = 48000, afe_sample_rate = 48000
11-08 05:14:26.936 801 14743 D ACDB-LOADER: ACDB -> send_asm_topology
11-08 05:14:26.936 801 14743 D ACDB-LOADER: ACDB -> ACDB_CMD_GET_AUDPROC_STREAM_TOPOLOGY_ID
11-08 05:14:26.936 801 14743 D ACDB-LOADER: ACDB -> send_adm_topology
11-08 05:14:26.936 801 14743 D ACDB-LOADER: ACDB -> ACDB_CMD_GET_AUDPROC_COMMON_TOPOLOGY_ID
11-08 05:14:26.936 801 14743 D ACDB-LOADER: ACDB -> send_audtable
11-08 05:14:26.936 801 14743 D ACDB-LOADER: ACDB -> ACDB_CMD_GET_AUDPROC_INSTANCE_COMMON_TABLE_SIZE
11-08 05:14:26.936 801 14743 D ACDB-LOADER: ACDB -> ACDB_CMD_GET_AUDPROC_INSTANCE_COMMON_TABLE
11-08 05:14:26.936 801 14743 D ACDB-LOADER: ACDB -> AUDIO_SET_AUDPROC_CAL cal_type[11] acdb_id[15] app_type[69936]
11-08 05:14:26.936 801 14743 D ACDB-LOADER: ACDB -> send_audvoltable
11-08 05:14:26.936 801 14743 D ACDB-LOADER: ACDB -> ACDB_CMD_GET_AUDPROC_INSTANCE_GAIN_DEP_STEP_TABLE_SIZE
11-08 05:14:26.936 801 14743 D ACDB-LOADER: ACDB -> ACDB_CMD_GET_AUDPROC_INSTANCE_GAIN_DEP_STEP_TABLE, vol index 0
11-08 05:14:26.936 801 14743 D ACDB-LOADER: ACDB -> AUDIO_SET_VOL_CAL cal type = 12
11-08 05:14:26.936 801 14743 D ACDB-LOADER: ACDB -> ACDB_CMD_GET_AUDPROC_INSTANCE_STREAM_TABLE_SIZE
11-08 05:14:26.936 801 14743 D ACDB-LOADER: ACDB -> send_audstrmtable
11-08 05:14:26.936 801 14743 D ACDB-LOADER: ACDB -> ACDB_CMD_GET_AUDPROC_INSTANCE_STREAM_TABLE
11-08 05:14:26.936 801 14743 D ACDB-LOADER: ACDB -> audstrm_cal->cal_type.cal_data.cal_size = 536
11-08 05:14:26.936 801 14743 D ACDB-LOADER: ACDB -> send_afe_topology
11-08 05:14:26.936 801 14743 D ACDB-LOADER: ACDB -> ACDB_CMD_GET_AFE_TOPOLOGY_ID
11-08 05:14:26.937 801 14743 D ACDB-LOADER: ACDB -> GET_AFE_TOPOLOGY_ID for adcd_id 15, Topology Id 112fc
11-08 05:14:26.937 801 14743 D ACDB-LOADER: ACDB -> send_afe_cal
11-08 05:14:26.937 801 14743 D ACDB-LOADER: ACDB -> ACDB_CMD_GET_AFE_INSTANCE_COMMON_TABLE_SIZE
11-08 05:14:26.937 801 14743 D android.hardware.audio.service: Failed to fetch the lookup information of the device 0000000F
11-08 05:14:26.937 801 14743 D ACDB-LOADER: Error: ACDB_CMD_GET_AFE_INSTANCE_COMMON_TABLE_SIZE Returned = -19
11-08 05:14:26.937 801 14743 D ACDB-LOADER: ACDB -> ACDB_CMD_GET_AFE_INSTANCE_COMMON_TABLE
11-08 05:14:26.937 801 14743 D android.hardware.audio.service: Failed to fetch the lookup information of the device 0000000F
11-08 05:14:26.937 801 14743 D ACDB-LOADER: Error: ACDB AFE returned = -19
11-08 05:14:26.937 801 14743 D ACDB-LOADER: ACDB -> AUDIO_SET_AFE_CAL cal_type[16] acdb_id[15]
11-08 05:14:26.937 801 14743 D ACDB-LOADER: ACDB -> send_hw_delay : acdb_id = 15 path = 0
11-08 05:14:26.937 801 14743 D ACDB-LOADER: ACDB -> ACDB_AVSYNC_INFO: ACDB_CMD_GET_DEVICE_PROPERTY
11-08 05:14:26.937 801 14743 D msm8974_platform: platform_split_snd_device: snd_device(2) num devices(0) new_snd_devices(0)
11-08 05:14:26.937 801 14743 I msm8974_platform: platform_get_custom_mtmx_params: no matching param with id 0 ip_ch 2 op_ch 2 uc_id 3 snd_dev 2
11-08 05:14:26.937 801 14743 D audio_hw_primary: enable_audio_route: apply mixer and update path: compress-offload-playback
11-08 05:14:26.937 801 14743 D audio_route: Apply path: compress-offload-playback
11-08 05:14:26.938 801 14743 D audio_hw_primary: select_devices: done
11-08 05:14:26.938 801 14743 D audio_hw_primary: audio_enable_asm_bit_width_enforce_mode: DSP bitwidth feature is disabled.
11-08 05:14:26.952 1238 1279 I adsprpcd: vendor/qcom/proprietary/adsprpc/src/apps_std_imp.c:848: Successfully opened file /vendor/dsp/adsp/HeaacDecoderModule.so.1
11-08 05:14:26.957 14223 14594 W MediaPlayerNative: info/warning (3, 0)
11-08 05:14:26.958 1204 1881 E OMX-VDEC-1080P: Extension: OMX.QTI.index.config.video.getdsmode not implemented
11-08 05:14:26.972 801 14743 D audio_hw_utils: audio_extn_utils_compress_set_render_mode:: render mode 0
11-08 05:14:26.972 801 14743 D audio_hw_utils: audio_extn_utils_compress_set_clk_rec_mode:: clk recovery is only supported in STC render mode
11-08 05:14:26.972 801 14746 D offload_visualizer: thread enter
11-08 05:14:26.972 801 14743 E audio_hw_extn: audio_extn_perf_lock_release: Perf lock release error
11-08 05:14:26.972 801 14743 D audio_hw_primary: start_output_stream: exit
11-08 05:14:26.972 801 14743 D audio_hw_primary: out_write: retry previous failed cal level set
11-08 05:14:26.973 801 14743 D msm8974_platform: platform_split_snd_device: snd_device(2) num devices(1) new_snd_devices(0)
11-08 05:14:26.973 801 14743 D ACDB-LOADER: ACDB -> send_audvoltable
11-08 05:14:26.973 801 14743 D ACDB-LOADER: ACDB -> ACDB_CMD_GET_AUDPROC_INSTANCE_GAIN_DEP_STEP_TABLE_SIZE
11-08 05:14:26.973 801 14743 D ACDB-LOADER: ACDB -> ACDB_CMD_GET_AUDPROC_INSTANCE_GAIN_DEP_STEP_TABLE, vol index 5
11-08 05:14:26.973 801 14743 D ACDB-LOADER: ACDB -> AUDIO_SET_VOL_CAL cal type = 40
11-08 05:14:26.979 801 14743 D audio_hw_primary: copl(0xe88ca7e0):send new gapless metadata
11-08 05:14:26.995 801 14743 D audio_hw_primary: No space available in compress driver, post msg to cb thread
11-08 05:14:26.996 1250 1786 D BufferPoolAccessor2.0: bufferpool2 0xb4000075be74c868 : 0(0 size) total buffers - 0(0 size) used buffers - 3378/3383 (recycle/alloc) - 18/3383 (fetch/transfer)
11-08 05:14:26.997 1250 1786 D BufferPoolAccessor2.0: evictor expired: 1, evicted: 1
11-08 05:14:26.998 801 14736 D audio_hw_primary: copl(0xe88ca7e0):calling compress_wait
11-08 05:14:27.017 1197 3313 D BufferPoolAccessor2.0: bufferpool2 0xec3c1588 : 0(0 size) total buffers - 0(0 size) used buffers - 3384/3397 (recycle/alloc) - 17/3395 (fetch/transfer)
11-08 05:14:27.017 1197 3313 D BufferPoolAccessor2.0: evictor expired: 1, evicted: 1
11-08 05:14:27.079 646 661 I mpu_uart: [MSG-P:RECV]:No message received in 1000 ms
11-08 05:14:27.099 1204 5305 I OMX-VENC: venc_dev: stats: avg. fps 31.96, bitrate 886445
11-08 05:14:27.678 1517 1678 D ActivityManager: freezing 12616 com.android.providers.calendar
11-08 05:14:27.679 1517 1678 E ActivityManager: Unable to freeze binder for 12616 com.android.providers.calendar
11-08 05:14:27.680 1517 1678 D ActivityManager: froze 12616 com.android.providers.calendar
11-08 05:14:27.680 1517 1678 I am_freeze: [12616,com.android.providers.calendar]
11-08 05:14:27.681 1517 1678 E ActivityManager: Unable to freeze binder for 12616 com.android.providers.calendar
11-08 05:14:27.682 1517 1678 D ActivityManager: freezing 12440 com.android.calendar
11-08 05:14:27.682 1517 1678 E ActivityManager: Unable to freeze binder for 12440 com.android.calendar
11-08 05:14:27.684 1517 1678 D ActivityManager: froze 12440 com.android.calendar
11-08 05:14:27.684 1517 1678 I am_freeze: [12440,com.android.calendar]
11-08 05:14:27.684 1517 1678 E ActivityManager: Unable to freeze binder for 12440 com.android.calendar
11-08 05:14:27.685 1517 1678 I ActivityManager: Killing 12616:com.android.providers.calendar/u0a25 (adj 945): Unable to freeze binder interface
11-08 05:14:27.686 1517 1678 I am_kill : [0,12616,com.android.providers.calendar,945,Unable to freeze binder interface]
11-08 05:14:27.697 1517 1678 I ActivityManager: Killing 12440:com.android.calendar/u0a64 (adj 945): Unable to freeze binder interface
11-08 05:14:27.697 1517 1678 I am_kill : [0,12440,com.android.calendar,945,Unable to freeze binder interface]
11-08 05:14:27.698 1517 1617 I libprocessgroup: Successfully killed process cgroup uid 10025 pid 12616 in 11ms
11-08 05:14:27.739 1517 5618 I am_proc_died: [0,12440,com.android.calendar,945,19]
11-08 05:14:27.739 667 667 I Zygote : Process 12440 exited due to signal 9 (Killed)
11-08 05:14:27.741 1517 5618 I am_uid_stopped: 10064
11-08 05:14:27.749 1517 1608 I am_uid_running: 10064
11-08 05:14:27.749 1517 1608 D CompatibilityChangeReporter: Compat change id reported: 135634846; UID 10064; state: DISABLED
11-08 05:14:27.750 1517 1608 D CompatibilityChangeReporter: Compat change id reported: 177438394; UID 10064; state: DISABLED
11-08 05:14:27.750 1517 1608 D CompatibilityChangeReporter: Compat change id reported: 135772972; UID 10064; state: DISABLED
11-08 05:14:27.750 1517 1608 D CompatibilityChangeReporter: Compat change id reported: 135754954; UID 10064; state: DISABLED
11-08 05:14:27.750 1517 1616 D CompatibilityChangeReporter: Compat change id reported: 143937733; UID 10064; state: DISABLED
11-08 05:14:27.761 1517 5618 I am_proc_died: [0,12616,com.android.providers.calendar,945,19]
11-08 05:14:27.761 1517 5618 I am_uid_stopped: 10025
11-08 05:14:27.770 1517 1617 I libprocessgroup: Successfully killed process cgroup uid 10064 pid 12440 in 0ms
11-08 05:14:27.774 667 667 D Zygote : Forked child process 14748
11-08 05:14:27.775 667 667 I Zygote : Process 12616 exited due to signal 9 (Killed)
11-08 05:14:27.776 1517 1616 I am_proc_start: [0,14748,10064,com.android.calendar,NULL,]
11-08 05:14:27.776 1517 1616 I ActivityManager: Start proc 14748:com.android.calendar/u0a64 for null
11-08 05:14:27.783 14748 14748 I libc : SetHeapTaggingLevel: tag level set to 0
11-08 05:14:27.799 14748 14748 E ndroid.calenda: Not starting debugger since process cannot load the jdwp agent.
11-08 05:14:27.801 14748 14748 D ProcessState: Binder ioctl to enable oneway spam detection failed: Invalid argument
11-08 05:14:27.807 1517 9837 I am_proc_bound: [0,14748,com.android.calendar]
11-08 05:14:27.808 1517 9837 D CompatibilityInfo: mCompatibilityFlags - 4
11-08 05:14:27.808 1517 9837 D CompatibilityInfo: applicationDensity - 240
11-08 05:14:27.808 1517 9837 D CompatibilityInfo: applicationScale - 1.0
11-08 05:14:27.816 14748 14748 D CompatibilityChangeReporter: Compat change id reported: 171979766; UID 10064; state: DISABLED
11-08 05:14:27.829 14748 14748 D ApplicationLoaders: Returning zygote-cached class loader: /system/framework/android.test.base.jar
11-08 05:14:27.833 14748 14748 D nativeloader: classloader namespace configured for unbundled product apk. library_path=/product/app/Calendar/lib/arm64:/product/lib64:/system/product/lib64
11-08 05:14:27.844 14748 14748 I Perf : Connecting to perf service.
11-08 05:14:27.849 14748 14748 V GraphicsEnvironment: ANGLE Developer option for 'com.android.calendar' set to: 'default'
11-08 05:14:27.850 14748 14748 V GraphicsEnvironment: ANGLE GameManagerService for com.android.calendar: false
11-08 05:14:27.851 14748 14748 D NetworkSecurityConfig: No Network Security Config specified, using platform default
11-08 05:14:27.852 14748 14748 D NetworkSecurityConfig: No Network Security Config specified, using platform default
11-08 05:14:28.033 1517 1689 I input_interaction: Interaction with: 68b37b4 com.android.gallery3d/com.android.gallery3d.app.MovieActivity (server), edge-swipe (server), swipe-up (server), PointerEventDispatcher0 (server),
11-08 05:14:28.050 801 14736 D audio_hw_primary: copl(0xe88ca7e0):out of compress_wait
11-08 05:14:28.054 801 14743 D audio_hw_primary: No space available in compress driver, post msg to cb thread
11-08 05:14:28.054 801 14736 D audio_hw_primary: copl(0xe88ca7e0):calling compress_wait
11-08 05:14:28.054 1008 1635 I BpBinder: onLastStrongRef automatically unlinking death recipients:
11-08 05:14:28.083 646 661 I mpu_uart: [MSG-P:RECV]:No message received in 1000 ms
11-08 05:14:28.113 1204 5305 I OMX-VENC: venc_dev: stats: avg. fps 54.22, bitrate 2669733
11-08 05:14:28.117 1008 1635 I BpBinder: onLastStrongRef automatically unlinking death recipients:
11-08 05:14:28.140 1517 5618 I wm_relaunch_resume_activity: [0,28453519,215,com.android.gallery3d/.app.MovieActivity]
11-08 05:14:28.141 1517 5618 I wm_add_to_stopping: [0,177383599,com.android.music/.VideoBrowserActivity,makeInvisible]
11-08 05:14:28.141 1517 5618 I wm_add_to_stopping: [0,193491456,com.android.launcher3/.uioverrides.QuickstepLauncher,makeInvisible]
11-08 05:14:28.143 1517 5618 D FreeFormWindowHelper: Remove freefrom task=Task{1a3d88e #215 type=standard A=10088:android.task.video U=0 visible=true mode=fullscreen translucent=false sz=2}
11-08 05:14:28.143 1517 1608 I wm_relaunch_activity: [0,177383599,215,com.android.music/.VideoBrowserActivity]
11-08 05:14:28.150 14223 14223 I wm_on_top_resumed_lost_called: [28453519,com.android.gallery3d.app.MovieActivity,pausing]
11-08 05:14:28.151 1197 3481 D NuPlayerDriver: reset(0xecd40f10) at state 5
11-08 05:14:28.153 801 12195 D audio_hw_primary: copl(0xe88ca7e0):pause compress driver
11-08 05:14:28.156 801 870 D msm8974_platform: platform_split_snd_device: snd_device(2) num devices(1) new_snd_devices(0)
11-08 05:14:28.156 801 870 D ACDB-LOADER: ACDB -> send_audvoltable
11-08 05:14:28.156 801 870 D ACDB-LOADER: ACDB -> ACDB_CMD_GET_AUDPROC_INSTANCE_GAIN_DEP_STEP_TABLE_SIZE
11-08 05:14:28.156 801 870 D ACDB-LOADER: ACDB -> ACDB_CMD_GET_AUDPROC_INSTANCE_GAIN_DEP_STEP_TABLE, vol index 0
11-08 05:14:28.156 801 870 D ACDB-LOADER: ACDB -> AUDIO_SET_VOL_CAL cal type = 40
11-08 05:14:28.161 1517 9202 W WindowManager: Attempted to set replacing window on app token with no content Token{82ab5ee ActivityRecord{1b22a8f u0 com.android.gallery3d/.app.MovieActivity t215}}
11-08 05:14:28.165 14687 14687 I wm_on_stop_called: [177383599,com.android.music.VideoBrowserActivity,handleRelaunchActivity]
11-08 05:14:28.165 1517 9837 W WindowManager: Attempted to set replacing window on app token with no content Token{3c0ba53 ActivityRecord{a92a8af u0 com.android.music/.VideoBrowserActivity t215}}
11-08 05:14:28.166 8088 8700 I GameMode_ActivityMonitoringService: onForegroundActivitiesChanged uid 10076 pid 2526 fg false
11-08 05:14:28.167 14687 14687 I wm_on_destroy_called: [177383599,com.android.music.VideoBrowserActivity,performDestroy]
11-08 05:14:28.171 8088 8104 I GameMode_ActivityMonitoringService: Updating top task to: TaskInfoContainer [topActivity=ComponentInfo{com.android.gallery3d/com.android.gallery3d.app.MovieActivity}, taskId=215, stackId=215, userId=0, displayId=0, position=6
11-08 05:14:28.172 8088 8104 I GameMode_ActivityMonitoringService: Notifying about top task: TaskInfoContainer [topActivity=ComponentInfo{com.android.gallery3d/com.android.gallery3d.app.MovieActivity}, taskId=215, stackId=215, userId=0, displayId=0, position=6
11-08 05:14:28.172 8088 8104 D GameMode_GameMode: Show GameMode entry by service!
11-08 05:14:28.172 8088 8104 W ContextImpl: Calling a method in the system process without a qualified user: android.app.ContextImpl.startService:1816 android.content.ContextWrapper.startService:774 com.thundercomm.gamemode.ingame.services.GameModeActionUtils.startGameModeService:93 com.thundercomm.gamemode.ingame.services.GameModeActionUtils.startGameModeEntry:21 com.thundercomm.gamemode.ingame.services.ActivityMonitoringService$1.onActivityLaunch:120
11-08 05:14:28.173 1517 1745 I GameModeConfig: isGameModeOn = false
11-08 05:14:28.173 1517 1745 I GameModeConfig: isGameModeOn = false
11-08 05:14:28.173 1517 1745 I GameModeConfig: isGameModeOn = false
11-08 05:14:28.174 8088 8104 D GameMode: getUriFor setting_content_uri_root = content://com.thundercomm.gamemode.api/gamemode_settings , name = gamemode_isgaming
11-08 05:14:28.174 8088 8088 D GameMode_GameMode: type=hide_entry
11-08 05:14:28.176 1517 1745 I GameModeConfig: isGameModeOn = false
11-08 05:14:28.176 8088 8088 D GameMode_GameSettingsObserver: Game Data change!!!! uri = content://com.thundercomm.gamemode.api/gamemode_settings/gamemode_isgaming
11-08 05:14:28.176 1517 1517 I GameModeConfig: Current uri is uri = content://com.thundercomm.gamemode.api/gamemode_settings/gamemode_isgaming
11-08 05:14:28.176 8088 8088 D GameMode: getUriFor setting_content_uri_root = content://com.thundercomm.gamemode.api/gamemode_settings , name = gamemode_isgaming
11-08 05:14:28.176 1517 1517 D GameMode: getUriFor setting_content_uri_root = content://com.thundercomm.gamemode.api/gamemode_settings , name = gamemode_isgaming
11-08 05:14:28.176 8088 8104 D GameMode: gamemode_isgaming set to 0
11-08 05:14:28.178 1517 1517 I GameModeConfig: isGameModeOn = false
11-08 05:14:28.179 1517 1517 I GameModeConfig: isGameModeOn = false
11-08 05:14:28.179 1517 1517 I GameModeConfig: isDisableVoice = true
11-08 05:14:28.179 999 11732 D AF::TrackHandle: OpPlayAudio: track:142 usage:1 not muted
11-08 05:14:28.180 999 11732 D AF::TrackHandle: OpPlayAudio: track:142 usage:1 not muted
11-08 05:14:28.180 999 11732 D AF::TrackHandle: OpPlayAudio: track:142 usage:1 not muted
11-08 05:14:28.180 999 11732 D AF::TrackHandle: OpPlayAudio: track:142 usage:1 not muted
11-08 05:14:28.180 999 11732 D AF::TrackHandle: OpPlayAudio: track:142 usage:1 not muted
11-08 05:14:28.181 999 11732 D AF::TrackHandle: OpPlayAudio: track:142 usage:1 not muted
11-08 05:14:28.181 999 11732 D AF::TrackHandle: OpPlayAudio: track:142 usage:1 not muted
11-08 05:14:28.181 999 1775 D AF::TrackHandle: OpPlayAudio: track:142 usage:1 not muted
11-08 05:14:28.182 999 1775 D AF::TrackHandle: OpPlayAudio: track:142 usage:1 not muted
11-08 05:14:28.182 999 1775 D AF::TrackHandle: OpPlayAudio: track:142 usage:1 not muted
11-08 05:14:28.182 999 1775 D AF::TrackHandle: OpPlayAudio: track:142 usage:1 not muted
11-08 05:14:28.182 999 1775 D AF::TrackHandle: OpPlayAudio: track:142 usage:1 not muted
11-08 05:14:28.182 999 1775 D AF::TrackHandle: OpPlayAudio: track:142 usage:1 not muted
11-08 05:14:28.182 999 1775 D AF::TrackHandle: OpPlayAudio: track:142 usage:1 not muted
11-08 05:14:28.183 999 1775 D AF::TrackHandle: OpPlayAudio: track:142 usage:1 not muted
11-08 05:14:28.183 999 1775 D AF::TrackHandle: OpPlayAudio: track:142 usage:1 not muted
11-08 05:14:28.183 8088 8088 D GameMode_GameMode:GameModeService: updateGlobalSettings = gamemode_isgaming
11-08 05:14:28.184 1517 1517 I notification_enqueue: [10082,1969,com.android.systemui,2048,NULL,0,Notification(channel=updateNotification shortcut=null contentView=null vibrate=null sound=null defaults=0x0 flags=0x0 color=0x00000000 vis=PRIVATE),1]
11-08 05:14:28.184 1969 1969 I sysui_multi_action: [757,111,758,2]
11-08 05:14:28.184 1969 1969 I sysui_multi_action: [757,111,758,2]
11-08 05:14:28.187 14687 14687 I wm_on_create_called: [177383599,com.android.music.VideoBrowserActivity,performCreate]
11-08 05:14:28.188 14687 14687 I wm_on_start_called: [177383599,com.android.music.VideoBrowserActivity,handleStartActivity]
11-08 05:14:28.190 14687 14687 I wm_on_resume_called: [177383599,com.android.music.VideoBrowserActivity,LIFECYCLER_RESUME_ACTIVITY]
11-08 05:14:28.190 14687 14687 I wm_on_paused_called: [177383599,com.android.music.VideoBrowserActivity,performPause]
11-08 05:14:28.193 1008 1635 I BpBinder: onLastStrongRef automatically unlinking death recipients:
11-08 05:14:28.207 1517 2939 I WindowManager: finishDrawing of relaunch: Window{76afefd u0 com.android.music/com.android.music.VideoBrowserActivity} 64ms
11-08 05:14:28.210 801 870 D msm8974_platform: platform_split_snd_device: snd_device(2) num devices(1) new_snd_devices(0)
11-08 05:14:28.214 999 1284 W AudioFlinger: moveEffectChain_l() effect chain for session 0 not on source thread 0xb4000077c97d3840
11-08 05:14:28.214 1969 1969 I sysui_multi_action: [757,111,758,1]
11-08 05:14:28.214 1969 1969 I sysui_multi_action: [757,126,758,1,759,126,927,0,928,1,1593,0]
11-08 05:14:28.214 1969 1969 I sysui_multi_action: [757,113,758,1,759,113,927,1,928,0,1593,0]
11-08 05:14:28.215 1969 1969 I sysui_multi_action: [757,0,758,1,759,0,927,2,928,0,1593,0]
11-08 05:14:28.215 1969 1969 I sysui_multi_action: [757,0,758,1,759,0,927,3,928,0,1593,0]
11-08 05:14:28.215 1969 1969 I sysui_multi_action: [757,0,758,1,759,0,927,4,1593,0]
11-08 05:14:28.215 1969 1969 I sysui_multi_action: [757,491,758,1,759,491,927,5,928,0,1311,-1,1593,0]
11-08 05:14:28.215 1969 1969 I sysui_multi_action: [757,122,758,1,759,122,927,6,928,1,1593,0]
11-08 05:14:28.215 1969 1969 I sysui_multi_action: [757,0,758,1,759,0,927,7,928,0,1593,0]
11-08 05:14:28.215 1969 1969 I sysui_multi_action: [757,111,758,1]
11-08 05:14:28.215 1969 1969 I sysui_multi_action: [757,126,758,1,759,126,927,0,928,1,1593,0]
11-08 05:14:28.215 1969 1969 I sysui_multi_action: [757,113,758,1,759,113,927,1,928,0,1593,0]
11-08 05:14:28.215 1969 1969 I sysui_multi_action: [757,0,758,1,759,0,927,2,928,0,1593,0]
11-08 05:14:28.215 1969 1969 I sysui_multi_action: [757,0,758,1,759,0,927,3,928,0,1593,0]
11-08 05:14:28.218 1969 1969 W View : requestLayout() improperly called by com.android.systemui.util.animation.UniqueObjectHostView{370a5da V.E...... ......ID 0,0-650,188} during layout: running second layout pass
11-08 05:14:28.219 801 870 I EffectsFactory: EffectCreate() create_effect
11-08 05:14:28.220 801 1714 D msm8974_platform: platform_split_snd_device: snd_device(2) num devices(1) new_snd_devices(0)
11-08 05:14:28.220 801 1714 D ACDB-LOADER: ACDB -> send_audvoltable
11-08 05:14:28.220 801 1714 D ACDB-LOADER: ACDB -> ACDB_CMD_GET_AUDPROC_INSTANCE_GAIN_DEP_STEP_TABLE_SIZE
11-08 05:14:28.221 801 1714 D ACDB-LOADER: ACDB -> ACDB_CMD_GET_AUDPROC_INSTANCE_GAIN_DEP_STEP_TABLE, vol index 5
11-08 05:14:28.221 801 1714 D ACDB-LOADER: ACDB -> AUDIO_SET_VOL_CAL cal type = 40
11-08 05:14:28.221 999 1284 W AudioFlinger: moveEffectChain_l() effect chain for session 0 not on source thread 0xb4000078797ce010
11-08 05:14:28.227 801 1714 D audio_hw_primary: copl(0xe88ca7e0):calling compress flush
11-08 05:14:28.229 801 14736 D audio_hw_primary: copl(0xe88ca7e0):out of compress_wait
11-08 05:14:28.229 801 1714 D audio_hw_primary: copl(0xe88ca7e0):out of compress flush
11-08 05:14:28.242 801 870 D audio_hw_primary: out_set_volume: called with left_vol=0.023646, right_vol=0.023646
11-08 05:14:28.242 801 870 E audio_hw_primary: out_set_compr_volume:ctl for mixer cmd - Compress Playback 7 Volume, left 0.023646, right 0.023646
11-08 05:14:28.243 1204 1204 I OMX-VDEC-1080P: omx_vdec::component_deinit() complete
11-08 05:14:28.253 1204 1204 I OMX-VDEC-1080P: Exit OMX vdec Destructor: fd=54
11-08 05:14:28.254 1197 14733 D SurfaceUtils: disconnecting from surface 0xec1464d8, reason disconnectFromSurface
11-08 05:14:28.258 1197 14732 D SurfaceUtils: connecting to surface 0xec1464d8, reason onShutdown
11-08 05:14:28.264 801 870 D audio_hw_primary: copl(0xe88ca7e0):pause compress driver
11-08 05:14:28.264 801 870 W StreamHAL: Error from HAL stream in function pause: No data available
11-08 05:14:28.264 999 14738 E AudioFlinger: Error when pausing output stream: -61
11-08 05:14:28.264 801 1714 D audio_hw_primary: copl(0xe88ca7e0):calling compress flush
11-08 05:14:28.265 801 1714 W audio_hw_primary: out_flush called in invalid state 0
11-08 05:14:28.265 801 1714 D audio_hw_primary: copl(0xe88ca7e0):out of compress flush
11-08 05:14:28.269 1197 14728 D NuPlayerDriver: notifyResetComplete(0xecd40f10)
11-08 05:14:28.269 1197 3481 D NuPlayerDriver: reset(0xecd40f10) at state 0
11-08 05:14:28.270 1197 3481 D SurfaceUtils: disconnecting from surface 0xec14c998, reason disconnectNativeWindow
11-08 05:14:28.270 14223 14223 V MediaPlayer: resetDrmState: mDrmInfo=null mDrmProvisioningThread=null mPrepareDrmInProgress=false mActiveDrmScheme=false
11-08 05:14:28.270 14223 14223 V MediaPlayer: cleanDrmObj: mDrmObj=null mDrmSessionId=null
11-08 05:14:28.270 14223 14223 V MediaPlayer: resetDrmState: mDrmInfo=null mDrmProvisioningThread=null mPrepareDrmInProgress=false mActiveDrmScheme=false
11-08 05:14:28.270 14223 14223 V MediaPlayer: cleanDrmObj: mDrmObj=null mDrmSessionId=null
11-08 05:14:28.271 1517 2939 I MediaFocusControl: abandonAudioFocus() from uid/pid 10066/14223 clientId=android.media.AudioManager@78e5cd3
11-08 05:14:28.271 14223 14223 I wm_on_paused_called: [28453519,com.android.gallery3d.app.MovieActivity,performPause]
11-08 05:14:28.271 1517 2939 I MediaFocusControl: abandonAudioFocus() from uid/pid 10066/14223 clientId=android.media.AudioManager@78e5cd3
11-08 05:14:28.272 14223 14223 I wm_on_stop_called: [28453519,com.android.gallery3d.app.MovieActivity,handleRelaunchActivity]
11-08 05:14:28.272 14223 14223 I wm_on_destroy_called: [28453519,com.android.gallery3d.app.MovieActivity,performDestroy]
11-08 05:14:28.288 14223 14223 I wm_on_create_called: [28453519,com.android.gallery3d.app.MovieActivity,performCreate]
11-08 05:14:28.288 14223 14223 W AudioManager: Use of stream types is deprecated for operations other than volume control
11-08 05:14:28.288 14223 14223 W AudioManager: See the documentation of requestAudioFocus() for what to use instead with android.media.AudioAttributes to qualify your playback use case
11-08 05:14:28.289 1517 1662 I MediaFocusControl: requestAudioFocus() from uid/pid 10066/14223 AA=USAGE_MEDIA/CONTENT_TYPE_MUSIC clientId=android.media.AudioManager@6cceff7 callingPack=com.android.gallery3d req=2 flags=0x0 sdk=29
11-08 05:14:28.289 1517 1662 I AudioService.FadeOutManager: unfadeOutUid() uid:10066
11-08 05:14:28.290 14223 14223 I wm_on_start_called: [28453519,com.android.gallery3d.app.MovieActivity,handleStartActivity]
11-08 05:14:28.295 14223 14223 I wm_on_resume_called: [28453519,com.android.gallery3d.app.MovieActivity,RESUME_ACTIVITY]
11-08 05:14:28.295 14223 14223 I wm_on_top_resumed_gained_called: [28453519,com.android.gallery3d.app.MovieActivity,topWhenResuming]
11-08 05:14:28.303 1517 1662 I MediaFocusControl: requestAudioFocus() from uid/pid 10066/14223 AA=USAGE_MEDIA/CONTENT_TYPE_MOVIE clientId=android.media.AudioManager@6cceff7 callingPack=com.android.gallery3d req=1 flags=0x0 sdk=29
11-08 05:14:28.304 1517 1662 I AudioService.FadeOutManager: unfadeOutUid() uid:10066
11-08 05:14:28.309 2876 5931 I MediaProvider: Open with lower FS for /storage/emulated/0/t/Food.mp4. Uid: 10066
11-08 05:14:28.310 2876 5931 W MediaProvider: Failed to fetch original file descriptor
11-08 05:14:28.310 2876 5931 W MediaProvider: java.io.FileNotFoundException: Input file descriptor is already original
11-08 05:14:28.310 2876 5931 W MediaProvider: at com.android.providers.media.MediaProvider.getOriginalMediaFormatFileDescriptor(MediaProvider.java:5718)
11-08 05:14:28.310 2876 5931 W MediaProvider: at com.android.providers.media.MediaProvider.openTypedAssetFileCommon(MediaProvider.java:7134)
11-08 05:14:28.310 2876 5931 W MediaProvider: at com.android.providers.media.MediaProvider.openTypedAssetFile(MediaProvider.java:7115)
11-08 05:14:28.310 2876 5931 W MediaProvider: at android.content.ContentProvider$Transport.openTypedAssetFile(ContentProvider.java:548)
11-08 05:14:28.310 2876 5931 W MediaProvider: at android.content.ContentProviderNative.onTransact(ContentProviderNative.java:327)
11-08 05:14:28.310 2876 5931 W MediaProvider: at android.os.Binder.execTransactInternal(Binder.java:1184)
11-08 05:14:28.310 2876 5931 W MediaProvider: at android.os.Binder.execTransact(Binder.java:1143)
11-08 05:14:28.311 1197 3481 D NuPlayerDriver: NuPlayerDriver(0xecd40f10) created, clientPid(14223)
11-08 05:14:28.318 1197 3481 I ExtendedNuUtils: printFileName fd(8) -> /storage/emulated/0/t/Food.mp4
11-08 05:14:28.318 1197 3481 D SurfaceUtils: connecting to surface 0xec1464d8, reason setVideoSurfaceTexture
11-08 05:14:28.318 1197 14771 D NuPlayer: onSetVideoSurface(0xec14c990, no video decoder)
11-08 05:14:28.321 1197 14772 D GenericSource: FileSource remote
11-08 05:14:28.323 1517 1662 I WindowManager: finishDrawing of relaunch: Window{68b37b4 u0 com.android.gallery3d/com.android.gallery3d.app.MovieActivity} 183ms
11-08 05:14:28.328 1194 4062 I MMParserExtractor: Created(0xb40000709e40e970)
11-08 05:14:28.328 1194 4062 E MM_OSAL : FileSource::FileSource
11-08 05:14:28.328 1194 4062 E MM_OSAL : FileSource::FileSource m_bEveryThingOK 1
11-08 05:14:28.338 1194 4062 E MM_OSAL : resetPlayback no need to reset
11-08 05:14:28.338 1194 4062 E MM_OSAL : resetPlayback no need to reset
11-08 05:14:28.341 1194 1801 D MediaBufferGroup: creating MemoryDealer
11-08 05:14:28.341 1194 1801 D MediaBufferGroup: creating MemoryDealer
11-08 05:14:28.349 14223 14223 D MediaPlayerNative: getMetadata
11-08 05:14:28.349 1197 14771 I GenericSource: start
11-08 05:14:28.350 1517 2939 W AudioIDCMicroNegotiator: idcm_warn: idcm control is not enable
11-08 05:14:28.363 1197 14771 W Utils : track of type 'audio/mp4a-latm' does not publish channel mask, channel count 2
11-08 05:14:28.365 1197 14771 W Utils : track of type 'audio/mp4a-latm' does not publish channel mask, channel count 2
11-08 05:14:28.365 1517 5618 I snet_event_log: [172655291,-1,]
11-08 05:14:28.369 801 1714 D audio_hw_primary: adev_get_parameters:vr_audio_mode_on
11-08 05:14:28.369 801 1714 I audio_hw_primary: getting vr mode to 0
11-08 05:14:28.369 801 1714 D audio_hw_primary: adev_get_parameters: exit: returns - vr_audio_mode_on=false
11-08 05:14:28.369 999 1775 I hash_map_utils: system/bt/osi/src/hash_map_utils.cc:81 hash_map_utils_dump_string_keys_string_values: key: 'vr_audio_mode_on' value: ''
11-08 05:14:28.370 999 1775 W APM_AudioPolicyManager: getOutputForDevices() could not find output for stream 3, sampling rate 48000, format 0x4000002, channels 0x3, flags 0x11
11-08 05:14:28.370 999 1775 E AudioFlinger: createTrack() getOutputForAttr() return error -38 or invalid output handle
11-08 05:14:28.370 1197 14773 E AudioTrack: createTrack_l(0): AudioFlinger could not create track, status: -38 output 0
11-08 05:14:28.370 1197 14773 E AudioSink: Unable to create audio track
11-08 05:14:28.370 1197 14773 D AudioTrack: gather(): no metrics gathered, track status=-38
11-08 05:14:28.373 801 1714 D audio_hw_primary: adev_get_parameters:is_hw_dec_session_available
11-08 05:14:28.373 801 1714 D audio_hw_spkr_prot: fbsp_get_parameters: Speaker protection disabled
11-08 05:14:28.373 801 1714 D soundtrigger: audio_extn_sound_trigger_get_parameters input string
11-08 05:14:28.373 801 1714 D soundtrigger: extract_sm_handle input string param string
11-08 05:14:28.373 801 1714 D audio_hw_extn: audio_extn_fm_get_parameters: Enter
11-08 05:14:28.373 801 1714 D audio_hw_extn: audio_extn_get_parameters: returns
11-08 05:14:28.373 801 1714 D audio_hw_primary: adev_get_parameters: exit: returns -
11-08 05:14:28.373 999 1775 I hash_map_utils: system/bt/osi/src/hash_map_utils.cc:81 hash_map_utils_dump_string_keys_string_values: key: 'is_hw_dec_session_available' value: 'audio/mp4a-latm'
11-08 05:14:28.374 1197 14771 D NuPlayer: restartAudio timeUs(1159000), dontOffload(1), createDecoder(1)
11-08 05:14:28.375 1197 14776 D CCodec : allocate(c2.android.aac.decoder)
11-08 05:14:28.379 1197 14776 I CCodec : setting up 'default' as default (vendor) store
11-08 05:14:28.379 1250 1789 V C2Store : in init
11-08 05:14:28.379 1250 1789 V C2Store : loading dll
11-08 05:14:28.381 1197 14779 I OMXClient: IOmx service obtained
11-08 05:14:28.381 1204 1204 I OMXMaster: makeComponentInstance(OMX.qcom.video.decoder.avc) in android.hardwar process
11-08 05:14:28.384 1204 1204 E android.hardware.media.omx@1.0-service: Service not available yet
11-08 05:14:28.385 1197 14776 I CCodec : Created component [c2.android.aac.decoder]
11-08 05:14:28.385 1204 1204 D PlatformConfig: getInstance: Enter
11-08 05:14:28.385 1197 14776 D CCodecConfig: read media type: audio/mp4a-latm
11-08 05:14:28.385 1204 1204 D PlatformConfig: getConfigStoreBool: vpp/enable=false, returning false
11-08 05:14:28.386 1204 1204 D PlatformConfig: getInstance: Enter
11-08 05:14:28.386 1204 1204 D PlatformConfig: getInt32 Config name: vidc_dec_log_in value: 0
11-08 05:14:28.386 1204 1204 D PlatformConfig: getInstance: Enter
11-08 05:14:28.386 1517 1517 I GameModeConfig: isGameModeOn = false
11-08 05:14:28.386 1204 1204 D PlatformConfig: getInt32 Config name: vidc_dec_log_out value: 0
11-08 05:14:28.386 1204 1204 D PlatformConfig: getInstance: Enter
11-08 05:14:28.386 1204 1204 D PlatformConfig: getInt32 Config name: vidc_dec_sec_prefetch_size_internal value: 209715200
11-08 05:14:28.387 1204 1204 D PlatformConfig: getInstance: Enter
11-08 05:14:28.387 1204 1204 D PlatformConfig: getInt32 Config name: vidc_dec_sec_prefetch_size_output value: 13434880
11-08 05:14:28.387 1204 1204 D PlatformConfig: getInstance: Enter
11-08 05:14:28.387 1517 1517 I sysui_multi_action: [757,1501,758,1,793,636547,794,0,795,214,796,2048,806,com.android.systemui,857,updateNotification,858,3,947,0,1500,0,1688,1]
11-08 05:14:28.387 1204 1204 D PlatformConfig: getInt32 Config name: vidc_perf_control_enable value: 0
11-08 05:14:28.387 1204 1204 D PlatformConfig: getInstance: Enter
11-08 05:14:28.387 1204 1204 D PlatformConfig: getInt32 Config name: vidc_dec_thumbnail_yuv_output value: 0
11-08 05:14:28.387 1204 1204 D PlatformConfig: getInstance: Enter
11-08 05:14:28.387 1517 1517 I sysui_multi_action: [757,804,799,note_interruptive,801,0,802,1]
11-08 05:14:28.387 1517 1517 I sysui_multi_action: [757,199,758,1,759,2,793,636547,794,0,795,214,796,2048,806,com.android.systemui,857,updateNotification,858,3,947,0,1500,0,1688,1]
11-08 05:14:28.387 1517 1517 I notification_alert: [0|com.android.systemui|2048|null|10082,0,1,0]
