11-08 04:52:35.683 0 0 I auditd : type=1400 audit(0.0:10298): avc: denied { kill } for comm="swapper/2" capability=5 scontext=u:r:kernel:s0 tcontext=u:r:kernel:s0 tclass=capability permissive=0
11-08 04:52:36.683 0 0 I auditd : type=1400 audit(0.0:10299): avc: denied { kill } for comm="swapper/2" capability=5 scontext=u:r:kernel:s0 tcontext=u:r:kernel:s0 tclass=capability permissive=0
11-08 04:52:37.683 0 0 I auditd : type=1400 audit(0.0:10300): avc: denied { kill } for comm="swapper/2" capability=5 scontext=u:r:kernel:s0 tcontext=u:r:kernel:s0 tclass=capability permissive=0
11-08 04:52:38.683 0 0 I auditd : type=1400 audit(0.0:10301): avc: denied { kill } for comm="swapper/2" capability=5 scontext=u:r:kernel:s0 tcontext=u:r:kernel:s0 tclass=capability permissive=0
11-08 04:52:39.683 0 0 I auditd : type=1400 audit(0.0:10302): avc: denied { kill } for comm="swapper/2" capability=5 scontext=u:r:kernel:s0 tcontext=u:r:kernel:s0 tclass=capability permissive=0
11-08 04:52:40.683 0 0 I auditd : type=1400 audit(0.0:10303): avc: denied { kill } for comm="swapper/2" capability=5 scontext=u:r:kernel:s0 tcontext=u:r:kernel:s0 tclass=capability permissive=0
11-08 04:52:41.683 0 0 I auditd : type=1400 audit(0.0:10304): avc: denied { kill } for comm="swapper/2" capability=5 scontext=u:r:kernel:s0 tcontext=u:r:kernel:s0 tclass=capability permissive=0
11-08 04:52:42.683 0 0 I auditd : type=1400 audit(0.0:10305): avc: denied { kill } for comm="swapper/2" capability=5 scontext=u:r:kernel:s0 tcontext=u:r:kernel:s0 tclass=capability permissive=0
11-08 04:52:43.683 0 0 I auditd : type=1400 audit(0.0:10306): avc: denied { kill } for comm="swapper/2" capability=5 scontext=u:r:kernel:s0 tcontext=u:r:kernel:s0 tclass=capability permissive=0
11-08 04:52:44.683 0 0 I auditd : type=1400 audit(0.0:10307): avc: denied { kill } for comm="swapper/2" capability=5 scontext=u:r:kernel:s0 tcontext=u:r:kernel:s0 tclass=capability permissive=0
11-08 04:52:45.683 0 0 I auditd : type=1400 audit(0.0:10308): avc: denied { kill } for comm="swapper/2" capability=5 scontext=u:r:kernel:s0 tcontext=u:r:kernel:s0 tclass=capability permissive=0
11-08 04:52:46.683 0 0 I auditd : type=1400 audit(0.0:10309): avc: denied { kill } for comm="swapper/2" capability=5 scontext=u:r:kernel:s0 tcontext=u:r:kernel:s0 tclass=capability permissive=0
11-08 04:52:47.683 0 0 I auditd : type=1400 audit(0.0:10310): avc: denied { kill } for comm="swapper/2" capability=5 scontext=u:r:kernel:s0 tcontext=u:r:kernel:s0 tclass=capability permissive=0
11-08 04:52:48.683 0 0 I auditd : type=1400 audit(0.0:10311): avc: denied { kill } for comm="swapper/2" capability=5 scontext=u:r:kernel:s0 tcontext=u:r:kernel:s0 tclass=capability permissive=0
11-08 04:52:49.683 0 0 I auditd : type=1400 audit(0.0:10312): avc: denied { kill } for comm="swapper/2" capability=5 scontext=u:r:kernel:s0 tcontext=u:r:kernel:s0 tclass=capability permissive=0
11-08 04:52:50.683 0 0 I auditd : type=1400 audit(0.0:10313): avc: denied { kill } for comm="swapper/2" capability=5 scontext=u:r:kernel:s0 tcontext=u:r:kernel:s0 tclass=capability permissive=0
11-08 04:52:51.683 0 0 I auditd : type=1400 audit(0.0:10314): avc: denied { kill } for comm="swapper/2" capability=5 scontext=u:r:kernel:s0 tcontext=u:r:kernel:s0 tclass=capability permissive=0
11-08 04:52:52.683 0 0 I auditd : type=1400 audit(0.0:10315): avc: denied { kill } for comm="swapper/2" capability=5 scontext=u:r:kernel:s0 tcontext=u:r:kernel:s0 tclass=capability permissive=0
11-08 04:52:53.683 0 0 I auditd : type=1400 audit(0.0:10316): avc: denied { kill } for comm="swapper/2" capability=5 scontext=u:r:kernel:s0 tcontext=u:r:kernel:s0 tclass=capability permissive=0
11-08 04:52:54.683 0 0 I auditd : type=1400 audit(0.0:10317): avc: denied { kill } for comm="swapper/2" capability=5 scontext=u:r:kernel:s0 tcontext=u:r:kernel:s0 tclass=capability permissive=0
11-08 04:52:55.683 0 0 I auditd : type=1400 audit(0.0:10318): avc: denied { kill } for comm="swapper/2" capability=5 scontext=u:r:kernel:s0 tcontext=u:r:kernel:s0 tclass=capability permissive=0
11-08 04:52:56.683 0 0 I auditd : type=1400 audit(0.0:10319): avc: denied { kill } for comm="swapper/2" capability=5 scontext=u:r:kernel:s0 tcontext=u:r:kernel:s0 tclass=capability permissive=0
11-08 04:52:57.683 0 0 I auditd : type=1400 audit(0.0:10320): avc: denied { kill } for comm="swapper/2" capability=5 scontext=u:r:kernel:s0 tcontext=u:r:kernel:s0 tclass=capability permissive=0
11-08 04:52:58.683 0 0 I auditd : type=1400 audit(0.0:10321): avc: denied { kill } for comm="swapper/2" capability=5 scontext=u:r:kernel:s0 tcontext=u:r:kernel:s0 tclass=capability permissive=0
11-08 04:52:59.683 0 0 I auditd : type=1400 audit(0.0:10322): avc: denied { kill } for comm="swapper/2" capability=5 scontext=u:r:kernel:s0 tcontext=u:r:kernel:s0 tclass=capability permissive=0
11-08 04:53:00.683 0 0 I auditd : type=1400 audit(0.0:10323): avc: denied { kill } for comm="swapper/2" capability=5 scontext=u:r:kernel:s0 tcontext=u:r:kernel:s0 tclass=capability permissive=0
11-08 04:53:01.418 1517 1615 I am_uid_idle: 10066
11-08 04:53:01.683 0 0 I auditd : type=1400 audit(0.0:10324): avc: denied { kill } for comm="swapper/2" capability=5 scontext=u:r:kernel:s0 tcontext=u:r:kernel:s0 tclass=capability permissive=0
11-08 04:53:02.683 0 0 I auditd : type=1400 audit(0.0:10325): avc: denied { kill } for comm="swapper/2" capability=5 scontext=u:r:kernel:s0 tcontext=u:r:kernel:s0 tclass=capability permissive=0
11-08 04:53:03.683 0 0 I auditd : type=1400 audit(0.0:10326): avc: denied { kill } for comm="swapper/2" capability=5 scontext=u:r:kernel:s0 tcontext=u:r:kernel:s0 tclass=capability permissive=0
11-08 04:53:04.683 0 0 I auditd : type=1400 audit(0.0:10327): avc: denied { kill } for comm="swapper/2" capability=5 scontext=u:r:kernel:s0 tcontext=u:r:kernel:s0 tclass=capability permissive=0
11-08 04:53:05.683 0 0 I auditd : type=1400 audit(0.0:10328): avc: denied { kill } for comm="swapper/2" capability=5 scontext=u:r:kernel:s0 tcontext=u:r:kernel:s0 tclass=capability permissive=0
11-08 04:53:06.683 0 0 I auditd : type=1400 audit(0.0:10329): avc: denied { kill } for comm="swapper/2" capability=5 scontext=u:r:kernel:s0 tcontext=u:r:kernel:s0 tclass=capability permissive=0
11-08 04:53:07.683 0 0 I auditd : type=1400 audit(0.0:10330): avc: denied { kill } for comm="swapper/2" capability=5 scontext=u:r:kernel:s0 tcontext=u:r:kernel:s0 tclass=capability permissive=0
11-08 04:53:08.683 0 0 I auditd : type=1400 audit(0.0:10331): avc: denied { kill } for comm="swapper/2" capability=5 scontext=u:r:kernel:s0 tcontext=u:r:kernel:s0 tclass=capability permissive=0
11-08 04:53:09.434 1517 1631 I sysui_multi_action: [757,1696,758,6,759,2]
11-08 04:53:09.437 1517 1615 I am_wtf : [0,1517,system_server,-1,DisplayDeviceConfig,requesting nits when no mapping exists.]
11-08 04:53:09.441 1517 1615 I am_wtf : [0,1517,system_server,-1,DisplayDeviceConfig,requesting nits when no mapping exists.]
11-08 04:53:09.453 1517 1615 I am_wtf : [0,1517,system_server,-1,DisplayDeviceConfig,requesting nits when no mapping exists.]
11-08 04:53:09.455 1517 1615 I am_wtf : [0,1517,system_server,-1,DisplayDeviceConfig,requesting nits when no mapping exists.]
11-08 04:53:09.470 1517 1615 I am_wtf : [0,1517,system_server,-1,DisplayDeviceConfig,requesting nits when no mapping exists.]
11-08 04:53:09.471 1517 1615 I am_wtf : [0,1517,system_server,-1,DisplayDeviceConfig,requesting nits when no mapping exists.]
11-08 04:53:09.474 1517 1615 I am_wtf : [0,1517,system_server,-1,DisplayDeviceConfig,requesting nits when no mapping exists.]
11-08 04:53:09.475 1517 1615 I am_wtf : [0,1517,system_server,-1,DisplayDeviceConfig,requesting nits when no mapping exists.]
11-08 04:53:09.490 1517 1615 I am_wtf : [0,1517,system_server,-1,DisplayDeviceConfig,requesting nits when no mapping exists.]
11-08 04:53:09.491 1517 1615 I am_wtf : [0,1517,system_server,-1,DisplayDeviceConfig,requesting nits when no mapping exists.]
11-08 04:53:09.506 1517 1615 I am_wtf : [0,1517,system_server,-1,DisplayDeviceConfig,requesting nits when no mapping exists.]
11-08 04:53:09.507 1517 1615 I am_wtf : [0,1517,system_server,-1,DisplayDeviceConfig,requesting nits when no mapping exists.]
11-08 04:53:09.524 1517 1615 I am_wtf : [0,1517,system_server,-1,DisplayDeviceConfig,requesting nits when no mapping exists.]
11-08 04:53:09.525 1517 1615 I am_wtf : [0,1517,system_server,-1,DisplayDeviceConfig,requesting nits when no mapping exists.]
11-08 04:53:09.540 1517 1615 I am_wtf : [0,1517,system_server,-1,DisplayDeviceConfig,requesting nits when no mapping exists.]
11-08 04:53:09.541 1517 1615 I am_wtf : [0,1517,system_server,-1,DisplayDeviceConfig,requesting nits when no mapping exists.]
11-08 04:53:09.557 1517 1615 I am_wtf : [0,1517,system_server,-1,DisplayDeviceConfig,requesting nits when no mapping exists.]
11-08 04:53:09.558 1517 1615 I am_wtf : [0,1517,system_server,-1,DisplayDeviceConfig,requesting nits when no mapping exists.]
11-08 04:53:09.574 1517 1615 I am_wtf : [0,1517,system_server,-1,DisplayDeviceConfig,requesting nits when no mapping exists.]
11-08 04:53:09.574 1517 1615 I am_wtf : [0,1517,system_server,-1,DisplayDeviceConfig,requesting nits when no mapping exists.]
11-08 04:53:09.590 1517 1615 I am_wtf : [0,1517,system_server,-1,DisplayDeviceConfig,requesting nits when no mapping exists.]
11-08 04:53:09.592 1517 1615 I am_wtf : [0,1517,system_server,-1,DisplayDeviceConfig,requesting nits when no mapping exists.]
11-08 04:53:09.608 1517 1615 I am_wtf : [0,1517,system_server,-1,DisplayDeviceConfig,requesting nits when no mapping exists.]
11-08 04:53:09.609 1517 1615 I am_wtf : [0,1517,system_server,-1,DisplayDeviceConfig,requesting nits when no mapping exists.]
11-08 04:53:09.624 1517 1615 I am_wtf : [0,1517,system_server,-1,DisplayDeviceConfig,requesting nits when no mapping exists.]
11-08 04:53:09.625 1517 1615 I am_wtf : [0,1517,system_server,-1,DisplayDeviceConfig,requesting nits when no mapping exists.]
11-08 04:53:09.640 1517 1615 I am_wtf : [0,1517,system_server,-1,DisplayDeviceConfig,requesting nits when no mapping exists.]
11-08 04:53:09.641 1517 1615 I am_wtf : [0,1517,system_server,-1,DisplayDeviceConfig,requesting nits when no mapping exists.]
11-08 04:53:09.657 1517 1615 I am_wtf : [0,1517,system_server,-1,DisplayDeviceConfig,requesting nits when no mapping exists.]
11-08 04:53:09.658 1517 1615 I am_wtf : [0,1517,system_server,-1,DisplayDeviceConfig,requesting nits when no mapping exists.]
11-08 04:53:09.674 1517 1615 I am_wtf : [0,1517,system_server,-1,DisplayDeviceConfig,requesting nits when no mapping exists.]
11-08 04:53:09.675 1517 1615 I am_wtf : [0,1517,system_server,-1,DisplayDeviceConfig,requesting nits when no mapping exists.]
11-08 04:53:09.683 0 0 I auditd : type=1400 audit(0.0:10332): avc: denied { kill } for comm="swapper/2" capability=5 scontext=u:r:kernel:s0 tcontext=u:r:kernel:s0 tclass=capability permissive=0
11-08 04:53:09.690 1517 1615 I am_wtf : [0,1517,system_server,-1,DisplayDeviceConfig,requesting nits when no mapping exists.]
11-08 04:53:09.691 1517 1615 I am_wtf : [0,1517,system_server,-1,DisplayDeviceConfig,requesting nits when no mapping exists.]
11-08 04:53:09.708 1517 1615 I am_wtf : [0,1517,system_server,-1,DisplayDeviceConfig,requesting nits when no mapping exists.]
11-08 04:53:09.709 1517 1615 I am_wtf : [0,1517,system_server,-1,DisplayDeviceConfig,requesting nits when no mapping exists.]
11-08 04:53:09.724 1517 1615 I am_wtf : [0,1517,system_server,-1,DisplayDeviceConfig,requesting nits when no mapping exists.]
11-08 04:53:09.725 1517 1615 I am_wtf : [0,1517,system_server,-1,DisplayDeviceConfig,requesting nits when no mapping exists.]
11-08 04:53:09.741 1517 1615 I am_wtf : [0,1517,system_server,-1,DisplayDeviceConfig,requesting nits when no mapping exists.]
11-08 04:53:09.742 1517 1615 I am_wtf : [0,1517,system_server,-1,DisplayDeviceConfig,requesting nits when no mapping exists.]
11-08 04:53:09.757 1517 1615 I am_wtf : [0,1517,system_server,-1,DisplayDeviceConfig,requesting nits when no mapping exists.]
11-08 04:53:09.758 1517 1615 I am_wtf : [0,1517,system_server,-1,DisplayDeviceConfig,requesting nits when no mapping exists.]
11-08 04:53:09.774 1517 1615 I am_wtf : [0,1517,system_server,-1,DisplayDeviceConfig,requesting nits when no mapping exists.]
11-08 04:53:09.775 1517 1615 I am_wtf : [0,1517,system_server,-1,DisplayDeviceConfig,requesting nits when no mapping exists.]
11-08 04:53:09.791 1517 1615 I am_wtf : [0,1517,system_server,-1,DisplayDeviceConfig,requesting nits when no mapping exists.]
11-08 04:53:09.792 1517 1615 I am_wtf : [0,1517,system_server,-1,DisplayDeviceConfig,requesting nits when no mapping exists.]
11-08 04:53:09.808 1517 1615 I am_wtf : [0,1517,system_server,-1,DisplayDeviceConfig,requesting nits when no mapping exists.]
11-08 04:53:09.809 1517 1615 I am_wtf : [0,1517,system_server,-1,DisplayDeviceConfig,requesting nits when no mapping exists.]
11-08 04:53:09.824 1517 1615 I am_wtf : [0,1517,system_server,-1,DisplayDeviceConfig,requesting nits when no mapping exists.]
11-08 04:53:09.825 1517 1615 I am_wtf : [0,1517,system_server,-1,DisplayDeviceConfig,requesting nits when no mapping exists.]
11-08 04:53:09.841 1517 1615 I am_wtf : [0,1517,system_server,-1,DisplayDeviceConfig,requesting nits when no mapping exists.]
11-08 04:53:09.842 1517 1615 I am_wtf : [0,1517,system_server,-1,DisplayDeviceConfig,requesting nits when no mapping exists.]
11-08 04:53:09.858 1517 1615 I am_wtf : [0,1517,system_server,-1,DisplayDeviceConfig,requesting nits when no mapping exists.]
11-08 04:53:09.859 1517 1615 I am_wtf : [0,1517,system_server,-1,DisplayDeviceConfig,requesting nits when no mapping exists.]
11-08 04:53:09.874 1517 1615 I am_wtf : [0,1517,system_server,-1,DisplayDeviceConfig,requesting nits when no mapping exists.]
11-08 04:53:09.875 1517 1615 I service_manager_stats: [100,65,157855]
11-08 04:53:09.875 1517 1615 I am_wtf : [0,1517,system_server,-1,DisplayDeviceConfig,requesting nits when no mapping exists.]
11-08 04:53:09.891 1517 1615 I am_wtf : [0,1517,system_server,-1,DisplayDeviceConfig,requesting nits when no mapping exists.]
11-08 04:53:09.892 1517 1615 I am_wtf : [0,1517,system_server,-1,DisplayDeviceConfig,requesting nits when no mapping exists.]
11-08 04:53:09.908 1517 1615 I am_wtf : [0,1517,system_server,-1,DisplayDeviceConfig,requesting nits when no mapping exists.]
11-08 04:53:09.909 1517 1615 I am_wtf : [0,1517,system_server,-1,DisplayDeviceConfig,requesting nits when no mapping exists.]
11-08 04:53:09.924 1517 1615 I am_wtf : [0,1517,system_server,-1,DisplayDeviceConfig,requesting nits when no mapping exists.]
11-08 04:53:09.925 1517 1615 I am_wtf : [0,1517,system_server,-1,DisplayDeviceConfig,requesting nits when no mapping exists.]
11-08 04:53:09.941 1517 1615 I am_wtf : [0,1517,system_server,-1,DisplayDeviceConfig,requesting nits when no mapping exists.]
11-08 04:53:09.943 1517 1615 I am_wtf : [0,1517,system_server,-1,DisplayDeviceConfig,requesting nits when no mapping exists.]
11-08 04:53:09.958 1517 1615 I am_wtf : [0,1517,system_server,-1,DisplayDeviceConfig,requesting nits when no mapping exists.]
11-08 04:53:09.959 1517 1615 I am_wtf : [0,1517,system_server,-1,DisplayDeviceConfig,requesting nits when no mapping exists.]
11-08 04:53:09.974 1517 1615 I am_wtf : [0,1517,system_server,-1,DisplayDeviceConfig,requesting nits when no mapping exists.]
11-08 04:53:09.975 1517 1615 I am_wtf : [0,1517,system_server,-1,DisplayDeviceConfig,requesting nits when no mapping exists.]
11-08 04:53:09.991 1517 1615 I am_wtf : [0,1517,system_server,-1,DisplayDeviceConfig,requesting nits when no mapping exists.]
11-08 04:53:09.992 1517 1615 I am_wtf : [0,1517,system_server,-1,DisplayDeviceConfig,requesting nits when no mapping exists.]
11-08 04:53:10.008 1517 1615 I am_wtf : [0,1517,system_server,-1,DisplayDeviceConfig,requesting nits when no mapping exists.]
11-08 04:53:10.009 1517 1615 I am_wtf : [0,1517,system_server,-1,DisplayDeviceConfig,requesting nits when no mapping exists.]
11-08 04:53:10.024 1517 1615 I am_wtf : [0,1517,system_server,-1,DisplayDeviceConfig,requesting nits when no mapping exists.]
11-08 04:53:10.026 1517 1615 I am_wtf : [0,1517,system_server,-1,DisplayDeviceConfig,requesting nits when no mapping exists.]
11-08 04:53:10.041 1517 1615 I am_wtf : [0,1517,system_server,-1,DisplayDeviceConfig,requesting nits when no mapping exists.]
11-08 04:53:10.043 1517 1615 I am_wtf : [0,1517,system_server,-1,DisplayDeviceConfig,requesting nits when no mapping exists.]
11-08 04:53:10.058 1517 1615 I am_wtf : [0,1517,system_server,-1,DisplayDeviceConfig,requesting nits when no mapping exists.]
11-08 04:53:10.059 1517 1615 I am_wtf : [0,1517,system_server,-1,DisplayDeviceConfig,requesting nits when no mapping exists.]
11-08 04:53:10.074 1517 1615 I am_wtf : [0,1517,system_server,-1,DisplayDeviceConfig,requesting nits when no mapping exists.]
11-08 04:53:10.076 1517 1615 I am_wtf : [0,1517,system_server,-1,DisplayDeviceConfig,requesting nits when no mapping exists.]
11-08 04:53:10.092 1517 1615 I am_wtf : [0,1517,system_server,-1,DisplayDeviceConfig,requesting nits when no mapping exists.]
11-08 04:53:10.093 1517 1615 I am_wtf : [0,1517,system_server,-1,DisplayDeviceConfig,requesting nits when no mapping exists.]
11-08 04:53:10.108 1517 1615 I am_wtf : [0,1517,system_server,-1,DisplayDeviceConfig,requesting nits when no mapping exists.]
11-08 04:53:10.109 1517 1615 I am_wtf : [0,1517,system_server,-1,DisplayDeviceConfig,requesting nits when no mapping exists.]
11-08 04:53:10.124 1517 1615 I am_wtf : [0,1517,system_server,-1,DisplayDeviceConfig,requesting nits when no mapping exists.]
11-08 04:53:10.125 1517 1615 I am_wtf : [0,1517,system_server,-1,DisplayDeviceConfig,requesting nits when no mapping exists.]
11-08 04:53:10.141 1517 1615 I am_wtf : [0,1517,system_server,-1,DisplayDeviceConfig,requesting nits when no mapping exists.]
11-08 04:53:10.142 1517 1615 I am_wtf : [0,1517,system_server,-1,DisplayDeviceConfig,requesting nits when no mapping exists.]
11-08 04:53:10.158 1517 1615 I am_wtf : [0,1517,system_server,-1,DisplayDeviceConfig,requesting nits when no mapping exists.]
11-08 04:53:10.159 1517 1615 I am_wtf : [0,1517,system_server,-1,DisplayDeviceConfig,requesting nits when no mapping exists.]
11-08 04:53:10.175 1517 1615 I am_wtf : [0,1517,system_server,-1,DisplayDeviceConfig,requesting nits when no mapping exists.]
11-08 04:53:10.176 1517 1615 I am_wtf : [0,1517,system_server,-1,DisplayDeviceConfig,requesting nits when no mapping exists.]
11-08 04:53:10.191 1517 1615 I am_wtf : [0,1517,system_server,-1,DisplayDeviceConfig,requesting nits when no mapping exists.]
11-08 04:53:10.192 1517 1615 I am_wtf : [0,1517,system_server,-1,DisplayDeviceConfig,requesting nits when no mapping exists.]
11-08 04:53:10.208 1517 1615 I am_wtf : [0,1517,system_server,-1,DisplayDeviceConfig,requesting nits when no mapping exists.]
11-08 04:53:10.209 1517 1615 I am_wtf : [0,1517,system_server,-1,DisplayDeviceConfig,requesting nits when no mapping exists.]
11-08 04:53:10.225 1517 1615 I am_wtf : [0,1517,system_server,-1,DisplayDeviceConfig,requesting nits when no mapping exists.]
11-08 04:53:10.226 1517 1615 I am_wtf : [0,1517,system_server,-1,DisplayDeviceConfig,requesting nits when no mapping exists.]
11-08 04:53:10.241 1517 1615 I am_wtf : [0,1517,system_server,-1,DisplayDeviceConfig,requesting nits when no mapping exists.]
11-08 04:53:10.242 1517 1615 I am_wtf : [0,1517,system_server,-1,DisplayDeviceConfig,requesting nits when no mapping exists.]
11-08 04:53:10.258 1517 1615 I am_wtf : [0,1517,system_server,-1,DisplayDeviceConfig,requesting nits when no mapping exists.]
11-08 04:53:10.260 1517 1615 I am_wtf : [0,1517,system_server,-1,DisplayDeviceConfig,requesting nits when no mapping exists.]
11-08 04:53:10.275 1517 1615 I am_wtf : [0,1517,system_server,-1,DisplayDeviceConfig,requesting nits when no mapping exists.]
11-08 04:53:10.276 1517 1615 I am_wtf : [0,1517,system_server,-1,DisplayDeviceConfig,requesting nits when no mapping exists.]
11-08 04:53:10.292 1517 1615 I am_wtf : [0,1517,system_server,-1,DisplayDeviceConfig,requesting nits when no mapping exists.]
11-08 04:53:10.293 1517 1615 I am_wtf : [0,1517,system_server,-1,DisplayDeviceConfig,requesting nits when no mapping exists.]
11-08 04:53:10.309 1517 1615 I am_wtf : [0,1517,system_server,-1,DisplayDeviceConfig,requesting nits when no mapping exists.]
11-08 04:53:10.311 1517 1615 I am_wtf : [0,1517,system_server,-1,DisplayDeviceConfig,requesting nits when no mapping exists.]
11-08 04:53:10.326 1517 1615 I am_wtf : [0,1517,system_server,-1,DisplayDeviceConfig,requesting nits when no mapping exists.]
11-08 04:53:10.327 1517 1615 I am_wtf : [0,1517,system_server,-1,DisplayDeviceConfig,requesting nits when no mapping exists.]
11-08 04:53:10.342 1517 1615 I am_wtf : [0,1517,system_server,-1,DisplayDeviceConfig,requesting nits when no mapping exists.]
11-08 04:53:10.343 1517 1615 I am_wtf : [0,1517,system_server,-1,DisplayDeviceConfig,requesting nits when no mapping exists.]
11-08 04:53:10.358 1517 1615 I am_wtf : [0,1517,system_server,-1,DisplayDeviceConfig,requesting nits when no mapping exists.]
11-08 04:53:10.358 1517 1615 I am_wtf : [0,1517,system_server,-1,DisplayDeviceConfig,requesting nits when no mapping exists.]
11-08 04:53:10.375 1517 1615 I am_wtf : [0,1517,system_server,-1,DisplayDeviceConfig,requesting nits when no mapping exists.]
11-08 04:53:10.378 1517 1615 I am_wtf : [0,1517,system_server,-1,DisplayDeviceConfig,requesting nits when no mapping exists.]
11-08 04:53:10.683 0 0 I auditd : type=1400 audit(0.0:10333): avc: denied { kill } for comm="swapper/2" capability=5 scontext=u:r:kernel:s0 tcontext=u:r:kernel:s0 tclass=capability permissive=0
11-08 04:53:11.683 0 0 I auditd : type=1400 audit(0.0:10334): avc: denied { kill } for comm="swapper/2" capability=5 scontext=u:r:kernel:s0 tcontext=u:r:kernel:s0 tclass=capability permissive=0
11-08 04:53:12.683 0 0 I auditd : type=1400 audit(0.0:10335): avc: denied { kill } for comm="swapper/2" capability=5 scontext=u:r:kernel:s0 tcontext=u:r:kernel:s0 tclass=capability permissive=0
11-08 04:53:13.683 0 0 I auditd : type=1400 audit(0.0:10336): avc: denied { kill } for comm="swapper/2" capability=5 scontext=u:r:kernel:s0 tcontext=u:r:kernel:s0 tclass=capability permissive=0
11-08 04:53:14.683 0 0 I auditd : type=1400 audit(0.0:10337): avc: denied { kill } for comm="swapper/2" capability=5 scontext=u:r:kernel:s0 tcontext=u:r:kernel:s0 tclass=capability permissive=0
11-08 04:53:15.683 0 0 I auditd : type=1400 audit(0.0:10338): avc: denied { kill } for comm="swapper/2" capability=5 scontext=u:r:kernel:s0 tcontext=u:r:kernel:s0 tclass=capability permissive=0
11-08 04:53:16.434 1517 1605 I sysui_multi_action: [757,222,758,1]
11-08 04:53:16.437 1517 1605 I am_uid_active: 10040
11-08 04:53:16.455 1517 9255 I wm_task_created: [175,-1]
11-08 04:53:16.459 1517 9255 I wm_task_moved: [175,1,8]
11-08 04:53:16.459 1517 9255 I wm_task_to_front: [0,175]
11-08 04:53:16.459 1517 1614 I am_pss : [11770,10088,com.android.music,41936896,35856384,0,159862784,0,2,14]
11-08 04:53:16.459 1517 9255 I wm_create_task: [0,175]
11-08 04:53:16.459 1517 9255 I wm_create_activity: [0,5703429,175,com.thundercomm.screensaver/android.service.dreams.DreamActivity,NULL,NULL,NULL,276824064]
11-08 04:53:16.459 1517 9255 I wm_task_moved: [175,1,8]
11-08 04:53:16.459 11770 11770 I wm_on_top_resumed_lost_called: [238554122,com.android.music.MusicBrowserActivity,topStateChangedWhenResumed]
11-08 04:53:16.461 1517 9255 I wm_pause_activity: [0,193491456,com.android.launcher3/.uioverrides.QuickstepLauncher,userLeaving=true,pauseBackTasks]
11-08 04:53:16.462 2526 2526 I wm_on_paused_called: [193491456,com.android.launcher3.uioverrides.QuickstepLauncher,performPause]
11-08 04:53:16.470 1517 1614 I am_pss : [11739,10066,com.android.gallery3d,21681152,15527936,0,138825728,0,15,8]
11-08 04:53:16.479 1517 2084 I wm_add_to_stopping: [0,193491456,com.android.launcher3/.uioverrides.QuickstepLauncher,makeInvisible]
11-08 04:53:16.481 1517 2084 I wm_restart_activity: [0,5703429,175,com.thundercomm.screensaver/android.service.dreams.DreamActivity]
11-08 04:53:16.483 1517 2084 I wm_set_resumed_activity: [0,com.thundercomm.screensaver/android.service.dreams.DreamActivity,minimalResumeActivityLocked]
11-08 04:53:16.501 1517 1608 I sysui_multi_action: [757,803,799,window_time_0,802,64]
11-08 04:53:16.505 4301 4301 I wm_on_create_called: [5703429,android.service.dreams.DreamActivity,performCreate]
11-08 04:53:16.507 4301 4301 I wm_on_start_called: [5703429,android.service.dreams.DreamActivity,handleStartActivity]
11-08 04:53:16.510 4301 4301 I wm_on_resume_called: [5703429,android.service.dreams.DreamActivity,RESUME_ACTIVITY]
11-08 04:53:16.517 4301 4301 I wm_on_top_resumed_gained_called: [5703429,android.service.dreams.DreamActivity,topStateChangedWhenResumed]
11-08 04:53:16.540 1517 1609 I input_focus: [Focus request 173a367 com.thundercomm.screensaver/android.service.dreams.DreamActivity,reason=UpdateInputWindows]
11-08 04:53:16.551 1517 1517 I notification_enqueue: [10082,1969,com.android.systemui,2048,NULL,0,Notification(channel=updateNotification shortcut=null contentView=null vibrate=null sound=null defaults=0x0 flags=0x0 color=0x00000000 vis=PRIVATE),1]
11-08 04:53:16.554 1969 1969 I sysui_multi_action: [757,111,758,2]
11-08 04:53:16.555 1969 1969 I sysui_multi_action: [757,111,758,2]
11-08 04:53:16.560 1517 1631 I sysui_multi_action: [757,1696,758,6,759,3]
11-08 04:53:16.560 1517 1605 I sysui_multi_action: [319,107,322,107,325,9803,757,761,758,8,759,2,806,com.thundercomm.screensaver,871,android.service.dreams.DreamActivity,904,com.thundercomm.screensaver,905,0,1320,4,1321,2]
11-08 04:53:16.560 1517 1689 I input_focus: [Focus leaving 8707155 com.android.music/com.android.music.MusicBrowserActivity (server),reason=Waiting for window because NOT_VISIBLE]
11-08 04:53:16.561 1517 1605 I wm_activity_launch_time: [0,5703429,com.thundercomm.screensaver/android.service.dreams.DreamActivity,107]
11-08 04:53:16.563 1969 1969 I sysui_multi_action: [757,111,758,1]
11-08 04:53:16.563 1969 1969 I sysui_multi_action: [757,126,758,1,759,126,927,0,928,1,1593,0]
11-08 04:53:16.563 1969 1969 I sysui_multi_action: [757,113,758,1,759,113,927,1,928,0,1593,0]
11-08 04:53:16.563 1969 1969 I sysui_multi_action: [757,0,758,1,759,0,927,2,928,0,1593,0]
11-08 04:53:16.563 1969 1969 I sysui_multi_action: [757,0,758,1,759,0,927,3,928,0,1593,0]
11-08 04:53:16.563 1969 1969 I sysui_multi_action: [757,0,758,1,759,0,927,4,1593,0]
11-08 04:53:16.564 1969 1969 I sysui_multi_action: [757,491,758,1,759,491,927,5,928,0,1311,-1,1593,0]
11-08 04:53:16.564 1969 1969 I sysui_multi_action: [757,122,758,1,759,122,927,6,928,1,1593,0]
11-08 04:53:16.564 1969 1969 I sysui_multi_action: [757,0,758,1,759,0,927,7,928,0,1593,0]
11-08 04:53:16.564 1969 1969 I sysui_multi_action: [757,111,758,1]
11-08 04:53:16.564 1969 1969 I sysui_multi_action: [757,126,758,1,759,126,927,0,928,1,1593,0]
11-08 04:53:16.564 1969 1969 I sysui_multi_action: [757,113,758,1,759,113,927,1,928,0,1593,0]
11-08 04:53:16.564 1969 1969 I sysui_multi_action: [757,0,758,1,759,0,927,2,928,0,1593,0]
11-08 04:53:16.564 1969 1969 I sysui_multi_action: [757,0,758,1,759,0,927,3,928,0,1593,0]
11-08 04:53:16.577 1517 1689 I input_focus: [Focus entering 173a367 com.thundercomm.screensaver/android.service.dreams.DreamActivity (server),reason=Window became focusable. Previous reason: NOT_VISIBLE]
11-08 04:53:16.580 1517 1615 I am_wtf : [0,1517,system_server,-1,DisplayDeviceConfig,requesting nits when no mapping exists.]
11-08 04:53:16.581 1517 1615 I am_wtf : [0,1517,system_server,-1,DisplayDeviceConfig,requesting nits when no mapping exists.]
11-08 04:53:16.595 1517 1615 I am_wtf : [0,1517,system_server,-1,DisplayDeviceConfig,requesting nits when no mapping exists.]
11-08 04:53:16.596 1517 1615 I am_wtf : [0,1517,system_server,-1,DisplayDeviceConfig,requesting nits when no mapping exists.]
11-08 04:53:16.609 1517 1615 I am_wtf : [0,1517,system_server,-1,DisplayDeviceConfig,requesting nits when no mapping exists.]
11-08 04:53:16.611 1517 1615 I am_wtf : [0,1517,system_server,-1,DisplayDeviceConfig,requesting nits when no mapping exists.]
11-08 04:53:16.628 1517 1615 I am_wtf : [0,1517,system_server,-1,DisplayDeviceConfig,requesting nits when no mapping exists.]
11-08 04:53:16.629 1517 1615 I am_wtf : [0,1517,system_server,-1,DisplayDeviceConfig,requesting nits when no mapping exists.]
11-08 04:53:16.646 1517 1615 I am_wtf : [0,1517,system_server,-1,DisplayDeviceConfig,requesting nits when no mapping exists.]
11-08 04:53:16.648 1517 1615 I am_wtf : [0,1517,system_server,-1,DisplayDeviceConfig,requesting nits when no mapping exists.]
11-08 04:53:16.660 1517 1615 I am_wtf : [0,1517,system_server,-1,DisplayDeviceConfig,requesting nits when no mapping exists.]
11-08 04:53:16.661 1517 1615 I am_wtf : [0,1517,system_server,-1,DisplayDeviceConfig,requesting nits when no mapping exists.]
11-08 04:53:16.678 1517 1615 I am_wtf : [0,1517,system_server,-1,DisplayDeviceConfig,requesting nits when no mapping exists.]
11-08 04:53:16.679 1517 1615 I am_wtf : [0,1517,system_server,-1,DisplayDeviceConfig,requesting nits when no mapping exists.]
11-08 04:53:16.683 0 0 I auditd : type=1400 audit(0.0:10339): avc: denied { kill } for comm="swapper/2" capability=5 scontext=u:r:kernel:s0 tcontext=u:r:kernel:s0 tclass=capability permissive=0
11-08 04:53:16.695 1517 1615 I am_wtf : [0,1517,system_server,-1,DisplayDeviceConfig,requesting nits when no mapping exists.]
11-08 04:53:16.696 1517 1615 I am_wtf : [0,1517,system_server,-1,DisplayDeviceConfig,requesting nits when no mapping exists.]
11-08 04:53:16.710 1517 1615 I am_wtf : [0,1517,system_server,-1,DisplayDeviceConfig,requesting nits when no mapping exists.]
11-08 04:53:16.717 1517 1615 I am_wtf : [0,1517,system_server,-1,DisplayDeviceConfig,requesting nits when no mapping exists.]
11-08 04:53:16.729 1517 1615 I am_wtf : [0,1517,system_server,-1,DisplayDeviceConfig,requesting nits when no mapping exists.]
11-08 04:53:16.729 1517 1615 I am_wtf : [0,1517,system_server,-1,DisplayDeviceConfig,requesting nits when no mapping exists.]
11-08 04:53:16.746 1517 1615 I am_wtf : [0,1517,system_server,-1,DisplayDeviceConfig,requesting nits when no mapping exists.]
11-08 04:53:16.747 1517 1615 I am_wtf : [0,1517,system_server,-1,DisplayDeviceConfig,requesting nits when no mapping exists.]
11-08 04:53:16.753 1517 1517 I sysui_multi_action: [757,1501,758,1,793,9782894,794,0,795,204,796,2048,806,com.android.systemui,857,updateNotification,858,3,947,0,1500,0,1688,1]
11-08 04:53:16.754 1517 1517 I sysui_multi_action: [757,804,799,note_interruptive,801,0,802,1]
11-08 04:53:16.754 1517 1517 I sysui_multi_action: [757,199,758,1,759,2,793,9782895,794,0,795,205,796,2048,806,com.android.systemui,857,updateNotification,858,3,947,0,1500,1,1688,1]
11-08 04:53:16.754 1517 1517 I notification_alert: [0|com.android.systemui|2048|null|10082,0,1,0]
11-08 04:53:16.768 1517 1615 I am_wtf : [0,1517,system_server,-1,DisplayDeviceConfig,requesting nits when no mapping exists.]
11-08 04:53:16.770 1517 1615 I am_wtf : [0,1517,system_server,-1,DisplayDeviceConfig,requesting nits when no mapping exists.]
11-08 04:53:16.779 1517 1615 I am_wtf : [0,1517,system_server,-1,DisplayDeviceConfig,requesting nits when no mapping exists.]
11-08 04:53:16.780 1517 1615 I am_wtf : [0,1517,system_server,-1,DisplayDeviceConfig,requesting nits when no mapping exists.]
11-08 04:53:16.794 1517 1615 I am_wtf : [0,1517,system_server,-1,DisplayDeviceConfig,requesting nits when no mapping exists.]
11-08 04:53:16.795 1517 1615 I am_wtf : [0,1517,system_server,-1,DisplayDeviceConfig,requesting nits when no mapping exists.]
11-08 04:53:16.816 1517 1615 I am_wtf : [0,1517,system_server,-1,DisplayDeviceConfig,requesting nits when no mapping exists.]
11-08 04:53:16.817 1517 1615 I am_wtf : [0,1517,system_server,-1,DisplayDeviceConfig,requesting nits when no mapping exists.]
11-08 04:53:16.828 1517 1615 I am_wtf : [0,1517,system_server,-1,DisplayDeviceConfig,requesting nits when no mapping exists.]
11-08 04:53:16.829 1517 1615 I am_wtf : [0,1517,system_server,-1,DisplayDeviceConfig,requesting nits when no mapping exists.]
11-08 04:53:16.845 1517 1615 I am_wtf : [0,1517,system_server,-1,DisplayDeviceConfig,requesting nits when no mapping exists.]
11-08 04:53:16.845 1517 1615 I service_manager_stats: [100,55,6970]
11-08 04:53:16.845 1517 1615 I am_wtf : [0,1517,system_server,-1,DisplayDeviceConfig,requesting nits when no mapping exists.]
11-08 04:53:16.848 1517 1608 I wm_stop_activity: [0,193491456,com.android.launcher3/.uioverrides.QuickstepLauncher]
11-08 04:53:16.863 1517 1615 I am_wtf : [0,1517,system_server,-1,DisplayDeviceConfig,requesting nits when no mapping exists.]
11-08 04:53:16.867 1517 1615 I am_wtf : [0,1517,system_server,-1,DisplayDeviceConfig,requesting nits when no mapping exists.]
11-08 04:53:16.877 1517 1615 I am_wtf : [0,1517,system_server,-1,DisplayDeviceConfig,requesting nits when no mapping exists.]
11-08 04:53:16.877 1517 1615 I am_wtf : [0,1517,system_server,-1,DisplayDeviceConfig,requesting nits when no mapping exists.]
11-08 04:53:16.880 2526 2526 I wm_on_stop_called: [193491456,com.android.launcher3.uioverrides.QuickstepLauncher,STOP_ACTIVITY_ITEM]
11-08 04:53:16.893 1517 1615 I am_wtf : [0,1517,system_server,-1,DisplayDeviceConfig,requesting nits when no mapping exists.]
11-08 04:53:16.894 1517 1615 I am_wtf : [0,1517,system_server,-1,DisplayDeviceConfig,requesting nits when no mapping exists.]
11-08 04:53:16.910 1517 1615 I am_wtf : [0,1517,system_server,-1,DisplayDeviceConfig,requesting nits when no mapping exists.]
11-08 04:53:16.910 1517 1615 I am_wtf : [0,1517,system_server,-1,DisplayDeviceConfig,requesting nits when no mapping exists.]
11-08 04:53:16.924 1517 1615 I am_wtf : [0,1517,system_server,-1,DisplayDeviceConfig,requesting nits when no mapping exists.]
11-08 04:53:16.925 1517 1615 I am_wtf : [0,1517,system_server,-1,DisplayDeviceConfig,requesting nits when no mapping exists.]
11-08 04:53:16.942 1517 1615 I am_wtf : [0,1517,system_server,-1,DisplayDeviceConfig,requesting nits when no mapping exists.]
11-08 04:53:16.943 1517 1615 I am_wtf : [0,1517,system_server,-1,DisplayDeviceConfig,requesting nits when no mapping exists.]
11-08 04:53:16.958 1517 1615 I am_wtf : [0,1517,system_server,-1,DisplayDeviceConfig,requesting nits when no mapping exists.]
11-08 04:53:16.959 1517 1615 I am_wtf : [0,1517,system_server,-1,DisplayDeviceConfig,requesting nits when no mapping exists.]
11-08 04:53:16.975 1517 1615 I am_wtf : [0,1517,system_server,-1,DisplayDeviceConfig,requesting nits when no mapping exists.]
11-08 04:53:16.976 1517 1615 I am_wtf : [0,1517,system_server,-1,DisplayDeviceConfig,requesting nits when no mapping exists.]
11-08 04:53:16.991 1517 1615 I am_wtf : [0,1517,system_server,-1,DisplayDeviceConfig,requesting nits when no mapping exists.]
11-08 04:53:16.993 1517 1615 I am_wtf : [0,1517,system_server,-1,DisplayDeviceConfig,requesting nits when no mapping exists.]
11-08 04:53:17.009 1517 1615 I am_wtf : [0,1517,system_server,-1,DisplayDeviceConfig,requesting nits when no mapping exists.]
11-08 04:53:17.010 1517 1615 I am_wtf : [0,1517,system_server,-1,DisplayDeviceConfig,requesting nits when no mapping exists.]
11-08 04:53:17.026 1517 1615 I am_wtf : [0,1517,system_server,-1,DisplayDeviceConfig,requesting nits when no mapping exists.]
11-08 04:53:17.027 1517 1615 I am_wtf : [0,1517,system_server,-1,DisplayDeviceConfig,requesting nits when no mapping exists.]
11-08 04:53:17.042 1517 1615 I am_wtf : [0,1517,system_server,-1,DisplayDeviceConfig,requesting nits when no mapping exists.]
11-08 04:53:17.043 1517 1615 I am_wtf : [0,1517,system_server,-1,DisplayDeviceConfig,requesting nits when no mapping exists.]
11-08 04:53:17.059 1517 1615 I am_wtf : [0,1517,system_server,-1,DisplayDeviceConfig,requesting nits when no mapping exists.]
11-08 04:53:17.060 1517 1615 I am_wtf : [0,1517,system_server,-1,DisplayDeviceConfig,requesting nits when no mapping exists.]
11-08 04:53:17.077 1517 1615 I am_wtf : [0,1517,system_server,-1,DisplayDeviceConfig,requesting nits when no mapping exists.]
11-08 04:53:17.077 1517 1615 I am_wtf : [0,1517,system_server,-1,DisplayDeviceConfig,requesting nits when no mapping exists.]
11-08 04:53:17.092 1517 1615 I am_wtf : [0,1517,system_server,-1,DisplayDeviceConfig,requesting nits when no mapping exists.]
11-08 04:53:17.093 1517 1615 I am_wtf : [0,1517,system_server,-1,DisplayDeviceConfig,requesting nits when no mapping exists.]
11-08 04:53:17.108 1517 1615 I am_wtf : [0,1517,system_server,-1,DisplayDeviceConfig,requesting nits when no mapping exists.]
11-08 04:53:17.109 1517 1615 I am_wtf : [0,1517,system_server,-1,DisplayDeviceConfig,requesting nits when no mapping exists.]
11-08 04:53:17.126 1517 1615 I am_wtf : [0,1517,system_server,-1,DisplayDeviceConfig,requesting nits when no mapping exists.]
11-08 04:53:17.127 1517 1615 I am_wtf : [0,1517,system_server,-1,DisplayDeviceConfig,requesting nits when no mapping exists.]
11-08 04:53:17.142 1517 1615 I am_wtf : [0,1517,system_server,-1,DisplayDeviceConfig,requesting nits when no mapping exists.]
11-08 04:53:17.143 1517 1615 I am_wtf : [0,1517,system_server,-1,DisplayDeviceConfig,requesting nits when no mapping exists.]
11-08 04:53:17.158 1517 1615 I am_wtf : [0,1517,system_server,-1,DisplayDeviceConfig,requesting nits when no mapping exists.]
11-08 04:53:17.160 1517 1615 I am_wtf : [0,1517,system_server,-1,DisplayDeviceConfig,requesting nits when no mapping exists.]
11-08 04:53:17.176 1517 1615 I am_wtf : [0,1517,system_server,-1,DisplayDeviceConfig,requesting nits when no mapping exists.]
11-08 04:53:17.178 1517 1615 I am_wtf : [0,1517,system_server,-1,DisplayDeviceConfig,requesting nits when no mapping exists.]
11-08 04:53:17.192 1517 1615 I am_wtf : [0,1517,system_server,-1,DisplayDeviceConfig,requesting nits when no mapping exists.]
11-08 04:53:17.193 1517 1615 I am_wtf : [0,1517,system_server,-1,DisplayDeviceConfig,requesting nits when no mapping exists.]
11-08 04:53:17.209 1517 1615 I am_wtf : [0,1517,system_server,-1,DisplayDeviceConfig,requesting nits when no mapping exists.]
11-08 04:53:17.210 1517 1615 I am_wtf : [0,1517,system_server,-1,DisplayDeviceConfig,requesting nits when no mapping exists.]
11-08 04:53:17.227 1517 1615 I am_wtf : [0,1517,system_server,-1,DisplayDeviceConfig,requesting nits when no mapping exists.]
11-08 04:53:17.228 1517 1615 I am_wtf : [0,1517,system_server,-1,DisplayDeviceConfig,requesting nits when no mapping exists.]
11-08 04:53:17.242 1517 1615 I am_wtf : [0,1517,system_server,-1,DisplayDeviceConfig,requesting nits when no mapping exists.]
11-08 04:53:17.244 1517 1615 I am_wtf : [0,1517,system_server,-1,DisplayDeviceConfig,requesting nits when no mapping exists.]
11-08 04:53:17.260 1517 1615 I am_wtf : [0,1517,system_server,-1,DisplayDeviceConfig,requesting nits when no mapping exists.]
11-08 04:53:17.260 1517 1615 I am_wtf : [0,1517,system_server,-1,DisplayDeviceConfig,requesting nits when no mapping exists.]
11-08 04:53:17.276 1517 1615 I am_wtf : [0,1517,system_server,-1,DisplayDeviceConfig,requesting nits when no mapping exists.]
11-08 04:53:17.277 1517 1615 I am_wtf : [0,1517,system_server,-1,DisplayDeviceConfig,requesting nits when no mapping exists.]
11-08 04:53:17.293 1517 1615 I am_wtf : [0,1517,system_server,-1,DisplayDeviceConfig,requesting nits when no mapping exists.]
11-08 04:53:17.294 1517 1615 I am_wtf : [0,1517,system_server,-1,DisplayDeviceConfig,requesting nits when no mapping exists.]
11-08 04:53:17.310 1517 1615 I am_wtf : [0,1517,system_server,-1,DisplayDeviceConfig,requesting nits when no mapping exists.]
11-08 04:53:17.311 1517 1615 I am_wtf : [0,1517,system_server,-1,DisplayDeviceConfig,requesting nits when no mapping exists.]
11-08 04:53:17.327 1517 1615 I am_wtf : [0,1517,system_server,-1,DisplayDeviceConfig,requesting nits when no mapping exists.]
11-08 04:53:17.328 1517 1615 I am_wtf : [0,1517,system_server,-1,DisplayDeviceConfig,requesting nits when no mapping exists.]
11-08 04:53:17.343 1517 1615 I am_wtf : [0,1517,system_server,-1,DisplayDeviceConfig,requesting nits when no mapping exists.]
11-08 04:53:17.344 1517 1615 I am_wtf : [0,1517,system_server,-1,DisplayDeviceConfig,requesting nits when no mapping exists.]
11-08 04:53:17.361 1517 1615 I am_wtf : [0,1517,system_server,-1,DisplayDeviceConfig,requesting nits when no mapping exists.]
11-08 04:53:17.362 1517 1615 I am_wtf : [0,1517,system_server,-1,DisplayDeviceConfig,requesting nits when no mapping exists.]
11-08 04:53:17.379 1517 1615 I am_wtf : [0,1517,system_server,-1,DisplayDeviceConfig,requesting nits when no mapping exists.]
11-08 04:53:17.382 1517 1615 I am_wtf : [0,1517,system_server,-1,DisplayDeviceConfig,requesting nits when no mapping exists.]
11-08 04:53:17.395 1517 1615 I am_wtf : [0,1517,system_server,-1,DisplayDeviceConfig,requesting nits when no mapping exists.]
11-08 04:53:17.395 1517 1615 I am_wtf : [0,1517,system_server,-1,DisplayDeviceConfig,requesting nits when no mapping exists.]
11-08 04:53:17.409 1517 1615 I am_wtf : [0,1517,system_server,-1,DisplayDeviceConfig,requesting nits when no mapping exists.]
11-08 04:53:17.411 1517 1615 I am_wtf : [0,1517,system_server,-1,DisplayDeviceConfig,requesting nits when no mapping exists.]
11-08 04:53:17.427 1517 1615 I am_wtf : [0,1517,system_server,-1,DisplayDeviceConfig,requesting nits when no mapping exists.]
11-08 04:53:17.428 1517 1615 I am_wtf : [0,1517,system_server,-1,DisplayDeviceConfig,requesting nits when no mapping exists.]
11-08 04:53:17.444 1517 1615 I am_wtf : [0,1517,system_server,-1,DisplayDeviceConfig,requesting nits when no mapping exists.]
11-08 04:53:17.445 1517 1615 I am_wtf : [0,1517,system_server,-1,DisplayDeviceConfig,requesting nits when no mapping exists.]
11-08 04:53:17.461 1517 1615 I am_wtf : [0,1517,system_server,-1,DisplayDeviceConfig,requesting nits when no mapping exists.]
11-08 04:53:17.462 1517 1615 I am_wtf : [0,1517,system_server,-1,DisplayDeviceConfig,requesting nits when no mapping exists.]
11-08 04:53:17.478 1517 1615 I am_wtf : [0,1517,system_server,-1,DisplayDeviceConfig,requesting nits when no mapping exists.]
11-08 04:53:17.481 1517 1615 I am_wtf : [0,1517,system_server,-1,DisplayDeviceConfig,requesting nits when no mapping exists.]
11-08 04:53:17.498 1517 1615 I am_wtf : [0,1517,system_server,-1,DisplayDeviceConfig,requesting nits when no mapping exists.]
11-08 04:53:17.499 1517 1615 I am_wtf : [0,1517,system_server,-1,DisplayDeviceConfig,requesting nits when no mapping exists.]
11-08 04:53:17.683 0 0 I auditd : type=1400 audit(0.0:10340): avc: denied { kill } for comm="swapper/2" capability=5 scontext=u:r:kernel:s0 tcontext=u:r:kernel:s0 tclass=capability permissive=0
11-08 04:53:19.683 0 0 I auditd : type=1400 audit(0.0:10341): avc: denied { kill } for comm="swapper/2" capability=5 scontext=u:r:kernel:s0 tcontext=u:r:kernel:s0 tclass=capability permissive=0
11-08 04:53:20.683 0 0 I auditd : type=1400 audit(0.0:10342): avc: denied { kill } for comm="swapper/2" capability=5 scontext=u:r:kernel:s0 tcontext=u:r:kernel:s0 tclass=capability permissive=0
11-08 04:53:21.217 1517 1678 I am_freeze: [9038,com.android.permissioncontroller]
11-08 04:53:21.218 1517 1678 I am_kill : [0,9038,com.android.permissioncontroller,955,Unable to freeze binder interface]
11-08 04:53:21.265 1517 2100 I am_proc_died: [0,9038,com.android.permissioncontroller,955,19]
11-08 04:53:21.265 1517 2100 I am_uid_stopped: 10094
11-08 04:53:21.683 0 0 I auditd : type=1400 audit(0.0:10343): avc: denied { kill } for comm="swapper/2" capability=5 scontext=u:r:kernel:s0 tcontext=u:r:kernel:s0 tclass=capability permissive=0
11-08 04:53:22.683 0 0 I auditd : type=1400 audit(0.0:10344): avc: denied { kill } for comm="swapper/2" capability=5 scontext=u:r:kernel:s0 tcontext=u:r:kernel:s0 tclass=capability permissive=0
11-08 04:53:23.683 0 0 I auditd : type=1400 audit(0.0:10345): avc: denied { kill } for comm="swapper/2" capability=5 scontext=u:r:kernel:s0 tcontext=u:r:kernel:s0 tclass=capability permissive=0
11-08 04:53:24.683 0 0 I auditd : type=1400 audit(0.0:10346): avc: denied { kill } for comm="swapper/2" capability=5 scontext=u:r:kernel:s0 tcontext=u:r:kernel:s0 tclass=capability permissive=0
11-08 04:53:25.683 0 0 I auditd : type=1400 audit(0.0:10347): avc: denied { kill } for comm="swapper/2" capability=5 scontext=u:r:kernel:s0 tcontext=u:r:kernel:s0 tclass=capability permissive=0
11-08 04:53:26.683 0 0 I auditd : type=1400 audit(0.0:10348): avc: denied { kill } for comm="swapper/2" capability=5 scontext=u:r:kernel:s0 tcontext=u:r:kernel:s0 tclass=capability permissive=0
11-08 04:53:27.683 0 0 I auditd : type=1400 audit(0.0:10349): avc: denied { kill } for comm="swapper/2" capability=5 scontext=u:r:kernel:s0 tcontext=u:r:kernel:s0 tclass=capability permissive=0
11-08 04:53:28.683 0 0 I auditd : type=1400 audit(0.0:10350): avc: denied { kill } for comm="swapper/2" capability=5 scontext=u:r:kernel:s0 tcontext=u:r:kernel:s0 tclass=capability permissive=0
11-08 04:53:29.683 0 0 I auditd : type=1400 audit(0.0:10351): avc: denied { kill } for comm="swapper/2" capability=5 scontext=u:r:kernel:s0 tcontext=u:r:kernel:s0 tclass=capability permissive=0
11-08 04:53:30.683 0 0 I auditd : type=1400 audit(0.0:10352): avc: denied { kill } for comm="swapper/2" capability=5 scontext=u:r:kernel:s0 tcontext=u:r:kernel:s0 tclass=capability permissive=0
11-08 04:53:31.683 0 0 I auditd : type=1400 audit(0.0:10353): avc: denied { kill } for comm="swapper/2" capability=5 scontext=u:r:kernel:s0 tcontext=u:r:kernel:s0 tclass=capability permissive=0
11-08 04:53:32.683 0 0 I auditd : type=1400 audit(0.0:10354): avc: denied { kill } for comm="swapper/2" capability=5 scontext=u:r:kernel:s0 tcontext=u:r:kernel:s0 tclass=capability permissive=0
11-08 04:53:33.683 0 0 I auditd : type=1400 audit(0.0:10355): avc: denied { kill } for comm="swapper/2" capability=5 scontext=u:r:kernel:s0 tcontext=u:r:kernel:s0 tclass=capability permissive=0
11-08 04:53:34.683 0 0 I auditd : type=1400 audit(0.0:10356): avc: denied { kill } for comm="swapper/2" capability=5 scontext=u:r:kernel:s0 tcontext=u:r:kernel:s0 tclass=capability permissive=0
11-08 04:53:35.683 0 0 I auditd : type=1400 audit(0.0:10357): avc: denied { kill } for comm="swapper/2" capability=5 scontext=u:r:kernel:s0 tcontext=u:r:kernel:s0 tclass=capability permissive=0
11-08 04:53:36.683 0 0 I auditd : type=1400 audit(0.0:10358): avc: denied { kill } for comm="swapper/2" capability=5 scontext=u:r:kernel:s0 tcontext=u:r:kernel:s0 tclass=capability permissive=0
11-08 04:53:37.683 0 0 I auditd : type=1400 audit(0.0:10359): avc: denied { kill } for comm="swapper/2" capability=5 scontext=u:r:kernel:s0 tcontext=u:r:kernel:s0 tclass=capability permissive=0
11-08 04:53:38.683 0 0 I auditd : type=1400 audit(0.0:10360): avc: denied { kill } for comm="swapper/2" capability=5 scontext=u:r:kernel:s0 tcontext=u:r:kernel:s0 tclass=capability permissive=0
11-08 04:53:39.683 0 0 I auditd : type=1400 audit(0.0:10361): avc: denied { kill } for comm="swapper/2" capability=5 scontext=u:r:kernel:s0 tcontext=u:r:kernel:s0 tclass=capability permissive=0
11-08 04:53:40.683 0 0 I auditd : type=1400 audit(0.0:10362): avc: denied { kill } for comm="swapper/2" capability=5 scontext=u:r:kernel:s0 tcontext=u:r:kernel:s0 tclass=capability permissive=0
11-08 04:53:41.683 0 0 I auditd : type=1400 audit(0.0:10363): avc: denied { kill } for comm="swapper/2" capability=5 scontext=u:r:kernel:s0 tcontext=u:r:kernel:s0 tclass=capability permissive=0
11-08 04:53:42.683 0 0 I auditd : type=1400 audit(0.0:10364): avc: denied { kill } for comm="swapper/2" capability=5 scontext=u:r:kernel:s0 tcontext=u:r:kernel:s0 tclass=capability permissive=0
11-08 04:53:43.683 0 0 I auditd : type=1400 audit(0.0:10365): avc: denied { kill } for comm="swapper/2" capability=5 scontext=u:r:kernel:s0 tcontext=u:r:kernel:s0 tclass=capability permissive=0
11-08 04:53:44.683 0 0 I auditd : type=1400 audit(0.0:10366): avc: denied { kill } for comm="swapper/2" capability=5 scontext=u:r:kernel:s0 tcontext=u:r:kernel:s0 tclass=capability permissive=0
11-08 04:53:45.683 0 0 I auditd : type=1400 audit(0.0:10367): avc: denied { kill } for comm="swapper/2" capability=5 scontext=u:r:kernel:s0 tcontext=u:r:kernel:s0 tclass=capability permissive=0
11-08 04:53:46.683 0 0 I auditd : type=1400 audit(0.0:10368): avc: denied { kill } for comm="swapper/2" capability=5 scontext=u:r:kernel:s0 tcontext=u:r:kernel:s0 tclass=capability permissive=0
11-08 04:53:47.683 0 0 I auditd : type=1400 audit(0.0:10369): avc: denied { kill } for comm="swapper/2" capability=5 scontext=u:r:kernel:s0 tcontext=u:r:kernel:s0 tclass=capability permissive=0
11-08 04:53:48.683 0 0 I auditd : type=1400 audit(0.0:10370): avc: denied { kill } for comm="swapper/2" capability=5 scontext=u:r:kernel:s0 tcontext=u:r:kernel:s0 tclass=capability permissive=0
11-08 04:53:49.683 0 0 I auditd : type=1400 audit(0.0:10371): avc: denied { kill } for comm="swapper/2" capability=5 scontext=u:r:kernel:s0 tcontext=u:r:kernel:s0 tclass=capability permissive=0
11-08 04:53:50.683 0 0 I auditd : type=1400 audit(0.0:10372): avc: denied { kill } for comm="swapper/2" capability=5 scontext=u:r:kernel:s0 tcontext=u:r:kernel:s0 tclass=capability permissive=0
11-08 04:53:51.683 0 0 I auditd : type=1400 audit(0.0:10373): avc: denied { kill } for comm="swapper/2" capability=5 scontext=u:r:kernel:s0 tcontext=u:r:kernel:s0 tclass=capability permissive=0
11-08 04:53:52.683 0 0 I auditd : type=1400 audit(0.0:10374): avc: denied { kill } for comm="swapper/2" capability=5 scontext=u:r:kernel:s0 tcontext=u:r:kernel:s0 tclass=capability permissive=0
