11-08 04:59:47.126 1517 1517 I notification_enqueue: [10082,1969,com.android.systemui,2048,NULL,0,Notification(channel=updateNotification shortcut=null contentView=null vibrate=null sound=null defaults=0x0 flags=0x0 color=0x00000000 vis=PRIVATE),1]
11-08 04:59:47.134 1969 1969 I sysui_multi_action: [757,111,758,1]
11-08 04:59:47.134 1969 1969 I sysui_multi_action: [757,126,758,1,759,126,927,0,928,1,1593,0]
11-08 04:59:47.134 1969 1969 I sysui_multi_action: [757,113,758,1,759,113,927,1,928,0,1593,0]
11-08 04:59:47.134 1969 1969 I sysui_multi_action: [757,0,758,1,759,0,927,2,928,0,1593,0]
11-08 04:59:47.134 1969 1969 I sysui_multi_action: [757,0,758,1,759,0,927,3,928,0,1593,0]
11-08 04:59:47.134 1969 1969 I sysui_multi_action: [757,0,758,1,759,0,927,4,1593,0]
11-08 04:59:47.134 1969 1969 I sysui_multi_action: [757,491,758,1,759,491,927,5,928,0,1311,-1,1593,0]
11-08 04:59:47.134 1969 1969 I sysui_multi_action: [757,122,758,1,759,122,927,6,928,1,1593,0]
11-08 04:59:47.134 1969 1969 I sysui_multi_action: [757,0,758,1,759,0,927,7,928,0,1593,0]
11-08 04:59:47.134 1969 1969 I sysui_multi_action: [757,111,758,1]
11-08 04:59:47.134 1969 1969 I sysui_multi_action: [757,126,758,1,759,126,927,0,928,1,1593,0]
11-08 04:59:47.134 1969 1969 I sysui_multi_action: [757,113,758,1,759,113,927,1,928,0,1593,0]
11-08 04:59:47.134 1969 1969 I sysui_multi_action: [757,0,758,1,759,0,927,2,928,0,1593,0]
11-08 04:59:47.134 1969 1969 I sysui_multi_action: [757,0,758,1,759,0,927,3,928,0,1593,0]
11-08 04:59:47.149 1969 1969 I sysui_multi_action: [757,111,758,2]
11-08 04:59:47.149 1969 1969 I sysui_multi_action: [757,111,758,2]
11-08 04:59:47.149 1517 1517 I notification_enqueue: [10082,1969,com.android.systemui,2048,NULL,0,Notification(channel=updateNotification shortcut=null contentView=null vibrate=null sound=null defaults=0x0 flags=0x0 color=0x00000000 vis=PRIVATE),1]
11-08 04:59:47.152 1517 1517 I sysui_multi_action: [757,1501,758,1,793,10173293,794,0,795,204,796,2048,806,com.android.systemui,857,updateNotification,858,3,947,0,1500,0,1688,1]
11-08 04:59:47.153 1517 1517 I sysui_multi_action: [757,804,799,note_interruptive,801,0,802,1]
11-08 04:59:47.153 1517 1517 I sysui_multi_action: [757,199,758,1,759,2,793,10173294,794,0,795,205,796,2048,806,com.android.systemui,857,updateNotification,858,3,947,0,1500,1,1688,1]
11-08 04:59:47.153 1517 1517 I notification_alert: [0|com.android.systemui|2048|null|10082,0,1,0]
11-08 04:59:47.156 1969 1969 I sysui_multi_action: [757,111,758,1]
11-08 04:59:47.156 1969 1969 I sysui_multi_action: [757,126,758,1,759,126,927,0,928,1,1593,0]
11-08 04:59:47.156 1969 1969 I sysui_multi_action: [757,113,758,1,759,113,927,1,928,0,1593,0]
11-08 04:59:47.157 1969 1969 I sysui_multi_action: [757,0,758,1,759,0,927,2,928,0,1593,0]
11-08 04:59:47.157 1969 1969 I sysui_multi_action: [757,0,758,1,759,0,927,3,928,0,1593,0]
11-08 04:59:47.157 1969 1969 I sysui_multi_action: [757,0,758,1,759,0,927,4,1593,0]
11-08 04:59:47.157 1969 1969 I sysui_multi_action: [757,491,758,1,759,491,927,5,928,0,1311,-1,1593,0]
11-08 04:59:47.157 1969 1969 I sysui_multi_action: [757,122,758,1,759,122,927,6,928,1,1593,0]
11-08 04:59:47.157 1969 1969 I sysui_multi_action: [757,0,758,1,759,0,927,7,928,0,1593,0]
11-08 04:59:47.157 1969 1969 I sysui_multi_action: [757,111,758,1]
11-08 04:59:47.157 1969 1969 I sysui_multi_action: [757,126,758,1,759,126,927,0,928,1,1593,0]
11-08 04:59:47.157 1969 1969 I sysui_multi_action: [757,113,758,1,759,113,927,1,928,0,1593,0]
11-08 04:59:47.157 1969 1969 I sysui_multi_action: [757,0,758,1,759,0,927,2,928,0,1593,0]
11-08 04:59:47.157 1969 1969 I sysui_multi_action: [757,0,758,1,759,0,927,3,928,0,1593,0]
11-08 04:59:47.170 1969 1969 I sysui_multi_action: [757,111,758,2]
11-08 04:59:47.170 1969 1969 I sysui_multi_action: [757,111,758,2]
11-08 04:59:47.170 1517 1517 I notification_enqueue: [10082,1969,com.android.systemui,2048,NULL,0,Notification(channel=updateNotification shortcut=null contentView=null vibrate=null sound=null defaults=0x0 flags=0x0 color=0x00000000 vis=PRIVATE),1]
11-08 04:59:47.177 1969 1969 I sysui_multi_action: [757,111,758,1]
11-08 04:59:47.177 1969 1969 I sysui_multi_action: [757,126,758,1,759,126,927,0,928,1,1593,0]
11-08 04:59:47.177 1969 1969 I sysui_multi_action: [757,113,758,1,759,113,927,1,928,0,1593,0]
11-08 04:59:47.177 1969 1969 I sysui_multi_action: [757,0,758,1,759,0,927,2,928,0,1593,0]
11-08 04:59:47.177 1969 1969 I sysui_multi_action: [757,0,758,1,759,0,927,3,928,0,1593,0]
11-08 04:59:47.177 1969 1969 I sysui_multi_action: [757,0,758,1,759,0,927,4,1593,0]
11-08 04:59:47.178 1969 1969 I sysui_multi_action: [757,491,758,1,759,491,927,5,928,0,1311,-1,1593,0]
11-08 04:59:47.178 1969 1969 I sysui_multi_action: [757,122,758,1,759,122,927,6,928,1,1593,0]
11-08 04:59:47.178 1969 1969 I sysui_multi_action: [757,0,758,1,759,0,927,7,928,0,1593,0]
11-08 04:59:47.178 1969 1969 I sysui_multi_action: [757,111,758,1]
11-08 04:59:47.178 1969 1969 I sysui_multi_action: [757,126,758,1,759,126,927,0,928,1,1593,0]
11-08 04:59:47.178 1969 1969 I sysui_multi_action: [757,113,758,1,759,113,927,1,928,0,1593,0]
11-08 04:59:47.178 1969 1969 I sysui_multi_action: [757,0,758,1,759,0,927,2,928,0,1593,0]
11-08 04:59:47.178 1969 1969 I sysui_multi_action: [757,0,758,1,759,0,927,3,928,0,1593,0]
11-08 04:59:47.194 1969 1969 I sysui_multi_action: [757,111,758,2]
11-08 04:59:47.194 1517 1517 I notification_enqueue: [10082,1969,com.android.systemui,2048,NULL,0,Notification(channel=updateNotification shortcut=null contentView=null vibrate=null sound=null defaults=0x0 flags=0x0 color=0x00000000 vis=PRIVATE),1]
11-08 04:59:47.194 1969 1969 I sysui_multi_action: [757,111,758,2]
11-08 04:59:47.201 1969 1969 I sysui_multi_action: [757,111,758,1]
11-08 04:59:47.201 1969 1969 I sysui_multi_action: [757,126,758,1,759,126,927,0,928,1,1593,0]
11-08 04:59:47.201 1969 1969 I sysui_multi_action: [757,113,758,1,759,113,927,1,928,0,1593,0]
11-08 04:59:47.201 1969 1969 I sysui_multi_action: [757,0,758,1,759,0,927,2,928,0,1593,0]
11-08 04:59:47.201 1969 1969 I sysui_multi_action: [757,0,758,1,759,0,927,3,928,0,1593,0]
11-08 04:59:47.201 1969 1969 I sysui_multi_action: [757,0,758,1,759,0,927,4,1593,0]
11-08 04:59:47.201 1969 1969 I sysui_multi_action: [757,491,758,1,759,491,927,5,928,0,1311,-1,1593,0]
11-08 04:59:47.201 1969 1969 I sysui_multi_action: [757,122,758,1,759,122,927,6,928,1,1593,0]
11-08 04:59:47.201 1969 1969 I sysui_multi_action: [757,0,758,1,759,0,927,7,928,0,1593,0]
11-08 04:59:47.201 1969 1969 I sysui_multi_action: [757,111,758,1]
11-08 04:59:47.201 1969 1969 I sysui_multi_action: [757,126,758,1,759,126,927,0,928,1,1593,0]
11-08 04:59:47.201 1969 1969 I sysui_multi_action: [757,113,758,1,759,113,927,1,928,0,1593,0]
11-08 04:59:47.201 1969 1969 I sysui_multi_action: [757,0,758,1,759,0,927,2,928,0,1593,0]
11-08 04:59:47.201 1969 1969 I sysui_multi_action: [757,0,758,1,759,0,927,3,928,0,1593,0]
11-08 04:59:47.214 1969 1969 I sysui_multi_action: [757,111,758,2]
11-08 04:59:47.215 1517 1517 I notification_enqueue: [10082,1969,com.android.systemui,2048,NULL,0,Notification(channel=updateNotification shortcut=null contentView=null vibrate=null sound=null defaults=0x0 flags=0x0 color=0x00000000 vis=PRIVATE),1]
11-08 04:59:47.215 1969 1969 I sysui_multi_action: [757,111,758,2]
11-08 04:59:47.221 1969 1969 I sysui_multi_action: [757,111,758,1]
11-08 04:59:47.222 1969 1969 I sysui_multi_action: [757,126,758,1,759,126,927,0,928,1,1593,0]
11-08 04:59:47.222 1969 1969 I sysui_multi_action: [757,113,758,1,759,113,927,1,928,0,1593,0]
11-08 04:59:47.222 1969 1969 I sysui_multi_action: [757,0,758,1,759,0,927,2,928,0,1593,0]
11-08 04:59:47.222 1969 1969 I sysui_multi_action: [757,0,758,1,759,0,927,3,928,0,1593,0]
11-08 04:59:47.222 1969 1969 I sysui_multi_action: [757,0,758,1,759,0,927,4,1593,0]
11-08 04:59:47.222 1969 1969 I sysui_multi_action: [757,491,758,1,759,491,927,5,928,0,1311,-1,1593,0]
11-08 04:59:47.222 1969 1969 I sysui_multi_action: [757,122,758,1,759,122,927,6,928,1,1593,0]
11-08 04:59:47.222 1969 1969 I sysui_multi_action: [757,0,758,1,759,0,927,7,928,0,1593,0]
11-08 04:59:47.222 1969 1969 I sysui_multi_action: [757,111,758,1]
11-08 04:59:47.222 1969 1969 I sysui_multi_action: [757,126,758,1,759,126,927,0,928,1,1593,0]
11-08 04:59:47.222 1969 1969 I sysui_multi_action: [757,113,758,1,759,113,927,1,928,0,1593,0]
11-08 04:59:47.222 1969 1969 I sysui_multi_action: [757,0,758,1,759,0,927,2,928,0,1593,0]
11-08 04:59:47.222 1969 1969 I sysui_multi_action: [757,0,758,1,759,0,927,3,928,0,1593,0]
11-08 04:59:47.236 1969 1969 I sysui_multi_action: [757,111,758,2]
11-08 04:59:47.236 1969 1969 I sysui_multi_action: [757,111,758,2]
11-08 04:59:47.236 1517 1517 I notification_enqueue: [10082,1969,com.android.systemui,2048,NULL,0,Notification(channel=updateNotification shortcut=null contentView=null vibrate=null sound=null defaults=0x0 flags=0x0 color=0x00000000 vis=PRIVATE),1]
11-08 04:59:47.243 1969 1969 I sysui_multi_action: [757,111,758,1]
11-08 04:59:47.243 1969 1969 I sysui_multi_action: [757,126,758,1,759,126,927,0,928,1,1593,0]
11-08 04:59:47.244 1969 1969 I sysui_multi_action: [757,113,758,1,759,113,927,1,928,0,1593,0]
11-08 04:59:47.244 1969 1969 I sysui_multi_action: [757,0,758,1,759,0,927,2,928,0,1593,0]
11-08 04:59:47.244 1969 1969 I sysui_multi_action: [757,0,758,1,759,0,927,3,928,0,1593,0]
11-08 04:59:47.244 1969 1969 I sysui_multi_action: [757,0,758,1,759,0,927,4,1593,0]
11-08 04:59:47.244 1969 1969 I sysui_multi_action: [757,491,758,1,759,491,927,5,928,0,1311,-1,1593,0]
11-08 04:59:47.244 1969 1969 I sysui_multi_action: [757,122,758,1,759,122,927,6,928,1,1593,0]
11-08 04:59:47.244 1969 1969 I sysui_multi_action: [757,0,758,1,759,0,927,7,928,0,1593,0]
11-08 04:59:47.244 1969 1969 I sysui_multi_action: [757,111,758,1]
11-08 04:59:47.244 1969 1969 I sysui_multi_action: [757,126,758,1,759,126,927,0,928,1,1593,0]
11-08 04:59:47.244 1969 1969 I sysui_multi_action: [757,113,758,1,759,113,927,1,928,0,1593,0]
11-08 04:59:47.244 1969 1969 I sysui_multi_action: [757,0,758,1,759,0,927,2,928,0,1593,0]
11-08 04:59:47.244 1969 1969 I sysui_multi_action: [757,0,758,1,759,0,927,3,928,0,1593,0]
11-08 04:59:47.259 1969 1969 I sysui_multi_action: [757,111,758,2]
11-08 04:59:47.259 1969 1969 I sysui_multi_action: [757,111,758,2]
11-08 04:59:47.260 1517 1517 I notification_enqueue: [10082,1969,com.android.systemui,2048,NULL,0,Notification(channel=updateNotification shortcut=null contentView=null vibrate=null sound=null defaults=0x0 flags=0x0 color=0x00000000 vis=PRIVATE),1]
11-08 04:59:47.266 1969 1969 I sysui_multi_action: [757,111,758,1]
11-08 04:59:47.266 1969 1969 I sysui_multi_action: [757,126,758,1,759,126,927,0,928,1,1593,0]
11-08 04:59:47.266 1969 1969 I sysui_multi_action: [757,113,758,1,759,113,927,1,928,0,1593,0]
11-08 04:59:47.266 1969 1969 I sysui_multi_action: [757,0,758,1,759,0,927,2,928,0,1593,0]
11-08 04:59:47.266 1969 1969 I sysui_multi_action: [757,0,758,1,759,0,927,3,928,0,1593,0]
11-08 04:59:47.266 1969 1969 I sysui_multi_action: [757,0,758,1,759,0,927,4,1593,0]
11-08 04:59:47.266 1969 1969 I sysui_multi_action: [757,491,758,1,759,491,927,5,928,0,1311,-1,1593,0]
11-08 04:59:47.266 1969 1969 I sysui_multi_action: [757,122,758,1,759,122,927,6,928,1,1593,0]
11-08 04:59:47.266 1969 1969 I sysui_multi_action: [757,0,758,1,759,0,927,7,928,0,1593,0]
11-08 04:59:47.266 1969 1969 I sysui_multi_action: [757,111,758,1]
11-08 04:59:47.266 1969 1969 I sysui_multi_action: [757,126,758,1,759,126,927,0,928,1,1593,0]
11-08 04:59:47.267 1969 1969 I sysui_multi_action: [757,113,758,1,759,113,927,1,928,0,1593,0]
11-08 04:59:47.267 1969 1969 I sysui_multi_action: [757,0,758,1,759,0,927,2,928,0,1593,0]
11-08 04:59:47.267 1969 1969 I sysui_multi_action: [757,0,758,1,759,0,927,3,928,0,1593,0]
11-08 04:59:47.283 1969 1969 I sysui_multi_action: [757,111,758,2]
11-08 04:59:47.283 1969 1969 I sysui_multi_action: [757,111,758,2]
11-08 04:59:47.284 1517 1517 I notification_enqueue: [10082,1969,com.android.systemui,2048,NULL,0,Notification(channel=updateNotification shortcut=null contentView=null vibrate=null sound=null defaults=0x0 flags=0x0 color=0x00000000 vis=PRIVATE),1]
11-08 04:59:47.297 1517 1609 I input_focus: [Focus request ea9cb2e com.android.settings/com.android.settings.Settings,reason=UpdateInputWindows]
11-08 04:59:47.298 1969 1969 I sysui_multi_action: [757,111,758,1]
11-08 04:59:47.298 1969 1969 I sysui_multi_action: [757,126,758,1,759,126,927,0,928,1,1593,0]
11-08 04:59:47.298 1969 1969 I sysui_multi_action: [757,113,758,1,759,113,927,1,928,0,1593,0]
11-08 04:59:47.298 1969 1969 I sysui_multi_action: [757,0,758,1,759,0,927,2,928,0,1593,0]
11-08 04:59:47.298 1969 1969 I sysui_multi_action: [757,0,758,1,759,0,927,3,928,0,1593,0]
11-08 04:59:47.298 1969 1969 I sysui_multi_action: [757,0,758,1,759,0,927,4,1593,0]
11-08 04:59:47.298 1969 1969 I sysui_multi_action: [757,491,758,1,759,491,927,5,928,0,1311,-1,1593,0]
11-08 04:59:47.299 1969 1969 I sysui_multi_action: [757,122,758,1,759,122,927,6,928,1,1593,0]
11-08 04:59:47.299 1969 1969 I sysui_multi_action: [757,0,758,1,759,0,927,7,928,0,1593,0]
11-08 04:59:47.299 1969 1969 I sysui_multi_action: [757,111,758,1]
11-08 04:59:47.299 1969 1969 I sysui_multi_action: [757,126,758,1,759,126,927,0,928,1,1593,0]
11-08 04:59:47.299 1969 1969 I sysui_multi_action: [757,113,758,1,759,113,927,1,928,0,1593,0]
11-08 04:59:47.299 1969 1969 I sysui_multi_action: [757,0,758,1,759,0,927,2,928,0,1593,0]
11-08 04:59:47.299 1969 1969 I sysui_multi_action: [757,0,758,1,759,0,927,3,928,0,1593,0]
11-08 04:59:47.316 1969 1969 I sysui_multi_action: [757,111,758,2]
11-08 04:59:47.316 1969 1969 I sysui_multi_action: [757,111,758,2]
11-08 04:59:47.316 1517 1517 I notification_enqueue: [10082,1969,com.android.systemui,2048,NULL,0,Notification(channel=updateNotification shortcut=null contentView=null vibrate=null sound=null defaults=0x0 flags=0x0 color=0x00000000 vis=PRIVATE),1]
11-08 04:59:47.318 1517 1689 I input_focus: [Focus leaving 1f46765 NotificationShade (server),reason=NOT_FOCUSABLE]
11-08 04:59:47.318 1517 1689 I input_focus: [Focus entering ea9cb2e com.android.settings/com.android.settings.Settings (server),reason=setFocusedWindow]
11-08 04:59:47.323 1517 5459 I sysui_multi_action: [757,128,758,2,793,6108,794,0,795,6108,796,26,798,0,806,android,857,DEVELOPER_IMPORTANT,858,4,947,0,1395,2,1500,5878,1688,1]
11-08 04:59:47.324 1517 5459 I notification_visibility: [-1|android|26|null|1000,0,6108,6108,0,0]
11-08 04:59:47.324 1517 5459 I sysui_multi_action: [757,127,758,2]
11-08 04:59:47.324 1517 5459 I notification_panel_hidden:
11-08 04:59:47.343 1969 1969 I sysui_multi_action: [757,111,758,1]
11-08 04:59:47.344 1969 1969 I sysui_multi_action: [757,126,758,1,759,126,927,0,928,1,1593,0]
11-08 04:59:47.344 1969 1969 I sysui_multi_action: [757,113,758,1,759,113,927,1,928,0,1593,0]
11-08 04:59:47.344 1969 1969 I sysui_multi_action: [757,0,758,1,759,0,927,2,928,0,1593,0]
11-08 04:59:47.344 1969 1969 I sysui_multi_action: [757,0,758,1,759,0,927,3,928,0,1593,0]
11-08 04:59:47.344 1969 1969 I sysui_multi_action: [757,0,758,1,759,0,927,4,1593,0]
11-08 04:59:47.344 1969 1969 I sysui_multi_action: [757,491,758,1,759,491,927,5,928,0,1311,-1,1593,0]
11-08 04:59:47.344 1969 1969 I sysui_multi_action: [757,122,758,1,759,122,927,6,928,1,1593,0]
11-08 04:59:47.344 1969 1969 I sysui_multi_action: [757,0,758,1,759,0,927,7,928,0,1593,0]
11-08 04:59:47.344 1969 1969 I sysui_multi_action: [757,111,758,1]
11-08 04:59:47.344 1969 1969 I sysui_multi_action: [757,126,758,1,759,126,927,0,928,1,1593,0]
11-08 04:59:47.344 1969 1969 I sysui_multi_action: [757,113,758,1,759,113,927,1,928,0,1593,0]
11-08 04:59:47.344 1969 1969 I sysui_multi_action: [757,0,758,1,759,0,927,2,928,0,1593,0]
11-08 04:59:47.344 1969 1969 I sysui_multi_action: [757,0,758,1,759,0,927,3,928,0,1593,0]
11-08 04:59:47.683 0 0 I auditd : type=1400 audit(0.0:10781): avc: denied { kill } for comm="swapper/0" capability=5 scontext=u:r:kernel:s0 tcontext=u:r:kernel:s0 tclass=capability permissive=0
11-08 04:59:48.592 1517 1689 I input_interaction: Interaction with: f80a206 StatusBar (server), edge-swipe (server), swipe-up (server), PointerEventDispatcher0 (server),
11-08 04:59:48.599 1969 1969 I sysui_multi_action: [757,803,799,panel_open,802,1]
11-08 04:59:48.601 1969 1969 I sysui_multi_action: [757,1328,758,4,1326,27,1327,0,1329,0]
11-08 04:59:48.676 1517 5618 I sysui_multi_action: [757,127,758,1]
11-08 04:59:48.676 1517 5618 I sysui_multi_action: [757,804,799,note_load,801,2,802,1]
11-08 04:59:48.676 1517 5618 I notification_panel_revealed: 2
11-08 04:59:48.682 1517 1517 I notification_enqueue: [10082,1969,com.android.systemui,2048,NULL,0,Notification(channel=updateNotification shortcut=null contentView=null vibrate=null sound=null defaults=0x0 flags=0x0 color=0x00000000 vis=PRIVATE),1]
11-08 04:59:48.682 1969 1969 I sysui_multi_action: [757,111,758,2]
11-08 04:59:48.682 1969 1969 I sysui_multi_action: [757,111,758,2]
11-08 04:59:48.706 1517 1609 I input_focus: [Focus request 1f46765 NotificationShade,reason=UpdateInputWindows]
11-08 04:59:48.715 1969 1969 I sysui_multi_action: [757,111,758,1]
11-08 04:59:48.715 1969 1969 I sysui_multi_action: [757,126,758,1,759,126,927,0,928,1,1593,0]
11-08 04:59:48.715 1969 1969 I sysui_multi_action: [757,113,758,1,759,113,927,1,928,0,1593,0]
11-08 04:59:48.715 1969 1969 I sysui_multi_action: [757,0,758,1,759,0,927,2,928,0,1593,0]
11-08 04:59:48.715 1969 1969 I sysui_multi_action: [757,0,758,1,759,0,927,3,928,0,1593,0]
11-08 04:59:48.715 1969 1969 I sysui_multi_action: [757,0,758,1,759,0,927,4,1593,0]
11-08 04:59:48.715 1969 1969 I sysui_multi_action: [757,491,758,1,759,491,927,5,928,0,1311,-1,1593,0]
11-08 04:59:48.715 1969 1969 I sysui_multi_action: [757,122,758,1,759,122,927,6,928,1,1593,0]
11-08 04:59:48.715 1969 1969 I sysui_multi_action: [757,0,758,1,759,0,927,7,928,0,1593,0]
11-08 04:59:48.715 1969 1969 I sysui_multi_action: [757,111,758,1]
11-08 04:59:48.715 1969 1969 I sysui_multi_action: [757,126,758,1,759,126,927,0,928,1,1593,0]
11-08 04:59:48.715 1969 1969 I sysui_multi_action: [757,113,758,1,759,113,927,1,928,0,1593,0]
11-08 04:59:48.715 1969 1969 I sysui_multi_action: [757,0,758,1,759,0,927,2,928,0,1593,0]
11-08 04:59:48.715 1969 1969 I sysui_multi_action: [757,0,758,1,759,0,927,3,928,0,1593,0]
11-08 04:59:48.729 1969 1969 I sysui_multi_action: [757,111,758,2]
11-08 04:59:48.729 1969 1969 I sysui_multi_action: [757,111,758,2]
11-08 04:59:48.729 1517 1517 I notification_enqueue: [10082,1969,com.android.systemui,2048,NULL,0,Notification(channel=updateNotification shortcut=null contentView=null vibrate=null sound=null defaults=0x0 flags=0x0 color=0x00000000 vis=PRIVATE),1]
11-08 04:59:48.736 1969 1969 I sysui_multi_action: [757,111,758,1]
11-08 04:59:48.736 1969 1969 I sysui_multi_action: [757,126,758,1,759,126,927,0,928,1,1593,0]
11-08 04:59:48.736 1969 1969 I sysui_multi_action: [757,113,758,1,759,113,927,1,928,0,1593,0]
11-08 04:59:48.736 1969 1969 I sysui_multi_action: [757,0,758,1,759,0,927,2,928,0,1593,0]
11-08 04:59:48.736 1969 1969 I sysui_multi_action: [757,0,758,1,759,0,927,3,928,0,1593,0]
11-08 04:59:48.736 1969 1969 I sysui_multi_action: [757,0,758,1,759,0,927,4,1593,0]
11-08 04:59:48.736 1969 1969 I sysui_multi_action: [757,491,758,1,759,491,927,5,928,0,1311,-1,1593,0]
11-08 04:59:48.737 1969 1969 I sysui_multi_action: [757,122,758,1,759,122,927,6,928,1,1593,0]
11-08 04:59:48.737 1969 1969 I sysui_multi_action: [757,0,758,1,759,0,927,7,928,0,1593,0]
11-08 04:59:48.737 1969 1969 I sysui_multi_action: [757,111,758,1]
11-08 04:59:48.737 1969 1969 I sysui_multi_action: [757,126,758,1,759,126,927,0,928,1,1593,0]
11-08 04:59:48.737 1969 1969 I sysui_multi_action: [757,113,758,1,759,113,927,1,928,0,1593,0]
11-08 04:59:48.737 1969 1969 I sysui_multi_action: [757,0,758,1,759,0,927,2,928,0,1593,0]
11-08 04:59:48.737 1969 1969 I sysui_multi_action: [757,0,758,1,759,0,927,3,928,0,1593,0]
11-08 04:59:48.738 1517 1689 I input_focus: [Focus leaving ea9cb2e com.android.settings/com.android.settings.Settings (server),reason=setFocusedWindow]
11-08 04:59:48.738 1517 1689 I input_focus: [Focus entering 1f46765 NotificationShade (server),reason=setFocusedWindow]
11-08 04:59:48.752 1517 1517 I notification_enqueue: [10082,1969,com.android.systemui,2048,NULL,0,Notification(channel=updateNotification shortcut=null contentView=null vibrate=null sound=null defaults=0x0 flags=0x0 color=0x00000000 vis=PRIVATE),1]
11-08 04:59:48.752 1969 1969 I sysui_multi_action: [757,111,758,2]
11-08 04:59:48.752 1969 1969 I sysui_multi_action: [757,111,758,2]
11-08 04:59:48.763 1969 1969 I sysui_multi_action: [757,111,758,1]
11-08 04:59:48.763 1969 1969 I sysui_multi_action: [757,126,758,1,759,126,927,0,928,1,1593,0]
11-08 04:59:48.763 1969 1969 I sysui_multi_action: [757,113,758,1,759,113,927,1,928,0,1593,0]
11-08 04:59:48.763 1969 1969 I sysui_multi_action: [757,0,758,1,759,0,927,2,928,0,1593,0]
11-08 04:59:48.763 1969 1969 I sysui_multi_action: [757,0,758,1,759,0,927,3,928,0,1593,0]
11-08 04:59:48.763 1969 1969 I sysui_multi_action: [757,0,758,1,759,0,927,4,1593,0]
11-08 04:59:48.764 1969 1969 I sysui_multi_action: [757,491,758,1,759,491,927,5,928,0,1311,-1,1593,0]
11-08 04:59:48.764 1969 1969 I sysui_multi_action: [757,122,758,1,759,122,927,6,928,1,1593,0]
11-08 04:59:48.764 1969 1969 I sysui_multi_action: [757,0,758,1,759,0,927,7,928,0,1593,0]
11-08 04:59:48.764 1969 1969 I sysui_multi_action: [757,111,758,1]
11-08 04:59:48.764 1969 1969 I sysui_multi_action: [757,126,758,1,759,126,927,0,928,1,1593,0]
11-08 04:59:48.764 1969 1969 I sysui_multi_action: [757,113,758,1,759,113,927,1,928,0,1593,0]
11-08 04:59:48.764 1969 1969 I sysui_multi_action: [757,0,758,1,759,0,927,2,928,0,1593,0]
11-08 04:59:48.764 1969 1969 I sysui_multi_action: [757,0,758,1,759,0,927,3,928,0,1593,0]
11-08 04:59:48.778 1969 1969 I sysui_multi_action: [757,111,758,2]
11-08 04:59:48.778 1969 1969 I sysui_multi_action: [757,111,758,2]
11-08 04:59:48.778 1517 1517 I notification_enqueue: [10082,1969,com.android.systemui,2048,NULL,0,Notification(channel=updateNotification shortcut=null contentView=null vibrate=null sound=null defaults=0x0 flags=0x0 color=0x00000000 vis=PRIVATE),1]
11-08 04:59:48.785 1969 1969 I sysui_multi_action: [757,111,758,1]
11-08 04:59:48.785 1969 1969 I sysui_multi_action: [757,126,758,1,759,126,927,0,928,1,1593,0]
11-08 04:59:48.785 1969 1969 I sysui_multi_action: [757,113,758,1,759,113,927,1,928,0,1593,0]
11-08 04:59:48.785 1969 1969 I sysui_multi_action: [757,0,758,1,759,0,927,2,928,0,1593,0]
11-08 04:59:48.785 1969 1969 I sysui_multi_action: [757,0,758,1,759,0,927,3,928,0,1593,0]
11-08 04:59:48.785 1969 1969 I sysui_multi_action: [757,0,758,1,759,0,927,4,1593,0]
11-08 04:59:48.786 1969 1969 I sysui_multi_action: [757,491,758,1,759,491,927,5,928,0,1311,-1,1593,0]
11-08 04:59:48.786 1969 1969 I sysui_multi_action: [757,122,758,1,759,122,927,6,928,1,1593,0]
11-08 04:59:48.786 1969 1969 I sysui_multi_action: [757,0,758,1,759,0,927,7,928,0,1593,0]
11-08 04:59:48.786 1969 1969 I sysui_multi_action: [757,111,758,1]
11-08 04:59:48.786 1969 1969 I sysui_multi_action: [757,126,758,1,759,126,927,0,928,1,1593,0]
11-08 04:59:48.786 1969 1969 I sysui_multi_action: [757,113,758,1,759,113,927,1,928,0,1593,0]
11-08 04:59:48.786 1969 1969 I sysui_multi_action: [757,0,758,1,759,0,927,2,928,0,1593,0]
11-08 04:59:48.786 1969 1969 I sysui_multi_action: [757,0,758,1,759,0,927,3,928,0,1593,0]
11-08 04:59:48.799 1969 1969 I sysui_multi_action: [757,111,758,2]
11-08 04:59:48.799 1969 1969 I sysui_multi_action: [757,111,758,2]
11-08 04:59:48.800 1517 1517 I notification_enqueue: [10082,1969,com.android.systemui,2048,NULL,0,Notification(channel=updateNotification shortcut=null contentView=null vibrate=null sound=null defaults=0x0 flags=0x0 color=0x00000000 vis=PRIVATE),1]
11-08 04:59:48.807 1969 1969 I sysui_multi_action: [757,111,758,1]
11-08 04:59:48.807 1969 1969 I sysui_multi_action: [757,126,758,1,759,126,927,0,928,1,1593,0]
11-08 04:59:48.807 1969 1969 I sysui_multi_action: [757,113,758,1,759,113,927,1,928,0,1593,0]
11-08 04:59:48.807 1969 1969 I sysui_multi_action: [757,0,758,1,759,0,927,2,928,0,1593,0]
11-08 04:59:48.807 1969 1969 I sysui_multi_action: [757,0,758,1,759,0,927,3,928,0,1593,0]
11-08 04:59:48.807 1969 1969 I sysui_multi_action: [757,0,758,1,759,0,927,4,1593,0]
11-08 04:59:48.808 1969 1969 I sysui_multi_action: [757,491,758,1,759,491,927,5,928,0,1311,-1,1593,0]
11-08 04:59:48.808 1969 1969 I sysui_multi_action: [757,122,758,1,759,122,927,6,928,1,1593,0]
11-08 04:59:48.808 1969 1969 I sysui_multi_action: [757,0,758,1,759,0,927,7,928,0,1593,0]
11-08 04:59:48.808 1969 1969 I sysui_multi_action: [757,111,758,1]
11-08 04:59:48.808 1969 1969 I sysui_multi_action: [757,126,758,1,759,126,927,0,928,1,1593,0]
11-08 04:59:48.808 1969 1969 I sysui_multi_action: [757,113,758,1,759,113,927,1,928,0,1593,0]
11-08 04:59:48.808 1969 1969 I sysui_multi_action: [757,0,758,1,759,0,927,2,928,0,1593,0]
11-08 04:59:48.808 1969 1969 I sysui_multi_action: [757,0,758,1,759,0,927,3,928,0,1593,0]
11-08 04:59:48.821 1969 1969 I sysui_multi_action: [757,111,758,2]
11-08 04:59:48.821 1969 1969 I sysui_multi_action: [757,111,758,2]
11-08 04:59:48.821 1517 1517 I notification_enqueue: [10082,1969,com.android.systemui,2048,NULL,0,Notification(channel=updateNotification shortcut=null contentView=null vibrate=null sound=null defaults=0x0 flags=0x0 color=0x00000000 vis=PRIVATE),1]
11-08 04:59:48.828 1969 1969 I sysui_multi_action: [757,111,758,1]
11-08 04:59:48.828 1969 1969 I sysui_multi_action: [757,126,758,1,759,126,927,0,928,1,1593,0]
11-08 04:59:48.828 1969 1969 I sysui_multi_action: [757,113,758,1,759,113,927,1,928,0,1593,0]
11-08 04:59:48.828 1969 1969 I sysui_multi_action: [757,0,758,1,759,0,927,2,928,0,1593,0]
11-08 04:59:48.828 1969 1969 I sysui_multi_action: [757,0,758,1,759,0,927,3,928,0,1593,0]
11-08 04:59:48.828 1969 1969 I sysui_multi_action: [757,0,758,1,759,0,927,4,1593,0]
11-08 04:59:48.828 1969 1969 I sysui_multi_action: [757,491,758,1,759,491,927,5,928,0,1311,-1,1593,0]
11-08 04:59:48.828 1969 1969 I sysui_multi_action: [757,122,758,1,759,122,927,6,928,1,1593,0]
11-08 04:59:48.828 1969 1969 I sysui_multi_action: [757,0,758,1,759,0,927,7,928,0,1593,0]
11-08 04:59:48.828 1969 1969 I sysui_multi_action: [757,111,758,1]
11-08 04:59:48.828 1969 1969 I sysui_multi_action: [757,126,758,1,759,126,927,0,928,1,1593,0]
11-08 04:59:48.829 1969 1969 I sysui_multi_action: [757,113,758,1,759,113,927,1,928,0,1593,0]
11-08 04:59:48.829 1969 1969 I sysui_multi_action: [757,0,758,1,759,0,927,2,928,0,1593,0]
11-08 04:59:48.829 1969 1969 I sysui_multi_action: [757,0,758,1,759,0,927,3,928,0,1593,0]
11-08 04:59:48.841 1969 1969 I sysui_multi_action: [757,111,758,2]
11-08 04:59:48.842 1969 1969 I sysui_multi_action: [757,111,758,2]
11-08 04:59:48.842 1517 1517 I notification_enqueue: [10082,1969,com.android.systemui,2048,NULL,0,Notification(channel=updateNotification shortcut=null contentView=null vibrate=null sound=null defaults=0x0 flags=0x0 color=0x00000000 vis=PRIVATE),1]
11-08 04:59:48.848 1969 1969 I sysui_multi_action: [757,111,758,1]
11-08 04:59:48.848 1969 1969 I sysui_multi_action: [757,126,758,1,759,126,927,0,928,1,1593,0]
11-08 04:59:48.848 1969 1969 I sysui_multi_action: [757,113,758,1,759,113,927,1,928,0,1593,0]
11-08 04:59:48.848 1969 1969 I sysui_multi_action: [757,0,758,1,759,0,927,2,928,0,1593,0]
11-08 04:59:48.848 1969 1969 I sysui_multi_action: [757,0,758,1,759,0,927,3,928,0,1593,0]
11-08 04:59:48.848 1969 1969 I sysui_multi_action: [757,0,758,1,759,0,927,4,1593,0]
11-08 04:59:48.848 1969 1969 I sysui_multi_action: [757,491,758,1,759,491,927,5,928,0,1311,-1,1593,0]
11-08 04:59:48.848 1969 1969 I sysui_multi_action: [757,122,758,1,759,122,927,6,928,1,1593,0]
11-08 04:59:48.849 1969 1969 I sysui_multi_action: [757,0,758,1,759,0,927,7,928,0,1593,0]
11-08 04:59:48.849 1969 1969 I sysui_multi_action: [757,111,758,1]
11-08 04:59:48.849 1969 1969 I sysui_multi_action: [757,126,758,1,759,126,927,0,928,1,1593,0]
11-08 04:59:48.849 1969 1969 I sysui_multi_action: [757,113,758,1,759,113,927,1,928,0,1593,0]
11-08 04:59:48.849 1969 1969 I sysui_multi_action: [757,0,758,1,759,0,927,2,928,0,1593,0]
11-08 04:59:48.849 1969 1969 I sysui_multi_action: [757,0,758,1,759,0,927,3,928,0,1593,0]
11-08 04:59:48.864 1969 1969 I sysui_multi_action: [757,111,758,2]
11-08 04:59:48.864 1969 1969 I sysui_multi_action: [757,111,758,2]
11-08 04:59:48.864 1517 1517 I notification_enqueue: [10082,1969,com.android.systemui,2048,NULL,0,Notification(channel=updateNotification shortcut=null contentView=null vibrate=null sound=null defaults=0x0 flags=0x0 color=0x00000000 vis=PRIVATE),1]
11-08 04:59:48.871 1969 1969 I sysui_multi_action: [757,111,758,1]
11-08 04:59:48.871 1969 1969 I sysui_multi_action: [757,126,758,1,759,126,927,0,928,1,1593,0]
11-08 04:59:48.871 1969 1969 I sysui_multi_action: [757,113,758,1,759,113,927,1,928,0,1593,0]
11-08 04:59:48.871 1969 1969 I sysui_multi_action: [757,0,758,1,759,0,927,2,928,0,1593,0]
11-08 04:59:48.871 1969 1969 I sysui_multi_action: [757,0,758,1,759,0,927,3,928,0,1593,0]
11-08 04:59:48.871 1969 1969 I sysui_multi_action: [757,0,758,1,759,0,927,4,1593,0]
11-08 04:59:48.872 1969 1969 I sysui_multi_action: [757,491,758,1,759,491,927,5,928,0,1311,-1,1593,0]
11-08 04:59:48.872 1969 1969 I sysui_multi_action: [757,122,758,1,759,122,927,6,928,1,1593,0]
11-08 04:59:48.872 1969 1969 I sysui_multi_action: [757,0,758,1,759,0,927,7,928,0,1593,0]
11-08 04:59:48.872 1969 1969 I sysui_multi_action: [757,111,758,1]
11-08 04:59:48.872 1969 1969 I sysui_multi_action: [757,126,758,1,759,126,927,0,928,1,1593,0]
11-08 04:59:48.872 1969 1969 I sysui_multi_action: [757,113,758,1,759,113,927,1,928,0,1593,0]
11-08 04:59:48.872 1969 1969 I sysui_multi_action: [757,0,758,1,759,0,927,2,928,0,1593,0]
11-08 04:59:48.872 1969 1969 I sysui_multi_action: [757,0,758,1,759,0,927,3,928,0,1593,0]
11-08 04:59:48.885 1517 1517 I sysui_multi_action: [757,1501,758,1,793,10175026,794,0,795,205,796,2048,806,com.android.systemui,857,updateNotification,858,3,947,0,1500,0,1688,1]
11-08 04:59:48.886 1517 1517 I sysui_multi_action: [757,804,799,note_interruptive,801,0,802,1]
11-08 04:59:48.886 1517 1517 I sysui_multi_action: [757,199,758,1,759,2,793,10175027,794,0,795,206,796,2048,806,com.android.systemui,857,updateNotification,858,3,947,0,1500,1,1688,1]
11-08 04:59:48.887 1517 1517 I notification_alert: [0|com.android.systemui|2048|null|10082,0,1,0]
11-08 04:59:49.242 1517 5798 I sysui_multi_action: [757,128,758,1,793,8027,794,0,795,8027,796,26,798,0,806,android,857,DEVELOPER_IMPORTANT,858,4,947,0,1395,2,1500,7797,1688,1]
11-08 04:59:49.243 1517 5798 I sysui_multi_action: [757,804,799,note_freshness,801,8027,802,1]
11-08 04:59:49.243 1517 5798 I notification_visibility: [-1|android|26|null|1000,1,8027,8027,0,0]
11-08 04:59:49.244 1517 5798 I sysui_multi_action: [757,128,758,1,793,8027,794,0,795,8027,796,32,798,1,806,android,857,USB,858,1,947,0,1395,2,1500,7798,1688,1]
11-08 04:59:49.244 1517 5798 I sysui_multi_action: [757,804,799,note_freshness,801,8027,802,1]
11-08 04:59:49.244 1517 5798 I notification_visibility: [-1|android|32|null|1000,1,8027,8027,0,1]
11-08 04:59:49.683 0 0 I auditd : type=1400 audit(0.0:10782): avc: denied { kill } for comm="swapper/0" capability=5 scontext=u:r:kernel:s0 tcontext=u:r:kernel:s0 tclass=capability permissive=0
11-08 04:59:49.996 1517 1689 I input_interaction: Interaction with: 1f46765 NotificationShade (server), edge-swipe (server), swipe-up (server), PointerEventDispatcher0 (server),
11-08 04:59:50.095 1969 1969 I sysui_multi_action: [757,407,758,4,759,1]
11-08 04:59:50.245 1517 2100 I sysui_multi_action: [757,128,758,3,793,9028,794,1001,795,9028,796,32,806,android,857,USB,858,1,947,0,1500,8799,1688,1]
11-08 04:59:51.683 0 0 I auditd : type=1400 audit(0.0:10783): avc: denied { kill } for comm="swapper/0" capability=5 scontext=u:r:kernel:s0 tcontext=u:r:kernel:s0 tclass=capability permissive=0
11-08 04:59:52.683 0 0 I auditd : type=1400 audit(0.0:10784): avc: denied { kill } for comm="swapper/0" capability=5 scontext=u:r:kernel:s0 tcontext=u:r:kernel:s0 tclass=capability permissive=0
11-08 04:59:52.762 1969 1969 I sysui_multi_action: [757,111,758,2]
11-08 04:59:52.762 1517 1517 I notification_enqueue: [10082,1969,com.android.systemui,2048,NULL,0,Notification(channel=updateNotification shortcut=null contentView=null vibrate=null sound=null defaults=0x0 flags=0x0 color=0x00000000 vis=PRIVATE),1]
11-08 04:59:52.762 1969 1969 I sysui_multi_action: [757,111,758,2]
11-08 04:59:52.780 1969 1969 I sysui_multi_action: [757,111,758,1]
11-08 04:59:52.780 1969 1969 I sysui_multi_action: [757,126,758,1,759,126,927,0,928,1,1593,1]
11-08 04:59:52.780 1969 1969 I sysui_multi_action: [757,113,758,1,759,113,927,1,928,0,1593,1]
11-08 04:59:52.780 1969 1969 I sysui_multi_action: [757,0,758,1,759,0,927,2,928,0,1593,1]
11-08 04:59:52.780 1969 1969 I sysui_multi_action: [757,0,758,1,759,0,927,3,928,0,1593,1]
11-08 04:59:52.780 1969 1969 I sysui_multi_action: [757,0,758,1,759,0,927,4,1593,1]
11-08 04:59:52.781 1969 1969 I sysui_multi_action: [757,491,758,1,759,491,927,5,928,0,1311,-1,1593,0]
11-08 04:59:52.781 1969 1969 I sysui_multi_action: [757,122,758,1,759,122,927,6,928,1,1593,0]
11-08 04:59:52.781 1969 1969 I sysui_multi_action: [757,0,758,1,759,0,927,7,928,0,1593,0]
11-08 04:59:52.781 1969 1969 I sysui_multi_action: [757,111,758,1]
11-08 04:59:52.781 1969 1969 I sysui_multi_action: [757,126,758,1,759,126,927,0,928,1,1593,1]
11-08 04:59:52.781 1969 1969 I sysui_multi_action: [757,113,758,1,759,113,927,1,928,0,1593,1]
11-08 04:59:52.782 1969 1969 I sysui_multi_action: [757,0,758,1,759,0,927,2,928,0,1593,1]
11-08 04:59:52.782 1969 1969 I sysui_multi_action: [757,0,758,1,759,0,927,3,928,0,1593,1]
11-08 04:59:52.809 1969 1969 I sysui_multi_action: [757,111,758,2]
11-08 04:59:52.809 1517 1517 I notification_enqueue: [10082,1969,com.android.systemui,2048,NULL,0,Notification(channel=updateNotification shortcut=null contentView=null vibrate=null sound=null defaults=0x0 flags=0x0 color=0x00000000 vis=PRIVATE),1]
11-08 04:59:52.809 1969 1969 I sysui_multi_action: [757,111,758,2]
11-08 04:59:52.821 1969 1969 I sysui_multi_action: [757,111,758,1]
11-08 04:59:52.821 1969 1969 I sysui_multi_action: [757,126,758,1,759,126,927,0,928,1,1593,1]
11-08 04:59:52.822 1969 1969 I sysui_multi_action: [757,113,758,1,759,113,927,1,928,0,1593,1]
11-08 04:59:52.822 1969 1969 I sysui_multi_action: [757,0,758,1,759,0,927,2,928,0,1593,1]
11-08 04:59:52.822 1969 1969 I sysui_multi_action: [757,0,758,1,759,0,927,3,928,0,1593,1]
11-08 04:59:52.822 1969 1969 I sysui_multi_action: [757,0,758,1,759,0,927,4,1593,1]
11-08 04:59:52.822 1969 1969 I sysui_multi_action: [757,491,758,1,759,491,927,5,928,0,1311,-1,1593,0]
11-08 04:59:52.822 1969 1969 I sysui_multi_action: [757,122,758,1,759,122,927,6,928,1,1593,0]
11-08 04:59:52.822 1969 1969 I sysui_multi_action: [757,0,758,1,759,0,927,7,928,0,1593,0]
11-08 04:59:52.822 1969 1969 I sysui_multi_action: [757,111,758,1]
11-08 04:59:52.822 1969 1969 I sysui_multi_action: [757,126,758,1,759,126,927,0,928,1,1593,1]
11-08 04:59:52.822 1969 1969 I sysui_multi_action: [757,113,758,1,759,113,927,1,928,0,1593,1]
11-08 04:59:52.822 1969 1969 I sysui_multi_action: [757,0,758,1,759,0,927,2,928,0,1593,1]
11-08 04:59:52.822 1969 1969 I sysui_multi_action: [757,0,758,1,759,0,927,3,928,0,1593,1]
11-08 04:59:52.844 1969 1969 I sysui_multi_action: [757,111,758,2]
11-08 04:59:52.844 1517 1517 I notification_enqueue: [10082,1969,com.android.systemui,2048,NULL,0,Notification(channel=updateNotification shortcut=null contentView=null vibrate=null sound=null defaults=0x0 flags=0x0 color=0x00000000 vis=PRIVATE),1]
11-08 04:59:52.844 1969 1969 I sysui_multi_action: [757,111,758,2]
11-08 04:59:52.852 1969 1969 I sysui_multi_action: [757,111,758,1]
11-08 04:59:52.852 1969 1969 I sysui_multi_action: [757,126,758,1,759,126,927,0,928,1,1593,1]
11-08 04:59:52.852 1969 1969 I sysui_multi_action: [757,113,758,1,759,113,927,1,928,0,1593,1]
11-08 04:59:52.852 1969 1969 I sysui_multi_action: [757,0,758,1,759,0,927,2,928,0,1593,1]
11-08 04:59:52.852 1969 1969 I sysui_multi_action: [757,0,758,1,759,0,927,3,928,0,1593,1]
11-08 04:59:52.853 1969 1969 I sysui_multi_action: [757,0,758,1,759,0,927,4,1593,1]
11-08 04:59:52.853 1969 1969 I sysui_multi_action: [757,491,758,1,759,491,927,5,928,0,1311,-1,1593,0]
11-08 04:59:52.853 1969 1969 I sysui_multi_action: [757,122,758,1,759,122,927,6,928,1,1593,0]
11-08 04:59:52.853 1969 1969 I sysui_multi_action: [757,0,758,1,759,0,927,7,928,0,1593,0]
11-08 04:59:52.853 1969 1969 I sysui_multi_action: [757,111,758,1]
11-08 04:59:52.853 1969 1969 I sysui_multi_action: [757,126,758,1,759,126,927,0,928,1,1593,1]
11-08 04:59:52.853 1969 1969 I sysui_multi_action: [757,113,758,1,759,113,927,1,928,0,1593,1]
11-08 04:59:52.853 1969 1969 I sysui_multi_action: [757,0,758,1,759,0,927,2,928,0,1593,1]
11-08 04:59:52.853 1969 1969 I sysui_multi_action: [757,0,758,1,759,0,927,3,928,0,1593,1]
11-08 04:59:52.868 1969 1969 I sysui_multi_action: [757,111,758,2]
11-08 04:59:52.868 1969 1969 I sysui_multi_action: [757,111,758,2]
11-08 04:59:52.868 1517 1517 I notification_enqueue: [10082,1969,com.android.systemui,2048,NULL,0,Notification(channel=updateNotification shortcut=null contentView=null vibrate=null sound=null defaults=0x0 flags=0x0 color=0x00000000 vis=PRIVATE),1]
11-08 04:59:52.876 1969 1969 I sysui_multi_action: [757,111,758,1]
11-08 04:59:52.876 1969 1969 I sysui_multi_action: [757,126,758,1,759,126,927,0,928,1,1593,1]
11-08 04:59:52.876 1969 1969 I sysui_multi_action: [757,113,758,1,759,113,927,1,928,0,1593,1]
11-08 04:59:52.876 1969 1969 I sysui_multi_action: [757,0,758,1,759,0,927,2,928,0,1593,1]
11-08 04:59:52.876 1969 1969 I sysui_multi_action: [757,0,758,1,759,0,927,3,928,0,1593,1]
11-08 04:59:52.876 1969 1969 I sysui_multi_action: [757,0,758,1,759,0,927,4,1593,1]
11-08 04:59:52.876 1969 1969 I sysui_multi_action: [757,491,758,1,759,491,927,5,928,0,1311,-1,1593,0]
11-08 04:59:52.876 1969 1969 I sysui_multi_action: [757,122,758,1,759,122,927,6,928,1,1593,0]
11-08 04:59:52.876 1969 1969 I sysui_multi_action: [757,0,758,1,759,0,927,7,928,0,1593,0]
11-08 04:59:52.876 1969 1969 I sysui_multi_action: [757,111,758,1]
11-08 04:59:52.876 1969 1969 I sysui_multi_action: [757,126,758,1,759,126,927,0,928,1,1593,1]
11-08 04:59:52.877 1969 1969 I sysui_multi_action: [757,113,758,1,759,113,927,1,928,0,1593,1]
11-08 04:59:52.877 1969 1969 I sysui_multi_action: [757,0,758,1,759,0,927,2,928,0,1593,1]
11-08 04:59:52.877 1969 1969 I sysui_multi_action: [757,0,758,1,759,0,927,3,928,0,1593,1]
11-08 04:59:52.888 1969 1969 I sysui_multi_action: [757,111,758,2]
11-08 04:59:52.888 1969 1969 I sysui_multi_action: [757,111,758,2]
11-08 04:59:52.888 1517 1517 I notification_enqueue: [10082,1969,com.android.systemui,2048,NULL,0,Notification(channel=updateNotification shortcut=null contentView=null vibrate=null sound=null defaults=0x0 flags=0x0 color=0x00000000 vis=PRIVATE),1]
11-08 04:59:52.895 1969 1969 I sysui_multi_action: [757,111,758,1]
11-08 04:59:52.895 1969 1969 I sysui_multi_action: [757,126,758,1,759,126,927,0,928,1,1593,1]
11-08 04:59:52.895 1969 1969 I sysui_multi_action: [757,113,758,1,759,113,927,1,928,0,1593,1]
11-08 04:59:52.895 1969 1969 I sysui_multi_action: [757,0,758,1,759,0,927,2,928,0,1593,1]
11-08 04:59:52.895 1969 1969 I sysui_multi_action: [757,0,758,1,759,0,927,3,928,0,1593,1]
11-08 04:59:52.895 1969 1969 I sysui_multi_action: [757,0,758,1,759,0,927,4,1593,1]
11-08 04:59:52.895 1969 1969 I sysui_multi_action: [757,491,758,1,759,491,927,5,928,0,1311,-1,1593,0]
11-08 04:59:52.895 1969 1969 I sysui_multi_action: [757,122,758,1,759,122,927,6,928,1,1593,0]
11-08 04:59:52.895 1969 1969 I sysui_multi_action: [757,0,758,1,759,0,927,7,928,0,1593,0]
11-08 04:59:52.895 1969 1969 I sysui_multi_action: [757,111,758,1]
11-08 04:59:52.895 1969 1969 I sysui_multi_action: [757,126,758,1,759,126,927,0,928,1,1593,1]
11-08 04:59:52.895 1969 1969 I sysui_multi_action: [757,113,758,1,759,113,927,1,928,0,1593,1]
11-08 04:59:52.895 1969 1969 I sysui_multi_action: [757,0,758,1,759,0,927,2,928,0,1593,1]
11-08 04:59:52.895 1969 1969 I sysui_multi_action: [757,0,758,1,759,0,927,3,928,0,1593,1]
11-08 04:59:52.907 1969 1969 I sysui_multi_action: [757,111,758,2]
11-08 04:59:52.907 1517 1517 I notification_enqueue: [10082,1969,com.android.systemui,2048,NULL,0,Notification(channel=updateNotification shortcut=null contentView=null vibrate=null sound=null defaults=0x0 flags=0x0 color=0x00000000 vis=PRIVATE),1]
11-08 04:59:52.907 1969 1969 I sysui_multi_action: [757,111,758,2]
11-08 04:59:52.913 1969 1969 I sysui_multi_action: [757,111,758,1]
11-08 04:59:52.913 1969 1969 I sysui_multi_action: [757,126,758,1,759,126,927,0,928,1,1593,1]
11-08 04:59:52.913 1969 1969 I sysui_multi_action: [757,113,758,1,759,113,927,1,928,0,1593,1]
11-08 04:59:52.913 1969 1969 I sysui_multi_action: [757,0,758,1,759,0,927,2,928,0,1593,1]
11-08 04:59:52.913 1969 1969 I sysui_multi_action: [757,0,758,1,759,0,927,3,928,0,1593,1]
11-08 04:59:52.913 1969 1969 I sysui_multi_action: [757,0,758,1,759,0,927,4,1593,1]
11-08 04:59:52.913 1969 1969 I sysui_multi_action: [757,491,758,1,759,491,927,5,928,0,1311,-1,1593,0]
11-08 04:59:52.914 1969 1969 I sysui_multi_action: [757,122,758,1,759,122,927,6,928,1,1593,0]
11-08 04:59:52.914 1969 1969 I sysui_multi_action: [757,0,758,1,759,0,927,7,928,0,1593,0]
11-08 04:59:52.914 1969 1969 I sysui_multi_action: [757,111,758,1]
11-08 04:59:52.914 1969 1969 I sysui_multi_action: [757,126,758,1,759,126,927,0,928,1,1593,1]
11-08 04:59:52.914 1969 1969 I sysui_multi_action: [757,113,758,1,759,113,927,1,928,0,1593,1]
11-08 04:59:52.914 1969 1969 I sysui_multi_action: [757,0,758,1,759,0,927,2,928,0,1593,1]
11-08 04:59:52.914 1969 1969 I sysui_multi_action: [757,0,758,1,759,0,927,3,928,0,1593,1]
11-08 04:59:52.925 1969 1969 I sysui_multi_action: [757,111,758,2]
11-08 04:59:52.925 1969 1969 I sysui_multi_action: [757,111,758,2]
11-08 04:59:52.925 1517 1517 I notification_enqueue: [10082,1969,com.android.systemui,2048,NULL,0,Notification(channel=updateNotification shortcut=null contentView=null vibrate=null sound=null defaults=0x0 flags=0x0 color=0x00000000 vis=PRIVATE),1]
11-08 04:59:52.931 1969 1969 I sysui_multi_action: [757,111,758,1]
11-08 04:59:52.931 1969 1969 I sysui_multi_action: [757,126,758,1,759,126,927,0,928,1,1593,0]
11-08 04:59:52.931 1969 1969 I sysui_multi_action: [757,113,758,1,759,113,927,1,928,0,1593,0]
11-08 04:59:52.931 1969 1969 I sysui_multi_action: [757,0,758,1,759,0,927,2,928,0,1593,0]
11-08 04:59:52.931 1969 1969 I sysui_multi_action: [757,0,758,1,759,0,927,3,928,0,1593,0]
11-08 04:59:52.931 1969 1969 I sysui_multi_action: [757,0,758,1,759,0,927,4,1593,0]
11-08 04:59:52.931 1969 1969 I sysui_multi_action: [757,491,758,1,759,491,927,5,928,0,1311,-1,1593,0]
11-08 04:59:52.931 1969 1969 I sysui_multi_action: [757,122,758,1,759,122,927,6,928,1,1593,0]
11-08 04:59:52.931 1969 1969 I sysui_multi_action: [757,0,758,1,759,0,927,7,928,0,1593,0]
11-08 04:59:52.932 1969 1969 I sysui_multi_action: [757,111,758,1]
11-08 04:59:52.932 1969 1969 I sysui_multi_action: [757,126,758,1,759,126,927,0,928,1,1593,0]
11-08 04:59:52.932 1969 1969 I sysui_multi_action: [757,113,758,1,759,113,927,1,928,0,1593,0]
11-08 04:59:52.932 1969 1969 I sysui_multi_action: [757,0,758,1,759,0,927,2,928,0,1593,0]
11-08 04:59:52.932 1969 1969 I sysui_multi_action: [757,0,758,1,759,0,927,3,928,0,1593,0]
11-08 04:59:52.943 1969 1969 I sysui_multi_action: [757,111,758,2]
11-08 04:59:52.943 1969 1969 I sysui_multi_action: [757,111,758,2]
11-08 04:59:52.943 1517 1517 I notification_enqueue: [10082,1969,com.android.systemui,2048,NULL,0,Notification(channel=updateNotification shortcut=null contentView=null vibrate=null sound=null defaults=0x0 flags=0x0 color=0x00000000 vis=PRIVATE),1]
11-08 04:59:52.950 1969 1969 I sysui_multi_action: [757,111,758,1]
11-08 04:59:52.950 1969 1969 I sysui_multi_action: [757,126,758,1,759,126,927,0,928,1,1593,1]
11-08 04:59:52.950 1969 1969 I sysui_multi_action: [757,113,758,1,759,113,927,1,928,0,1593,1]
11-08 04:59:52.950 1969 1969 I sysui_multi_action: [757,0,758,1,759,0,927,2,928,0,1593,1]
11-08 04:59:52.950 1969 1969 I sysui_multi_action: [757,0,758,1,759,0,927,3,928,0,1593,1]
11-08 04:59:52.950 1969 1969 I sysui_multi_action: [757,0,758,1,759,0,927,4,1593,1]
11-08 04:59:52.950 1969 1969 I sysui_multi_action: [757,491,758,1,759,491,927,5,928,0,1311,-1,1593,0]
11-08 04:59:52.950 1969 1969 I sysui_multi_action: [757,122,758,1,759,122,927,6,928,1,1593,0]
11-08 04:59:52.950 1969 1969 I sysui_multi_action: [757,0,758,1,759,0,927,7,928,0,1593,0]
11-08 04:59:52.950 1969 1969 I sysui_multi_action: [757,111,758,1]
11-08 04:59:52.950 1969 1969 I sysui_multi_action: [757,126,758,1,759,126,927,0,928,1,1593,1]
11-08 04:59:52.950 1969 1969 I sysui_multi_action: [757,113,758,1,759,113,927,1,928,0,1593,1]
11-08 04:59:52.950 1969 1969 I sysui_multi_action: [757,0,758,1,759,0,927,2,928,0,1593,1]
11-08 04:59:52.950 1969 1969 I sysui_multi_action: [757,0,758,1,759,0,927,3,928,0,1593,1]
11-08 04:59:52.962 1969 1969 I sysui_multi_action: [757,111,758,2]
11-08 04:59:52.962 1969 1969 I sysui_multi_action: [757,111,758,2]
11-08 04:59:52.962 1517 1517 I notification_enqueue: [10082,1969,com.android.systemui,2048,NULL,0,Notification(channel=updateNotification shortcut=null contentView=null vibrate=null sound=null defaults=0x0 flags=0x0 color=0x00000000 vis=PRIVATE),1]
11-08 04:59:52.964 1517 1517 I sysui_multi_action: [757,1501,758,1,793,10179105,794,0,795,205,796,2048,806,com.android.systemui,857,updateNotification,858,3,947,0,1500,0,1688,1]
11-08 04:59:52.965 1517 1517 I sysui_multi_action: [757,804,799,note_interruptive,801,0,802,1]
11-08 04:59:52.965 1517 1517 I sysui_multi_action: [757,199,758,1,759,2,793,10179106,794,0,795,206,796,2048,806,com.android.systemui,857,updateNotification,858,3,947,0,1500,1,1688,1]
11-08 04:59:52.965 1517 1517 I notification_alert: [0|com.android.systemui|2048|null|10082,0,1,0]
11-08 04:59:52.969 1969 1969 I sysui_multi_action: [757,111,758,1]
11-08 04:59:52.969 1969 1969 I sysui_multi_action: [757,126,758,1,759,126,927,0,928,1,1593,1]
11-08 04:59:52.969 1969 1969 I sysui_multi_action: [757,113,758,1,759,113,927,1,928,0,1593,1]
11-08 04:59:52.969 1969 1969 I sysui_multi_action: [757,0,758,1,759,0,927,2,928,0,1593,1]
11-08 04:59:52.969 1969 1969 I sysui_multi_action: [757,0,758,1,759,0,927,3,928,0,1593,1]
11-08 04:59:52.969 1969 1969 I sysui_multi_action: [757,0,758,1,759,0,927,4,1593,1]
11-08 04:59:52.969 1969 1969 I sysui_multi_action: [757,491,758,1,759,491,927,5,928,0,1311,-1,1593,0]
11-08 04:59:52.969 1969 1969 I sysui_multi_action: [757,122,758,1,759,122,927,6,928,1,1593,0]
11-08 04:59:52.969 1969 1969 I sysui_multi_action: [757,0,758,1,759,0,927,7,928,0,1593,0]
11-08 04:59:52.969 1969 1969 I sysui_multi_action: [757,111,758,1]
11-08 04:59:52.969 1969 1969 I sysui_multi_action: [757,126,758,1,759,126,927,0,928,1,1593,1]
11-08 04:59:52.969 1969 1969 I sysui_multi_action: [757,113,758,1,759,113,927,1,928,0,1593,1]
11-08 04:59:52.969 1969 1969 I sysui_multi_action: [757,0,758,1,759,0,927,2,928,0,1593,1]
11-08 04:59:52.969 1969 1969 I sysui_multi_action: [757,0,758,1,759,0,927,3,928,0,1593,1]
11-08 04:59:52.982 1969 1969 I sysui_multi_action: [757,111,758,2]
11-08 04:59:52.982 1517 1517 I notification_enqueue: [10082,1969,com.android.systemui,2048,NULL,0,Notification(channel=updateNotification shortcut=null contentView=null vibrate=null sound=null defaults=0x0 flags=0x0 color=0x00000000 vis=PRIVATE),1]
11-08 04:59:52.982 1969 1969 I sysui_multi_action: [757,111,758,2]
11-08 04:59:52.988 1969 1969 I sysui_multi_action: [757,111,758,1]
11-08 04:59:52.988 1969 1969 I sysui_multi_action: [757,126,758,1,759,126,927,0,928,1,1593,0]
11-08 04:59:52.988 1969 1969 I sysui_multi_action: [757,113,758,1,759,113,927,1,928,0,1593,0]
11-08 04:59:52.988 1969 1969 I sysui_multi_action: [757,0,758,1,759,0,927,2,928,0,1593,0]
11-08 04:59:52.988 1969 1969 I sysui_multi_action: [757,0,758,1,759,0,927,3,928,0,1593,0]
11-08 04:59:52.989 1969 1969 I sysui_multi_action: [757,0,758,1,759,0,927,4,1593,0]
11-08 04:59:52.989 1969 1969 I sysui_multi_action: [757,491,758,1,759,491,927,5,928,0,1311,-1,1593,0]
11-08 04:59:52.989 1969 1969 I sysui_multi_action: [757,122,758,1,759,122,927,6,928,1,1593,0]
11-08 04:59:52.989 1969 1969 I sysui_multi_action: [757,0,758,1,759,0,927,7,928,0,1593,0]
11-08 04:59:52.989 1969 1969 I sysui_multi_action: [757,111,758,1]
11-08 04:59:52.989 1969 1969 I sysui_multi_action: [757,126,758,1,759,126,927,0,928,1,1593,1]
11-08 04:59:52.989 1969 1969 I sysui_multi_action: [757,113,758,1,759,113,927,1,928,0,1593,1]
11-08 04:59:52.989 1969 1969 I sysui_multi_action: [757,0,758,1,759,0,927,2,928,0,1593,1]
11-08 04:59:52.989 1969 1969 I sysui_multi_action: [757,0,758,1,759,0,927,3,928,0,1593,1]
11-08 04:59:53.007 1969 1969 I sysui_multi_action: [757,111,758,2]
11-08 04:59:53.007 1517 1517 I notification_enqueue: [10082,1969,com.android.systemui,2048,NULL,0,Notification(channel=updateNotification shortcut=null contentView=null vibrate=null sound=null defaults=0x0 flags=0x0 color=0x00000000 vis=PRIVATE),1]
11-08 04:59:53.007 1969 1969 I sysui_multi_action: [757,111,758,2]
11-08 04:59:53.014 1969 1969 I sysui_multi_action: [757,111,758,1]
11-08 04:59:53.014 1969 1969 I sysui_multi_action: [757,126,758,1,759,126,927,0,928,1,1593,1]
11-08 04:59:53.014 1969 1969 I sysui_multi_action: [757,113,758,1,759,113,927,1,928,0,1593,1]
11-08 04:59:53.014 1969 1969 I sysui_multi_action: [757,0,758,1,759,0,927,2,928,0,1593,1]
11-08 04:59:53.014 1969 1969 I sysui_multi_action: [757,0,758,1,759,0,927,3,928,0,1593,1]
11-08 04:59:53.014 1969 1969 I sysui_multi_action: [757,0,758,1,759,0,927,4,1593,1]
