11-08 05:03:07.819 1969 1969 I sysui_multi_action: [757,0,758,1,759,0,927,2,928,0,1593,0]
11-08 05:03:07.819 1969 1969 I sysui_multi_action: [757,0,758,1,759,0,927,3,928,0,1593,0]
11-08 05:03:07.819 1969 1969 I sysui_multi_action: [757,0,758,1,759,0,927,4,1593,0]
11-08 05:03:07.819 1969 1969 I sysui_multi_action: [757,491,758,1,759,491,927,5,928,0,1311,-1,1593,0]
11-08 05:03:07.819 1969 1969 I sysui_multi_action: [757,122,758,1,759,122,927,6,928,1,1593,0]
11-08 05:03:07.819 1969 1969 I sysui_multi_action: [757,0,758,1,759,0,927,7,928,0,1593,0]
11-08 05:03:07.819 1969 1969 I sysui_multi_action: [757,111,758,1]
11-08 05:03:07.819 1969 1969 I sysui_multi_action: [757,126,758,1,759,126,927,0,928,1,1593,0]
11-08 05:03:07.819 1969 1969 I sysui_multi_action: [757,113,758,1,759,113,927,1,928,0,1593,0]
11-08 05:03:07.819 1969 1969 I sysui_multi_action: [757,0,758,1,759,0,927,2,928,0,1593,0]
11-08 05:03:07.820 1969 1969 I sysui_multi_action: [757,0,758,1,759,0,927,3,928,0,1593,0]
11-08 05:03:07.832 1969 1969 I sysui_multi_action: [757,111,758,2]
11-08 05:03:07.832 1969 1969 I sysui_multi_action: [757,111,758,2]
11-08 05:03:07.832 1517 1517 I notification_enqueue: [10082,1969,com.android.systemui,2048,NULL,0,Notification(channel=updateNotification shortcut=null contentView=null vibrate=null sound=null defaults=0x0 flags=0x0 color=0x00000000 vis=PRIVATE),1]
11-08 05:03:07.838 1969 1969 I sysui_multi_action: [757,111,758,1]
11-08 05:03:07.839 1969 1969 I sysui_multi_action: [757,126,758,1,759,126,927,0,928,1,1593,0]
11-08 05:03:07.839 1969 1969 I sysui_multi_action: [757,113,758,1,759,113,927,1,928,0,1593,0]
11-08 05:03:07.839 1969 1969 I sysui_multi_action: [757,0,758,1,759,0,927,2,928,0,1593,0]
11-08 05:03:07.839 1969 1969 I sysui_multi_action: [757,0,758,1,759,0,927,3,928,0,1593,0]
11-08 05:03:07.839 1969 1969 I sysui_multi_action: [757,0,758,1,759,0,927,4,1593,0]
11-08 05:03:07.839 1969 1969 I sysui_multi_action: [757,491,758,1,759,491,927,5,928,0,1311,-1,1593,0]
11-08 05:03:07.839 1969 1969 I sysui_multi_action: [757,122,758,1,759,122,927,6,928,1,1593,0]
11-08 05:03:07.839 1969 1969 I sysui_multi_action: [757,0,758,1,759,0,927,7,928,0,1593,0]
11-08 05:03:07.839 1969 1969 I sysui_multi_action: [757,111,758,1]
11-08 05:03:07.839 1969 1969 I sysui_multi_action: [757,126,758,1,759,126,927,0,928,1,1593,0]
11-08 05:03:07.839 1969 1969 I sysui_multi_action: [757,113,758,1,759,113,927,1,928,0,1593,0]
11-08 05:03:07.839 1969 1969 I sysui_multi_action: [757,0,758,1,759,0,927,2,928,0,1593,0]
11-08 05:03:07.839 1969 1969 I sysui_multi_action: [757,0,758,1,759,0,927,3,928,0,1593,0]
11-08 05:03:07.852 1969 1969 I sysui_multi_action: [757,111,758,2]
11-08 05:03:07.852 1969 1969 I sysui_multi_action: [757,111,758,2]
11-08 05:03:07.852 1517 1517 I notification_enqueue: [10082,1969,com.android.systemui,2048,NULL,0,Notification(channel=updateNotification shortcut=null contentView=null vibrate=null sound=null defaults=0x0 flags=0x0 color=0x00000000 vis=PRIVATE),1]
11-08 05:03:07.861 1969 1969 I sysui_multi_action: [757,111,758,1]
11-08 05:03:07.861 1969 1969 I sysui_multi_action: [757,126,758,1,759,126,927,0,928,1,1593,0]
11-08 05:03:07.861 1969 1969 I sysui_multi_action: [757,113,758,1,759,113,927,1,928,0,1593,0]
11-08 05:03:07.861 1969 1969 I sysui_multi_action: [757,0,758,1,759,0,927,2,928,0,1593,0]
11-08 05:03:07.861 1969 1969 I sysui_multi_action: [757,0,758,1,759,0,927,3,928,0,1593,0]
11-08 05:03:07.861 1969 1969 I sysui_multi_action: [757,0,758,1,759,0,927,4,1593,0]
11-08 05:03:07.861 1969 1969 I sysui_multi_action: [757,491,758,1,759,491,927,5,928,0,1311,-1,1593,0]
11-08 05:03:07.861 1969 1969 I sysui_multi_action: [757,122,758,1,759,122,927,6,928,1,1593,0]
11-08 05:03:07.861 1969 1969 I sysui_multi_action: [757,0,758,1,759,0,927,7,928,0,1593,0]
11-08 05:03:07.861 1969 1969 I sysui_multi_action: [757,111,758,1]
11-08 05:03:07.862 1969 1969 I sysui_multi_action: [757,126,758,1,759,126,927,0,928,1,1593,0]
11-08 05:03:07.862 1969 1969 I sysui_multi_action: [757,113,758,1,759,113,927,1,928,0,1593,0]
11-08 05:03:07.862 1969 1969 I sysui_multi_action: [757,0,758,1,759,0,927,2,928,0,1593,0]
11-08 05:03:07.862 1969 1969 I sysui_multi_action: [757,0,758,1,759,0,927,3,928,0,1593,0]
11-08 05:03:07.871 1517 1517 I sysui_multi_action: [757,1501,758,1,793,10374012,794,0,795,206,796,2048,806,com.android.systemui,857,updateNotification,858,3,947,0,1500,0,1688,1]
11-08 05:03:07.872 1517 1517 I sysui_multi_action: [757,804,799,note_interruptive,801,0,802,1]
11-08 05:03:07.872 1517 1517 I sysui_multi_action: [757,199,758,1,759,2,793,10374013,794,0,795,207,796,2048,806,com.android.systemui,857,updateNotification,858,3,947,0,1500,1,1688,1]
11-08 05:03:07.872 1517 1517 I notification_alert: [0|com.android.systemui|2048|null|10082,0,1,0]
11-08 05:03:07.875 1969 1969 I sysui_multi_action: [757,111,758,2]
11-08 05:03:07.875 1969 1969 I sysui_multi_action: [757,111,758,2]
11-08 05:03:07.877 1517 1517 I notification_enqueue: [10082,1969,com.android.systemui,2048,NULL,0,Notification(channel=updateNotification shortcut=null contentView=null vibrate=null sound=null defaults=0x0 flags=0x0 color=0x00000000 vis=PRIVATE),1]
11-08 05:03:07.882 1969 1969 I sysui_multi_action: [757,111,758,1]
11-08 05:03:07.882 1969 1969 I sysui_multi_action: [757,126,758,1,759,126,927,0,928,1,1593,0]
11-08 05:03:07.882 1969 1969 I sysui_multi_action: [757,113,758,1,759,113,927,1,928,0,1593,0]
11-08 05:03:07.882 1969 1969 I sysui_multi_action: [757,0,758,1,759,0,927,2,928,0,1593,0]
11-08 05:03:07.882 1969 1969 I sysui_multi_action: [757,0,758,1,759,0,927,3,928,0,1593,0]
11-08 05:03:07.882 1969 1969 I sysui_multi_action: [757,0,758,1,759,0,927,4,1593,0]
11-08 05:03:07.883 1969 1969 I sysui_multi_action: [757,491,758,1,759,491,927,5,928,0,1311,-1,1593,0]
11-08 05:03:07.883 1969 1969 I sysui_multi_action: [757,122,758,1,759,122,927,6,928,1,1593,0]
11-08 05:03:07.883 1969 1969 I sysui_multi_action: [757,0,758,1,759,0,927,7,928,0,1593,0]
11-08 05:03:07.883 1969 1969 I sysui_multi_action: [757,111,758,1]
11-08 05:03:07.883 1969 1969 I sysui_multi_action: [757,126,758,1,759,126,927,0,928,1,1593,0]
11-08 05:03:07.883 1969 1969 I sysui_multi_action: [757,113,758,1,759,113,927,1,928,0,1593,0]
11-08 05:03:07.883 1969 1969 I sysui_multi_action: [757,0,758,1,759,0,927,2,928,0,1593,0]
11-08 05:03:07.883 1969 1969 I sysui_multi_action: [757,0,758,1,759,0,927,3,928,0,1593,0]
11-08 05:03:07.896 1969 1969 I sysui_multi_action: [757,111,758,2]
11-08 05:03:07.896 1969 1969 I sysui_multi_action: [757,111,758,2]
11-08 05:03:07.896 1517 1517 I notification_enqueue: [10082,1969,com.android.systemui,2048,NULL,0,Notification(channel=updateNotification shortcut=null contentView=null vibrate=null sound=null defaults=0x0 flags=0x0 color=0x00000000 vis=PRIVATE),1]
11-08 05:03:07.902 1969 1969 I sysui_multi_action: [757,111,758,1]
11-08 05:03:07.902 1969 1969 I sysui_multi_action: [757,126,758,1,759,126,927,0,928,1,1593,0]
11-08 05:03:07.902 1969 1969 I sysui_multi_action: [757,113,758,1,759,113,927,1,928,0,1593,0]
11-08 05:03:07.903 1969 1969 I sysui_multi_action: [757,0,758,1,759,0,927,2,928,0,1593,0]
11-08 05:03:07.903 1969 1969 I sysui_multi_action: [757,0,758,1,759,0,927,3,928,0,1593,0]
11-08 05:03:07.903 1969 1969 I sysui_multi_action: [757,0,758,1,759,0,927,4,1593,0]
11-08 05:03:07.903 1969 1969 I sysui_multi_action: [757,491,758,1,759,491,927,5,928,0,1311,-1,1593,0]
11-08 05:03:07.903 1969 1969 I sysui_multi_action: [757,122,758,1,759,122,927,6,928,1,1593,0]
11-08 05:03:07.903 1969 1969 I sysui_multi_action: [757,0,758,1,759,0,927,7,928,0,1593,0]
11-08 05:03:07.903 1969 1969 I sysui_multi_action: [757,111,758,1]
11-08 05:03:07.903 1969 1969 I sysui_multi_action: [757,126,758,1,759,126,927,0,928,1,1593,0]
11-08 05:03:07.903 1969 1969 I sysui_multi_action: [757,113,758,1,759,113,927,1,928,0,1593,0]
11-08 05:03:07.903 1969 1969 I sysui_multi_action: [757,0,758,1,759,0,927,2,928,0,1593,0]
11-08 05:03:07.903 1969 1969 I sysui_multi_action: [757,0,758,1,759,0,927,3,928,0,1593,0]
11-08 05:03:07.917 1969 1969 I sysui_multi_action: [757,111,758,2]
11-08 05:03:07.917 1969 1969 I sysui_multi_action: [757,111,758,2]
11-08 05:03:07.921 1517 1517 I notification_enqueue: [10082,1969,com.android.systemui,2048,NULL,0,Notification(channel=updateNotification shortcut=null contentView=null vibrate=null sound=null defaults=0x0 flags=0x0 color=0x00000000 vis=PRIVATE),1]
11-08 05:03:07.924 1969 1969 I sysui_multi_action: [757,111,758,1]
11-08 05:03:07.924 1969 1969 I sysui_multi_action: [757,126,758,1,759,126,927,0,928,1,1593,0]
11-08 05:03:07.924 1969 1969 I sysui_multi_action: [757,113,758,1,759,113,927,1,928,0,1593,0]
11-08 05:03:07.924 1969 1969 I sysui_multi_action: [757,0,758,1,759,0,927,2,928,0,1593,0]
11-08 05:03:07.924 1969 1969 I sysui_multi_action: [757,0,758,1,759,0,927,3,928,0,1593,0]
11-08 05:03:07.924 1969 1969 I sysui_multi_action: [757,0,758,1,759,0,927,4,1593,0]
11-08 05:03:07.924 1969 1969 I sysui_multi_action: [757,491,758,1,759,491,927,5,928,0,1311,-1,1593,0]
11-08 05:03:07.924 1969 1969 I sysui_multi_action: [757,122,758,1,759,122,927,6,928,1,1593,0]
11-08 05:03:07.924 1969 1969 I sysui_multi_action: [757,0,758,1,759,0,927,7,928,0,1593,0]
11-08 05:03:07.924 1969 1969 I sysui_multi_action: [757,111,758,1]
11-08 05:03:07.924 1969 1969 I sysui_multi_action: [757,126,758,1,759,126,927,0,928,1,1593,0]
11-08 05:03:07.924 1969 1969 I sysui_multi_action: [757,113,758,1,759,113,927,1,928,0,1593,0]
11-08 05:03:07.925 1969 1969 I sysui_multi_action: [757,0,758,1,759,0,927,2,928,0,1593,0]
11-08 05:03:07.925 1969 1969 I sysui_multi_action: [757,0,758,1,759,0,927,3,928,0,1593,0]
11-08 05:03:08.234 1517 6171 I sysui_multi_action: [757,128,758,1,793,72623,794,0,795,72623,796,26,798,0,806,android,857,DEVELOPER_IMPORTANT,858,4,947,0,1395,2,1500,72395,1688,1]
11-08 05:03:08.234 1517 6171 I sysui_multi_action: [757,804,799,note_freshness,801,72623,802,1]
11-08 05:03:08.234 1517 6171 I notification_visibility: [-1|android|26|null|1000,1,72623,72623,0,0]
11-08 05:03:08.234 1517 6171 I sysui_multi_action: [757,128,758,1,793,72622,794,0,795,72622,796,32,798,1,806,android,857,USB,858,1,947,0,1395,2,1500,72393,1688,1]
11-08 05:03:08.234 1517 6171 I sysui_multi_action: [757,804,799,note_freshness,801,72622,802,1]
11-08 05:03:08.235 1517 6171 I notification_visibility: [-1|android|32|null|1000,1,72622,72622,0,1]
11-08 05:03:08.683 0 0 I auditd : type=1400 audit(0.0:10934): avc: denied { kill } for comm="swapper/0" capability=5 scontext=u:r:kernel:s0 tcontext=u:r:kernel:s0 tclass=capability permissive=0
11-08 05:03:09.683 0 0 I auditd : type=1400 audit(0.0:10935): avc: denied { kill } for comm="swapper/0" capability=5 scontext=u:r:kernel:s0 tcontext=u:r:kernel:s0 tclass=capability permissive=0
11-08 05:03:11.683 0 0 I auditd : type=1400 audit(0.0:10936): avc: denied { kill } for comm="swapper/0" capability=5 scontext=u:r:kernel:s0 tcontext=u:r:kernel:s0 tclass=capability permissive=0
11-08 05:03:12.683 0 0 I auditd : type=1400 audit(0.0:10937): avc: denied { kill } for comm="swapper/0" capability=5 scontext=u:r:kernel:s0 tcontext=u:r:kernel:s0 tclass=capability permissive=0
11-08 05:03:13.683 0 0 I auditd : type=1400 audit(0.0:10938): avc: denied { kill } for comm="swapper/0" capability=5 scontext=u:r:kernel:s0 tcontext=u:r:kernel:s0 tclass=capability permissive=0
11-08 05:03:14.683 0 0 I auditd : type=1400 audit(0.0:10939): avc: denied { kill } for comm="swapper/0" capability=5 scontext=u:r:kernel:s0 tcontext=u:r:kernel:s0 tclass=capability permissive=0
11-08 05:03:14.926 1517 1689 I input_interaction: Interaction with: 1f46765 NotificationShade (server), edge-swipe (server), swipe-up (server), PointerEventDispatcher0 (server),
11-08 05:03:15.287 1969 1969 I sysui_multi_action: [757,111,758,2]
11-08 05:03:15.287 1969 1969 I sysui_multi_action: [757,111,758,2]
11-08 05:03:15.288 1517 1517 I notification_enqueue: [10082,1969,com.android.systemui,2048,NULL,0,Notification(channel=updateNotification shortcut=null contentView=null vibrate=null sound=null defaults=0x0 flags=0x0 color=0x00000000 vis=PRIVATE),1]
11-08 05:03:15.308 1969 1969 I sysui_multi_action: [757,111,758,1]
11-08 05:03:15.308 1969 1969 I sysui_multi_action: [757,126,758,1,759,126,927,0,928,1,1593,1]
11-08 05:03:15.308 1969 1969 I sysui_multi_action: [757,113,758,1,759,113,927,1,928,0,1593,1]
11-08 05:03:15.308 1969 1969 I sysui_multi_action: [757,0,758,1,759,0,927,2,928,0,1593,1]
11-08 05:03:15.309 1969 1969 I sysui_multi_action: [757,0,758,1,759,0,927,3,928,0,1593,1]
11-08 05:03:15.309 1969 1969 I sysui_multi_action: [757,0,758,1,759,0,927,4,1593,1]
11-08 05:03:15.309 1969 1969 I sysui_multi_action: [757,491,758,1,759,491,927,5,928,0,1311,-1,1593,0]
11-08 05:03:15.309 1969 1969 I sysui_multi_action: [757,122,758,1,759,122,927,6,928,1,1593,0]
11-08 05:03:15.309 1969 1969 I sysui_multi_action: [757,0,758,1,759,0,927,7,928,0,1593,0]
11-08 05:03:15.310 1969 1969 I sysui_multi_action: [757,111,758,1]
11-08 05:03:15.310 1969 1969 I sysui_multi_action: [757,126,758,1,759,126,927,0,928,1,1593,1]
11-08 05:03:15.310 1969 1969 I sysui_multi_action: [757,113,758,1,759,113,927,1,928,0,1593,1]
11-08 05:03:15.310 1969 1969 I sysui_multi_action: [757,0,758,1,759,0,927,2,928,0,1593,1]
11-08 05:03:15.310 1969 1969 I sysui_multi_action: [757,0,758,1,759,0,927,3,928,0,1593,1]
11-08 05:03:15.339 1969 1969 I sysui_multi_action: [757,111,758,2]
11-08 05:03:15.339 1969 1969 I sysui_multi_action: [757,111,758,2]
11-08 05:03:15.340 1517 1517 I notification_enqueue: [10082,1969,com.android.systemui,2048,NULL,0,Notification(channel=updateNotification shortcut=null contentView=null vibrate=null sound=null defaults=0x0 flags=0x0 color=0x00000000 vis=PRIVATE),1]
11-08 05:03:15.354 1969 1969 I sysui_multi_action: [757,111,758,1]
11-08 05:03:15.355 1969 1969 I sysui_multi_action: [757,126,758,1,759,126,927,0,928,1,1593,1]
11-08 05:03:15.355 1969 1969 I sysui_multi_action: [757,113,758,1,759,113,927,1,928,0,1593,1]
11-08 05:03:15.355 1969 1969 I sysui_multi_action: [757,0,758,1,759,0,927,2,928,0,1593,1]
11-08 05:03:15.355 1969 1969 I sysui_multi_action: [757,0,758,1,759,0,927,3,928,0,1593,1]
11-08 05:03:15.355 1969 1969 I sysui_multi_action: [757,0,758,1,759,0,927,4,1593,1]
11-08 05:03:15.355 1969 1969 I sysui_multi_action: [757,491,758,1,759,491,927,5,928,0,1311,-1,1593,0]
11-08 05:03:15.355 1969 1969 I sysui_multi_action: [757,122,758,1,759,122,927,6,928,1,1593,0]
11-08 05:03:15.355 1969 1969 I sysui_multi_action: [757,0,758,1,759,0,927,7,928,0,1593,0]
11-08 05:03:15.355 1969 1969 I sysui_multi_action: [757,111,758,1]
11-08 05:03:15.356 1969 1969 I sysui_multi_action: [757,126,758,1,759,126,927,0,928,1,1593,1]
11-08 05:03:15.356 1969 1969 I sysui_multi_action: [757,113,758,1,759,113,927,1,928,0,1593,1]
11-08 05:03:15.356 1969 1969 I sysui_multi_action: [757,0,758,1,759,0,927,2,928,0,1593,1]
11-08 05:03:15.356 1969 1969 I sysui_multi_action: [757,0,758,1,759,0,927,3,928,0,1593,1]
11-08 05:03:15.379 1969 1969 I sysui_multi_action: [757,111,758,2]
11-08 05:03:15.379 1969 1969 I sysui_multi_action: [757,111,758,2]
11-08 05:03:15.380 1517 1517 I notification_enqueue: [10082,1969,com.android.systemui,2048,NULL,0,Notification(channel=updateNotification shortcut=null contentView=null vibrate=null sound=null defaults=0x0 flags=0x0 color=0x00000000 vis=PRIVATE),1]
11-08 05:03:15.389 1969 1969 I sysui_multi_action: [757,111,758,1]
11-08 05:03:15.390 1969 1969 I sysui_multi_action: [757,126,758,1,759,126,927,0,928,1,1593,1]
11-08 05:03:15.390 1969 1969 I sysui_multi_action: [757,113,758,1,759,113,927,1,928,0,1593,1]
11-08 05:03:15.390 1969 1969 I sysui_multi_action: [757,0,758,1,759,0,927,2,928,0,1593,1]
11-08 05:03:15.390 1969 1969 I sysui_multi_action: [757,0,758,1,759,0,927,3,928,0,1593,1]
11-08 05:03:15.390 1969 1969 I sysui_multi_action: [757,0,758,1,759,0,927,4,1593,1]
11-08 05:03:15.390 1969 1969 I sysui_multi_action: [757,491,758,1,759,491,927,5,928,0,1311,-1,1593,0]
11-08 05:03:15.390 1969 1969 I sysui_multi_action: [757,122,758,1,759,122,927,6,928,1,1593,0]
11-08 05:03:15.390 1969 1969 I sysui_multi_action: [757,0,758,1,759,0,927,7,928,0,1593,0]
11-08 05:03:15.390 1969 1969 I sysui_multi_action: [757,111,758,1]
11-08 05:03:15.390 1969 1969 I sysui_multi_action: [757,126,758,1,759,126,927,0,928,1,1593,1]
11-08 05:03:15.390 1969 1969 I sysui_multi_action: [757,113,758,1,759,113,927,1,928,0,1593,1]
11-08 05:03:15.390 1969 1969 I sysui_multi_action: [757,0,758,1,759,0,927,2,928,0,1593,1]
11-08 05:03:15.390 1969 1969 I sysui_multi_action: [757,0,758,1,759,0,927,3,928,0,1593,1]
11-08 05:03:15.405 1969 1969 I sysui_multi_action: [757,111,758,2]
11-08 05:03:15.405 1969 1969 I sysui_multi_action: [757,111,758,2]
11-08 05:03:15.405 1517 1517 I notification_enqueue: [10082,1969,com.android.systemui,2048,NULL,0,Notification(channel=updateNotification shortcut=null contentView=null vibrate=null sound=null defaults=0x0 flags=0x0 color=0x00000000 vis=PRIVATE),1]
11-08 05:03:15.413 1969 1969 I sysui_multi_action: [757,111,758,1]
11-08 05:03:15.413 1969 1969 I sysui_multi_action: [757,126,758,1,759,126,927,0,928,1,1593,1]
11-08 05:03:15.413 1969 1969 I sysui_multi_action: [757,113,758,1,759,113,927,1,928,0,1593,1]
11-08 05:03:15.413 1969 1969 I sysui_multi_action: [757,0,758,1,759,0,927,2,928,0,1593,1]
11-08 05:03:15.413 1969 1969 I sysui_multi_action: [757,0,758,1,759,0,927,3,928,0,1593,1]
11-08 05:03:15.413 1969 1969 I sysui_multi_action: [757,0,758,1,759,0,927,4,1593,1]
11-08 05:03:15.414 1969 1969 I sysui_multi_action: [757,491,758,1,759,491,927,5,928,0,1311,-1,1593,0]
11-08 05:03:15.414 1969 1969 I sysui_multi_action: [757,122,758,1,759,122,927,6,928,1,1593,0]
11-08 05:03:15.414 1969 1969 I sysui_multi_action: [757,0,758,1,759,0,927,7,928,0,1593,0]
11-08 05:03:15.414 1969 1969 I sysui_multi_action: [757,111,758,1]
11-08 05:03:15.414 1969 1969 I sysui_multi_action: [757,126,758,1,759,126,927,0,928,1,1593,1]
11-08 05:03:15.414 1969 1969 I sysui_multi_action: [757,113,758,1,759,113,927,1,928,0,1593,1]
11-08 05:03:15.414 1969 1969 I sysui_multi_action: [757,0,758,1,759,0,927,2,928,0,1593,1]
11-08 05:03:15.414 1969 1969 I sysui_multi_action: [757,0,758,1,759,0,927,3,928,0,1593,1]
11-08 05:03:15.428 1969 1969 I sysui_multi_action: [757,111,758,2]
11-08 05:03:15.428 1969 1969 I sysui_multi_action: [757,111,758,2]
11-08 05:03:15.428 1517 1517 I notification_enqueue: [10082,1969,com.android.systemui,2048,NULL,0,Notification(channel=updateNotification shortcut=null contentView=null vibrate=null sound=null defaults=0x0 flags=0x0 color=0x00000000 vis=PRIVATE),1]
11-08 05:03:15.435 1969 1969 I sysui_multi_action: [757,111,758,1]
11-08 05:03:15.435 1969 1969 I sysui_multi_action: [757,126,758,1,759,126,927,0,928,1,1593,1]
11-08 05:03:15.435 1969 1969 I sysui_multi_action: [757,113,758,1,759,113,927,1,928,0,1593,1]
11-08 05:03:15.435 1969 1969 I sysui_multi_action: [757,0,758,1,759,0,927,2,928,0,1593,1]
11-08 05:03:15.435 1969 1969 I sysui_multi_action: [757,0,758,1,759,0,927,3,928,0,1593,1]
11-08 05:03:15.435 1969 1969 I sysui_multi_action: [757,0,758,1,759,0,927,4,1593,1]
11-08 05:03:15.435 1969 1969 I sysui_multi_action: [757,491,758,1,759,491,927,5,928,0,1311,-1,1593,0]
11-08 05:03:15.435 1969 1969 I sysui_multi_action: [757,122,758,1,759,122,927,6,928,1,1593,0]
11-08 05:03:15.435 1969 1969 I sysui_multi_action: [757,0,758,1,759,0,927,7,928,0,1593,0]
11-08 05:03:15.435 1969 1969 I sysui_multi_action: [757,111,758,1]
11-08 05:03:15.435 1969 1969 I sysui_multi_action: [757,126,758,1,759,126,927,0,928,1,1593,1]
11-08 05:03:15.435 1969 1969 I sysui_multi_action: [757,113,758,1,759,113,927,1,928,0,1593,1]
11-08 05:03:15.435 1969 1969 I sysui_multi_action: [757,0,758,1,759,0,927,2,928,0,1593,1]
11-08 05:03:15.436 1969 1969 I sysui_multi_action: [757,0,758,1,759,0,927,3,928,0,1593,1]
11-08 05:03:15.447 1969 1969 I sysui_multi_action: [757,111,758,2]
11-08 05:03:15.447 1969 1969 I sysui_multi_action: [757,111,758,2]
11-08 05:03:15.447 1517 1517 I notification_enqueue: [10082,1969,com.android.systemui,2048,NULL,0,Notification(channel=updateNotification shortcut=null contentView=null vibrate=null sound=null defaults=0x0 flags=0x0 color=0x00000000 vis=PRIVATE),1]
11-08 05:03:15.454 1969 1969 I sysui_multi_action: [757,111,758,1]
11-08 05:03:15.454 1969 1969 I sysui_multi_action: [757,126,758,1,759,126,927,0,928,1,1593,1]
11-08 05:03:15.454 1969 1969 I sysui_multi_action: [757,113,758,1,759,113,927,1,928,0,1593,1]
11-08 05:03:15.454 1969 1969 I sysui_multi_action: [757,0,758,1,759,0,927,2,928,0,1593,1]
11-08 05:03:15.454 1969 1969 I sysui_multi_action: [757,0,758,1,759,0,927,3,928,0,1593,1]
11-08 05:03:15.454 1969 1969 I sysui_multi_action: [757,0,758,1,759,0,927,4,1593,1]
11-08 05:03:15.454 1969 1969 I sysui_multi_action: [757,491,758,1,759,491,927,5,928,0,1311,-1,1593,0]
11-08 05:03:15.455 1969 1969 I sysui_multi_action: [757,122,758,1,759,122,927,6,928,1,1593,0]
11-08 05:03:15.455 1969 1969 I sysui_multi_action: [757,0,758,1,759,0,927,7,928,0,1593,0]
11-08 05:03:15.455 1969 1969 I sysui_multi_action: [757,111,758,1]
11-08 05:03:15.455 1969 1969 I sysui_multi_action: [757,126,758,1,759,126,927,0,928,1,1593,1]
11-08 05:03:15.455 1969 1969 I sysui_multi_action: [757,113,758,1,759,113,927,1,928,0,1593,1]
11-08 05:03:15.455 1969 1969 I sysui_multi_action: [757,0,758,1,759,0,927,2,928,0,1593,1]
11-08 05:03:15.455 1969 1969 I sysui_multi_action: [757,0,758,1,759,0,927,3,928,0,1593,1]
11-08 05:03:15.467 1969 1969 I sysui_multi_action: [757,111,758,2]
11-08 05:03:15.468 1969 1969 I sysui_multi_action: [757,111,758,2]
11-08 05:03:15.468 1517 1517 I notification_enqueue: [10082,1969,com.android.systemui,2048,NULL,0,Notification(channel=updateNotification shortcut=null contentView=null vibrate=null sound=null defaults=0x0 flags=0x0 color=0x00000000 vis=PRIVATE),1]
11-08 05:03:15.474 1969 1969 I sysui_multi_action: [757,111,758,1]
11-08 05:03:15.474 1969 1969 I sysui_multi_action: [757,126,758,1,759,126,927,0,928,1,1593,1]
11-08 05:03:15.474 1969 1969 I sysui_multi_action: [757,113,758,1,759,113,927,1,928,0,1593,1]
11-08 05:03:15.474 1969 1969 I sysui_multi_action: [757,0,758,1,759,0,927,2,928,0,1593,1]
11-08 05:03:15.475 1969 1969 I sysui_multi_action: [757,0,758,1,759,0,927,3,928,0,1593,1]
11-08 05:03:15.475 1969 1969 I sysui_multi_action: [757,0,758,1,759,0,927,4,1593,1]
11-08 05:03:15.475 1969 1969 I sysui_multi_action: [757,491,758,1,759,491,927,5,928,0,1311,-1,1593,0]
11-08 05:03:15.475 1969 1969 I sysui_multi_action: [757,122,758,1,759,122,927,6,928,1,1593,0]
11-08 05:03:15.475 1969 1969 I sysui_multi_action: [757,0,758,1,759,0,927,7,928,0,1593,0]
11-08 05:03:15.475 1969 1969 I sysui_multi_action: [757,111,758,1]
11-08 05:03:15.475 1969 1969 I sysui_multi_action: [757,126,758,1,759,126,927,0,928,1,1593,1]
11-08 05:03:15.475 1969 1969 I sysui_multi_action: [757,113,758,1,759,113,927,1,928,0,1593,1]
11-08 05:03:15.475 1969 1969 I sysui_multi_action: [757,0,758,1,759,0,927,2,928,0,1593,1]
11-08 05:03:15.475 1969 1969 I sysui_multi_action: [757,0,758,1,759,0,927,3,928,0,1593,1]
11-08 05:03:15.487 1969 1969 I sysui_multi_action: [757,111,758,2]
11-08 05:03:15.487 1969 1969 I sysui_multi_action: [757,111,758,2]
11-08 05:03:15.487 1517 1517 I notification_enqueue: [10082,1969,com.android.systemui,2048,NULL,0,Notification(channel=updateNotification shortcut=null contentView=null vibrate=null sound=null defaults=0x0 flags=0x0 color=0x00000000 vis=PRIVATE),1]
11-08 05:03:15.490 1517 1517 I sysui_multi_action: [757,1501,758,1,793,10381631,794,0,795,206,796,2048,806,com.android.systemui,857,updateNotification,858,3,947,0,1500,0,1688,1]
11-08 05:03:15.491 1517 1517 I sysui_multi_action: [757,804,799,note_interruptive,801,0,802,1]
11-08 05:03:15.491 1517 1517 I sysui_multi_action: [757,199,758,1,759,2,793,10381632,794,0,795,207,796,2048,806,com.android.systemui,857,updateNotification,858,3,947,0,1500,1,1688,1]
11-08 05:03:15.491 1517 1517 I notification_alert: [0|com.android.systemui|2048|null|10082,0,1,0]
11-08 05:03:15.494 1969 1969 I sysui_multi_action: [757,111,758,1]
11-08 05:03:15.494 1969 1969 I sysui_multi_action: [757,126,758,1,759,126,927,0,928,1,1593,0]
11-08 05:03:15.494 1969 1969 I sysui_multi_action: [757,113,758,1,759,113,927,1,928,0,1593,0]
11-08 05:03:15.494 1969 1969 I sysui_multi_action: [757,0,758,1,759,0,927,2,928,0,1593,0]
11-08 05:03:15.494 1969 1969 I sysui_multi_action: [757,0,758,1,759,0,927,3,928,0,1593,0]
11-08 05:03:15.494 1969 1969 I sysui_multi_action: [757,0,758,1,759,0,927,4,1593,0]
11-08 05:03:15.494 1969 1969 I sysui_multi_action: [757,491,758,1,759,491,927,5,928,0,1311,-1,1593,0]
11-08 05:03:15.494 1969 1969 I sysui_multi_action: [757,122,758,1,759,122,927,6,928,1,1593,0]
11-08 05:03:15.494 1969 1969 I sysui_multi_action: [757,0,758,1,759,0,927,7,928,0,1593,0]
11-08 05:03:15.494 1969 1969 I sysui_multi_action: [757,111,758,1]
11-08 05:03:15.494 1969 1969 I sysui_multi_action: [757,126,758,1,759,126,927,0,928,1,1593,0]
11-08 05:03:15.494 1969 1969 I sysui_multi_action: [757,113,758,1,759,113,927,1,928,0,1593,0]
11-08 05:03:15.494 1969 1969 I sysui_multi_action: [757,0,758,1,759,0,927,2,928,0,1593,0]
11-08 05:03:15.494 1969 1969 I sysui_multi_action: [757,0,758,1,759,0,927,3,928,0,1593,0]
11-08 05:03:15.506 1969 1969 I sysui_multi_action: [757,111,758,2]
11-08 05:03:15.506 1969 1969 I sysui_multi_action: [757,111,758,2]
11-08 05:03:15.507 1517 1517 I notification_enqueue: [10082,1969,com.android.systemui,2048,NULL,0,Notification(channel=updateNotification shortcut=null contentView=null vibrate=null sound=null defaults=0x0 flags=0x0 color=0x00000000 vis=PRIVATE),1]
11-08 05:03:15.513 1969 1969 I sysui_multi_action: [757,111,758,1]
11-08 05:03:15.513 1969 1969 I sysui_multi_action: [757,126,758,1,759,126,927,0,928,1,1593,1]
11-08 05:03:15.513 1969 1969 I sysui_multi_action: [757,113,758,1,759,113,927,1,928,0,1593,1]
11-08 05:03:15.513 1969 1969 I sysui_multi_action: [757,0,758,1,759,0,927,2,928,0,1593,1]
11-08 05:03:15.513 1969 1969 I sysui_multi_action: [757,0,758,1,759,0,927,3,928,0,1593,1]
11-08 05:03:15.513 1969 1969 I sysui_multi_action: [757,0,758,1,759,0,927,4,1593,1]
11-08 05:03:15.513 1969 1969 I sysui_multi_action: [757,491,758,1,759,491,927,5,928,0,1311,-1,1593,0]
11-08 05:03:15.513 1969 1969 I sysui_multi_action: [757,122,758,1,759,122,927,6,928,1,1593,0]
11-08 05:03:15.513 1969 1969 I sysui_multi_action: [757,0,758,1,759,0,927,7,928,0,1593,0]
11-08 05:03:15.513 1969 1969 I sysui_multi_action: [757,111,758,1]
11-08 05:03:15.513 1969 1969 I sysui_multi_action: [757,126,758,1,759,126,927,0,928,1,1593,1]
11-08 05:03:15.513 1969 1969 I sysui_multi_action: [757,113,758,1,759,113,927,1,928,0,1593,1]
11-08 05:03:15.514 1969 1969 I sysui_multi_action: [757,0,758,1,759,0,927,2,928,0,1593,1]
11-08 05:03:15.514 1969 1969 I sysui_multi_action: [757,0,758,1,759,0,927,3,928,0,1593,1]
11-08 05:03:15.527 1969 1969 I sysui_multi_action: [757,111,758,2]
11-08 05:03:15.527 1517 1517 I notification_enqueue: [10082,1969,com.android.systemui,2048,NULL,0,Notification(channel=updateNotification shortcut=null contentView=null vibrate=null sound=null defaults=0x0 flags=0x0 color=0x00000000 vis=PRIVATE),1]
11-08 05:03:15.527 1969 1969 I sysui_multi_action: [757,111,758,2]
11-08 05:03:15.534 1969 1969 I sysui_multi_action: [757,111,758,1]
11-08 05:03:15.534 1969 1969 I sysui_multi_action: [757,126,758,1,759,126,927,0,928,1,1593,1]
11-08 05:03:15.534 1969 1969 I sysui_multi_action: [757,113,758,1,759,113,927,1,928,0,1593,1]
11-08 05:03:15.534 1969 1969 I sysui_multi_action: [757,0,758,1,759,0,927,2,928,0,1593,1]
11-08 05:03:15.534 1969 1969 I sysui_multi_action: [757,0,758,1,759,0,927,3,928,0,1593,1]
11-08 05:03:15.534 1969 1969 I sysui_multi_action: [757,0,758,1,759,0,927,4,1593,1]
11-08 05:03:15.534 1969 1969 I sysui_multi_action: [757,491,758,1,759,491,927,5,928,0,1311,-1,1593,0]
11-08 05:03:15.535 1969 1969 I sysui_multi_action: [757,122,758,1,759,122,927,6,928,1,1593,0]
11-08 05:03:15.535 1969 1969 I sysui_multi_action: [757,0,758,1,759,0,927,7,928,0,1593,0]
11-08 05:03:15.535 1969 1969 I sysui_multi_action: [757,111,758,1]
11-08 05:03:15.535 1969 1969 I sysui_multi_action: [757,126,758,1,759,126,927,0,928,1,1593,1]
11-08 05:03:15.535 1969 1969 I sysui_multi_action: [757,113,758,1,759,113,927,1,928,0,1593,1]
11-08 05:03:15.535 1969 1969 I sysui_multi_action: [757,0,758,1,759,0,927,2,928,0,1593,1]
11-08 05:03:15.535 1969 1969 I sysui_multi_action: [757,0,758,1,759,0,927,3,928,0,1593,1]
11-08 05:03:15.547 1517 1517 I notification_enqueue: [10082,1969,com.android.systemui,2048,NULL,0,Notification(channel=updateNotification shortcut=null contentView=null vibrate=null sound=null defaults=0x0 flags=0x0 color=0x00000000 vis=PRIVATE),1]
11-08 05:03:15.547 1969 1969 I sysui_multi_action: [757,111,758,2]
11-08 05:03:15.547 1969 1969 I sysui_multi_action: [757,111,758,2]
11-08 05:03:15.553 1969 1969 I sysui_multi_action: [757,111,758,1]
11-08 05:03:15.553 1969 1969 I sysui_multi_action: [757,126,758,1,759,126,927,0,928,1,1593,1]
11-08 05:03:15.553 1969 1969 I sysui_multi_action: [757,113,758,1,759,113,927,1,928,0,1593,1]
11-08 05:03:15.553 1969 1969 I sysui_multi_action: [757,0,758,1,759,0,927,2,928,0,1593,1]
11-08 05:03:15.553 1969 1969 I sysui_multi_action: [757,0,758,1,759,0,927,3,928,0,1593,1]
11-08 05:03:15.553 1969 1969 I sysui_multi_action: [757,0,758,1,759,0,927,4,1593,1]
11-08 05:03:15.553 1969 1969 I sysui_multi_action: [757,491,758,1,759,491,927,5,928,0,1311,-1,1593,0]
11-08 05:03:15.553 1969 1969 I sysui_multi_action: [757,122,758,1,759,122,927,6,928,1,1593,0]
11-08 05:03:15.553 1969 1969 I sysui_multi_action: [757,0,758,1,759,0,927,7,928,0,1593,0]
11-08 05:03:15.553 1969 1969 I sysui_multi_action: [757,111,758,1]
11-08 05:03:15.553 1969 1969 I sysui_multi_action: [757,126,758,1,759,126,927,0,928,1,1593,1]
11-08 05:03:15.553 1969 1969 I sysui_multi_action: [757,113,758,1,759,113,927,1,928,0,1593,1]
11-08 05:03:15.553 1969 1969 I sysui_multi_action: [757,0,758,1,759,0,927,2,928,0,1593,1]
11-08 05:03:15.553 1969 1969 I sysui_multi_action: [757,0,758,1,759,0,927,3,928,0,1593,1]
11-08 05:03:15.567 1969 1969 I sysui_multi_action: [757,111,758,2]
11-08 05:03:15.567 1969 1969 I sysui_multi_action: [757,111,758,2]
11-08 05:03:15.567 1517 1517 I notification_enqueue: [10082,1969,com.android.systemui,2048,NULL,0,Notification(channel=updateNotification shortcut=null contentView=null vibrate=null sound=null defaults=0x0 flags=0x0 color=0x00000000 vis=PRIVATE),1]
11-08 05:03:15.575 1969 1969 I sysui_multi_action: [757,111,758,1]
11-08 05:03:15.575 1969 1969 I sysui_multi_action: [757,126,758,1,759,126,927,0,928,1,1593,1]
11-08 05:03:15.575 1969 1969 I sysui_multi_action: [757,113,758,1,759,113,927,1,928,0,1593,1]
11-08 05:03:15.575 1969 1969 I sysui_multi_action: [757,0,758,1,759,0,927,2,928,0,1593,1]
11-08 05:03:15.575 1969 1969 I sysui_multi_action: [757,0,758,1,759,0,927,3,928,0,1593,1]
11-08 05:03:15.575 1969 1969 I sysui_multi_action: [757,0,758,1,759,0,927,4,1593,1]
11-08 05:03:15.576 1969 1969 I sysui_multi_action: [757,491,758,1,759,491,927,5,928,0,1311,-1,1593,0]
11-08 05:03:15.576 1969 1969 I sysui_multi_action: [757,122,758,1,759,122,927,6,928,1,1593,0]
11-08 05:03:15.576 1969 1969 I sysui_multi_action: [757,0,758,1,759,0,927,7,928,0,1593,0]
11-08 05:03:15.576 1969 1969 I sysui_multi_action: [757,111,758,1]
11-08 05:03:15.576 1969 1969 I sysui_multi_action: [757,126,758,1,759,126,927,0,928,1,1593,1]
11-08 05:03:15.576 1969 1969 I sysui_multi_action: [757,113,758,1,759,113,927,1,928,0,1593,1]
11-08 05:03:15.576 1969 1969 I sysui_multi_action: [757,0,758,1,759,0,927,2,928,0,1593,1]
11-08 05:03:15.576 1969 1969 I sysui_multi_action: [757,0,758,1,759,0,927,3,928,0,1593,1]
11-08 05:03:15.594 1517 1517 I notification_enqueue: [10082,1969,com.android.systemui,2048,NULL,0,Notification(channel=updateNotification shortcut=null contentView=null vibrate=null sound=null defaults=0x0 flags=0x0 color=0x00000000 vis=PRIVATE),1]
11-08 05:03:15.594 1969 1969 I sysui_multi_action: [757,111,758,2]
11-08 05:03:15.594 1969 1969 I sysui_multi_action: [757,111,758,2]
11-08 05:03:15.602 1969 1969 I sysui_multi_action: [757,111,758,1]
11-08 05:03:15.602 1969 1969 I sysui_multi_action: [757,126,758,1,759,126,927,0,928,1,1593,1]
11-08 05:03:15.602 1969 1969 I sysui_multi_action: [757,113,758,1,759,113,927,1,928,0,1593,1]
11-08 05:03:15.602 1969 1969 I sysui_multi_action: [757,0,758,1,759,0,927,2,928,0,1593,1]
11-08 05:03:15.602 1969 1969 I sysui_multi_action: [757,0,758,1,759,0,927,3,928,0,1593,1]
11-08 05:03:15.602 1969 1969 I sysui_multi_action: [757,0,758,1,759,0,927,4,1593,1]
11-08 05:03:15.602 1969 1969 I sysui_multi_action: [757,491,758,1,759,491,927,5,928,0,1311,-1,1593,0]
11-08 05:03:15.603 1969 1969 I sysui_multi_action: [757,122,758,1,759,122,927,6,928,1,1593,0]
11-08 05:03:15.603 1969 1969 I sysui_multi_action: [757,0,758,1,759,0,927,7,928,0,1593,0]
11-08 05:03:15.603 1969 1969 I sysui_multi_action: [757,111,758,1]
11-08 05:03:15.603 1969 1969 I sysui_multi_action: [757,126,758,1,759,126,927,0,928,1,1593,1]
11-08 05:03:15.603 1969 1969 I sysui_multi_action: [757,113,758,1,759,113,927,1,928,0,1593,1]
11-08 05:03:15.603 1969 1969 I sysui_multi_action: [757,0,758,1,759,0,927,2,928,0,1593,1]
11-08 05:03:15.603 1969 1969 I sysui_multi_action: [757,0,758,1,759,0,927,3,928,0,1593,1]
11-08 05:03:15.613 1969 1969 I sysui_multi_action: [757,111,758,2]
11-08 05:03:15.613 1969 1969 I sysui_multi_action: [757,111,758,2]
11-08 05:03:15.613 1517 1517 I notification_enqueue: [10082,1969,com.android.systemui,2048,NULL,0,Notification(channel=updateNotification shortcut=null contentView=null vibrate=null sound=null defaults=0x0 flags=0x0 color=0x00000000 vis=PRIVATE),1]
11-08 05:03:15.624 1517 1609 I input_focus: [Focus request 50d7922 com.android.music/com.android.music.VideoBrowserActivity,reason=UpdateInputWindows]
11-08 05:03:15.625 1517 1615 I am_uid_idle: 10040
11-08 05:03:15.626 1969 1969 I sysui_multi_action: [757,111,758,1]
11-08 05:03:15.626 1969 1969 I sysui_multi_action: [757,126,758,1,759,126,927,0,928,1,1593,1]
11-08 05:03:15.626 1969 1969 I sysui_multi_action: [757,113,758,1,759,113,927,1,928,0,1593,1]
11-08 05:03:15.626 1969 1969 I sysui_multi_action: [757,0,758,1,759,0,927,2,928,0,1593,1]
11-08 05:03:15.626 1969 1969 I sysui_multi_action: [757,0,758,1,759,0,927,3,928,0,1593,1]
11-08 05:03:15.626 1969 1969 I sysui_multi_action: [757,0,758,1,759,0,927,4,1593,1]
11-08 05:03:15.626 1969 1969 I sysui_multi_action: [757,491,758,1,759,491,927,5,928,0,1311,-1,1593,0]
11-08 05:03:15.626 1969 1969 I sysui_multi_action: [757,122,758,1,759,122,927,6,928,1,1593,0]
11-08 05:03:15.626 1969 1969 I sysui_multi_action: [757,0,758,1,759,0,927,7,928,0,1593,0]
11-08 05:03:15.626 1969 1969 I sysui_multi_action: [757,111,758,1]
11-08 05:03:15.626 1969 1969 I sysui_multi_action: [757,126,758,1,759,126,927,0,928,1,1593,1]
11-08 05:03:15.626 1969 1969 I sysui_multi_action: [757,113,758,1,759,113,927,1,928,0,1593,1]
11-08 05:03:15.626 1969 1969 I sysui_multi_action: [757,0,758,1,759,0,927,2,928,0,1593,1]
11-08 05:03:15.626 1969 1969 I sysui_multi_action: [757,0,758,1,759,0,927,3,928,0,1593,1]
11-08 05:03:15.630 1517 1615 I am_uid_idle: 10064
11-08 05:03:15.639 1969 1969 I sysui_multi_action: [757,111,758,2]
11-08 05:03:15.639 1969 1969 I sysui_multi_action: [757,111,758,2]
11-08 05:03:15.639 1517 1517 I notification_enqueue: [10082,1969,com.android.systemui,2048,NULL,0,Notification(channel=updateNotification shortcut=null contentView=null vibrate=null sound=null defaults=0x0 flags=0x0 color=0x00000000 vis=PRIVATE),1]
11-08 05:03:15.641 1517 6171 I sysui_multi_action: [757,128,758,2,793,80030,794,7407,795,80030,796,26,798,0,806,android,857,DEVELOPER_IMPORTANT,858,4,947,0,1395,2,1500,79802,1688,1]
11-08 05:03:15.641 1517 6171 I notification_visibility: [-1|android|26|null|1000,0,80030,80030,0,0]
11-08 05:03:15.641 1517 6171 I sysui_multi_action: [757,128,758,2,793,80029,794,7407,795,80029,796,32,798,1,806,android,857,USB,858,1,947,0,1395,2,1500,79800,1688,1]
11-08 05:03:15.641 1517 6171 I notification_visibility: [-1|android|32|null|1000,0,80029,80029,0,1]
11-08 05:03:15.642 1517 5798 I sysui_multi_action: [757,127,758,2]
11-08 05:03:15.642 1517 5798 I notification_panel_hidden:
11-08 05:03:15.651 1517 1689 I input_focus: [Focus leaving 1f46765 NotificationShade (server),reason=NOT_FOCUSABLE]
11-08 05:03:15.652 1517 1689 I input_focus: [Focus entering 50d7922 com.android.music/com.android.music.VideoBrowserActivity (server),reason=setFocusedWindow]
11-08 05:03:15.661 1969 1969 I sysui_multi_action: [757,111,758,1]
11-08 05:03:15.661 1969 1969 I sysui_multi_action: [757,126,758,1,759,126,927,0,928,1,1593,1]
11-08 05:03:15.661 1969 1969 I sysui_multi_action: [757,113,758,1,759,113,927,1,928,0,1593,1]
11-08 05:03:15.661 1969 1969 I sysui_multi_action: [757,0,758,1,759,0,927,2,928,0,1593,1]
11-08 05:03:15.661 1969 1969 I sysui_multi_action: [757,0,758,1,759,0,927,3,928,0,1593,1]
11-08 05:03:15.661 1969 1969 I sysui_multi_action: [757,0,758,1,759,0,927,4,1593,1]
11-08 05:03:15.661 1969 1969 I sysui_multi_action: [757,491,758,1,759,491,927,5,928,0,1311,-1,1593,0]
11-08 05:03:15.661 1969 1969 I sysui_multi_action: [757,122,758,1,759,122,927,6,928,1,1593,0]
11-08 05:03:15.661 1969 1969 I sysui_multi_action: [757,0,758,1,759,0,927,7,928,0,1593,0]
11-08 05:03:15.661 1969 1969 I sysui_multi_action: [757,111,758,1]
11-08 05:03:15.661 1969 1969 I sysui_multi_action: [757,126,758,1,759,126,927,0,928,1,1593,1]
11-08 05:03:15.661 1969 1969 I sysui_multi_action: [757,113,758,1,759,113,927,1,928,0,1593,1]
11-08 05:03:15.661 1969 1969 I sysui_multi_action: [757,0,758,1,759,0,927,2,928,0,1593,1]
11-08 05:03:15.661 1969 1969 I sysui_multi_action: [757,0,758,1,759,0,927,3,928,0,1593,1]
11-08 05:03:15.673 1517 1615 I am_uid_idle: 10069
11-08 05:03:15.683 1517 1615 I am_uid_idle: 10017
11-08 05:03:15.683 10618 10618 I auditd : type=1400 audit(0.0:10940): avc: denied { kill } for comm="kworker/u16:8" capability=5 scontext=u:r:kernel:s0 tcontext=u:r:kernel:s0 tclass=capability permissive=0
11-08 05:03:15.695 1517 1615 I am_uid_idle: 10035
11-08 05:03:16.683 0 0 I auditd : type=1400 audit(0.0:10941): avc: denied { kill } for comm="swapper/0" capability=5 scontext=u:r:kernel:s0 tcontext=u:r:kernel:s0 tclass=capability permissive=0
11-08 05:03:16.708 1517 1689 I input_interaction: Interaction with: 50d7922 com.android.music/com.android.music.VideoBrowserActivity (server), edge-swipe (server), swipe-up (server), PointerEventDispatcher0 (server),
11-08 05:03:16.739 1517 2939 I wm_task_moved: [92,0,0]
11-08 05:03:16.740 1517 2939 I wm_task_moved: [92,0,5]
11-08 05:03:16.749 2526 2526 I wm_on_restart_called: [193491456,com.android.launcher3.uioverrides.QuickstepLauncher,performRestartActivity]
11-08 05:03:16.784 2526 2526 I wm_on_start_called: [193491456,com.android.launcher3.uioverrides.QuickstepLauncher,handleStartActivity]
11-08 05:03:16.807 1517 1605 I sysui_multi_action: [319,11,322,58,325,10404,757,761,758,9,759,5,806,com.android.launcher3,871,com.android.launcher3.uioverrides.QuickstepLauncher,904,com.android.launcher3,905,0,1320,8,1321,5]
11-08 05:03:16.859 13300 13300 I view_enqueue_input_event: [Motion - Cancel,com.android.music/com.android.music.VideoBrowserActivity]
11-08 05:03:16.860 2526 2526 I sysui_latency: [1,85]
11-08 05:03:16.866 1517 1609 I input_focus: [Focus request recents_animation_input_consumer,reason=UpdateInputWindows]
11-08 05:03:16.867 1517 1689 I input_interaction: Interaction with: edge-swipe (server), swipe-up (server), PointerEventDispatcher0 (server),
11-08 05:03:16.902 1517 1689 I input_focus: [Focus leaving 50d7922 com.android.music/com.android.music.VideoBrowserActivity (server),reason=NOT_FOCUSABLE]
11-08 05:03:16.903 1517 1689 I input_focus: [Focus entering recents_animation_input_consumer (server),reason=setFocusedWindow]
11-08 05:03:17.004 1517 1677 I commit_sys_config_file: [settings-1-0,16]
11-08 05:03:17.100 1517 1614 I sysui_latency: [8,79]
11-08 05:03:17.683 350 350 I auditd : type=1400 audit(0.0:10942): avc: denied { kill } for comm="irq/382-atmel_m" capability=5 scontext=u:r:kernel:s0 tcontext=u:r:kernel:s0 tclass=capability permissive=0
11-08 05:03:17.877 1517 1677 I commit_sys_config_file: [settings-1-0,11]
11-08 05:03:18.566 1517 1689 I input_interaction: Interaction with: cbeae27 com.android.launcher3/com.android.launcher3.uioverrides.QuickstepLauncher (server), edge-swipe (server), swipe-up (server), PointerEventDispatcher0 (server),
11-08 05:03:18.683 0 0 I auditd : type=1400 audit(0.0:10943): avc: denied { kill } for comm="swapper/0" capability=5 scontext=u:r:kernel:s0 tcontext=u:r:kernel:s0 tclass=capability permissive=0
11-08 05:03:19.027 1517 1554 I wm_task_moved: [92,1,6]
11-08 05:03:19.032 1517 1554 I wm_focused_root_task: [0,0,92,197,RecentsAnimation.onAnimationFinished()]
11-08 05:03:19.033 13300 13300 I wm_on_top_resumed_lost_called: [151578165,com.android.music.VideoBrowserActivity,topStateChangedWhenResumed]
11-08 05:03:19.038 1517 1554 I wm_pause_activity: [0,151578165,com.android.music/.VideoBrowserActivity,userLeaving=false,pauseBackTasks]
11-08 05:03:19.042 1517 1554 I wm_set_resumed_activity: [0,com.android.launcher3/.uioverrides.QuickstepLauncher,resumeTopActivityInnerLocked]
11-08 05:03:19.045 1517 1554 I wm_resume_activity: [0,193491456,93,com.android.launcher3/.uioverrides.QuickstepLauncher]
11-08 05:03:19.046 1517 1554 I wm_add_to_stopping: [0,151578165,com.android.music/.VideoBrowserActivity,makeInvisible]
11-08 05:03:19.047 2526 2526 I wm_on_resume_called: [193491456,com.android.launcher3.uioverrides.QuickstepLauncher,RESUME_ACTIVITY]
11-08 05:03:19.062 1517 1609 I input_focus: [Focus request cbeae27 com.android.launcher3/com.android.launcher3.uioverrides.QuickstepLauncher,reason=UpdateInputWindows]
11-08 05:03:19.063 13300 13300 I wm_on_paused_called: [151578165,com.android.music.VideoBrowserActivity,performPause]
11-08 05:03:19.063 1517 1608 I sysui_multi_action: [757,803,799,window_time_0,802,14]
11-08 05:03:19.070 1517 1608 I wm_stop_activity: [0,151578165,com.android.music/.VideoBrowserActivity]
11-08 05:03:19.074 2526 2526 I wm_on_top_resumed_gained_called: [193491456,com.android.launcher3.uioverrides.QuickstepLauncher,topStateChangedWhenResumed]
11-08 05:03:19.074 1517 1608 I sysui_multi_action: [757,803,799,window_time_0,802,0]
11-08 05:03:19.075 1517 1689 I input_focus: [Focus leaving recents_animation_input_consumer (server),reason=NOT_VISIBLE]
11-08 05:03:19.076 1517 1689 I input_focus: [Focus entering cbeae27 com.android.launcher3/com.android.launcher3.uioverrides.QuickstepLauncher (server),reason=setFocusedWindow]
11-08 05:03:19.094 13300 13300 I wm_on_stop_called: [151578165,com.android.music.VideoBrowserActivity,STOP_ACTIVITY_ITEM]
11-08 05:03:19.107 1517 1614 I am_pss : [13268,1000,com.android.settings,20847616,13115392,0,112549888,0,19,7]
11-08 05:03:19.161 1517 8721 I wm_finish_activity: [0,151578165,197,com.android.music/.VideoBrowserActivity,recent-task-trimmed]
11-08 05:03:19.161 1517 8721 I wm_destroy_activity: [0,151578165,197,com.android.music/.VideoBrowserActivity,finish-imm:finishIfPossible]
11-08 05:03:19.162 1517 1608 I am_kill : [0,13300,com.android.music,900,remove task]
11-08 05:03:19.164 1517 1608 I sysui_multi_action: [757,803,799,window_time_0,802,0]
11-08 05:03:19.202 1517 9202 I am_proc_died: [0,13300,com.android.music,900,18]
11-08 05:03:19.206 1517 9202 I am_uid_stopped: 10088
11-08 05:03:19.208 1517 9202 I wm_task_removed: [197,removeChild:removeChild last r=ActivityRecord{908e635 u0 com.android.music/.VideoBrowserActivity t-1 f}} in t=Task{f9c7c9c #197 type=standard A=10088:android.task.video U=0 visible=false mode=fullscreen translucent=true sz=0}]
11-08 05:03:19.208 1517 9202 I wm_task_removed: [197,removeChild]
11-08 05:03:19.213 1517 1608 I am_uid_running: 10088
11-08 05:03:19.231 1517 1616 I am_proc_start: [0,13458,10088,com.android.music,NULL,]
11-08 05:03:19.260 1517 9202 I am_proc_bound: [0,13458,com.android.music]
11-08 05:03:19.668 1517 1689 I input_interaction: Interaction with: cbeae27 com.android.launcher3/com.android.launcher3.uioverrides.QuickstepLauncher (server), c84215e com.android.systemui.ImageWallpaper (server), edge-swipe (server), swipe-up (server), PointerEventDispatcher0 (server),
11-08 05:03:19.683 0 0 I auditd : type=1400 audit(0.0:10944): avc: denied { kill } for comm="swapper/0" capability=5 scontext=u:r:kernel:s0 tcontext=u:r:kernel:s0 tclass=capability permissive=0
11-08 05:03:20.683 0 0 I auditd : type=1400 audit(0.0:10945): avc: denied { kill } for comm="swapper/0" capability=5 scontext=u:r:kernel:s0 tcontext=u:r:kernel:s0 tclass=capability permissive=0
11-08 05:03:21.683 0 0 I auditd : type=1400 audit(0.0:10946): avc: denied { kill } for comm="swapper/0" capability=5 scontext=u:r:kernel:s0 tcontext=u:r:kernel:s0 tclass=capability permissive=0
11-08 05:03:22.683 0 0 I auditd : type=1400 audit(0.0:10947): avc: denied { kill } for comm="swapper/0" capability=5 scontext=u:r:kernel:s0 tcontext=u:r:kernel:s0 tclass=capability permissive=0
11-08 05:03:23.683 0 0 I auditd : type=1400 audit(0.0:10948): avc: denied { kill } for comm="swapper/0" capability=5 scontext=u:r:kernel:s0 tcontext=u:r:kernel:s0 tclass=capability permissive=0
11-08 05:03:24.683 0 0 I auditd : type=1400 audit(0.0:10949): avc: denied { kill } for comm="swapper/0" capability=5 scontext=u:r:kernel:s0 tcontext=u:r:kernel:s0 tclass=capability permissive=0
11-08 05:03:25.683 0 0 I auditd : type=1400 audit(0.0:10950): avc: denied { kill } for comm="swapper/0" capability=5 scontext=u:r:kernel:s0 tcontext=u:r:kernel:s0 tclass=capability permissive=0
11-08 05:03:26.683 0 0 I auditd : type=1400 audit(0.0:10951): avc: denied { kill } for comm="swapper/0" capability=5 scontext=u:r:kernel:s0 tcontext=u:r:kernel:s0 tclass=capability permissive=0
11-08 05:03:27.683 0 0 I auditd : type=1400 audit(0.0:10952): avc: denied { kill } for comm="swapper/0" capability=5 scontext=u:r:kernel:s0 tcontext=u:r:kernel:s0 tclass=capability permissive=0
11-08 05:03:28.683 0 0 I auditd : type=1400 audit(0.0:10953): avc: denied { kill } for comm="swapper/0" capability=5 scontext=u:r:kernel:s0 tcontext=u:r:kernel:s0 tclass=capability permissive=0
11-08 05:03:29.683 0 0 I auditd : type=1400 audit(0.0:10954): avc: denied { kill } for comm="swapper/0" capability=5 scontext=u:r:kernel:s0 tcontext=u:r:kernel:s0 tclass=capability permissive=0
11-08 05:03:31.683 0 0 I auditd : type=1400 audit(0.0:10955): avc: denied { kill } for comm="swapper/0" capability=5 scontext=u:r:kernel:s0 tcontext=u:r:kernel:s0 tclass=capability permissive=0
11-08 05:03:32.683 0 0 I auditd : type=1400 audit(0.0:10956): avc: denied { kill } for comm="swapper/0" capability=5 scontext=u:r:kernel:s0 tcontext=u:r:kernel:s0 tclass=capability permissive=0
11-08 05:03:33.420 1517 1615 I am_uid_idle: 10084
11-08 05:03:33.683 0 0 I auditd : type=1400 audit(0.0:10957): avc: denied { kill } for comm="swapper/0" capability=5 scontext=u:r:kernel:s0 tcontext=u:r:kernel:s0 tclass=capability permissive=0
11-08 05:03:35.683 350 350 I auditd : type=1400 audit(0.0:10958): avc: denied { kill } for comm="irq/382-atmel_m" capability=5 scontext=u:r:kernel:s0 tcontext=u:r:kernel:s0 tclass=capability permissive=0
11-08 05:03:36.683 0 0 I auditd : type=1400 audit(0.0:10959): avc: denied { kill } for comm="swapper/0" capability=5 scontext=u:r:kernel:s0 tcontext=u:r:kernel:s0 tclass=capability permissive=0
11-08 05:03:37.683 0 0 I auditd : type=1400 audit(0.0:10960): avc: denied { kill } for comm="swapper/0" capability=5 scontext=u:r:kernel:s0 tcontext=u:r:kernel:s0 tclass=capability permissive=0
11-08 05:03:38.364 1517 1517 I service_manager_stats: [100,121,62800]
11-08 05:03:38.683 0 0 I auditd : type=1400 audit(0.0:10961): avc: denied { kill } for comm="swapper/0" capability=5 scontext=u:r:kernel:s0 tcontext=u:r:kernel:s0 tclass=capability permissive=0
11-08 05:03:39.683 0 0 I auditd : type=1400 audit(0.0:10962): avc: denied { kill } for comm="swapper/0" capability=5 scontext=u:r:kernel:s0 tcontext=u:r:kernel:s0 tclass=capability permissive=0
11-08 05:03:40.567 1517 1689 I input_interaction: Interaction with: f80a206 StatusBar (server), edge-swipe (server), swipe-up (server), PointerEventDispatcher0 (server),
11-08 05:03:40.572 1969 1969 I sysui_multi_action: [757,803,799,panel_open,802,1]
11-08 05:03:40.574 1969 1969 I sysui_multi_action: [757,1328,758,4,1326,54,1327,0,1329,0]
11-08 05:03:40.702 1517 9202 I sysui_multi_action: [757,127,758,1]
11-08 05:03:40.702 1517 9202 I sysui_multi_action: [757,804,799,note_load,801,2,802,1]
11-08 05:03:40.702 1517 9202 I notification_panel_revealed: 2
11-08 05:03:40.710 1517 1517 I notification_enqueue: [10082,1969,com.android.systemui,2048,NULL,0,Notification(channel=updateNotification shortcut=null contentView=null vibrate=null sound=null defaults=0x0 flags=0x0 color=0x00000000 vis=PRIVATE),1]
11-08 05:03:40.710 1969 1969 I sysui_multi_action: [757,111,758,2]
11-08 05:03:40.710 1969 1969 I sysui_multi_action: [757,111,758,2]
11-08 05:03:40.747 1517 1609 I input_focus: [Focus request 1f46765 NotificationShade,reason=UpdateInputWindows]
11-08 05:03:40.756 1969 1969 I sysui_multi_action: [757,111,758,1]
11-08 05:03:40.756 1969 1969 I sysui_multi_action: [757,126,758,1,759,126,927,0,928,1,1593,0]
11-08 05:03:40.756 1969 1969 I sysui_multi_action: [757,113,758,1,759,113,927,1,928,0,1593,0]
11-08 05:03:40.756 1969 1969 I sysui_multi_action: [757,0,758,1,759,0,927,2,928,0,1593,0]
11-08 05:03:40.756 1969 1969 I sysui_multi_action: [757,0,758,1,759,0,927,3,928,0,1593,0]
11-08 05:03:40.757 1969 1969 I sysui_multi_action: [757,0,758,1,759,0,927,4,1593,0]
11-08 05:03:40.757 1969 1969 I sysui_multi_action: [757,491,758,1,759,491,927,5,928,0,1311,-1,1593,0]
11-08 05:03:40.757 1969 1969 I sysui_multi_action: [757,122,758,1,759,122,927,6,928,1,1593,0]
