11-08 05:00:27.956 2526 2526 I wm_on_paused_called: [193491456,com.android.launcher3.uioverrides.QuickstepLauncher,performPause]
11-08 05:00:27.981 1969 1969 I sysui_multi_action: [757,111,758,1]
11-08 05:00:27.982 1969 1969 I sysui_multi_action: [757,126,758,1,759,126,927,0,928,1,1593,0]
11-08 05:00:27.982 1969 1969 I sysui_multi_action: [757,113,758,1,759,113,927,1,928,0,1593,0]
11-08 05:00:27.982 1969 1969 I sysui_multi_action: [757,0,758,1,759,0,927,2,928,0,1593,0]
11-08 05:00:27.982 1969 1969 I sysui_multi_action: [757,0,758,1,759,0,927,3,928,0,1593,0]
11-08 05:00:27.982 1969 1969 I sysui_multi_action: [757,0,758,1,759,0,927,4,1593,0]
11-08 05:00:27.982 1969 1969 I sysui_multi_action: [757,491,758,1,759,491,927,5,928,0,1311,-1,1593,0]
11-08 05:00:27.982 1969 1969 I sysui_multi_action: [757,122,758,1,759,122,927,6,928,1,1593,0]
11-08 05:00:27.982 1969 1969 I sysui_multi_action: [757,0,758,1,759,0,927,7,928,0,1593,0]
11-08 05:00:27.982 1969 1969 I sysui_multi_action: [757,111,758,1]
11-08 05:00:27.982 1969 1969 I sysui_multi_action: [757,126,758,1,759,126,927,0,928,1,1593,0]
11-08 05:00:27.982 1969 1969 I sysui_multi_action: [757,113,758,1,759,113,927,1,928,0,1593,0]
11-08 05:00:27.982 1969 1969 I sysui_multi_action: [757,0,758,1,759,0,927,2,928,0,1593,0]
11-08 05:00:27.982 1969 1969 I sysui_multi_action: [757,0,758,1,759,0,927,3,928,0,1593,0]
11-08 05:00:27.992 1517 1677 I commit_sys_config_file: [settings-1-0,3]
11-08 05:00:27.994 1517 1609 I input_focus: [Focus request 239f3b5 com.android.settings/com.android.settings.Settings,reason=UpdateInputWindows]
11-08 05:00:28.011 1517 1661 I wm_stop_activity: [0,193491456,com.android.launcher3/.uioverrides.QuickstepLauncher]
11-08 05:00:28.016 2526 2526 I wm_on_stop_called: [193491456,com.android.launcher3.uioverrides.QuickstepLauncher,STOP_ACTIVITY_ITEM]
11-08 05:00:28.031 1517 1689 I input_focus: [Focus entering 239f3b5 com.android.settings/com.android.settings.Settings (server),reason=Window became focusable. Previous reason: NOT_VISIBLE]
11-08 05:00:28.077 1517 1677 I commit_sys_config_file: [settings-2-0,4]
11-08 05:00:28.082 1517 1517 I sysui_multi_action: [757,1501,758,1,793,235,794,0,795,235,796,26,806,android,857,DEVELOPER_IMPORTANT,858,4,947,0,1500,0]
11-08 05:00:28.082 1517 1517 I sysui_multi_action: [757,804,799,note_interruptive,801,0,802,1]
11-08 05:00:28.086 1517 1677 I commit_sys_config_file: [settings-0-0,8]
11-08 05:00:28.089 1517 1517 I sysui_multi_action: [757,1501,758,1,793,241,794,0,795,241,796,26,806,android,857,DEVELOPER_IMPORTANT,858,4,947,0,1500,0,1688,1]
11-08 05:00:28.089 1517 1517 I sysui_multi_action: [757,804,799,note_interruptive,801,0,802,1]
11-08 05:00:28.089 1517 1517 I sysui_multi_action: [757,199,758,1,759,2,793,242,794,0,795,242,796,26,806,android,857,DEVELOPER_IMPORTANT,858,4,947,0,1500,1,1688,1]
11-08 05:00:28.089 1517 1517 I notification_alert: [-1|android|26|null|1000,0,1,0]
11-08 05:00:28.091 1517 1607 I commit_sys_config_file: [notification-policy,10225534]
11-08 05:00:28.091 1517 1517 I sysui_multi_action: [757,1501,758,1,793,243,794,0,795,243,796,32,806,android,857,USB,858,1,947,0,1500,0]
11-08 05:00:28.092 1517 1517 I sysui_multi_action: [757,804,799,note_interruptive,801,0,802,1]
11-08 05:00:28.163 1969 1969 I sysui_multi_action: [757,803,799,note_peek,802,1]
11-08 05:00:28.167 1517 1554 I sysui_multi_action: [757,127,758,1]
11-08 05:00:28.167 1517 1554 I sysui_multi_action: [757,804,799,note_load,801,1,802,1]
11-08 05:00:28.168 1517 1554 I notification_panel_revealed: 1
11-08 05:00:28.171 1969 1969 I sysui_heads_up_status: [-1|android|26|null|1000,1]
11-08 05:00:28.675 1517 6171 I sysui_multi_action: [757,128,758,1,793,828,794,0,795,828,796,26,798,0,806,android,857,DEVELOPER_IMPORTANT,858,4,947,0,1395,2,1500,587,1688,1]
11-08 05:00:28.676 1517 6171 I sysui_multi_action: [757,804,799,note_freshness,801,828,802,1]
11-08 05:00:28.676 1517 6171 I notification_visibility: [-1|android|26|null|1000,1,828,828,0,0]
11-08 05:00:29.772 1517 1689 I input_interaction: Interaction with: 239f3b5 com.android.settings/com.android.settings.Settings (server), edge-swipe (server), swipe-up (server), PointerEventDispatcher0 (server),
11-08 05:00:29.873 11517 11517 I sysui_multi_action: [757,830,758,4,833,0,854,top_level_game,1089,0]
11-08 05:00:29.976 11517 11517 I sysui_multi_action: [757,344,758,2,1089,2023]
11-08 05:00:29.979 11517 11517 I sysui_multi_action: [757,750,758,2,1089,2033]
11-08 05:00:30.007 11517 11517 I sysui_multi_action: [757,3000,758,1,833,0,1089,22]
11-08 05:00:30.008 11517 11517 I sysui_multi_action: [757,1729,758,4,854,isParalleledControllers:false,1089,23]
11-08 05:00:30.907 1517 1614 I sysui_multi_action: [757,1717,758,1,759,0]
11-08 05:00:30.908 1517 1614 I sysui_multi_action: [757,1717,758,2,759,0]
11-08 05:00:30.908 1517 1614 I sysui_multi_action: [757,1717,758,3,759,0]
11-08 05:00:31.423 11517 11517 I sysui_multi_action: [757,830,758,4,833,0,854,top_level_system,1089,0]
11-08 05:00:31.526 11517 11517 I sysui_multi_action: [757,3000,758,2,1089,1518]
11-08 05:00:31.555 11517 11517 I sysui_multi_action: [757,744,758,1,833,0,1089,23]
11-08 05:00:31.559 11517 11517 I sysui_multi_action: [757,1729,758,4,854,isParalleledControllers:false,1089,26]
11-08 05:00:31.683 0 0 I auditd : type=1400 audit(0.0:10815): avc: denied { kill } for comm="swapper/3" capability=5 scontext=u:r:kernel:s0 tcontext=u:r:kernel:s0 tclass=capability permissive=0
11-08 05:00:31.755 11517 11517 I sysui_multi_action: [757,830,758,4,833,0,854,top_level_privacy,1089,0]
11-08 05:00:31.857 11517 11517 I sysui_multi_action: [757,744,758,2,1089,302]
11-08 05:00:31.882 11517 11517 I sysui_multi_action: [757,1587,758,1,833,0,1089,22]
11-08 05:00:31.886 11517 11517 I sysui_multi_action: [757,1729,758,4,854,isParalleledControllers:false,1089,27]
11-08 05:00:32.240 11517 11517 I sysui_multi_action: [757,830,758,4,833,0,854,top_level_security,1089,0]
11-08 05:00:32.341 11517 11517 I sysui_multi_action: [757,1587,758,2,1089,460]
11-08 05:00:32.379 11517 11517 I sysui_multi_action: [757,87,758,1,833,0,1089,36]
11-08 05:00:32.386 11517 11517 I sysui_multi_action: [757,1729,758,4,854,isParalleledControllers:false,1089,43]
11-08 05:00:33.311 11517 11517 I sysui_multi_action: [757,830,758,4,833,0,854,top_level_game,1089,0]
11-08 05:00:33.412 11517 11517 I sysui_multi_action: [757,87,758,2,1089,1033]
11-08 05:00:33.430 11517 11517 I sysui_multi_action: [757,3000,758,1,833,0,1089,16]
11-08 05:00:33.430 11517 11517 I sysui_multi_action: [757,1729,758,4,854,isParalleledControllers:false,1089,16]
11-08 05:00:33.872 1969 1969 I sysui_heads_up_status: [-1|android|26|null|1000,0]
11-08 05:00:34.306 1517 1661 I sysui_multi_action: [757,128,758,2,793,6459,794,5631,795,6459,796,26,798,0,806,android,857,DEVELOPER_IMPORTANT,858,4,947,0,1395,2,1500,6218,1688,1]
11-08 05:00:34.306 1517 1661 I notification_visibility: [-1|android|26|null|1000,0,6459,6459,0,0]
11-08 05:00:34.309 1969 1969 I sysui_multi_action: [757,111,758,2]
11-08 05:00:34.309 1517 1517 I notification_enqueue: [10082,1969,com.android.systemui,2048,NULL,0,Notification(channel=updateNotification shortcut=null contentView=null vibrate=null sound=null defaults=0x0 flags=0x0 color=0x00000000 vis=PRIVATE),1]
11-08 05:00:34.310 1969 1969 I sysui_multi_action: [757,111,758,2]
11-08 05:00:34.315 1517 6171 I sysui_multi_action: [757,127,758,2]
11-08 05:00:34.315 1517 6171 I notification_panel_hidden:
11-08 05:00:34.338 1969 1969 I sysui_multi_action: [757,111,758,1]
11-08 05:00:34.338 1969 1969 I sysui_multi_action: [757,126,758,1,759,126,927,0,928,1,1593,0]
11-08 05:00:34.339 1969 1969 I sysui_multi_action: [757,113,758,1,759,113,927,1,928,0,1593,0]
11-08 05:00:34.339 1969 1969 I sysui_multi_action: [757,0,758,1,759,0,927,2,928,0,1593,0]
11-08 05:00:34.339 1969 1969 I sysui_multi_action: [757,0,758,1,759,0,927,3,928,0,1593,0]
11-08 05:00:34.339 1969 1969 I sysui_multi_action: [757,0,758,1,759,0,927,4,1593,0]
11-08 05:00:34.340 1969 1969 I sysui_multi_action: [757,491,758,1,759,491,927,5,928,0,1311,-1,1593,0]
11-08 05:00:34.340 1969 1969 I sysui_multi_action: [757,122,758,1,759,122,927,6,928,1,1593,0]
11-08 05:00:34.340 1969 1969 I sysui_multi_action: [757,0,758,1,759,0,927,7,928,0,1593,0]
11-08 05:00:34.340 1969 1969 I sysui_multi_action: [757,111,758,1]
11-08 05:00:34.340 1969 1969 I sysui_multi_action: [757,126,758,1,759,126,927,0,928,1,1593,0]
11-08 05:00:34.341 1969 1969 I sysui_multi_action: [757,113,758,1,759,113,927,1,928,0,1593,0]
11-08 05:00:34.341 1969 1969 I sysui_multi_action: [757,0,758,1,759,0,927,2,928,0,1593,0]
11-08 05:00:34.341 1969 1969 I sysui_multi_action: [757,0,758,1,759,0,927,3,928,0,1593,0]
11-08 05:00:34.513 1517 1517 I sysui_multi_action: [757,1501,758,1,793,10220654,794,0,795,206,796,2048,806,com.android.systemui,857,updateNotification,858,3,947,0,1500,0,1688,1]
11-08 05:00:34.513 1517 1517 I sysui_multi_action: [757,804,799,note_interruptive,801,0,802,1]
11-08 05:00:34.513 1517 1517 I sysui_multi_action: [757,199,758,1,759,2,793,10220654,794,0,795,206,796,2048,806,com.android.systemui,857,updateNotification,858,3,947,0,1500,0,1688,1]
11-08 05:00:34.513 1517 1517 I notification_alert: [0|com.android.systemui|2048|null|10082,0,1,0]
11-08 05:00:34.683 0 0 I auditd : type=1400 audit(0.0:10816): avc: denied { kill } for comm="swapper/3" capability=5 scontext=u:r:kernel:s0 tcontext=u:r:kernel:s0 tclass=capability permissive=0
11-08 05:00:34.749 11517 11517 I sysui_multi_action: [757,830,758,4,833,0,854,top_level_system,1089,0]
11-08 05:00:34.861 11517 11517 I sysui_multi_action: [757,3000,758,2,1089,1430]
11-08 05:00:34.887 11517 11517 I sysui_multi_action: [757,744,758,1,833,0,1089,20]
11-08 05:00:34.890 11517 11517 I sysui_multi_action: [757,1729,758,4,854,isParalleledControllers:false,1089,24]
11-08 05:00:35.249 11517 11517 I sysui_multi_action: [757,830,758,4,833,0,854,top_level_privacy,1089,0]
11-08 05:00:35.351 11517 11517 I sysui_multi_action: [757,744,758,2,1089,465]
11-08 05:00:35.390 11517 11517 I sysui_multi_action: [757,1587,758,1,833,0,1089,35]
11-08 05:00:35.393 11517 11517 I sysui_multi_action: [757,1729,758,4,854,isParalleledControllers:false,1089,37]
11-08 05:00:36.352 11517 11517 I sysui_multi_action: [757,830,758,4,833,0,854,top_level_privacy,1089,0]
11-08 05:00:36.465 11517 11517 I sysui_multi_action: [757,1587,758,2,1089,1075]
11-08 05:00:36.498 11517 11517 I sysui_multi_action: [757,1587,758,1,833,0,1089,28]
11-08 05:00:36.501 11517 11517 I sysui_multi_action: [757,1729,758,4,854,isParalleledControllers:false,1089,32]
11-08 05:00:37.205 11517 11517 I sysui_multi_action: [757,830,758,4,833,0,854,top_level_security,1089,0]
11-08 05:00:37.309 11517 11517 I sysui_multi_action: [757,1587,758,2,1089,811]
11-08 05:00:37.363 11517 11517 I sysui_multi_action: [757,87,758,1,833,0,1089,50]
11-08 05:00:37.371 11517 11517 I sysui_multi_action: [757,1729,758,4,854,isParalleledControllers:false,1089,57]
11-08 05:00:37.485 11517 11517 I sysui_multi_action: [757,830,758,4,833,0,854,top_level_display,1089,0]
11-08 05:00:37.586 11517 11517 I sysui_multi_action: [757,87,758,2,1089,223]
11-08 05:00:37.618 11517 11517 I sysui_multi_action: [757,46,758,1,833,0,1089,30]
11-08 05:00:37.625 11517 11517 I sysui_multi_action: [757,1729,758,4,854,isParalleledControllers:false,1089,37]
11-08 05:00:37.683 0 0 I auditd : type=1400 audit(0.0:10817): avc: denied { kill } for comm="swapper/0" capability=5 scontext=u:r:kernel:s0 tcontext=u:r:kernel:s0 tclass=capability permissive=0
11-08 05:00:38.023 11517 11517 I sysui_multi_action: [757,830,758,4,833,0,854,top_level_sound,1089,0]
11-08 05:00:38.124 11517 11517 I sysui_multi_action: [757,46,758,2,1089,506]
11-08 05:00:38.156 11517 11517 I service_manager_stats: [100,57,52827]
11-08 05:00:38.166 11517 11517 I sysui_multi_action: [757,336,758,1,833,0,1089,36]
11-08 05:00:38.170 11517 11517 I sysui_multi_action: [757,1729,758,4,854,isParalleledControllers:false,1089,39]
11-08 05:00:38.668 1517 1517 I service_manager_stats: [100,81,57296]
11-08 05:00:38.672 11517 11517 I sysui_multi_action: [757,830,758,4,833,0,854,top_level_privacy,1089,0]
11-08 05:00:38.683 350 350 I auditd : type=1400 audit(0.0:10818): avc: denied { kill } for comm="irq/382-atmel_m" capability=5 scontext=u:r:kernel:s0 tcontext=u:r:kernel:s0 tclass=capability permissive=0
11-08 05:00:38.777 11517 11517 I sysui_multi_action: [757,336,758,2,1089,610]
11-08 05:00:38.808 11517 11517 I sysui_multi_action: [757,1587,758,1,833,0,1089,22]
11-08 05:00:38.815 11517 11517 I sysui_multi_action: [757,1729,758,4,854,isParalleledControllers:false,1089,29]
11-08 05:00:38.987 11517 11517 I sysui_multi_action: [757,830,758,4,833,0,854,top_level_game,1089,0]
11-08 05:00:39.089 11517 11517 I sysui_multi_action: [757,1587,758,2,1089,281]
11-08 05:00:39.116 11517 11517 I sysui_multi_action: [757,3000,758,1,833,0,1089,25]
11-08 05:00:39.117 11517 11517 I sysui_multi_action: [757,1729,758,4,854,isParalleledControllers:false,1089,26]
11-08 05:00:39.239 11517 11517 I sysui_multi_action: [757,830,758,4,833,0,854,top_level_game,1089,0]
11-08 05:00:39.339 11517 11517 I sysui_multi_action: [757,3000,758,2,1089,223]
11-08 05:00:39.356 11517 11517 I sysui_multi_action: [757,3000,758,1,833,0,1089,14]
11-08 05:00:39.357 11517 11517 I sysui_multi_action: [757,1729,758,4,854,isParalleledControllers:false,1089,14]
11-08 05:00:39.622 1517 2117 I wm_task_moved: [92,0,0]
11-08 05:00:39.622 1517 2117 I wm_task_moved: [92,0,5]
11-08 05:00:39.644 2526 2526 I wm_on_restart_called: [193491456,com.android.launcher3.uioverrides.QuickstepLauncher,performRestartActivity]
11-08 05:00:39.658 2526 2526 I wm_on_start_called: [193491456,com.android.launcher3.uioverrides.QuickstepLauncher,handleStartActivity]
11-08 05:00:39.679 1517 1605 I sysui_multi_action: [319,14,322,48,325,10247,757,761,758,9,759,5,806,com.android.launcher3,871,com.android.launcher3.uioverrides.QuickstepLauncher,904,com.android.launcher3,905,0,1320,8,1321,5]
11-08 05:00:39.683 0 0 I auditd : type=1400 audit(0.0:10819): avc: denied { kill } for comm="swapper/0" capability=5 scontext=u:r:kernel:s0 tcontext=u:r:kernel:s0 tclass=capability permissive=0
11-08 05:00:39.708 11517 11517 I sysui_multi_action: [757,830,758,4,833,0,854,top_level_about_device,1089,0]
11-08 05:00:39.803 1517 2117 I wm_task_moved: [92,0,5]
11-08 05:00:39.804 1517 2117 I wm_add_to_stopping: [0,193491456,com.android.launcher3/.uioverrides.QuickstepLauncher,makeInvisible]
11-08 05:00:39.808 11517 11517 I sysui_multi_action: [757,3000,758,2,1089,452]
11-08 05:00:39.812 1517 1608 I wm_stop_activity: [0,193491456,com.android.launcher3/.uioverrides.QuickstepLauncher]
11-08 05:00:39.830 1517 1614 I am_pss : [10067,1000,com.qti.diagservices,6692864,4501504,0,95678464,0,10,8]
11-08 05:00:39.834 2526 2526 I wm_on_stop_called: [193491456,com.android.launcher3.uioverrides.QuickstepLauncher,STOP_ACTIVITY_ITEM]
11-08 05:00:39.840 11517 11517 I sysui_multi_action: [757,40,758,1,833,0,1089,29]
11-08 05:00:39.840 11517 11517 W FeatureConnector: [ImsConnector, 0] connect: not supported.
11-08 05:00:39.842 11517 11517 I sysui_multi_action: [757,1729,758,4,854,isParalleledControllers:false,1089,30]
11-08 05:00:39.864 1517 1677 I commit_sys_config_file: [settings-1-0,7]
11-08 05:00:40.040 11517 11517 I sysui_multi_action: [757,830,758,4,833,0,854,top_level_system,1089,0]
11-08 05:00:40.142 11517 11517 I sysui_multi_action: [757,40,758,2,1089,301]
11-08 05:00:40.163 11517 11517 I sysui_multi_action: [757,744,758,1,833,0,1089,17]
11-08 05:00:40.166 11517 11517 I sysui_multi_action: [757,1729,758,4,854,isParalleledControllers:false,1089,19]
11-08 05:00:40.343 11517 11517 I sysui_multi_action: [757,830,758,4,833,0,854,top_level_system,1089,0]
11-08 05:00:40.445 11517 11517 I sysui_multi_action: [757,744,758,2,1089,281]
11-08 05:00:40.475 11517 11517 I sysui_multi_action: [757,744,758,1,833,0,1089,23]
11-08 05:00:40.478 11517 11517 I sysui_multi_action: [757,1729,758,4,854,isParalleledControllers:false,1089,26]
11-08 05:00:40.592 11517 11517 I sysui_multi_action: [757,830,758,4,833,0,854,top_level_privacy,1089,0]
11-08 05:00:40.683 350 350 I auditd : type=1400 audit(0.0:10820): avc: denied { kill } for comm="irq/382-atmel_m" capability=5 scontext=u:r:kernel:s0 tcontext=u:r:kernel:s0 tclass=capability permissive=0
11-08 05:00:40.694 11517 11517 I sysui_multi_action: [757,744,758,2,1089,219]
11-08 05:00:40.719 11517 11517 I sysui_multi_action: [757,1587,758,1,833,0,1089,23]
11-08 05:00:40.722 11517 11517 I sysui_multi_action: [757,1729,758,4,854,isParalleledControllers:false,1089,25]
11-08 05:00:41.532 11517 11517 I sysui_multi_action: [757,830,758,4,833,0,854,top_level_privacy,1089,0]
11-08 05:00:41.644 11517 11517 I sysui_multi_action: [757,1587,758,2,1089,924]
11-08 05:00:41.675 11517 11517 I sysui_multi_action: [757,1587,758,1,833,0,1089,25]
11-08 05:00:41.678 11517 11517 I sysui_multi_action: [757,1729,758,4,854,isParalleledControllers:false,1089,28]
11-08 05:00:41.849 11517 11517 I sysui_multi_action: [757,830,758,4,833,0,854,top_level_display,1089,0]
11-08 05:00:41.951 11517 11517 I sysui_multi_action: [757,1587,758,2,1089,276]
11-08 05:00:41.994 11517 11517 I sysui_multi_action: [757,46,758,1,833,0,1089,40]
11-08 05:00:42.001 11517 11517 I sysui_multi_action: [757,1729,758,4,854,isParalleledControllers:false,1089,47]
11-08 05:00:42.229 11517 11517 I sysui_multi_action: [757,830,758,4,833,0,854,top_level_sound,1089,0]
11-08 05:00:42.330 11517 11517 I sysui_multi_action: [757,46,758,2,1089,336]
11-08 05:00:42.368 11517 11517 I sysui_multi_action: [757,336,758,1,833,0,1089,32]
11-08 05:00:42.371 11517 11517 I sysui_multi_action: [757,1729,758,4,854,isParalleledControllers:false,1089,35]
11-08 05:00:42.530 11517 11517 I sysui_multi_action: [757,830,758,4,833,0,854,top_level_storage,1089,0]
11-08 05:00:42.632 11517 11517 I sysui_multi_action: [757,336,758,2,1089,264]
11-08 05:00:42.658 11517 11517 I sysui_multi_action: [757,745,758,1,833,0,1089,20]
11-08 05:00:42.658 11517 11517 I sysui_multi_action: [757,1729,758,4,854,isParalleledControllers:false,1089,21]
11-08 05:00:42.683 350 350 I auditd : type=1400 audit(0.0:10821): avc: denied { kill } for comm="irq/382-atmel_m" capability=5 scontext=u:r:kernel:s0 tcontext=u:r:kernel:s0 tclass=capability permissive=0
11-08 05:00:43.683 0 0 I auditd : type=1400 audit(0.0:10822): avc: denied { kill } for comm="swapper/0" capability=5 scontext=u:r:kernel:s0 tcontext=u:r:kernel:s0 tclass=capability permissive=0
11-08 05:00:44.683 0 0 I auditd : type=1400 audit(0.0:10823): avc: denied { kill } for comm="swapper/0" capability=5 scontext=u:r:kernel:s0 tcontext=u:r:kernel:s0 tclass=capability permissive=0
11-08 05:00:45.683 0 0 I auditd : type=1400 audit(0.0:10824): avc: denied { kill } for comm="swapper/0" capability=5 scontext=u:r:kernel:s0 tcontext=u:r:kernel:s0 tclass=capability permissive=0
11-08 05:00:46.683 0 0 I auditd : type=1400 audit(0.0:10825): avc: denied { kill } for comm="swapper/0" capability=5 scontext=u:r:kernel:s0 tcontext=u:r:kernel:s0 tclass=capability permissive=0
11-08 05:00:47.683 350 350 I auditd : type=1400 audit(0.0:10826): avc: denied { kill } for comm="irq/382-atmel_m" capability=5 scontext=u:r:kernel:s0 tcontext=u:r:kernel:s0 tclass=capability permissive=0
11-08 05:00:48.683 0 0 I auditd : type=1400 audit(0.0:10827): avc: denied { kill } for comm="swapper/0" capability=5 scontext=u:r:kernel:s0 tcontext=u:r:kernel:s0 tclass=capability permissive=0
11-08 05:00:49.683 0 0 I auditd : type=1400 audit(0.0:10828): avc: denied { kill } for comm="swapper/0" capability=5 scontext=u:r:kernel:s0 tcontext=u:r:kernel:s0 tclass=capability permissive=0
11-08 05:00:50.683 0 0 I auditd : type=1400 audit(0.0:10829): avc: denied { kill } for comm="swapper/0" capability=5 scontext=u:r:kernel:s0 tcontext=u:r:kernel:s0 tclass=capability permissive=0
11-08 05:00:51.683 0 0 I auditd : type=1400 audit(0.0:10830): avc: denied { kill } for comm="swapper/0" capability=5 scontext=u:r:kernel:s0 tcontext=u:r:kernel:s0 tclass=capability permissive=0
11-08 05:00:52.683 0 0 I auditd : type=1400 audit(0.0:10831): avc: denied { kill } for comm="swapper/0" capability=5 scontext=u:r:kernel:s0 tcontext=u:r:kernel:s0 tclass=capability permissive=0
11-08 05:00:53.683 0 0 I auditd : type=1400 audit(0.0:10832): avc: denied { kill } for comm="swapper/0" capability=5 scontext=u:r:kernel:s0 tcontext=u:r:kernel:s0 tclass=capability permissive=0
11-08 05:00:54.683 0 0 I auditd : type=1400 audit(0.0:10833): avc: denied { kill } for comm="swapper/0" capability=5 scontext=u:r:kernel:s0 tcontext=u:r:kernel:s0 tclass=capability permissive=0
11-08 05:00:55.683 0 0 I auditd : type=1400 audit(0.0:10834): avc: denied { kill } for comm="swapper/0" capability=5 scontext=u:r:kernel:s0 tcontext=u:r:kernel:s0 tclass=capability permissive=0
11-08 05:00:56.683 0 0 I auditd : type=1400 audit(0.0:10835): avc: denied { kill } for comm="swapper/0" capability=5 scontext=u:r:kernel:s0 tcontext=u:r:kernel:s0 tclass=capability permissive=0
11-08 05:00:57.683 350 350 I auditd : type=1400 audit(0.0:10836): avc: denied { kill } for comm="irq/382-atmel_m" capability=5 scontext=u:r:kernel:s0 tcontext=u:r:kernel:s0 tclass=capability permissive=0
11-08 05:00:58.683 0 0 I auditd : type=1400 audit(0.0:10837): avc: denied { kill } for comm="swapper/0" capability=5 scontext=u:r:kernel:s0 tcontext=u:r:kernel:s0 tclass=capability permissive=0
11-08 05:00:59.683 0 0 I auditd : type=1400 audit(0.0:10838): avc: denied { kill } for comm="swapper/0" capability=5 scontext=u:r:kernel:s0 tcontext=u:r:kernel:s0 tclass=capability permissive=0
11-08 05:01:00.683 0 0 I auditd : type=1400 audit(0.0:10839): avc: denied { kill } for comm="swapper/0" capability=5 scontext=u:r:kernel:s0 tcontext=u:r:kernel:s0 tclass=capability permissive=0
11-08 05:01:01.683 0 0 I auditd : type=1400 audit(0.0:10840): avc: denied { kill } for comm="swapper/0" capability=5 scontext=u:r:kernel:s0 tcontext=u:r:kernel:s0 tclass=capability permissive=0
11-08 05:01:02.683 0 0 I auditd : type=1400 audit(0.0:10841): avc: denied { kill } for comm="swapper/0" capability=5 scontext=u:r:kernel:s0 tcontext=u:r:kernel:s0 tclass=capability permissive=0
11-08 05:01:03.683 0 0 I auditd : type=1400 audit(0.0:10842): avc: denied { kill } for comm="swapper/0" capability=5 scontext=u:r:kernel:s0 tcontext=u:r:kernel:s0 tclass=capability permissive=0
11-08 05:01:04.683 0 0 I auditd : type=1400 audit(0.0:10843): avc: denied { kill } for comm="swapper/0" capability=5 scontext=u:r:kernel:s0 tcontext=u:r:kernel:s0 tclass=capability permissive=0
11-08 05:01:05.683 0 0 I auditd : type=1400 audit(0.0:10844): avc: denied { kill } for comm="swapper/0" capability=5 scontext=u:r:kernel:s0 tcontext=u:r:kernel:s0 tclass=capability permissive=0
11-08 05:01:06.477 1517 6171 I wm_task_moved: [92,0,0]
11-08 05:01:06.478 1517 6171 I wm_task_moved: [92,0,5]
11-08 05:01:06.486 2526 2526 I wm_on_restart_called: [193491456,com.android.launcher3.uioverrides.QuickstepLauncher,performRestartActivity]
11-08 05:01:06.503 2526 2526 I wm_on_start_called: [193491456,com.android.launcher3.uioverrides.QuickstepLauncher,handleStartActivity]
11-08 05:01:06.530 1517 1605 I sysui_multi_action: [319,15,322,45,325,10273,757,761,758,9,759,5,806,com.android.launcher3,871,com.android.launcher3.uioverrides.QuickstepLauncher,904,com.android.launcher3,905,0,1320,8,1321,5]
11-08 05:01:06.585 11517 11517 I view_enqueue_input_event: [Motion - Cancel,com.android.settings/com.android.settings.Settings]
11-08 05:01:06.585 1517 1689 I input_interaction: Interaction with: edge-swipe (server), swipe-up (server), PointerEventDispatcher0 (server),
11-08 05:01:06.587 2526 2526 I sysui_latency: [1,58]
11-08 05:01:06.597 1517 1609 I input_focus: [Focus request recents_animation_input_consumer,reason=UpdateInputWindows]
11-08 05:01:06.622 1517 1689 I input_focus: [Focus leaving 239f3b5 com.android.settings/com.android.settings.Settings (server),reason=NOT_FOCUSABLE]
11-08 05:01:06.622 1517 1689 I input_focus: [Focus entering recents_animation_input_consumer (server),reason=setFocusedWindow]
11-08 05:01:06.707 1517 1677 I commit_sys_config_file: [settings-1-0,6]
11-08 05:01:06.824 1517 1614 I sysui_latency: [8,59]
11-08 05:01:06.877 1517 1554 I wm_task_moved: [92,0,5]
11-08 05:01:06.878 1517 1554 I wm_add_to_stopping: [0,193491456,com.android.launcher3/.uioverrides.QuickstepLauncher,makeInvisible]
11-08 05:01:06.890 1517 1609 I input_focus: [Focus request 239f3b5 com.android.settings/com.android.settings.Settings,reason=UpdateInputWindows]
11-08 05:01:06.892 1517 1608 I wm_stop_activity: [0,193491456,com.android.launcher3/.uioverrides.QuickstepLauncher]
11-08 05:01:06.906 1517 1689 I input_focus: [Focus leaving recents_animation_input_consumer (server),reason=NOT_VISIBLE]
11-08 05:01:06.907 1517 1689 I input_focus: [Focus entering 239f3b5 com.android.settings/com.android.settings.Settings (server),reason=setFocusedWindow]
11-08 05:01:06.920 1517 1614 I am_pss : [11517,1000,com.android.settings,156648448,142684160,0,299552768,0,2,12]
11-08 05:01:06.927 1517 1614 I am_pss : [12568,10017,android.process.acore,13243392,8962048,0,121049088,0,19,6]
11-08 05:01:06.934 1517 1614 I am_pss : [12504,10084,com.qualcomm.qti.qccauthmgr,6657024,4521984,0,97021952,0,19,6]
11-08 05:01:06.943 2526 2526 I wm_on_stop_called: [193491456,com.android.launcher3.uioverrides.QuickstepLauncher,STOP_ACTIVITY_ITEM]
11-08 05:01:07.144 1517 1677 I commit_sys_config_file: [settings-1-0,6]
11-08 05:01:07.683 350 350 I auditd : type=1400 audit(0.0:10845): avc: denied { kill } for comm="irq/382-atmel_m" capability=5 scontext=u:r:kernel:s0 tcontext=u:r:kernel:s0 tclass=capability permissive=0
11-08 05:01:07.698 1517 1689 I input_interaction: Interaction with: 239f3b5 com.android.settings/com.android.settings.Settings (server), edge-swipe (server), swipe-up (server), PointerEventDispatcher0 (server),
11-08 05:01:07.716 1517 1554 I wm_task_moved: [92,0,0]
11-08 05:01:07.717 1517 1554 I wm_task_moved: [92,0,5]
11-08 05:01:07.744 2526 2526 I wm_on_restart_called: [193491456,com.android.launcher3.uioverrides.QuickstepLauncher,performRestartActivity]
11-08 05:01:07.760 2526 2526 I wm_on_start_called: [193491456,com.android.launcher3.uioverrides.QuickstepLauncher,handleStartActivity]
11-08 05:01:07.784 1517 1605 I sysui_multi_action: [319,13,322,62,325,10275,757,761,758,9,759,5,806,com.android.launcher3,871,com.android.launcher3.uioverrides.QuickstepLauncher,904,com.android.launcher3,905,0,1320,8,1321,5]
11-08 05:01:07.819 11517 11517 I view_enqueue_input_event: [Motion - Cancel,com.android.settings/com.android.settings.Settings]
11-08 05:01:07.820 1517 1689 I input_interaction: Interaction with: edge-swipe (server), swipe-up (server), PointerEventDispatcher0 (server),
11-08 05:01:07.821 2526 2526 I sysui_latency: [1,73]
11-08 05:01:07.831 1517 1609 I input_focus: [Focus request recents_animation_input_consumer,reason=UpdateInputWindows]
11-08 05:01:07.858 1517 1689 I input_focus: [Focus leaving 239f3b5 com.android.settings/com.android.settings.Settings (server),reason=NOT_FOCUSABLE]
11-08 05:01:07.858 1517 1689 I input_focus: [Focus entering recents_animation_input_consumer (server),reason=setFocusedWindow]
11-08 05:01:07.964 1517 1677 I commit_sys_config_file: [settings-1-0,7]
11-08 05:01:08.079 1517 1614 I sysui_latency: [8,74]
11-08 05:01:09.683 0 0 I auditd : type=1400 audit(0.0:10846): avc: denied { kill } for comm="swapper/1" capability=5 scontext=u:r:kernel:s0 tcontext=u:r:kernel:s0 tclass=capability permissive=0
11-08 05:01:10.683 0 0 I auditd : type=1400 audit(0.0:10847): avc: denied { kill } for comm="swapper/1" capability=5 scontext=u:r:kernel:s0 tcontext=u:r:kernel:s0 tclass=capability permissive=0
11-08 05:01:11.683 0 0 I auditd : type=1400 audit(0.0:10848): avc: denied { kill } for comm="swapper/1" capability=5 scontext=u:r:kernel:s0 tcontext=u:r:kernel:s0 tclass=capability permissive=0
11-08 05:01:11.705 1517 1677 I commit_sys_config_file: [settings-1-0,7]
11-08 05:01:12.141 1517 1689 I input_interaction: Interaction with: dd1dbc0 com.android.launcher3/com.android.launcher3.uioverrides.QuickstepLauncher (server), edge-swipe (server), swipe-up (server), PointerEventDispatcher0 (server),
11-08 05:01:12.264 1517 2078 I wm_task_moved: [92,1,7]
11-08 05:01:12.268 1517 2078 I wm_focused_root_task: [0,0,92,187,startActivityFromRecents]
11-08 05:01:12.269 11517 11517 I wm_on_top_resumed_lost_called: [249170876,com.android.settings.Settings,topStateChangedWhenResumed]
11-08 05:01:12.282 1517 2078 I wm_task_moved: [185,1,7]
11-08 05:01:12.282 1517 2078 I wm_task_to_front: [0,185]
11-08 05:01:12.282 1517 2078 I wm_focused_root_task: [0,0,185,92,reuseOrNewTask]
11-08 05:01:12.282 1517 2078 I wm_create_activity: [0,37882250,185,com.android.music/.VideoBrowserActivity,NULL,NULL,NULL,269516800]
11-08 05:01:12.286 1517 2078 I wm_pause_activity: [0,249170876,com.android.settings/.Settings,userLeaving=true,pauseBackTasks]
11-08 05:01:12.297 1517 1609 I input_focus: [Focus request dd1dbc0 com.android.launcher3/com.android.launcher3.uioverrides.QuickstepLauncher,reason=UpdateInputWindows]
11-08 05:01:12.303 11517 11517 I sysui_multi_action: [757,35,758,2,1089,44350]
11-08 05:01:12.304 11517 11517 I sysui_multi_action: [757,745,758,2,1089,29647]
11-08 05:01:12.306 11517 11517 I wm_on_paused_called: [249170876,com.android.settings.Settings,performPause]
11-08 05:01:12.310 1517 1661 I wm_add_to_stopping: [0,249170876,com.android.settings/.Settings,makeInvisible]
11-08 05:01:12.310 1517 1661 I wm_restart_activity: [0,37882250,185,com.android.music/.VideoBrowserActivity]
11-08 05:01:12.311 1517 1661 I wm_set_resumed_activity: [0,com.android.music/.VideoBrowserActivity,minimalResumeActivityLocked]
11-08 05:01:12.318 1517 1608 I am_uid_active: 10088
11-08 05:01:12.319 1517 1689 I input_focus: [Focus leaving recents_animation_input_consumer (server),reason=setFocusedWindow]
11-08 05:01:12.319 1517 1689 I input_focus: [Focus entering dd1dbc0 com.android.launcher3/com.android.launcher3.uioverrides.QuickstepLauncher (server),reason=setFocusedWindow]
11-08 05:01:12.327 1517 1608 I sysui_multi_action: [757,803,799,window_time_0,802,46]
11-08 05:01:12.344 11770 11770 I wm_on_create_called: [37882250,com.android.music.VideoBrowserActivity,performCreate]
11-08 05:01:12.344 11770 11770 I wm_on_start_called: [37882250,com.android.music.VideoBrowserActivity,handleStartActivity]
11-08 05:01:12.345 11770 11770 I wm_on_resume_called: [37882250,com.android.music.VideoBrowserActivity,RESUME_ACTIVITY]
11-08 05:01:12.347 11770 11770 I wm_on_top_resumed_gained_called: [37882250,com.android.music.VideoBrowserActivity,topStateChangedWhenResumed]
11-08 05:01:12.371 1517 1605 I sysui_multi_action: [319,81,321,79,322,100,325,10279,757,761,758,8,759,1,806,com.android.music,871,com.android.music.VideoBrowserActivity,904,android,905,0,1320,8,1321,5]
11-08 05:01:12.371 1517 1605 I wm_activity_launch_time: [0,37882250,com.android.music/.VideoBrowserActivity,100]
11-08 05:01:12.683 0 0 I auditd : type=1400 audit(0.0:10849): avc: denied { kill } for comm="swapper/1" capability=5 scontext=u:r:kernel:s0 tcontext=u:r:kernel:s0 tclass=capability permissive=0
11-08 05:01:12.725 1517 1661 I wm_task_moved: [92,0,5]
11-08 05:01:12.729 1517 1661 I wm_add_to_stopping: [0,193491456,com.android.launcher3/.uioverrides.QuickstepLauncher,makeInvisible]
11-08 05:01:12.742 1517 1608 I wm_stop_activity: [0,193491456,com.android.launcher3/.uioverrides.QuickstepLauncher]
11-08 05:01:12.743 1517 1608 I wm_stop_activity: [0,249170876,com.android.settings/.Settings]
11-08 05:01:12.746 1517 1609 I input_focus: [Focus request 2083f73 com.android.music/com.android.music.VideoBrowserActivity,reason=UpdateInputWindows]
11-08 05:01:12.758 11517 11517 I wm_on_stop_called: [249170876,com.android.settings.Settings,STOP_ACTIVITY_ITEM]
11-08 05:01:12.773 1517 1689 I input_focus: [Focus leaving dd1dbc0 com.android.launcher3/com.android.launcher3.uioverrides.QuickstepLauncher (server),reason=NO_WINDOW]
11-08 05:01:12.773 1517 1689 I input_focus: [Focus entering 2083f73 com.android.music/com.android.music.VideoBrowserActivity (server),reason=setFocusedWindow]
11-08 05:01:12.803 2526 2526 I wm_on_stop_called: [193491456,com.android.launcher3.uioverrides.QuickstepLauncher,STOP_ACTIVITY_ITEM]
11-08 05:01:13.683 0 0 I auditd : type=1400 audit(0.0:10850): avc: denied { kill } for comm="swapper/1" capability=5 scontext=u:r:kernel:s0 tcontext=u:r:kernel:s0 tclass=capability permissive=0
11-08 05:01:14.683 0 0 I auditd : type=1400 audit(0.0:10851): avc: denied { kill } for comm="swapper/1" capability=5 scontext=u:r:kernel:s0 tcontext=u:r:kernel:s0 tclass=capability permissive=0
11-08 05:01:15.683 0 0 I auditd : type=1400 audit(0.0:10852): avc: denied { kill } for comm="swapper/1" capability=5 scontext=u:r:kernel:s0 tcontext=u:r:kernel:s0 tclass=capability permissive=0
11-08 05:01:16.683 0 0 I auditd : type=1400 audit(0.0:10853): avc: denied { kill } for comm="swapper/1" capability=5 scontext=u:r:kernel:s0 tcontext=u:r:kernel:s0 tclass=capability permissive=0
11-08 05:01:17.683 0 0 I auditd : type=1400 audit(0.0:10854): avc: denied { kill } for comm="swapper/1" capability=5 scontext=u:r:kernel:s0 tcontext=u:r:kernel:s0 tclass=capability permissive=0
11-08 05:01:18.683 0 0 I auditd : type=1400 audit(0.0:10855): avc: denied { kill } for comm="swapper/1" capability=5 scontext=u:r:kernel:s0 tcontext=u:r:kernel:s0 tclass=capability permissive=0
11-08 05:01:19.683 0 0 I auditd : type=1400 audit(0.0:10856): avc: denied { kill } for comm="swapper/1" capability=5 scontext=u:r:kernel:s0 tcontext=u:r:kernel:s0 tclass=capability permissive=0
11-08 05:01:20.683 0 0 I auditd : type=1400 audit(0.0:10857): avc: denied { kill } for comm="swapper/1" capability=5 scontext=u:r:kernel:s0 tcontext=u:r:kernel:s0 tclass=capability permissive=0
11-08 05:01:21.683 0 0 I auditd : type=1400 audit(0.0:10858): avc: denied { kill } for comm="swapper/1" capability=5 scontext=u:r:kernel:s0 tcontext=u:r:kernel:s0 tclass=capability permissive=0
11-08 05:01:21.866 1517 1689 I input_interaction: Interaction with: 2083f73 com.android.music/com.android.music.VideoBrowserActivity (server), edge-swipe (server), swipe-up (server), PointerEventDispatcher0 (server),
11-08 05:01:21.886 1517 1554 I wm_task_moved: [92,0,0]
11-08 05:01:21.887 1517 1554 I wm_task_moved: [92,0,6]
11-08 05:01:21.909 2526 2526 I wm_on_restart_called: [193491456,com.android.launcher3.uioverrides.QuickstepLauncher,performRestartActivity]
11-08 05:01:21.910 1517 6171 I wm_finish_activity: [0,37882250,185,com.android.music/.VideoBrowserActivity,app-request]
11-08 05:01:21.910 1517 6171 I wm_task_moved: [92,1,7]
11-08 05:01:21.910 1517 6171 I wm_task_moved: [93,1,2147483647]
11-08 05:01:21.910 1517 6171 I wm_task_to_front: [0,93]
11-08 05:01:21.911 1517 6171 I wm_focused_root_task: [0,0,92,-1,finish-top adjustFocusToNextFocusableTask]
11-08 05:01:21.911 11770 11770 I wm_on_top_resumed_lost_called: [37882250,com.android.music.VideoBrowserActivity,topStateChangedWhenResumed]
11-08 05:01:21.911 1517 6171 I wm_pause_activity: [0,37882250,com.android.music/.VideoBrowserActivity,userLeaving=false,finish]
11-08 05:01:21.915 11770 11770 I wm_on_paused_called: [37882250,com.android.music.VideoBrowserActivity,performPause]
11-08 05:01:21.916 1517 9075 I wm_add_to_stopping: [0,37882250,com.android.music/.VideoBrowserActivity,completeFinishing]
11-08 05:01:21.921 1517 9075 I wm_set_resumed_activity: [0,com.android.launcher3/.uioverrides.QuickstepLauncher,resumeTopActivityInnerLocked]
11-08 05:01:21.925 1517 9075 I wm_resume_activity: [0,193491456,93,com.android.launcher3/.uioverrides.QuickstepLauncher]
11-08 05:01:21.940 1517 1608 I sysui_multi_action: [757,803,799,window_time_0,802,10]
11-08 05:01:21.942 1517 1689 I input_focus: [Focus leaving 2083f73 com.android.music/com.android.music.VideoBrowserActivity (server),reason=NO_WINDOW]
11-08 05:01:21.942 11770 11770 I view_enqueue_input_event: [Motion - Cancel,com.android.music/com.android.music.VideoBrowserActivity]
11-08 05:01:21.942 2526 2526 I wm_on_start_called: [193491456,com.android.launcher3.uioverrides.QuickstepLauncher,handleStartActivity]
11-08 05:01:21.949 1517 1609 I input_focus: [Focus request dd1dbc0 com.android.launcher3/com.android.launcher3.uioverrides.QuickstepLauncher,reason=UpdateInputWindows]
11-08 05:01:21.954 2526 2526 I wm_on_resume_called: [193491456,com.android.launcher3.uioverrides.QuickstepLauncher,RESUME_ACTIVITY]
11-08 05:01:21.954 2526 2526 I wm_on_top_resumed_gained_called: [193491456,com.android.launcher3.uioverrides.QuickstepLauncher,topWhenResuming]
11-08 05:01:21.964 1517 1605 I sysui_multi_action: [319,16,322,70,325,10289,757,761,758,9,759,5,806,com.android.launcher3,871,com.android.launcher3.uioverrides.QuickstepLauncher,904,com.android.launcher3,905,0,1320,8,1321,5]
11-08 05:01:21.976 1517 1689 I input_focus: [Focus entering dd1dbc0 com.android.launcher3/com.android.launcher3.uioverrides.QuickstepLauncher (server),reason=Window became focusable. Previous reason: NOT_VISIBLE]
11-08 05:01:22.038 1517 1689 I input_interaction: Interaction with: edge-swipe (server), swipe-up (server), PointerEventDispatcher0 (server),
11-08 05:01:22.090 2526 2526 I sysui_latency: [1,87]
11-08 05:01:22.147 1517 1677 I commit_sys_config_file: [settings-1-0,4]
11-08 05:01:22.258 1517 1614 I sysui_latency: [8,84]
11-08 05:01:22.683 0 0 I auditd : type=1400 audit(0.0:10859): avc: denied { kill } for comm="swapper/1" capability=5 scontext=u:r:kernel:s0 tcontext=u:r:kernel:s0 tclass=capability permissive=0
11-08 05:01:23.140 1517 9075 I wm_task_moved: [92,0,5]
11-08 05:01:23.146 1517 9075 I wm_pause_activity: [0,193491456,com.android.launcher3/.uioverrides.QuickstepLauncher,userLeaving=false,pauseBackTasks]
11-08 05:01:23.148 1517 9075 I wm_add_to_stopping: [0,193491456,com.android.launcher3/.uioverrides.QuickstepLauncher,makeInvisible]
11-08 05:01:23.155 1517 1608 I wm_destroy_activity: [0,37882250,185,com.android.music/.VideoBrowserActivity,finish-imm:idle]
11-08 05:01:23.158 11770 11770 I wm_on_stop_called: [37882250,com.android.music.VideoBrowserActivity,LIFECYCLER_STOP_ACTIVITY]
11-08 05:01:23.162 11770 11770 I wm_on_destroy_called: [37882250,com.android.music.VideoBrowserActivity,performDestroy]
11-08 05:01:23.166 1517 6171 I wm_task_created: [188,-1]
11-08 05:01:23.167 1517 1689 I input_focus: [Focus leaving dd1dbc0 com.android.launcher3/com.android.launcher3.uioverrides.QuickstepLauncher (server),reason=NO_WINDOW]
11-08 05:01:23.172 1517 6171 I wm_task_moved: [188,1,8]
11-08 05:01:23.172 1517 6171 I wm_task_to_front: [0,188]
11-08 05:01:23.172 1517 6171 I wm_create_task: [0,188]
11-08 05:01:23.172 1517 6171 I wm_create_activity: [0,173703622,188,com.android.music/.VideoBrowserActivity,NULL,NULL,NULL,269516800]
11-08 05:01:23.172 1517 6171 I wm_task_moved: [188,1,8]
11-08 05:01:23.189 1517 1661 I wm_task_removed: [185,removeChild:removeChild last r=ActivityRecord{242098a u0 com.android.music/.VideoBrowserActivity t-1 f}} in t=Task{972773b #185 type=standard A=10088:android.task.video U=0 visible=false mode=fullscreen translucent=true sz=0}]
11-08 05:01:23.190 1517 1661 I wm_task_removed: [185,removeChild]
11-08 05:01:23.191 2526 2526 I wm_on_top_resumed_lost_called: [193491456,com.android.launcher3.uioverrides.QuickstepLauncher,topStateChangedWhenResumed]
11-08 05:01:23.195 2526 2526 I wm_on_paused_called: [193491456,com.android.launcher3.uioverrides.QuickstepLauncher,performPause]
11-08 05:01:23.205 1517 6171 I wm_restart_activity: [0,173703622,188,com.android.music/.VideoBrowserActivity]
11-08 05:01:23.206 1517 6171 I wm_set_resumed_activity: [0,com.android.music/.VideoBrowserActivity,minimalResumeActivityLocked]
11-08 05:01:23.207 1517 6171 I wm_resume_activity: [0,249170876,187,com.android.settings/.Settings]
11-08 05:01:23.208 11517 11517 I wm_on_restart_called: [249170876,com.android.settings.Settings,performRestartActivity]
11-08 05:01:23.212 11517 11517 I wm_on_start_called: [249170876,com.android.settings.Settings,handleStartActivity]
11-08 05:01:23.213 11517 11517 I snet_event_log: [120484087,-1,]
11-08 05:01:23.213 11517 11517 I wm_on_resume_called: [249170876,com.android.settings.Settings,RESUME_ACTIVITY]
11-08 05:01:23.213 11517 11517 I sysui_multi_action: [757,35,758,1,833,0,1089,0]
11-08 05:01:23.215 11517 11517 I sysui_multi_action: [757,745,758,1,833,0,1089,0]
11-08 05:01:23.246 1517 1608 I sysui_multi_action: [757,803,799,window_time_0,802,1]
11-08 05:01:23.259 11770 11770 I wm_on_create_called: [173703622,com.android.music.VideoBrowserActivity,performCreate]
11-08 05:01:23.259 11770 11770 I wm_on_start_called: [173703622,com.android.music.VideoBrowserActivity,handleStartActivity]
11-08 05:01:23.260 11770 11770 I wm_on_resume_called: [173703622,com.android.music.VideoBrowserActivity,RESUME_ACTIVITY]
11-08 05:01:23.262 11770 11770 I wm_on_top_resumed_gained_called: [173703622,com.android.music.VideoBrowserActivity,topStateChangedWhenResumed]
11-08 05:01:23.273 1517 1609 I input_focus: [Focus request c992b4d com.android.music/com.android.music.VideoBrowserActivity,reason=UpdateInputWindows]
11-08 05:01:23.286 1517 1605 I sysui_multi_action: [319,127,322,125,325,10290,757,761,758,8,759,2,806,com.android.music,871,com.android.music.VideoBrowserActivity,904,android,905,0,1320,8,1321,5]
11-08 05:01:23.289 1517 1605 I wm_activity_launch_time: [0,173703622,com.android.music/.VideoBrowserActivity,125]
11-08 05:01:23.297 1517 1689 I input_focus: [Focus entering c992b4d com.android.music/com.android.music.VideoBrowserActivity (server),reason=setFocusedWindow]
11-08 05:01:23.568 1517 1608 I wm_stop_activity: [0,193491456,com.android.launcher3/.uioverrides.QuickstepLauncher]
11-08 05:01:23.611 2526 2526 I wm_on_stop_called: [193491456,com.android.launcher3.uioverrides.QuickstepLauncher,STOP_ACTIVITY_ITEM]
11-08 05:01:23.683 0 0 I auditd : type=1400 audit(0.0:10860): avc: denied { kill } for comm="swapper/1" capability=5 scontext=u:r:kernel:s0 tcontext=u:r:kernel:s0 tclass=capability permissive=0
11-08 05:01:23.801 1517 1677 I commit_sys_config_file: [settings-1-0,5]
11-08 05:01:24.683 0 0 I auditd : type=1400 audit(0.0:10861): avc: denied { kill } for comm="swapper/1" capability=5 scontext=u:r:kernel:s0 tcontext=u:r:kernel:s0 tclass=capability permissive=0
11-08 05:01:25.586 1517 1689 I input_interaction: Interaction with: c992b4d com.android.music/com.android.music.VideoBrowserActivity (server), edge-swipe (server), swipe-up (server), PointerEventDispatcher0 (server),
11-08 05:01:25.690 1517 2117 I wm_finish_activity: [0,173703622,188,com.android.music/.VideoBrowserActivity,finish-activity]
11-08 05:01:25.691 1517 2117 I wm_task_moved: [187,1,7]
11-08 05:01:25.691 1517 2117 I wm_task_to_front: [0,187]
11-08 05:01:25.695 1517 2117 I wm_set_resumed_activity: [0,com.android.settings/.Settings,positionChildAt]
11-08 05:01:25.695 1517 2117 I wm_focused_root_task: [0,0,187,188,finish-top adjustFocusToNextFocusableTask]
11-08 05:01:25.695 1517 2117 I wm_set_resumed_activity: [0,com.android.settings/.Settings,finish-top]
11-08 05:01:25.710 1517 2117 I wm_pause_activity: [0,173703622,com.android.music/.VideoBrowserActivity,userLeaving=false,finish]
11-08 05:01:25.718 11770 11770 I wm_on_top_resumed_lost_called: [173703622,com.android.music.VideoBrowserActivity,topStateChangedWhenResumed]
11-08 05:01:25.718 1517 1609 I input_focus: [Focus request 239f3b5 com.android.settings/com.android.settings.Settings,reason=UpdateInputWindows]
11-08 05:01:25.722 11517 11517 I wm_on_top_resumed_gained_called: [249170876,com.android.settings.Settings,topStateChangedWhenResumed]
11-08 05:01:25.722 11770 11770 I wm_on_paused_called: [173703622,com.android.music.VideoBrowserActivity,performPause]
11-08 05:01:25.724 1517 6171 I wm_destroy_activity: [0,173703622,188,com.android.music/.VideoBrowserActivity,finish-imm:completePausedLocked]
11-08 05:01:25.738 1517 1689 I input_focus: [Focus leaving c992b4d com.android.music/com.android.music.VideoBrowserActivity (server),reason=NO_WINDOW]
11-08 05:01:25.739 11770 11770 I wm_on_stop_called: [173703622,com.android.music.VideoBrowserActivity,LIFECYCLER_STOP_ACTIVITY]
11-08 05:01:25.741 1517 1689 I input_focus: [Focus entering 239f3b5 com.android.settings/com.android.settings.Settings (server),reason=setFocusedWindow]
11-08 05:01:25.742 11770 11770 I wm_on_destroy_called: [173703622,com.android.music.VideoBrowserActivity,performDestroy]
11-08 05:01:25.745 1517 1608 I sysui_multi_action: [757,803,799,window_time_2,802,3]
11-08 05:01:25.757 1517 1608 I sysui_multi_action: [757,803,799,window_time_0,802,0]
11-08 05:01:26.018 1517 1609 I wm_task_removed: [188,removeChild:removeChild last r=ActivityRecord{a5a81c6 u0 com.android.music/.VideoBrowserActivity t-1 f}} in t=Task{92139ab #188 type=standard A=10088:android.task.video U=0 visible=false mode=freeform translucent=true sz=0}]
11-08 05:01:26.018 1517 1609 I wm_task_removed: [188,removeChild]
11-08 05:01:26.683 0 0 I auditd : type=1400 audit(0.0:10862): avc: denied { kill } for comm="swapper/1" capability=5 scontext=u:r:kernel:s0 tcontext=u:r:kernel:s0 tclass=capability permissive=0
11-08 05:01:26.802 1517 1689 I input_interaction: Interaction with: 239f3b5 com.android.settings/com.android.settings.Settings (server), edge-swipe (server), swipe-up (server), PointerEventDispatcher0 (server),
11-08 05:01:26.820 1517 2117 I wm_task_moved: [92,0,0]
11-08 05:01:26.821 1517 2117 I wm_task_moved: [92,0,5]
11-08 05:01:26.834 2526 2526 I wm_on_restart_called: [193491456,com.android.launcher3.uioverrides.QuickstepLauncher,performRestartActivity]
11-08 05:01:26.851 2526 2526 I wm_on_start_called: [193491456,com.android.launcher3.uioverrides.QuickstepLauncher,handleStartActivity]
11-08 05:01:26.874 1517 1605 I sysui_multi_action: [319,17,322,48,325,10294,757,761,758,9,759,5,806,com.android.launcher3,871,com.android.launcher3.uioverrides.QuickstepLauncher,904,com.android.launcher3,905,0,1320,8,1321,5]
11-08 05:01:26.906 11517 11517 I view_enqueue_input_event: [Motion - Cancel,com.android.settings/com.android.settings.Settings]
11-08 05:01:26.907 2526 2526 I sysui_latency: [1,61]
11-08 05:01:26.918 1517 1689 I input_interaction: Interaction with: edge-swipe (server), swipe-up (server), PointerEventDispatcher0 (server),
11-08 05:01:26.923 1517 1609 I input_focus: [Focus request recents_animation_input_consumer,reason=UpdateInputWindows]
11-08 05:01:26.955 1517 1689 I input_focus: [Focus leaving 239f3b5 com.android.settings/com.android.settings.Settings (server),reason=NOT_FOCUSABLE]
11-08 05:01:26.955 1517 1689 I input_focus: [Focus entering recents_animation_input_consumer (server),reason=setFocusedWindow]
11-08 05:01:27.056 1517 1677 I commit_sys_config_file: [settings-1-0,6]
11-08 05:01:27.173 1517 1614 I sysui_latency: [8,61]
11-08 05:01:27.276 1517 1677 I commit_sys_config_file: [settings-1-0,10]
11-08 05:01:27.890 1517 2117 I wm_task_moved: [92,1,6]
11-08 05:01:27.896 1517 2117 I wm_task_moved: [93,1,2147483647]
11-08 05:01:27.896 1517 2117 I wm_task_to_front: [0,93]
11-08 05:01:27.897 11517 11517 I wm_on_top_resumed_lost_called: [249170876,com.android.settings.Settings,topStateChangedWhenResumed]
11-08 05:01:27.899 1517 2117 I wm_focused_root_task: [0,0,92,187,RecentsAnimation.onAnimationFinished()]
11-08 05:01:27.899 1517 2117 I wm_set_resumed_activity: [0,com.android.launcher3/.uioverrides.QuickstepLauncher,RecentsAnimation.onAnimationFinished()]
11-08 05:01:27.901 1517 2117 I wm_pause_activity: [0,249170876,com.android.settings/.Settings,userLeaving=true,pauseBackTasks]
11-08 05:01:27.902 1517 2117 I wm_add_to_stopping: [0,249170876,com.android.settings/.Settings,makeInvisible]
11-08 05:01:27.903 1517 2117 I wm_set_resumed_activity: [0,com.android.launcher3/.uioverrides.QuickstepLauncher,resumeTopActivityInnerLocked]
11-08 05:01:27.905 1517 2117 I wm_resume_activity: [0,193491456,93,com.android.launcher3/.uioverrides.QuickstepLauncher]
11-08 05:01:27.907 2526 2526 I wm_on_resume_called: [193491456,com.android.launcher3.uioverrides.QuickstepLauncher,RESUME_ACTIVITY]
11-08 05:01:27.919 1517 1609 I input_focus: [Focus request dd1dbc0 com.android.launcher3/com.android.launcher3.uioverrides.QuickstepLauncher,reason=UpdateInputWindows]
11-08 05:01:27.924 1517 1689 I input_focus: [Focus leaving recents_animation_input_consumer (server),reason=NOT_VISIBLE]
11-08 05:01:27.924 1517 1689 I input_focus: [Focus entering dd1dbc0 com.android.launcher3/com.android.launcher3.uioverrides.QuickstepLauncher (server),reason=setFocusedWindow]
11-08 05:01:27.938 11517 11517 I sysui_multi_action: [757,35,758,2,1089,4724]
11-08 05:01:27.939 11517 11517 I sysui_multi_action: [757,745,758,2,1089,4724]
11-08 05:01:27.940 11517 11517 I wm_on_paused_called: [249170876,com.android.settings.Settings,performPause]
11-08 05:01:27.940 2526 2526 I wm_on_top_resumed_gained_called: [193491456,com.android.launcher3.uioverrides.QuickstepLauncher,topStateChangedWhenResumed]
11-08 05:01:27.940 1517 1661 I wm_stop_activity: [0,249170876,com.android.settings/.Settings]
11-08 05:01:27.952 1517 1608 I sysui_multi_action: [757,803,799,window_time_0,802,2]
11-08 05:01:27.962 1517 1608 I sysui_multi_action: [757,803,799,window_time_0,802,0]
11-08 05:01:27.977 1517 1614 I am_pss : [12568,10017,android.process.acore,13176832,8896512,0,120983552,0,19,6]
11-08 05:01:27.979 11517 11517 I wm_on_stop_called: [249170876,com.android.settings.Settings,STOP_ACTIVITY_ITEM]
11-08 05:01:27.987 1517 1614 I am_pss : [12504,10084,com.qualcomm.qti.qccauthmgr,6657024,4521984,0,97021952,0,19,6]
11-08 05:01:28.192 1517 1689 I input_interaction: Interaction with: dd1dbc0 com.android.launcher3/com.android.launcher3.uioverrides.QuickstepLauncher (server), c84215e com.android.systemui.ImageWallpaper (server), edge-swipe (server), swipe-up (server), PointerEventDispatcher0 (server),
11-08 05:01:28.276 1517 9075 I wm_task_created: [189,-1]
