11-08 04:56:02.330 1517 9873 I wm_new_intent: [0,193491456,93,com.android.launcher3/.uioverrides.QuickstepLauncher,android.intent.action.MAIN,NULL,NULL,268500992]
11-08 04:56:02.331 1517 9873 I wm_task_moved: [92,1,6]
11-08 04:56:02.331 1517 9873 I wm_set_resumed_activity: [0,com.android.launcher3/.uioverrides.QuickstepLauncher,positionChildAt]
11-08 04:56:02.339 2526 2526 I wm_on_paused_called: [193491456,com.android.launcher3.uioverrides.QuickstepLauncher,performPause]
11-08 04:56:02.346 1517 1609 I input_focus: [Focus request f9f7f com.android.launcher3/com.android.launcher3.uioverrides.QuickstepLauncher,reason=UpdateInputWindows]
11-08 04:56:02.352 2526 2526 I wm_on_resume_called: [193491456,com.android.launcher3.uioverrides.QuickstepLauncher,LIFECYCLER_RESUME_ACTIVITY]
11-08 04:56:02.353 2526 2526 I wm_on_top_resumed_gained_called: [193491456,com.android.launcher3.uioverrides.QuickstepLauncher,topStateChangedWhenResumed]
11-08 04:56:02.376 1517 1689 I input_focus: [Focus leaving 232b1c9 com.android.gallery3d/com.android.gallery3d.app.MovieActivity (server),reason=setFocusedWindow]
11-08 04:56:02.376 1517 1689 I input_focus: [Focus entering f9f7f com.android.launcher3/com.android.launcher3.uioverrides.QuickstepLauncher (server),reason=setFocusedWindow]
11-08 04:56:02.683 0 0 I auditd : type=1400 audit(0.0:10491): avc: denied { kill } for comm="swapper/0" capability=5 scontext=u:r:kernel:s0 tcontext=u:r:kernel:s0 tclass=capability permissive=0
11-08 04:56:02.874 1517 1689 I input_interaction: Interaction with: f9f7f com.android.launcher3/com.android.launcher3.uioverrides.QuickstepLauncher (server), c84215e com.android.systemui.ImageWallpaper (server), edge-swipe (server), swipe-up (server), PointerEventDispatcher0 (server),
11-08 04:56:02.972 1517 1689 I input_interaction: Interaction with: edge-swipe (server), swipe-up (server), PointerEventDispatcher0 (server),
11-08 04:56:02.978 2526 2526 I view_enqueue_input_event: [Motion - Cancel,com.android.launcher3/com.android.launcher3.uioverrides.QuickstepLauncher]
11-08 04:56:03.147 1517 1677 I commit_sys_config_file: [settings-1-0,3]
11-08 04:56:03.476 1517 1677 I commit_sys_config_file: [settings-1-0,6]
11-08 04:56:03.578 1517 2078 I wm_finish_activity: [0,13451192,176,com.android.gallery3d/.app.MovieActivity,app-request]
11-08 04:56:03.598 1517 2078 I wm_pause_activity: [0,13451192,com.android.gallery3d/.app.MovieActivity,userLeaving=false,finish]
11-08 04:56:03.603 1517 2078 I wm_finish_activity: [0,107744493,176,com.android.music/.VideoBrowserActivity,app-request]
11-08 04:56:03.606 1517 2078 I wm_destroy_activity: [0,107744493,176,com.android.music/.VideoBrowserActivity,finish-imm:finishIfPossible]
11-08 04:56:03.615 11770 11770 I wm_on_stop_called: [107744493,com.android.music.VideoBrowserActivity,LIFECYCLER_STOP_ACTIVITY]
11-08 04:56:03.618 11770 11770 I wm_on_destroy_called: [107744493,com.android.music.VideoBrowserActivity,performDestroy]
11-08 04:56:03.751 11739 11739 I wm_on_paused_called: [13451192,com.android.gallery3d.app.MovieActivity,performPause]
11-08 04:56:03.753 1517 7327 I wm_destroy_activity: [0,13451192,176,com.android.gallery3d/.app.MovieActivity,finish-imm:completePausedLocked]
11-08 04:56:03.757 1517 1608 I sysui_multi_action: [757,803,799,window_time_2,802,4]
11-08 04:56:03.777 11739 11739 I wm_on_stop_called: [13451192,com.android.gallery3d.app.MovieActivity,LIFECYCLER_STOP_ACTIVITY]
11-08 04:56:03.778 11739 11739 I wm_on_destroy_called: [13451192,com.android.gallery3d.app.MovieActivity,performDestroy]
11-08 04:56:03.911 1517 1609 I wm_task_removed: [176,removeChild:removeChild last r=ActivityRecord{66c0ced u0 com.android.music/.VideoBrowserActivity t-1 f}} in t=Task{14a7f17 #176 type=standard A=10088:android.task.video U=0 visible=false mode=freeform translucent=true sz=0}]
11-08 04:56:03.911 1517 1609 I wm_task_removed: [176,removeChild]
11-08 04:56:04.683 0 0 I auditd : type=1400 audit(0.0:10492): avc: denied { kill } for comm="swapper/2" capability=5 scontext=u:r:kernel:s0 tcontext=u:r:kernel:s0 tclass=capability permissive=0
11-08 04:56:05.683 0 0 I auditd : type=1400 audit(0.0:10493): avc: denied { kill } for comm="swapper/2" capability=5 scontext=u:r:kernel:s0 tcontext=u:r:kernel:s0 tclass=capability permissive=0
11-08 04:56:05.928 1517 1689 I input_interaction: Interaction with: f9f7f com.android.launcher3/com.android.launcher3.uioverrides.QuickstepLauncher (server), c84215e com.android.systemui.ImageWallpaper (server), edge-swipe (server), swipe-up (server), PointerEventDispatcher0 (server),
11-08 04:56:06.090 1517 5618 I wm_task_created: [177,-1]
11-08 04:56:06.096 1517 5618 I wm_task_moved: [177,1,6]
11-08 04:56:06.096 1517 5618 I wm_task_to_front: [0,177]
11-08 04:56:06.097 1517 5618 I wm_create_task: [0,177]
11-08 04:56:06.097 1517 5618 I wm_create_activity: [0,105284084,177,com.android.music/.VideoBrowserActivity,NULL,NULL,NULL,268468224]
11-08 04:56:06.097 1517 5618 I wm_task_moved: [177,1,6]
11-08 04:56:06.104 1517 5618 I wm_restart_activity: [0,105284084,177,com.android.music/.VideoBrowserActivity]
11-08 04:56:06.105 1517 5618 I wm_set_resumed_activity: [0,com.android.music/.VideoBrowserActivity,minimalResumeActivityLocked]
11-08 04:56:06.116 2526 2526 I wm_on_top_resumed_lost_called: [193491456,com.android.launcher3.uioverrides.QuickstepLauncher,topStateChangedWhenResumed]
11-08 04:56:06.148 11770 11770 I wm_on_create_called: [105284084,com.android.music.VideoBrowserActivity,performCreate]
11-08 04:56:06.148 11770 11770 I wm_on_start_called: [105284084,com.android.music.VideoBrowserActivity,handleStartActivity]
11-08 04:56:06.149 11770 11770 I wm_on_resume_called: [105284084,com.android.music.VideoBrowserActivity,RESUME_ACTIVITY]
11-08 04:56:06.152 11770 11770 I wm_on_top_resumed_gained_called: [105284084,com.android.music.VideoBrowserActivity,topStateChangedWhenResumed]
11-08 04:56:06.158 1517 1609 I input_focus: [Focus request 7782e19 com.android.music/com.android.music.VideoBrowserActivity,reason=UpdateInputWindows]
11-08 04:56:06.173 1517 1605 I sysui_multi_action: [319,84,322,83,325,9973,757,761,758,8,759,2,806,com.android.music,871,com.android.music.VideoBrowserActivity,904,android,905,0,1320,8,1321,5]
11-08 04:56:06.174 1517 1605 I wm_activity_launch_time: [0,105284084,com.android.music/.VideoBrowserActivity,83]
11-08 04:56:06.184 1517 1689 I input_focus: [Focus leaving f9f7f com.android.launcher3/com.android.launcher3.uioverrides.QuickstepLauncher (server),reason=setFocusedWindow]
11-08 04:56:06.184 1517 1689 I input_focus: [Focus entering 7782e19 com.android.music/com.android.music.VideoBrowserActivity (server),reason=setFocusedWindow]
11-08 04:56:07.394 1517 1689 I input_interaction: Interaction with: 7782e19 com.android.music/com.android.music.VideoBrowserActivity (server), edge-swipe (server), swipe-up (server), PointerEventDispatcher0 (server),
11-08 04:56:07.571 1517 5798 I wm_task_moved: [177,1,6]
11-08 04:56:07.572 1517 5798 I wm_set_resumed_activity: [0,com.android.music/.VideoBrowserActivity,positionChildAt]
11-08 04:56:07.572 1517 5798 I wm_create_activity: [0,137007770,177,com.android.gallery3d/.app.MovieActivity,android.intent.action.VIEW,video/mp4,content://media/external/video/media/23,0]
11-08 04:56:07.574 1517 5798 I wm_pause_activity: [0,105284084,com.android.music/.VideoBrowserActivity,userLeaving=true,resumeTopActivityInnerLocked]
11-08 04:56:07.584 11770 11770 I wm_on_top_resumed_lost_called: [105284084,com.android.music.VideoBrowserActivity,topStateChangedWhenResumed]
11-08 04:56:07.586 11770 11770 I wm_on_paused_called: [105284084,com.android.music.VideoBrowserActivity,performPause]
11-08 04:56:07.589 1517 7327 I wm_restart_activity: [0,137007770,177,com.android.gallery3d/.app.MovieActivity]
11-08 04:56:07.591 1517 7327 I wm_set_resumed_activity: [0,com.android.gallery3d/.app.MovieActivity,minimalResumeActivityLocked]
11-08 04:56:07.602 1517 1608 I sysui_multi_action: [757,803,799,window_time_0,802,4]
11-08 04:56:07.625 11739 11739 I wm_on_create_called: [137007770,com.android.gallery3d.app.MovieActivity,performCreate]
11-08 04:56:07.628 11739 11739 I wm_on_start_called: [137007770,com.android.gallery3d.app.MovieActivity,handleStartActivity]
11-08 04:56:07.628 11739 11739 I wm_on_resume_called: [137007770,com.android.gallery3d.app.MovieActivity,RESUME_ACTIVITY]
11-08 04:56:07.633 11739 11739 I wm_on_top_resumed_gained_called: [137007770,com.android.gallery3d.app.MovieActivity,topStateChangedWhenResumed]
11-08 04:56:07.641 1517 1609 I input_focus: [Focus request 87f2543 com.android.gallery3d/com.android.gallery3d.app.MovieActivity,reason=UpdateInputWindows]
11-08 04:56:07.671 1517 1689 I input_focus: [Focus leaving 7782e19 com.android.music/com.android.music.VideoBrowserActivity (server),reason=Waiting for window because NOT_VISIBLE]
11-08 04:56:07.682 1517 1605 I sysui_multi_action: [319,114,322,113,325,9975,757,761,758,8,759,2,806,com.android.gallery3d,871,com.android.gallery3d.app.MovieActivity,904,com.android.music,905,0,1320,21,1321,5]
11-08 04:56:07.682 1517 1605 I wm_activity_launch_time: [0,137007770,com.android.gallery3d/.app.MovieActivity,113]
11-08 04:56:07.688 1517 1689 I input_focus: [Focus entering 87f2543 com.android.gallery3d/com.android.gallery3d.app.MovieActivity (server),reason=Window became focusable. Previous reason: NOT_VISIBLE]
11-08 04:56:08.683 0 0 I auditd : type=1400 audit(0.0:10494): avc: denied { kill } for comm="swapper/1" capability=5 scontext=u:r:kernel:s0 tcontext=u:r:kernel:s0 tclass=capability permissive=0
11-08 04:56:09.347 1517 1689 I input_interaction: Interaction with: f9f7f com.android.launcher3/com.android.launcher3.uioverrides.QuickstepLauncher (server), c84215e com.android.systemui.ImageWallpaper (server), edge-swipe (server), swipe-up (server), PointerEventDispatcher0 (server),
11-08 04:56:09.425 2526 2526 I view_enqueue_input_event: [Motion - Cancel,com.android.launcher3/com.android.launcher3.uioverrides.QuickstepLauncher]
11-08 04:56:09.426 1517 1689 I input_interaction: Interaction with: edge-swipe (server), swipe-up (server), PointerEventDispatcher0 (server),
11-08 04:56:09.698 1517 5798 I wm_task_moved: [92,1,6]
11-08 04:56:09.699 11739 11739 I wm_on_top_resumed_lost_called: [137007770,com.android.gallery3d.app.MovieActivity,topStateChangedWhenResumed]
11-08 04:56:09.699 1517 5798 I wm_set_resumed_activity: [0,com.android.launcher3/.uioverrides.QuickstepLauncher,positionChildAt]
11-08 04:56:09.699 1517 5798 I wm_task_moved: [93,1,2147483647]
11-08 04:56:09.699 1517 5798 I wm_task_to_front: [0,93]
11-08 04:56:09.699 1517 5798 I wm_focused_root_task: [0,0,92,177,bringingFoundTaskToFront]
11-08 04:56:09.699 1517 5798 I wm_set_resumed_activity: [0,com.android.launcher3/.uioverrides.QuickstepLauncher,bringingFoundTaskToFront]
11-08 04:56:09.700 1517 5798 I wm_new_intent: [0,193491456,93,com.android.launcher3/.uioverrides.QuickstepLauncher,android.intent.action.MAIN,NULL,NULL,268500992]
11-08 04:56:09.700 1517 5798 I wm_task_moved: [92,1,6]
11-08 04:56:09.701 1517 5798 I wm_set_resumed_activity: [0,com.android.launcher3/.uioverrides.QuickstepLauncher,positionChildAt]
11-08 04:56:09.705 1517 1609 I input_focus: [Focus request f9f7f com.android.launcher3/com.android.launcher3.uioverrides.QuickstepLauncher,reason=UpdateInputWindows]
11-08 04:56:09.706 2526 2526 I wm_on_paused_called: [193491456,com.android.launcher3.uioverrides.QuickstepLauncher,performPause]
11-08 04:56:09.708 2526 2526 I wm_on_resume_called: [193491456,com.android.launcher3.uioverrides.QuickstepLauncher,LIFECYCLER_RESUME_ACTIVITY]
11-08 04:56:09.708 2526 2526 I wm_on_top_resumed_gained_called: [193491456,com.android.launcher3.uioverrides.QuickstepLauncher,topStateChangedWhenResumed]
11-08 04:56:09.727 1517 1689 I input_focus: [Focus leaving 87f2543 com.android.gallery3d/com.android.gallery3d.app.MovieActivity (server),reason=setFocusedWindow]
11-08 04:56:09.727 1517 1689 I input_focus: [Focus entering f9f7f com.android.launcher3/com.android.launcher3.uioverrides.QuickstepLauncher (server),reason=setFocusedWindow]
11-08 04:56:10.015 1517 1689 I input_interaction: Interaction with: f9f7f com.android.launcher3/com.android.launcher3.uioverrides.QuickstepLauncher (server), c84215e com.android.systemui.ImageWallpaper (server), edge-swipe (server), swipe-up (server), PointerEventDispatcher0 (server),
11-08 04:56:10.078 2526 2526 I view_enqueue_input_event: [Motion - Cancel,com.android.launcher3/com.android.launcher3.uioverrides.QuickstepLauncher]
11-08 04:56:10.079 1517 1689 I input_interaction: Interaction with: edge-swipe (server), swipe-up (server), PointerEventDispatcher0 (server),
11-08 04:56:10.266 1517 1677 I commit_sys_config_file: [settings-1-0,7]
11-08 04:56:10.606 1517 1677 I commit_sys_config_file: [settings-1-0,3]
11-08 04:56:10.715 1517 5798 I wm_finish_activity: [0,137007770,177,com.android.gallery3d/.app.MovieActivity,app-request]
11-08 04:56:10.725 1517 5798 I wm_pause_activity: [0,137007770,com.android.gallery3d/.app.MovieActivity,userLeaving=false,finish]
11-08 04:56:10.728 1517 5798 I wm_finish_activity: [0,105284084,177,com.android.music/.VideoBrowserActivity,app-request]
11-08 04:56:10.730 1517 5798 I wm_destroy_activity: [0,105284084,177,com.android.music/.VideoBrowserActivity,finish-imm:finishIfPossible]
11-08 04:56:10.743 11770 11770 I wm_on_stop_called: [105284084,com.android.music.VideoBrowserActivity,LIFECYCLER_STOP_ACTIVITY]
11-08 04:56:10.747 11770 11770 I wm_on_destroy_called: [105284084,com.android.music.VideoBrowserActivity,performDestroy]
11-08 04:56:10.767 11739 11739 I wm_on_paused_called: [137007770,com.android.gallery3d.app.MovieActivity,performPause]
11-08 04:56:10.768 1517 5798 I wm_destroy_activity: [0,137007770,177,com.android.gallery3d/.app.MovieActivity,finish-imm:completePausedLocked]
11-08 04:56:10.770 1517 1608 I sysui_multi_action: [757,803,799,window_time_2,802,3]
11-08 04:56:10.789 11739 11739 I wm_on_stop_called: [137007770,com.android.gallery3d.app.MovieActivity,LIFECYCLER_STOP_ACTIVITY]
11-08 04:56:10.790 11739 11739 I wm_on_destroy_called: [137007770,com.android.gallery3d.app.MovieActivity,performDestroy]
11-08 04:56:11.028 1517 1609 I wm_task_removed: [177,removeChild:removeChild last r=ActivityRecord{64681f4 u0 com.android.music/.VideoBrowserActivity t-1 f}} in t=Task{e7e7c7 #177 type=standard A=10088:android.task.video U=0 visible=false mode=freeform translucent=true sz=0}]
11-08 04:56:11.028 1517 1609 I wm_task_removed: [177,removeChild]
11-08 04:56:11.863 1517 1689 I input_interaction: Interaction with: f9f7f com.android.launcher3/com.android.launcher3.uioverrides.QuickstepLauncher (server), c84215e com.android.systemui.ImageWallpaper (server), edge-swipe (server), swipe-up (server), PointerEventDispatcher0 (server),
11-08 04:56:12.008 1517 5798 I wm_task_created: [178,-1]
11-08 04:56:12.017 1517 5798 I wm_task_moved: [178,1,6]
11-08 04:56:12.017 1517 5798 I wm_task_to_front: [0,178]
11-08 04:56:12.018 1517 5798 I wm_create_task: [0,178]
11-08 04:56:12.018 1517 5798 I wm_create_activity: [0,213729706,178,com.android.music/.VideoBrowserActivity,NULL,NULL,NULL,268468224]
11-08 04:56:12.018 1517 5798 I wm_task_moved: [178,1,6]
11-08 04:56:12.021 1517 5798 I wm_restart_activity: [0,213729706,178,com.android.music/.VideoBrowserActivity]
11-08 04:56:12.023 1517 5798 I wm_set_resumed_activity: [0,com.android.music/.VideoBrowserActivity,minimalResumeActivityLocked]
11-08 04:56:12.043 2526 2526 I wm_on_top_resumed_lost_called: [193491456,com.android.launcher3.uioverrides.QuickstepLauncher,topStateChangedWhenResumed]
11-08 04:56:12.061 11770 11770 I wm_on_create_called: [213729706,com.android.music.VideoBrowserActivity,performCreate]
11-08 04:56:12.061 11770 11770 I wm_on_start_called: [213729706,com.android.music.VideoBrowserActivity,handleStartActivity]
11-08 04:56:12.062 11770 11770 I wm_on_resume_called: [213729706,com.android.music.VideoBrowserActivity,RESUME_ACTIVITY]
11-08 04:56:12.064 11770 11770 I wm_on_top_resumed_gained_called: [213729706,com.android.music.VideoBrowserActivity,topStateChangedWhenResumed]
11-08 04:56:12.071 1517 1609 I input_focus: [Focus request b250c77 com.android.music/com.android.music.VideoBrowserActivity,reason=UpdateInputWindows]
11-08 04:56:12.082 1517 1689 I input_focus: [Focus leaving f9f7f com.android.launcher3/com.android.launcher3.uioverrides.QuickstepLauncher (server),reason=Waiting for window because NOT_VISIBLE]
11-08 04:56:12.085 1517 1605 I sysui_multi_action: [319,80,322,80,325,9979,757,761,758,8,759,2,806,com.android.music,871,com.android.music.VideoBrowserActivity,904,android,905,0,1320,8,1321,5]
11-08 04:56:12.087 1517 1605 I wm_activity_launch_time: [0,213729706,com.android.music/.VideoBrowserActivity,80]
11-08 04:56:12.103 1517 1689 I input_focus: [Focus entering b250c77 com.android.music/com.android.music.VideoBrowserActivity (server),reason=Window became focusable. Previous reason: NOT_VISIBLE]
11-08 04:56:12.683 746 746 I auditd : type=1400 audit(0.0:10495): avc: denied { kill } for comm="crtc_commit:125" capability=5 scontext=u:r:kernel:s0 tcontext=u:r:kernel:s0 tclass=capability permissive=0
11-08 04:56:13.146 1517 1689 I input_interaction: Interaction with: b250c77 com.android.music/com.android.music.VideoBrowserActivity (server), edge-swipe (server), swipe-up (server), PointerEventDispatcher0 (server),
11-08 04:56:13.343 1517 9873 I wm_task_moved: [178,1,6]
11-08 04:56:13.343 1517 9873 I wm_set_resumed_activity: [0,com.android.music/.VideoBrowserActivity,positionChildAt]
11-08 04:56:13.343 1517 9873 I wm_create_activity: [0,167595267,178,com.android.gallery3d/.app.MovieActivity,android.intent.action.VIEW,video/mp4,content://media/external/video/media/21,0]
11-08 04:56:13.345 1517 9873 I wm_pause_activity: [0,213729706,com.android.music/.VideoBrowserActivity,userLeaving=true,resumeTopActivityInnerLocked]
11-08 04:56:13.352 11770 11770 I wm_on_top_resumed_lost_called: [213729706,com.android.music.VideoBrowserActivity,topStateChangedWhenResumed]
11-08 04:56:13.353 11770 11770 I wm_on_paused_called: [213729706,com.android.music.VideoBrowserActivity,performPause]
11-08 04:56:13.357 1517 9202 I wm_restart_activity: [0,167595267,178,com.android.gallery3d/.app.MovieActivity]
11-08 04:56:13.359 1517 9202 I wm_set_resumed_activity: [0,com.android.gallery3d/.app.MovieActivity,minimalResumeActivityLocked]
11-08 04:56:13.363 1517 1608 I sysui_multi_action: [757,803,799,window_time_0,802,2]
11-08 04:56:13.380 11739 11739 I wm_on_create_called: [167595267,com.android.gallery3d.app.MovieActivity,performCreate]
11-08 04:56:13.384 11739 11739 I wm_on_start_called: [167595267,com.android.gallery3d.app.MovieActivity,handleStartActivity]
11-08 04:56:13.384 11739 11739 I wm_on_resume_called: [167595267,com.android.gallery3d.app.MovieActivity,RESUME_ACTIVITY]
11-08 04:56:13.390 11739 11739 I wm_on_top_resumed_gained_called: [167595267,com.android.gallery3d.app.MovieActivity,topStateChangedWhenResumed]
11-08 04:56:13.409 1517 1609 I input_focus: [Focus request aa8c398 com.android.gallery3d/com.android.gallery3d.app.MovieActivity,reason=UpdateInputWindows]
11-08 04:56:13.434 1517 1689 I input_focus: [Focus leaving b250c77 com.android.music/com.android.music.VideoBrowserActivity (server),reason=Waiting for window because NOT_VISIBLE]
11-08 04:56:13.451 1517 1605 I sysui_multi_action: [319,106,322,106,325,9980,757,761,758,8,759,2,806,com.android.gallery3d,871,com.android.gallery3d.app.MovieActivity,904,com.android.music,905,0,1320,21,1321,5]
11-08 04:56:13.453 1517 1689 I input_focus: [Focus entering aa8c398 com.android.gallery3d/com.android.gallery3d.app.MovieActivity (server),reason=Window became focusable. Previous reason: NOT_VISIBLE]
11-08 04:56:13.453 1517 1605 I wm_activity_launch_time: [0,167595267,com.android.gallery3d/.app.MovieActivity,106]
11-08 04:56:14.300 1517 1689 I input_interaction: Interaction with: f9f7f com.android.launcher3/com.android.launcher3.uioverrides.QuickstepLauncher (server), c84215e com.android.systemui.ImageWallpaper (server), edge-swipe (server), swipe-up (server), PointerEventDispatcher0 (server),
11-08 04:56:14.385 2526 2526 I view_enqueue_input_event: [Motion - Cancel,com.android.launcher3/com.android.launcher3.uioverrides.QuickstepLauncher]
11-08 04:56:14.406 1517 1689 I input_interaction: Interaction with: edge-swipe (server), swipe-up (server), PointerEventDispatcher0 (server),
11-08 04:56:14.619 1517 9873 I wm_task_moved: [92,1,6]
11-08 04:56:14.620 1517 9873 I wm_set_resumed_activity: [0,com.android.launcher3/.uioverrides.QuickstepLauncher,positionChildAt]
11-08 04:56:14.620 1517 9873 I wm_task_moved: [93,1,2147483647]
11-08 04:56:14.620 1517 9873 I wm_task_to_front: [0,93]
11-08 04:56:14.620 11739 11739 I wm_on_top_resumed_lost_called: [167595267,com.android.gallery3d.app.MovieActivity,topStateChangedWhenResumed]
11-08 04:56:14.621 1517 9873 I wm_focused_root_task: [0,0,92,178,bringingFoundTaskToFront]
11-08 04:56:14.621 1517 9873 I wm_set_resumed_activity: [0,com.android.launcher3/.uioverrides.QuickstepLauncher,bringingFoundTaskToFront]
11-08 04:56:14.621 1517 9873 I wm_new_intent: [0,193491456,93,com.android.launcher3/.uioverrides.QuickstepLauncher,android.intent.action.MAIN,NULL,NULL,268500992]
11-08 04:56:14.622 1517 9873 I wm_task_moved: [92,1,6]
11-08 04:56:14.622 1517 9873 I wm_set_resumed_activity: [0,com.android.launcher3/.uioverrides.QuickstepLauncher,positionChildAt]
11-08 04:56:14.628 1517 1609 I input_focus: [Focus request f9f7f com.android.launcher3/com.android.launcher3.uioverrides.QuickstepLauncher,reason=UpdateInputWindows]
11-08 04:56:14.635 2526 2526 I wm_on_paused_called: [193491456,com.android.launcher3.uioverrides.QuickstepLauncher,performPause]
11-08 04:56:14.642 2526 2526 I wm_on_resume_called: [193491456,com.android.launcher3.uioverrides.QuickstepLauncher,LIFECYCLER_RESUME_ACTIVITY]
11-08 04:56:14.642 2526 2526 I wm_on_top_resumed_gained_called: [193491456,com.android.launcher3.uioverrides.QuickstepLauncher,topStateChangedWhenResumed]
11-08 04:56:14.659 1517 1689 I input_focus: [Focus leaving aa8c398 com.android.gallery3d/com.android.gallery3d.app.MovieActivity (server),reason=setFocusedWindow]
11-08 04:56:14.659 1517 1689 I input_focus: [Focus entering f9f7f com.android.launcher3/com.android.launcher3.uioverrides.QuickstepLauncher (server),reason=setFocusedWindow]
11-08 04:56:15.214 1517 1689 I input_interaction: Interaction with: f9f7f com.android.launcher3/com.android.launcher3.uioverrides.QuickstepLauncher (server), c84215e com.android.systemui.ImageWallpaper (server), edge-swipe (server), swipe-up (server), PointerEventDispatcher0 (server),
11-08 04:56:15.400 2526 2526 I view_enqueue_input_event: [Motion - Cancel,com.android.launcher3/com.android.launcher3.uioverrides.QuickstepLauncher]
11-08 04:56:15.406 1517 1689 I input_interaction: Interaction with: edge-swipe (server), swipe-up (server), PointerEventDispatcher0 (server),
11-08 04:56:15.577 1517 1677 I commit_sys_config_file: [settings-1-0,4]
11-08 04:56:15.877 1517 1677 I commit_sys_config_file: [settings-1-0,8]
11-08 04:56:15.983 1517 5798 I wm_finish_activity: [0,167595267,178,com.android.gallery3d/.app.MovieActivity,app-request]
11-08 04:56:15.998 1517 5798 I wm_pause_activity: [0,167595267,com.android.gallery3d/.app.MovieActivity,userLeaving=false,finish]
11-08 04:56:16.003 1517 5798 I wm_finish_activity: [0,213729706,178,com.android.music/.VideoBrowserActivity,app-request]
11-08 04:56:16.007 1517 5798 I wm_destroy_activity: [0,213729706,178,com.android.music/.VideoBrowserActivity,finish-imm:finishIfPossible]
11-08 04:56:16.012 11770 11770 I wm_on_stop_called: [213729706,com.android.music.VideoBrowserActivity,LIFECYCLER_STOP_ACTIVITY]
11-08 04:56:16.015 11770 11770 I wm_on_destroy_called: [213729706,com.android.music.VideoBrowserActivity,performDestroy]
11-08 04:56:16.133 11739 11739 I wm_on_paused_called: [167595267,com.android.gallery3d.app.MovieActivity,performPause]
11-08 04:56:16.135 1517 9202 I wm_destroy_activity: [0,167595267,178,com.android.gallery3d/.app.MovieActivity,finish-imm:completePausedLocked]
11-08 04:56:16.138 1517 1608 I sysui_multi_action: [757,803,799,window_time_2,802,3]
11-08 04:56:16.159 11739 11739 I wm_on_stop_called: [167595267,com.android.gallery3d.app.MovieActivity,LIFECYCLER_STOP_ACTIVITY]
11-08 04:56:16.159 11739 11739 I wm_on_destroy_called: [167595267,com.android.gallery3d.app.MovieActivity,performDestroy]
11-08 04:56:16.307 1517 1609 I wm_task_removed: [178,removeChild:removeChild last r=ActivityRecord{cbd41aa u0 com.android.music/.VideoBrowserActivity t-1 f}} in t=Task{8800c7f #178 type=standard A=10088:android.task.video U=0 visible=false mode=freeform translucent=true sz=0}]
11-08 04:56:16.307 1517 1609 I wm_task_removed: [178,removeChild]
11-08 04:56:17.683 0 0 I auditd : type=1400 audit(0.0:10496): avc: denied { kill } for comm="swapper/3" capability=5 scontext=u:r:kernel:s0 tcontext=u:r:kernel:s0 tclass=capability permissive=0
11-08 04:56:18.352 1517 1689 I input_interaction: Interaction with: f9f7f com.android.launcher3/com.android.launcher3.uioverrides.QuickstepLauncher (server), c84215e com.android.systemui.ImageWallpaper (server), edge-swipe (server), swipe-up (server), PointerEventDispatcher0 (server),
11-08 04:56:18.504 1517 9873 I wm_task_created: [179,-1]
11-08 04:56:18.511 1517 9873 I wm_task_moved: [179,1,6]
11-08 04:56:18.511 1517 9873 I wm_task_to_front: [0,179]
11-08 04:56:18.513 1517 9873 I wm_create_task: [0,179]
11-08 04:56:18.513 1517 9873 I wm_create_activity: [0,212420399,179,com.android.music/.VideoBrowserActivity,NULL,NULL,NULL,268468224]
11-08 04:56:18.513 1517 9873 I wm_task_moved: [179,1,6]
11-08 04:56:18.517 1517 9873 I wm_restart_activity: [0,212420399,179,com.android.music/.VideoBrowserActivity]
11-08 04:56:18.519 1517 9873 I wm_set_resumed_activity: [0,com.android.music/.VideoBrowserActivity,minimalResumeActivityLocked]
11-08 04:56:18.541 2526 2526 I wm_on_top_resumed_lost_called: [193491456,com.android.launcher3.uioverrides.QuickstepLauncher,topStateChangedWhenResumed]
11-08 04:56:18.557 11770 11770 I wm_on_create_called: [212420399,com.android.music.VideoBrowserActivity,performCreate]
11-08 04:56:18.557 11770 11770 I wm_on_start_called: [212420399,com.android.music.VideoBrowserActivity,handleStartActivity]
11-08 04:56:18.559 11770 11770 I wm_on_resume_called: [212420399,com.android.music.VideoBrowserActivity,RESUME_ACTIVITY]
11-08 04:56:18.562 11770 11770 I wm_on_top_resumed_gained_called: [212420399,com.android.music.VideoBrowserActivity,topStateChangedWhenResumed]
11-08 04:56:18.570 1517 1609 I input_focus: [Focus request 794c528 com.android.music/com.android.music.VideoBrowserActivity,reason=UpdateInputWindows]
11-08 04:56:18.582 1517 1689 I input_focus: [Focus leaving f9f7f com.android.launcher3/com.android.launcher3.uioverrides.QuickstepLauncher (server),reason=Waiting for window because NOT_VISIBLE]
11-08 04:56:18.591 1517 1605 I sysui_multi_action: [319,84,322,84,325,9985,757,761,758,8,759,2,806,com.android.music,871,com.android.music.VideoBrowserActivity,904,android,905,0,1320,8,1321,5]
11-08 04:56:18.592 1517 1605 I wm_activity_launch_time: [0,212420399,com.android.music/.VideoBrowserActivity,84]
11-08 04:56:18.598 1517 1689 I input_focus: [Focus entering 794c528 com.android.music/com.android.music.VideoBrowserActivity (server),reason=Window became focusable. Previous reason: NOT_VISIBLE]
11-08 04:56:18.683 0 0 I auditd : type=1400 audit(0.0:10497): avc: denied { kill } for comm="swapper/3" capability=5 scontext=u:r:kernel:s0 tcontext=u:r:kernel:s0 tclass=capability permissive=0
11-08 04:56:20.347 1517 1689 I input_interaction: Interaction with: 794c528 com.android.music/com.android.music.VideoBrowserActivity (server), edge-swipe (server), swipe-up (server), PointerEventDispatcher0 (server),
11-08 04:56:20.489 1517 2078 I wm_task_moved: [179,1,6]
11-08 04:56:20.489 1517 2078 I wm_set_resumed_activity: [0,com.android.music/.VideoBrowserActivity,positionChildAt]
11-08 04:56:20.489 1517 2078 I wm_create_activity: [0,234283554,179,com.android.gallery3d/.app.MovieActivity,android.intent.action.VIEW,video/mp4,content://media/external/video/media/21,0]
11-08 04:56:20.490 1517 2078 I wm_pause_activity: [0,212420399,com.android.music/.VideoBrowserActivity,userLeaving=true,resumeTopActivityInnerLocked]
11-08 04:56:20.499 11770 11770 I wm_on_top_resumed_lost_called: [212420399,com.android.music.VideoBrowserActivity,topStateChangedWhenResumed]
11-08 04:56:20.500 11770 11770 I wm_on_paused_called: [212420399,com.android.music.VideoBrowserActivity,performPause]
11-08 04:56:20.502 1517 5798 I wm_restart_activity: [0,234283554,179,com.android.gallery3d/.app.MovieActivity]
11-08 04:56:20.503 1517 5798 I wm_set_resumed_activity: [0,com.android.gallery3d/.app.MovieActivity,minimalResumeActivityLocked]
11-08 04:56:20.512 1517 1608 I sysui_multi_action: [757,803,799,window_time_0,802,4]
11-08 04:56:20.525 11739 11739 I wm_on_create_called: [234283554,com.android.gallery3d.app.MovieActivity,performCreate]
11-08 04:56:20.527 11739 11739 I wm_on_start_called: [234283554,com.android.gallery3d.app.MovieActivity,handleStartActivity]
11-08 04:56:20.528 11739 11739 I wm_on_resume_called: [234283554,com.android.gallery3d.app.MovieActivity,RESUME_ACTIVITY]
11-08 04:56:20.531 11739 11739 I wm_on_top_resumed_gained_called: [234283554,com.android.gallery3d.app.MovieActivity,topStateChangedWhenResumed]
11-08 04:56:20.540 1517 1609 I input_focus: [Focus request f58272b com.android.gallery3d/com.android.gallery3d.app.MovieActivity,reason=UpdateInputWindows]
11-08 04:56:20.569 1517 1689 I input_focus: [Focus leaving 794c528 com.android.music/com.android.music.VideoBrowserActivity (server),reason=Waiting for window because NOT_VISIBLE]
11-08 04:56:20.576 1517 1605 I sysui_multi_action: [319,88,322,85,325,9987,757,761,758,8,759,2,806,com.android.gallery3d,871,com.android.gallery3d.app.MovieActivity,904,com.android.music,905,0,1320,21,1321,5]
11-08 04:56:20.576 1517 1605 I wm_activity_launch_time: [0,234283554,com.android.gallery3d/.app.MovieActivity,85]
11-08 04:56:20.587 1517 1689 I input_focus: [Focus entering f58272b com.android.gallery3d/com.android.gallery3d.app.MovieActivity (server),reason=Window became focusable. Previous reason: NOT_VISIBLE]
11-08 04:56:20.674 1517 5798 I snet_event_log: [172655291,-1,]
11-08 04:56:21.683 0 0 I auditd : type=1400 audit(0.0:10498): avc: denied { kill } for comm="swapper/2" capability=5 scontext=u:r:kernel:s0 tcontext=u:r:kernel:s0 tclass=capability permissive=0
11-08 04:56:21.888 1517 1689 I input_interaction: Interaction with: f9f7f com.android.launcher3/com.android.launcher3.uioverrides.QuickstepLauncher (server), c84215e com.android.systemui.ImageWallpaper (server), edge-swipe (server), swipe-up (server), PointerEventDispatcher0 (server),
11-08 04:56:22.006 2526 2526 I view_enqueue_input_event: [Motion - Cancel,com.android.launcher3/com.android.launcher3.uioverrides.QuickstepLauncher]
11-08 04:56:22.009 1517 1689 I input_interaction: Interaction with: edge-swipe (server), swipe-up (server), PointerEventDispatcher0 (server),
11-08 04:56:22.265 1517 9873 I wm_task_moved: [92,1,6]
11-08 04:56:22.267 11739 11739 I wm_on_top_resumed_lost_called: [234283554,com.android.gallery3d.app.MovieActivity,topStateChangedWhenResumed]
11-08 04:56:22.267 1517 9873 I wm_set_resumed_activity: [0,com.android.launcher3/.uioverrides.QuickstepLauncher,positionChildAt]
11-08 04:56:22.267 1517 9873 I wm_task_moved: [93,1,2147483647]
11-08 04:56:22.267 1517 9873 I wm_task_to_front: [0,93]
11-08 04:56:22.267 1517 9873 I wm_focused_root_task: [0,0,92,179,bringingFoundTaskToFront]
11-08 04:56:22.267 1517 9873 I wm_set_resumed_activity: [0,com.android.launcher3/.uioverrides.QuickstepLauncher,bringingFoundTaskToFront]
11-08 04:56:22.272 1517 9873 I wm_new_intent: [0,193491456,93,com.android.launcher3/.uioverrides.QuickstepLauncher,android.intent.action.MAIN,NULL,NULL,268500992]
11-08 04:56:22.272 1517 9873 I wm_task_moved: [92,1,6]
11-08 04:56:22.272 1517 9873 I wm_set_resumed_activity: [0,com.android.launcher3/.uioverrides.QuickstepLauncher,positionChildAt]
11-08 04:56:22.284 2526 2526 I wm_on_paused_called: [193491456,com.android.launcher3.uioverrides.QuickstepLauncher,performPause]
11-08 04:56:22.294 1517 1609 I input_focus: [Focus request f9f7f com.android.launcher3/com.android.launcher3.uioverrides.QuickstepLauncher,reason=UpdateInputWindows]
11-08 04:56:22.294 2526 2526 I wm_on_resume_called: [193491456,com.android.launcher3.uioverrides.QuickstepLauncher,LIFECYCLER_RESUME_ACTIVITY]
11-08 04:56:22.296 2526 2526 I wm_on_top_resumed_gained_called: [193491456,com.android.launcher3.uioverrides.QuickstepLauncher,topStateChangedWhenResumed]
11-08 04:56:22.324 1517 1689 I input_focus: [Focus leaving f58272b com.android.gallery3d/com.android.gallery3d.app.MovieActivity (server),reason=setFocusedWindow]
11-08 04:56:22.325 1517 1689 I input_focus: [Focus entering f9f7f com.android.launcher3/com.android.launcher3.uioverrides.QuickstepLauncher (server),reason=setFocusedWindow]
11-08 04:56:22.683 0 0 I auditd : type=1400 audit(0.0:10499): avc: denied { kill } for comm="swapper/2" capability=5 scontext=u:r:kernel:s0 tcontext=u:r:kernel:s0 tclass=capability permissive=0
11-08 04:56:23.519 1517 1689 I input_interaction: Interaction with: f9f7f com.android.launcher3/com.android.launcher3.uioverrides.QuickstepLauncher (server), c84215e com.android.systemui.ImageWallpaper (server), edge-swipe (server), swipe-up (server), PointerEventDispatcher0 (server),
11-08 04:56:23.644 1517 1689 I input_interaction: Interaction with: edge-swipe (server), swipe-up (server), PointerEventDispatcher0 (server),
11-08 04:56:23.645 2526 2526 I view_enqueue_input_event: [Motion - Cancel,com.android.launcher3/com.android.launcher3.uioverrides.QuickstepLauncher]
11-08 04:56:23.683 0 0 I auditd : type=1400 audit(0.0:10500): avc: denied { kill } for comm="swapper/2" capability=5 scontext=u:r:kernel:s0 tcontext=u:r:kernel:s0 tclass=capability permissive=0
11-08 04:56:23.819 1517 1677 I commit_sys_config_file: [settings-1-0,4]
11-08 04:56:24.235 1517 1677 I commit_sys_config_file: [settings-1-0,13]
11-08 04:56:24.332 1517 9202 I wm_finish_activity: [0,234283554,179,com.android.gallery3d/.app.MovieActivity,app-request]
11-08 04:56:24.357 1517 9202 I wm_pause_activity: [0,234283554,com.android.gallery3d/.app.MovieActivity,userLeaving=false,finish]
11-08 04:56:24.367 1517 9202 I wm_finish_activity: [0,212420399,179,com.android.music/.VideoBrowserActivity,app-request]
11-08 04:56:24.371 1517 9202 I wm_destroy_activity: [0,212420399,179,com.android.music/.VideoBrowserActivity,finish-imm:finishIfPossible]
11-08 04:56:24.376 11770 11770 I wm_on_stop_called: [212420399,com.android.music.VideoBrowserActivity,LIFECYCLER_STOP_ACTIVITY]
11-08 04:56:24.381 11770 11770 I wm_on_destroy_called: [212420399,com.android.music.VideoBrowserActivity,performDestroy]
11-08 04:56:24.446 11739 11739 I wm_on_paused_called: [234283554,com.android.gallery3d.app.MovieActivity,performPause]
11-08 04:56:24.447 1517 5798 I wm_destroy_activity: [0,234283554,179,com.android.gallery3d/.app.MovieActivity,finish-imm:completePausedLocked]
11-08 04:56:24.449 1517 1608 I sysui_multi_action: [757,803,799,window_time_2,802,4]
11-08 04:56:24.472 11739 11739 I wm_on_stop_called: [234283554,com.android.gallery3d.app.MovieActivity,LIFECYCLER_STOP_ACTIVITY]
11-08 04:56:24.472 11739 11739 I wm_on_destroy_called: [234283554,com.android.gallery3d.app.MovieActivity,performDestroy]
11-08 04:56:24.677 1517 1609 I wm_task_removed: [179,removeChild:removeChild last r=ActivityRecord{ca9472f u0 com.android.music/.VideoBrowserActivity t-1 f}} in t=Task{28fe10e #179 type=standard A=10088:android.task.video U=0 visible=false mode=freeform translucent=true sz=0}]
11-08 04:56:24.677 1517 1609 I wm_task_removed: [179,removeChild]
11-08 04:56:25.683 0 0 I auditd : type=1400 audit(0.0:10501): avc: denied { kill } for comm="swapper/2" capability=5 scontext=u:r:kernel:s0 tcontext=u:r:kernel:s0 tclass=capability permissive=0
11-08 04:56:26.683 0 0 I auditd : type=1400 audit(0.0:10502): avc: denied { kill } for comm="swapper/2" capability=5 scontext=u:r:kernel:s0 tcontext=u:r:kernel:s0 tclass=capability permissive=0
11-08 04:56:27.683 0 0 I auditd : type=1400 audit(0.0:10503): avc: denied { kill } for comm="swapper/2" capability=5 scontext=u:r:kernel:s0 tcontext=u:r:kernel:s0 tclass=capability permissive=0
11-08 04:56:28.683 0 0 I auditd : type=1400 audit(0.0:10504): avc: denied { kill } for comm="swapper/2" capability=5 scontext=u:r:kernel:s0 tcontext=u:r:kernel:s0 tclass=capability permissive=0
11-08 04:56:29.084 1517 1689 I input_interaction: Interaction with: f9f7f com.android.launcher3/com.android.launcher3.uioverrides.QuickstepLauncher (server), c84215e com.android.systemui.ImageWallpaper (server), edge-swipe (server), swipe-up (server), PointerEventDispatcher0 (server),
11-08 04:56:29.683 0 0 I auditd : type=1400 audit(0.0:10505): avc: denied { kill } for comm="swapper/2" capability=5 scontext=u:r:kernel:s0 tcontext=u:r:kernel:s0 tclass=capability permissive=0
11-08 04:56:30.683 0 0 I auditd : type=1400 audit(0.0:10506): avc: denied { kill } for comm="swapper/2" capability=5 scontext=u:r:kernel:s0 tcontext=u:r:kernel:s0 tclass=capability permissive=0
11-08 04:56:31.683 0 0 I auditd : type=1400 audit(0.0:10507): avc: denied { kill } for comm="swapper/2" capability=5 scontext=u:r:kernel:s0 tcontext=u:r:kernel:s0 tclass=capability permissive=0
11-08 04:56:32.683 0 0 I auditd : type=1400 audit(0.0:10508): avc: denied { kill } for comm="swapper/2" capability=5 scontext=u:r:kernel:s0 tcontext=u:r:kernel:s0 tclass=capability permissive=0
11-08 04:56:33.683 0 0 I auditd : type=1400 audit(0.0:10509): avc: denied { kill } for comm="swapper/2" capability=5 scontext=u:r:kernel:s0 tcontext=u:r:kernel:s0 tclass=capability permissive=0
11-08 04:56:34.683 0 0 I auditd : type=1400 audit(0.0:10510): avc: denied { kill } for comm="swapper/2" capability=5 scontext=u:r:kernel:s0 tcontext=u:r:kernel:s0 tclass=capability permissive=0
11-08 04:56:35.683 0 0 I auditd : type=1400 audit(0.0:10511): avc: denied { kill } for comm="swapper/2" capability=5 scontext=u:r:kernel:s0 tcontext=u:r:kernel:s0 tclass=capability permissive=0
11-08 04:56:36.683 0 0 I auditd : type=1400 audit(0.0:10512): avc: denied { kill } for comm="swapper/2" capability=5 scontext=u:r:kernel:s0 tcontext=u:r:kernel:s0 tclass=capability permissive=0
11-08 04:56:37.683 0 0 I auditd : type=1400 audit(0.0:10513): avc: denied { kill } for comm="swapper/2" capability=5 scontext=u:r:kernel:s0 tcontext=u:r:kernel:s0 tclass=capability permissive=0
11-08 04:56:38.683 0 0 I auditd : type=1400 audit(0.0:10514): avc: denied { kill } for comm="swapper/2" capability=5 scontext=u:r:kernel:s0 tcontext=u:r:kernel:s0 tclass=capability permissive=0
11-08 04:56:39.379 1517 1615 I am_uid_idle: 10040
11-08 04:56:39.683 0 0 I auditd : type=1400 audit(0.0:10515): avc: denied { kill } for comm="swapper/2" capability=5 scontext=u:r:kernel:s0 tcontext=u:r:kernel:s0 tclass=capability permissive=0
11-08 04:56:40.683 0 0 I auditd : type=1400 audit(0.0:10516): avc: denied { kill } for comm="swapper/2" capability=5 scontext=u:r:kernel:s0 tcontext=u:r:kernel:s0 tclass=capability permissive=0
11-08 04:56:41.683 0 0 I auditd : type=1400 audit(0.0:10517): avc: denied { kill } for comm="swapper/2" capability=5 scontext=u:r:kernel:s0 tcontext=u:r:kernel:s0 tclass=capability permissive=0
11-08 04:56:42.683 0 0 I auditd : type=1400 audit(0.0:10518): avc: denied { kill } for comm="swapper/2" capability=5 scontext=u:r:kernel:s0 tcontext=u:r:kernel:s0 tclass=capability permissive=0
11-08 04:56:43.683 0 0 I auditd : type=1400 audit(0.0:10519): avc: denied { kill } for comm="swapper/2" capability=5 scontext=u:r:kernel:s0 tcontext=u:r:kernel:s0 tclass=capability permissive=0
11-08 04:56:44.683 0 0 I auditd : type=1400 audit(0.0:10520): avc: denied { kill } for comm="swapper/2" capability=5 scontext=u:r:kernel:s0 tcontext=u:r:kernel:s0 tclass=capability permissive=0
11-08 04:56:45.683 0 0 I auditd : type=1400 audit(0.0:10521): avc: denied { kill } for comm="swapper/2" capability=5 scontext=u:r:kernel:s0 tcontext=u:r:kernel:s0 tclass=capability permissive=0
11-08 04:56:46.683 0 0 I auditd : type=1400 audit(0.0:10522): avc: denied { kill } for comm="swapper/2" capability=5 scontext=u:r:kernel:s0 tcontext=u:r:kernel:s0 tclass=capability permissive=0
11-08 04:56:47.683 0 0 I auditd : type=1400 audit(0.0:10523): avc: denied { kill } for comm="swapper/2" capability=5 scontext=u:r:kernel:s0 tcontext=u:r:kernel:s0 tclass=capability permissive=0
11-08 04:56:48.683 0 0 I auditd : type=1400 audit(0.0:10524): avc: denied { kill } for comm="swapper/2" capability=5 scontext=u:r:kernel:s0 tcontext=u:r:kernel:s0 tclass=capability permissive=0
11-08 04:56:49.683 0 0 I auditd : type=1400 audit(0.0:10525): avc: denied { kill } for comm="swapper/2" capability=5 scontext=u:r:kernel:s0 tcontext=u:r:kernel:s0 tclass=capability permissive=0
11-08 04:56:50.683 0 0 I auditd : type=1400 audit(0.0:10526): avc: denied { kill } for comm="swapper/2" capability=5 scontext=u:r:kernel:s0 tcontext=u:r:kernel:s0 tclass=capability permissive=0
11-08 04:56:51.683 0 0 I auditd : type=1400 audit(0.0:10527): avc: denied { kill } for comm="swapper/2" capability=5 scontext=u:r:kernel:s0 tcontext=u:r:kernel:s0 tclass=capability permissive=0
11-08 04:56:52.683 0 0 I auditd : type=1400 audit(0.0:10528): avc: denied { kill } for comm="swapper/2" capability=5 scontext=u:r:kernel:s0 tcontext=u:r:kernel:s0 tclass=capability permissive=0
11-08 04:56:53.683 0 0 I auditd : type=1400 audit(0.0:10529): avc: denied { kill } for comm="swapper/2" capability=5 scontext=u:r:kernel:s0 tcontext=u:r:kernel:s0 tclass=capability permissive=0
11-08 04:56:54.683 0 0 I auditd : type=1400 audit(0.0:10530): avc: denied { kill } for comm="swapper/2" capability=5 scontext=u:r:kernel:s0 tcontext=u:r:kernel:s0 tclass=capability permissive=0
11-08 04:56:55.683 0 0 I auditd : type=1400 audit(0.0:10531): avc: denied { kill } for comm="swapper/2" capability=5 scontext=u:r:kernel:s0 tcontext=u:r:kernel:s0 tclass=capability permissive=0
11-08 04:56:56.683 0 0 I auditd : type=1400 audit(0.0:10532): avc: denied { kill } for comm="swapper/2" capability=5 scontext=u:r:kernel:s0 tcontext=u:r:kernel:s0 tclass=capability permissive=0
11-08 04:56:57.683 0 0 I auditd : type=1400 audit(0.0:10533): avc: denied { kill } for comm="swapper/2" capability=5 scontext=u:r:kernel:s0 tcontext=u:r:kernel:s0 tclass=capability permissive=0
11-08 04:56:58.683 0 0 I auditd : type=1400 audit(0.0:10534): avc: denied { kill } for comm="swapper/2" capability=5 scontext=u:r:kernel:s0 tcontext=u:r:kernel:s0 tclass=capability permissive=0
11-08 04:56:59.683 0 0 I auditd : type=1400 audit(0.0:10535): avc: denied { kill } for comm="swapper/2" capability=5 scontext=u:r:kernel:s0 tcontext=u:r:kernel:s0 tclass=capability permissive=0
11-08 04:57:00.683 0 0 I auditd : type=1400 audit(0.0:10536): avc: denied { kill } for comm="swapper/2" capability=5 scontext=u:r:kernel:s0 tcontext=u:r:kernel:s0 tclass=capability permissive=0
11-08 04:57:00.720 1517 2100 I wm_task_created: [180,-1]
11-08 04:57:00.725 1517 2100 I wm_task_moved: [180,1,6]
11-08 04:57:00.725 1517 2100 I wm_task_to_front: [0,180]
11-08 04:57:00.726 1517 2100 I wm_create_task: [0,180]
11-08 04:57:00.726 1517 2100 I wm_create_activity: [0,212647391,180,com.android.music/.VideoBrowserActivity,NULL,NULL,NULL,268468224]
11-08 04:57:00.726 1517 2100 I wm_task_moved: [180,1,6]
11-08 04:57:00.730 1517 2100 I wm_restart_activity: [0,212647391,180,com.android.music/.VideoBrowserActivity]
11-08 04:57:00.732 1517 2100 I wm_set_resumed_activity: [0,com.android.music/.VideoBrowserActivity,minimalResumeActivityLocked]
11-08 04:57:00.746 2526 2526 I wm_on_top_resumed_lost_called: [193491456,com.android.launcher3.uioverrides.QuickstepLauncher,topStateChangedWhenResumed]
11-08 04:57:00.781 11770 11770 I wm_on_create_called: [212647391,com.android.music.VideoBrowserActivity,performCreate]
11-08 04:57:00.781 11770 11770 I wm_on_start_called: [212647391,com.android.music.VideoBrowserActivity,handleStartActivity]
11-08 04:57:00.782 11770 11770 I wm_on_resume_called: [212647391,com.android.music.VideoBrowserActivity,RESUME_ACTIVITY]
11-08 04:57:00.786 11770 11770 I wm_on_top_resumed_gained_called: [212647391,com.android.music.VideoBrowserActivity,topStateChangedWhenResumed]
11-08 04:57:00.793 1517 1609 I input_focus: [Focus request 6798d18 com.android.music/com.android.music.VideoBrowserActivity,reason=UpdateInputWindows]
11-08 04:57:00.809 1517 1605 I sysui_multi_action: [319,88,322,87,325,10028,757,761,758,8,759,2,806,com.android.music,871,com.android.music.VideoBrowserActivity,904,android,905,0,1320,8,1321,5]
11-08 04:57:00.811 1517 1605 I wm_activity_launch_time: [0,212647391,com.android.music/.VideoBrowserActivity,87]
11-08 04:57:00.820 1517 1689 I input_focus: [Focus leaving f9f7f com.android.launcher3/com.android.launcher3.uioverrides.QuickstepLauncher (server),reason=setFocusedWindow]
11-08 04:57:00.820 1517 1689 I input_focus: [Focus entering 6798d18 com.android.music/com.android.music.VideoBrowserActivity (server),reason=setFocusedWindow]
11-08 04:57:01.683 0 0 I auditd : type=1400 audit(0.0:10537): avc: denied { kill } for comm="swapper/2" capability=5 scontext=u:r:kernel:s0 tcontext=u:r:kernel:s0 tclass=capability permissive=0
11-08 04:57:02.683 0 0 I auditd : type=1400 audit(0.0:10538): avc: denied { kill } for comm="swapper/2" capability=5 scontext=u:r:kernel:s0 tcontext=u:r:kernel:s0 tclass=capability permissive=0
11-08 04:57:03.540 1517 5798 I wm_task_created: [181,-1]
11-08 04:57:03.542 1517 5798 I wm_finish_activity: [0,212647391,180,com.android.music/.VideoBrowserActivity,app-request]
11-08 04:57:03.542 1517 5798 I wm_task_moved: [92,1,7]
11-08 04:57:03.546 1517 5798 I wm_set_resumed_activity: [0,com.android.launcher3/.uioverrides.QuickstepLauncher,positionChildAt]
11-08 04:57:03.546 1517 5798 I wm_task_moved: [93,1,2147483647]
11-08 04:57:03.546 1517 5798 I wm_task_to_front: [0,93]
11-08 04:57:03.546 11770 11770 I wm_on_top_resumed_lost_called: [212647391,com.android.music.VideoBrowserActivity,topStateChangedWhenResumed]
11-08 04:57:03.546 1517 5798 I wm_focused_root_task: [0,0,92,-1,finish-top adjustFocusToNextFocusableTask]
11-08 04:57:03.546 1517 5798 I wm_set_resumed_activity: [0,com.android.launcher3/.uioverrides.QuickstepLauncher,finish-top]
11-08 04:57:03.553 1517 5798 I wm_pause_activity: [0,212647391,com.android.music/.VideoBrowserActivity,userLeaving=false,finish]
11-08 04:57:03.557 1517 5798 I wm_task_moved: [181,1,7]
11-08 04:57:03.557 1517 5798 I wm_task_to_front: [0,181]
11-08 04:57:03.557 1517 5798 I wm_focused_root_task: [0,0,181,92,reuseOrNewTask]
11-08 04:57:03.557 1517 5798 I wm_create_task: [0,181]
11-08 04:57:03.557 1517 5798 I wm_create_activity: [0,14449760,181,com.android.music/.MusicBrowserActivity,NULL,NULL,NULL,268468224]
11-08 04:57:03.557 1517 5798 I wm_task_moved: [181,1,7]
11-08 04:57:03.561 11770 11770 I wm_on_paused_called: [212647391,com.android.music.VideoBrowserActivity,performPause]
11-08 04:57:03.565 1517 5798 I wm_add_to_stopping: [0,212647391,com.android.music/.VideoBrowserActivity,completeFinishing]
11-08 04:57:03.569 1517 5798 I wm_restart_activity: [0,14449760,181,com.android.music/.MusicBrowserActivity]
11-08 04:57:03.570 1517 5798 I wm_set_resumed_activity: [0,com.android.music/.MusicBrowserActivity,minimalResumeActivityLocked]
11-08 04:57:03.584 1517 1608 I sysui_multi_action: [757,803,799,window_time_0,802,40]
11-08 04:57:03.592 1517 1689 I input_focus: [Focus leaving 6798d18 com.android.music/com.android.music.VideoBrowserActivity (server),reason=NO_WINDOW]
11-08 04:57:03.606 11770 11770 I wm_on_create_called: [14449760,com.android.music.MusicBrowserActivity,performCreate]
11-08 04:57:03.614 11770 11770 I wm_on_start_called: [14449760,com.android.music.MusicBrowserActivity,handleStartActivity]
11-08 04:57:03.615 11770 11770 I wm_on_resume_called: [14449760,com.android.music.MusicBrowserActivity,RESUME_ACTIVITY]
11-08 04:57:03.618 11770 11770 I wm_on_top_resumed_gained_called: [14449760,com.android.music.MusicBrowserActivity,topStateChangedWhenResumed]
11-08 04:57:03.629 1517 9873 I sysui_multi_action: [757,856,758,1,806,com.android.music,857,Channel-music,858,2]
11-08 04:57:03.633 1517 1517 I notification_enqueue: [10088,11770,com.android.music,1,NULL,0,Notification(channel=Channel-music shortcut=null contentView=null vibrate=null sound=null defaults=0x0 flags=0x0 color=0x00000000 category=transport actions=3 vis=PRIVATE),0]
11-08 04:57:03.634 1517 1517 I notification_enqueue: [10088,11770,com.android.music,1,NULL,0,Notification(channel=Channel-music shortcut=null contentView=null vibrate=null sound=null defaults=0x0 flags=0x40 color=0x00000000 category=transport actions=3 vis=PRIVATE),0]
11-08 04:57:03.638 1517 1517 I notification_enqueue: [10088,11770,com.android.music,1,NULL,0,Notification(channel=Channel-music shortcut=null contentView=null vibrate=null sound=null defaults=0x0 flags=0x40 color=0x00000000 category=transport actions=3 vis=PRIVATE),0]
11-08 04:57:03.644 1517 1517 I notification_enqueue: [10088,11770,com.android.music,1,NULL,0,Notification(channel=Channel-music shortcut=null contentView=null vibrate=null sound=null defaults=0x0 flags=0x40 color=0x00000000 category=transport actions=3 vis=PRIVATE),0]
11-08 04:57:03.647 1517 1517 I notification_enqueue: [10088,11770,com.android.music,1,NULL,0,Notification(channel=Channel-music shortcut=null contentView=null vibrate=null sound=null defaults=0x0 flags=0x40 color=0x00000000 category=transport actions=3 vis=PRIVATE),0]
