11-08 05:03:40.757 1969 1969 I sysui_multi_action: [757,0,758,1,759,0,927,7,928,0,1593,0]
11-08 05:03:40.757 1969 1969 I sysui_multi_action: [757,111,758,1]
11-08 05:03:40.757 1969 1969 I sysui_multi_action: [757,126,758,1,759,126,927,0,928,1,1593,0]
11-08 05:03:40.757 1969 1969 I sysui_multi_action: [757,113,758,1,759,113,927,1,928,0,1593,0]
11-08 05:03:40.757 1969 1969 I sysui_multi_action: [757,0,758,1,759,0,927,2,928,0,1593,0]
11-08 05:03:40.757 1969 1969 I sysui_multi_action: [757,0,758,1,759,0,927,3,928,0,1593,0]
11-08 05:03:40.768 1517 1689 I input_focus: [Focus leaving cbeae27 com.android.launcher3/com.android.launcher3.uioverrides.QuickstepLauncher (server),reason=Waiting for window because NOT_VISIBLE]
11-08 05:03:40.776 1969 1969 I sysui_multi_action: [757,111,758,2]
11-08 05:03:40.776 1969 1969 I sysui_multi_action: [757,111,758,2]
11-08 05:03:40.777 1517 1517 I notification_enqueue: [10082,1969,com.android.systemui,2048,NULL,0,Notification(channel=updateNotification shortcut=null contentView=null vibrate=null sound=null defaults=0x0 flags=0x0 color=0x00000000 vis=PRIVATE),1]
11-08 05:03:40.790 1969 1969 I sysui_multi_action: [757,111,758,1]
11-08 05:03:40.790 1969 1969 I sysui_multi_action: [757,126,758,1,759,126,927,0,928,1,1593,0]
11-08 05:03:40.790 1969 1969 I sysui_multi_action: [757,113,758,1,759,113,927,1,928,0,1593,0]
11-08 05:03:40.790 1969 1969 I sysui_multi_action: [757,0,758,1,759,0,927,2,928,0,1593,0]
11-08 05:03:40.791 1969 1969 I sysui_multi_action: [757,0,758,1,759,0,927,3,928,0,1593,0]
11-08 05:03:40.791 1969 1969 I sysui_multi_action: [757,0,758,1,759,0,927,4,1593,0]
11-08 05:03:40.791 1969 1969 I sysui_multi_action: [757,491,758,1,759,491,927,5,928,0,1311,-1,1593,0]
11-08 05:03:40.791 1969 1969 I sysui_multi_action: [757,122,758,1,759,122,927,6,928,1,1593,0]
11-08 05:03:40.791 1969 1969 I sysui_multi_action: [757,0,758,1,759,0,927,7,928,0,1593,0]
11-08 05:03:40.791 1969 1969 I sysui_multi_action: [757,111,758,1]
11-08 05:03:40.791 1969 1969 I sysui_multi_action: [757,126,758,1,759,126,927,0,928,1,1593,0]
11-08 05:03:40.791 1969 1969 I sysui_multi_action: [757,113,758,1,759,113,927,1,928,0,1593,0]
11-08 05:03:40.791 1969 1969 I sysui_multi_action: [757,0,758,1,759,0,927,2,928,0,1593,0]
11-08 05:03:40.791 1969 1969 I sysui_multi_action: [757,0,758,1,759,0,927,3,928,0,1593,0]
11-08 05:03:40.795 1517 1689 I input_focus: [Focus entering 1f46765 NotificationShade (server),reason=Window became focusable. Previous reason: NOT_VISIBLE]
11-08 05:03:40.810 1969 1969 I sysui_multi_action: [757,111,758,2]
11-08 05:03:40.810 1969 1969 I sysui_multi_action: [757,111,758,2]
11-08 05:03:40.810 1517 1517 I notification_enqueue: [10082,1969,com.android.systemui,2048,NULL,0,Notification(channel=updateNotification shortcut=null contentView=null vibrate=null sound=null defaults=0x0 flags=0x0 color=0x00000000 vis=PRIVATE),1]
11-08 05:03:40.824 1969 1969 I sysui_multi_action: [757,111,758,1]
11-08 05:03:40.824 1969 1969 I sysui_multi_action: [757,126,758,1,759,126,927,0,928,1,1593,0]
11-08 05:03:40.824 1969 1969 I sysui_multi_action: [757,113,758,1,759,113,927,1,928,0,1593,0]
11-08 05:03:40.824 1969 1969 I sysui_multi_action: [757,0,758,1,759,0,927,2,928,0,1593,0]
11-08 05:03:40.824 1969 1969 I sysui_multi_action: [757,0,758,1,759,0,927,3,928,0,1593,0]
11-08 05:03:40.824 1969 1969 I sysui_multi_action: [757,0,758,1,759,0,927,4,1593,0]
11-08 05:03:40.824 1969 1969 I sysui_multi_action: [757,491,758,1,759,491,927,5,928,0,1311,-1,1593,0]
11-08 05:03:40.825 1969 1969 I sysui_multi_action: [757,122,758,1,759,122,927,6,928,1,1593,0]
11-08 05:03:40.825 1969 1969 I sysui_multi_action: [757,0,758,1,759,0,927,7,928,0,1593,0]
11-08 05:03:40.825 1969 1969 I sysui_multi_action: [757,111,758,1]
11-08 05:03:40.825 1969 1969 I sysui_multi_action: [757,126,758,1,759,126,927,0,928,1,1593,0]
11-08 05:03:40.825 1969 1969 I sysui_multi_action: [757,113,758,1,759,113,927,1,928,0,1593,0]
11-08 05:03:40.825 1969 1969 I sysui_multi_action: [757,0,758,1,759,0,927,2,928,0,1593,0]
11-08 05:03:40.825 1969 1969 I sysui_multi_action: [757,0,758,1,759,0,927,3,928,0,1593,0]
11-08 05:03:40.839 1969 1969 I sysui_multi_action: [757,111,758,2]
11-08 05:03:40.840 1969 1969 I sysui_multi_action: [757,111,758,2]
11-08 05:03:40.840 1517 1517 I notification_enqueue: [10082,1969,com.android.systemui,2048,NULL,0,Notification(channel=updateNotification shortcut=null contentView=null vibrate=null sound=null defaults=0x0 flags=0x0 color=0x00000000 vis=PRIVATE),1]
11-08 05:03:40.847 1969 1969 I sysui_multi_action: [757,111,758,1]
11-08 05:03:40.847 1969 1969 I sysui_multi_action: [757,126,758,1,759,126,927,0,928,1,1593,0]
11-08 05:03:40.847 1969 1969 I sysui_multi_action: [757,113,758,1,759,113,927,1,928,0,1593,0]
11-08 05:03:40.847 1969 1969 I sysui_multi_action: [757,0,758,1,759,0,927,2,928,0,1593,0]
11-08 05:03:40.847 1969 1969 I sysui_multi_action: [757,0,758,1,759,0,927,3,928,0,1593,0]
11-08 05:03:40.847 1969 1969 I sysui_multi_action: [757,0,758,1,759,0,927,4,1593,0]
11-08 05:03:40.847 1969 1969 I sysui_multi_action: [757,491,758,1,759,491,927,5,928,0,1311,-1,1593,0]
11-08 05:03:40.847 1969 1969 I sysui_multi_action: [757,122,758,1,759,122,927,6,928,1,1593,0]
11-08 05:03:40.847 1969 1969 I sysui_multi_action: [757,0,758,1,759,0,927,7,928,0,1593,0]
11-08 05:03:40.847 1969 1969 I sysui_multi_action: [757,111,758,1]
11-08 05:03:40.847 1969 1969 I sysui_multi_action: [757,126,758,1,759,126,927,0,928,1,1593,0]
11-08 05:03:40.847 1969 1969 I sysui_multi_action: [757,113,758,1,759,113,927,1,928,0,1593,0]
11-08 05:03:40.847 1969 1969 I sysui_multi_action: [757,0,758,1,759,0,927,2,928,0,1593,0]
11-08 05:03:40.847 1969 1969 I sysui_multi_action: [757,0,758,1,759,0,927,3,928,0,1593,0]
11-08 05:03:40.916 1517 1517 I sysui_multi_action: [757,1501,758,1,793,10407057,794,0,795,208,796,2048,806,com.android.systemui,857,updateNotification,858,3,947,0,1500,0,1688,1]
11-08 05:03:40.916 1517 1517 I sysui_multi_action: [757,804,799,note_interruptive,801,0,802,1]
11-08 05:03:40.916 1517 1517 I sysui_multi_action: [757,199,758,1,759,2,793,10407057,794,0,795,208,796,2048,806,com.android.systemui,857,updateNotification,858,3,947,0,1500,0,1688,1]
11-08 05:03:40.916 1517 1517 I notification_alert: [0|com.android.systemui|2048|null|10082,0,1,0]
11-08 05:03:41.300 1517 8721 I sysui_multi_action: [757,128,758,1,793,105689,794,0,795,105689,796,26,798,0,806,android,857,DEVELOPER_IMPORTANT,858,4,947,0,1395,2,1500,105461,1688,1]
11-08 05:03:41.300 1517 8721 I sysui_multi_action: [757,804,799,note_freshness,801,105689,802,1]
11-08 05:03:41.300 1517 8721 I notification_visibility: [-1|android|26|null|1000,1,105689,105689,0,0]
11-08 05:03:41.301 1517 8721 I sysui_multi_action: [757,128,758,1,793,105689,794,0,795,105689,796,32,798,1,806,android,857,USB,858,1,947,0,1395,2,1500,105460,1688,1]
11-08 05:03:41.301 1517 8721 I sysui_multi_action: [757,804,799,note_freshness,801,105689,802,1]
11-08 05:03:41.301 1517 8721 I notification_visibility: [-1|android|32|null|1000,1,105689,105689,0,1]
11-08 05:03:41.683 0 0 I auditd : type=1400 audit(0.0:10963): avc: denied { kill } for comm="swapper/0" capability=5 scontext=u:r:kernel:s0 tcontext=u:r:kernel:s0 tclass=capability permissive=0
11-08 05:03:42.423 1517 1689 I input_interaction: Interaction with: 1f46765 NotificationShade (server), edge-swipe (server), swipe-up (server), PointerEventDispatcher0 (server),
11-08 05:03:42.562 1969 1969 I sysui_multi_action: [757,407,758,4,759,1]
11-08 05:03:42.975 1517 2100 I sysui_multi_action: [757,128,758,3,793,107363,794,1674,795,107363,796,32,806,android,857,USB,858,1,947,0,1500,107134,1688,1]
11-08 05:03:43.683 0 0 I auditd : type=1400 audit(0.0:10964): avc: denied { kill } for comm="swapper/0" capability=5 scontext=u:r:kernel:s0 tcontext=u:r:kernel:s0 tclass=capability permissive=0
11-08 05:03:44.243 1969 1969 I sysui_multi_action: [757,148,758,4]
11-08 05:03:44.248 1517 1517 I notification_cancel_all: [10082,1969,NULL,0,0,0,3,NULL]
11-08 05:03:44.250 1517 1517 I sysui_multi_action: [757,804,799,note_dismiss_longevity,801,0,802,1]
11-08 05:03:44.250 1517 1517 I sysui_multi_action: [757,128,758,5,759,3,793,10410391,794,0,795,3412,796,2048,806,com.android.systemui,857,updateNotification,858,3,947,0,1500,3412,1688,1]
11-08 05:03:44.251 1517 1517 I notification_canceled: [0|com.android.systemui|2048|null|10082,3,10410391,3412,0,-1,-1,NULL]
11-08 05:03:45.683 0 0 I auditd : type=1400 audit(0.0:10965): avc: denied { kill } for comm="swapper/0" capability=5 scontext=u:r:kernel:s0 tcontext=u:r:kernel:s0 tclass=capability permissive=0
11-08 05:03:46.683 0 0 I auditd : type=1400 audit(0.0:10966): avc: denied { kill } for comm="swapper/0" capability=5 scontext=u:r:kernel:s0 tcontext=u:r:kernel:s0 tclass=capability permissive=0
11-08 05:03:47.683 350 350 I auditd : type=1400 audit(0.0:10967): avc: denied { kill } for comm="irq/382-atmel_m" capability=5 scontext=u:r:kernel:s0 tcontext=u:r:kernel:s0 tclass=capability permissive=0
11-08 05:03:48.266 1969 1969 I sysui_multi_action: [757,925,758,4,759,113,927,1,928,0,1592,0,1593,1]
11-08 05:03:48.274 1517 1607 I am_uid_running: 1002
11-08 05:03:48.298 1517 1616 I am_proc_start: [0,13504,1002,com.android.bluetooth,service,{com.android.bluetooth/com.android.bluetooth.btservice.AdapterService}]
11-08 05:03:48.324 1517 9202 I am_proc_bound: [0,13504,com.android.bluetooth]
11-08 05:03:48.328 1517 9202 I am_uid_active: 1002
11-08 05:03:48.461 13504 13525 I bt_config_source: 1
11-08 05:03:48.462 13504 13525 I bt_config_source: 1
11-08 05:03:48.517 1517 1614 I am_pss : [13458,10088,com.android.music,6796288,4775936,0,92946432,0,19,6]
11-08 05:03:48.524 1517 1614 I am_pss : [13363,10066,com.android.gallery3d,7676928,5394432,0,95088640,0,19,7]
11-08 05:03:48.534 1517 1614 I am_pss : [13268,1000,com.android.settings,20807680,13115392,0,112549888,0,19,7]
11-08 05:03:48.683 0 0 I auditd : type=1400 audit(0.0:10968): avc: denied { kill } for comm="swapper/0" capability=5 scontext=u:r:kernel:s0 tcontext=u:r:kernel:s0 tclass=capability permissive=0
11-08 05:03:49.561 1969 1969 I sysui_multi_action: [757,925,758,4,759,113,927,1,928,1,1592,0,1593,1]
11-08 05:03:49.683 0 0 I auditd : type=1400 audit(0.0:10969): avc: denied { kill } for comm="swapper/0" capability=5 scontext=u:r:kernel:s0 tcontext=u:r:kernel:s0 tclass=capability permissive=0
11-08 05:03:49.763 808 808 I auditd : type=1400 audit(0.0:10970): avc: denied { read write } for comm="bluetooth@1.0-s" name="diag" dev="tmpfs" ino=13078 scontext=u:r:hal_bluetooth_default:s0 tcontext=u:object_r:vendor_diag_device:s0 tclass=chr_file permissive=0
11-08 05:03:49.781 1517 1677 I commit_sys_config_file: [settings-0-0,9]
11-08 05:03:50.063 808 808 I auditd : type=1400 audit(0.0:10971): avc: denied { read } for comm="bluetooth@1.0-s" name="ssrdump" dev="dm-10" ino=237 scontext=u:r:hal_bluetooth_default:s0 tcontext=u:object_r:vendor_ramdump_vendor_data_file:s0 tclass=dir permissive=0
11-08 05:03:50.381 1517 8721 I am_proc_died: [0,13504,com.android.bluetooth,0,10]
11-08 05:03:50.382 1517 8721 I am_uid_stopped: 1002
11-08 05:03:50.683 350 350 I auditd : type=1400 audit(0.0:10972): avc: denied { kill } for comm="irq/382-atmel_m" capability=5 scontext=u:r:kernel:s0 tcontext=u:r:kernel:s0 tclass=capability permissive=0
11-08 05:03:51.683 0 0 I auditd : type=1400 audit(0.0:10973): avc: denied { kill } for comm="swapper/0" capability=5 scontext=u:r:kernel:s0 tcontext=u:r:kernel:s0 tclass=capability permissive=0
11-08 05:03:51.717 1969 1969 I sysui_multi_action: [757,111,758,2]
11-08 05:03:51.717 1517 1517 I notification_enqueue: [10082,1969,com.android.systemui,2048,NULL,0,Notification(channel=updateNotification shortcut=null contentView=null vibrate=null sound=null defaults=0x0 flags=0x0 color=0x00000000 vis=PRIVATE),0]
11-08 05:03:51.718 1969 1969 I sysui_multi_action: [757,111,758,2]
11-08 05:03:51.733 1969 1969 I sysui_multi_action: [757,111,758,1]
11-08 05:03:51.734 1969 1969 I sysui_multi_action: [757,126,758,1,759,126,927,0,928,1,1593,1]
11-08 05:03:51.734 1969 1969 I sysui_multi_action: [757,113,758,1,759,113,927,1,928,0,1593,1]
11-08 05:03:51.734 1969 1969 I sysui_multi_action: [757,0,758,1,759,0,927,2,928,0,1593,1]
11-08 05:03:51.734 1969 1969 I sysui_multi_action: [757,0,758,1,759,0,927,3,928,0,1593,1]
11-08 05:03:51.734 1969 1969 I sysui_multi_action: [757,0,758,1,759,0,927,4,1593,1]
11-08 05:03:51.735 1969 1969 I sysui_multi_action: [757,491,758,1,759,491,927,5,928,0,1311,-1,1593,0]
11-08 05:03:51.735 1969 1969 I sysui_multi_action: [757,122,758,1,759,122,927,6,928,1,1593,0]
11-08 05:03:51.735 1969 1969 I sysui_multi_action: [757,0,758,1,759,0,927,7,928,0,1593,0]
11-08 05:03:51.735 1969 1969 I sysui_multi_action: [757,111,758,1]
11-08 05:03:51.735 1969 1969 I sysui_multi_action: [757,126,758,1,759,126,927,0,928,1,1593,1]
11-08 05:03:51.735 1969 1969 I sysui_multi_action: [757,113,758,1,759,113,927,1,928,0,1593,1]
11-08 05:03:51.735 1969 1969 I sysui_multi_action: [757,0,758,1,759,0,927,2,928,0,1593,1]
11-08 05:03:51.735 1969 1969 I sysui_multi_action: [757,0,758,1,759,0,927,3,928,0,1593,1]
11-08 05:03:51.757 1969 1969 I sysui_multi_action: [757,111,758,2]
11-08 05:03:51.757 1969 1969 I sysui_multi_action: [757,111,758,2]
11-08 05:03:51.757 1517 1517 I notification_enqueue: [10082,1969,com.android.systemui,2048,NULL,0,Notification(channel=updateNotification shortcut=null contentView=null vibrate=null sound=null defaults=0x0 flags=0x0 color=0x00000000 vis=PRIVATE),0]
11-08 05:03:51.767 1969 1969 I sysui_multi_action: [757,111,758,1]
11-08 05:03:51.768 1969 1969 I sysui_multi_action: [757,126,758,1,759,126,927,0,928,1,1593,1]
11-08 05:03:51.768 1969 1969 I sysui_multi_action: [757,113,758,1,759,113,927,1,928,0,1593,1]
11-08 05:03:51.768 1969 1969 I sysui_multi_action: [757,0,758,1,759,0,927,2,928,0,1593,1]
11-08 05:03:51.768 1969 1969 I sysui_multi_action: [757,0,758,1,759,0,927,3,928,0,1593,1]
11-08 05:03:51.768 1969 1969 I sysui_multi_action: [757,0,758,1,759,0,927,4,1593,1]
11-08 05:03:51.768 1969 1969 I sysui_multi_action: [757,491,758,1,759,491,927,5,928,0,1311,-1,1593,0]
11-08 05:03:51.768 1969 1969 I sysui_multi_action: [757,122,758,1,759,122,927,6,928,1,1593,0]
11-08 05:03:51.768 1969 1969 I sysui_multi_action: [757,0,758,1,759,0,927,7,928,0,1593,0]
11-08 05:03:51.768 1969 1969 I sysui_multi_action: [757,111,758,1]
11-08 05:03:51.768 1969 1969 I sysui_multi_action: [757,126,758,1,759,126,927,0,928,1,1593,1]
11-08 05:03:51.768 1969 1969 I sysui_multi_action: [757,113,758,1,759,113,927,1,928,0,1593,1]
11-08 05:03:51.768 1969 1969 I sysui_multi_action: [757,0,758,1,759,0,927,2,928,0,1593,1]
11-08 05:03:51.768 1969 1969 I sysui_multi_action: [757,0,758,1,759,0,927,3,928,0,1593,1]
11-08 05:03:51.784 1969 1969 I sysui_multi_action: [757,111,758,2]
11-08 05:03:51.784 1969 1969 I sysui_multi_action: [757,111,758,2]
11-08 05:03:51.784 1517 1517 I notification_enqueue: [10082,1969,com.android.systemui,2048,NULL,0,Notification(channel=updateNotification shortcut=null contentView=null vibrate=null sound=null defaults=0x0 flags=0x0 color=0x00000000 vis=PRIVATE),0]
11-08 05:03:51.792 1969 1969 I sysui_multi_action: [757,111,758,1]
11-08 05:03:51.792 1969 1969 I sysui_multi_action: [757,126,758,1,759,126,927,0,928,1,1593,1]
11-08 05:03:51.792 1969 1969 I sysui_multi_action: [757,113,758,1,759,113,927,1,928,0,1593,1]
11-08 05:03:51.792 1969 1969 I sysui_multi_action: [757,0,758,1,759,0,927,2,928,0,1593,1]
11-08 05:03:51.792 1969 1969 I sysui_multi_action: [757,0,758,1,759,0,927,3,928,0,1593,1]
11-08 05:03:51.792 1969 1969 I sysui_multi_action: [757,0,758,1,759,0,927,4,1593,1]
11-08 05:03:51.792 1969 1969 I sysui_multi_action: [757,491,758,1,759,491,927,5,928,0,1311,-1,1593,0]
11-08 05:03:51.792 1969 1969 I sysui_multi_action: [757,122,758,1,759,122,927,6,928,1,1593,0]
11-08 05:03:51.792 1969 1969 I sysui_multi_action: [757,0,758,1,759,0,927,7,928,0,1593,0]
11-08 05:03:51.792 1969 1969 I sysui_multi_action: [757,111,758,1]
11-08 05:03:51.792 1969 1969 I sysui_multi_action: [757,126,758,1,759,126,927,0,928,1,1593,1]
11-08 05:03:51.793 1969 1969 I sysui_multi_action: [757,113,758,1,759,113,927,1,928,0,1593,1]
11-08 05:03:51.793 1969 1969 I sysui_multi_action: [757,0,758,1,759,0,927,2,928,0,1593,1]
11-08 05:03:51.793 1969 1969 I sysui_multi_action: [757,0,758,1,759,0,927,3,928,0,1593,1]
11-08 05:03:51.805 1969 1969 I sysui_multi_action: [757,111,758,2]
11-08 05:03:51.805 1969 1969 I sysui_multi_action: [757,111,758,2]
11-08 05:03:51.805 1517 1517 I notification_enqueue: [10082,1969,com.android.systemui,2048,NULL,0,Notification(channel=updateNotification shortcut=null contentView=null vibrate=null sound=null defaults=0x0 flags=0x0 color=0x00000000 vis=PRIVATE),0]
11-08 05:03:51.811 1969 1969 I sysui_multi_action: [757,111,758,1]
11-08 05:03:51.812 1969 1969 I sysui_multi_action: [757,126,758,1,759,126,927,0,928,1,1593,1]
11-08 05:03:51.812 1969 1969 I sysui_multi_action: [757,113,758,1,759,113,927,1,928,0,1593,1]
11-08 05:03:51.812 1969 1969 I sysui_multi_action: [757,0,758,1,759,0,927,2,928,0,1593,1]
11-08 05:03:51.812 1969 1969 I sysui_multi_action: [757,0,758,1,759,0,927,3,928,0,1593,1]
11-08 05:03:51.812 1969 1969 I sysui_multi_action: [757,0,758,1,759,0,927,4,1593,1]
11-08 05:03:51.812 1969 1969 I sysui_multi_action: [757,491,758,1,759,491,927,5,928,0,1311,-1,1593,0]
11-08 05:03:51.812 1969 1969 I sysui_multi_action: [757,122,758,1,759,122,927,6,928,1,1593,0]
11-08 05:03:51.812 1969 1969 I sysui_multi_action: [757,0,758,1,759,0,927,7,928,0,1593,0]
11-08 05:03:51.812 1969 1969 I sysui_multi_action: [757,111,758,1]
11-08 05:03:51.812 1969 1969 I sysui_multi_action: [757,126,758,1,759,126,927,0,928,1,1593,1]
11-08 05:03:51.812 1969 1969 I sysui_multi_action: [757,113,758,1,759,113,927,1,928,0,1593,1]
11-08 05:03:51.812 1969 1969 I sysui_multi_action: [757,0,758,1,759,0,927,2,928,0,1593,1]
11-08 05:03:51.812 1969 1969 I sysui_multi_action: [757,0,758,1,759,0,927,3,928,0,1593,1]
11-08 05:03:51.823 1969 1969 I sysui_multi_action: [757,111,758,2]
11-08 05:03:51.823 1969 1969 I sysui_multi_action: [757,111,758,2]
11-08 05:03:51.824 1517 1517 I notification_enqueue: [10082,1969,com.android.systemui,2048,NULL,0,Notification(channel=updateNotification shortcut=null contentView=null vibrate=null sound=null defaults=0x0 flags=0x0 color=0x00000000 vis=PRIVATE),0]
11-08 05:03:51.830 1969 1969 I sysui_multi_action: [757,111,758,1]
11-08 05:03:51.830 1969 1969 I sysui_multi_action: [757,126,758,1,759,126,927,0,928,1,1593,0]
11-08 05:03:51.830 1969 1969 I sysui_multi_action: [757,113,758,1,759,113,927,1,928,0,1593,0]
11-08 05:03:51.830 1969 1969 I sysui_multi_action: [757,0,758,1,759,0,927,2,928,0,1593,0]
11-08 05:03:51.830 1969 1969 I sysui_multi_action: [757,0,758,1,759,0,927,3,928,0,1593,1]
11-08 05:03:51.830 1969 1969 I sysui_multi_action: [757,0,758,1,759,0,927,4,1593,1]
11-08 05:03:51.830 1969 1969 I sysui_multi_action: [757,491,758,1,759,491,927,5,928,0,1311,-1,1593,0]
11-08 05:03:51.830 1969 1969 I sysui_multi_action: [757,122,758,1,759,122,927,6,928,1,1593,0]
11-08 05:03:51.830 1969 1969 I sysui_multi_action: [757,0,758,1,759,0,927,7,928,0,1593,0]
11-08 05:03:51.830 1969 1969 I sysui_multi_action: [757,111,758,1]
11-08 05:03:51.830 1969 1969 I sysui_multi_action: [757,126,758,1,759,126,927,0,928,1,1593,1]
11-08 05:03:51.830 1969 1969 I sysui_multi_action: [757,113,758,1,759,113,927,1,928,0,1593,1]
11-08 05:03:51.831 1969 1969 I sysui_multi_action: [757,0,758,1,759,0,927,2,928,0,1593,1]
11-08 05:03:51.831 1969 1969 I sysui_multi_action: [757,0,758,1,759,0,927,3,928,0,1593,1]
11-08 05:03:51.841 1969 1969 I sysui_multi_action: [757,111,758,2]
11-08 05:03:51.841 1969 1969 I sysui_multi_action: [757,111,758,2]
11-08 05:03:51.841 1517 1517 I notification_enqueue: [10082,1969,com.android.systemui,2048,NULL,0,Notification(channel=updateNotification shortcut=null contentView=null vibrate=null sound=null defaults=0x0 flags=0x0 color=0x00000000 vis=PRIVATE),0]
11-08 05:03:51.847 1969 1969 I sysui_multi_action: [757,111,758,1]
11-08 05:03:51.847 1969 1969 I sysui_multi_action: [757,126,758,1,759,126,927,0,928,1,1593,0]
11-08 05:03:51.847 1969 1969 I sysui_multi_action: [757,113,758,1,759,113,927,1,928,0,1593,1]
11-08 05:03:51.847 1969 1969 I sysui_multi_action: [757,0,758,1,759,0,927,2,928,0,1593,1]
11-08 05:03:51.847 1969 1969 I sysui_multi_action: [757,0,758,1,759,0,927,3,928,0,1593,1]
11-08 05:03:51.847 1969 1969 I sysui_multi_action: [757,0,758,1,759,0,927,4,1593,1]
11-08 05:03:51.848 1969 1969 I sysui_multi_action: [757,491,758,1,759,491,927,5,928,0,1311,-1,1593,0]
11-08 05:03:51.848 1969 1969 I sysui_multi_action: [757,122,758,1,759,122,927,6,928,1,1593,0]
11-08 05:03:51.848 1969 1969 I sysui_multi_action: [757,0,758,1,759,0,927,7,928,0,1593,0]
11-08 05:03:51.848 1969 1969 I sysui_multi_action: [757,111,758,1]
11-08 05:03:51.848 1969 1969 I sysui_multi_action: [757,126,758,1,759,126,927,0,928,1,1593,1]
11-08 05:03:51.848 1969 1969 I sysui_multi_action: [757,113,758,1,759,113,927,1,928,0,1593,1]
11-08 05:03:51.848 1969 1969 I sysui_multi_action: [757,0,758,1,759,0,927,2,928,0,1593,1]
11-08 05:03:51.848 1969 1969 I sysui_multi_action: [757,0,758,1,759,0,927,3,928,0,1593,1]
11-08 05:03:51.862 1969 1969 I sysui_multi_action: [757,111,758,2]
11-08 05:03:51.862 1969 1969 I sysui_multi_action: [757,111,758,2]
11-08 05:03:51.863 1517 1517 I notification_enqueue: [10082,1969,com.android.systemui,2048,NULL,0,Notification(channel=updateNotification shortcut=null contentView=null vibrate=null sound=null defaults=0x0 flags=0x0 color=0x00000000 vis=PRIVATE),0]
11-08 05:03:51.868 1969 1969 I sysui_multi_action: [757,111,758,1]
11-08 05:03:51.868 1969 1969 I sysui_multi_action: [757,126,758,1,759,126,927,0,928,1,1593,1]
11-08 05:03:51.868 1969 1969 I sysui_multi_action: [757,113,758,1,759,113,927,1,928,0,1593,1]
11-08 05:03:51.868 1969 1969 I sysui_multi_action: [757,0,758,1,759,0,927,2,928,0,1593,1]
11-08 05:03:51.868 1969 1969 I sysui_multi_action: [757,0,758,1,759,0,927,3,928,0,1593,1]
11-08 05:03:51.868 1969 1969 I sysui_multi_action: [757,0,758,1,759,0,927,4,1593,1]
11-08 05:03:51.868 1969 1969 I sysui_multi_action: [757,491,758,1,759,491,927,5,928,0,1311,-1,1593,0]
11-08 05:03:51.869 1969 1969 I sysui_multi_action: [757,122,758,1,759,122,927,6,928,1,1593,0]
11-08 05:03:51.869 1969 1969 I sysui_multi_action: [757,0,758,1,759,0,927,7,928,0,1593,0]
11-08 05:03:51.869 1969 1969 I sysui_multi_action: [757,111,758,1]
11-08 05:03:51.869 1969 1969 I sysui_multi_action: [757,126,758,1,759,126,927,0,928,1,1593,1]
11-08 05:03:51.869 1969 1969 I sysui_multi_action: [757,113,758,1,759,113,927,1,928,0,1593,1]
11-08 05:03:51.869 1969 1969 I sysui_multi_action: [757,0,758,1,759,0,927,2,928,0,1593,1]
11-08 05:03:51.869 1969 1969 I sysui_multi_action: [757,0,758,1,759,0,927,3,928,0,1593,1]
11-08 05:03:51.879 1969 1969 I sysui_multi_action: [757,111,758,2]
11-08 05:03:51.879 1969 1969 I sysui_multi_action: [757,111,758,2]
11-08 05:03:51.879 1517 1517 I notification_enqueue: [10082,1969,com.android.systemui,2048,NULL,0,Notification(channel=updateNotification shortcut=null contentView=null vibrate=null sound=null defaults=0x0 flags=0x0 color=0x00000000 vis=PRIVATE),0]
11-08 05:03:51.884 1969 1969 I sysui_multi_action: [757,111,758,1]
11-08 05:03:51.884 1969 1969 I sysui_multi_action: [757,126,758,1,759,126,927,0,928,1,1593,1]
11-08 05:03:51.884 1969 1969 I sysui_multi_action: [757,113,758,1,759,113,927,1,928,0,1593,1]
11-08 05:03:51.884 1969 1969 I sysui_multi_action: [757,0,758,1,759,0,927,2,928,0,1593,1]
11-08 05:03:51.884 1969 1969 I sysui_multi_action: [757,0,758,1,759,0,927,3,928,0,1593,1]
11-08 05:03:51.884 1969 1969 I sysui_multi_action: [757,0,758,1,759,0,927,4,1593,1]
11-08 05:03:51.885 1969 1969 I sysui_multi_action: [757,491,758,1,759,491,927,5,928,0,1311,-1,1593,0]
11-08 05:03:51.885 1969 1969 I sysui_multi_action: [757,122,758,1,759,122,927,6,928,1,1593,0]
11-08 05:03:51.885 1969 1969 I sysui_multi_action: [757,0,758,1,759,0,927,7,928,0,1593,0]
11-08 05:03:51.885 1969 1969 I sysui_multi_action: [757,111,758,1]
11-08 05:03:51.885 1969 1969 I sysui_multi_action: [757,126,758,1,759,126,927,0,928,1,1593,1]
11-08 05:03:51.885 1969 1969 I sysui_multi_action: [757,113,758,1,759,113,927,1,928,0,1593,1]
11-08 05:03:51.885 1969 1969 I sysui_multi_action: [757,0,758,1,759,0,927,2,928,0,1593,1]
11-08 05:03:51.885 1969 1969 I sysui_multi_action: [757,0,758,1,759,0,927,3,928,0,1593,1]
11-08 05:03:51.895 1517 1517 I notification_enqueue: [10082,1969,com.android.systemui,2048,NULL,0,Notification(channel=updateNotification shortcut=null contentView=null vibrate=null sound=null defaults=0x0 flags=0x0 color=0x00000000 vis=PRIVATE),0]
11-08 05:03:51.896 1969 1969 I sysui_multi_action: [757,111,758,2]
11-08 05:03:51.896 1969 1969 I sysui_multi_action: [757,111,758,2]
11-08 05:03:51.902 1969 1969 I sysui_multi_action: [757,111,758,1]
11-08 05:03:51.902 1969 1969 I sysui_multi_action: [757,126,758,1,759,126,927,0,928,1,1593,1]
11-08 05:03:51.902 1969 1969 I sysui_multi_action: [757,113,758,1,759,113,927,1,928,0,1593,1]
11-08 05:03:51.902 1969 1969 I sysui_multi_action: [757,0,758,1,759,0,927,2,928,0,1593,1]
11-08 05:03:51.902 1969 1969 I sysui_multi_action: [757,0,758,1,759,0,927,3,928,0,1593,1]
11-08 05:03:51.902 1969 1969 I sysui_multi_action: [757,0,758,1,759,0,927,4,1593,1]
11-08 05:03:51.904 1969 1969 I sysui_multi_action: [757,491,758,1,759,491,927,5,928,0,1311,-1,1593,0]
11-08 05:03:51.904 1969 1969 I sysui_multi_action: [757,122,758,1,759,122,927,6,928,1,1593,0]
11-08 05:03:51.904 1969 1969 I sysui_multi_action: [757,0,758,1,759,0,927,7,928,0,1593,1]
11-08 05:03:51.904 1969 1969 I sysui_multi_action: [757,111,758,1]
11-08 05:03:51.904 1969 1969 I sysui_multi_action: [757,126,758,1,759,126,927,0,928,1,1593,1]
11-08 05:03:51.904 1969 1969 I sysui_multi_action: [757,113,758,1,759,113,927,1,928,0,1593,1]
11-08 05:03:51.904 1969 1969 I sysui_multi_action: [757,0,758,1,759,0,927,2,928,0,1593,1]
11-08 05:03:51.904 1969 1969 I sysui_multi_action: [757,0,758,1,759,0,927,3,928,0,1593,1]
11-08 05:03:51.915 1969 1969 I sysui_multi_action: [757,111,758,2]
11-08 05:03:51.915 1969 1969 I sysui_multi_action: [757,111,758,2]
11-08 05:03:51.915 1517 1517 I notification_enqueue: [10082,1969,com.android.systemui,2048,NULL,0,Notification(channel=updateNotification shortcut=null contentView=null vibrate=null sound=null defaults=0x0 flags=0x0 color=0x00000000 vis=PRIVATE),0]
11-08 05:03:51.919 1517 1517 I sysui_multi_action: [757,1501,758,1,793,202,794,0,795,202,796,2048,806,com.android.systemui,857,updateNotification,858,3,947,0,1500,0,1688,1]
11-08 05:03:51.919 1517 1517 I sysui_multi_action: [757,804,799,note_interruptive,801,0,802,1]
11-08 05:03:51.920 1517 1517 I sysui_multi_action: [757,1501,758,1,793,203,794,0,795,203,796,2048,806,com.android.systemui,857,updateNotification,858,3,947,0,1500,0,1688,1]
11-08 05:03:51.920 1517 1517 I sysui_multi_action: [757,804,799,note_interruptive,801,0,802,1]
11-08 05:03:51.920 1517 1517 I sysui_multi_action: [757,199,758,1,759,2,793,203,794,0,795,203,796,2048,806,com.android.systemui,857,updateNotification,858,3,947,0,1500,0,1688,1]
11-08 05:03:51.920 1517 1517 I notification_alert: [0|com.android.systemui|2048|null|10082,0,1,0]
11-08 05:03:51.921 1969 1969 I sysui_multi_action: [757,111,758,1]
11-08 05:03:51.921 1969 1969 I sysui_multi_action: [757,126,758,1,759,126,927,0,928,1,1593,0]
11-08 05:03:51.921 1969 1969 I sysui_multi_action: [757,113,758,1,759,113,927,1,928,0,1593,0]
11-08 05:03:51.921 1969 1969 I sysui_multi_action: [757,0,758,1,759,0,927,2,928,0,1593,0]
11-08 05:03:51.921 1969 1969 I sysui_multi_action: [757,0,758,1,759,0,927,3,928,0,1593,0]
11-08 05:03:51.921 1969 1969 I sysui_multi_action: [757,0,758,1,759,0,927,4,1593,0]
11-08 05:03:51.921 1969 1969 I sysui_multi_action: [757,491,758,1,759,491,927,5,928,0,1311,-1,1593,0]
11-08 05:03:51.921 1969 1969 I sysui_multi_action: [757,122,758,1,759,122,927,6,928,1,1593,0]
11-08 05:03:51.921 1969 1969 I sysui_multi_action: [757,0,758,1,759,0,927,7,928,0,1593,0]
11-08 05:03:51.921 1969 1969 I sysui_multi_action: [757,111,758,1]
11-08 05:03:51.921 1969 1969 I sysui_multi_action: [757,126,758,1,759,126,927,0,928,1,1593,1]
11-08 05:03:51.921 1969 1969 I sysui_multi_action: [757,113,758,1,759,113,927,1,928,0,1593,1]
11-08 05:03:51.921 1969 1969 I sysui_multi_action: [757,0,758,1,759,0,927,2,928,0,1593,1]
11-08 05:03:51.921 1969 1969 I sysui_multi_action: [757,0,758,1,759,0,927,3,928,0,1593,1]
11-08 05:03:51.938 1517 1517 I notification_enqueue: [10082,1969,com.android.systemui,2048,NULL,0,Notification(channel=updateNotification shortcut=null contentView=null vibrate=null sound=null defaults=0x0 flags=0x0 color=0x00000000 vis=PRIVATE),1]
11-08 05:03:51.939 1969 1969 I sysui_multi_action: [757,111,758,2]
11-08 05:03:51.939 1969 1969 I sysui_multi_action: [757,111,758,2]
11-08 05:03:51.947 1969 1969 I sysui_multi_action: [757,111,758,1]
11-08 05:03:51.947 1969 1969 I sysui_multi_action: [757,126,758,1,759,126,927,0,928,1,1593,1]
11-08 05:03:51.947 1969 1969 I sysui_multi_action: [757,113,758,1,759,113,927,1,928,0,1593,1]
11-08 05:03:51.947 1969 1969 I sysui_multi_action: [757,0,758,1,759,0,927,2,928,0,1593,1]
11-08 05:03:51.947 1969 1969 I sysui_multi_action: [757,0,758,1,759,0,927,3,928,0,1593,1]
11-08 05:03:51.947 1969 1969 I sysui_multi_action: [757,0,758,1,759,0,927,4,1593,1]
11-08 05:03:51.947 1969 1969 I sysui_multi_action: [757,491,758,1,759,491,927,5,928,0,1311,-1,1593,0]
11-08 05:03:51.948 1969 1969 I sysui_multi_action: [757,122,758,1,759,122,927,6,928,1,1593,0]
11-08 05:03:51.948 1969 1969 I sysui_multi_action: [757,0,758,1,759,0,927,7,928,0,1593,0]
11-08 05:03:51.948 1969 1969 I sysui_multi_action: [757,111,758,1]
11-08 05:03:51.948 1969 1969 I sysui_multi_action: [757,126,758,1,759,126,927,0,928,1,1593,1]
11-08 05:03:51.948 1969 1969 I sysui_multi_action: [757,113,758,1,759,113,927,1,928,0,1593,1]
11-08 05:03:51.948 1969 1969 I sysui_multi_action: [757,0,758,1,759,0,927,2,928,0,1593,1]
11-08 05:03:51.948 1969 1969 I sysui_multi_action: [757,0,758,1,759,0,927,3,928,0,1593,1]
11-08 05:03:51.968 1517 1517 I notification_enqueue: [10082,1969,com.android.systemui,2048,NULL,0,Notification(channel=updateNotification shortcut=null contentView=null vibrate=null sound=null defaults=0x0 flags=0x0 color=0x00000000 vis=PRIVATE),1]
11-08 05:03:51.968 1969 1969 I sysui_multi_action: [757,111,758,2]
11-08 05:03:51.968 1969 1969 I sysui_multi_action: [757,111,758,2]
11-08 05:03:51.974 1969 1969 I sysui_multi_action: [757,111,758,1]
11-08 05:03:51.974 1969 1969 I sysui_multi_action: [757,126,758,1,759,126,927,0,928,1,1593,1]
11-08 05:03:51.974 1969 1969 I sysui_multi_action: [757,113,758,1,759,113,927,1,928,0,1593,1]
11-08 05:03:51.974 1969 1969 I sysui_multi_action: [757,0,758,1,759,0,927,2,928,0,1593,1]
11-08 05:03:51.974 1969 1969 I sysui_multi_action: [757,0,758,1,759,0,927,3,928,0,1593,1]
11-08 05:03:51.974 1969 1969 I sysui_multi_action: [757,0,758,1,759,0,927,4,1593,1]
11-08 05:03:51.975 1969 1969 I sysui_multi_action: [757,491,758,1,759,491,927,5,928,0,1311,-1,1593,0]
11-08 05:03:51.975 1969 1969 I sysui_multi_action: [757,122,758,1,759,122,927,6,928,1,1593,0]
11-08 05:03:51.975 1969 1969 I sysui_multi_action: [757,0,758,1,759,0,927,7,928,0,1593,0]
11-08 05:03:51.975 1969 1969 I sysui_multi_action: [757,111,758,1]
11-08 05:03:51.975 1969 1969 I sysui_multi_action: [757,126,758,1,759,126,927,0,928,1,1593,1]
11-08 05:03:51.975 1969 1969 I sysui_multi_action: [757,113,758,1,759,113,927,1,928,0,1593,1]
11-08 05:03:51.975 1969 1969 I sysui_multi_action: [757,0,758,1,759,0,927,2,928,0,1593,1]
11-08 05:03:51.975 1969 1969 I sysui_multi_action: [757,0,758,1,759,0,927,3,928,0,1593,1]
11-08 05:03:51.988 1517 1517 I notification_enqueue: [10082,1969,com.android.systemui,2048,NULL,0,Notification(channel=updateNotification shortcut=null contentView=null vibrate=null sound=null defaults=0x0 flags=0x0 color=0x00000000 vis=PRIVATE),1]
11-08 05:03:51.989 1969 1969 I sysui_multi_action: [757,111,758,2]
11-08 05:03:51.989 1969 1969 I sysui_multi_action: [757,111,758,2]
11-08 05:03:51.995 1969 1969 I sysui_multi_action: [757,111,758,1]
11-08 05:03:51.995 1969 1969 I sysui_multi_action: [757,126,758,1,759,126,927,0,928,1,1593,1]
11-08 05:03:51.995 1969 1969 I sysui_multi_action: [757,113,758,1,759,113,927,1,928,0,1593,1]
11-08 05:03:51.995 1969 1969 I sysui_multi_action: [757,0,758,1,759,0,927,2,928,0,1593,1]
11-08 05:03:51.995 1969 1969 I sysui_multi_action: [757,0,758,1,759,0,927,3,928,0,1593,1]
11-08 05:03:51.995 1969 1969 I sysui_multi_action: [757,0,758,1,759,0,927,4,1593,1]
11-08 05:03:51.995 1969 1969 I sysui_multi_action: [757,491,758,1,759,491,927,5,928,0,1311,-1,1593,0]
11-08 05:03:51.995 1969 1969 I sysui_multi_action: [757,122,758,1,759,122,927,6,928,1,1593,0]
11-08 05:03:51.995 1969 1969 I sysui_multi_action: [757,0,758,1,759,0,927,7,928,0,1593,0]
11-08 05:03:51.995 1969 1969 I sysui_multi_action: [757,111,758,1]
11-08 05:03:51.995 1969 1969 I sysui_multi_action: [757,126,758,1,759,126,927,0,928,1,1593,1]
11-08 05:03:51.995 1969 1969 I sysui_multi_action: [757,113,758,1,759,113,927,1,928,0,1593,1]
11-08 05:03:51.995 1969 1969 I sysui_multi_action: [757,0,758,1,759,0,927,2,928,0,1593,1]
11-08 05:03:51.995 1969 1969 I sysui_multi_action: [757,0,758,1,759,0,927,3,928,0,1593,1]
11-08 05:03:52.011 1969 1969 I sysui_multi_action: [757,111,758,2]
11-08 05:03:52.011 1969 1969 I sysui_multi_action: [757,111,758,2]
11-08 05:03:52.011 1517 1517 I notification_enqueue: [10082,1969,com.android.systemui,2048,NULL,0,Notification(channel=updateNotification shortcut=null contentView=null vibrate=null sound=null defaults=0x0 flags=0x0 color=0x00000000 vis=PRIVATE),1]
11-08 05:03:52.018 1969 1969 I sysui_multi_action: [757,111,758,1]
11-08 05:03:52.018 1969 1969 I sysui_multi_action: [757,126,758,1,759,126,927,0,928,1,1593,1]
11-08 05:03:52.018 1969 1969 I sysui_multi_action: [757,113,758,1,759,113,927,1,928,0,1593,1]
11-08 05:03:52.018 1969 1969 I sysui_multi_action: [757,0,758,1,759,0,927,2,928,0,1593,1]
11-08 05:03:52.018 1969 1969 I sysui_multi_action: [757,0,758,1,759,0,927,3,928,0,1593,1]
11-08 05:03:52.019 1969 1969 I sysui_multi_action: [757,0,758,1,759,0,927,4,1593,1]
11-08 05:03:52.019 1969 1969 I sysui_multi_action: [757,491,758,1,759,491,927,5,928,0,1311,-1,1593,0]
11-08 05:03:52.019 1969 1969 I sysui_multi_action: [757,122,758,1,759,122,927,6,928,1,1593,0]
11-08 05:03:52.019 1969 1969 I sysui_multi_action: [757,0,758,1,759,0,927,7,928,0,1593,0]
11-08 05:03:52.019 1969 1969 I sysui_multi_action: [757,111,758,1]
11-08 05:03:52.019 1969 1969 I sysui_multi_action: [757,126,758,1,759,126,927,0,928,1,1593,1]
11-08 05:03:52.019 1969 1969 I sysui_multi_action: [757,113,758,1,759,113,927,1,928,0,1593,1]
11-08 05:03:52.019 1969 1969 I sysui_multi_action: [757,0,758,1,759,0,927,2,928,0,1593,1]
11-08 05:03:52.019 1969 1969 I sysui_multi_action: [757,0,758,1,759,0,927,3,928,0,1593,1]
11-08 05:03:52.034 1969 1969 I sysui_multi_action: [757,111,758,2]
11-08 05:03:52.034 1969 1969 I sysui_multi_action: [757,111,758,2]
11-08 05:03:52.034 1517 1517 I notification_enqueue: [10082,1969,com.android.systemui,2048,NULL,0,Notification(channel=updateNotification shortcut=null contentView=null vibrate=null sound=null defaults=0x0 flags=0x0 color=0x00000000 vis=PRIVATE),1]
11-08 05:03:52.046 1517 1609 I input_focus: [Focus request cbeae27 com.android.launcher3/com.android.launcher3.uioverrides.QuickstepLauncher,reason=UpdateInputWindows]
11-08 05:03:52.047 1969 1969 I sysui_multi_action: [757,111,758,1]
11-08 05:03:52.047 1969 1969 I sysui_multi_action: [757,126,758,1,759,126,927,0,928,1,1593,1]
11-08 05:03:52.047 1969 1969 I sysui_multi_action: [757,113,758,1,759,113,927,1,928,0,1593,1]
11-08 05:03:52.047 1969 1969 I sysui_multi_action: [757,0,758,1,759,0,927,2,928,0,1593,1]
11-08 05:03:52.047 1969 1969 I sysui_multi_action: [757,0,758,1,759,0,927,3,928,0,1593,1]
11-08 05:03:52.047 1969 1969 I sysui_multi_action: [757,0,758,1,759,0,927,4,1593,1]
11-08 05:03:52.047 1969 1969 I sysui_multi_action: [757,491,758,1,759,491,927,5,928,0,1311,-1,1593,0]
11-08 05:03:52.047 1969 1969 I sysui_multi_action: [757,122,758,1,759,122,927,6,928,1,1593,0]
11-08 05:03:52.047 1969 1969 I sysui_multi_action: [757,0,758,1,759,0,927,7,928,0,1593,0]
11-08 05:03:52.047 1969 1969 I sysui_multi_action: [757,111,758,1]
11-08 05:03:52.047 1969 1969 I sysui_multi_action: [757,126,758,1,759,126,927,0,928,1,1593,1]
11-08 05:03:52.047 1969 1969 I sysui_multi_action: [757,113,758,1,759,113,927,1,928,0,1593,1]
11-08 05:03:52.047 1969 1969 I sysui_multi_action: [757,0,758,1,759,0,927,2,928,0,1593,1]
11-08 05:03:52.047 1969 1969 I sysui_multi_action: [757,0,758,1,759,0,927,3,928,0,1593,1]
11-08 05:03:52.063 1517 1517 I notification_enqueue: [10082,1969,com.android.systemui,2048,NULL,0,Notification(channel=updateNotification shortcut=null contentView=null vibrate=null sound=null defaults=0x0 flags=0x0 color=0x00000000 vis=PRIVATE),1]
11-08 05:03:52.063 1969 1969 I sysui_multi_action: [757,111,758,2]
11-08 05:03:52.063 1969 1969 I sysui_multi_action: [757,111,758,2]
11-08 05:03:52.067 1517 9837 I sysui_multi_action: [757,128,758,2,793,116455,794,10766,795,116455,796,26,798,0,806,android,857,DEVELOPER_IMPORTANT,858,4,947,0,1395,2,1500,116227,1688,1]
11-08 05:03:52.067 1517 9837 I notification_visibility: [-1|android|26|null|1000,0,116455,116455,0,0]
11-08 05:03:52.067 1517 9837 I sysui_multi_action: [757,128,758,2,793,116455,794,10766,795,116455,796,32,798,1,806,android,857,USB,858,1,947,0,1395,2,1500,116226,1688,1]
11-08 05:03:52.067 1517 9837 I notification_visibility: [-1|android|32|null|1000,0,116455,116455,0,1]
11-08 05:03:52.067 1517 2084 I sysui_multi_action: [757,127,758,2]
11-08 05:03:52.067 1517 2084 I notification_panel_hidden:
11-08 05:03:52.072 1517 1689 I input_focus: [Focus leaving 1f46765 NotificationShade (server),reason=NOT_FOCUSABLE]
11-08 05:03:52.072 1517 1689 I input_focus: [Focus entering cbeae27 com.android.launcher3/com.android.launcher3.uioverrides.QuickstepLauncher (server),reason=setFocusedWindow]
11-08 05:03:52.085 1969 1969 I sysui_multi_action: [757,111,758,1]
11-08 05:03:52.085 1969 1969 I sysui_multi_action: [757,126,758,1,759,126,927,0,928,1,1593,1]
11-08 05:03:52.085 1969 1969 I sysui_multi_action: [757,113,758,1,759,113,927,1,928,0,1593,1]
11-08 05:03:52.085 1969 1969 I sysui_multi_action: [757,0,758,1,759,0,927,2,928,0,1593,1]
11-08 05:03:52.085 1969 1969 I sysui_multi_action: [757,0,758,1,759,0,927,3,928,0,1593,1]
11-08 05:03:52.085 1969 1969 I sysui_multi_action: [757,0,758,1,759,0,927,4,1593,1]
11-08 05:03:52.086 1969 1969 I sysui_multi_action: [757,491,758,1,759,491,927,5,928,0,1311,-1,1593,0]
11-08 05:03:52.086 1969 1969 I sysui_multi_action: [757,122,758,1,759,122,927,6,928,1,1593,0]
11-08 05:03:52.086 1969 1969 I sysui_multi_action: [757,0,758,1,759,0,927,7,928,0,1593,0]
11-08 05:03:52.086 1969 1969 I sysui_multi_action: [757,111,758,1]
11-08 05:03:52.086 1969 1969 I sysui_multi_action: [757,126,758,1,759,126,927,0,928,1,1593,1]
11-08 05:03:52.086 1969 1969 I sysui_multi_action: [757,113,758,1,759,113,927,1,928,0,1593,1]
11-08 05:03:52.086 1969 1969 I sysui_multi_action: [757,0,758,1,759,0,927,2,928,0,1593,1]
11-08 05:03:52.086 1969 1969 I sysui_multi_action: [757,0,758,1,759,0,927,3,928,0,1593,1]
11-08 05:03:52.683 0 0 I auditd : type=1400 audit(0.0:10974): avc: denied { kill } for comm="swapper/0" capability=5 scontext=u:r:kernel:s0 tcontext=u:r:kernel:s0 tclass=capability permissive=0
11-08 05:03:53.501 1517 1689 I input_interaction: Interaction with: cbeae27 com.android.launcher3/com.android.launcher3.uioverrides.QuickstepLauncher (server), c84215e com.android.systemui.ImageWallpaper (server), edge-swipe (server), swipe-up (server), PointerEventDispatcher0 (server),
11-08 05:03:53.671 2526 2526 I view_enqueue_input_event: [Motion - Cancel,com.android.launcher3/com.android.launcher3.uioverrides.QuickstepLauncher]
11-08 05:03:53.677 1517 1689 I input_interaction: Interaction with: edge-swipe (server), swipe-up (server), PointerEventDispatcher0 (server),
11-08 05:03:53.683 0 0 I auditd : type=1400 audit(0.0:10975): avc: denied { kill } for comm="swapper/0" capability=5 scontext=u:r:kernel:s0 tcontext=u:r:kernel:s0 tclass=capability permissive=0
11-08 05:03:53.851 1517 1677 I commit_sys_config_file: [settings-1-0,9]
11-08 05:03:54.487 1517 1677 I commit_sys_config_file: [settings-1-0,7]
11-08 05:03:54.683 0 0 I auditd : type=1400 audit(0.0:10976): avc: denied { kill } for comm="swapper/0" capability=5 scontext=u:r:kernel:s0 tcontext=u:r:kernel:s0 tclass=capability permissive=0
11-08 05:03:55.683 0 0 I auditd : type=1400 audit(0.0:10977): avc: denied { kill } for comm="swapper/0" capability=5 scontext=u:r:kernel:s0 tcontext=u:r:kernel:s0 tclass=capability permissive=0
11-08 05:03:56.191 1517 1689 I input_interaction: Interaction with: cbeae27 com.android.launcher3/com.android.launcher3.uioverrides.QuickstepLauncher (server), c84215e com.android.systemui.ImageWallpaper (server), edge-swipe (server), swipe-up (server), PointerEventDispatcher0 (server),
11-08 05:03:56.683 0 0 I auditd : type=1400 audit(0.0:10978): avc: denied { kill } for comm="swapper/0" capability=5 scontext=u:r:kernel:s0 tcontext=u:r:kernel:s0 tclass=capability permissive=0
11-08 05:03:57.683 0 0 I auditd : type=1400 audit(0.0:10979): avc: denied { kill } for comm="swapper/0" capability=5 scontext=u:r:kernel:s0 tcontext=u:r:kernel:s0 tclass=capability permissive=0
11-08 05:03:58.358 2526 2526 I view_enqueue_input_event: [Motion - Cancel,com.android.launcher3/com.android.launcher3.uioverrides.QuickstepLauncher]
11-08 05:03:58.372 1517 1689 I input_interaction: Interaction with: edge-swipe (server), swipe-up (server), PointerEventDispatcher0 (server),
11-08 05:03:58.546 1517 1677 I commit_sys_config_file: [settings-1-0,9]
11-08 05:03:58.683 0 0 I auditd : type=1400 audit(0.0:10980): avc: denied { kill } for comm="swapper/0" capability=5 scontext=u:r:kernel:s0 tcontext=u:r:kernel:s0 tclass=capability permissive=0
11-08 05:03:59.028 1517 1677 I commit_sys_config_file: [settings-1-0,5]
11-08 05:03:59.440 1517 1689 I input_interaction: Interaction with: cbeae27 com.android.launcher3/com.android.launcher3.uioverrides.QuickstepLauncher (server), c84215e com.android.systemui.ImageWallpaper (server), edge-swipe (server), swipe-up (server), PointerEventDispatcher0 (server),
11-08 05:03:59.645 2526 2526 I view_enqueue_input_event: [Motion - Cancel,com.android.launcher3/com.android.launcher3.uioverrides.QuickstepLauncher]
11-08 05:03:59.660 1517 1689 I input_interaction: Interaction with: edge-swipe (server), swipe-up (server), PointerEventDispatcher0 (server),
11-08 05:03:59.683 0 0 I auditd : type=1400 audit(0.0:10981): avc: denied { kill } for comm="swapper/0" capability=5 scontext=u:r:kernel:s0 tcontext=u:r:kernel:s0 tclass=capability permissive=0
11-08 05:03:59.827 1517 1677 I commit_sys_config_file: [settings-1-0,4]
11-08 05:04:00.152 1517 1677 I commit_sys_config_file: [settings-1-0,5]
11-08 05:04:00.683 0 0 I auditd : type=1400 audit(0.0:10982): avc: denied { kill } for comm="swapper/0" capability=5 scontext=u:r:kernel:s0 tcontext=u:r:kernel:s0 tclass=capability permissive=0
11-08 05:04:01.683 0 0 I auditd : type=1400 audit(0.0:10983): avc: denied { kill } for comm="swapper/0" capability=5 scontext=u:r:kernel:s0 tcontext=u:r:kernel:s0 tclass=capability permissive=0
11-08 05:04:01.791 1517 1689 I input_interaction: Interaction with: cbeae27 com.android.launcher3/com.android.launcher3.uioverrides.QuickstepLauncher (server), c84215e com.android.systemui.ImageWallpaper (server), edge-swipe (server), swipe-up (server), PointerEventDispatcher0 (server),
11-08 05:04:02.397 1517 5459 I wm_task_created: [198,-1]
11-08 05:04:02.403 1517 5459 I wm_task_moved: [198,1,6]
11-08 05:04:02.403 1517 5459 I wm_task_to_front: [0,198]
11-08 05:04:02.404 1517 5459 I wm_create_task: [0,198]
11-08 05:04:02.404 1517 5459 I wm_create_activity: [0,85134721,198,com.android.music/.MusicBrowserActivity,NULL,NULL,NULL,268468224]
11-08 05:04:02.404 1517 5459 I wm_task_moved: [198,1,6]
11-08 05:04:02.408 1517 5459 I wm_restart_activity: [0,85134721,198,com.android.music/.MusicBrowserActivity]
11-08 05:04:02.410 1517 5459 I wm_set_resumed_activity: [0,com.android.music/.MusicBrowserActivity,minimalResumeActivityLocked]
11-08 05:04:02.416 1517 1608 I am_uid_active: 10088
11-08 05:04:02.428 2526 2526 I wm_on_top_resumed_lost_called: [193491456,com.android.launcher3.uioverrides.QuickstepLauncher,topStateChangedWhenResumed]
11-08 05:04:02.471 13458 13458 I wm_on_create_called: [85134721,com.android.music.MusicBrowserActivity,performCreate]
11-08 05:04:02.481 13458 13458 I wm_on_start_called: [85134721,com.android.music.MusicBrowserActivity,handleStartActivity]
11-08 05:04:02.481 13458 13458 I wm_on_resume_called: [85134721,com.android.music.MusicBrowserActivity,RESUME_ACTIVITY]
11-08 05:04:02.489 13458 13458 I wm_on_top_resumed_gained_called: [85134721,com.android.music.MusicBrowserActivity,topStateChangedWhenResumed]
11-08 05:04:02.507 1517 5798 I sysui_multi_action: [757,856,758,1,806,com.android.music,857,Channel-music,858,2]
11-08 05:04:02.511 1517 1517 I notification_enqueue: [10088,13458,com.android.music,1,NULL,0,Notification(channel=Channel-music shortcut=null contentView=null vibrate=null sound=null defaults=0x0 flags=0x0 color=0x00000000 category=transport actions=3 vis=PRIVATE),0]
11-08 05:04:02.512 1517 1517 I notification_enqueue: [10088,13458,com.android.music,1,NULL,0,Notification(channel=Channel-music shortcut=null contentView=null vibrate=null sound=null defaults=0x0 flags=0x40 color=0x00000000 category=transport actions=3 vis=PRIVATE),0]
11-08 05:04:02.515 1517 1517 I notification_enqueue: [10088,13458,com.android.music,1,NULL,0,Notification(channel=Channel-music shortcut=null contentView=null vibrate=null sound=null defaults=0x0 flags=0x40 color=0x00000000 category=transport actions=3 vis=PRIVATE),0]
11-08 05:04:02.517 1517 1517 I notification_enqueue: [10088,13458,com.android.music,1,NULL,0,Notification(channel=Channel-music shortcut=null contentView=null vibrate=null sound=null defaults=0x0 flags=0x40 color=0x00000000 category=transport actions=3 vis=PRIVATE),0]
11-08 05:04:02.521 1517 1517 I notification_enqueue: [10088,13458,com.android.music,1,NULL,0,Notification(channel=Channel-music shortcut=null contentView=null vibrate=null sound=null defaults=0x0 flags=0x40 color=0x00000000 category=transport actions=3 vis=PRIVATE),0]
11-08 05:04:02.523 1517 1517 I notification_enqueue: [10088,13458,com.android.music,1,NULL,0,Notification(channel=Channel-music shortcut=null contentView=null vibrate=null sound=null defaults=0x0 flags=0x40 color=0x00000000 category=transport actions=3 vis=PRIVATE),0]
11-08 05:04:02.540 1517 1609 I input_focus: [Focus request 9cc415e com.android.music/com.android.music.MusicBrowserActivity,reason=UpdateInputWindows]
11-08 05:04:02.561 1517 1689 I input_focus: [Focus leaving cbeae27 com.android.launcher3/com.android.launcher3.uioverrides.QuickstepLauncher (server),reason=Waiting for window because NOT_VISIBLE]
11-08 05:04:02.571 1517 1517 I sysui_multi_action: [757,128,758,5,759,8,793,60,794,0,795,60,796,1,806,com.android.music,857,Channel-music,858,2,947,0,1500,60,1641,transport,1688,1,1745,1043716538]
11-08 05:04:02.571 1517 1517 I notification_canceled: [0|com.android.music|1|null|10088,8,60,60,0,-1,-1,NULL]
11-08 05:04:02.575 1517 1605 I sysui_multi_action: [319,183,322,183,325,10449,757,761,758,8,759,2,806,com.android.music,871,com.android.music.MusicBrowserActivity,904,com.android.launcher3,905,0,1320,8,1321,5]
11-08 05:04:02.578 1517 1605 I wm_activity_launch_time: [0,85134721,com.android.music/.MusicBrowserActivity,183]
11-08 05:04:02.584 1517 1689 I input_focus: [Focus entering 9cc415e com.android.music/com.android.music.MusicBrowserActivity (server),reason=Window became focusable. Previous reason: NOT_VISIBLE]
11-08 05:04:02.683 0 0 I auditd : type=1400 audit(0.0:10984): avc: denied { kill } for comm="swapper/0" capability=5 scontext=u:r:kernel:s0 tcontext=u:r:kernel:s0 tclass=capability permissive=0
11-08 05:04:02.772 1517 1607 I commit_sys_config_file: [notification-policy,10440215]
11-08 05:04:03.683 0 0 I auditd : type=1400 audit(0.0:10985): avc: denied { kill } for comm="swapper/0" capability=5 scontext=u:r:kernel:s0 tcontext=u:r:kernel:s0 tclass=capability permissive=0
11-08 05:04:04.484 1517 1689 I input_interaction: Interaction with: 9cc415e com.android.music/com.android.music.MusicBrowserActivity (server), edge-swipe (server), swipe-up (server), PointerEventDispatcher0 (server),
11-08 05:04:04.641 1517 5798 I wm_relaunch_resume_activity: [0,85134721,198,com.android.music/.MusicBrowserActivity]
11-08 05:04:04.642 1517 5798 I wm_add_to_stopping: [0,193491456,com.android.launcher3/.uioverrides.QuickstepLauncher,makeInvisible]
11-08 05:04:04.651 13458 13458 I wm_on_top_resumed_lost_called: [85134721,com.android.music.MusicBrowserActivity,pausing]
11-08 05:04:04.655 13458 13458 I wm_on_paused_called: [85134721,com.android.music.MusicBrowserActivity,performPause]
11-08 05:04:04.657 13458 13458 I wm_on_stop_called: [85134721,com.android.music.MusicBrowserActivity,handleRelaunchActivity]
11-08 05:04:04.663 13458 13458 I wm_on_destroy_called: [85134721,com.android.music.MusicBrowserActivity,performDestroy]
11-08 05:04:04.705 13458 13458 I wm_on_create_called: [85134721,com.android.music.MusicBrowserActivity,performCreate]
11-08 05:04:04.716 13458 13458 I wm_on_start_called: [85134721,com.android.music.MusicBrowserActivity,handleStartActivity]
11-08 05:04:04.717 13458 13458 I wm_on_resume_called: [85134721,com.android.music.MusicBrowserActivity,RESUME_ACTIVITY]
11-08 05:04:04.718 13458 13458 I wm_on_top_resumed_gained_called: [85134721,com.android.music.MusicBrowserActivity,topWhenResuming]
