11-08 05:02:45.683 1198 1198 I auditd : type=1400 audit(0.0:10916): avc: denied { kill } for comm="selfinstaller" capability=5 scontext=u:r:selfinstaller:s0 tcontext=u:r:selfinstaller:s0 tclass=capability permissive=0
11-08 05:02:46.683 0 0 I auditd : type=1400 audit(0.0:10917): avc: denied { kill } for comm="swapper/1" capability=5 scontext=u:r:kernel:s0 tcontext=u:r:kernel:s0 tclass=capability permissive=0
11-08 05:02:46.997 1517 1689 I input_interaction: Interaction with: cb2100d com.android.settings/com.android.settings.Settings (server), edge-swipe (server), swipe-up (server), PointerEventDispatcher0 (server),
11-08 05:02:47.019 1517 9837 I wm_task_moved: [92,0,0]
11-08 05:02:47.020 1517 9837 I wm_task_moved: [92,0,5]
11-08 05:02:47.027 2526 2526 I wm_on_restart_called: [193491456,com.android.launcher3.uioverrides.QuickstepLauncher,performRestartActivity]
11-08 05:02:47.065 2526 2526 I wm_on_start_called: [193491456,com.android.launcher3.uioverrides.QuickstepLauncher,handleStartActivity]
11-08 05:02:47.087 1517 1605 I sysui_multi_action: [319,18,322,62,325,10374,757,761,758,9,759,5,806,com.android.launcher3,871,com.android.launcher3.uioverrides.QuickstepLauncher,904,com.android.launcher3,905,0,1320,8,1321,5]
11-08 05:02:47.138 13073 13073 I view_enqueue_input_event: [Motion - Cancel,com.android.settings/com.android.settings.Settings]
11-08 05:02:47.139 2526 2526 I sysui_latency: [1,79]
11-08 05:02:47.147 1517 1609 I input_focus: [Focus request recents_animation_input_consumer,reason=UpdateInputWindows]
11-08 05:02:47.154 1517 1689 I input_interaction: Interaction with: edge-swipe (server), swipe-up (server), PointerEventDispatcher0 (server),
11-08 05:02:47.180 1517 1689 I input_focus: [Focus leaving cb2100d com.android.settings/com.android.settings.Settings (server),reason=NOT_FOCUSABLE]
11-08 05:02:47.181 1517 1689 I input_focus: [Focus entering recents_animation_input_consumer (server),reason=setFocusedWindow]
11-08 05:02:47.271 1517 1677 I commit_sys_config_file: [settings-1-0,6]
11-08 05:02:47.383 1517 1614 I sysui_latency: [8,79]
11-08 05:02:47.683 0 0 I auditd : type=1400 audit(0.0:10918): avc: denied { kill } for comm="swapper/1" capability=5 scontext=u:r:kernel:s0 tcontext=u:r:kernel:s0 tclass=capability permissive=0
11-08 05:02:48.154 1517 1677 I commit_sys_config_file: [settings-1-0,4]
11-08 05:02:49.522 1517 1689 I input_interaction: Interaction with: cbeae27 com.android.launcher3/com.android.launcher3.uioverrides.QuickstepLauncher (server), edge-swipe (server), swipe-up (server), PointerEventDispatcher0 (server),
11-08 05:02:49.683 0 0 I auditd : type=1400 audit(0.0:10919): avc: denied { kill } for comm="swapper/1" capability=5 scontext=u:r:kernel:s0 tcontext=u:r:kernel:s0 tclass=capability permissive=0
11-08 05:02:49.962 1517 1554 I wm_task_moved: [92,1,6]
11-08 05:02:49.965 1517 1554 I wm_focused_root_task: [0,0,92,193,RecentsAnimation.onAnimationFinished()]
11-08 05:02:49.966 13073 13073 I wm_on_top_resumed_lost_called: [177000279,com.android.settings.Settings,topStateChangedWhenResumed]
11-08 05:02:49.967 1517 1554 I wm_pause_activity: [0,177000279,com.android.settings/.Settings,userLeaving=false,pauseBackTasks]
11-08 05:02:49.970 1517 1554 I wm_set_resumed_activity: [0,com.android.launcher3/.uioverrides.QuickstepLauncher,resumeTopActivityInnerLocked]
11-08 05:02:49.972 1517 1554 I wm_resume_activity: [0,193491456,93,com.android.launcher3/.uioverrides.QuickstepLauncher]
11-08 05:02:49.972 1517 1554 I wm_add_to_stopping: [0,177000279,com.android.settings/.Settings,makeInvisible]
11-08 05:02:49.979 2526 2526 I wm_on_resume_called: [193491456,com.android.launcher3.uioverrides.QuickstepLauncher,RESUME_ACTIVITY]
11-08 05:02:49.983 1517 1609 I input_focus: [Focus request cbeae27 com.android.launcher3/com.android.launcher3.uioverrides.QuickstepLauncher,reason=UpdateInputWindows]
11-08 05:02:49.984 1517 1608 I sysui_multi_action: [757,803,799,window_time_0,802,23]
11-08 05:02:49.987 1517 1608 I wm_stop_activity: [0,177000279,com.android.settings/.Settings]
11-08 05:02:49.988 1517 1608 I sysui_multi_action: [757,803,799,window_time_0,802,0]
11-08 05:02:49.996 2526 2526 I wm_on_top_resumed_gained_called: [193491456,com.android.launcher3.uioverrides.QuickstepLauncher,topStateChangedWhenResumed]
11-08 05:02:49.996 13073 13073 I sysui_multi_action: [757,35,758,2,1089,22569]
11-08 05:02:49.996 1517 1689 I input_focus: [Focus leaving recents_animation_input_consumer (server),reason=NOT_VISIBLE]
11-08 05:02:49.997 13073 13073 I sysui_multi_action: [757,744,758,2,1089,8417]
11-08 05:02:49.998 13073 13073 I wm_on_paused_called: [177000279,com.android.settings.Settings,performPause]
11-08 05:02:50.004 1517 1689 I input_focus: [Focus entering cbeae27 com.android.launcher3/com.android.launcher3.uioverrides.QuickstepLauncher (server),reason=setFocusedWindow]
11-08 05:02:50.016 1517 1614 I am_pss : [13057,10088,com.android.music,24430592,18411520,0,142917632,0,19,8]
11-08 05:02:50.022 13073 13073 I wm_on_stop_called: [177000279,com.android.settings.Settings,STOP_ACTIVITY_ITEM]
11-08 05:02:50.023 1517 1614 I am_pss : [13128,10066,com.android.gallery3d,7671808,5337088,0,95076352,0,19,6]
11-08 05:02:50.092 1517 9837 I wm_finish_activity: [0,177000279,193,com.android.settings/.Settings,recent-task-trimmed]
11-08 05:02:50.093 1517 9837 I wm_destroy_activity: [0,177000279,193,com.android.settings/.Settings,finish-imm:finishIfPossible]
11-08 05:02:50.098 1517 1608 I am_kill : [0,13073,com.android.settings,905,remove task]
11-08 05:02:50.115 1517 1608 I sysui_multi_action: [757,803,799,window_time_0,802,0]
11-08 05:02:50.148 1517 6171 I am_proc_died: [0,13073,com.android.settings,905,19]
11-08 05:02:50.156 1517 6171 I wm_task_removed: [193,removeChild:removeChild last r=ActivityRecord{a8ccf57 u0 com.android.settings/.Settings t-1 f}} in t=Task{c9d4ddc #193 type=standard A=1000:com.android.settings.root U=0 visible=false mode=fullscreen translucent=true sz=0}]
11-08 05:02:50.156 1517 6171 I wm_task_removed: [193,removeChild]
11-08 05:02:50.171 1517 1616 I am_proc_start: [0,13268,1000,com.android.settings,NULL,]
11-08 05:02:50.197 1517 6171 I am_proc_bound: [0,13268,com.android.settings]
11-08 05:02:50.590 1517 1689 I input_interaction: Interaction with: cbeae27 com.android.launcher3/com.android.launcher3.uioverrides.QuickstepLauncher (server), c84215e com.android.systemui.ImageWallpaper (server), edge-swipe (server), swipe-up (server), PointerEventDispatcher0 (server),
11-08 05:02:50.686 1517 1554 I wm_task_created: [194,-1]
11-08 05:02:50.694 1517 1554 I wm_task_moved: [194,1,6]
11-08 05:02:50.694 1517 1554 I wm_task_to_front: [0,194]
11-08 05:02:50.694 1517 1554 I wm_create_task: [0,194]
11-08 05:02:50.694 1517 1554 I wm_create_activity: [0,47572411,194,com.android.music/.VideoBrowserActivity,android.intent.action.MAIN,NULL,NULL,270532608]
11-08 05:02:50.695 1517 1554 I wm_task_moved: [194,1,6]
11-08 05:02:50.697 1517 1554 I wm_pause_activity: [0,193491456,com.android.launcher3/.uioverrides.QuickstepLauncher,userLeaving=true,pauseBackTasks]
11-08 05:02:50.709 2526 2526 I wm_on_top_resumed_lost_called: [193491456,com.android.launcher3.uioverrides.QuickstepLauncher,topStateChangedWhenResumed]
11-08 05:02:50.711 2526 2526 I wm_on_paused_called: [193491456,com.android.launcher3.uioverrides.QuickstepLauncher,performPause]
11-08 05:02:50.716 1517 9201 I wm_add_to_stopping: [0,193491456,com.android.launcher3/.uioverrides.QuickstepLauncher,makeInvisible]
11-08 05:02:50.718 1517 9201 I wm_restart_activity: [0,47572411,194,com.android.music/.VideoBrowserActivity]
11-08 05:02:50.720 1517 9201 I wm_set_resumed_activity: [0,com.android.music/.VideoBrowserActivity,minimalResumeActivityLocked]
11-08 05:02:50.730 1517 1608 I sysui_multi_action: [757,803,799,window_time_0,802,1]
11-08 05:02:50.739 1517 1689 I input_focus: [Focus leaving cbeae27 com.android.launcher3/com.android.launcher3.uioverrides.QuickstepLauncher (server),reason=NO_WINDOW]
11-08 05:02:50.743 13057 13057 I wm_on_create_called: [47572411,com.android.music.VideoBrowserActivity,performCreate]
11-08 05:02:50.744 13057 13057 I wm_on_start_called: [47572411,com.android.music.VideoBrowserActivity,handleStartActivity]
11-08 05:02:50.744 13057 13057 I wm_on_resume_called: [47572411,com.android.music.VideoBrowserActivity,RESUME_ACTIVITY]
11-08 05:02:50.747 13057 13057 I wm_on_top_resumed_gained_called: [47572411,com.android.music.VideoBrowserActivity,topStateChangedWhenResumed]
11-08 05:02:50.768 1517 1609 I input_focus: [Focus request a4b4cf0 com.android.music/com.android.music.VideoBrowserActivity,reason=UpdateInputWindows]
11-08 05:02:50.783 1517 1605 I sysui_multi_action: [319,76,321,73,322,97,325,10378,757,761,758,8,759,1,806,com.android.music,871,com.android.music.VideoBrowserActivity,904,com.android.launcher3,905,0,1320,8,1321,5]
11-08 05:02:50.785 1517 1605 I wm_activity_launch_time: [0,47572411,com.android.music/.VideoBrowserActivity,97]
11-08 05:02:50.790 1517 1689 I input_focus: [Focus entering a4b4cf0 com.android.music/com.android.music.VideoBrowserActivity (server),reason=setFocusedWindow]
11-08 05:02:51.302 1517 1608 I wm_stop_activity: [0,193491456,com.android.launcher3/.uioverrides.QuickstepLauncher]
11-08 05:02:51.353 2526 2526 I wm_on_stop_called: [193491456,com.android.launcher3.uioverrides.QuickstepLauncher,STOP_ACTIVITY_ITEM]
11-08 05:02:51.683 350 350 I auditd : type=1400 audit(0.0:10920): avc: denied { kill } for comm="irq/382-atmel_m" capability=5 scontext=u:r:kernel:s0 tcontext=u:r:kernel:s0 tclass=capability permissive=0
11-08 05:02:51.772 1517 1689 I input_interaction: Interaction with: a4b4cf0 com.android.music/com.android.music.VideoBrowserActivity (server), edge-swipe (server), swipe-up (server), PointerEventDispatcher0 (server),
11-08 05:02:51.796 1517 6171 I wm_task_moved: [92,0,0]
11-08 05:02:51.797 1517 6171 I wm_task_moved: [92,0,5]
11-08 05:02:51.806 2526 2526 I wm_on_restart_called: [193491456,com.android.launcher3.uioverrides.QuickstepLauncher,performRestartActivity]
11-08 05:02:51.837 2526 2526 I wm_on_start_called: [193491456,com.android.launcher3.uioverrides.QuickstepLauncher,handleStartActivity]
11-08 05:02:51.861 1517 1605 I sysui_multi_action: [319,15,322,55,325,10379,757,761,758,9,759,5,806,com.android.launcher3,871,com.android.launcher3.uioverrides.QuickstepLauncher,904,com.android.launcher3,905,0,1320,8,1321,5]
11-08 05:02:51.871 13057 13057 I view_enqueue_input_event: [Motion - Cancel,com.android.music/com.android.music.VideoBrowserActivity]
11-08 05:02:51.872 2526 2526 I sysui_latency: [1,73]
11-08 05:02:51.876 1517 1609 I input_focus: [Focus request recents_animation_input_consumer,reason=UpdateInputWindows]
11-08 05:02:51.888 1517 1689 I input_interaction: Interaction with: edge-swipe (server), swipe-up (server), PointerEventDispatcher0 (server),
11-08 05:02:51.908 1517 1689 I input_focus: [Focus leaving a4b4cf0 com.android.music/com.android.music.VideoBrowserActivity (server),reason=NOT_FOCUSABLE]
11-08 05:02:51.909 1517 1689 I input_focus: [Focus entering recents_animation_input_consumer (server),reason=setFocusedWindow]
11-08 05:02:52.044 1517 1677 I commit_sys_config_file: [settings-1-0,7]
11-08 05:02:52.153 1517 1614 I sysui_latency: [8,75]
11-08 05:02:52.683 0 0 I auditd : type=1400 audit(0.0:10921): avc: denied { kill } for comm="swapper/0" capability=5 scontext=u:r:kernel:s0 tcontext=u:r:kernel:s0 tclass=capability permissive=0
11-08 05:02:52.799 1517 1677 I commit_sys_config_file: [settings-1-0,5]
11-08 05:02:53.309 1517 1689 I input_interaction: Interaction with: cbeae27 com.android.launcher3/com.android.launcher3.uioverrides.QuickstepLauncher (server), edge-swipe (server), swipe-up (server), PointerEventDispatcher0 (server),
11-08 05:02:53.683 0 0 I auditd : type=1400 audit(0.0:10922): avc: denied { kill } for comm="swapper/0" capability=5 scontext=u:r:kernel:s0 tcontext=u:r:kernel:s0 tclass=capability permissive=0
11-08 05:02:53.759 1517 9201 I wm_task_moved: [92,1,6]
11-08 05:02:53.768 1517 9201 I wm_focused_root_task: [0,0,92,194,RecentsAnimation.onAnimationFinished()]
11-08 05:02:53.769 13057 13057 I wm_on_top_resumed_lost_called: [47572411,com.android.music.VideoBrowserActivity,topStateChangedWhenResumed]
11-08 05:02:53.771 1517 9201 I wm_pause_activity: [0,47572411,com.android.music/.VideoBrowserActivity,userLeaving=false,pauseBackTasks]
11-08 05:02:53.774 1517 9201 I wm_set_resumed_activity: [0,com.android.launcher3/.uioverrides.QuickstepLauncher,resumeTopActivityInnerLocked]
11-08 05:02:53.775 1517 9201 I wm_resume_activity: [0,193491456,93,com.android.launcher3/.uioverrides.QuickstepLauncher]
11-08 05:02:53.776 1517 9201 I wm_add_to_stopping: [0,47572411,com.android.music/.VideoBrowserActivity,makeInvisible]
11-08 05:02:53.786 1517 1609 I input_focus: [Focus request cbeae27 com.android.launcher3/com.android.launcher3.uioverrides.QuickstepLauncher,reason=UpdateInputWindows]
11-08 05:02:53.788 2526 2526 I wm_on_resume_called: [193491456,com.android.launcher3.uioverrides.QuickstepLauncher,RESUME_ACTIVITY]
11-08 05:02:53.790 1517 1608 I sysui_multi_action: [757,803,799,window_time_0,802,3]
11-08 05:02:53.796 1517 1689 I input_focus: [Focus leaving recents_animation_input_consumer (server),reason=NOT_VISIBLE]
11-08 05:02:53.797 1517 1689 I input_focus: [Focus entering cbeae27 com.android.launcher3/com.android.launcher3.uioverrides.QuickstepLauncher (server),reason=setFocusedWindow]
11-08 05:02:53.799 13057 13057 I wm_on_paused_called: [47572411,com.android.music.VideoBrowserActivity,performPause]
11-08 05:02:53.806 1517 1608 I wm_stop_activity: [0,47572411,com.android.music/.VideoBrowserActivity]
11-08 05:02:53.807 1517 1608 I sysui_multi_action: [757,803,799,window_time_0,802,0]
11-08 05:02:53.812 2526 2526 I wm_on_top_resumed_gained_called: [193491456,com.android.launcher3.uioverrides.QuickstepLauncher,topStateChangedWhenResumed]
11-08 05:02:53.826 13057 13057 I wm_on_stop_called: [47572411,com.android.music.VideoBrowserActivity,STOP_ACTIVITY_ITEM]
11-08 05:02:53.890 1517 9201 I wm_finish_activity: [0,47572411,194,com.android.music/.VideoBrowserActivity,recent-task-trimmed]
11-08 05:02:53.890 1517 9201 I wm_destroy_activity: [0,47572411,194,com.android.music/.VideoBrowserActivity,finish-imm:finishIfPossible]
11-08 05:02:53.891 1517 1608 I am_kill : [0,13057,com.android.music,900,remove task]
11-08 05:02:53.896 1517 1608 I sysui_multi_action: [757,803,799,window_time_0,802,0]
11-08 05:02:53.916 1517 1689 I input_interaction: Interaction with: cbeae27 com.android.launcher3/com.android.launcher3.uioverrides.QuickstepLauncher (server), c84215e com.android.systemui.ImageWallpaper (server), edge-swipe (server), swipe-up (server), PointerEventDispatcher0 (server),
11-08 05:02:53.942 1517 9837 I am_proc_died: [0,13057,com.android.music,900,18]
11-08 05:02:53.945 1517 9837 I am_uid_stopped: 10088
11-08 05:02:53.947 1517 9837 I wm_task_removed: [194,removeChild:removeChild last r=ActivityRecord{2d5e5bb u0 com.android.music/.VideoBrowserActivity t-1 f}} in t=Task{8e704ee #194 type=standard A=10088:android.task.video U=0 visible=false mode=fullscreen translucent=true sz=0}]
11-08 05:02:53.947 1517 9837 I wm_task_removed: [194,removeChild]
11-08 05:02:53.954 1517 1608 I am_uid_running: 10088
11-08 05:02:53.965 1517 1616 I am_proc_start: [0,13300,10088,com.android.music,NULL,]
11-08 05:02:53.994 1517 9075 I am_proc_bound: [0,13300,com.android.music]
11-08 05:02:54.683 0 0 I auditd : type=1400 audit(0.0:10923): avc: denied { kill } for comm="swapper/0" capability=5 scontext=u:r:kernel:s0 tcontext=u:r:kernel:s0 tclass=capability permissive=0
11-08 05:02:55.683 0 0 I auditd : type=1400 audit(0.0:10924): avc: denied { kill } for comm="swapper/0" capability=5 scontext=u:r:kernel:s0 tcontext=u:r:kernel:s0 tclass=capability permissive=0
11-08 05:02:56.343 1517 9075 I wm_task_created: [195,-1]
11-08 05:02:56.354 1517 9075 I wm_task_moved: [195,1,6]
11-08 05:02:56.354 1517 9075 I wm_task_to_front: [0,195]
11-08 05:02:56.355 1517 9075 I wm_create_task: [0,195]
11-08 05:02:56.355 1517 9075 I wm_create_activity: [0,98084114,195,com.android.gallery3d/.app.GalleryActivity,android.intent.action.MAIN,NULL,NULL,270532608]
11-08 05:02:56.355 1517 9075 I wm_task_moved: [195,1,6]
11-08 05:02:56.358 1517 9075 I wm_pause_activity: [0,193491456,com.android.launcher3/.uioverrides.QuickstepLauncher,userLeaving=true,pauseBackTasks]
11-08 05:02:56.365 2526 2526 I wm_on_top_resumed_lost_called: [193491456,com.android.launcher3.uioverrides.QuickstepLauncher,topStateChangedWhenResumed]
11-08 05:02:56.369 2526 2526 I wm_on_paused_called: [193491456,com.android.launcher3.uioverrides.QuickstepLauncher,performPause]
11-08 05:02:56.371 1517 9201 I wm_add_to_stopping: [0,193491456,com.android.launcher3/.uioverrides.QuickstepLauncher,makeInvisible]
11-08 05:02:56.372 1517 9201 I wm_restart_activity: [0,98084114,195,com.android.gallery3d/.app.GalleryActivity]
11-08 05:02:56.374 1517 9201 I wm_set_resumed_activity: [0,com.android.gallery3d/.app.GalleryActivity,minimalResumeActivityLocked]
11-08 05:02:56.380 1517 1608 I am_uid_active: 10066
11-08 05:02:56.383 1517 1608 I sysui_multi_action: [757,803,799,window_time_0,802,2]
11-08 05:02:56.402 1517 1689 I input_focus: [Focus leaving cbeae27 com.android.launcher3/com.android.launcher3.uioverrides.QuickstepLauncher (server),reason=NO_WINDOW]
11-08 05:02:56.423 13128 13128 I wm_on_create_called: [98084114,com.android.gallery3d.app.GalleryActivity,performCreate]
11-08 05:02:56.424 13128 13128 I wm_on_start_called: [98084114,com.android.gallery3d.app.GalleryActivity,handleStartActivity]
11-08 05:02:56.428 13128 13128 I wm_on_resume_called: [98084114,com.android.gallery3d.app.GalleryActivity,RESUME_ACTIVITY]
11-08 05:02:56.435 13128 13128 I wm_on_top_resumed_gained_called: [98084114,com.android.gallery3d.app.GalleryActivity,topStateChangedWhenResumed]
11-08 05:02:56.443 1517 1609 I input_focus: [Focus request abddfe6 com.android.gallery3d/com.android.gallery3d.app.GalleryActivity,reason=UpdateInputWindows]
11-08 05:02:56.448 1969 1969 I sysui_multi_action: [757,111,758,2]
11-08 05:02:56.448 1517 1517 I notification_enqueue: [10082,1969,com.android.systemui,2048,NULL,0,Notification(channel=updateNotification shortcut=null contentView=null vibrate=null sound=null defaults=0x0 flags=0x0 color=0x00000000 vis=PRIVATE),1]
11-08 05:02:56.448 1969 1969 I sysui_multi_action: [757,111,758,2]
11-08 05:02:56.478 1969 1969 I sysui_multi_action: [757,111,758,1]
11-08 05:02:56.478 1969 1969 I sysui_multi_action: [757,126,758,1,759,126,927,0,928,1,1593,0]
11-08 05:02:56.478 1969 1969 I sysui_multi_action: [757,113,758,1,759,113,927,1,928,0,1593,0]
11-08 05:02:56.478 1969 1969 I sysui_multi_action: [757,0,758,1,759,0,927,2,928,0,1593,0]
11-08 05:02:56.478 1969 1969 I sysui_multi_action: [757,0,758,1,759,0,927,3,928,0,1593,0]
11-08 05:02:56.478 1969 1969 I sysui_multi_action: [757,0,758,1,759,0,927,4,1593,0]
11-08 05:02:56.478 1969 1969 I sysui_multi_action: [757,491,758,1,759,491,927,5,928,0,1311,-1,1593,0]
11-08 05:02:56.478 1969 1969 I sysui_multi_action: [757,122,758,1,759,122,927,6,928,1,1593,0]
11-08 05:02:56.478 1969 1969 I sysui_multi_action: [757,0,758,1,759,0,927,7,928,0,1593,0]
11-08 05:02:56.478 1969 1969 I sysui_multi_action: [757,111,758,1]
11-08 05:02:56.479 1969 1969 I sysui_multi_action: [757,126,758,1,759,126,927,0,928,1,1593,0]
11-08 05:02:56.479 1969 1969 I sysui_multi_action: [757,113,758,1,759,113,927,1,928,0,1593,0]
11-08 05:02:56.479 1969 1969 I sysui_multi_action: [757,0,758,1,759,0,927,2,928,0,1593,0]
11-08 05:02:56.479 1969 1969 I sysui_multi_action: [757,0,758,1,759,0,927,3,928,0,1593,0]
11-08 05:02:56.493 1517 1605 I sysui_multi_action: [319,76,321,74,322,155,325,10383,757,761,758,8,759,1,806,com.android.gallery3d,871,com.android.gallery3d.app.GalleryActivity,904,com.android.launcher3,905,0,1320,21,1321,5]
11-08 05:02:56.494 1517 1605 I wm_activity_launch_time: [0,98084114,com.android.gallery3d/.app.GalleryActivity,155]
11-08 05:02:56.503 1517 1689 I input_focus: [Focus entering abddfe6 com.android.gallery3d/com.android.gallery3d.app.GalleryActivity (server),reason=Window became focusable. Previous reason: NOT_VISIBLE]
11-08 05:02:56.651 1517 1517 I sysui_multi_action: [757,1501,758,1,793,10362792,794,0,795,206,796,2048,806,com.android.systemui,857,updateNotification,858,3,947,0,1500,0,1688,1]
11-08 05:02:56.651 1517 1517 I sysui_multi_action: [757,804,799,note_interruptive,801,0,802,1]
11-08 05:02:56.652 1517 1517 I sysui_multi_action: [757,199,758,1,759,2,793,10362793,794,0,795,207,796,2048,806,com.android.systemui,857,updateNotification,858,3,947,0,1500,1,1688,1]
11-08 05:02:56.653 1517 1517 I notification_alert: [0|com.android.systemui|2048|null|10082,0,1,0]
11-08 05:02:56.683 9437 9437 I auditd : type=1400 audit(0.0:10925): avc: denied { kill } for comm="kworker/u16:14" capability=5 scontext=u:r:kernel:s0 tcontext=u:r:kernel:s0 tclass=capability permissive=0
11-08 05:02:56.971 1517 1608 I wm_stop_activity: [0,193491456,com.android.launcher3/.uioverrides.QuickstepLauncher]
11-08 05:02:57.012 2526 2526 I wm_on_stop_called: [193491456,com.android.launcher3.uioverrides.QuickstepLauncher,STOP_ACTIVITY_ITEM]
11-08 05:02:57.706 1517 1689 I input_interaction: Interaction with: abddfe6 com.android.gallery3d/com.android.gallery3d.app.GalleryActivity (server), edge-swipe (server), swipe-up (server), PointerEventDispatcher0 (server),
11-08 05:02:57.739 1517 1554 I wm_task_moved: [92,0,0]
11-08 05:02:57.740 1517 1554 I wm_task_moved: [92,0,5]
11-08 05:02:57.753 2526 2526 I wm_on_restart_called: [193491456,com.android.launcher3.uioverrides.QuickstepLauncher,performRestartActivity]
11-08 05:02:57.770 2526 2526 I wm_on_start_called: [193491456,com.android.launcher3.uioverrides.QuickstepLauncher,handleStartActivity]
11-08 05:02:57.803 1517 1605 I sysui_multi_action: [319,15,322,57,325,10385,757,761,758,9,759,5,806,com.android.launcher3,871,com.android.launcher3.uioverrides.QuickstepLauncher,904,com.android.launcher3,905,0,1320,8,1321,5]
11-08 05:02:57.862 2526 2526 I sysui_latency: [1,77]
11-08 05:02:57.865 13128 13128 I view_enqueue_input_event: [Motion - Cancel,com.android.gallery3d/com.android.gallery3d.app.GalleryActivity]
11-08 05:02:57.866 1517 1689 I input_interaction: Interaction with: edge-swipe (server), swipe-up (server), PointerEventDispatcher0 (server),
11-08 05:02:57.868 1517 1609 I input_focus: [Focus request recents_animation_input_consumer,reason=UpdateInputWindows]
11-08 05:02:57.890 1517 1689 I input_focus: [Focus leaving abddfe6 com.android.gallery3d/com.android.gallery3d.app.GalleryActivity (server),reason=NOT_FOCUSABLE]
11-08 05:02:57.891 1517 1689 I input_focus: [Focus entering recents_animation_input_consumer (server),reason=setFocusedWindow]
11-08 05:02:57.973 1517 1677 I commit_sys_config_file: [settings-1-0,5]
11-08 05:02:58.100 1517 1614 I sysui_latency: [8,77]
11-08 05:02:58.683 0 0 I auditd : type=1400 audit(0.0:10926): avc: denied { kill } for comm="swapper/0" capability=5 scontext=u:r:kernel:s0 tcontext=u:r:kernel:s0 tclass=capability permissive=0
11-08 05:02:59.529 1517 1677 I commit_sys_config_file: [settings-1-0,5]
11-08 05:02:59.683 350 350 I auditd : type=1400 audit(0.0:10927): avc: denied { kill } for comm="irq/382-atmel_m" capability=5 scontext=u:r:kernel:s0 tcontext=u:r:kernel:s0 tclass=capability permissive=0
11-08 05:02:59.750 1517 1689 I input_interaction: Interaction with: cbeae27 com.android.launcher3/com.android.launcher3.uioverrides.QuickstepLauncher (server), edge-swipe (server), swipe-up (server), PointerEventDispatcher0 (server),
11-08 05:03:00.201 1517 9873 I wm_task_moved: [92,1,6]
11-08 05:03:00.205 1517 9873 I wm_focused_root_task: [0,0,92,195,RecentsAnimation.onAnimationFinished()]
11-08 05:03:00.205 13128 13128 I wm_on_top_resumed_lost_called: [98084114,com.android.gallery3d.app.GalleryActivity,topStateChangedWhenResumed]
11-08 05:03:00.207 1517 9873 I wm_pause_activity: [0,98084114,com.android.gallery3d/.app.GalleryActivity,userLeaving=false,pauseBackTasks]
11-08 05:03:00.209 1517 9873 I wm_set_resumed_activity: [0,com.android.launcher3/.uioverrides.QuickstepLauncher,resumeTopActivityInnerLocked]
11-08 05:03:00.211 1517 9873 I wm_resume_activity: [0,193491456,93,com.android.launcher3/.uioverrides.QuickstepLauncher]
11-08 05:03:00.211 1517 9873 I wm_add_to_stopping: [0,98084114,com.android.gallery3d/.app.GalleryActivity,makeInvisible]
11-08 05:03:00.219 2526 2526 I wm_on_resume_called: [193491456,com.android.launcher3.uioverrides.QuickstepLauncher,RESUME_ACTIVITY]
11-08 05:03:00.223 1517 1608 I sysui_multi_action: [757,803,799,window_time_0,802,4]
11-08 05:03:00.226 1517 1609 I input_focus: [Focus request cbeae27 com.android.launcher3/com.android.launcher3.uioverrides.QuickstepLauncher,reason=UpdateInputWindows]
11-08 05:03:00.232 1517 1608 I wm_stop_activity: [0,98084114,com.android.gallery3d/.app.GalleryActivity]
11-08 05:03:00.233 13128 13128 I wm_on_paused_called: [98084114,com.android.gallery3d.app.GalleryActivity,performPause]
11-08 05:03:00.236 1517 1608 I sysui_multi_action: [757,803,799,window_time_0,802,0]
11-08 05:03:00.237 1517 1689 I input_focus: [Focus leaving recents_animation_input_consumer (server),reason=NOT_VISIBLE]
11-08 05:03:00.239 2526 2526 I wm_on_top_resumed_gained_called: [193491456,com.android.launcher3.uioverrides.QuickstepLauncher,topStateChangedWhenResumed]
11-08 05:03:00.246 1517 1689 I input_focus: [Focus entering cbeae27 com.android.launcher3/com.android.launcher3.uioverrides.QuickstepLauncher (server),reason=setFocusedWindow]
11-08 05:03:00.266 13128 13128 I wm_on_stop_called: [98084114,com.android.gallery3d.app.GalleryActivity,STOP_ACTIVITY_ITEM]
11-08 05:03:00.328 1517 9201 I wm_finish_activity: [0,98084114,195,com.android.gallery3d/.app.GalleryActivity,recent-task-trimmed]
11-08 05:03:00.329 1517 9201 I wm_destroy_activity: [0,98084114,195,com.android.gallery3d/.app.GalleryActivity,finish-imm:finishIfPossible]
11-08 05:03:00.330 1517 1608 I am_kill : [0,13128,com.android.gallery3d,900,remove task]
11-08 05:03:00.333 1517 1608 I sysui_multi_action: [757,803,799,window_time_0,802,0]
11-08 05:03:00.361 1517 9837 I am_proc_died: [0,13128,com.android.gallery3d,900,18]
11-08 05:03:00.364 1517 9837 I am_uid_stopped: 10066
11-08 05:03:00.366 1517 9837 I wm_task_removed: [195,removeChild:removeChild last r=ActivityRecord{5d8a512 u0 com.android.gallery3d/.app.GalleryActivity t-1 f}} in t=Task{ab9ded1 #195 type=standard A=10066:com.android.gallery3d U=0 visible=false mode=fullscreen translucent=true sz=0}]
11-08 05:03:00.366 1517 9837 I wm_task_removed: [195,removeChild]
11-08 05:03:00.370 1517 1608 I am_uid_running: 10066
11-08 05:03:00.379 1517 1616 I am_proc_start: [0,13363,10066,com.android.gallery3d,NULL,]
11-08 05:03:00.406 1517 9837 I am_proc_bound: [0,13363,com.android.gallery3d]
11-08 05:03:00.683 0 0 I auditd : type=1400 audit(0.0:10928): avc: denied { kill } for comm="swapper/0" capability=5 scontext=u:r:kernel:s0 tcontext=u:r:kernel:s0 tclass=capability permissive=0
11-08 05:03:00.789 1517 1689 I input_interaction: Interaction with: cbeae27 com.android.launcher3/com.android.launcher3.uioverrides.QuickstepLauncher (server), c84215e com.android.systemui.ImageWallpaper (server), edge-swipe (server), swipe-up (server), PointerEventDispatcher0 (server),
11-08 05:03:00.944 1517 9837 I wm_task_created: [196,-1]
11-08 05:03:00.952 1517 9837 I wm_task_moved: [196,1,6]
11-08 05:03:00.952 1517 9837 I wm_task_to_front: [0,196]
11-08 05:03:00.952 1517 9837 I wm_create_task: [0,196]
11-08 05:03:00.953 1517 9837 I wm_create_activity: [0,74449500,196,com.android.music/.MusicBrowserActivity,android.intent.action.MAIN,NULL,NULL,270532608]
11-08 05:03:00.953 1517 9837 I wm_task_moved: [196,1,6]
11-08 05:03:00.955 1517 9837 I wm_pause_activity: [0,193491456,com.android.launcher3/.uioverrides.QuickstepLauncher,userLeaving=true,pauseBackTasks]
11-08 05:03:00.962 2526 2526 I wm_on_top_resumed_lost_called: [193491456,com.android.launcher3.uioverrides.QuickstepLauncher,topStateChangedWhenResumed]
11-08 05:03:00.963 2526 2526 I wm_on_paused_called: [193491456,com.android.launcher3.uioverrides.QuickstepLauncher,performPause]
11-08 05:03:00.969 1517 5798 I wm_add_to_stopping: [0,193491456,com.android.launcher3/.uioverrides.QuickstepLauncher,makeInvisible]
11-08 05:03:00.970 1517 5798 I wm_restart_activity: [0,74449500,196,com.android.music/.MusicBrowserActivity]
11-08 05:03:00.972 1517 5798 I wm_set_resumed_activity: [0,com.android.music/.MusicBrowserActivity,minimalResumeActivityLocked]
11-08 05:03:00.978 1517 1608 I am_uid_active: 10088
11-08 05:03:00.987 1517 1608 I sysui_multi_action: [757,803,799,window_time_0,802,1]
11-08 05:03:00.998 1517 1689 I input_focus: [Focus leaving cbeae27 com.android.launcher3/com.android.launcher3.uioverrides.QuickstepLauncher (server),reason=NO_WINDOW]
11-08 05:03:01.029 13300 13300 I wm_on_create_called: [74449500,com.android.music.MusicBrowserActivity,performCreate]
11-08 05:03:01.040 13300 13300 I wm_on_start_called: [74449500,com.android.music.MusicBrowserActivity,handleStartActivity]
11-08 05:03:01.040 13300 13300 I wm_on_resume_called: [74449500,com.android.music.MusicBrowserActivity,RESUME_ACTIVITY]
11-08 05:03:01.046 13300 13300 I wm_on_top_resumed_gained_called: [74449500,com.android.music.MusicBrowserActivity,topStateChangedWhenResumed]
11-08 05:03:01.066 1517 6171 I sysui_multi_action: [757,856,758,1,806,com.android.music,857,Channel-music,858,2]
11-08 05:03:01.072 1517 1517 I notification_enqueue: [10088,13300,com.android.music,1,NULL,0,Notification(channel=Channel-music shortcut=null contentView=null vibrate=null sound=null defaults=0x0 flags=0x0 color=0x00000000 category=transport actions=3 vis=PRIVATE),0]
11-08 05:03:01.075 1517 1517 I notification_enqueue: [10088,13300,com.android.music,1,NULL,0,Notification(channel=Channel-music shortcut=null contentView=null vibrate=null sound=null defaults=0x0 flags=0x40 color=0x00000000 category=transport actions=3 vis=PRIVATE),0]
11-08 05:03:01.078 1517 1517 I notification_enqueue: [10088,13300,com.android.music,1,NULL,0,Notification(channel=Channel-music shortcut=null contentView=null vibrate=null sound=null defaults=0x0 flags=0x40 color=0x00000000 category=transport actions=3 vis=PRIVATE),0]
11-08 05:03:01.079 1517 1517 I notification_enqueue: [10088,13300,com.android.music,1,NULL,0,Notification(channel=Channel-music shortcut=null contentView=null vibrate=null sound=null defaults=0x0 flags=0x40 color=0x00000000 category=transport actions=3 vis=PRIVATE),0]
11-08 05:03:01.085 1517 1517 I notification_enqueue: [10088,13300,com.android.music,1,NULL,0,Notification(channel=Channel-music shortcut=null contentView=null vibrate=null sound=null defaults=0x0 flags=0x40 color=0x00000000 category=transport actions=3 vis=PRIVATE),0]
11-08 05:03:01.087 1517 1517 I notification_enqueue: [10088,13300,com.android.music,1,NULL,0,Notification(channel=Channel-music shortcut=null contentView=null vibrate=null sound=null defaults=0x0 flags=0x40 color=0x00000000 category=transport actions=3 vis=PRIVATE),0]
11-08 05:03:01.102 1517 1609 I input_focus: [Focus request 3e552b5 com.android.music/com.android.music.MusicBrowserActivity,reason=UpdateInputWindows]
11-08 05:03:01.136 1517 1517 I sysui_multi_action: [757,128,758,5,759,8,793,66,794,0,795,66,796,1,806,com.android.music,857,Channel-music,858,2,947,0,1500,66,1641,transport,1688,1,1745,1043716538]
11-08 05:03:01.136 1517 1517 I notification_canceled: [0|com.android.music|1|null|10088,8,66,66,0,-1,-1,NULL]
11-08 05:03:01.137 1517 1605 I sysui_multi_action: [319,78,321,76,322,192,325,10388,757,761,758,8,759,1,806,com.android.music,871,com.android.music.MusicBrowserActivity,904,com.android.launcher3,905,0,1320,8,1321,5]
11-08 05:03:01.138 1517 1605 I wm_activity_launch_time: [0,74449500,com.android.music/.MusicBrowserActivity,192]
11-08 05:03:01.150 1517 1689 I input_focus: [Focus entering 3e552b5 com.android.music/com.android.music.MusicBrowserActivity (server),reason=Window became focusable. Previous reason: NOT_VISIBLE]
11-08 05:03:01.326 1517 1607 I commit_sys_config_file: [notification-policy,10378769]
11-08 05:03:01.571 1517 1608 I wm_stop_activity: [0,193491456,com.android.launcher3/.uioverrides.QuickstepLauncher]
11-08 05:03:01.608 2526 2526 I wm_on_stop_called: [193491456,com.android.launcher3.uioverrides.QuickstepLauncher,STOP_ACTIVITY_ITEM]
11-08 05:03:01.683 0 0 I auditd : type=1400 audit(0.0:10929): avc: denied { kill } for comm="swapper/0" capability=5 scontext=u:r:kernel:s0 tcontext=u:r:kernel:s0 tclass=capability permissive=0
11-08 05:03:02.493 1517 1689 I input_interaction: Interaction with: 3e552b5 com.android.music/com.android.music.MusicBrowserActivity (server), edge-swipe (server), swipe-up (server), PointerEventDispatcher0 (server),
11-08 05:03:02.518 1517 6171 I wm_task_moved: [92,0,0]
11-08 05:03:02.519 1517 6171 I wm_task_moved: [92,0,5]
11-08 05:03:02.532 2526 2526 I wm_on_restart_called: [193491456,com.android.launcher3.uioverrides.QuickstepLauncher,performRestartActivity]
11-08 05:03:02.567 2526 2526 I wm_on_start_called: [193491456,com.android.launcher3.uioverrides.QuickstepLauncher,handleStartActivity]
11-08 05:03:02.585 1517 1605 I sysui_multi_action: [319,14,322,63,325,10389,757,761,758,9,759,5,806,com.android.launcher3,871,com.android.launcher3.uioverrides.QuickstepLauncher,904,com.android.launcher3,905,0,1320,8,1321,5]
11-08 05:03:02.605 13300 13300 I view_enqueue_input_event: [Motion - Cancel,com.android.music/com.android.music.MusicBrowserActivity]
11-08 05:03:02.606 2526 2526 I sysui_latency: [1,83]
11-08 05:03:02.611 1517 1609 I input_focus: [Focus request recents_animation_input_consumer,reason=UpdateInputWindows]
11-08 05:03:02.623 1517 1689 I input_interaction: Interaction with: edge-swipe (server), swipe-up (server), PointerEventDispatcher0 (server),
11-08 05:03:02.634 1517 1689 I input_focus: [Focus leaving 3e552b5 com.android.music/com.android.music.MusicBrowserActivity (server),reason=NOT_FOCUSABLE]
11-08 05:03:02.634 1517 1689 I input_focus: [Focus entering recents_animation_input_consumer (server),reason=setFocusedWindow]
11-08 05:03:02.683 0 0 I auditd : type=1400 audit(0.0:10930): avc: denied { kill } for comm="swapper/0" capability=5 scontext=u:r:kernel:s0 tcontext=u:r:kernel:s0 tclass=capability permissive=0
11-08 05:03:02.773 1517 1677 I commit_sys_config_file: [settings-1-0,7]
11-08 05:03:02.882 1517 1614 I sysui_latency: [8,84]
11-08 05:03:03.564 1517 1677 I commit_sys_config_file: [settings-1-0,4]
11-08 05:03:03.683 0 0 I auditd : type=1400 audit(0.0:10931): avc: denied { kill } for comm="swapper/0" capability=5 scontext=u:r:kernel:s0 tcontext=u:r:kernel:s0 tclass=capability permissive=0
11-08 05:03:03.992 1517 1689 I input_interaction: Interaction with: cbeae27 com.android.launcher3/com.android.launcher3.uioverrides.QuickstepLauncher (server), edge-swipe (server), swipe-up (server), PointerEventDispatcher0 (server),
11-08 05:03:04.406 1517 1554 I wm_task_moved: [92,1,6]
11-08 05:03:04.408 1517 1554 I wm_focused_root_task: [0,0,92,196,RecentsAnimation.onAnimationFinished()]
11-08 05:03:04.408 13300 13300 I wm_on_top_resumed_lost_called: [74449500,com.android.music.MusicBrowserActivity,topStateChangedWhenResumed]
11-08 05:03:04.409 1517 1554 I wm_pause_activity: [0,74449500,com.android.music/.MusicBrowserActivity,userLeaving=false,pauseBackTasks]
11-08 05:03:04.411 1517 1554 I wm_set_resumed_activity: [0,com.android.launcher3/.uioverrides.QuickstepLauncher,resumeTopActivityInnerLocked]
11-08 05:03:04.412 1517 1554 I wm_resume_activity: [0,193491456,93,com.android.launcher3/.uioverrides.QuickstepLauncher]
11-08 05:03:04.413 1517 1554 I wm_add_to_stopping: [0,74449500,com.android.music/.MusicBrowserActivity,makeInvisible]
11-08 05:03:04.421 1517 1609 I input_focus: [Focus request cbeae27 com.android.launcher3/com.android.launcher3.uioverrides.QuickstepLauncher,reason=UpdateInputWindows]
11-08 05:03:04.422 1517 1608 I sysui_multi_action: [757,803,799,window_time_0,802,3]
11-08 05:03:04.422 1517 1689 I input_focus: [Focus leaving recents_animation_input_consumer (server),reason=NOT_VISIBLE]
11-08 05:03:04.423 13300 13300 I wm_on_paused_called: [74449500,com.android.music.MusicBrowserActivity,performPause]
11-08 05:03:04.426 1517 1608 I wm_stop_activity: [0,74449500,com.android.music/.MusicBrowserActivity]
11-08 05:03:04.428 1517 1608 I sysui_multi_action: [757,803,799,window_time_0,802,0]
11-08 05:03:04.437 2526 2526 I wm_on_resume_called: [193491456,com.android.launcher3.uioverrides.QuickstepLauncher,RESUME_ACTIVITY]
11-08 05:03:04.441 2526 2526 I wm_on_top_resumed_gained_called: [193491456,com.android.launcher3.uioverrides.QuickstepLauncher,topStateChangedWhenResumed]
11-08 05:03:04.446 1517 1689 I input_focus: [Focus entering cbeae27 com.android.launcher3/com.android.launcher3.uioverrides.QuickstepLauncher (server),reason=setFocusedWindow]
11-08 05:03:04.457 13300 13300 I wm_on_stop_called: [74449500,com.android.music.MusicBrowserActivity,STOP_ACTIVITY_ITEM]
11-08 05:03:04.538 1517 1554 I wm_finish_activity: [0,74449500,196,com.android.music/.MusicBrowserActivity,recent-task-trimmed]
11-08 05:03:04.540 1517 1554 I wm_destroy_activity: [0,74449500,196,com.android.music/.MusicBrowserActivity,finish-imm:finishIfPossible]
11-08 05:03:04.548 1517 1608 I sysui_multi_action: [757,803,799,window_time_0,802,0]
11-08 05:03:04.552 13300 13300 I wm_on_destroy_called: [74449500,com.android.music.MusicBrowserActivity,performDestroy]
11-08 05:03:04.560 1517 1554 I wm_task_removed: [196,removeChild:removeChild last r=ActivityRecord{470025c u0 com.android.music/.MusicBrowserActivity t-1 f}} in t=Task{aced1ea #196 type=standard A=10088:android.task.music U=0 visible=false mode=fullscreen translucent=true sz=0}]
11-08 05:03:04.560 1517 1554 I wm_task_removed: [196,removeChild]
11-08 05:03:04.580 1517 1517 I notification_cancel_all: [1000,1517,com.android.music,0,0,0,20,NULL]
11-08 05:03:04.580 1517 5798 I sysui_multi_action: [757,856,758,2,806,com.android.music,857,Channel-music,858,2]
11-08 05:03:04.837 1517 1607 I commit_sys_config_file: [notification-policy,10382280]
11-08 05:03:05.259 1517 1689 I input_interaction: Interaction with: cbeae27 com.android.launcher3/com.android.launcher3.uioverrides.QuickstepLauncher (server), c84215e com.android.systemui.ImageWallpaper (server), edge-swipe (server), swipe-up (server), PointerEventDispatcher0 (server),
11-08 05:03:05.366 1517 5798 I wm_task_created: [197,-1]
11-08 05:03:05.370 1517 5798 I wm_task_moved: [197,1,6]
11-08 05:03:05.370 1517 5798 I wm_task_to_front: [0,197]
11-08 05:03:05.370 1517 5798 I wm_create_task: [0,197]
11-08 05:03:05.370 1517 5798 I wm_create_activity: [0,151578165,197,com.android.music/.VideoBrowserActivity,android.intent.action.MAIN,NULL,NULL,270532608]
11-08 05:03:05.370 1517 5798 I wm_task_moved: [197,1,6]
11-08 05:03:05.372 1517 5798 I wm_pause_activity: [0,193491456,com.android.launcher3/.uioverrides.QuickstepLauncher,userLeaving=true,pauseBackTasks]
11-08 05:03:05.378 2526 2526 I wm_on_top_resumed_lost_called: [193491456,com.android.launcher3.uioverrides.QuickstepLauncher,topStateChangedWhenResumed]
11-08 05:03:05.385 2526 2526 I wm_on_paused_called: [193491456,com.android.launcher3.uioverrides.QuickstepLauncher,performPause]
11-08 05:03:05.387 1517 5798 I wm_add_to_stopping: [0,193491456,com.android.launcher3/.uioverrides.QuickstepLauncher,makeInvisible]
11-08 05:03:05.388 1517 5798 I wm_restart_activity: [0,151578165,197,com.android.music/.VideoBrowserActivity]
11-08 05:03:05.390 1517 5798 I wm_set_resumed_activity: [0,com.android.music/.VideoBrowserActivity,minimalResumeActivityLocked]
11-08 05:03:05.403 1517 1608 I sysui_multi_action: [757,803,799,window_time_0,802,1]
11-08 05:03:05.408 1517 1689 I input_focus: [Focus leaving cbeae27 com.android.launcher3/com.android.launcher3.uioverrides.QuickstepLauncher (server),reason=NO_WINDOW]
11-08 05:03:05.418 13300 13300 I wm_on_create_called: [151578165,com.android.music.VideoBrowserActivity,performCreate]
11-08 05:03:05.419 13300 13300 I wm_on_start_called: [151578165,com.android.music.VideoBrowserActivity,handleStartActivity]
11-08 05:03:05.419 13300 13300 I wm_on_resume_called: [151578165,com.android.music.VideoBrowserActivity,RESUME_ACTIVITY]
11-08 05:03:05.421 13300 13300 I wm_on_top_resumed_gained_called: [151578165,com.android.music.VideoBrowserActivity,topStateChangedWhenResumed]
11-08 05:03:05.428 1517 1609 I input_focus: [Focus request 50d7922 com.android.music/com.android.music.VideoBrowserActivity,reason=UpdateInputWindows]
11-08 05:03:05.440 1517 1605 I sysui_multi_action: [319,74,321,71,322,77,325,10392,757,761,758,8,759,1,806,com.android.music,871,com.android.music.VideoBrowserActivity,904,com.android.launcher3,905,0,1320,8,1321,5]
11-08 05:03:05.441 1517 1605 I wm_activity_launch_time: [0,151578165,com.android.music/.VideoBrowserActivity,77]
11-08 05:03:05.463 1517 1689 I input_focus: [Focus entering 50d7922 com.android.music/com.android.music.VideoBrowserActivity (server),reason=Window became focusable. Previous reason: NOT_VISIBLE]
11-08 05:03:05.979 1517 1608 I wm_stop_activity: [0,193491456,com.android.launcher3/.uioverrides.QuickstepLauncher]
11-08 05:03:06.028 2526 2526 I wm_on_stop_called: [193491456,com.android.launcher3.uioverrides.QuickstepLauncher,STOP_ACTIVITY_ITEM]
11-08 05:03:06.683 0 0 I auditd : type=1400 audit(0.0:10932): avc: denied { kill } for comm="swapper/0" capability=5 scontext=u:r:kernel:s0 tcontext=u:r:kernel:s0 tclass=capability permissive=0
11-08 05:03:07.551 1517 1689 I input_interaction: Interaction with: f80a206 StatusBar (server), edge-swipe (server), swipe-up (server), PointerEventDispatcher0 (server),
11-08 05:03:07.561 1969 1969 I sysui_multi_action: [757,803,799,panel_open,802,1]
11-08 05:03:07.564 1969 1969 I sysui_multi_action: [757,1328,758,4,1326,64,1327,2,1329,0]
11-08 05:03:07.661 1517 6171 I sysui_multi_action: [757,127,758,1]
11-08 05:03:07.661 1517 6171 I sysui_multi_action: [757,804,799,note_load,801,2,802,1]
11-08 05:03:07.661 1517 6171 I notification_panel_revealed: 2
11-08 05:03:07.667 1969 1969 I sysui_multi_action: [757,111,758,2]
11-08 05:03:07.667 1517 1517 I notification_enqueue: [10082,1969,com.android.systemui,2048,NULL,0,Notification(channel=updateNotification shortcut=null contentView=null vibrate=null sound=null defaults=0x0 flags=0x0 color=0x00000000 vis=PRIVATE),1]
11-08 05:03:07.668 1969 1969 I sysui_multi_action: [757,111,758,2]
11-08 05:03:07.683 0 0 I auditd : type=1400 audit(0.0:10933): avc: denied { kill } for comm="swapper/0" capability=5 scontext=u:r:kernel:s0 tcontext=u:r:kernel:s0 tclass=capability permissive=0
11-08 05:03:07.693 1517 1609 I input_focus: [Focus request 1f46765 NotificationShade,reason=UpdateInputWindows]
11-08 05:03:07.696 1969 1969 I sysui_multi_action: [757,111,758,1]
11-08 05:03:07.696 1969 1969 I sysui_multi_action: [757,126,758,1,759,126,927,0,928,1,1593,0]
11-08 05:03:07.696 1969 1969 I sysui_multi_action: [757,113,758,1,759,113,927,1,928,0,1593,0]
11-08 05:03:07.696 1969 1969 I sysui_multi_action: [757,0,758,1,759,0,927,2,928,0,1593,0]
11-08 05:03:07.696 1969 1969 I sysui_multi_action: [757,0,758,1,759,0,927,3,928,0,1593,0]
11-08 05:03:07.697 1969 1969 I sysui_multi_action: [757,0,758,1,759,0,927,4,1593,0]
11-08 05:03:07.697 1969 1969 I sysui_multi_action: [757,491,758,1,759,491,927,5,928,0,1311,-1,1593,0]
11-08 05:03:07.697 1969 1969 I sysui_multi_action: [757,122,758,1,759,122,927,6,928,1,1593,0]
11-08 05:03:07.697 1969 1969 I sysui_multi_action: [757,0,758,1,759,0,927,7,928,0,1593,0]
11-08 05:03:07.697 1969 1969 I sysui_multi_action: [757,111,758,1]
11-08 05:03:07.697 1969 1969 I sysui_multi_action: [757,126,758,1,759,126,927,0,928,1,1593,0]
11-08 05:03:07.697 1969 1969 I sysui_multi_action: [757,113,758,1,759,113,927,1,928,0,1593,0]
11-08 05:03:07.697 1969 1969 I sysui_multi_action: [757,0,758,1,759,0,927,2,928,0,1593,0]
11-08 05:03:07.697 1969 1969 I sysui_multi_action: [757,0,758,1,759,0,927,3,928,0,1593,0]
11-08 05:03:07.719 1517 1689 I input_focus: [Focus leaving 50d7922 com.android.music/com.android.music.VideoBrowserActivity (server),reason=Waiting for window because NOT_VISIBLE]
11-08 05:03:07.723 1969 1969 I sysui_multi_action: [757,111,758,2]
11-08 05:03:07.723 1517 1517 I notification_enqueue: [10082,1969,com.android.systemui,2048,NULL,0,Notification(channel=updateNotification shortcut=null contentView=null vibrate=null sound=null defaults=0x0 flags=0x0 color=0x00000000 vis=PRIVATE),1]
11-08 05:03:07.723 1969 1969 I sysui_multi_action: [757,111,758,2]
11-08 05:03:07.732 1517 1689 I input_focus: [Focus entering 1f46765 NotificationShade (server),reason=Window became focusable. Previous reason: NOT_VISIBLE]
11-08 05:03:07.734 1969 1969 I sysui_multi_action: [757,111,758,1]
11-08 05:03:07.734 1969 1969 I sysui_multi_action: [757,126,758,1,759,126,927,0,928,1,1593,0]
11-08 05:03:07.734 1969 1969 I sysui_multi_action: [757,113,758,1,759,113,927,1,928,0,1593,0]
11-08 05:03:07.734 1969 1969 I sysui_multi_action: [757,0,758,1,759,0,927,2,928,0,1593,0]
11-08 05:03:07.734 1969 1969 I sysui_multi_action: [757,0,758,1,759,0,927,3,928,0,1593,0]
11-08 05:03:07.734 1969 1969 I sysui_multi_action: [757,0,758,1,759,0,927,4,1593,0]
11-08 05:03:07.735 1969 1969 I sysui_multi_action: [757,491,758,1,759,491,927,5,928,0,1311,-1,1593,0]
11-08 05:03:07.735 1969 1969 I sysui_multi_action: [757,122,758,1,759,122,927,6,928,1,1593,0]
11-08 05:03:07.735 1969 1969 I sysui_multi_action: [757,0,758,1,759,0,927,7,928,0,1593,0]
11-08 05:03:07.735 1969 1969 I sysui_multi_action: [757,111,758,1]
11-08 05:03:07.735 1969 1969 I sysui_multi_action: [757,126,758,1,759,126,927,0,928,1,1593,0]
11-08 05:03:07.735 1969 1969 I sysui_multi_action: [757,113,758,1,759,113,927,1,928,0,1593,0]
11-08 05:03:07.735 1969 1969 I sysui_multi_action: [757,0,758,1,759,0,927,2,928,0,1593,0]
11-08 05:03:07.735 1969 1969 I sysui_multi_action: [757,0,758,1,759,0,927,3,928,0,1593,0]
11-08 05:03:07.757 1969 1969 I sysui_multi_action: [757,111,758,2]
11-08 05:03:07.757 1517 1517 I notification_enqueue: [10082,1969,com.android.systemui,2048,NULL,0,Notification(channel=updateNotification shortcut=null contentView=null vibrate=null sound=null defaults=0x0 flags=0x0 color=0x00000000 vis=PRIVATE),1]
11-08 05:03:07.757 1969 1969 I sysui_multi_action: [757,111,758,2]
11-08 05:03:07.773 1969 1969 I sysui_multi_action: [757,111,758,1]
11-08 05:03:07.773 1969 1969 I sysui_multi_action: [757,126,758,1,759,126,927,0,928,1,1593,0]
11-08 05:03:07.773 1969 1969 I sysui_multi_action: [757,113,758,1,759,113,927,1,928,0,1593,0]
11-08 05:03:07.773 1969 1969 I sysui_multi_action: [757,0,758,1,759,0,927,2,928,0,1593,0]
11-08 05:03:07.773 1969 1969 I sysui_multi_action: [757,0,758,1,759,0,927,3,928,0,1593,0]
11-08 05:03:07.773 1969 1969 I sysui_multi_action: [757,0,758,1,759,0,927,4,1593,0]
11-08 05:03:07.773 1969 1969 I sysui_multi_action: [757,491,758,1,759,491,927,5,928,0,1311,-1,1593,0]
11-08 05:03:07.773 1969 1969 I sysui_multi_action: [757,122,758,1,759,122,927,6,928,1,1593,0]
11-08 05:03:07.773 1969 1969 I sysui_multi_action: [757,0,758,1,759,0,927,7,928,0,1593,0]
11-08 05:03:07.773 1969 1969 I sysui_multi_action: [757,111,758,1]
11-08 05:03:07.773 1969 1969 I sysui_multi_action: [757,126,758,1,759,126,927,0,928,1,1593,0]
11-08 05:03:07.773 1969 1969 I sysui_multi_action: [757,113,758,1,759,113,927,1,928,0,1593,0]
11-08 05:03:07.773 1969 1969 I sysui_multi_action: [757,0,758,1,759,0,927,2,928,0,1593,0]
11-08 05:03:07.773 1969 1969 I sysui_multi_action: [757,0,758,1,759,0,927,3,928,0,1593,0]
11-08 05:03:07.789 1517 1517 I notification_enqueue: [10082,1969,com.android.systemui,2048,NULL,0,Notification(channel=updateNotification shortcut=null contentView=null vibrate=null sound=null defaults=0x0 flags=0x0 color=0x00000000 vis=PRIVATE),1]
11-08 05:03:07.791 1969 1969 I sysui_multi_action: [757,111,758,2]
11-08 05:03:07.791 1969 1969 I sysui_multi_action: [757,111,758,2]
11-08 05:03:07.798 1969 1969 I sysui_multi_action: [757,111,758,1]
11-08 05:03:07.799 1969 1969 I sysui_multi_action: [757,126,758,1,759,126,927,0,928,1,1593,0]
11-08 05:03:07.799 1969 1969 I sysui_multi_action: [757,113,758,1,759,113,927,1,928,0,1593,0]
11-08 05:03:07.799 1969 1969 I sysui_multi_action: [757,0,758,1,759,0,927,2,928,0,1593,0]
11-08 05:03:07.799 1969 1969 I sysui_multi_action: [757,0,758,1,759,0,927,3,928,0,1593,0]
11-08 05:03:07.799 1969 1969 I sysui_multi_action: [757,0,758,1,759,0,927,4,1593,0]
11-08 05:03:07.799 1969 1969 I sysui_multi_action: [757,491,758,1,759,491,927,5,928,0,1311,-1,1593,0]
11-08 05:03:07.799 1969 1969 I sysui_multi_action: [757,122,758,1,759,122,927,6,928,1,1593,0]
11-08 05:03:07.799 1969 1969 I sysui_multi_action: [757,0,758,1,759,0,927,7,928,0,1593,0]
11-08 05:03:07.799 1969 1969 I sysui_multi_action: [757,111,758,1]
11-08 05:03:07.799 1969 1969 I sysui_multi_action: [757,126,758,1,759,126,927,0,928,1,1593,0]
11-08 05:03:07.799 1969 1969 I sysui_multi_action: [757,113,758,1,759,113,927,1,928,0,1593,0]
11-08 05:03:07.799 1969 1969 I sysui_multi_action: [757,0,758,1,759,0,927,2,928,0,1593,0]
11-08 05:03:07.799 1969 1969 I sysui_multi_action: [757,0,758,1,759,0,927,3,928,0,1593,0]
11-08 05:03:07.812 1969 1969 I sysui_multi_action: [757,111,758,2]
11-08 05:03:07.812 1969 1969 I sysui_multi_action: [757,111,758,2]
11-08 05:03:07.812 1517 1517 I notification_enqueue: [10082,1969,com.android.systemui,2048,NULL,0,Notification(channel=updateNotification shortcut=null contentView=null vibrate=null sound=null defaults=0x0 flags=0x0 color=0x00000000 vis=PRIVATE),1]
11-08 05:03:07.819 1969 1969 I sysui_multi_action: [757,111,758,1]
11-08 05:03:07.819 1969 1969 I sysui_multi_action: [757,126,758,1,759,126,927,0,928,1,1593,0]
11-08 05:03:07.819 1969 1969 I sysui_multi_action: [757,113,758,1,759,113,927,1,928,0,1593,0]
