11-08 05:02:05.466 1517 1605 I sysui_multi_action: [319,82,321,80,322,166,325,10332,757,761,758,8,759,1,806,com.android.gallery3d,871,com.android.gallery3d.app.GalleryActivity,904,com.android.launcher3,905,0,1320,21,1321,5]
11-08 05:02:05.467 1517 1605 I wm_activity_launch_time: [0,226798953,com.android.gallery3d/.app.GalleryActivity,166]
11-08 05:02:05.615 1517 1517 I sysui_multi_action: [757,1501,758,1,793,10311755,794,0,795,207,796,2048,806,com.android.systemui,857,updateNotification,858,3,947,0,1500,0,1688,1]
11-08 05:02:05.615 1517 1517 I sysui_multi_action: [757,804,799,note_interruptive,801,0,802,1]
11-08 05:02:05.615 1517 1517 I sysui_multi_action: [757,199,758,1,759,2,793,10311756,794,0,795,208,796,2048,806,com.android.systemui,857,updateNotification,858,3,947,0,1500,1,1688,1]
11-08 05:02:05.616 1517 1517 I notification_alert: [0|com.android.systemui|2048|null|10082,0,1,0]
11-08 05:02:05.683 0 0 I auditd : type=1400 audit(0.0:10890): avc: denied { kill } for comm="swapper/1" capability=5 scontext=u:r:kernel:s0 tcontext=u:r:kernel:s0 tclass=capability permissive=0
11-08 05:02:05.931 1517 1608 I wm_stop_activity: [0,193491456,com.android.launcher3/.uioverrides.QuickstepLauncher]
11-08 05:02:05.980 2526 2526 I wm_on_stop_called: [193491456,com.android.launcher3.uioverrides.QuickstepLauncher,STOP_ACTIVITY_ITEM]
11-08 05:02:06.397 1517 1689 I input_interaction: Interaction with: 1c88c38 com.android.gallery3d/com.android.gallery3d.app.GalleryActivity (server), edge-swipe (server), swipe-up (server), PointerEventDispatcher0 (server),
11-08 05:02:06.420 1517 2084 I wm_task_moved: [92,0,0]
11-08 05:02:06.420 1517 2084 I wm_task_moved: [92,0,5]
11-08 05:02:06.430 2526 2526 I wm_on_restart_called: [193491456,com.android.launcher3.uioverrides.QuickstepLauncher,performRestartActivity]
11-08 05:02:06.464 2526 2526 I wm_on_start_called: [193491456,com.android.launcher3.uioverrides.QuickstepLauncher,handleStartActivity]
11-08 05:02:06.488 1517 1605 I sysui_multi_action: [319,12,322,59,325,10333,757,761,758,9,759,5,806,com.android.launcher3,871,com.android.launcher3.uioverrides.QuickstepLauncher,904,com.android.launcher3,905,0,1320,8,1321,5]
11-08 05:02:06.491 2526 2526 I sysui_latency: [1,79]
11-08 05:02:06.494 11739 11739 I view_enqueue_input_event: [Motion - Cancel,com.android.gallery3d/com.android.gallery3d.app.GalleryActivity]
11-08 05:02:06.495 1517 1609 I input_focus: [Focus request recents_animation_input_consumer,reason=UpdateInputWindows]
11-08 05:02:06.502 1517 1689 I input_interaction: Interaction with: edge-swipe (server), swipe-up (server), PointerEventDispatcher0 (server),
11-08 05:02:06.516 1517 1689 I input_focus: [Focus leaving 1c88c38 com.android.gallery3d/com.android.gallery3d.app.GalleryActivity (server),reason=NOT_FOCUSABLE]
11-08 05:02:06.516 1517 1689 I input_focus: [Focus entering recents_animation_input_consumer (server),reason=setFocusedWindow]
11-08 05:02:06.675 1517 1677 I commit_sys_config_file: [settings-1-0,12]
11-08 05:02:06.683 0 0 I auditd : type=1400 audit(0.0:10891): avc: denied { kill } for comm="swapper/1" capability=5 scontext=u:r:kernel:s0 tcontext=u:r:kernel:s0 tclass=capability permissive=0
11-08 05:02:06.781 1517 1614 I sysui_latency: [8,77]
11-08 05:02:07.397 1517 1677 I commit_sys_config_file: [settings-1-0,4]
11-08 05:02:07.683 0 0 I auditd : type=1400 audit(0.0:10892): avc: denied { kill } for comm="swapper/1" capability=5 scontext=u:r:kernel:s0 tcontext=u:r:kernel:s0 tclass=capability permissive=0
11-08 05:02:07.825 1517 1689 I input_interaction: Interaction with: cbeae27 com.android.launcher3/com.android.launcher3.uioverrides.QuickstepLauncher (server), edge-swipe (server), swipe-up (server), PointerEventDispatcher0 (server),
11-08 05:02:08.244 1517 2084 I wm_task_moved: [92,1,6]
11-08 05:02:08.248 1517 2084 I wm_focused_root_task: [0,0,92,190,RecentsAnimation.onAnimationFinished()]
11-08 05:02:08.249 11739 11739 I wm_on_top_resumed_lost_called: [226798953,com.android.gallery3d.app.GalleryActivity,topStateChangedWhenResumed]
11-08 05:02:08.250 1517 2084 I wm_pause_activity: [0,226798953,com.android.gallery3d/.app.GalleryActivity,userLeaving=false,pauseBackTasks]
11-08 05:02:08.255 1517 2084 I wm_set_resumed_activity: [0,com.android.launcher3/.uioverrides.QuickstepLauncher,resumeTopActivityInnerLocked]
11-08 05:02:08.256 1517 2084 I wm_resume_activity: [0,193491456,93,com.android.launcher3/.uioverrides.QuickstepLauncher]
11-08 05:02:08.256 1517 2084 I wm_add_to_stopping: [0,226798953,com.android.gallery3d/.app.GalleryActivity,makeInvisible]
11-08 05:02:08.257 2526 2526 I wm_on_resume_called: [193491456,com.android.launcher3.uioverrides.QuickstepLauncher,RESUME_ACTIVITY]
11-08 05:02:08.269 1517 1609 I input_focus: [Focus request cbeae27 com.android.launcher3/com.android.launcher3.uioverrides.QuickstepLauncher,reason=UpdateInputWindows]
11-08 05:02:08.275 1517 1689 I input_focus: [Focus leaving recents_animation_input_consumer (server),reason=NOT_VISIBLE]
11-08 05:02:08.278 11739 11739 I wm_on_paused_called: [226798953,com.android.gallery3d.app.GalleryActivity,performPause]
11-08 05:02:08.281 1517 1608 I sysui_multi_action: [757,803,799,window_time_0,802,3]
11-08 05:02:08.284 1517 1608 I wm_stop_activity: [0,226798953,com.android.gallery3d/.app.GalleryActivity]
11-08 05:02:08.287 2526 2526 I wm_on_top_resumed_gained_called: [193491456,com.android.launcher3.uioverrides.QuickstepLauncher,topStateChangedWhenResumed]
11-08 05:02:08.288 1517 1689 I input_focus: [Focus entering cbeae27 com.android.launcher3/com.android.launcher3.uioverrides.QuickstepLauncher (server),reason=setFocusedWindow]
11-08 05:02:08.295 1517 1608 I sysui_multi_action: [757,803,799,window_time_0,802,0]
11-08 05:02:08.297 11739 11739 I wm_on_stop_called: [226798953,com.android.gallery3d.app.GalleryActivity,STOP_ACTIVITY_ITEM]
11-08 05:02:08.370 1517 9837 I wm_finish_activity: [0,226798953,190,com.android.gallery3d/.app.GalleryActivity,recent-task-trimmed]
11-08 05:02:08.371 1517 9837 I wm_destroy_activity: [0,226798953,190,com.android.gallery3d/.app.GalleryActivity,finish-imm:finishIfPossible]
11-08 05:02:08.372 1517 1608 I am_kill : [0,11739,com.android.gallery3d,900,remove task]
11-08 05:02:08.374 1517 1608 I sysui_multi_action: [757,803,799,window_time_0,802,0]
11-08 05:02:08.433 1517 9075 I am_proc_died: [0,11739,com.android.gallery3d,900,18]
11-08 05:02:08.440 1517 9075 I am_uid_stopped: 10066
11-08 05:02:08.443 1517 9075 I wm_task_removed: [190,removeChild:removeChild last r=ActivityRecord{d84ad69 u0 com.android.gallery3d/.app.GalleryActivity t-1 f}} in t=Task{e2ff5b4 #190 type=standard A=10066:com.android.gallery3d U=0 visible=false mode=fullscreen translucent=true sz=0}]
11-08 05:02:08.443 1517 9075 I wm_task_removed: [190,removeChild]
11-08 05:02:08.448 1517 1608 I am_uid_running: 10066
11-08 05:02:08.458 1517 1616 I am_proc_start: [0,13128,10066,com.android.gallery3d,NULL,]
11-08 05:02:08.484 1517 1553 I am_proc_bound: [0,13128,com.android.gallery3d]
11-08 05:02:08.773 1517 1689 I input_interaction: Interaction with: cbeae27 com.android.launcher3/com.android.launcher3.uioverrides.QuickstepLauncher (server), c84215e com.android.systemui.ImageWallpaper (server), edge-swipe (server), swipe-up (server), PointerEventDispatcher0 (server),
11-08 05:02:08.860 1517 9837 I wm_task_created: [191,-1]
11-08 05:02:08.863 1517 9837 I wm_task_moved: [191,1,6]
11-08 05:02:08.863 1517 9837 I wm_task_to_front: [0,191]
11-08 05:02:08.863 1517 9837 I wm_create_task: [0,191]
11-08 05:02:08.863 1517 9837 I wm_create_activity: [0,150500416,191,com.android.music/.MusicBrowserActivity,android.intent.action.MAIN,NULL,NULL,270532608]
11-08 05:02:08.863 1517 9837 I wm_task_moved: [191,1,6]
11-08 05:02:08.865 1517 9837 I wm_pause_activity: [0,193491456,com.android.launcher3/.uioverrides.QuickstepLauncher,userLeaving=true,pauseBackTasks]
11-08 05:02:08.869 2526 2526 I wm_on_top_resumed_lost_called: [193491456,com.android.launcher3.uioverrides.QuickstepLauncher,topStateChangedWhenResumed]
11-08 05:02:08.872 2526 2526 I wm_on_paused_called: [193491456,com.android.launcher3.uioverrides.QuickstepLauncher,performPause]
11-08 05:02:08.877 1517 9837 I wm_add_to_stopping: [0,193491456,com.android.launcher3/.uioverrides.QuickstepLauncher,makeInvisible]
11-08 05:02:08.878 1517 9837 I wm_restart_activity: [0,150500416,191,com.android.music/.MusicBrowserActivity]
11-08 05:02:08.879 1517 9837 I wm_set_resumed_activity: [0,com.android.music/.MusicBrowserActivity,minimalResumeActivityLocked]
11-08 05:02:08.888 1517 1608 I am_uid_active: 10088
11-08 05:02:08.895 1517 1608 I sysui_multi_action: [757,803,799,window_time_0,802,1]
11-08 05:02:08.905 1517 1689 I input_focus: [Focus leaving cbeae27 com.android.launcher3/com.android.launcher3.uioverrides.QuickstepLauncher (server),reason=NO_WINDOW]
11-08 05:02:08.948 13057 13057 I wm_on_create_called: [150500416,com.android.music.MusicBrowserActivity,performCreate]
11-08 05:02:08.958 13057 13057 I wm_on_start_called: [150500416,com.android.music.MusicBrowserActivity,handleStartActivity]
11-08 05:02:08.959 13057 13057 I wm_on_resume_called: [150500416,com.android.music.MusicBrowserActivity,RESUME_ACTIVITY]
11-08 05:02:08.966 13057 13057 I wm_on_top_resumed_gained_called: [150500416,com.android.music.MusicBrowserActivity,topStateChangedWhenResumed]
11-08 05:02:08.982 1517 9837 I sysui_multi_action: [757,856,758,1,806,com.android.music,857,Channel-music,858,2]
11-08 05:02:08.988 1517 1517 I notification_enqueue: [10088,13057,com.android.music,1,NULL,0,Notification(channel=Channel-music shortcut=null contentView=null vibrate=null sound=null defaults=0x0 flags=0x0 color=0x00000000 category=transport actions=3 vis=PRIVATE),0]
11-08 05:02:08.991 1517 1517 I notification_enqueue: [10088,13057,com.android.music,1,NULL,0,Notification(channel=Channel-music shortcut=null contentView=null vibrate=null sound=null defaults=0x0 flags=0x40 color=0x00000000 category=transport actions=3 vis=PRIVATE),0]
11-08 05:02:08.998 1517 1517 I notification_enqueue: [10088,13057,com.android.music,1,NULL,0,Notification(channel=Channel-music shortcut=null contentView=null vibrate=null sound=null defaults=0x0 flags=0x40 color=0x00000000 category=transport actions=3 vis=PRIVATE),0]
11-08 05:02:08.999 1517 1517 I notification_enqueue: [10088,13057,com.android.music,1,NULL,0,Notification(channel=Channel-music shortcut=null contentView=null vibrate=null sound=null defaults=0x0 flags=0x40 color=0x00000000 category=transport actions=3 vis=PRIVATE),0]
11-08 05:02:09.003 1517 1517 I notification_enqueue: [10088,13057,com.android.music,1,NULL,0,Notification(channel=Channel-music shortcut=null contentView=null vibrate=null sound=null defaults=0x0 flags=0x40 color=0x00000000 category=transport actions=3 vis=PRIVATE),0]
11-08 05:02:09.005 1517 1517 I notification_enqueue: [10088,13057,com.android.music,1,NULL,0,Notification(channel=Channel-music shortcut=null contentView=null vibrate=null sound=null defaults=0x0 flags=0x40 color=0x00000000 category=transport actions=3 vis=PRIVATE),0]
11-08 05:02:09.022 1517 1609 I input_focus: [Focus request 7e779ef com.android.music/com.android.music.MusicBrowserActivity,reason=UpdateInputWindows]
11-08 05:02:09.050 1517 1517 I sysui_multi_action: [757,128,758,5,759,8,793,64,794,0,795,64,796,1,806,com.android.music,857,Channel-music,858,2,947,0,1500,64,1641,transport,1688,1,1745,1043716538]
11-08 05:02:09.051 1517 1517 I notification_canceled: [0|com.android.music|1|null|10088,8,64,64,0,-1,-1,NULL]
11-08 05:02:09.053 1517 1605 I sysui_multi_action: [319,65,321,62,322,192,325,10336,757,761,758,8,759,1,806,com.android.music,871,com.android.music.MusicBrowserActivity,904,com.android.launcher3,905,0,1320,8,1321,5]
11-08 05:02:09.054 1517 1605 I wm_activity_launch_time: [0,150500416,com.android.music/.MusicBrowserActivity,192]
11-08 05:02:09.057 1517 1689 I input_focus: [Focus entering 7e779ef com.android.music/com.android.music.MusicBrowserActivity (server),reason=Window became focusable. Previous reason: NOT_VISIBLE]
11-08 05:02:09.240 1517 1607 I commit_sys_config_file: [notification-policy,10326682]
11-08 05:02:09.471 1517 1608 I wm_stop_activity: [0,193491456,com.android.launcher3/.uioverrides.QuickstepLauncher]
11-08 05:02:09.513 2526 2526 I wm_on_stop_called: [193491456,com.android.launcher3.uioverrides.QuickstepLauncher,STOP_ACTIVITY_ITEM]
11-08 05:02:09.805 1517 1689 I input_interaction: Interaction with: 7e779ef com.android.music/com.android.music.MusicBrowserActivity (server), edge-swipe (server), swipe-up (server), PointerEventDispatcher0 (server),
11-08 05:02:09.830 1517 1553 I wm_task_moved: [92,0,0]
11-08 05:02:09.831 1517 1553 I wm_task_moved: [92,0,5]
11-08 05:02:09.837 2526 2526 I wm_on_restart_called: [193491456,com.android.launcher3.uioverrides.QuickstepLauncher,performRestartActivity]
11-08 05:02:09.861 2526 2526 I wm_on_start_called: [193491456,com.android.launcher3.uioverrides.QuickstepLauncher,handleStartActivity]
11-08 05:02:09.875 13057 13057 I view_enqueue_input_event: [Motion - Cancel,com.android.music/com.android.music.MusicBrowserActivity]
11-08 05:02:09.876 2526 2526 I sysui_latency: [1,66]
11-08 05:02:09.877 1517 1609 I input_focus: [Focus request recents_animation_input_consumer,reason=UpdateInputWindows]
11-08 05:02:09.885 1517 1605 I sysui_multi_action: [319,10,322,48,325,10337,757,761,758,9,759,5,806,com.android.launcher3,871,com.android.launcher3.uioverrides.QuickstepLauncher,904,com.android.launcher3,905,0,1320,8,1321,5]
11-08 05:02:09.887 1517 1689 I input_interaction: Interaction with: edge-swipe (server), swipe-up (server), PointerEventDispatcher0 (server),
11-08 05:02:09.891 1517 1689 I input_focus: [Focus leaving 7e779ef com.android.music/com.android.music.MusicBrowserActivity (server),reason=NOT_FOCUSABLE]
11-08 05:02:09.891 1517 1689 I input_focus: [Focus entering recents_animation_input_consumer (server),reason=setFocusedWindow]
11-08 05:02:10.063 1517 1677 I commit_sys_config_file: [settings-1-0,6]
11-08 05:02:10.180 1517 1614 I sysui_latency: [8,68]
11-08 05:02:10.683 0 0 I auditd : type=1400 audit(0.0:10893): avc: denied { kill } for comm="swapper/2" capability=5 scontext=u:r:kernel:s0 tcontext=u:r:kernel:s0 tclass=capability permissive=0
11-08 05:02:10.771 1517 1677 I commit_sys_config_file: [settings-1-0,4]
11-08 05:02:11.119 1517 1689 I input_interaction: Interaction with: cbeae27 com.android.launcher3/com.android.launcher3.uioverrides.QuickstepLauncher (server), edge-swipe (server), swipe-up (server), PointerEventDispatcher0 (server),
11-08 05:02:11.546 1517 9075 I wm_task_moved: [92,1,6]
11-08 05:02:11.550 1517 9075 I wm_focused_root_task: [0,0,92,191,RecentsAnimation.onAnimationFinished()]
11-08 05:02:11.552 1517 9075 I wm_pause_activity: [0,150500416,com.android.music/.MusicBrowserActivity,userLeaving=false,pauseBackTasks]
11-08 05:02:11.556 1517 9075 I wm_set_resumed_activity: [0,com.android.launcher3/.uioverrides.QuickstepLauncher,resumeTopActivityInnerLocked]
11-08 05:02:11.557 1517 9075 I wm_resume_activity: [0,193491456,93,com.android.launcher3/.uioverrides.QuickstepLauncher]
11-08 05:02:11.557 1517 9075 I wm_add_to_stopping: [0,150500416,com.android.music/.MusicBrowserActivity,makeInvisible]
11-08 05:02:11.562 13057 13057 I wm_on_top_resumed_lost_called: [150500416,com.android.music.MusicBrowserActivity,topStateChangedWhenResumed]
11-08 05:02:11.566 1517 1609 I input_focus: [Focus request cbeae27 com.android.launcher3/com.android.launcher3.uioverrides.QuickstepLauncher,reason=UpdateInputWindows]
11-08 05:02:11.568 2526 2526 I wm_on_resume_called: [193491456,com.android.launcher3.uioverrides.QuickstepLauncher,RESUME_ACTIVITY]
11-08 05:02:11.570 13057 13057 I wm_on_paused_called: [150500416,com.android.music.MusicBrowserActivity,performPause]
11-08 05:02:11.574 1517 1608 I sysui_multi_action: [757,803,799,window_time_0,802,3]
11-08 05:02:11.579 1517 1608 I wm_stop_activity: [0,150500416,com.android.music/.MusicBrowserActivity]
11-08 05:02:11.579 1517 1689 I input_focus: [Focus leaving recents_animation_input_consumer (server),reason=NOT_VISIBLE]
11-08 05:02:11.580 1517 1689 I input_focus: [Focus entering cbeae27 com.android.launcher3/com.android.launcher3.uioverrides.QuickstepLauncher (server),reason=setFocusedWindow]
11-08 05:02:11.580 1517 1608 I sysui_multi_action: [757,803,799,window_time_0,802,0]
11-08 05:02:11.581 1517 1689 I input_interaction: Interaction with: cbeae27 com.android.launcher3/com.android.launcher3.uioverrides.QuickstepLauncher (server), c84215e com.android.systemui.ImageWallpaper (server), edge-swipe (server), swipe-up (server), PointerEventDispatcher0 (server),
11-08 05:02:11.586 2526 2526 I wm_on_top_resumed_gained_called: [193491456,com.android.launcher3.uioverrides.QuickstepLauncher,topStateChangedWhenResumed]
11-08 05:02:11.595 13057 13057 I wm_on_stop_called: [150500416,com.android.music.MusicBrowserActivity,STOP_ACTIVITY_ITEM]
11-08 05:02:11.669 1517 9075 I wm_finish_activity: [0,150500416,191,com.android.music/.MusicBrowserActivity,recent-task-trimmed]
11-08 05:02:11.669 1517 9075 I wm_destroy_activity: [0,150500416,191,com.android.music/.MusicBrowserActivity,finish-imm:finishIfPossible]
11-08 05:02:11.670 1517 1608 I sysui_multi_action: [757,803,799,window_time_0,802,0]
11-08 05:02:11.678 13057 13057 I wm_on_destroy_called: [150500416,com.android.music.MusicBrowserActivity,performDestroy]
11-08 05:02:11.687 1517 3050 I wm_task_removed: [191,removeChild:removeChild last r=ActivityRecord{8f87440 u0 com.android.music/.MusicBrowserActivity t-1 f}} in t=Task{a098d22 #191 type=standard A=10088:android.task.music U=0 visible=false mode=fullscreen translucent=true sz=0}]
11-08 05:02:11.687 1517 3050 I wm_task_removed: [191,removeChild]
11-08 05:02:11.713 1517 1517 I notification_cancel_all: [1000,1517,com.android.music,0,0,0,20,NULL]
11-08 05:02:11.713 1517 9075 I sysui_multi_action: [757,856,758,2,806,com.android.music,857,Channel-music,858,2]
11-08 05:02:11.968 1517 1607 I commit_sys_config_file: [notification-policy,10329411]
11-08 05:02:12.683 0 0 I auditd : type=1400 audit(0.0:10894): avc: denied { kill } for comm="swapper/2" capability=5 scontext=u:r:kernel:s0 tcontext=u:r:kernel:s0 tclass=capability permissive=0
11-08 05:02:13.451 1517 3050 I wm_task_created: [192,-1]
11-08 05:02:13.455 1517 3050 I wm_task_moved: [192,1,6]
11-08 05:02:13.455 1517 3050 I wm_task_to_front: [0,192]
11-08 05:02:13.455 1517 3050 I wm_create_task: [0,192]
11-08 05:02:13.455 1517 3050 I wm_create_activity: [0,191801107,192,com.android.music/.MusicBrowserActivity,android.intent.action.MAIN,NULL,NULL,270532608]
11-08 05:02:13.456 1517 3050 I wm_task_moved: [192,1,6]
11-08 05:02:13.458 1517 3050 I wm_pause_activity: [0,193491456,com.android.launcher3/.uioverrides.QuickstepLauncher,userLeaving=true,pauseBackTasks]
11-08 05:02:13.468 2526 2526 I wm_on_top_resumed_lost_called: [193491456,com.android.launcher3.uioverrides.QuickstepLauncher,topStateChangedWhenResumed]
11-08 05:02:13.470 2526 2526 I wm_on_paused_called: [193491456,com.android.launcher3.uioverrides.QuickstepLauncher,performPause]
11-08 05:02:13.474 1517 9075 I wm_add_to_stopping: [0,193491456,com.android.launcher3/.uioverrides.QuickstepLauncher,makeInvisible]
11-08 05:02:13.479 1517 9075 I wm_restart_activity: [0,191801107,192,com.android.music/.MusicBrowserActivity]
11-08 05:02:13.480 1517 9075 I wm_set_resumed_activity: [0,com.android.music/.MusicBrowserActivity,minimalResumeActivityLocked]
11-08 05:02:13.516 1517 1689 I input_focus: [Focus leaving cbeae27 com.android.launcher3/com.android.launcher3.uioverrides.QuickstepLauncher (server),reason=NO_WINDOW]
11-08 05:02:13.521 1517 1608 I sysui_multi_action: [757,803,799,window_time_0,802,1]
11-08 05:02:13.524 13057 13057 I wm_on_create_called: [191801107,com.android.music.MusicBrowserActivity,performCreate]
11-08 05:02:13.534 13057 13057 I wm_on_start_called: [191801107,com.android.music.MusicBrowserActivity,handleStartActivity]
11-08 05:02:13.534 13057 13057 I wm_on_resume_called: [191801107,com.android.music.MusicBrowserActivity,RESUME_ACTIVITY]
11-08 05:02:13.543 13057 13057 I wm_on_top_resumed_gained_called: [191801107,com.android.music.MusicBrowserActivity,topStateChangedWhenResumed]
11-08 05:02:13.552 1517 3050 I sysui_multi_action: [757,856,758,1,806,com.android.music,857,Channel-music,858,2]
11-08 05:02:13.556 1517 1517 I notification_enqueue: [10088,13057,com.android.music,1,NULL,0,Notification(channel=Channel-music shortcut=null contentView=null vibrate=null sound=null defaults=0x0 flags=0x0 color=0x00000000 category=transport actions=3 vis=PRIVATE),0]
11-08 05:02:13.569 1517 1517 I notification_enqueue: [10088,13057,com.android.music,1,NULL,0,Notification(channel=Channel-music shortcut=null contentView=null vibrate=null sound=null defaults=0x0 flags=0x40 color=0x00000000 category=transport actions=3 vis=PRIVATE),0]
11-08 05:02:13.570 1517 1517 I notification_enqueue: [10088,13057,com.android.music,1,NULL,0,Notification(channel=Channel-music shortcut=null contentView=null vibrate=null sound=null defaults=0x0 flags=0x40 color=0x00000000 category=transport actions=3 vis=PRIVATE),0]
11-08 05:02:13.571 1517 1517 I notification_enqueue: [10088,13057,com.android.music,1,NULL,0,Notification(channel=Channel-music shortcut=null contentView=null vibrate=null sound=null defaults=0x0 flags=0x40 color=0x00000000 category=transport actions=3 vis=PRIVATE),0]
11-08 05:02:13.576 1517 1517 I notification_enqueue: [10088,13057,com.android.music,1,NULL,0,Notification(channel=Channel-music shortcut=null contentView=null vibrate=null sound=null defaults=0x0 flags=0x40 color=0x00000000 category=transport actions=3 vis=PRIVATE),0]
11-08 05:02:13.577 1517 1517 I notification_enqueue: [10088,13057,com.android.music,1,NULL,0,Notification(channel=Channel-music shortcut=null contentView=null vibrate=null sound=null defaults=0x0 flags=0x40 color=0x00000000 category=transport actions=3 vis=PRIVATE),0]
11-08 05:02:13.580 1517 1609 I input_focus: [Focus request d808d47 com.android.music/com.android.music.MusicBrowserActivity,reason=UpdateInputWindows]
11-08 05:02:13.590 1517 1605 I sysui_multi_action: [319,68,321,65,322,143,325,10340,757,761,758,8,759,1,806,com.android.music,871,com.android.music.MusicBrowserActivity,904,com.android.launcher3,905,0,1320,8,1321,5]
11-08 05:02:13.591 1517 1605 I wm_activity_launch_time: [0,191801107,com.android.music/.MusicBrowserActivity,143]
11-08 05:02:13.598 1517 1517 I sysui_multi_action: [757,128,758,5,759,8,793,42,794,0,795,42,796,1,806,com.android.music,857,Channel-music,858,2,947,0,1500,42,1641,transport,1688,1,1745,1043716538]
11-08 05:02:13.598 1517 1517 I notification_canceled: [0|com.android.music|1|null|10088,8,42,42,0,-1,-1,NULL]
11-08 05:02:13.600 1517 1689 I input_focus: [Focus entering d808d47 com.android.music/com.android.music.MusicBrowserActivity (server),reason=setFocusedWindow]
11-08 05:02:13.683 0 0 I auditd : type=1400 audit(0.0:10895): avc: denied { kill } for comm="swapper/2" capability=5 scontext=u:r:kernel:s0 tcontext=u:r:kernel:s0 tclass=capability permissive=0
11-08 05:02:13.808 1517 1607 I commit_sys_config_file: [notification-policy,10331251]
11-08 05:02:14.089 1517 1608 I wm_stop_activity: [0,193491456,com.android.launcher3/.uioverrides.QuickstepLauncher]
11-08 05:02:14.133 2526 2526 I wm_on_stop_called: [193491456,com.android.launcher3.uioverrides.QuickstepLauncher,STOP_ACTIVITY_ITEM]
11-08 05:02:15.481 1517 1689 I input_interaction: Interaction with: d808d47 com.android.music/com.android.music.MusicBrowserActivity (server), edge-swipe (server), swipe-up (server), PointerEventDispatcher0 (server),
11-08 05:02:15.505 1517 6171 I wm_task_moved: [92,0,0]
11-08 05:02:15.505 1517 6171 I wm_task_moved: [92,0,5]
11-08 05:02:15.531 2526 2526 I wm_on_restart_called: [193491456,com.android.launcher3.uioverrides.QuickstepLauncher,performRestartActivity]
11-08 05:02:15.565 2526 2526 I wm_on_start_called: [193491456,com.android.launcher3.uioverrides.QuickstepLauncher,handleStartActivity]
11-08 05:02:15.587 1517 1605 I sysui_multi_action: [319,19,322,76,325,10342,757,761,758,9,759,5,806,com.android.launcher3,871,com.android.launcher3.uioverrides.QuickstepLauncher,904,com.android.launcher3,905,0,1320,8,1321,5]
11-08 05:02:15.676 13057 13057 I view_enqueue_input_event: [Motion - Cancel,com.android.music/com.android.music.MusicBrowserActivity]
11-08 05:02:15.676 2526 2526 I sysui_latency: [1,93]
11-08 05:02:15.682 1517 1609 I input_focus: [Focus request recents_animation_input_consumer,reason=UpdateInputWindows]
11-08 05:02:15.683 0 0 I auditd : type=1400 audit(0.0:10896): avc: denied { kill } for comm="swapper/1" capability=5 scontext=u:r:kernel:s0 tcontext=u:r:kernel:s0 tclass=capability permissive=0
11-08 05:02:15.696 1517 1689 I input_interaction: Interaction with: edge-swipe (server), swipe-up (server), PointerEventDispatcher0 (server),
11-08 05:02:15.706 1517 1689 I input_focus: [Focus leaving d808d47 com.android.music/com.android.music.MusicBrowserActivity (server),reason=NOT_FOCUSABLE]
11-08 05:02:15.706 1517 1689 I input_focus: [Focus entering recents_animation_input_consumer (server),reason=setFocusedWindow]
11-08 05:02:15.772 1517 1677 I commit_sys_config_file: [settings-1-0,8]
11-08 05:02:15.882 1517 1614 I sysui_latency: [8,96]
11-08 05:02:16.610 1517 1677 I commit_sys_config_file: [settings-1-0,3]
11-08 05:02:16.683 0 0 I auditd : type=1400 audit(0.0:10897): avc: denied { kill } for comm="swapper/1" capability=5 scontext=u:r:kernel:s0 tcontext=u:r:kernel:s0 tclass=capability permissive=0
11-08 05:02:17.283 1517 1689 I input_interaction: Interaction with: cbeae27 com.android.launcher3/com.android.launcher3.uioverrides.QuickstepLauncher (server), edge-swipe (server), swipe-up (server), PointerEventDispatcher0 (server),
11-08 05:02:17.683 0 0 I auditd : type=1400 audit(0.0:10898): avc: denied { kill } for comm="swapper/1" capability=5 scontext=u:r:kernel:s0 tcontext=u:r:kernel:s0 tclass=capability permissive=0
11-08 05:02:17.753 1517 5618 I wm_task_moved: [92,1,6]
11-08 05:02:17.756 1517 5618 I wm_task_moved: [93,1,2147483647]
11-08 05:02:17.757 1517 5618 I wm_task_to_front: [0,93]
11-08 05:02:17.757 1517 5618 I wm_focused_root_task: [0,0,92,192,RecentsAnimation.onAnimationFinished()]
11-08 05:02:17.758 1517 5618 I wm_set_resumed_activity: [0,com.android.launcher3/.uioverrides.QuickstepLauncher,RecentsAnimation.onAnimationFinished()]
11-08 05:02:17.760 1517 5618 I wm_pause_activity: [0,191801107,com.android.music/.MusicBrowserActivity,userLeaving=true,pauseBackTasks]
11-08 05:02:17.760 13057 13057 I wm_on_top_resumed_lost_called: [191801107,com.android.music.MusicBrowserActivity,topStateChangedWhenResumed]
11-08 05:02:17.762 1517 5618 I wm_add_to_stopping: [0,191801107,com.android.music/.MusicBrowserActivity,makeInvisible]
11-08 05:02:17.763 1517 5618 I wm_set_resumed_activity: [0,com.android.launcher3/.uioverrides.QuickstepLauncher,resumeTopActivityInnerLocked]
11-08 05:02:17.765 1517 5618 I wm_resume_activity: [0,193491456,93,com.android.launcher3/.uioverrides.QuickstepLauncher]
11-08 05:02:17.773 2526 2526 I wm_on_resume_called: [193491456,com.android.launcher3.uioverrides.QuickstepLauncher,RESUME_ACTIVITY]
11-08 05:02:17.780 1517 1609 I input_focus: [Focus request cbeae27 com.android.launcher3/com.android.launcher3.uioverrides.QuickstepLauncher,reason=UpdateInputWindows]
11-08 05:02:17.784 13057 13057 I wm_on_paused_called: [191801107,com.android.music.MusicBrowserActivity,performPause]
11-08 05:02:17.786 2526 2526 I wm_on_top_resumed_gained_called: [193491456,com.android.launcher3.uioverrides.QuickstepLauncher,topStateChangedWhenResumed]
11-08 05:02:17.790 1517 1608 I wm_stop_activity: [0,191801107,com.android.music/.MusicBrowserActivity]
11-08 05:02:17.793 1517 1608 I sysui_multi_action: [757,803,799,window_time_0,802,5]
11-08 05:02:17.794 1517 1689 I input_focus: [Focus leaving recents_animation_input_consumer (server),reason=NOT_VISIBLE]
11-08 05:02:17.795 1517 1689 I input_focus: [Focus entering cbeae27 com.android.launcher3/com.android.launcher3.uioverrides.QuickstepLauncher (server),reason=setFocusedWindow]
11-08 05:02:17.805 1517 1608 I sysui_multi_action: [757,803,799,window_time_0,802,0]
11-08 05:02:17.811 13057 13057 I wm_on_stop_called: [191801107,com.android.music.MusicBrowserActivity,STOP_ACTIVITY_ITEM]
11-08 05:02:18.841 1517 1689 I input_interaction: Interaction with: cbeae27 com.android.launcher3/com.android.launcher3.uioverrides.QuickstepLauncher (server), c84215e com.android.systemui.ImageWallpaper (server), edge-swipe (server), swipe-up (server), PointerEventDispatcher0 (server),
11-08 05:02:18.932 1517 5618 I wm_task_moved: [192,1,6]
11-08 05:02:18.932 1517 5618 I wm_task_to_front: [0,192]
11-08 05:02:18.933 1517 5618 I wm_focused_root_task: [0,0,192,92,bringingFoundTaskToFront]
11-08 05:02:18.933 1517 5618 I wm_set_resumed_activity: [0,com.android.music/.MusicBrowserActivity,bringingFoundTaskToFront]
11-08 05:02:18.933 1517 5618 I wm_new_intent: [0,191801107,192,com.android.music/.MusicBrowserActivity,android.intent.action.MAIN,NULL,NULL,270532608]
11-08 05:02:18.935 1517 5618 I wm_pause_activity: [0,193491456,com.android.launcher3/.uioverrides.QuickstepLauncher,userLeaving=true,pauseBackTasks]
11-08 05:02:18.939 2526 2526 I wm_on_top_resumed_lost_called: [193491456,com.android.launcher3.uioverrides.QuickstepLauncher,topStateChangedWhenResumed]
11-08 05:02:18.940 2526 2526 I wm_on_paused_called: [193491456,com.android.launcher3.uioverrides.QuickstepLauncher,performPause]
11-08 05:02:18.946 1517 2078 I wm_set_resumed_activity: [0,com.android.music/.MusicBrowserActivity,resumeTopActivityInnerLocked]
11-08 05:02:18.946 1517 2078 I wm_add_to_stopping: [0,193491456,com.android.launcher3/.uioverrides.QuickstepLauncher,makeInvisible]
11-08 05:02:18.947 1517 2078 I wm_resume_activity: [0,191801107,192,com.android.music/.MusicBrowserActivity]
11-08 05:02:18.961 1517 1608 I sysui_multi_action: [757,803,799,window_time_0,802,1]
11-08 05:02:18.963 1517 1689 I input_focus: [Focus leaving cbeae27 com.android.launcher3/com.android.launcher3.uioverrides.QuickstepLauncher (server),reason=NO_WINDOW]
11-08 05:02:18.981 13057 13057 I wm_on_restart_called: [191801107,com.android.music.MusicBrowserActivity,performRestartActivity]
11-08 05:02:18.992 13057 13057 I wm_on_start_called: [191801107,com.android.music.MusicBrowserActivity,handleStartActivity]
11-08 05:02:18.996 13057 13057 I wm_on_resume_called: [191801107,com.android.music.MusicBrowserActivity,RESUME_ACTIVITY]
11-08 05:02:19.000 13057 13057 I wm_on_top_resumed_gained_called: [191801107,com.android.music.MusicBrowserActivity,topWhenResuming]
11-08 05:02:19.010 1517 1609 I input_focus: [Focus request d808d47 com.android.music/com.android.music.MusicBrowserActivity,reason=UpdateInputWindows]
11-08 05:02:19.031 1517 1605 I sysui_multi_action: [319,40,321,37,322,96,325,10346,757,761,758,9,759,4,806,com.android.music,871,com.android.music.MusicBrowserActivity,904,com.android.launcher3,905,0,1320,8,1321,5]
11-08 05:02:19.033 1517 1517 I notification_enqueue: [10088,13057,com.android.music,1,NULL,0,Notification(channel=Channel-music shortcut=null contentView=null vibrate=null sound=null defaults=0x0 flags=0x40 color=0x00000000 category=transport actions=3 vis=PRIVATE),0]
11-08 05:02:19.036 1517 1517 I notification_enqueue: [10088,13057,com.android.music,1,NULL,0,Notification(channel=Channel-music shortcut=null contentView=null vibrate=null sound=null defaults=0x0 flags=0x40 color=0x00000000 category=transport actions=3 vis=PRIVATE),0]
11-08 05:02:19.046 1517 1689 I input_focus: [Focus entering d808d47 com.android.music/com.android.music.MusicBrowserActivity (server),reason=Window became focusable. Previous reason: NOT_VISIBLE]
11-08 05:02:19.235 1517 1517 I sysui_multi_action: [757,1501,758,1,793,203,794,0,795,203,796,1,806,com.android.music,857,Channel-music,858,2,947,0,1500,0,1641,transport,1688,1,1745,1043716538]
11-08 05:02:19.236 1517 1517 I sysui_multi_action: [757,804,799,note_interruptive,801,0,802,1]
11-08 05:02:19.331 1517 1517 I sysui_multi_action: [757,128,758,5,759,8,793,311577,794,0,795,311577,796,1,797,empty_media,806,com.android.systemui,857,empty_media_style_id,858,4,947,0,1500,311372,1641,transport,1688,1,1745,1043716538]
11-08 05:02:19.331 1517 1517 I notification_canceled: [0|com.android.systemui|1|empty_media|10082,8,311577,311577,0,-1,-1,NULL]
11-08 05:02:19.521 1517 1608 I wm_stop_activity: [0,193491456,com.android.launcher3/.uioverrides.QuickstepLauncher]
11-08 05:02:19.556 2526 2526 I wm_on_stop_called: [193491456,com.android.launcher3.uioverrides.QuickstepLauncher,STOP_ACTIVITY_ITEM]
11-08 05:02:21.683 0 0 I auditd : type=1400 audit(0.0:10899): avc: denied { kill } for comm="swapper/1" capability=5 scontext=u:r:kernel:s0 tcontext=u:r:kernel:s0 tclass=capability permissive=0
11-08 05:02:22.604 1517 1689 I input_interaction: Interaction with: d808d47 com.android.music/com.android.music.MusicBrowserActivity (server), edge-swipe (server), swipe-up (server), PointerEventDispatcher0 (server),
11-08 05:02:22.624 1517 2078 I wm_task_moved: [92,0,0]
11-08 05:02:22.625 1517 2078 I wm_task_moved: [92,0,5]
11-08 05:02:22.636 2526 2526 I wm_on_restart_called: [193491456,com.android.launcher3.uioverrides.QuickstepLauncher,performRestartActivity]
11-08 05:02:22.673 2526 2526 I wm_on_start_called: [193491456,com.android.launcher3.uioverrides.QuickstepLauncher,handleStartActivity]
11-08 05:02:22.683 10104 10104 I auditd : type=1400 audit(0.0:10900): avc: denied { kill } for comm="kworker/u17:0" capability=5 scontext=u:r:kernel:s0 tcontext=u:r:kernel:s0 tclass=capability permissive=0
11-08 05:02:22.700 1517 1605 I sysui_multi_action: [319,18,322,68,325,10350,757,761,758,9,759,5,806,com.android.launcher3,871,com.android.launcher3.uioverrides.QuickstepLauncher,904,com.android.launcher3,905,0,1320,8,1321,5]
11-08 05:02:22.727 13057 13057 I view_enqueue_input_event: [Motion - Cancel,com.android.music/com.android.music.MusicBrowserActivity]
11-08 05:02:22.728 2526 2526 I sysui_latency: [1,80]
11-08 05:02:22.734 1517 1609 I input_focus: [Focus request recents_animation_input_consumer,reason=UpdateInputWindows]
11-08 05:02:22.737 1517 1689 I input_interaction: Interaction with: edge-swipe (server), swipe-up (server), PointerEventDispatcher0 (server),
11-08 05:02:22.756 1517 1689 I input_focus: [Focus leaving d808d47 com.android.music/com.android.music.MusicBrowserActivity (server),reason=NOT_FOCUSABLE]
11-08 05:02:22.756 1517 1689 I input_focus: [Focus entering recents_animation_input_consumer (server),reason=setFocusedWindow]
11-08 05:02:22.880 1517 1677 I commit_sys_config_file: [settings-1-0,9]
11-08 05:02:22.993 1517 1614 I sysui_latency: [8,82]
11-08 05:02:23.683 0 0 I auditd : type=1400 audit(0.0:10901): avc: denied { kill } for comm="swapper/1" capability=5 scontext=u:r:kernel:s0 tcontext=u:r:kernel:s0 tclass=capability permissive=0
11-08 05:02:23.825 1517 1677 I commit_sys_config_file: [settings-1-0,7]
11-08 05:02:24.273 1517 1689 I input_interaction: Interaction with: cbeae27 com.android.launcher3/com.android.launcher3.uioverrides.QuickstepLauncher (server), edge-swipe (server), swipe-up (server), PointerEventDispatcher0 (server),
11-08 05:02:24.683 0 0 I auditd : type=1400 audit(0.0:10902): avc: denied { kill } for comm="swapper/1" capability=5 scontext=u:r:kernel:s0 tcontext=u:r:kernel:s0 tclass=capability permissive=0
11-08 05:02:24.718 1517 9837 I wm_task_moved: [92,1,6]
11-08 05:02:24.723 13057 13057 I wm_on_top_resumed_lost_called: [191801107,com.android.music.MusicBrowserActivity,topStateChangedWhenResumed]
11-08 05:02:24.723 1517 9837 I wm_focused_root_task: [0,0,92,192,RecentsAnimation.onAnimationFinished()]
11-08 05:02:24.727 1517 9837 I wm_pause_activity: [0,191801107,com.android.music/.MusicBrowserActivity,userLeaving=false,pauseBackTasks]
11-08 05:02:24.730 1517 9837 I wm_set_resumed_activity: [0,com.android.launcher3/.uioverrides.QuickstepLauncher,resumeTopActivityInnerLocked]
11-08 05:02:24.732 1517 9837 I wm_resume_activity: [0,193491456,93,com.android.launcher3/.uioverrides.QuickstepLauncher]
11-08 05:02:24.734 1517 9837 I wm_add_to_stopping: [0,191801107,com.android.music/.MusicBrowserActivity,makeInvisible]
11-08 05:02:24.744 2526 2526 I wm_on_resume_called: [193491456,com.android.launcher3.uioverrides.QuickstepLauncher,RESUME_ACTIVITY]
11-08 05:02:24.750 1517 1609 I input_focus: [Focus request cbeae27 com.android.launcher3/com.android.launcher3.uioverrides.QuickstepLauncher,reason=UpdateInputWindows]
11-08 05:02:24.752 13057 13057 I wm_on_paused_called: [191801107,com.android.music.MusicBrowserActivity,performPause]
11-08 05:02:24.752 1517 1608 I sysui_multi_action: [757,803,799,window_time_0,802,6]
11-08 05:02:24.756 1517 1608 I wm_stop_activity: [0,191801107,com.android.music/.MusicBrowserActivity]
11-08 05:02:24.760 1517 1608 I sysui_multi_action: [757,803,799,window_time_0,802,0]
11-08 05:02:24.761 2526 2526 I wm_on_top_resumed_gained_called: [193491456,com.android.launcher3.uioverrides.QuickstepLauncher,topStateChangedWhenResumed]
11-08 05:02:24.762 1517 1689 I input_focus: [Focus leaving recents_animation_input_consumer (server),reason=NOT_VISIBLE]
11-08 05:02:24.762 1517 1689 I input_focus: [Focus entering cbeae27 com.android.launcher3/com.android.launcher3.uioverrides.QuickstepLauncher (server),reason=setFocusedWindow]
11-08 05:02:24.784 1517 1614 I am_pss : [13057,10088,com.android.music,26389504,19931136,0,144658432,0,4,8]
11-08 05:02:24.792 1517 1614 I am_pss : [13073,1000,com.android.settings,27213824,25370624,0,113102848,0,19,7]
11-08 05:02:24.794 13057 13057 I wm_on_stop_called: [191801107,com.android.music.MusicBrowserActivity,STOP_ACTIVITY_ITEM]
11-08 05:02:24.852 1517 9837 I wm_finish_activity: [0,191801107,192,com.android.music/.MusicBrowserActivity,recent-task-trimmed]
11-08 05:02:24.853 1517 9837 I wm_destroy_activity: [0,191801107,192,com.android.music/.MusicBrowserActivity,finish-imm:finishIfPossible]
11-08 05:02:24.854 1517 1608 I sysui_multi_action: [757,803,799,window_time_0,802,0]
11-08 05:02:24.859 13057 13057 I wm_on_destroy_called: [191801107,com.android.music.MusicBrowserActivity,performDestroy]
11-08 05:02:24.867 1517 1517 I sysui_multi_action: [757,128,758,5,759,8,793,5834,794,0,795,5834,796,1,806,com.android.music,857,Channel-music,858,2,947,0,1500,5834,1641,transport,1688,1,1745,1043716538]
11-08 05:02:24.868 1517 1517 I notification_canceled: [0|com.android.music|1|null|10088,8,5834,5834,0,-1,-1,NULL]
11-08 05:02:24.868 1517 9837 I wm_task_removed: [192,removeChild:removeChild last r=ActivityRecord{b6ea713 u0 com.android.music/.MusicBrowserActivity t-1 f}} in t=Task{9f74f67 #192 type=standard A=10088:android.task.music U=0 visible=false mode=fullscreen translucent=true sz=0}]
11-08 05:02:24.868 1517 9837 I wm_task_removed: [192,removeChild]
11-08 05:02:24.877 1517 1517 I notification_cancel_all: [1000,1517,com.android.music,0,0,0,20,NULL]
11-08 05:02:24.877 1517 5458 I sysui_multi_action: [757,856,758,2,806,com.android.music,857,Channel-music,858,2]
11-08 05:02:24.898 1517 1517 I notification_enqueue: [10082,1969,com.android.systemui,1,empty_media,0,Notification(channel=empty_media_style_id shortcut=null contentView=null vibrate=null sound=null defaults=0x0 flags=0x20 color=0x00000000 category=transport actions=3 vis=PRIVATE),0]
11-08 05:02:25.100 1517 1517 I sysui_multi_action: [757,1501,758,1,793,203,794,0,795,203,796,1,797,empty_media,806,com.android.systemui,857,empty_media_style_id,858,4,947,0,1500,0,1641,transport,1688,1,1745,1043716538]
11-08 05:02:25.101 1517 1517 I sysui_multi_action: [757,804,799,note_interruptive,801,0,802,1]
11-08 05:02:25.104 1517 1517 I sysui_multi_action: [757,1501,758,1,793,207,794,0,795,207,796,1,797,empty_media,806,com.android.systemui,857,empty_media_style_id,858,4,947,0,1500,0,1641,transport,1688,1,1745,1043716538]
11-08 05:02:25.105 1517 1517 I sysui_multi_action: [757,804,799,note_interruptive,801,0,802,1]
11-08 05:02:25.105 1517 1517 I sysui_multi_action: [757,199,758,1,759,2,793,208,794,0,795,208,796,1,797,empty_media,806,com.android.systemui,857,empty_media_style_id,858,4,947,0,1500,1,1641,transport,1688,1,1745,1043716538]
11-08 05:02:25.105 1517 1517 I notification_alert: [0|com.android.systemui|1|empty_media|10082,0,1,0]
11-08 05:02:25.132 1517 1607 I commit_sys_config_file: [notification-policy,10342575]
11-08 05:02:25.749 1517 1689 I input_interaction: Interaction with: cbeae27 com.android.launcher3/com.android.launcher3.uioverrides.QuickstepLauncher (server), c84215e com.android.systemui.ImageWallpaper (server), edge-swipe (server), swipe-up (server), PointerEventDispatcher0 (server),
11-08 05:02:27.308 1517 2078 I wm_task_created: [193,-1]
11-08 05:02:27.315 1517 2078 I wm_task_moved: [193,1,6]
11-08 05:02:27.315 1517 2078 I wm_task_to_front: [0,193]
11-08 05:02:27.316 1517 2078 I wm_create_task: [0,193]
11-08 05:02:27.316 1517 2078 I wm_create_activity: [0,177000279,193,com.android.settings/.Settings,android.intent.action.MAIN,NULL,NULL,270532608]
11-08 05:02:27.316 1517 2078 I wm_task_moved: [193,1,6]
11-08 05:02:27.319 1517 2078 I wm_pause_activity: [0,193491456,com.android.launcher3/.uioverrides.QuickstepLauncher,userLeaving=true,pauseBackTasks]
11-08 05:02:27.334 2526 2526 I wm_on_top_resumed_lost_called: [193491456,com.android.launcher3.uioverrides.QuickstepLauncher,topStateChangedWhenResumed]
11-08 05:02:27.343 2526 2526 I wm_on_paused_called: [193491456,com.android.launcher3.uioverrides.QuickstepLauncher,performPause]
11-08 05:02:27.345 1517 5458 I wm_add_to_stopping: [0,193491456,com.android.launcher3/.uioverrides.QuickstepLauncher,makeInvisible]
11-08 05:02:27.348 1517 5458 I wm_restart_activity: [0,177000279,193,com.android.settings/.Settings]
11-08 05:02:27.349 1517 5458 I wm_set_resumed_activity: [0,com.android.settings/.Settings,minimalResumeActivityLocked]
11-08 05:02:27.362 1517 1608 I sysui_multi_action: [757,803,799,window_time_0,802,2]
11-08 05:02:27.384 1517 1689 I input_focus: [Focus leaving cbeae27 com.android.launcher3/com.android.launcher3.uioverrides.QuickstepLauncher (server),reason=NO_WINDOW]
11-08 05:02:27.397 13073 13073 I wm_on_create_called: [177000279,com.android.settings.Settings,performCreate]
11-08 05:02:27.425 13073 13073 I wm_on_start_called: [177000279,com.android.settings.Settings,handleStartActivity]
11-08 05:02:27.425 13073 13073 I snet_event_log: [120484087,-1,]
11-08 05:02:27.426 13073 13073 I wm_on_resume_called: [177000279,com.android.settings.Settings,RESUME_ACTIVITY]
11-08 05:02:27.427 13073 13073 I sysui_multi_action: [757,35,758,1,833,0,1089,25]
11-08 05:02:27.432 13073 13073 I sysui_multi_action: [757,1729,758,4,854,isParalleledControllers:false,1089,31]
11-08 05:02:27.439 13073 13073 I wm_on_top_resumed_gained_called: [177000279,com.android.settings.Settings,topStateChangedWhenResumed]
11-08 05:02:27.481 1517 1609 I input_focus: [Focus request cb2100d com.android.settings/com.android.settings.Settings,reason=UpdateInputWindows]
11-08 05:02:27.510 1517 1609 I sysui_multi_action: [324,1,757,1090,758,12,806,com.android.settings,871,com.android.settings.Settings,1091,215]
11-08 05:02:27.515 1517 1605 I sysui_multi_action: [319,102,321,100,322,215,325,10354,757,761,758,8,759,1,806,com.android.settings,871,com.android.settings.Settings,904,com.android.launcher3,905,0,1320,8,1321,5]
11-08 05:02:27.518 1517 1689 I input_focus: [Focus entering cb2100d com.android.settings/com.android.settings.Settings (server),reason=Window became focusable. Previous reason: NOT_VISIBLE]
11-08 05:02:27.519 1517 1605 I wm_activity_launch_time: [0,177000279,com.android.settings/.Settings,215]
11-08 05:02:27.674 13073 13073 W CarrierConfigManager: Error getting config for subId -1 ICarrierConfigLoader is null
11-08 05:02:27.725 13073 13073 I sysui_multi_action: [757,746,758,1,833,0,1089,73]
11-08 05:02:27.726 1517 1553 D TelephonyRegistry: listen oscl: mHasNotifySubscriptionInfoChangedOccurred==false no callback
11-08 05:02:27.729 1517 1553 D TelephonyRegistry: listen oscl: mHasNotifySubscriptionInfoChangedOccurred==false no callback
11-08 05:02:27.735 13073 13073 I sysui_multi_action: [757,1729,758,4,854,isParalleledControllers:false,1089,83]
11-08 05:02:27.943 1517 1608 I wm_stop_activity: [0,193491456,com.android.launcher3/.uioverrides.QuickstepLauncher]
11-08 05:02:27.969 2526 2526 I wm_on_stop_called: [193491456,com.android.launcher3.uioverrides.QuickstepLauncher,STOP_ACTIVITY_ITEM]
11-08 05:02:28.683 0 0 I auditd : type=1400 audit(0.0:10903): avc: denied { kill } for comm="swapper/3" capability=5 scontext=u:r:kernel:s0 tcontext=u:r:kernel:s0 tclass=capability permissive=0
11-08 05:02:28.900 1517 1689 I input_interaction: Interaction with: cb2100d com.android.settings/com.android.settings.Settings (server), PointerEventDispatcher0 (server),
11-08 05:02:29.683 0 0 I auditd : type=1400 audit(0.0:10904): avc: denied { kill } for comm="swapper/3" capability=5 scontext=u:r:kernel:s0 tcontext=u:r:kernel:s0 tclass=capability permissive=0
11-08 05:02:30.683 0 0 I auditd : type=1400 audit(0.0:10905): avc: denied { kill } for comm="swapper/3" capability=5 scontext=u:r:kernel:s0 tcontext=u:r:kernel:s0 tclass=capability permissive=0
11-08 05:02:31.236 1517 1689 I input_interaction: Interaction with: cb2100d com.android.settings/com.android.settings.Settings (server), edge-swipe (server), swipe-up (server), PointerEventDispatcher0 (server),
11-08 05:02:31.384 13073 13073 I sysui_multi_action: [757,830,758,4,833,0,854,tether_settings,1089,0]
11-08 05:02:31.394 13073 13073 I sysui_multi_action: [757,746,758,2,1089,3668]
11-08 05:02:31.439 13073 13073 I sysui_multi_action: [757,90,758,1,833,0,1089,36]
11-08 05:02:32.683 0 0 I auditd : type=1400 audit(0.0:10906): avc: denied { kill } for comm="swapper/2" capability=5 scontext=u:r:kernel:s0 tcontext=u:r:kernel:s0 tclass=capability permissive=0
11-08 05:02:33.683 0 0 I auditd : type=1400 audit(0.0:10907): avc: denied { kill } for comm="swapper/2" capability=5 scontext=u:r:kernel:s0 tcontext=u:r:kernel:s0 tclass=capability permissive=0
11-08 05:02:34.683 0 0 I auditd : type=1400 audit(0.0:10908): avc: denied { kill } for comm="swapper/2" capability=5 scontext=u:r:kernel:s0 tcontext=u:r:kernel:s0 tclass=capability permissive=0
11-08 05:02:35.564 1517 1517 I service_manager_stats: [100,89,40327]
11-08 05:02:35.573 13073 13073 I sysui_multi_action: [757,830,758,4,833,0,854,top_level_game,1089,0]
11-08 05:02:35.677 13073 13073 I sysui_multi_action: [757,90,758,2,1089,4237]
11-08 05:02:35.718 13073 13073 I sysui_multi_action: [757,3000,758,1,833,0,1089,29]
11-08 05:02:35.719 13073 13073 I sysui_multi_action: [757,1729,758,4,854,isParalleledControllers:false,1089,30]
11-08 05:02:36.520 13073 13073 I sysui_multi_action: [757,830,758,4,833,0,854,top_level_system,1089,0]
11-08 05:02:36.624 13073 13073 I sysui_multi_action: [757,3000,758,2,1089,905]
11-08 05:02:36.662 13073 13073 I sysui_multi_action: [757,744,758,1,833,0,1089,33]
11-08 05:02:36.668 13073 13073 I sysui_multi_action: [757,1729,758,4,854,isParalleledControllers:false,1089,40]
11-08 05:02:37.271 1517 1517 I service_manager_slow: [13,phone]
11-08 05:02:37.360 13073 13073 I sysui_multi_action: [757,830,758,4,833,0,854,top_level_about_device,1089,0]
11-08 05:02:37.464 13073 13073 I sysui_multi_action: [757,744,758,2,1089,802]
11-08 05:02:37.514 13073 13073 I sysui_multi_action: [757,40,758,1,833,0,1089,45]
11-08 05:02:37.515 13073 13073 W FeatureConnector: [ImsConnector, 0] connect: not supported.
11-08 05:02:37.517 13073 13073 I sysui_multi_action: [757,1729,758,4,854,isParalleledControllers:false,1089,49]
11-08 05:02:37.683 0 0 I auditd : type=1400 audit(0.0:10909): avc: denied { kill } for comm="swapper/2" capability=5 scontext=u:r:kernel:s0 tcontext=u:r:kernel:s0 tclass=capability permissive=0
11-08 05:02:38.683 0 0 I auditd : type=1400 audit(0.0:10910): avc: denied { kill } for comm="swapper/2" capability=5 scontext=u:r:kernel:s0 tcontext=u:r:kernel:s0 tclass=capability permissive=0
11-08 05:02:39.678 13073 13073 I sysui_multi_action: [757,830,758,4,833,0,854,top_level_game,1089,0]
11-08 05:02:39.683 0 0 I auditd : type=1400 audit(0.0:10911): avc: denied { kill } for comm="swapper/2" capability=5 scontext=u:r:kernel:s0 tcontext=u:r:kernel:s0 tclass=capability permissive=0
11-08 05:02:39.780 13073 13073 I sysui_multi_action: [757,40,758,2,1089,2267]
11-08 05:02:39.811 13073 13073 I sysui_multi_action: [757,3000,758,1,833,0,1089,21]
11-08 05:02:39.812 13073 13073 I sysui_multi_action: [757,1729,758,4,854,isParalleledControllers:false,1089,23]
11-08 05:02:40.683 0 0 I auditd : type=1400 audit(0.0:10912): avc: denied { kill } for comm="swapper/2" capability=5 scontext=u:r:kernel:s0 tcontext=u:r:kernel:s0 tclass=capability permissive=0
11-08 05:02:41.438 13073 13073 I sysui_multi_action: [757,830,758,4,833,0,854,top_level_system,1089,0]
11-08 05:02:41.557 13073 13073 I sysui_multi_action: [757,3000,758,2,1089,1746]
11-08 05:02:41.581 13073 13073 I sysui_multi_action: [757,744,758,1,833,0,1089,18]
11-08 05:02:41.584 13073 13073 I sysui_multi_action: [757,1729,758,4,854,isParalleledControllers:false,1089,21]
11-08 05:02:42.683 0 0 I auditd : type=1400 audit(0.0:10913): avc: denied { kill } for comm="swapper/1" capability=5 scontext=u:r:kernel:s0 tcontext=u:r:kernel:s0 tclass=capability permissive=0
11-08 05:02:43.683 0 0 I auditd : type=1400 audit(0.0:10914): avc: denied { kill } for comm="swapper/1" capability=5 scontext=u:r:kernel:s0 tcontext=u:r:kernel:s0 tclass=capability permissive=0
11-08 05:02:44.683 0 0 I auditd : type=1400 audit(0.0:10915): avc: denied { kill } for comm="swapper/1" capability=5 scontext=u:r:kernel:s0 tcontext=u:r:kernel:s0 tclass=capability permissive=0
11-08 05:02:45.594 1517 1689 I input_interaction: Interaction with: cb2100d com.android.settings/com.android.settings.Settings (server), PointerEventDispatcher0 (server),
