11-08 05:14:15.548 1008 1060 W HWComposer: Ignoring duplicate VSYNC event from HWC for display 4630946816427681409 (t=11062993076000)
11-08 05:14:15.549 1197 11391 I CCodecBufferChannel: pipelineRoom(1) is <= numClientBuffers(1). Not signalling any more buffers to client
11-08 05:14:15.552 1197 1784 I CCodecBufferChannel: pipelineRoom(1) is <= numClientBuffers(2). Not signalling any more buffers to client
11-08 05:14:15.554 1197 1784 I CCodecBufferChannel: pipelineRoom(1) is <= numClientBuffers(2). Not signalling any more buffers to client
11-08 05:14:15.556 1197 1821 I CCodecBufferChannel: pipelineRoom(1) is <= numClientBuffers(2). Not signalling any more buffers to client
11-08 05:14:15.559 1197 14629 I CCodecBufferChannel: pipelineRoom(1) is <= numClientBuffers(1). Not signalling any more buffers to client
11-08 05:14:15.559 1197 14629 I CCodecBufferChannel: pipelineRoom(2) is <= numClientBuffers(2). Not signalling any more buffers to client
11-08 05:14:15.560 1197 14629 I CCodecBufferChannel: pipelineRoom(3) is <= numClientBuffers(3). Not signalling any more buffers to client
11-08 05:14:15.565 1008 1060 W HWComposer: Ignoring duplicate VSYNC event from HWC for display 4630946816427681409 (t=11063009836000)
11-08 05:14:15.571 1197 5693 I CCodecBufferChannel: pipelineRoom(1) is <= numClientBuffers(1). Not signalling any more buffers to client
11-08 05:14:15.683 0 0 I auditd : type=1400 audit(0.0:11684): avc: denied { kill } for comm="swapper/0" capability=5 scontext=u:r:kernel:s0 tcontext=u:r:kernel:s0 tclass=capability permissive=0
11-08 05:14:15.683 0 0 W swapper/0: type=1400 audit(0.0:11684): avc: denied { kill } for capability=5 scontext=u:r:kernel:s0 tcontext=u:r:kernel:s0 tclass=capability permissive=0
11-08 05:14:15.735 1197 3310 D CCodecBufferChannel: [c2.android.aac.decoder#498] DEBUG: elapsed: n=6 [in=0 pipeline=0 out=2]
11-08 05:14:15.735 1197 3310 D PipelineWatcher: DEBUG: elapsed 2 / 6
11-08 05:14:15.840 1197 11391 I CCodecBufferChannel: pipelineRoom(1) is <= numClientBuffers(1). Not signalling any more buffers to client
11-08 05:14:15.850 1197 1821 I CCodecBufferChannel: pipelineRoom(2) is <= numClientBuffers(2). Not signalling any more buffers to client
11-08 05:14:15.851 1197 14629 I CCodecBufferChannel: pipelineRoom(1) is <= numClientBuffers(1). Not signalling any more buffers to client
11-08 05:14:15.853 1197 1821 I CCodecBufferChannel: pipelineRoom(1) is <= numClientBuffers(1). Not signalling any more buffers to client
11-08 05:14:15.853 1197 1784 I CCodecBufferChannel: pipelineRoom(1) is <= numClientBuffers(1). Not signalling any more buffers to client
11-08 05:14:15.854 1197 1821 I CCodecBufferChannel: pipelineRoom(1) is <= numClientBuffers(1). Not signalling any more buffers to client
11-08 05:14:15.858 1197 14629 I CCodecBufferChannel: pipelineRoom(2) is <= numClientBuffers(2). Not signalling any more buffers to client
11-08 05:14:15.858 1197 14629 I CCodecBufferChannel: pipelineRoom(2) is <= numClientBuffers(2). Not signalling any more buffers to client
11-08 05:14:15.858 1197 14629 I CCodecBufferChannel: pipelineRoom(3) is <= numClientBuffers(3). Not signalling any more buffers to client
11-08 05:14:15.861 1197 5693 I CCodecBufferChannel: pipelineRoom(2) is <= numClientBuffers(2). Not signalling any more buffers to client
11-08 05:14:15.974 1204 5305 I OMX-VENC: venc_dev: stats: avg. fps 29.94, bitrate 627673
11-08 05:14:16.068 646 661 I mpu_uart: [MSG-P:RECV]:No message received in 1000 ms
11-08 05:14:16.132 1197 5693 I CCodecBufferChannel: pipelineRoom(1) is <= numClientBuffers(1). Not signalling any more buffers to client
11-08 05:14:16.132 1197 5693 I CCodecBufferChannel: pipelineRoom(2) is <= numClientBuffers(2). Not signalling any more buffers to client
11-08 05:14:16.133 1197 14629 I CCodecBufferChannel: pipelineRoom(2) is <= numClientBuffers(2). Not signalling any more buffers to client
11-08 05:14:16.134 1197 5693 I CCodecBufferChannel: pipelineRoom(2) is <= numClientBuffers(3). Not signalling any more buffers to client
11-08 05:14:16.134 1197 14629 I CCodecBufferChannel: pipelineRoom(2) is <= numClientBuffers(2). Not signalling any more buffers to client
11-08 05:14:16.138 1197 5693 I CCodecBufferChannel: pipelineRoom(1) is <= numClientBuffers(1). Not signalling any more buffers to client
11-08 05:14:16.138 1197 14629 I CCodecBufferChannel: pipelineRoom(1) is <= numClientBuffers(1). Not signalling any more buffers to client
11-08 05:14:16.139 1197 5693 I CCodecBufferChannel: pipelineRoom(1) is <= numClientBuffers(2). Not signalling any more buffers to client
11-08 05:14:16.139 1197 14629 I CCodecBufferChannel: pipelineRoom(1) is <= numClientBuffers(1). Not signalling any more buffers to client
11-08 05:14:16.406 1197 11391 I CCodecBufferChannel: pipelineRoom(1) is <= numClientBuffers(1). Not signalling any more buffers to client
11-08 05:14:16.413 1197 11391 I CCodecBufferChannel: pipelineRoom(2) is <= numClientBuffers(3). Not signalling any more buffers to client
11-08 05:14:16.413 1197 14629 I CCodecBufferChannel: pipelineRoom(2) is <= numClientBuffers(2). Not signalling any more buffers to client
11-08 05:14:16.414 1197 11391 I CCodecBufferChannel: pipelineRoom(2) is <= numClientBuffers(3). Not signalling any more buffers to client
11-08 05:14:16.415 1197 14629 I CCodecBufferChannel: pipelineRoom(2) is <= numClientBuffers(2). Not signalling any more buffers to client
11-08 05:14:16.416 1197 11391 I CCodecBufferChannel: pipelineRoom(2) is <= numClientBuffers(3). Not signalling any more buffers to client
11-08 05:14:16.416 1197 14629 I CCodecBufferChannel: pipelineRoom(2) is <= numClientBuffers(2). Not signalling any more buffers to client
11-08 05:14:16.418 1197 11391 I CCodecBufferChannel: pipelineRoom(2) is <= numClientBuffers(3). Not signalling any more buffers to client
11-08 05:14:16.418 1197 14629 I CCodecBufferChannel: pipelineRoom(2) is <= numClientBuffers(2). Not signalling any more buffers to client
11-08 05:14:16.420 1197 11391 I CCodecBufferChannel: pipelineRoom(2) is <= numClientBuffers(2). Not signalling any more buffers to client
11-08 05:14:16.422 1197 11391 I CCodecBufferChannel: pipelineRoom(2) is <= numClientBuffers(2). Not signalling any more buffers to client
11-08 05:14:16.423 1197 1821 I CCodecBufferChannel: pipelineRoom(2) is <= numClientBuffers(2). Not signalling any more buffers to client
11-08 05:14:16.427 1197 14629 I CCodecBufferChannel: pipelineRoom(1) is <= numClientBuffers(1). Not signalling any more buffers to client
11-08 05:14:16.428 1197 14629 I CCodecBufferChannel: pipelineRoom(2) is <= numClientBuffers(2). Not signalling any more buffers to client
11-08 05:14:16.686 1197 11391 I CCodecBufferChannel: pipelineRoom(1) is <= numClientBuffers(2). Not signalling any more buffers to client
11-08 05:14:16.686 1197 14629 I CCodecBufferChannel: pipelineRoom(1) is <= numClientBuffers(1). Not signalling any more buffers to client
11-08 05:14:16.687 1197 11391 I CCodecBufferChannel: pipelineRoom(1) is <= numClientBuffers(1). Not signalling any more buffers to client
11-08 05:14:16.683 0 0 I auditd : type=1400 audit(0.0:11685): avc: denied { kill } for comm="swapper/0" capability=5 scontext=u:r:kernel:s0 tcontext=u:r:kernel:s0 tclass=capability permissive=0
11-08 05:14:16.683 0 0 W swapper/0: type=1400 audit(0.0:11685): avc: denied { kill } for capability=5 scontext=u:r:kernel:s0 tcontext=u:r:kernel:s0 tclass=capability permissive=0
11-08 05:14:16.691 1197 11391 I CCodecBufferChannel: pipelineRoom(2) is <= numClientBuffers(2). Not signalling any more buffers to client
11-08 05:14:16.691 1197 11391 I CCodecBufferChannel: pipelineRoom(3) is <= numClientBuffers(3). Not signalling any more buffers to client
11-08 05:14:16.691 1197 14629 I CCodecBufferChannel: pipelineRoom(3) is <= numClientBuffers(3). Not signalling any more buffers to client
11-08 05:14:16.694 1197 1821 I CCodecBufferChannel: pipelineRoom(1) is <= numClientBuffers(2). Not signalling any more buffers to client
11-08 05:14:16.695 1197 14629 I CCodecBufferChannel: pipelineRoom(1) is <= numClientBuffers(1). Not signalling any more buffers to client
11-08 05:14:16.695 1197 1821 I CCodecBufferChannel: pipelineRoom(1) is <= numClientBuffers(1). Not signalling any more buffers to client
11-08 05:14:16.695 1197 14629 I CCodecBufferChannel: pipelineRoom(2) is <= numClientBuffers(2). Not signalling any more buffers to client
11-08 05:14:16.700 1197 1784 I CCodecBufferChannel: pipelineRoom(2) is <= numClientBuffers(2). Not signalling any more buffers to client
11-08 05:14:16.971 1197 5693 I CCodecBufferChannel: pipelineRoom(1) is <= numClientBuffers(2). Not signalling any more buffers to client
11-08 05:14:16.972 1197 14629 I CCodecBufferChannel: pipelineRoom(1) is <= numClientBuffers(1). Not signalling any more buffers to client
11-08 05:14:16.976 1197 1784 I CCodecBufferChannel: pipelineRoom(2) is <= numClientBuffers(2). Not signalling any more buffers to client
11-08 05:14:16.987 1204 5305 I OMX-VENC: venc_dev: stats: avg. fps 30.61, bitrate 3991698
11-08 05:14:16.989 1197 1784 I CCodecBufferChannel: pipelineRoom(1) is <= numClientBuffers(1). Not signalling any more buffers to client
11-08 05:14:16.990 1197 1784 I CCodecBufferChannel: pipelineRoom(1) is <= numClientBuffers(1). Not signalling any more buffers to client
11-08 05:14:16.991 1197 1784 I CCodecBufferChannel: pipelineRoom(1) is <= numClientBuffers(1). Not signalling any more buffers to client
11-08 05:14:16.997 1197 14629 I CCodecBufferChannel: pipelineRoom(2) is <= numClientBuffers(2). Not signalling any more buffers to client
11-08 05:14:16.997 1197 14629 I CCodecBufferChannel: pipelineRoom(3) is <= numClientBuffers(3). Not signalling any more buffers to client
11-08 05:14:17.068 646 661 I mpu_uart: [MSG-P:RECV]:No message received in 1000 ms
11-08 05:14:17.256 1197 1784 I CCodecBufferChannel: pipelineRoom(1) is <= numClientBuffers(2). Not signalling any more buffers to client
11-08 05:14:17.256 1197 14629 I CCodecBufferChannel: pipelineRoom(1) is <= numClientBuffers(1). Not signalling any more buffers to client
11-08 05:14:17.264 1197 1821 I CCodecBufferChannel: pipelineRoom(1) is <= numClientBuffers(1). Not signalling any more buffers to client
11-08 05:14:17.266 1197 1821 I CCodecBufferChannel: pipelineRoom(1) is <= numClientBuffers(2). Not signalling any more buffers to client
11-08 05:14:17.266 1197 14629 I CCodecBufferChannel: pipelineRoom(1) is <= numClientBuffers(1). Not signalling any more buffers to client
11-08 05:14:17.267 1197 14629 I CCodecBufferChannel: pipelineRoom(2) is <= numClientBuffers(2). Not signalling any more buffers to client
11-08 05:14:17.270 1197 1821 I CCodecBufferChannel: pipelineRoom(2) is <= numClientBuffers(2). Not signalling any more buffers to client
11-08 05:14:17.271 1197 1821 I CCodecBufferChannel: pipelineRoom(2) is <= numClientBuffers(2). Not signalling any more buffers to client
11-08 05:14:17.296 646 660 I mpu_uart: [MSG-P:R]:recv sync frame timeout
11-08 05:14:17.386 1008 1060 W HWComposer: Ignoring duplicate VSYNC event from HWC for display 4630946816427681409 (t=11064830827000)
11-08 05:14:17.403 1008 1060 W HWComposer: Ignoring duplicate VSYNC event from HWC for display 4630946816427681409 (t=11064847574000)
11-08 05:14:17.419 1008 1060 W HWComposer: Ignoring duplicate VSYNC event from HWC for display 4630946816427681409 (t=11064864232000)
11-08 05:14:17.436 1008 1060 W HWComposer: Ignoring duplicate VSYNC event from HWC for display 4630946816427681409 (t=11064880996000)
11-08 05:14:17.452 1008 1060 W HWComposer: Ignoring duplicate VSYNC event from HWC for display 4630946816427681409 (t=11064897638000)
11-08 05:14:17.470 1008 1060 W HWComposer: Ignoring duplicate VSYNC event from HWC for display 4630946816427681409 (t=11064914404000)
11-08 05:14:17.486 1008 1060 W HWComposer: Ignoring duplicate VSYNC event from HWC for display 4630946816427681409 (t=11064931061000)
11-08 05:14:17.486 1008 1060 W HWComposer: Ignoring duplicate VSYNC event from HWC for display 4630946816427681409 (t=11064931061000)
11-08 05:14:17.503 1008 1060 W HWComposer: Ignoring duplicate VSYNC event from HWC for display 4630946816427681409 (t=11064947819000)
11-08 05:14:17.519 1008 1060 W HWComposer: Ignoring duplicate VSYNC event from HWC for display 4630946816427681409 (t=11064964461000)
11-08 05:14:17.537 1008 1060 W HWComposer: Ignoring duplicate VSYNC event from HWC for display 4630946816427681409 (t=11064981256000)
11-08 05:14:17.553 1008 1060 W HWComposer: Ignoring duplicate VSYNC event from HWC for display 4630946816427681409 (t=11064997960000)
11-08 05:14:17.565 1197 1821 I CCodecBufferChannel: pipelineRoom(3) is <= numClientBuffers(3). Not signalling any more buffers to client
11-08 05:14:17.567 1197 5693 I CCodecBufferChannel: pipelineRoom(2) is <= numClientBuffers(3). Not signalling any more buffers to client
11-08 05:14:17.567 1197 14629 I CCodecBufferChannel: pipelineRoom(2) is <= numClientBuffers(2). Not signalling any more buffers to client
11-08 05:14:17.569 1197 5693 I CCodecBufferChannel: pipelineRoom(1) is <= numClientBuffers(2). Not signalling any more buffers to client
11-08 05:14:17.569 1197 14629 I CCodecBufferChannel: pipelineRoom(1) is <= numClientBuffers(1). Not signalling any more buffers to client
11-08 05:14:17.570 1008 1060 W HWComposer: Ignoring duplicate VSYNC event from HWC for display 4630946816427681409 (t=11065014649000)
11-08 05:14:17.683 0 0 I auditd : type=1400 audit(0.0:11686): avc: denied { kill } for comm="swapper/0" capability=5 scontext=u:r:kernel:s0 tcontext=u:r:kernel:s0 tclass=capability permissive=0
11-08 05:14:17.683 0 0 W swapper/0: type=1400 audit(0.0:11686): avc: denied { kill } for capability=5 scontext=u:r:kernel:s0 tcontext=u:r:kernel:s0 tclass=capability permissive=0
11-08 05:14:17.827 1197 14629 D BufferPoolAccessor2.0: bufferpool2 0xec3c1588 : 8(524304 size) total buffers - 5(327690 size) used buffers - 3144/3156 (recycle/alloc) - 16/3155 (fetch/transfer)
11-08 05:14:17.831 1250 14630 D BufferPoolAccessor2.0: bufferpool2 0xb4000075be74c868 : 4(16384 size) total buffers - 1(4096 size) used buffers - 3147/3152 (recycle/alloc) - 17/3151 (fetch/transfer)
11-08 05:14:17.833 1197 5693 I CCodecBufferChannel: pipelineRoom(2) is <= numClientBuffers(3). Not signalling any more buffers to client
11-08 05:14:17.833 1197 14629 I CCodecBufferChannel: pipelineRoom(2) is <= numClientBuffers(2). Not signalling any more buffers to client
11-08 05:14:17.834 1197 5693 I CCodecBufferChannel: pipelineRoom(1) is <= numClientBuffers(2). Not signalling any more buffers to client
11-08 05:14:17.834 1197 14629 I CCodecBufferChannel: pipelineRoom(1) is <= numClientBuffers(1). Not signalling any more buffers to client
11-08 05:14:17.838 1197 5693 I CCodecBufferChannel: pipelineRoom(2) is <= numClientBuffers(2). Not signalling any more buffers to client
11-08 05:14:17.839 1197 5693 I CCodecBufferChannel: pipelineRoom(1) is <= numClientBuffers(2). Not signalling any more buffers to client
11-08 05:14:17.839 1197 14629 I CCodecBufferChannel: pipelineRoom(1) is <= numClientBuffers(1). Not signalling any more buffers to client
11-08 05:14:17.839 1197 14629 I CCodecBufferChannel: pipelineRoom(2) is <= numClientBuffers(2). Not signalling any more buffers to client
11-08 05:14:17.842 1197 5693 I CCodecBufferChannel: pipelineRoom(2) is <= numClientBuffers(3). Not signalling any more buffers to client
11-08 05:14:17.842 1197 14629 I CCodecBufferChannel: pipelineRoom(2) is <= numClientBuffers(2). Not signalling any more buffers to client
11-08 05:14:17.843 1197 5693 I CCodecBufferChannel: pipelineRoom(2) is <= numClientBuffers(3). Not signalling any more buffers to client
11-08 05:14:17.843 1197 14629 I CCodecBufferChannel: pipelineRoom(2) is <= numClientBuffers(2). Not signalling any more buffers to client
11-08 05:14:17.988 1204 5305 I OMX-VENC: venc_dev: stats: avg. fps 31.98, bitrate 3686532
11-08 05:14:18.068 646 661 I mpu_uart: [MSG-P:RECV]:No message received in 1000 ms
11-08 05:14:18.114 1197 14629 I CCodecBufferChannel: pipelineRoom(2) is <= numClientBuffers(2). Not signalling any more buffers to client
11-08 05:14:18.115 1197 5371 I CCodecBufferChannel: pipelineRoom(2) is <= numClientBuffers(3). Not signalling any more buffers to client
11-08 05:14:18.116 1197 14629 I CCodecBufferChannel: pipelineRoom(2) is <= numClientBuffers(2). Not signalling any more buffers to client
11-08 05:14:18.118 1197 5371 I CCodecBufferChannel: pipelineRoom(1) is <= numClientBuffers(2). Not signalling any more buffers to client
11-08 05:14:18.118 1197 14629 I CCodecBufferChannel: pipelineRoom(1) is <= numClientBuffers(1). Not signalling any more buffers to client
11-08 05:14:18.120 1197 5693 I CCodecBufferChannel: pipelineRoom(2) is <= numClientBuffers(2). Not signalling any more buffers to client
11-08 05:14:18.121 1197 5371 I CCodecBufferChannel: pipelineRoom(2) is <= numClientBuffers(3). Not signalling any more buffers to client
11-08 05:14:18.122 1197 14629 I CCodecBufferChannel: pipelineRoom(2) is <= numClientBuffers(2). Not signalling any more buffers to client
11-08 05:14:18.129 1197 14629 I CCodecBufferChannel: pipelineRoom(3) is <= numClientBuffers(3). Not signalling any more buffers to client
11-08 05:14:18.400 1197 5371 I CCodecBufferChannel: pipelineRoom(2) is <= numClientBuffers(2). Not signalling any more buffers to client
11-08 05:14:18.401 1197 14629 I CCodecBufferChannel: pipelineRoom(3) is <= numClientBuffers(3). Not signalling any more buffers to client
11-08 05:14:18.673 1197 5693 I CCodecBufferChannel: pipelineRoom(1) is <= numClientBuffers(2). Not signalling any more buffers to client
11-08 05:14:18.673 1197 14629 I CCodecBufferChannel: pipelineRoom(1) is <= numClientBuffers(1). Not signalling any more buffers to client
11-08 05:14:18.674 1197 1821 I CCodecBufferChannel: pipelineRoom(1) is <= numClientBuffers(2). Not signalling any more buffers to client
11-08 05:14:18.674 1197 14629 I CCodecBufferChannel: pipelineRoom(1) is <= numClientBuffers(1). Not signalling any more buffers to client
11-08 05:14:19.015 1204 5305 I OMX-VENC: venc_dev: stats: avg. fps 29.20, bitrate 2084252
11-08 05:14:19.069 646 661 I mpu_uart: [MSG-P:RECV]:No message received in 1000 ms
11-08 05:14:19.139 1197 3310 D CCodecBufferChannel: [c2.android.aac.decoder#498] DEBUG: elapsed: n=6 [in=0 pipeline=0 out=2]
11-08 05:14:19.140 1197 3310 D PipelineWatcher: DEBUG: elapsed 2 / 6
11-08 05:14:19.157 1008 1060 W HWComposer: Ignoring duplicate VSYNC event from HWC for display 4630946816427681409 (t=11066601735000)
11-08 05:14:19.161 1198 1304 I selfinstaller: create socket failed: Network is unreachable 101
11-08 05:14:19.174 1008 1060 W HWComposer: Ignoring duplicate VSYNC event from HWC for display 4630946816427681409 (t=11066618537000)
11-08 05:14:19.190 1008 1060 W HWComposer: Ignoring duplicate VSYNC event from HWC for display 4630946816427681409 (t=11066635166000)
11-08 05:14:19.208 1008 1060 W HWComposer: Ignoring duplicate VSYNC event from HWC for display 4630946816427681409 (t=11066651931000)
11-08 05:14:19.224 1008 1060 W HWComposer: Ignoring duplicate VSYNC event from HWC for display 4630946816427681409 (t=11066668561000)
11-08 05:14:19.224 1197 1821 I CCodecBufferChannel: pipelineRoom(1) is <= numClientBuffers(1). Not signalling any more buffers to client
11-08 05:14:19.225 1197 1821 I CCodecBufferChannel: pipelineRoom(1) is <= numClientBuffers(1). Not signalling any more buffers to client
11-08 05:14:19.225 1197 14629 I CCodecBufferChannel: pipelineRoom(2) is <= numClientBuffers(2). Not signalling any more buffers to client
11-08 05:14:19.233 1197 1821 I CCodecBufferChannel: pipelineRoom(1) is <= numClientBuffers(1). Not signalling any more buffers to client
11-08 05:14:19.237 1197 1784 I CCodecBufferChannel: pipelineRoom(1) is <= numClientBuffers(2). Not signalling any more buffers to client
11-08 05:14:19.237 1197 14629 I CCodecBufferChannel: pipelineRoom(1) is <= numClientBuffers(1). Not signalling any more buffers to client
11-08 05:14:19.240 1008 1060 W HWComposer: Ignoring duplicate VSYNC event from HWC for display 4630946816427681409 (t=11066685319000)
11-08 05:14:19.512 1197 5371 I CCodecBufferChannel: pipelineRoom(1) is <= numClientBuffers(1). Not signalling any more buffers to client
11-08 05:14:19.513 1197 5371 I CCodecBufferChannel: pipelineRoom(1) is <= numClientBuffers(1). Not signalling any more buffers to client
11-08 05:14:19.514 1197 14629 I CCodecBufferChannel: pipelineRoom(2) is <= numClientBuffers(2). Not signalling any more buffers to client
11-08 05:14:19.683 0 0 I auditd : type=1400 audit(0.0:11687): avc: denied { kill } for comm="swapper/0" capability=5 scontext=u:r:kernel:s0 tcontext=u:r:kernel:s0 tclass=capability permissive=0
11-08 05:14:19.683 0 0 W swapper/0: type=1400 audit(0.0:11687): avc: denied { kill } for capability=5 scontext=u:r:kernel:s0 tcontext=u:r:kernel:s0 tclass=capability permissive=0
11-08 05:14:19.777 1197 5371 I CCodecBufferChannel: pipelineRoom(1) is <= numClientBuffers(2). Not signalling any more buffers to client
11-08 05:14:19.777 1197 14629 I CCodecBufferChannel: pipelineRoom(1) is <= numClientBuffers(1). Not signalling any more buffers to client
11-08 05:14:19.779 1197 5371 I CCodecBufferChannel: pipelineRoom(1) is <= numClientBuffers(2). Not signalling any more buffers to client
11-08 05:14:19.780 1197 14629 I CCodecBufferChannel: pipelineRoom(1) is <= numClientBuffers(1). Not signalling any more buffers to client
11-08 05:14:19.781 1197 5371 I CCodecBufferChannel: pipelineRoom(2) is <= numClientBuffers(2). Not signalling any more buffers to client
11-08 05:14:19.798 1197 14629 I CCodecBufferChannel: pipelineRoom(1) is <= numClientBuffers(1). Not signalling any more buffers to client
11-08 05:14:19.803 1197 5693 I CCodecBufferChannel: pipelineRoom(1) is <= numClientBuffers(2). Not signalling any more buffers to client
11-08 05:14:19.803 1197 14629 I CCodecBufferChannel: pipelineRoom(1) is <= numClientBuffers(1). Not signalling any more buffers to client
11-08 05:14:19.804 1197 5693 I CCodecBufferChannel: pipelineRoom(1) is <= numClientBuffers(2). Not signalling any more buffers to client
11-08 05:14:19.804 1197 14629 I CCodecBufferChannel: pipelineRoom(1) is <= numClientBuffers(1). Not signalling any more buffers to client
11-08 05:14:19.922 1197 14629 D CCodecBuffers: [c2.android.aac.decoder#498:1D-Output.Impl[N]] Client returned a buffer it does not own according to our record: 0
11-08 05:14:19.922 1197 14629 D CCodecBuffers: [c2.android.aac.decoder#498:1D-Output.Impl[N]] Client returned a buffer it does not own according to our record: 1
11-08 05:14:19.922 1197 14629 D CCodecBuffers: [c2.android.aac.decoder#498:1D-Output.Impl[N]] Client returned a buffer it does not own according to our record: 2
11-08 05:14:19.926 801 867 D audio_hw_primary: copl(0xe88ceb00):pause compress driver
11-08 05:14:19.927 801 1714 D audio_hw_primary: copl(0xe88ceb00):calling compress flush
11-08 05:14:19.939 1517 5799 I wm_task_moved: [92,0,0]
11-08 05:14:19.940 1517 5799 I wm_task_moved: [92,0,5]
11-08 05:14:19.941 1517 1608 I EventSequenceValidator: inc AccIntentStartedEvents to 2
11-08 05:14:19.942 1008 1064 I BpBinder: onLastStrongRef automatically unlinking death recipients:
11-08 05:14:19.953 1197 14628 D MediaCodec: keep callback message for reclaim
11-08 05:14:19.954 8088 8700 I GameMode_ActivityMonitoringService: onForegroundActivitiesChanged uid 10076 pid 2526 fg true
11-08 05:14:19.954 1197 14629 I CCodecConfig: query failed after returning 19 values (BAD_INDEX)
11-08 05:14:19.955 1197 14629 W Codec2Client: query -- param skipped: index = 1342179345.
11-08 05:14:19.955 1197 14629 W Codec2Client: query -- param skipped: index = 2415921170.
11-08 05:14:19.955 1197 14629 W Codec2Client: query -- param skipped: index = 1610614798.
11-08 05:14:19.955 1197 14629 D CCodecBufferChannel: [c2.android.aac.decoder#498] start: updating output delay 2
11-08 05:14:19.956 1197 14613 D MediaCodec: keep callback message for reclaim
11-08 05:14:19.964 8088 8104 I GameMode_ActivityMonitoringService: Updating top task to: TaskInfoContainer [topActivity=ComponentInfo{com.android.gallery3d/com.android.gallery3d.app.MovieActivity}, taskId=214, stackId=214, userId=0, displayId=0, position=6
11-08 05:14:19.964 8088 8104 I GameMode_ActivityMonitoringService: Notifying about top task: TaskInfoContainer [topActivity=ComponentInfo{com.android.gallery3d/com.android.gallery3d.app.MovieActivity}, taskId=214, stackId=214, userId=0, displayId=0, position=6
11-08 05:14:19.965 8088 8104 D GameMode_GameMode: Show GameMode entry by service!
11-08 05:14:19.965 8088 8104 W ContextImpl: Calling a method in the system process without a qualified user: android.app.ContextImpl.startService:1816 android.content.ContextWrapper.startService:774 com.thundercomm.gamemode.ingame.services.GameModeActionUtils.startGameModeService:93 com.thundercomm.gamemode.ingame.services.GameModeActionUtils.startGameModeEntry:21 com.thundercomm.gamemode.ingame.services.ActivityMonitoringService$1.onActivityLaunch:120
11-08 05:14:19.967 8088 8104 D GameMode: getUriFor setting_content_uri_root = content://com.thundercomm.gamemode.api/gamemode_settings , name = gamemode_isgaming
11-08 05:14:19.967 8088 8088 D GameMode_GameMode: type=hide_entry
11-08 05:14:19.971 8088 8088 D GameMode_GameSettingsObserver: Game Data change!!!! uri = content://com.thundercomm.gamemode.api/gamemode_settings/gamemode_isgaming
11-08 05:14:19.972 8088 8088 D GameMode: getUriFor setting_content_uri_root = content://com.thundercomm.gamemode.api/gamemode_settings , name = gamemode_isgaming
11-08 05:14:19.972 8088 8104 D GameMode: gamemode_isgaming set to 0
11-08 05:14:19.972 1517 1517 I GameModeConfig: Current uri is uri = content://com.thundercomm.gamemode.api/gamemode_settings/gamemode_isgaming
11-08 05:14:19.972 1517 1517 D GameMode: getUriFor setting_content_uri_root = content://com.thundercomm.gamemode.api/gamemode_settings , name = gamemode_isgaming
11-08 05:14:19.972 1250 1789 D BufferPoolAccessor2.0: bufferpool2 0xb4000075be745e08 : 0(0 size) total buffers - 0(0 size) used buffers - 93/97 (recycle/alloc) - 4/96 (fetch/transfer)
11-08 05:14:19.973 1250 1789 D BufferPoolAccessor2.0: Destruction - bufferpool2 0xb4000075be745e08 cached: 0/0M, 0/0% in use; allocs: 97, 96% recycled; transfers: 96, 96% unfetched
11-08 05:14:19.973 1517 1517 I am_uid_active: 10063
11-08 05:14:19.974 8088 8088 D GameMode_GameMode:GameModeService: updateGlobalSettings = gamemode_isgaming
11-08 05:14:19.975 1197 5371 I CCodecBufferChannel: pipelineRoom(1) is <= numClientBuffers(1). Not signalling any more buffers to client
11-08 05:14:19.976 2526 2526 I wm_on_restart_called: [193491456,com.android.launcher3.uioverrides.QuickstepLauncher,performRestartActivity]
11-08 05:14:19.977 2526 2526 D StateManager: goToState: Background
11-08 05:14:19.977 1517 1517 I GameModeConfig: isGameModeOn = false
11-08 05:14:19.978 2526 2526 D FreeWindowContainer: reloadTask: null
11-08 05:14:19.978 1517 1517 I GameModeConfig: isGameModeOn = false
11-08 05:14:19.978 1517 1517 I GameModeConfig: isDisableVoice = true
11-08 05:14:19.979 1197 1821 I CCodecBufferChannel: pipelineRoom(2) is <= numClientBuffers(2). Not signalling any more buffers to client
11-08 05:14:19.980 999 11732 D AF::TrackHandle: OpPlayAudio: track:140 usage:1 not muted
11-08 05:14:19.981 999 11732 D AF::TrackHandle: OpPlayAudio: track:140 usage:1 not muted
11-08 05:14:19.981 999 11732 D AF::TrackHandle: OpPlayAudio: track:140 usage:1 not muted
11-08 05:14:19.982 999 11732 D AF::TrackHandle: OpPlayAudio: track:140 usage:1 not muted
11-08 05:14:19.982 999 11732 D AF::TrackHandle: OpPlayAudio: track:140 usage:1 not muted
11-08 05:14:19.982 999 11732 D AF::TrackHandle: OpPlayAudio: track:140 usage:1 not muted
11-08 05:14:19.982 999 11732 D AF::TrackHandle: OpPlayAudio: track:140 usage:1 not muted
11-08 05:14:19.982 801 1714 D audio_hw_primary: copl(0xe88ceb00):out of compress flush
11-08 05:14:19.982 999 11732 D AF::TrackHandle: OpPlayAudio: track:140 usage:1 not muted
11-08 05:14:19.982 999 11732 D AF::TrackHandle: OpPlayAudio: track:140 usage:1 not muted
11-08 05:14:19.982 2526 2526 D EditModeHelper: setHotseatVisibility: 8
11-08 05:14:19.983 999 11732 D AF::TrackHandle: OpPlayAudio: track:140 usage:1 not muted
11-08 05:14:19.983 999 11732 D AF::TrackHandle: OpPlayAudio: track:140 usage:1 not muted
11-08 05:14:19.983 999 11732 D AF::TrackHandle: OpPlayAudio: track:140 usage:1 not muted
11-08 05:14:19.983 999 11732 D AF::TrackHandle: OpPlayAudio: track:140 usage:1 not muted
11-08 05:14:19.984 999 11732 D AF::TrackHandle: OpPlayAudio: track:140 usage:1 not muted
11-08 05:14:19.984 999 11732 D AF::TrackHandle: OpPlayAudio: track:140 usage:1 not muted
11-08 05:14:19.984 999 11732 D AF::TrackHandle: OpPlayAudio: track:140 usage:1 not muted
11-08 05:14:19.984 2526 2526 I wm_on_start_called: [193491456,com.android.launcher3.uioverrides.QuickstepLauncher,handleStartActivity]
11-08 05:14:19.986 1197 5371 I CCodecBufferChannel: pipelineRoom(2) is <= numClientBuffers(2). Not signalling any more buffers to client
11-08 05:14:19.996 1197 5693 I CCodecBufferChannel: pipelineRoom(1) is <= numClientBuffers(1). Not signalling any more buffers to client
11-08 05:14:19.996 1197 1784 I CCodecBufferChannel: pipelineRoom(1) is <= numClientBuffers(1). Not signalling any more buffers to client
11-08 05:14:19.996 1197 14629 I CCodecBufferChannel: pipelineRoom(1) is <= numClientBuffers(1). Not signalling any more buffers to client
11-08 05:14:19.996 1197 14629 I CCodecBufferChannel: pipelineRoom(2) is <= numClientBuffers(2). Not signalling any more buffers to client
11-08 05:14:19.997 1197 14629 I CCodecBufferChannel: pipelineRoom(3) is <= numClientBuffers(3). Not signalling any more buffers to client
11-08 05:14:20.001 1517 1608 I EventSequenceValidator: dec AccIntentStartedEvents to 1
11-08 05:14:20.003 1197 11391 I CCodecBufferChannel: pipelineRoom(3) is <= numClientBuffers(3). Not signalling any more buffers to client
11-08 05:14:20.005 1517 9202 I InputDispatcher: Monitor swipe-up (server) is stealing touch from [1cb5b7d com.android.gallery3d/com.android.gallery3d.app.MovieActivity (server), ]
11-08 05:14:20.005 1197 14629 I CCodecBufferChannel: pipelineRoom(2) is <= numClientBuffers(2). Not signalling any more buffers to client
11-08 05:14:20.005 14223 14223 I view_enqueue_input_event: [Motion - Cancel,com.android.gallery3d/com.android.gallery3d.app.MovieActivity]
11-08 05:14:20.005 2526 2526 I LatencyTracker: ACTION_TOGGLE_RECENTS latency=84
11-08 05:14:20.005 2526 2526 I sysui_latency: [1,84]
11-08 05:14:20.007 999 14632 W AudioFlinger: LinearMap: y negative diff(-3302400) from 0 - 3302400
11-08 05:14:20.007 801 14635 D audio_hw_utils: audio_extn_utils_compress_get_dsp_latency:: Using Fix DSP delay
11-08 05:14:20.007 801 14635 D audio_hw_utils: audio_extn_utils_compress_get_dsp_latency:: delay in ms is 62
11-08 05:14:20.007 801 867 D audio_hw_primary: copl(0xe88ceb00):pause compress driver
11-08 05:14:20.007 801 867 W StreamHAL: Error from HAL stream in function pause: No data available
11-08 05:14:20.007 999 14632 E AudioFlinger: Error when pausing output stream: -61
11-08 05:14:20.007 1197 11391 I CCodecBufferChannel: pipelineRoom(2) is <= numClientBuffers(2). Not signalling any more buffers to client
11-08 05:14:20.008 1969 1969 V ShadeControllerImpl: NotificationShadeWindow: com.android.systemui.statusbar.phone.NotificationShadeWindowView{189965a I.E...... ......ID 0,0-2560,1080} canPanelBeCollapsed(): false
11-08 05:14:20.008 1517 1609 I input_focus: [Focus request recents_animation_input_consumer,reason=UpdateInputWindows]
11-08 05:14:20.008 801 1714 D msm8974_platform: platform_split_snd_device: snd_device(2) num devices(1) new_snd_devices(0)
11-08 05:14:20.008 801 1714 D ACDB-LOADER: ACDB -> send_audvoltable
11-08 05:14:20.008 801 1714 D ACDB-LOADER: ACDB -> ACDB_CMD_GET_AUDPROC_INSTANCE_GAIN_DEP_STEP_TABLE_SIZE
11-08 05:14:20.008 801 1714 D ACDB-LOADER: ACDB -> ACDB_CMD_GET_AUDPROC_INSTANCE_GAIN_DEP_STEP_TABLE, vol index 0
11-08 05:14:20.008 801 1714 D ACDB-LOADER: ACDB -> AUDIO_SET_VOL_CAL cal type = 40
11-08 05:14:20.009 1197 11391 I CCodecBufferChannel: pipelineRoom(2) is <= numClientBuffers(2). Not signalling any more buffers to client
11-08 05:14:20.009 1197 14629 I CCodecBufferChannel: pipelineRoom(2) is <= numClientBuffers(2). Not signalling any more buffers to client
11-08 05:14:20.010 1197 14629 D CCodecBufferChannel: [c2.android.aac.decoder#498] Discard frames from previous generation.
11-08 05:14:20.010 801 1714 D msm8974_platform: platform_split_snd_device: snd_device(2) num devices(1) new_snd_devices(0)
11-08 05:14:20.010 1197 14629 D CCodecBufferChannel: [c2.android.aac.decoder#498] Discard frames from previous generation.
11-08 05:14:20.012 801 1815 D audio_hw_primary: copl(0xe88ceb00):calling compress flush
11-08 05:14:20.012 801 1815 W audio_hw_primary: out_flush called in invalid state 0
11-08 05:14:20.012 801 1815 D audio_hw_primary: copl(0xe88ceb00):out of compress flush
11-08 05:14:20.013 999 1284 W AudioFlinger: moveEffectChain_l() effect chain for session 0 not on source thread 0xb4000077c97cf030
11-08 05:14:20.015 801 1714 I EffectsFactory: EffectCreate() create_effect
11-08 05:14:20.016 1517 1605 I sysui_multi_action: [319,8,322,60,325,11067,757,761,758,9,759,5,806,com.android.launcher3,871,com.android.launcher3.uioverrides.QuickstepLauncher,904,com.android.launcher3,905,0,1320,8,1321,5]
11-08 05:14:20.017 1517 1689 I input_interaction: Interaction with: edge-swipe (server), swipe-up (server), PointerEventDispatcher0 (server),
11-08 05:14:20.017 999 1284 W AudioFlinger: moveEffectChain_l() effect chain for session 0 not on source thread 0xb4000078797ce010
11-08 05:14:20.019 801 867 D msm8974_platform: platform_split_snd_device: snd_device(2) num devices(1) new_snd_devices(0)
11-08 05:14:20.019 801 867 D ACDB-LOADER: ACDB -> send_audvoltable
11-08 05:14:20.019 801 867 D ACDB-LOADER: ACDB -> ACDB_CMD_GET_AUDPROC_INSTANCE_GAIN_DEP_STEP_TABLE_SIZE
11-08 05:14:20.019 801 867 D ACDB-LOADER: ACDB -> ACDB_CMD_GET_AUDPROC_INSTANCE_GAIN_DEP_STEP_TABLE, vol index 5
11-08 05:14:20.019 801 867 D ACDB-LOADER: ACDB -> AUDIO_SET_VOL_CAL cal type = 40
11-08 05:14:20.022 1517 5799 W AudioIDCMicroNegotiator: idcm_warn: idcm control is not enable
11-08 05:14:20.022 1204 5305 I OMX-VENC: venc_dev: stats: avg. fps 30.78, bitrate 1389613
11-08 05:14:20.028 1517 1689 I input_focus: [Focus leaving 1cb5b7d com.android.gallery3d/com.android.gallery3d.app.MovieActivity (server),reason=NOT_FOCUSABLE]
11-08 05:14:20.028 1517 1689 I input_focus: [Focus entering recents_animation_input_consumer (server),reason=setFocusedWindow]
11-08 05:14:20.033 1197 14613 D MediaCodec: keep callback message for reclaim
11-08 05:14:20.033 1197 14628 D MediaCodec: keep callback message for reclaim
11-08 05:14:20.034 1197 14629 I CCodecConfig: query failed after returning 19 values (BAD_INDEX)
11-08 05:14:20.034 1197 14629 W Codec2Client: query -- param skipped: index = 1342179345.
11-08 05:14:20.034 1197 14629 W Codec2Client: query -- param skipped: index = 2415921170.
11-08 05:14:20.034 1197 14629 W Codec2Client: query -- param skipped: index = 1610614798.
11-08 05:14:20.034 1197 14629 D CCodecBufferChannel: [c2.android.aac.decoder#498] start: updating output delay 2
11-08 05:14:20.038 1197 11391 I CCodecBufferChannel: pipelineRoom(2) is <= numClientBuffers(2). Not signalling any more buffers to client
11-08 05:14:20.042 1197 5371 I CCodecBufferChannel: pipelineRoom(1) is <= numClientBuffers(1). Not signalling any more buffers to client
11-08 05:14:20.059 1197 11391 I CCodecBufferChannel: pipelineRoom(2) is <= numClientBuffers(2). Not signalling any more buffers to client
11-08 05:14:20.065 1197 11391 I CCodecBufferChannel: pipelineRoom(2) is <= numClientBuffers(2). Not signalling any more buffers to client
11-08 05:14:20.065 1197 14629 I CCodecBufferChannel: pipelineRoom(1) is <= numClientBuffers(1). Not signalling any more buffers to client
11-08 05:14:20.070 1197 11391 I CCodecBufferChannel: pipelineRoom(1) is <= numClientBuffers(2). Not signalling any more buffers to client
11-08 05:14:20.070 1197 14629 I CCodecBufferChannel: pipelineRoom(1) is <= numClientBuffers(1). Not signalling any more buffers to client
11-08 05:14:20.071 646 661 I mpu_uart: [MSG-P:RECV]:No message received in 1000 ms
11-08 05:14:20.082 1197 1821 I CCodecBufferChannel: pipelineRoom(2) is <= numClientBuffers(2). Not signalling any more buffers to client
11-08 05:14:20.083 1197 14629 I CCodecBufferChannel: pipelineRoom(1) is <= numClientBuffers(1). Not signalling any more buffers to client
11-08 05:14:20.083 1197 5371 I CCodecBufferChannel: pipelineRoom(2) is <= numClientBuffers(2). Not signalling any more buffers to client
11-08 05:14:20.102 801 870 D audio_hw_primary: out_set_volume: called with left_vol=0.023646, right_vol=0.023646
11-08 05:14:20.102 801 870 E audio_hw_primary: out_set_compr_volume:ctl for mixer cmd - Compress Playback 11 Volume, left 0.023646, right 0.023646
11-08 05:14:20.104 801 14635 D audio_hw_primary: copl(0xe88ceb00):send new gapless metadata
11-08 05:14:20.189 1517 1677 I commit_sys_config_file: [settings-1-0,5]
11-08 05:14:20.215 875 875 D vendor.qti.vibrator: Vibrator perform effect 0
11-08 05:14:20.246 875 875 D vendor.qti.vibrator: Vibrator on for timeoutMs: 30
11-08 05:14:20.246 875 14676 D vendor.qti.vibrator: Starting on on another thread
11-08 05:14:20.250 2526 2526 W OrientationEventListener: Cannot detect sensors. Invalid disable
11-08 05:14:20.277 875 14676 D vendor.qti.vibrator: Notifying on complete
11-08 05:14:20.277 875 875 D vendor.qti.vibrator: QTI Vibrator off
11-08 05:14:20.299 646 660 I mpu_uart: [MSG-P:R]:recv sync frame timeout
11-08 05:14:20.300 1517 1614 I LatencyTracker: ACTION_START_RECENTS_ANIMATION latency=82
11-08 05:14:20.300 1517 1614 I sysui_latency: [8,82]
11-08 05:14:20.350 1197 5371 I CCodecBufferChannel: pipelineRoom(1) is <= numClientBuffers(1). Not signalling any more buffers to client
11-08 05:14:20.353 1197 5371 I CCodecBufferChannel: pipelineRoom(2) is <= numClientBuffers(2). Not signalling any more buffers to client
11-08 05:14:20.354 1197 5371 I CCodecBufferChannel: pipelineRoom(2) is <= numClientBuffers(2). Not signalling any more buffers to client
11-08 05:14:20.354 1197 5371 I CCodecBufferChannel: pipelineRoom(2) is <= numClientBuffers(2). Not signalling any more buffers to client
11-08 05:14:20.354 1197 14629 I CCodecBufferChannel: pipelineRoom(2) is <= numClientBuffers(2). Not signalling any more buffers to client
11-08 05:14:20.356 1197 5371 I CCodecBufferChannel: pipelineRoom(2) is <= numClientBuffers(3). Not signalling any more buffers to client
11-08 05:14:20.356 1197 14629 I CCodecBufferChannel: pipelineRoom(2) is <= numClientBuffers(2). Not signalling any more buffers to client
11-08 05:14:20.357 1197 1821 I CCodecBufferChannel: pipelineRoom(2) is <= numClientBuffers(3). Not signalling any more buffers to client
11-08 05:14:20.357 1197 14629 I CCodecBufferChannel: pipelineRoom(2) is <= numClientBuffers(2). Not signalling any more buffers to client
11-08 05:14:20.359 1197 1821 I CCodecBufferChannel: pipelineRoom(2) is <= numClientBuffers(3). Not signalling any more buffers to client
11-08 05:14:20.359 1197 14629 I CCodecBufferChannel: pipelineRoom(2) is <= numClientBuffers(2). Not signalling any more buffers to client
11-08 05:14:20.361 1197 1821 I CCodecBufferChannel: pipelineRoom(3) is <= numClientBuffers(3). Not signalling any more buffers to client
11-08 05:14:20.372 1197 14629 I CCodecBufferChannel: pipelineRoom(1) is <= numClientBuffers(1). Not signalling any more buffers to client
11-08 05:14:20.373 1197 14629 I CCodecBufferChannel: pipelineRoom(2) is <= numClientBuffers(2). Not signalling any more buffers to client
11-08 05:14:20.373 1197 14629 I CCodecBufferChannel: pipelineRoom(3) is <= numClientBuffers(3). Not signalling any more buffers to client
11-08 05:14:20.377 1197 5371 I CCodecBufferChannel: pipelineRoom(2) is <= numClientBuffers(2). Not signalling any more buffers to client
11-08 05:14:20.645 2526 2526 D StateManager: goToState: Overview
11-08 05:14:20.647 2526 2526 D FreeWindowContainer: reloadTask: null
11-08 05:14:20.650 1197 1821 I CCodecBufferChannel: pipelineRoom(1) is <= numClientBuffers(1). Not signalling any more buffers to client
11-08 05:14:20.651 1197 1821 I CCodecBufferChannel: pipelineRoom(1) is <= numClientBuffers(1). Not signalling any more buffers to client
11-08 05:14:20.657 1197 1784 I CCodecBufferChannel: pipelineRoom(1) is <= numClientBuffers(1). Not signalling any more buffers to client
11-08 05:14:20.658 1197 1784 I CCodecBufferChannel: pipelineRoom(2) is <= numClientBuffers(2). Not signalling any more buffers to client
11-08 05:14:20.658 1197 14629 I CCodecBufferChannel: pipelineRoom(3) is <= numClientBuffers(3). Not signalling any more buffers to client
11-08 05:14:20.663 1197 11391 I CCodecBufferChannel: pipelineRoom(2) is <= numClientBuffers(2). Not signalling any more buffers to client
11-08 05:14:20.663 1197 11391 I CCodecBufferChannel: pipelineRoom(2) is <= numClientBuffers(2). Not signalling any more buffers to client
11-08 05:14:20.664 1197 14629 I CCodecBufferChannel: pipelineRoom(2) is <= numClientBuffers(2). Not signalling any more buffers to client
11-08 05:14:20.665 2526 2526 D EditModeHelper: setHotseatVisibility: 0
11-08 05:14:20.683 0 0 I auditd : type=1400 audit(0.0:11688): avc: denied { kill } for comm="swapper/0" capability=5 scontext=u:r:kernel:s0 tcontext=u:r:kernel:s0 tclass=capability permissive=0
11-08 05:14:20.683 0 0 W swapper/0: type=1400 audit(0.0:11688): avc: denied { kill } for capability=5 scontext=u:r:kernel:s0 tcontext=u:r:kernel:s0 tclass=capability permissive=0
11-08 05:14:20.730 1969 1986 W System : A resource failed to call close.
11-08 05:14:20.731 1969 1986 W System : A resource failed to call close.
11-08 05:14:20.731 1969 1986 W System : A resource failed to call release.
11-08 05:14:20.732 1969 1986 W System : A resource failed to call release.
11-08 05:14:20.732 1969 1986 W System : A resource failed to call close.
11-08 05:14:20.732 1969 1986 W System : A resource failed to call release.
11-08 05:14:20.732 1969 1986 W System : A resource failed to call release.
11-08 05:14:20.857 2269 3795 D NetworkMonitor/100: isDataStall: result=1, tcp packets received=0, latest tcp fail rate=0, consecutive dns timeout count=310
11-08 05:14:20.857 2269 3795 D NetworkMonitor/100: Suspecting data stall, reevaluate
11-08 05:14:20.858 1517 8721 D ConnectivityService: Data stall detected with methods: 1
11-08 05:14:20.858 2269 14677 D NetworkMonitor/100: Validation disabled.
11-08 05:14:20.863 1517 1740 D ConnectivityService: [100 WIFI] validation passed
11-08 05:14:20.873 1517 1677 I commit_sys_config_file: [settings-1-0,6]
11-08 05:14:20.932 1197 5693 I CCodecBufferChannel: pipelineRoom(1) is <= numClientBuffers(2). Not signalling any more buffers to client
11-08 05:14:20.932 1197 14629 I CCodecBufferChannel: pipelineRoom(1) is <= numClientBuffers(1). Not signalling any more buffers to client
11-08 05:14:20.933 1197 14629 I CCodecBufferChannel: pipelineRoom(2) is <= numClientBuffers(2). Not signalling any more buffers to client
11-08 05:14:20.933 1197 5693 I CCodecBufferChannel: pipelineRoom(2) is <= numClientBuffers(2). Not signalling any more buffers to client
11-08 05:14:20.934 1197 1821 I CCodecBufferChannel: pipelineRoom(2) is <= numClientBuffers(2). Not signalling any more buffers to client
11-08 05:14:20.935 1197 5371 I CCodecBufferChannel: pipelineRoom(2) is <= numClientBuffers(3). Not signalling any more buffers to client
11-08 05:14:20.935 1197 14629 I CCodecBufferChannel: pipelineRoom(2) is <= numClientBuffers(2). Not signalling any more buffers to client
11-08 05:14:20.937 1197 1821 I CCodecBufferChannel: pipelineRoom(2) is <= numClientBuffers(2). Not signalling any more buffers to client
11-08 05:14:20.938 1197 5371 I CCodecBufferChannel: pipelineRoom(2) is <= numClientBuffers(2). Not signalling any more buffers to client
11-08 05:14:20.939 1197 1821 I CCodecBufferChannel: pipelineRoom(2) is <= numClientBuffers(3). Not signalling any more buffers to client
11-08 05:14:20.939 1197 14629 I CCodecBufferChannel: pipelineRoom(2) is <= numClientBuffers(2). Not signalling any more buffers to client
11-08 05:14:21.051 1204 5305 I OMX-VENC: venc_dev: stats: avg. fps 53.48, bitrate 2723004
11-08 05:14:21.071 646 661 I mpu_uart: [MSG-P:RECV]:No message received in 1000 ms
11-08 05:14:21.204 1197 1821 I CCodecBufferChannel: pipelineRoom(1) is <= numClientBuffers(1). Not signalling any more buffers to client
11-08 05:14:21.248 1517 1689 I input_interaction: Interaction with: de3c7b2 com.android.launcher3/com.android.launcher3.uioverrides.QuickstepLauncher (server), edge-swipe (server), swipe-up (server), PointerEventDispatcher0 (server),
11-08 05:14:21.483 1197 1821 I CCodecBufferChannel: pipelineRoom(1) is <= numClientBuffers(1). Not signalling any more buffers to client
11-08 05:14:21.483 1197 5371 I CCodecBufferChannel: pipelineRoom(1) is <= numClientBuffers(1). Not signalling any more buffers to client
11-08 05:14:21.488 1197 1821 I CCodecBufferChannel: pipelineRoom(1) is <= numClientBuffers(1). Not signalling any more buffers to client
11-08 05:14:21.489 1197 14629 I CCodecBufferChannel: pipelineRoom(1) is <= numClientBuffers(1). Not signalling any more buffers to client
11-08 05:14:21.650 2526 2526 D StateManager: goToState: Normal
11-08 05:14:21.652 2526 2526 D EditModeHelper: setHotseatVisibility: 0
11-08 05:14:21.667 1517 9201 I wm_task_moved: [92,1,6]
11-08 05:14:21.670 1517 9201 I wm_focused_root_task: [0,0,92,214,RecentsAnimation.onAnimationFinished()]
11-08 05:14:21.671 14223 14223 I wm_on_top_resumed_lost_called: [43420371,com.android.gallery3d.app.MovieActivity,topStateChangedWhenResumed]
11-08 05:14:21.672 1517 9201 D ActivityTrigger: ActivityTrigger activityPauseTrigger
11-08 05:14:21.672 1517 9201 I wm_pause_activity: [0,43420371,com.android.gallery3d/.app.MovieActivity,userLeaving=false,pauseBackTasks]
11-08 05:14:21.673 1517 9201 I ActivityTaskManager: FOREGROUND_APPLICATION_CHANGED to com.android.launcher3.uioverrides.QuickstepLauncher
11-08 05:14:21.674 1517 9201 I wm_set_resumed_activity: [0,com.android.launcher3/.uioverrides.QuickstepLauncher,resumeTopActivityInnerLocked]
11-08 05:14:21.676 1517 9201 I wm_resume_activity: [0,193491456,93,com.android.launcher3/.uioverrides.QuickstepLauncher]
11-08 05:14:21.676 1517 9201 I wm_add_to_stopping: [0,43420371,com.android.gallery3d/.app.MovieActivity,makeInvisible]
11-08 05:14:21.683 12092 12092 I auditd : type=1400 audit(0.0:11689): avc: denied { kill } for comm="kworker/u16:2" capability=5 scontext=u:r:kernel:s0 tcontext=u:r:kernel:s0 tclass=capability permissive=0
11-08 05:14:21.683 12092 12092 W kworker/u16:2: type=1400 audit(0.0:11689): avc: denied { kill } for capability=5 scontext=u:r:kernel:s0 tcontext=u:r:kernel:s0 tclass=capability permissive=0
11-08 05:14:21.693 1517 1609 I input_focus: [Focus request de3c7b2 com.android.launcher3/com.android.launcher3.uioverrides.QuickstepLauncher,reason=UpdateInputWindows]
11-08 05:14:21.694 1197 1197 D NuPlayerDriver: reset(0xecd40f10) at state 5
11-08 05:14:21.698 1197 14629 D CCodecBuffers: [c2.android.aac.decoder#498:1D-Output.Impl[N]] Client returned a buffer it does not own according to our record: 0
11-08 05:14:21.699 1197 14629 D CCodecBuffers: [c2.android.aac.decoder#498:1D-Output.Impl[N]] Client returned a buffer it does not own according to our record: 1
11-08 05:14:21.699 1197 14629 D CCodecBuffers: [c2.android.aac.decoder#498:1D-Output.Impl[N]] Client returned a buffer it does not own according to our record: 2
11-08 05:14:21.700 1517 1689 I input_focus: [Focus leaving recents_animation_input_consumer (server),reason=NOT_VISIBLE]
11-08 05:14:21.700 1517 1689 I input_focus: [Focus entering de3c7b2 com.android.launcher3/com.android.launcher3.uioverrides.QuickstepLauncher (server),reason=setFocusedWindow]
11-08 05:14:21.704 1197 14629 I hw-BpHwBinder: onLastStrongRef automatically unlinking death recipients
11-08 05:14:21.704 1250 1789 I hw-BpHwBinder: onLastStrongRef automatically unlinking death recipients
11-08 05:14:21.709 1250 1789 V C2Store : in ~ComponentModule
11-08 05:14:21.709 1250 1789 V C2Store : unloading dll
11-08 05:14:21.710 1517 1608 I sysui_multi_action: [757,803,799,window_time_2,802,73]
11-08 05:14:21.712 1517 1608 I wm_stop_activity: [0,43420371,com.android.gallery3d/.app.MovieActivity]
11-08 05:14:21.714 1517 1608 I sysui_multi_action: [757,803,799,window_time_0,802,0]
11-08 05:14:21.717 2526 2526 I wm_on_resume_called: [193491456,com.android.launcher3.uioverrides.QuickstepLauncher,RESUME_ACTIVITY]
11-08 05:14:21.718 2526 2526 I wm_on_top_resumed_gained_called: [193491456,com.android.launcher3.uioverrides.QuickstepLauncher,topStateChangedWhenResumed]
11-08 05:14:21.735 1204 1881 I OMX-VDEC-1080P: omx_vdec::component_deinit() complete
11-08 05:14:21.737 1204 1881 I OMX-VDEC-1080P: Exit OMX vdec Destructor: fd=11
11-08 05:14:21.738 1197 14614 D SurfaceUtils: disconnecting from surface 0xec14c998, reason disconnectFromSurface
11-08 05:14:21.745 1517 1614 I am_pss : [14222,10088,com.android.music,24264704,18345984,0,142430208,0,2,8]
11-08 05:14:21.745 1197 14613 D SurfaceUtils: connecting to surface 0xec14c998, reason onShutdown
11-08 05:14:21.754 1517 1614 I am_pss : [14651,1000,com.qti.diagservices,6068224,3895296,0,94982144,0,10,7]
11-08 05:14:21.759 1197 14607 D NuPlayerDriver: notifyResetComplete(0xecd40f10)
11-08 05:14:21.760 1197 1197 D NuPlayerDriver: reset(0xecd40f10) at state 0
11-08 05:14:21.761 1197 1197 D SurfaceUtils: disconnecting from surface 0xec1464d8, reason disconnectNativeWindow
11-08 05:14:21.762 801 870 D audio_hw_primary: copl(0xe88ceb00):pause compress driver
