11-08 04:58:14.683 0 0 I auditd : type=1400 audit(0.0:10602): avc: denied { kill } for comm="swapper/0" capability=5 scontext=u:r:kernel:s0 tcontext=u:r:kernel:s0 tclass=capability permissive=0
11-08 04:58:15.683 0 0 I auditd : type=1400 audit(0.0:10603): avc: denied { kill } for comm="swapper/0" capability=5 scontext=u:r:kernel:s0 tcontext=u:r:kernel:s0 tclass=capability permissive=0
11-08 04:58:16.683 0 0 I auditd : type=1400 audit(0.0:10604): avc: denied { kill } for comm="swapper/0" capability=5 scontext=u:r:kernel:s0 tcontext=u:r:kernel:s0 tclass=capability permissive=0
11-08 04:58:17.683 0 0 I auditd : type=1400 audit(0.0:10605): avc: denied { kill } for comm="swapper/0" capability=5 scontext=u:r:kernel:s0 tcontext=u:r:kernel:s0 tclass=capability permissive=0
11-08 04:58:18.683 350 350 I auditd : type=1400 audit(0.0:10606): avc: denied { kill } for comm="irq/382-atmel_m" capability=5 scontext=u:r:kernel:s0 tcontext=u:r:kernel:s0 tclass=capability permissive=0
11-08 04:58:19.285 1517 1678 I am_freeze: [11489,com.android.calendar]
11-08 04:58:19.286 1517 1678 I am_kill : [0,11489,com.android.calendar,965,Unable to freeze binder interface]
11-08 04:58:19.315 1517 5618 I am_proc_died: [0,11489,com.android.calendar,965,19]
11-08 04:58:19.316 1517 5618 I am_uid_stopped: 10064
11-08 04:58:19.322 1517 1608 I am_uid_running: 10064
11-08 04:58:19.331 1517 1614 I am_pss : [2526,10076,com.android.launcher3,122217472,109830144,0,256307200,0,2,12]
11-08 04:58:19.340 1517 1614 I am_pss : [12381,10035,com.microsoft.emmx,36405248,32387072,0,135090176,0,19,6]
11-08 04:58:19.340 1517 1616 I am_proc_start: [0,12440,10064,com.android.calendar,NULL,]
11-08 04:58:19.381 1517 5618 I am_proc_bound: [0,12440,com.android.calendar]
11-08 04:58:19.683 0 0 I auditd : type=1400 audit(0.0:10607): avc: denied { kill } for comm="swapper/0" capability=5 scontext=u:r:kernel:s0 tcontext=u:r:kernel:s0 tclass=capability permissive=0
11-08 04:58:20.683 0 0 I auditd : type=1400 audit(0.0:10608): avc: denied { kill } for comm="swapper/0" capability=5 scontext=u:r:kernel:s0 tcontext=u:r:kernel:s0 tclass=capability permissive=0
11-08 04:58:21.683 0 0 I auditd : type=1400 audit(0.0:10609): avc: denied { kill } for comm="swapper/0" capability=5 scontext=u:r:kernel:s0 tcontext=u:r:kernel:s0 tclass=capability permissive=0
11-08 04:58:22.683 0 0 I auditd : type=1400 audit(0.0:10610): avc: denied { kill } for comm="swapper/0" capability=5 scontext=u:r:kernel:s0 tcontext=u:r:kernel:s0 tclass=capability permissive=0
11-08 04:58:23.683 0 0 I auditd : type=1400 audit(0.0:10611): avc: denied { kill } for comm="swapper/0" capability=5 scontext=u:r:kernel:s0 tcontext=u:r:kernel:s0 tclass=capability permissive=0
11-08 04:58:24.085 1517 1717 I netstats_mobile_sample: [0,0,0,0,0,0,0,0,0,0,0,0,1667854704085]
11-08 04:58:24.085 1517 1717 I netstats_wifi_sample: [71598821,167299,39543827,96703,71598821,167299,39543827,96703,91426098,295229,19897849,50378,1667854704085]
11-08 04:58:24.683 0 0 I auditd : type=1400 audit(0.0:10612): avc: denied { kill } for comm="swapper/0" capability=5 scontext=u:r:kernel:s0 tcontext=u:r:kernel:s0 tclass=capability permissive=0
11-08 04:58:25.683 0 0 I auditd : type=1400 audit(0.0:10613): avc: denied { kill } for comm="swapper/0" capability=5 scontext=u:r:kernel:s0 tcontext=u:r:kernel:s0 tclass=capability permissive=0
11-08 04:58:26.683 0 0 I auditd : type=1400 audit(0.0:10614): avc: denied { kill } for comm="swapper/1" capability=5 scontext=u:r:kernel:s0 tcontext=u:r:kernel:s0 tclass=capability permissive=0
11-08 04:58:27.683 0 0 I auditd : type=1400 audit(0.0:10615): avc: denied { kill } for comm="swapper/1" capability=5 scontext=u:r:kernel:s0 tcontext=u:r:kernel:s0 tclass=capability permissive=0
11-08 04:58:28.683 0 0 I auditd : type=1400 audit(0.0:10616): avc: denied { kill } for comm="swapper/1" capability=5 scontext=u:r:kernel:s0 tcontext=u:r:kernel:s0 tclass=capability permissive=0
11-08 04:58:29.683 0 0 I auditd : type=1400 audit(0.0:10617): avc: denied { kill } for comm="swapper/1" capability=5 scontext=u:r:kernel:s0 tcontext=u:r:kernel:s0 tclass=capability permissive=0
11-08 04:58:31.683 0 0 I auditd : type=1400 audit(0.0:10618): avc: denied { kill } for comm="swapper/1" capability=5 scontext=u:r:kernel:s0 tcontext=u:r:kernel:s0 tclass=capability permissive=0
11-08 04:58:32.683 0 0 I auditd : type=1400 audit(0.0:10619): avc: denied { kill } for comm="swapper/1" capability=5 scontext=u:r:kernel:s0 tcontext=u:r:kernel:s0 tclass=capability permissive=0
11-08 04:58:33.683 0 0 I auditd : type=1400 audit(0.0:10620): avc: denied { kill } for comm="swapper/1" capability=5 scontext=u:r:kernel:s0 tcontext=u:r:kernel:s0 tclass=capability permissive=0
11-08 04:58:33.990 1517 1615 I am_uid_idle: 10066
11-08 04:58:34.683 0 0 I auditd : type=1400 audit(0.0:10621): avc: denied { kill } for comm="swapper/1" capability=5 scontext=u:r:kernel:s0 tcontext=u:r:kernel:s0 tclass=capability permissive=0
11-08 04:58:35.683 0 0 I auditd : type=1400 audit(0.0:10622): avc: denied { kill } for comm="swapper/1" capability=5 scontext=u:r:kernel:s0 tcontext=u:r:kernel:s0 tclass=capability permissive=0
11-08 04:58:36.683 0 0 I auditd : type=1400 audit(0.0:10623): avc: denied { kill } for comm="swapper/1" capability=5 scontext=u:r:kernel:s0 tcontext=u:r:kernel:s0 tclass=capability permissive=0
11-08 04:58:37.683 0 0 I auditd : type=1400 audit(0.0:10624): avc: denied { kill } for comm="swapper/1" capability=5 scontext=u:r:kernel:s0 tcontext=u:r:kernel:s0 tclass=capability permissive=0
11-08 04:58:37.716 1517 1631 I sysui_multi_action: [757,1696,758,6,759,2]
11-08 04:58:37.731 1517 1615 I am_wtf : [0,1517,system_server,-1,DisplayDeviceConfig,requesting nits when no mapping exists.]
11-08 04:58:37.734 1517 1615 I am_wtf : [0,1517,system_server,-1,DisplayDeviceConfig,requesting nits when no mapping exists.]
11-08 04:58:37.747 1517 1615 I am_wtf : [0,1517,system_server,-1,DisplayDeviceConfig,requesting nits when no mapping exists.]
11-08 04:58:37.748 1517 1615 I am_wtf : [0,1517,system_server,-1,DisplayDeviceConfig,requesting nits when no mapping exists.]
11-08 04:58:37.764 1517 1615 I am_wtf : [0,1517,system_server,-1,DisplayDeviceConfig,requesting nits when no mapping exists.]
11-08 04:58:37.765 1517 1615 I am_wtf : [0,1517,system_server,-1,DisplayDeviceConfig,requesting nits when no mapping exists.]
11-08 04:58:37.778 1517 1615 I am_wtf : [0,1517,system_server,-1,DisplayDeviceConfig,requesting nits when no mapping exists.]
11-08 04:58:37.779 1517 1615 I am_wtf : [0,1517,system_server,-1,DisplayDeviceConfig,requesting nits when no mapping exists.]
11-08 04:58:37.795 1517 1615 I am_wtf : [0,1517,system_server,-1,DisplayDeviceConfig,requesting nits when no mapping exists.]
11-08 04:58:37.796 1517 1615 I am_wtf : [0,1517,system_server,-1,DisplayDeviceConfig,requesting nits when no mapping exists.]
11-08 04:58:37.812 1517 1615 I am_wtf : [0,1517,system_server,-1,DisplayDeviceConfig,requesting nits when no mapping exists.]
11-08 04:58:37.814 1517 1615 I am_wtf : [0,1517,system_server,-1,DisplayDeviceConfig,requesting nits when no mapping exists.]
11-08 04:58:37.828 1517 1615 I am_wtf : [0,1517,system_server,-1,DisplayDeviceConfig,requesting nits when no mapping exists.]
11-08 04:58:37.829 1517 1615 I am_wtf : [0,1517,system_server,-1,DisplayDeviceConfig,requesting nits when no mapping exists.]
11-08 04:58:37.845 1517 1615 I am_wtf : [0,1517,system_server,-1,DisplayDeviceConfig,requesting nits when no mapping exists.]
11-08 04:58:37.846 1517 1615 I am_wtf : [0,1517,system_server,-1,DisplayDeviceConfig,requesting nits when no mapping exists.]
11-08 04:58:37.862 1517 1615 I am_wtf : [0,1517,system_server,-1,DisplayDeviceConfig,requesting nits when no mapping exists.]
11-08 04:58:37.864 1517 1615 I am_wtf : [0,1517,system_server,-1,DisplayDeviceConfig,requesting nits when no mapping exists.]
11-08 04:58:37.879 1517 1615 I am_wtf : [0,1517,system_server,-1,DisplayDeviceConfig,requesting nits when no mapping exists.]
11-08 04:58:37.881 1517 1615 I am_wtf : [0,1517,system_server,-1,DisplayDeviceConfig,requesting nits when no mapping exists.]
11-08 04:58:37.895 1517 1615 I am_wtf : [0,1517,system_server,-1,DisplayDeviceConfig,requesting nits when no mapping exists.]
11-08 04:58:37.896 1517 1615 I am_wtf : [0,1517,system_server,-1,DisplayDeviceConfig,requesting nits when no mapping exists.]
11-08 04:58:37.912 1517 1615 I am_wtf : [0,1517,system_server,-1,DisplayDeviceConfig,requesting nits when no mapping exists.]
11-08 04:58:37.913 1517 1615 I am_wtf : [0,1517,system_server,-1,DisplayDeviceConfig,requesting nits when no mapping exists.]
11-08 04:58:37.929 1517 1615 I am_wtf : [0,1517,system_server,-1,DisplayDeviceConfig,requesting nits when no mapping exists.]
11-08 04:58:37.930 1517 1615 I am_wtf : [0,1517,system_server,-1,DisplayDeviceConfig,requesting nits when no mapping exists.]
11-08 04:58:37.946 1517 1615 I am_wtf : [0,1517,system_server,-1,DisplayDeviceConfig,requesting nits when no mapping exists.]
11-08 04:58:37.948 1517 1615 I am_wtf : [0,1517,system_server,-1,DisplayDeviceConfig,requesting nits when no mapping exists.]
11-08 04:58:37.962 1517 1615 I am_wtf : [0,1517,system_server,-1,DisplayDeviceConfig,requesting nits when no mapping exists.]
11-08 04:58:37.963 1517 1615 I am_wtf : [0,1517,system_server,-1,DisplayDeviceConfig,requesting nits when no mapping exists.]
11-08 04:58:37.979 1517 1615 I am_wtf : [0,1517,system_server,-1,DisplayDeviceConfig,requesting nits when no mapping exists.]
11-08 04:58:37.980 1517 1615 I am_wtf : [0,1517,system_server,-1,DisplayDeviceConfig,requesting nits when no mapping exists.]
11-08 04:58:37.996 1517 1615 I am_wtf : [0,1517,system_server,-1,DisplayDeviceConfig,requesting nits when no mapping exists.]
11-08 04:58:37.997 1517 1615 I am_wtf : [0,1517,system_server,-1,DisplayDeviceConfig,requesting nits when no mapping exists.]
11-08 04:58:38.012 1517 1615 I am_wtf : [0,1517,system_server,-1,DisplayDeviceConfig,requesting nits when no mapping exists.]
11-08 04:58:38.014 1517 1615 I am_wtf : [0,1517,system_server,-1,DisplayDeviceConfig,requesting nits when no mapping exists.]
11-08 04:58:38.030 1517 1615 I am_wtf : [0,1517,system_server,-1,DisplayDeviceConfig,requesting nits when no mapping exists.]
11-08 04:58:38.030 1517 1615 I am_wtf : [0,1517,system_server,-1,DisplayDeviceConfig,requesting nits when no mapping exists.]
11-08 04:58:38.046 1517 1615 I am_wtf : [0,1517,system_server,-1,DisplayDeviceConfig,requesting nits when no mapping exists.]
11-08 04:58:38.047 1517 1615 I am_wtf : [0,1517,system_server,-1,DisplayDeviceConfig,requesting nits when no mapping exists.]
11-08 04:58:38.063 1517 1615 I am_wtf : [0,1517,system_server,-1,DisplayDeviceConfig,requesting nits when no mapping exists.]
11-08 04:58:38.064 1517 1615 I am_wtf : [0,1517,system_server,-1,DisplayDeviceConfig,requesting nits when no mapping exists.]
11-08 04:58:38.079 1517 1615 I am_wtf : [0,1517,system_server,-1,DisplayDeviceConfig,requesting nits when no mapping exists.]
11-08 04:58:38.080 1517 1615 I am_wtf : [0,1517,system_server,-1,DisplayDeviceConfig,requesting nits when no mapping exists.]
11-08 04:58:38.096 1517 1615 I am_wtf : [0,1517,system_server,-1,DisplayDeviceConfig,requesting nits when no mapping exists.]
11-08 04:58:38.097 1517 1615 I am_wtf : [0,1517,system_server,-1,DisplayDeviceConfig,requesting nits when no mapping exists.]
11-08 04:58:38.113 1517 1615 I am_wtf : [0,1517,system_server,-1,DisplayDeviceConfig,requesting nits when no mapping exists.]
11-08 04:58:38.114 1517 1615 I am_wtf : [0,1517,system_server,-1,DisplayDeviceConfig,requesting nits when no mapping exists.]
11-08 04:58:38.114 1517 1615 I service_manager_stats: [100,66,86780]
11-08 04:58:38.130 1517 1615 I am_wtf : [0,1517,system_server,-1,DisplayDeviceConfig,requesting nits when no mapping exists.]
11-08 04:58:38.130 1517 1615 I am_wtf : [0,1517,system_server,-1,DisplayDeviceConfig,requesting nits when no mapping exists.]
11-08 04:58:38.147 1517 1615 I am_wtf : [0,1517,system_server,-1,DisplayDeviceConfig,requesting nits when no mapping exists.]
11-08 04:58:38.148 1517 1615 I am_wtf : [0,1517,system_server,-1,DisplayDeviceConfig,requesting nits when no mapping exists.]
11-08 04:58:38.164 1517 1615 I am_wtf : [0,1517,system_server,-1,DisplayDeviceConfig,requesting nits when no mapping exists.]
11-08 04:58:38.165 1517 1615 I am_wtf : [0,1517,system_server,-1,DisplayDeviceConfig,requesting nits when no mapping exists.]
11-08 04:58:38.180 1517 1615 I am_wtf : [0,1517,system_server,-1,DisplayDeviceConfig,requesting nits when no mapping exists.]
11-08 04:58:38.181 1517 1615 I am_wtf : [0,1517,system_server,-1,DisplayDeviceConfig,requesting nits when no mapping exists.]
11-08 04:58:38.196 1517 1615 I am_wtf : [0,1517,system_server,-1,DisplayDeviceConfig,requesting nits when no mapping exists.]
11-08 04:58:38.197 1517 1615 I am_wtf : [0,1517,system_server,-1,DisplayDeviceConfig,requesting nits when no mapping exists.]
11-08 04:58:38.213 1517 1615 I am_wtf : [0,1517,system_server,-1,DisplayDeviceConfig,requesting nits when no mapping exists.]
11-08 04:58:38.214 1517 1615 I am_wtf : [0,1517,system_server,-1,DisplayDeviceConfig,requesting nits when no mapping exists.]
11-08 04:58:38.230 1517 1615 I am_wtf : [0,1517,system_server,-1,DisplayDeviceConfig,requesting nits when no mapping exists.]
11-08 04:58:38.231 1517 1615 I am_wtf : [0,1517,system_server,-1,DisplayDeviceConfig,requesting nits when no mapping exists.]
11-08 04:58:38.246 1517 1615 I am_wtf : [0,1517,system_server,-1,DisplayDeviceConfig,requesting nits when no mapping exists.]
11-08 04:58:38.247 1517 1615 I am_wtf : [0,1517,system_server,-1,DisplayDeviceConfig,requesting nits when no mapping exists.]
11-08 04:58:38.264 1517 1615 I am_wtf : [0,1517,system_server,-1,DisplayDeviceConfig,requesting nits when no mapping exists.]
11-08 04:58:38.265 1517 1615 I am_wtf : [0,1517,system_server,-1,DisplayDeviceConfig,requesting nits when no mapping exists.]
11-08 04:58:38.281 1517 1615 I am_wtf : [0,1517,system_server,-1,DisplayDeviceConfig,requesting nits when no mapping exists.]
11-08 04:58:38.283 1517 1615 I am_wtf : [0,1517,system_server,-1,DisplayDeviceConfig,requesting nits when no mapping exists.]
11-08 04:58:38.297 1517 1615 I am_wtf : [0,1517,system_server,-1,DisplayDeviceConfig,requesting nits when no mapping exists.]
11-08 04:58:38.298 1517 1615 I am_wtf : [0,1517,system_server,-1,DisplayDeviceConfig,requesting nits when no mapping exists.]
11-08 04:58:38.313 1517 1615 I am_wtf : [0,1517,system_server,-1,DisplayDeviceConfig,requesting nits when no mapping exists.]
11-08 04:58:38.315 1517 1615 I am_wtf : [0,1517,system_server,-1,DisplayDeviceConfig,requesting nits when no mapping exists.]
11-08 04:58:38.330 1517 1615 I am_wtf : [0,1517,system_server,-1,DisplayDeviceConfig,requesting nits when no mapping exists.]
11-08 04:58:38.330 1517 1615 I am_wtf : [0,1517,system_server,-1,DisplayDeviceConfig,requesting nits when no mapping exists.]
11-08 04:58:38.346 1517 1615 I am_wtf : [0,1517,system_server,-1,DisplayDeviceConfig,requesting nits when no mapping exists.]
11-08 04:58:38.347 1517 1615 I am_wtf : [0,1517,system_server,-1,DisplayDeviceConfig,requesting nits when no mapping exists.]
11-08 04:58:38.364 1517 1615 I am_wtf : [0,1517,system_server,-1,DisplayDeviceConfig,requesting nits when no mapping exists.]
11-08 04:58:38.365 1517 1615 I am_wtf : [0,1517,system_server,-1,DisplayDeviceConfig,requesting nits when no mapping exists.]
11-08 04:58:38.380 1517 1615 I am_wtf : [0,1517,system_server,-1,DisplayDeviceConfig,requesting nits when no mapping exists.]
11-08 04:58:38.381 1517 1615 I am_wtf : [0,1517,system_server,-1,DisplayDeviceConfig,requesting nits when no mapping exists.]
11-08 04:58:38.397 1517 1615 I am_wtf : [0,1517,system_server,-1,DisplayDeviceConfig,requesting nits when no mapping exists.]
11-08 04:58:38.398 1517 1615 I am_wtf : [0,1517,system_server,-1,DisplayDeviceConfig,requesting nits when no mapping exists.]
11-08 04:58:38.414 1517 1615 I am_wtf : [0,1517,system_server,-1,DisplayDeviceConfig,requesting nits when no mapping exists.]
11-08 04:58:38.415 1517 1615 I am_wtf : [0,1517,system_server,-1,DisplayDeviceConfig,requesting nits when no mapping exists.]
11-08 04:58:38.430 1517 1615 I am_wtf : [0,1517,system_server,-1,DisplayDeviceConfig,requesting nits when no mapping exists.]
11-08 04:58:38.431 1517 1615 I am_wtf : [0,1517,system_server,-1,DisplayDeviceConfig,requesting nits when no mapping exists.]
11-08 04:58:38.446 1517 1615 I am_wtf : [0,1517,system_server,-1,DisplayDeviceConfig,requesting nits when no mapping exists.]
11-08 04:58:38.447 1517 1615 I am_wtf : [0,1517,system_server,-1,DisplayDeviceConfig,requesting nits when no mapping exists.]
11-08 04:58:38.463 1517 1615 I am_wtf : [0,1517,system_server,-1,DisplayDeviceConfig,requesting nits when no mapping exists.]
11-08 04:58:38.464 1517 1615 I am_wtf : [0,1517,system_server,-1,DisplayDeviceConfig,requesting nits when no mapping exists.]
11-08 04:58:38.480 1517 1615 I am_wtf : [0,1517,system_server,-1,DisplayDeviceConfig,requesting nits when no mapping exists.]
11-08 04:58:38.481 1517 1615 I am_wtf : [0,1517,system_server,-1,DisplayDeviceConfig,requesting nits when no mapping exists.]
11-08 04:58:38.497 1517 1615 I am_wtf : [0,1517,system_server,-1,DisplayDeviceConfig,requesting nits when no mapping exists.]
11-08 04:58:38.498 1517 1615 I am_wtf : [0,1517,system_server,-1,DisplayDeviceConfig,requesting nits when no mapping exists.]
11-08 04:58:38.513 1517 1615 I am_wtf : [0,1517,system_server,-1,DisplayDeviceConfig,requesting nits when no mapping exists.]
11-08 04:58:38.515 1517 1615 I am_wtf : [0,1517,system_server,-1,DisplayDeviceConfig,requesting nits when no mapping exists.]
11-08 04:58:38.530 1517 1615 I am_wtf : [0,1517,system_server,-1,DisplayDeviceConfig,requesting nits when no mapping exists.]
11-08 04:58:38.532 1517 1615 I am_wtf : [0,1517,system_server,-1,DisplayDeviceConfig,requesting nits when no mapping exists.]
11-08 04:58:38.547 1517 1615 I am_wtf : [0,1517,system_server,-1,DisplayDeviceConfig,requesting nits when no mapping exists.]
11-08 04:58:38.548 1517 1615 I am_wtf : [0,1517,system_server,-1,DisplayDeviceConfig,requesting nits when no mapping exists.]
11-08 04:58:38.565 1517 1615 I am_wtf : [0,1517,system_server,-1,DisplayDeviceConfig,requesting nits when no mapping exists.]
11-08 04:58:38.566 1517 1615 I am_wtf : [0,1517,system_server,-1,DisplayDeviceConfig,requesting nits when no mapping exists.]
11-08 04:58:38.581 1517 1615 I am_wtf : [0,1517,system_server,-1,DisplayDeviceConfig,requesting nits when no mapping exists.]
11-08 04:58:38.582 1517 1615 I am_wtf : [0,1517,system_server,-1,DisplayDeviceConfig,requesting nits when no mapping exists.]
11-08 04:58:38.597 1517 1615 I am_wtf : [0,1517,system_server,-1,DisplayDeviceConfig,requesting nits when no mapping exists.]
11-08 04:58:38.599 1517 1615 I am_wtf : [0,1517,system_server,-1,DisplayDeviceConfig,requesting nits when no mapping exists.]
11-08 04:58:38.614 1517 1615 I am_wtf : [0,1517,system_server,-1,DisplayDeviceConfig,requesting nits when no mapping exists.]
11-08 04:58:38.616 1517 1615 I am_wtf : [0,1517,system_server,-1,DisplayDeviceConfig,requesting nits when no mapping exists.]
11-08 04:58:38.631 1517 1615 I am_wtf : [0,1517,system_server,-1,DisplayDeviceConfig,requesting nits when no mapping exists.]
11-08 04:58:38.632 1517 1615 I am_wtf : [0,1517,system_server,-1,DisplayDeviceConfig,requesting nits when no mapping exists.]
11-08 04:58:38.648 1517 1615 I am_wtf : [0,1517,system_server,-1,DisplayDeviceConfig,requesting nits when no mapping exists.]
11-08 04:58:38.650 1517 1615 I am_wtf : [0,1517,system_server,-1,DisplayDeviceConfig,requesting nits when no mapping exists.]
11-08 04:58:38.683 0 0 I auditd : type=1400 audit(0.0:10625): avc: denied { kill } for comm="swapper/1" capability=5 scontext=u:r:kernel:s0 tcontext=u:r:kernel:s0 tclass=capability permissive=0
11-08 04:58:39.683 0 0 I auditd : type=1400 audit(0.0:10626): avc: denied { kill } for comm="swapper/1" capability=5 scontext=u:r:kernel:s0 tcontext=u:r:kernel:s0 tclass=capability permissive=0
11-08 04:58:40.683 0 0 I auditd : type=1400 audit(0.0:10627): avc: denied { kill } for comm="swapper/1" capability=5 scontext=u:r:kernel:s0 tcontext=u:r:kernel:s0 tclass=capability permissive=0
11-08 04:58:41.683 0 0 I auditd : type=1400 audit(0.0:10628): avc: denied { kill } for comm="swapper/1" capability=5 scontext=u:r:kernel:s0 tcontext=u:r:kernel:s0 tclass=capability permissive=0
11-08 04:58:42.683 0 0 I auditd : type=1400 audit(0.0:10629): avc: denied { kill } for comm="swapper/1" capability=5 scontext=u:r:kernel:s0 tcontext=u:r:kernel:s0 tclass=capability permissive=0
11-08 04:58:43.683 0 0 I auditd : type=1400 audit(0.0:10630): avc: denied { kill } for comm="swapper/1" capability=5 scontext=u:r:kernel:s0 tcontext=u:r:kernel:s0 tclass=capability permissive=0
11-08 04:58:44.229 1517 1615 I am_uid_idle: 10063
11-08 04:58:44.683 0 0 I auditd : type=1400 audit(0.0:10631): avc: denied { kill } for comm="swapper/1" capability=5 scontext=u:r:kernel:s0 tcontext=u:r:kernel:s0 tclass=capability permissive=0
11-08 04:58:44.724 1517 1605 I sysui_multi_action: [757,222,758,1]
11-08 04:58:44.728 1517 1605 I am_uid_active: 10040
11-08 04:58:44.747 1517 9873 I wm_task_created: [186,-1]
11-08 04:58:44.751 1517 9873 I wm_task_moved: [186,1,7]
11-08 04:58:44.751 1517 9873 I wm_task_to_front: [0,186]
11-08 04:58:44.752 1517 9873 I wm_create_task: [0,186]
11-08 04:58:44.752 1517 9873 I wm_create_activity: [0,9308677,186,com.thundercomm.screensaver/android.service.dreams.DreamActivity,NULL,NULL,NULL,276824064]
11-08 04:58:44.752 1517 9873 I wm_task_moved: [186,1,7]
11-08 04:58:44.752 11770 11770 I wm_on_top_resumed_lost_called: [145944152,com.android.music.VideoBrowserActivity,topStateChangedWhenResumed]
11-08 04:58:44.753 1517 1614 I am_pss : [12440,10064,com.android.calendar,6977536,4907008,0,92725248,0,19,9]
11-08 04:58:44.753 1517 9873 I wm_pause_activity: [0,193491456,com.android.launcher3/.uioverrides.QuickstepLauncher,userLeaving=true,pauseBackTasks]
11-08 04:58:44.754 2526 2526 I wm_on_paused_called: [193491456,com.android.launcher3.uioverrides.QuickstepLauncher,performPause]
11-08 04:58:44.759 1517 9075 I wm_add_to_stopping: [0,193491456,com.android.launcher3/.uioverrides.QuickstepLauncher,makeInvisible]
11-08 04:58:44.760 1517 9075 I wm_restart_activity: [0,9308677,186,com.thundercomm.screensaver/android.service.dreams.DreamActivity]
11-08 04:58:44.762 1517 9075 I wm_set_resumed_activity: [0,com.thundercomm.screensaver/android.service.dreams.DreamActivity,minimalResumeActivityLocked]
11-08 04:58:44.764 1517 1614 I am_pss : [12381,10035,com.microsoft.emmx,36260864,32264192,0,134967296,0,19,7]
11-08 04:58:44.776 1517 1608 I sysui_multi_action: [757,803,799,window_time_0,802,67]
11-08 04:58:44.782 4301 4301 I wm_on_create_called: [9308677,android.service.dreams.DreamActivity,performCreate]
11-08 04:58:44.782 4301 4301 I wm_on_start_called: [9308677,android.service.dreams.DreamActivity,handleStartActivity]
11-08 04:58:44.782 4301 4301 I wm_on_resume_called: [9308677,android.service.dreams.DreamActivity,RESUME_ACTIVITY]
11-08 04:58:44.787 4301 4301 I wm_on_top_resumed_gained_called: [9308677,android.service.dreams.DreamActivity,topStateChangedWhenResumed]
11-08 04:58:44.789 1517 1517 I am_uid_active: 10063
11-08 04:58:44.812 1517 1609 I input_focus: [Focus request cfa8e67 com.thundercomm.screensaver/android.service.dreams.DreamActivity,reason=UpdateInputWindows]
11-08 04:58:44.816 1517 1517 I notification_enqueue: [10082,1969,com.android.systemui,2048,NULL,0,Notification(channel=updateNotification shortcut=null contentView=null vibrate=null sound=null defaults=0x0 flags=0x0 color=0x00000000 vis=PRIVATE),1]
11-08 04:58:44.818 1969 1969 I sysui_multi_action: [757,111,758,2]
11-08 04:58:44.818 1969 1969 I sysui_multi_action: [757,111,758,2]
11-08 04:58:44.828 1517 1605 I sysui_multi_action: [319,86,322,85,325,10132,757,761,758,8,759,2,806,com.thundercomm.screensaver,871,android.service.dreams.DreamActivity,904,com.thundercomm.screensaver,905,0,1320,4,1321,2]
11-08 04:58:44.830 1517 1631 I sysui_multi_action: [757,1696,758,6,759,3]
11-08 04:58:44.832 1517 1605 I wm_activity_launch_time: [0,9308677,com.thundercomm.screensaver/android.service.dreams.DreamActivity,85]
11-08 04:58:44.832 1517 1689 I input_focus: [Focus leaving ae21ed com.android.music/com.android.music.VideoBrowserActivity (server),reason=Waiting for window because NOT_VISIBLE]
11-08 04:58:44.835 1517 1615 I am_wtf : [0,1517,system_server,-1,DisplayDeviceConfig,requesting nits when no mapping exists.]
11-08 04:58:44.837 1517 1615 I am_wtf : [0,1517,system_server,-1,DisplayDeviceConfig,requesting nits when no mapping exists.]
11-08 04:58:44.849 1969 1969 I sysui_multi_action: [757,111,758,1]
11-08 04:58:44.849 1969 1969 I sysui_multi_action: [757,126,758,1,759,126,927,0,928,1,1593,0]
11-08 04:58:44.849 1969 1969 I sysui_multi_action: [757,113,758,1,759,113,927,1,928,0,1593,0]
11-08 04:58:44.849 1969 1969 I sysui_multi_action: [757,0,758,1,759,0,927,2,928,0,1593,0]
11-08 04:58:44.849 1969 1969 I sysui_multi_action: [757,0,758,1,759,0,927,3,928,0,1593,0]
11-08 04:58:44.850 1969 1969 I sysui_multi_action: [757,0,758,1,759,0,927,4,1593,0]
11-08 04:58:44.850 1969 1969 I sysui_multi_action: [757,491,758,1,759,491,927,5,928,0,1311,-1,1593,0]
11-08 04:58:44.850 1969 1969 I sysui_multi_action: [757,122,758,1,759,122,927,6,928,1,1593,0]
11-08 04:58:44.850 1969 1969 I sysui_multi_action: [757,0,758,1,759,0,927,7,928,0,1593,0]
11-08 04:58:44.850 1969 1969 I sysui_multi_action: [757,111,758,1]
11-08 04:58:44.850 1969 1969 I sysui_multi_action: [757,126,758,1,759,126,927,0,928,1,1593,0]
11-08 04:58:44.851 1969 1969 I sysui_multi_action: [757,113,758,1,759,113,927,1,928,0,1593,0]
11-08 04:58:44.851 1969 1969 I sysui_multi_action: [757,0,758,1,759,0,927,2,928,0,1593,0]
11-08 04:58:44.851 1517 1615 I am_wtf : [0,1517,system_server,-1,DisplayDeviceConfig,requesting nits when no mapping exists.]
11-08 04:58:44.851 1969 1969 I sysui_multi_action: [757,0,758,1,759,0,927,3,928,0,1593,0]
11-08 04:58:44.851 1517 1615 I am_wtf : [0,1517,system_server,-1,DisplayDeviceConfig,requesting nits when no mapping exists.]
11-08 04:58:44.865 1517 1615 I am_wtf : [0,1517,system_server,-1,DisplayDeviceConfig,requesting nits when no mapping exists.]
11-08 04:58:44.865 1517 1689 I input_focus: [Focus entering cfa8e67 com.thundercomm.screensaver/android.service.dreams.DreamActivity (server),reason=Window became focusable. Previous reason: NOT_VISIBLE]
11-08 04:58:44.866 1517 1615 I am_wtf : [0,1517,system_server,-1,DisplayDeviceConfig,requesting nits when no mapping exists.]
11-08 04:58:44.887 1517 1615 I am_wtf : [0,1517,system_server,-1,DisplayDeviceConfig,requesting nits when no mapping exists.]
11-08 04:58:44.888 1517 1615 I am_wtf : [0,1517,system_server,-1,DisplayDeviceConfig,requesting nits when no mapping exists.]
11-08 04:58:44.898 1517 1615 I am_wtf : [0,1517,system_server,-1,DisplayDeviceConfig,requesting nits when no mapping exists.]
11-08 04:58:44.899 1517 1615 I am_wtf : [0,1517,system_server,-1,DisplayDeviceConfig,requesting nits when no mapping exists.]
11-08 04:58:44.916 1517 1615 I am_wtf : [0,1517,system_server,-1,DisplayDeviceConfig,requesting nits when no mapping exists.]
11-08 04:58:44.917 1517 1615 I am_wtf : [0,1517,system_server,-1,DisplayDeviceConfig,requesting nits when no mapping exists.]
11-08 04:58:44.933 1517 1615 I am_wtf : [0,1517,system_server,-1,DisplayDeviceConfig,requesting nits when no mapping exists.]
11-08 04:58:44.934 1517 1615 I am_wtf : [0,1517,system_server,-1,DisplayDeviceConfig,requesting nits when no mapping exists.]
11-08 04:58:44.949 1517 1615 I am_wtf : [0,1517,system_server,-1,DisplayDeviceConfig,requesting nits when no mapping exists.]
11-08 04:58:44.950 1517 1615 I am_wtf : [0,1517,system_server,-1,DisplayDeviceConfig,requesting nits when no mapping exists.]
11-08 04:58:44.965 1517 1615 I am_wtf : [0,1517,system_server,-1,DisplayDeviceConfig,requesting nits when no mapping exists.]
11-08 04:58:44.971 1517 1615 I am_wtf : [0,1517,system_server,-1,DisplayDeviceConfig,requesting nits when no mapping exists.]
11-08 04:58:44.983 1517 1615 I am_wtf : [0,1517,system_server,-1,DisplayDeviceConfig,requesting nits when no mapping exists.]
11-08 04:58:44.984 1517 1615 I am_wtf : [0,1517,system_server,-1,DisplayDeviceConfig,requesting nits when no mapping exists.]
11-08 04:58:45.000 1517 1615 I am_wtf : [0,1517,system_server,-1,DisplayDeviceConfig,requesting nits when no mapping exists.]
11-08 04:58:45.001 1517 1615 I am_wtf : [0,1517,system_server,-1,DisplayDeviceConfig,requesting nits when no mapping exists.]
11-08 04:58:45.015 1517 1615 I am_wtf : [0,1517,system_server,-1,DisplayDeviceConfig,requesting nits when no mapping exists.]
11-08 04:58:45.016 1517 1615 I am_wtf : [0,1517,system_server,-1,DisplayDeviceConfig,requesting nits when no mapping exists.]
11-08 04:58:45.019 1517 1517 I sysui_multi_action: [757,1501,758,1,793,10111159,794,0,795,205,796,2048,806,com.android.systemui,857,updateNotification,858,3,947,0,1500,0,1688,1]
11-08 04:58:45.019 1517 1517 I sysui_multi_action: [757,804,799,note_interruptive,801,0,802,1]
11-08 04:58:45.019 1517 1517 I sysui_multi_action: [757,199,758,1,759,2,793,10111160,794,0,795,206,796,2048,806,com.android.systemui,857,updateNotification,858,3,947,0,1500,1,1688,1]
11-08 04:58:45.019 1517 1517 I notification_alert: [0|com.android.systemui|2048|null|10082,0,1,0]
11-08 04:58:45.038 1517 1615 I am_wtf : [0,1517,system_server,-1,DisplayDeviceConfig,requesting nits when no mapping exists.]
11-08 04:58:45.039 1517 1615 I am_wtf : [0,1517,system_server,-1,DisplayDeviceConfig,requesting nits when no mapping exists.]
11-08 04:58:45.051 1517 1615 I am_wtf : [0,1517,system_server,-1,DisplayDeviceConfig,requesting nits when no mapping exists.]
11-08 04:58:45.053 1517 1615 I am_wtf : [0,1517,system_server,-1,DisplayDeviceConfig,requesting nits when no mapping exists.]
11-08 04:58:45.066 1517 1615 I am_wtf : [0,1517,system_server,-1,DisplayDeviceConfig,requesting nits when no mapping exists.]
11-08 04:58:45.066 1517 1615 I service_manager_stats: [100,66,6952]
11-08 04:58:45.066 1517 1615 I am_wtf : [0,1517,system_server,-1,DisplayDeviceConfig,requesting nits when no mapping exists.]
11-08 04:58:45.082 1517 1615 I am_wtf : [0,1517,system_server,-1,DisplayDeviceConfig,requesting nits when no mapping exists.]
11-08 04:58:45.083 1517 1615 I am_wtf : [0,1517,system_server,-1,DisplayDeviceConfig,requesting nits when no mapping exists.]
11-08 04:58:45.099 1517 1615 I am_wtf : [0,1517,system_server,-1,DisplayDeviceConfig,requesting nits when no mapping exists.]
11-08 04:58:45.108 1517 1615 I am_wtf : [0,1517,system_server,-1,DisplayDeviceConfig,requesting nits when no mapping exists.]
11-08 04:58:45.118 1517 1615 I am_wtf : [0,1517,system_server,-1,DisplayDeviceConfig,requesting nits when no mapping exists.]
11-08 04:58:45.120 1517 1608 I wm_stop_activity: [0,193491456,com.android.launcher3/.uioverrides.QuickstepLauncher]
11-08 04:58:45.123 1517 1615 I am_wtf : [0,1517,system_server,-1,DisplayDeviceConfig,requesting nits when no mapping exists.]
11-08 04:58:45.135 1517 1615 I am_wtf : [0,1517,system_server,-1,DisplayDeviceConfig,requesting nits when no mapping exists.]
11-08 04:58:45.135 1517 1615 I am_wtf : [0,1517,system_server,-1,DisplayDeviceConfig,requesting nits when no mapping exists.]
11-08 04:58:45.149 1517 1615 I am_wtf : [0,1517,system_server,-1,DisplayDeviceConfig,requesting nits when no mapping exists.]
11-08 04:58:45.149 1517 1615 I am_wtf : [0,1517,system_server,-1,DisplayDeviceConfig,requesting nits when no mapping exists.]
11-08 04:58:45.156 2526 2526 I wm_on_stop_called: [193491456,com.android.launcher3.uioverrides.QuickstepLauncher,STOP_ACTIVITY_ITEM]
11-08 04:58:45.169 1517 1615 I am_wtf : [0,1517,system_server,-1,DisplayDeviceConfig,requesting nits when no mapping exists.]
11-08 04:58:45.170 1517 1615 I am_wtf : [0,1517,system_server,-1,DisplayDeviceConfig,requesting nits when no mapping exists.]
11-08 04:58:45.179 1517 1615 I am_wtf : [0,1517,system_server,-1,DisplayDeviceConfig,requesting nits when no mapping exists.]
11-08 04:58:45.180 1517 1615 I am_wtf : [0,1517,system_server,-1,DisplayDeviceConfig,requesting nits when no mapping exists.]
11-08 04:58:45.196 1517 1615 I am_wtf : [0,1517,system_server,-1,DisplayDeviceConfig,requesting nits when no mapping exists.]
11-08 04:58:45.197 1517 1615 I am_wtf : [0,1517,system_server,-1,DisplayDeviceConfig,requesting nits when no mapping exists.]
11-08 04:58:45.213 1517 1615 I am_wtf : [0,1517,system_server,-1,DisplayDeviceConfig,requesting nits when no mapping exists.]
11-08 04:58:45.214 1517 1615 I am_wtf : [0,1517,system_server,-1,DisplayDeviceConfig,requesting nits when no mapping exists.]
11-08 04:58:45.231 1517 1615 I am_wtf : [0,1517,system_server,-1,DisplayDeviceConfig,requesting nits when no mapping exists.]
11-08 04:58:45.232 1517 1615 I am_wtf : [0,1517,system_server,-1,DisplayDeviceConfig,requesting nits when no mapping exists.]
11-08 04:58:45.247 1517 1615 I am_wtf : [0,1517,system_server,-1,DisplayDeviceConfig,requesting nits when no mapping exists.]
11-08 04:58:45.248 1517 1615 I am_wtf : [0,1517,system_server,-1,DisplayDeviceConfig,requesting nits when no mapping exists.]
11-08 04:58:45.264 1517 1615 I am_wtf : [0,1517,system_server,-1,DisplayDeviceConfig,requesting nits when no mapping exists.]
11-08 04:58:45.265 1517 1615 I am_wtf : [0,1517,system_server,-1,DisplayDeviceConfig,requesting nits when no mapping exists.]
11-08 04:58:45.280 1517 1615 I am_wtf : [0,1517,system_server,-1,DisplayDeviceConfig,requesting nits when no mapping exists.]
11-08 04:58:45.281 1517 1615 I am_wtf : [0,1517,system_server,-1,DisplayDeviceConfig,requesting nits when no mapping exists.]
11-08 04:58:45.297 1517 1615 I am_wtf : [0,1517,system_server,-1,DisplayDeviceConfig,requesting nits when no mapping exists.]
11-08 04:58:45.298 1517 1615 I am_wtf : [0,1517,system_server,-1,DisplayDeviceConfig,requesting nits when no mapping exists.]
11-08 04:58:45.313 1517 1615 I am_wtf : [0,1517,system_server,-1,DisplayDeviceConfig,requesting nits when no mapping exists.]
11-08 04:58:45.314 1517 1615 I am_wtf : [0,1517,system_server,-1,DisplayDeviceConfig,requesting nits when no mapping exists.]
11-08 04:58:45.331 1517 1615 I am_wtf : [0,1517,system_server,-1,DisplayDeviceConfig,requesting nits when no mapping exists.]
11-08 04:58:45.332 1517 1615 I am_wtf : [0,1517,system_server,-1,DisplayDeviceConfig,requesting nits when no mapping exists.]
11-08 04:58:45.347 1517 1615 I am_wtf : [0,1517,system_server,-1,DisplayDeviceConfig,requesting nits when no mapping exists.]
11-08 04:58:45.348 1517 1615 I am_wtf : [0,1517,system_server,-1,DisplayDeviceConfig,requesting nits when no mapping exists.]
11-08 04:58:45.364 1517 1615 I am_wtf : [0,1517,system_server,-1,DisplayDeviceConfig,requesting nits when no mapping exists.]
11-08 04:58:45.365 1517 1615 I am_wtf : [0,1517,system_server,-1,DisplayDeviceConfig,requesting nits when no mapping exists.]
11-08 04:58:45.380 1517 1615 I am_wtf : [0,1517,system_server,-1,DisplayDeviceConfig,requesting nits when no mapping exists.]
11-08 04:58:45.381 1517 1615 I am_wtf : [0,1517,system_server,-1,DisplayDeviceConfig,requesting nits when no mapping exists.]
11-08 04:58:45.397 1517 1615 I am_wtf : [0,1517,system_server,-1,DisplayDeviceConfig,requesting nits when no mapping exists.]
11-08 04:58:45.399 1517 1615 I am_wtf : [0,1517,system_server,-1,DisplayDeviceConfig,requesting nits when no mapping exists.]
11-08 04:58:45.413 1517 1615 I am_wtf : [0,1517,system_server,-1,DisplayDeviceConfig,requesting nits when no mapping exists.]
11-08 04:58:45.415 1517 1615 I am_wtf : [0,1517,system_server,-1,DisplayDeviceConfig,requesting nits when no mapping exists.]
11-08 04:58:45.432 1517 1615 I am_wtf : [0,1517,system_server,-1,DisplayDeviceConfig,requesting nits when no mapping exists.]
11-08 04:58:45.433 1517 1615 I am_wtf : [0,1517,system_server,-1,DisplayDeviceConfig,requesting nits when no mapping exists.]
11-08 04:58:45.449 1517 1615 I am_wtf : [0,1517,system_server,-1,DisplayDeviceConfig,requesting nits when no mapping exists.]
11-08 04:58:45.450 1517 1615 I am_wtf : [0,1517,system_server,-1,DisplayDeviceConfig,requesting nits when no mapping exists.]
11-08 04:58:45.465 1517 1615 I am_wtf : [0,1517,system_server,-1,DisplayDeviceConfig,requesting nits when no mapping exists.]
11-08 04:58:45.466 1517 1615 I am_wtf : [0,1517,system_server,-1,DisplayDeviceConfig,requesting nits when no mapping exists.]
11-08 04:58:45.481 1517 1615 I am_wtf : [0,1517,system_server,-1,DisplayDeviceConfig,requesting nits when no mapping exists.]
11-08 04:58:45.482 1517 1615 I am_wtf : [0,1517,system_server,-1,DisplayDeviceConfig,requesting nits when no mapping exists.]
11-08 04:58:45.497 1517 1615 I am_wtf : [0,1517,system_server,-1,DisplayDeviceConfig,requesting nits when no mapping exists.]
11-08 04:58:45.498 1517 1615 I am_wtf : [0,1517,system_server,-1,DisplayDeviceConfig,requesting nits when no mapping exists.]
11-08 04:58:45.514 1517 1615 I am_wtf : [0,1517,system_server,-1,DisplayDeviceConfig,requesting nits when no mapping exists.]
11-08 04:58:45.515 1517 1615 I am_wtf : [0,1517,system_server,-1,DisplayDeviceConfig,requesting nits when no mapping exists.]
11-08 04:58:45.533 1517 1615 I am_wtf : [0,1517,system_server,-1,DisplayDeviceConfig,requesting nits when no mapping exists.]
11-08 04:58:45.534 1517 1615 I am_wtf : [0,1517,system_server,-1,DisplayDeviceConfig,requesting nits when no mapping exists.]
11-08 04:58:45.548 1517 1615 I am_wtf : [0,1517,system_server,-1,DisplayDeviceConfig,requesting nits when no mapping exists.]
11-08 04:58:45.549 1517 1615 I am_wtf : [0,1517,system_server,-1,DisplayDeviceConfig,requesting nits when no mapping exists.]
11-08 04:58:45.565 1517 1615 I am_wtf : [0,1517,system_server,-1,DisplayDeviceConfig,requesting nits when no mapping exists.]
11-08 04:58:45.568 1517 1615 I am_wtf : [0,1517,system_server,-1,DisplayDeviceConfig,requesting nits when no mapping exists.]
11-08 04:58:45.583 1517 1615 I am_wtf : [0,1517,system_server,-1,DisplayDeviceConfig,requesting nits when no mapping exists.]
11-08 04:58:45.584 1517 1615 I am_wtf : [0,1517,system_server,-1,DisplayDeviceConfig,requesting nits when no mapping exists.]
11-08 04:58:45.598 1517 1615 I am_wtf : [0,1517,system_server,-1,DisplayDeviceConfig,requesting nits when no mapping exists.]
11-08 04:58:45.599 1517 1615 I am_wtf : [0,1517,system_server,-1,DisplayDeviceConfig,requesting nits when no mapping exists.]
11-08 04:58:45.614 1517 1615 I am_wtf : [0,1517,system_server,-1,DisplayDeviceConfig,requesting nits when no mapping exists.]
11-08 04:58:45.615 1517 1615 I am_wtf : [0,1517,system_server,-1,DisplayDeviceConfig,requesting nits when no mapping exists.]
11-08 04:58:45.631 1517 1615 I am_wtf : [0,1517,system_server,-1,DisplayDeviceConfig,requesting nits when no mapping exists.]
11-08 04:58:45.633 1517 1615 I am_wtf : [0,1517,system_server,-1,DisplayDeviceConfig,requesting nits when no mapping exists.]
11-08 04:58:45.649 1517 1615 I am_wtf : [0,1517,system_server,-1,DisplayDeviceConfig,requesting nits when no mapping exists.]
11-08 04:58:45.649 1517 1615 I am_wtf : [0,1517,system_server,-1,DisplayDeviceConfig,requesting nits when no mapping exists.]
11-08 04:58:45.668 1517 1615 I am_wtf : [0,1517,system_server,-1,DisplayDeviceConfig,requesting nits when no mapping exists.]
11-08 04:58:45.669 1517 1615 I am_wtf : [0,1517,system_server,-1,DisplayDeviceConfig,requesting nits when no mapping exists.]
11-08 04:58:45.681 1517 1615 I am_wtf : [0,1517,system_server,-1,DisplayDeviceConfig,requesting nits when no mapping exists.]
11-08 04:58:45.682 1517 1615 I am_wtf : [0,1517,system_server,-1,DisplayDeviceConfig,requesting nits when no mapping exists.]
11-08 04:58:45.683 0 0 I auditd : type=1400 audit(0.0:10632): avc: denied { kill } for comm="swapper/1" capability=5 scontext=u:r:kernel:s0 tcontext=u:r:kernel:s0 tclass=capability permissive=0
11-08 04:58:45.699 1517 1615 I am_wtf : [0,1517,system_server,-1,DisplayDeviceConfig,requesting nits when no mapping exists.]
11-08 04:58:45.700 1517 1615 I am_wtf : [0,1517,system_server,-1,DisplayDeviceConfig,requesting nits when no mapping exists.]
11-08 04:58:45.714 1517 1615 I am_wtf : [0,1517,system_server,-1,DisplayDeviceConfig,requesting nits when no mapping exists.]
11-08 04:58:45.716 1517 1615 I am_wtf : [0,1517,system_server,-1,DisplayDeviceConfig,requesting nits when no mapping exists.]
11-08 04:58:45.731 1517 1615 I am_wtf : [0,1517,system_server,-1,DisplayDeviceConfig,requesting nits when no mapping exists.]
11-08 04:58:45.733 1517 1615 I am_wtf : [0,1517,system_server,-1,DisplayDeviceConfig,requesting nits when no mapping exists.]
11-08 04:58:45.749 1517 1615 I am_wtf : [0,1517,system_server,-1,DisplayDeviceConfig,requesting nits when no mapping exists.]
11-08 04:58:45.749 1517 1615 I am_wtf : [0,1517,system_server,-1,DisplayDeviceConfig,requesting nits when no mapping exists.]
11-08 04:58:45.765 1517 1615 I am_wtf : [0,1517,system_server,-1,DisplayDeviceConfig,requesting nits when no mapping exists.]
11-08 04:58:45.766 1517 1615 I am_wtf : [0,1517,system_server,-1,DisplayDeviceConfig,requesting nits when no mapping exists.]
11-08 04:58:47.683 0 0 I auditd : type=1400 audit(0.0:10633): avc: denied { kill } for comm="swapper/1" capability=5 scontext=u:r:kernel:s0 tcontext=u:r:kernel:s0 tclass=capability permissive=0
11-08 04:58:48.683 0 0 I auditd : type=1400 audit(0.0:10634): avc: denied { kill } for comm="swapper/1" capability=5 scontext=u:r:kernel:s0 tcontext=u:r:kernel:s0 tclass=capability permissive=0
11-08 04:58:48.903 1517 1689 I input_interaction: Interaction with: cfa8e67 com.thundercomm.screensaver/android.service.dreams.DreamActivity (server), edge-swipe (server), swipe-up (server), PointerEventDispatcher0 (server),
11-08 04:58:48.907 1517 9075 I wm_finish_activity: [0,9308677,186,com.thundercomm.screensaver/android.service.dreams.DreamActivity,finish-activity]
11-08 04:58:48.907 1517 9075 I wm_task_moved: [185,1,6]
11-08 04:58:48.907 1517 9075 I wm_task_to_front: [0,185]
11-08 04:58:48.908 1517 9075 I wm_set_resumed_activity: [0,com.android.music/.VideoBrowserActivity,positionChildAt]
11-08 04:58:48.908 1517 9075 I wm_focused_root_task: [0,0,185,186,finish-top adjustFocusToNextFocusableTask]
11-08 04:58:48.908 1517 9075 I wm_set_resumed_activity: [0,com.android.music/.VideoBrowserActivity,finish-top]
11-08 04:58:48.909 1517 9075 I wm_pause_activity: [0,9308677,com.thundercomm.screensaver/android.service.dreams.DreamActivity,userLeaving=false,finish]
11-08 04:58:48.917 4301 4301 I wm_on_top_resumed_lost_called: [9308677,android.service.dreams.DreamActivity,topStateChangedWhenResumed]
11-08 04:58:48.918 1517 1608 I sysui_multi_action: [757,803,799,window_time_0,802,4]
11-08 04:58:48.919 4301 4301 I wm_on_paused_called: [9308677,android.service.dreams.DreamActivity,performPause]
11-08 04:58:48.919 11770 11770 I wm_on_top_resumed_gained_called: [145944152,com.android.music.VideoBrowserActivity,topStateChangedWhenResumed]
11-08 04:58:48.927 1517 2100 I wm_resume_activity: [0,193491456,93,com.android.launcher3/.uioverrides.QuickstepLauncher]
11-08 04:58:48.940 1517 1608 I sysui_multi_action: [757,803,799,window_time_2,802,0]
11-08 04:58:48.943 2526 2526 I wm_on_restart_called: [193491456,com.android.launcher3.uioverrides.QuickstepLauncher,performRestartActivity]
11-08 04:58:48.944 2526 2526 I wm_on_start_called: [193491456,com.android.launcher3.uioverrides.QuickstepLauncher,handleStartActivity]
11-08 04:58:48.944 2526 2526 I wm_on_resume_called: [193491456,com.android.launcher3.uioverrides.QuickstepLauncher,RESUME_ACTIVITY]
11-08 04:58:48.950 1517 1689 I input_focus: [Focus leaving cfa8e67 com.thundercomm.screensaver/android.service.dreams.DreamActivity (server),reason=NO_WINDOW]
11-08 04:58:48.950 4301 4301 I view_enqueue_input_event: [Motion - Cancel,com.thundercomm.screensaver/android.service.dreams.DreamActivity]
11-08 04:58:48.952 1517 1609 I input_focus: [Focus request ae21ed com.android.music/com.android.music.VideoBrowserActivity,reason=UpdateInputWindows]
11-08 04:58:48.960 1517 1689 I input_interaction: Interaction with: edge-swipe (server), swipe-up (server), PointerEventDispatcher0 (server),
11-08 04:58:48.974 1517 1689 I input_focus: [Focus entering ae21ed com.android.music/com.android.music.VideoBrowserActivity (server),reason=setFocusedWindow]
11-08 04:58:49.079 1517 9075 I wm_destroy_activity: [0,9308677,186,com.thundercomm.screensaver/android.service.dreams.DreamActivity,finish-idle]
11-08 04:58:49.082 4301 4301 I wm_on_stop_called: [9308677,android.service.dreams.DreamActivity,LIFECYCLER_STOP_ACTIVITY]
11-08 04:58:49.082 4301 4301 I wm_on_destroy_called: [9308677,android.service.dreams.DreamActivity,performDestroy]
11-08 04:58:49.087 1517 1605 I sysui_multi_action: [757,222,758,2]
11-08 04:58:49.087 1517 1605 I sysui_multi_action: [757,804,799,dreaming_minutes,801,0,802,1]
11-08 04:58:49.258 1517 1609 I wm_task_removed: [186,removeChild:removeChild last r=ActivityRecord{8e0a05 u0 com.thundercomm.screensaver/android.service.dreams.DreamActivity t-1 f}} in t=Task{f4a0d6 #186 type=dream A=10040:android:com.thundercomm.screensaver/dream U=0 visible=false mode=fullscreen translucent=true sz=0}]
11-08 04:58:49.258 1517 1609 I wm_task_removed: [186,removeChild]
11-08 04:58:49.683 0 0 I auditd : type=1400 audit(0.0:10635): avc: denied { kill } for comm="swapper/1" capability=5 scontext=u:r:kernel:s0 tcontext=u:r:kernel:s0 tclass=capability permissive=0
11-08 04:58:50.683 0 0 I auditd : type=1400 audit(0.0:10636): avc: denied { kill } for comm="swapper/1" capability=5 scontext=u:r:kernel:s0 tcontext=u:r:kernel:s0 tclass=capability permissive=0
11-08 04:58:51.683 0 0 I auditd : type=1400 audit(0.0:10637): avc: denied { kill } for comm="swapper/1" capability=5 scontext=u:r:kernel:s0 tcontext=u:r:kernel:s0 tclass=capability permissive=0
11-08 04:58:53.683 0 0 I auditd : type=1400 audit(0.0:10638): avc: denied { kill } for comm="swapper/1" capability=5 scontext=u:r:kernel:s0 tcontext=u:r:kernel:s0 tclass=capability permissive=0
11-08 04:58:54.683 0 0 I auditd : type=1400 audit(0.0:10639): avc: denied { kill } for comm="swapper/1" capability=5 scontext=u:r:kernel:s0 tcontext=u:r:kernel:s0 tclass=capability permissive=0
11-08 04:58:55.683 0 0 I auditd : type=1400 audit(0.0:10640): avc: denied { kill } for comm="swapper/1" capability=5 scontext=u:r:kernel:s0 tcontext=u:r:kernel:s0 tclass=capability permissive=0
11-08 04:58:56.683 0 0 I auditd : type=1400 audit(0.0:10641): avc: denied { kill } for comm="swapper/1" capability=5 scontext=u:r:kernel:s0 tcontext=u:r:kernel:s0 tclass=capability permissive=0
11-08 04:58:57.683 0 0 I auditd : type=1400 audit(0.0:10642): avc: denied { kill } for comm="swapper/1" capability=5 scontext=u:r:kernel:s0 tcontext=u:r:kernel:s0 tclass=capability permissive=0
11-08 04:58:58.683 0 0 I auditd : type=1400 audit(0.0:10643): avc: denied { kill } for comm="swapper/1" capability=5 scontext=u:r:kernel:s0 tcontext=u:r:kernel:s0 tclass=capability permissive=0
11-08 04:58:59.683 0 0 I auditd : type=1400 audit(0.0:10644): avc: denied { kill } for comm="swapper/1" capability=5 scontext=u:r:kernel:s0 tcontext=u:r:kernel:s0 tclass=capability permissive=0
11-08 04:59:00.683 0 0 I auditd : type=1400 audit(0.0:10645): avc: denied { kill } for comm="swapper/1" capability=5 scontext=u:r:kernel:s0 tcontext=u:r:kernel:s0 tclass=capability permissive=0
11-08 04:59:01.683 0 0 I auditd : type=1400 audit(0.0:10646): avc: denied { kill } for comm="swapper/1" capability=5 scontext=u:r:kernel:s0 tcontext=u:r:kernel:s0 tclass=capability permissive=0
11-08 04:59:02.683 0 0 I auditd : type=1400 audit(0.0:10647): avc: denied { kill } for comm="swapper/1" capability=5 scontext=u:r:kernel:s0 tcontext=u:r:kernel:s0 tclass=capability permissive=0
11-08 04:59:03.683 0 0 I auditd : type=1400 audit(0.0:10648): avc: denied { kill } for comm="swapper/1" capability=5 scontext=u:r:kernel:s0 tcontext=u:r:kernel:s0 tclass=capability permissive=0
11-08 04:59:04.683 0 0 I auditd : type=1400 audit(0.0:10649): avc: denied { kill } for comm="swapper/1" capability=5 scontext=u:r:kernel:s0 tcontext=u:r:kernel:s0 tclass=capability permissive=0
11-08 04:59:05.683 0 0 I auditd : type=1400 audit(0.0:10650): avc: denied { kill } for comm="swapper/1" capability=5 scontext=u:r:kernel:s0 tcontext=u:r:kernel:s0 tclass=capability permissive=0
11-08 04:59:06.683 0 0 I auditd : type=1400 audit(0.0:10651): avc: denied { kill } for comm="swapper/1" capability=5 scontext=u:r:kernel:s0 tcontext=u:r:kernel:s0 tclass=capability permissive=0
11-08 04:59:07.683 0 0 I auditd : type=1400 audit(0.0:10652): avc: denied { kill } for comm="swapper/1" capability=5 scontext=u:r:kernel:s0 tcontext=u:r:kernel:s0 tclass=capability permissive=0
11-08 04:59:08.683 0 0 I auditd : type=1400 audit(0.0:10653): avc: denied { kill } for comm="swapper/1" capability=5 scontext=u:r:kernel:s0 tcontext=u:r:kernel:s0 tclass=capability permissive=0
11-08 04:59:09.683 0 0 I auditd : type=1400 audit(0.0:10654): avc: denied { kill } for comm="swapper/1" capability=5 scontext=u:r:kernel:s0 tcontext=u:r:kernel:s0 tclass=capability permissive=0
11-08 04:59:10.683 0 0 I auditd : type=1400 audit(0.0:10655): avc: denied { kill } for comm="swapper/1" capability=5 scontext=u:r:kernel:s0 tcontext=u:r:kernel:s0 tclass=capability permissive=0
11-08 04:59:11.683 0 0 I auditd : type=1400 audit(0.0:10656): avc: denied { kill } for comm="swapper/1" capability=5 scontext=u:r:kernel:s0 tcontext=u:r:kernel:s0 tclass=capability permissive=0
