11-10 04:31:37.335 1161 1161 I auditd : type=1400 audit(0.0:252): avc: denied { read } for comm="traced_probes" name="format" dev="tracefs" ino=4800 scontext=u:r:traced_probes:s0 tcontext=u:object_r:debugfs_tracing_debug:s0 tclass=file permissive=0
11-10 04:31:37.335 1161 1161 I auditd : type=1400 audit(0.0:253): avc: denied { read } for comm="traced_probes" name="format" dev="tracefs" ino=2167 scontext=u:r:traced_probes:s0 tcontext=u:object_r:debugfs_tracing_debug:s0 tclass=file permissive=0
11-10 04:31:37.335 1161 1161 I auditd : type=1400 audit(0.0:254): avc: denied { read } for comm="traced_probes" name="format" dev="tracefs" ino=2179 scontext=u:r:traced_probes:s0 tcontext=u:object_r:debugfs_tracing_debug:s0 tclass=file permissive=0
11-10 04:31:37.335 1161 1161 I auditd : type=1400 audit(0.0:255): avc: denied { read } for comm="traced_probes" name="format" dev="tracefs" ino=5436 scontext=u:r:traced_probes:s0 tcontext=u:object_r:debugfs_tracing_debug:s0 tclass=file permissive=0
11-10 04:31:37.335 1161 1161 I auditd : type=1400 audit(0.0:256): avc: denied { read } for comm="traced_probes" name="format" dev="tracefs" ino=5406 scontext=u:r:traced_probes:s0 tcontext=u:object_r:debugfs_tracing_debug:s0 tclass=file permissive=0
11-10 04:31:37.335 1161 1161 I auditd : type=1400 audit(0.0:257): avc: denied { read } for comm="traced_probes" name="format" dev="tracefs" ino=5238 scontext=u:r:traced_probes:s0 tcontext=u:object_r:debugfs_tracing_debug:s0 tclass=file permissive=0
11-10 04:31:37.335 1161 1161 I auditd : type=1400 audit(0.0:258): avc: denied { read } for comm="traced_probes" name="format" dev="tracefs" ino=5268 scontext=u:r:traced_probes:s0 tcontext=u:object_r:debugfs_tracing_debug:s0 tclass=file permissive=0
11-10 04:31:37.335 1161 1161 I auditd : type=1400 audit(0.0:259): avc: denied { read } for comm="traced_probes" name="format" dev="tracefs" ino=5778 scontext=u:r:traced_probes:s0 tcontext=u:object_r:debugfs_tracing_debug:s0 tclass=file permissive=0
11-10 04:31:37.335 1161 1161 I auditd : type=1400 audit(0.0:260): avc: denied { read } for comm="traced_probes" name="format" dev="tracefs" ino=5484 scontext=u:r:traced_probes:s0 tcontext=u:object_r:debugfs_tracing_debug:s0 tclass=file permissive=0
11-10 04:31:37.335 1161 1161 I auditd : type=1400 audit(0.0:261): avc: denied { read } for comm="traced_probes" name="format" dev="tracefs" ino=5478 scontext=u:r:traced_probes:s0 tcontext=u:object_r:debugfs_tracing_debug:s0 tclass=file permissive=0
11-10 04:31:37.335 1161 1161 I auditd : type=1400 audit(0.0:262): avc: denied { read } for comm="traced_probes" name="format" dev="tracefs" ino=5472 scontext=u:r:traced_probes:s0 tcontext=u:object_r:debugfs_tracing_debug:s0 tclass=file permissive=0
11-10 04:31:37.335 1161 1161 I auditd : type=1400 audit(0.0:263): avc: denied { read } for comm="traced_probes" name="format" dev="tracefs" ino=5310 scontext=u:r:traced_probes:s0 tcontext=u:object_r:debugfs_tracing_debug:s0 tclass=file permissive=0
11-10 04:31:37.335 1161 1161 I auditd : type=1400 audit(0.0:264): avc: denied { read } for comm="traced_probes" name="format" dev="tracefs" ino=5316 scontext=u:r:traced_probes:s0 tcontext=u:object_r:debugfs_tracing_debug:s0 tclass=file permissive=0
11-10 04:31:37.335 1161 1161 I auditd : type=1400 audit(0.0:265): avc: denied { read } for comm="traced_probes" name="format" dev="tracefs" ino=5514 scontext=u:r:traced_probes:s0 tcontext=u:object_r:debugfs_tracing_debug:s0 tclass=file permissive=0
11-10 04:31:37.335 1161 1161 I auditd : type=1400 audit(0.0:266): avc: denied { read } for comm="traced_probes" name="format" dev="tracefs" ino=5520 scontext=u:r:traced_probes:s0 tcontext=u:object_r:debugfs_tracing_debug:s0 tclass=file permissive=0
11-10 04:31:37.335 1161 1161 I auditd : type=1400 audit(0.0:267): avc: denied { read } for comm="traced_probes" name="format" dev="tracefs" ino=5358 scontext=u:r:traced_probes:s0 tcontext=u:object_r:debugfs_tracing_debug:s0 tclass=file permissive=0
11-10 04:31:37.335 1161 1161 I auditd : type=1400 audit(0.0:268): avc: denied { read } for comm="traced_probes" name="format" dev="tracefs" ino=5388 scontext=u:r:traced_probes:s0 tcontext=u:object_r:debugfs_tracing_debug:s0 tclass=file permissive=0
11-10 04:31:37.335 1161 1161 I auditd : type=1400 audit(0.0:269): avc: denied { read } for comm="traced_probes" name="format" dev="tracefs" ino=5250 scontext=u:r:traced_probes:s0 tcontext=u:object_r:debugfs_tracing_debug:s0 tclass=file permissive=0
11-10 04:31:37.335 1161 1161 I auditd : type=1400 audit(0.0:270): avc: denied { read } for comm="traced_probes" name="format" dev="tracefs" ino=5724 scontext=u:r:traced_probes:s0 tcontext=u:object_r:debugfs_tracing_debug:s0 tclass=file permissive=0
11-10 04:31:37.335 1161 1161 I auditd : type=1400 audit(0.0:271): avc: denied { read } for comm="traced_probes" name="format" dev="tracefs" ino=5736 scontext=u:r:traced_probes:s0 tcontext=u:object_r:debugfs_tracing_debug:s0 tclass=file permissive=0
11-10 04:31:37.335 1161 1161 I auditd : type=1400 audit(0.0:272): avc: denied { read } for comm="traced_probes" name="format" dev="tracefs" ino=5742 scontext=u:r:traced_probes:s0 tcontext=u:object_r:debugfs_tracing_debug:s0 tclass=file permissive=0
11-10 04:31:37.335 1161 1161 I auditd : type=1400 audit(0.0:273): avc: denied { read } for comm="traced_probes" name="format" dev="tracefs" ino=5718 scontext=u:r:traced_probes:s0 tcontext=u:object_r:debugfs_tracing_debug:s0 tclass=file permissive=0
11-10 04:31:37.335 1161 1161 I auditd : type=1400 audit(0.0:274): avc: denied { read } for comm="traced_probes" name="format" dev="tracefs" ino=5730 scontext=u:r:traced_probes:s0 tcontext=u:object_r:debugfs_tracing_debug:s0 tclass=file permissive=0
11-10 04:31:37.335 1161 1161 I auditd : type=1400 audit(0.0:275): avc: denied { read } for comm="traced_probes" name="format" dev="tracefs" ino=5790 scontext=u:r:traced_probes:s0 tcontext=u:object_r:debugfs_tracing_debug:s0 tclass=file permissive=0
11-10 04:31:37.339 1161 1161 I auditd : type=1400 audit(0.0:276): avc: denied { read } for comm="traced_probes" name="format" dev="tracefs" ino=5760 scontext=u:r:traced_probes:s0 tcontext=u:object_r:debugfs_tracing_debug:s0 tclass=file permissive=0
11-10 04:31:37.339 1161 1161 I auditd : type=1400 audit(0.0:277): avc: denied { read } for comm="traced_probes" name="format" dev="tracefs" ino=5766 scontext=u:r:traced_probes:s0 tcontext=u:object_r:debugfs_tracing_debug:s0 tclass=file permissive=0
11-10 04:31:37.339 1161 1161 I auditd : type=1400 audit(0.0:278): avc: denied { read } for comm="traced_probes" name="format" dev="tracefs" ino=5772 scontext=u:r:traced_probes:s0 tcontext=u:object_r:debugfs_tracing_debug:s0 tclass=file permissive=0
11-10 04:31:37.339 1161 1161 I auditd : type=1400 audit(0.0:279): avc: denied { read } for comm="traced_probes" name="format" dev="tracefs" ino=5244 scontext=u:r:traced_probes:s0 tcontext=u:object_r:debugfs_tracing_debug:s0 tclass=file permissive=0
11-10 04:31:37.339 1161 1161 I auditd : type=1400 audit(0.0:280): avc: denied { read } for comm="traced_probes" name="format" dev="tracefs" ino=5574 scontext=u:r:traced_probes:s0 tcontext=u:object_r:debugfs_tracing_debug:s0 tclass=file permissive=0
11-10 04:31:37.339 1161 1161 I auditd : type=1400 audit(0.0:281): avc: denied { read } for comm="traced_probes" name="format" dev="tracefs" ino=5580 scontext=u:r:traced_probes:s0 tcontext=u:object_r:debugfs_tracing_debug:s0 tclass=file permissive=0
11-10 04:31:37.339 1161 1161 I auditd : type=1400 audit(0.0:282): avc: denied { read } for comm="traced_probes" name="format" dev="tracefs" ino=5646 scontext=u:r:traced_probes:s0 tcontext=u:object_r:debugfs_tracing_debug:s0 tclass=file permissive=0
11-10 04:31:37.339 1161 1161 I auditd : type=1400 audit(0.0:283): avc: denied { read } for comm="traced_probes" name="format" dev="tracefs" ino=5664 scontext=u:r:traced_probes:s0 tcontext=u:object_r:debugfs_tracing_debug:s0 tclass=file permissive=0
11-10 04:31:37.339 1161 1161 I auditd : type=1400 audit(0.0:284): avc: denied { read } for comm="traced_probes" name="format" dev="tracefs" ino=5610 scontext=u:r:traced_probes:s0 tcontext=u:object_r:debugfs_tracing_debug:s0 tclass=file permissive=0
11-10 04:31:37.339 1161 1161 I auditd : type=1400 audit(0.0:285): avc: denied { read } for comm="traced_probes" name="format" dev="tracefs" ino=5586 scontext=u:r:traced_probes:s0 tcontext=u:object_r:debugfs_tracing_debug:s0 tclass=file permissive=0
11-10 04:31:37.339 1161 1161 I auditd : type=1400 audit(0.0:286): avc: denied { read } for comm="traced_probes" name="format" dev="tracefs" ino=5598 scontext=u:r:traced_probes:s0 tcontext=u:object_r:debugfs_tracing_debug:s0 tclass=file permissive=0
11-10 04:31:37.339 1161 1161 I auditd : type=1400 audit(0.0:287): avc: denied { read } for comm="traced_probes" name="format" dev="tracefs" ino=5658 scontext=u:r:traced_probes:s0 tcontext=u:object_r:debugfs_tracing_debug:s0 tclass=file permissive=0
11-10 04:31:37.339 1161 1161 I auditd : type=1400 audit(0.0:288): avc: denied { read } for comm="traced_probes" name="format" dev="tracefs" ino=5706 scontext=u:r:traced_probes:s0 tcontext=u:object_r:debugfs_tracing_debug:s0 tclass=file permissive=0
11-10 04:31:37.339 1161 1161 I auditd : type=1400 audit(0.0:289): avc: denied { read } for comm="traced_probes" name="format" dev="tracefs" ino=5712 scontext=u:r:traced_probes:s0 tcontext=u:object_r:debugfs_tracing_debug:s0 tclass=file permissive=0
11-10 04:31:37.339 1161 1161 I auditd : type=1400 audit(0.0:290): avc: denied { read } for comm="traced_probes" name="format" dev="tracefs" ino=5700 scontext=u:r:traced_probes:s0 tcontext=u:object_r:debugfs_tracing_debug:s0 tclass=file permissive=0
11-10 04:31:37.339 1161 1161 I auditd : type=1400 audit(0.0:291): avc: denied { read } for comm="traced_probes" name="format" dev="tracefs" ino=5694 scontext=u:r:traced_probes:s0 tcontext=u:object_r:debugfs_tracing_debug:s0 tclass=file permissive=0
11-10 04:31:37.339 1161 1161 I auditd : type=1400 audit(0.0:292): avc: denied { read } for comm="traced_probes" name="format" dev="tracefs" ino=5682 scontext=u:r:traced_probes:s0 tcontext=u:object_r:debugfs_tracing_debug:s0 tclass=file permissive=0
11-10 04:31:37.345 1443 1639 I am_proc_start: [0,2580,1000,com.thundercomm.microsettings,added application,com.thundercomm.microsettings]
11-10 04:31:37.339 1161 1161 I auditd : type=1400 audit(0.0:293): avc: denied { read } for comm="traced_probes" name="format" dev="tracefs" ino=5526 scontext=u:r:traced_probes:s0 tcontext=u:object_r:debugfs_tracing_debug:s0 tclass=file permissive=0
11-10 04:31:37.339 1161 1161 I auditd : type=1400 audit(0.0:294): avc: denied { read } for comm="traced_probes" name="format" dev="tracefs" ino=5544 scontext=u:r:traced_probes:s0 tcontext=u:object_r:debugfs_tracing_debug:s0 tclass=file permissive=0
11-10 04:31:37.339 1161 1161 I auditd : type=1400 audit(0.0:295): avc: denied { read } for comm="traced_probes" name="format" dev="tracefs" ino=5670 scontext=u:r:traced_probes:s0 tcontext=u:object_r:debugfs_tracing_debug:s0 tclass=file permissive=0
11-10 04:31:37.339 1161 1161 I auditd : type=1400 audit(0.0:296): avc: denied { read } for comm="traced_probes" name="format" dev="tracefs" ino=5466 scontext=u:r:traced_probes:s0 tcontext=u:object_r:debugfs_tracing_debug:s0 tclass=file permissive=0
11-10 04:31:37.339 1161 1161 I auditd : type=1400 audit(0.0:297): avc: denied { read } for comm="traced_probes" name="format" dev="tracefs" ino=5412 scontext=u:r:traced_probes:s0 tcontext=u:object_r:debugfs_tracing_debug:s0 tclass=file permissive=0
11-10 04:31:37.339 1161 1161 I auditd : type=1400 audit(0.0:298): avc: denied { read } for comm="traced_probes" name="format" dev="tracefs" ino=5226 scontext=u:r:traced_probes:s0 tcontext=u:object_r:debugfs_tracing_debug:s0 tclass=file permissive=0
11-10 04:31:37.339 1161 1161 I auditd : type=1400 audit(0.0:299): avc: denied { read } for comm="traced_probes" name="format" dev="tracefs" ino=5652 scontext=u:r:traced_probes:s0 tcontext=u:object_r:debugfs_tracing_debug:s0 tclass=file permissive=0
11-10 04:31:37.339 1161 1161 I auditd : type=1400 audit(0.0:300): avc: denied { read } for comm="traced_probes" name="format" dev="tracefs" ino=5676 scontext=u:r:traced_probes:s0 tcontext=u:object_r:debugfs_tracing_debug:s0 tclass=file permissive=0
11-10 04:31:37.339 1161 1161 I auditd : type=1400 audit(0.0:301): avc: denied { read } for comm="traced_probes" name="format" dev="tracefs" ino=5592 scontext=u:r:traced_probes:s0 tcontext=u:object_r:debugfs_tracing_debug:s0 tclass=file permissive=0
11-10 04:31:37.339 1161 1161 I auditd : type=1400 audit(0.0:302): avc: denied { read } for comm="traced_probes" name="format" dev="tracefs" ino=5604 scontext=u:r:traced_probes:s0 tcontext=u:object_r:debugfs_tracing_debug:s0 tclass=file permissive=0
11-10 04:31:37.339 1161 1161 I auditd : type=1400 audit(0.0:303): avc: denied { read } for comm="traced_probes" name="format" dev="tracefs" ino=5784 scontext=u:r:traced_probes:s0 tcontext=u:object_r:debugfs_tracing_debug:s0 tclass=file permissive=0
11-10 04:31:37.339 1161 1161 I auditd : type=1400 audit(0.0:304): avc: denied { read } for comm="traced_probes" name="format" dev="tracefs" ino=5346 scontext=u:r:traced_probes:s0 tcontext=u:object_r:debugfs_tracing_debug:s0 tclass=file permissive=0
11-10 04:31:37.339 1161 1161 I auditd : type=1400 audit(0.0:305): avc: denied { read } for comm="traced_probes" name="format" dev="tracefs" ino=5622 scontext=u:r:traced_probes:s0 tcontext=u:object_r:debugfs_tracing_debug:s0 tclass=file permissive=0
11-10 04:31:37.339 1161 1161 I auditd : type=1400 audit(0.0:306): avc: denied { read } for comm="traced_probes" name="format" dev="tracefs" ino=5628 scontext=u:r:traced_probes:s0 tcontext=u:object_r:debugfs_tracing_debug:s0 tclass=file permissive=0
11-10 04:31:37.339 1161 1161 I auditd : type=1400 audit(0.0:307): avc: denied { read } for comm="traced_probes" name="format" dev="tracefs" ino=5352 scontext=u:r:traced_probes:s0 tcontext=u:object_r:debugfs_tracing_debug:s0 tclass=file permissive=0
11-10 04:31:37.339 1161 1161 I auditd : type=1400 audit(0.0:308): avc: denied { read } for comm="traced_probes" name="format" dev="tracefs" ino=5292 scontext=u:r:traced_probes:s0 tcontext=u:object_r:debugfs_tracing_debug:s0 tclass=file permissive=0
11-10 04:31:37.339 1161 1161 I auditd : type=1400 audit(0.0:309): avc: denied { read } for comm="traced_probes" name="format" dev="tracefs" ino=5508 scontext=u:r:traced_probes:s0 tcontext=u:object_r:debugfs_tracing_debug:s0 tclass=file permissive=0
11-10 04:31:37.339 1161 1161 I auditd : type=1400 audit(0.0:310): avc: denied { read } for comm="traced_probes" name="format" dev="tracefs" ino=5262 scontext=u:r:traced_probes:s0 tcontext=u:object_r:debugfs_tracing_debug:s0 tclass=file permissive=0
11-10 04:31:37.339 1161 1161 I auditd : type=1400 audit(0.0:311): avc: denied { read } for comm="traced_probes" name="format" dev="tracefs" ino=5490 scontext=u:r:traced_probes:s0 tcontext=u:object_r:debugfs_tracing_debug:s0 tclass=file permissive=0
11-10 04:31:37.339 1161 1161 I auditd : type=1400 audit(0.0:312): avc: denied { read } for comm="traced_probes" name="format" dev="tracefs" ino=5496 scontext=u:r:traced_probes:s0 tcontext=u:object_r:debugfs_tracing_debug:s0 tclass=file permissive=0
11-10 04:31:37.339 1161 1161 I auditd : type=1400 audit(0.0:313): avc: denied { read } for comm="traced_probes" name="format" dev="tracefs" ino=5394 scontext=u:r:traced_probes:s0 tcontext=u:object_r:debugfs_tracing_debug:s0 tclass=file permissive=0
11-10 04:31:37.339 1161 1161 I auditd : type=1400 audit(0.0:314): avc: denied { read } for comm="traced_probes" name="format" dev="tracefs" ino=5370 scontext=u:r:traced_probes:s0 tcontext=u:object_r:debugfs_tracing_debug:s0 tclass=file permissive=0
11-10 04:31:37.339 1161 1161 I auditd : type=1400 audit(0.0:315): avc: denied { read } for comm="traced_probes" name="format" dev="tracefs" ino=5364 scontext=u:r:traced_probes:s0 tcontext=u:object_r:debugfs_tracing_debug:s0 tclass=file permissive=0
11-10 04:31:37.339 1161 1161 I auditd : type=1400 audit(0.0:316): avc: denied { read } for comm="traced_probes" name="format" dev="tracefs" ino=5382 scontext=u:r:traced_probes:s0 tcontext=u:object_r:debugfs_tracing_debug:s0 tclass=file permissive=0
11-10 04:31:37.339 1161 1161 I auditd : type=1400 audit(0.0:317): avc: denied { read } for comm="traced_probes" name="format" dev="tracefs" ino=5376 scontext=u:r:traced_probes:s0 tcontext=u:object_r:debugfs_tracing_debug:s0 tclass=file permissive=0
11-10 04:31:37.339 1161 1161 I auditd : type=1400 audit(0.0:318): avc: denied { read } for comm="traced_probes" name="format" dev="tracefs" ino=5442 scontext=u:r:traced_probes:s0 tcontext=u:object_r:debugfs_tracing_debug:s0 tclass=file permissive=0
11-10 04:31:37.339 1161 1161 I auditd : type=1400 audit(0.0:319): avc: denied { read } for comm="traced_probes" name="format" dev="tracefs" ino=5454 scontext=u:r:traced_probes:s0 tcontext=u:object_r:debugfs_tracing_debug:s0 tclass=file permissive=0
11-10 04:31:37.339 1161 1161 I auditd : type=1400 audit(0.0:320): avc: denied { read } for comm="traced_probes" name="format" dev="tracefs" ino=5460 scontext=u:r:traced_probes:s0 tcontext=u:object_r:debugfs_tracing_debug:s0 tclass=file permissive=0
11-10 04:31:37.339 1161 1161 I auditd : type=1400 audit(0.0:321): avc: denied { read } for comm="traced_probes" name="format" dev="tracefs" ino=5448 scontext=u:r:traced_probes:s0 tcontext=u:object_r:debugfs_tracing_debug:s0 tclass=file permissive=0
11-10 04:31:37.339 1161 1161 I auditd : type=1400 audit(0.0:322): avc: denied { read } for comm="traced_probes" name="format" dev="tracefs" ino=5220 scontext=u:r:traced_probes:s0 tcontext=u:object_r:debugfs_tracing_debug:s0 tclass=file permissive=0
11-10 04:31:37.343 1161 1161 I auditd : type=1400 audit(0.0:323): avc: denied { read } for comm="traced_probes" name="format" dev="tracefs" ino=5532 scontext=u:r:traced_probes:s0 tcontext=u:object_r:debugfs_tracing_debug:s0 tclass=file permissive=0
11-10 04:31:37.343 1161 1161 I auditd : type=1400 audit(0.0:324): avc: denied { read } for comm="traced_probes" name="format" dev="tracefs" ino=5502 scontext=u:r:traced_probes:s0 tcontext=u:object_r:debugfs_tracing_debug:s0 tclass=file permissive=0
11-10 04:31:37.343 1161 1161 I auditd : type=1400 audit(0.0:325): avc: denied { read } for comm="traced_probes" name="format" dev="tracefs" ino=5334 scontext=u:r:traced_probes:s0 tcontext=u:object_r:debugfs_tracing_debug:s0 tclass=file permissive=0
11-10 04:31:37.343 1161 1161 I auditd : type=1400 audit(0.0:326): avc: denied { read } for comm="traced_probes" name="format" dev="tracefs" ino=5340 scontext=u:r:traced_probes:s0 tcontext=u:object_r:debugfs_tracing_debug:s0 tclass=file permissive=0
11-10 04:31:37.343 1161 1161 I auditd : type=1400 audit(0.0:327): avc: denied { read } for comm="traced_probes" name="format" dev="tracefs" ino=5688 scontext=u:r:traced_probes:s0 tcontext=u:object_r:debugfs_tracing_debug:s0 tclass=file permissive=0
11-10 04:31:37.343 1161 1161 I auditd : type=1400 audit(0.0:328): avc: denied { read } for comm="traced_probes" name="format" dev="tracefs" ino=5400 scontext=u:r:traced_probes:s0 tcontext=u:object_r:debugfs_tracing_debug:s0 tclass=file permissive=0
11-10 04:31:37.343 1161 1161 I auditd : type=1400 audit(0.0:329): avc: denied { read } for comm="traced_probes" name="format" dev="tracefs" ino=5232 scontext=u:r:traced_probes:s0 tcontext=u:object_r:debugfs_tracing_debug:s0 tclass=file permissive=0
11-10 04:31:37.343 1161 1161 I auditd : type=1400 audit(0.0:330): avc: denied { read } for comm="traced_probes" name="format" dev="tracefs" ino=5430 scontext=u:r:traced_probes:s0 tcontext=u:object_r:debugfs_tracing_debug:s0 tclass=file permissive=0
11-10 04:31:37.343 1161 1161 I auditd : type=1400 audit(0.0:331): avc: denied { read } for comm="traced_probes" name="format" dev="tracefs" ino=5640 scontext=u:r:traced_probes:s0 tcontext=u:object_r:debugfs_tracing_debug:s0 tclass=file permissive=0
11-10 04:31:37.343 1161 1161 I auditd : type=1400 audit(0.0:332): avc: denied { read } for comm="traced_probes" name="format" dev="tracefs" ino=5634 scontext=u:r:traced_probes:s0 tcontext=u:object_r:debugfs_tracing_debug:s0 tclass=file permissive=0
11-10 04:31:37.343 1161 1161 I auditd : type=1400 audit(0.0:333): avc: denied { read } for comm="traced_probes" name="format" dev="tracefs" ino=5562 scontext=u:r:traced_probes:s0 tcontext=u:object_r:debugfs_tracing_debug:s0 tclass=file permissive=0
11-10 04:31:37.343 1161 1161 I auditd : type=1400 audit(0.0:334): avc: denied { read } for comm="traced_probes" name="format" dev="tracefs" ino=5568 scontext=u:r:traced_probes:s0 tcontext=u:object_r:debugfs_tracing_debug:s0 tclass=file permissive=0
11-10 04:31:37.343 1161 1161 I auditd : type=1400 audit(0.0:335): avc: denied { read } for comm="traced_probes" name="format" dev="tracefs" ino=5550 scontext=u:r:traced_probes:s0 tcontext=u:object_r:debugfs_tracing_debug:s0 tclass=file permissive=0
11-10 04:31:37.343 1161 1161 I auditd : type=1400 audit(0.0:336): avc: denied { read } for comm="traced_probes" name="format" dev="tracefs" ino=5556 scontext=u:r:traced_probes:s0 tcontext=u:object_r:debugfs_tracing_debug:s0 tclass=file permissive=0
11-10 04:31:37.343 1161 1161 I auditd : type=1400 audit(0.0:337): avc: denied { read } for comm="traced_probes" name="format" dev="tracefs" ino=5274 scontext=u:r:traced_probes:s0 tcontext=u:object_r:debugfs_tracing_debug:s0 tclass=file permissive=0
11-10 04:31:37.343 1161 1161 I auditd : type=1400 audit(0.0:338): avc: denied { read } for comm="traced_probes" name="format" dev="tracefs" ino=5286 scontext=u:r:traced_probes:s0 tcontext=u:object_r:debugfs_tracing_debug:s0 tclass=file permissive=0
11-10 04:31:37.343 1161 1161 I auditd : type=1400 audit(0.0:339): avc: denied { read } for comm="traced_probes" name="format" dev="tracefs" ino=5328 scontext=u:r:traced_probes:s0 tcontext=u:object_r:debugfs_tracing_debug:s0 tclass=file permissive=0
11-10 04:31:37.343 1161 1161 I auditd : type=1400 audit(0.0:340): avc: denied { read } for comm="traced_probes" name="format" dev="tracefs" ino=5304 scontext=u:r:traced_probes:s0 tcontext=u:object_r:debugfs_tracing_debug:s0 tclass=file permissive=0
11-10 04:31:37.343 1161 1161 I auditd : type=1400 audit(0.0:341): avc: denied { read } for comm="traced_probes" name="format" dev="tracefs" ino=5322 scontext=u:r:traced_probes:s0 tcontext=u:object_r:debugfs_tracing_debug:s0 tclass=file permissive=0
11-10 04:31:37.343 1161 1161 I auditd : type=1400 audit(0.0:342): avc: denied { read } for comm="traced_probes" name="format" dev="tracefs" ino=5538 scontext=u:r:traced_probes:s0 tcontext=u:object_r:debugfs_tracing_debug:s0 tclass=file permissive=0
11-10 04:31:37.343 1161 1161 I auditd : type=1400 audit(0.0:343): avc: denied { read } for comm="traced_probes" name="format" dev="tracefs" ino=5976 scontext=u:r:traced_probes:s0 tcontext=u:object_r:debugfs_tracing_debug:s0 tclass=file permissive=0
11-10 04:31:37.343 1161 1161 I auditd : type=1400 audit(0.0:344): avc: denied { read } for comm="traced_probes" name="format" dev="tracefs" ino=6120 scontext=u:r:traced_probes:s0 tcontext=u:object_r:debugfs_tracing_debug:s0 tclass=file permissive=0
11-10 04:31:37.343 1161 1161 I auditd : type=1400 audit(0.0:345): avc: denied { read } for comm="traced_probes" name="format" dev="tracefs" ino=6096 scontext=u:r:traced_probes:s0 tcontext=u:object_r:debugfs_tracing_debug:s0 tclass=file permissive=0
11-10 04:31:37.343 1161 1161 I auditd : type=1400 audit(0.0:346): avc: denied { read } for comm="traced_probes" name="format" dev="tracefs" ino=5970 scontext=u:r:traced_probes:s0 tcontext=u:object_r:debugfs_tracing_debug:s0 tclass=file permissive=0
11-10 04:31:37.343 1161 1161 I auditd : type=1400 audit(0.0:347): avc: denied { read } for comm="traced_probes" name="format" dev="tracefs" ino=5982 scontext=u:r:traced_probes:s0 tcontext=u:object_r:debugfs_tracing_debug:s0 tclass=file permissive=0
11-10 04:31:37.343 1161 1161 I auditd : type=1400 audit(0.0:348): avc: denied { read } for comm="traced_probes" name="format" dev="tracefs" ino=6204 scontext=u:r:traced_probes:s0 tcontext=u:object_r:debugfs_tracing_debug:s0 tclass=file permissive=0
11-10 04:31:37.343 1161 1161 I auditd : type=1400 audit(0.0:349): avc: denied { read } for comm="traced_probes" name="format" dev="tracefs" ino=6210 scontext=u:r:traced_probes:s0 tcontext=u:object_r:debugfs_tracing_debug:s0 tclass=file permissive=0
11-10 04:31:37.343 1161 1161 I auditd : type=1400 audit(0.0:350): avc: denied { read } for comm="traced_probes" name="format" dev="tracefs" ino=5958 scontext=u:r:traced_probes:s0 tcontext=u:object_r:debugfs_tracing_debug:s0 tclass=file permissive=0
11-10 04:31:37.343 1161 1161 I auditd : type=1400 audit(0.0:351): avc: denied { read } for comm="traced_probes" name="format" dev="tracefs" ino=6006 scontext=u:r:traced_probes:s0 tcontext=u:object_r:debugfs_tracing_debug:s0 tclass=file permissive=0
11-10 04:31:37.343 1161 1161 I auditd : type=1400 audit(0.0:352): avc: denied { read } for comm="traced_probes" name="format" dev="tracefs" ino=6018 scontext=u:r:traced_probes:s0 tcontext=u:object_r:debugfs_tracing_debug:s0 tclass=file permissive=0
11-10 04:31:37.343 1161 1161 I auditd : type=1400 audit(0.0:353): avc: denied { read } for comm="traced_probes" name="format" dev="tracefs" ino=6024 scontext=u:r:traced_probes:s0 tcontext=u:object_r:debugfs_tracing_debug:s0 tclass=file permissive=0
11-10 04:31:37.343 1161 1161 I auditd : type=1400 audit(0.0:354): avc: denied { read } for comm="traced_probes" name="format" dev="tracefs" ino=6012 scontext=u:r:traced_probes:s0 tcontext=u:object_r:debugfs_tracing_debug:s0 tclass=file permissive=0
11-10 04:31:37.343 1161 1161 I auditd : type=1400 audit(0.0:355): avc: denied { read } for comm="traced_probes" name="format" dev="tracefs" ino=6030 scontext=u:r:traced_probes:s0 tcontext=u:object_r:debugfs_tracing_debug:s0 tclass=file permissive=0
11-10 04:31:37.343 1161 1161 I auditd : type=1400 audit(0.0:356): avc: denied { read } for comm="traced_probes" name="format" dev="tracefs" ino=6036 scontext=u:r:traced_probes:s0 tcontext=u:object_r:debugfs_tracing_debug:s0 tclass=file permissive=0
11-10 04:31:37.343 1161 1161 I auditd : type=1400 audit(0.0:357): avc: denied { read } for comm="traced_probes" name="format" dev="tracefs" ino=6054 scontext=u:r:traced_probes:s0 tcontext=u:object_r:debugfs_tracing_debug:s0 tclass=file permissive=0
11-10 04:31:37.343 1161 1161 I auditd : type=1400 audit(0.0:358): avc: denied { read } for comm="traced_probes" name="format" dev="tracefs" ino=6042 scontext=u:r:traced_probes:s0 tcontext=u:object_r:debugfs_tracing_debug:s0 tclass=file permissive=0
11-10 04:31:37.343 1161 1161 I auditd : type=1400 audit(0.0:359): avc: denied { read } for comm="traced_probes" name="format" dev="tracefs" ino=6048 scontext=u:r:traced_probes:s0 tcontext=u:object_r:debugfs_tracing_debug:s0 tclass=file permissive=0
11-10 04:31:37.343 1161 1161 I auditd : type=1400 audit(0.0:360): avc: denied { read } for comm="traced_probes" name="format" dev="tracefs" ino=6060 scontext=u:r:traced_probes:s0 tcontext=u:object_r:debugfs_tracing_debug:s0 tclass=file permissive=0
11-10 04:31:37.343 1161 1161 I auditd : type=1400 audit(0.0:361): avc: denied { read } for comm="traced_probes" name="format" dev="tracefs" ino=5988 scontext=u:r:traced_probes:s0 tcontext=u:object_r:debugfs_tracing_debug:s0 tclass=file permissive=0
11-10 04:31:37.343 1161 1161 I auditd : type=1400 audit(0.0:362): avc: denied { read } for comm="traced_probes" name="format" dev="tracefs" ino=5994 scontext=u:r:traced_probes:s0 tcontext=u:object_r:debugfs_tracing_debug:s0 tclass=file permissive=0
11-10 04:31:37.343 1161 1161 I auditd : type=1400 audit(0.0:363): avc: denied { read } for comm="traced_probes" name="format" dev="tracefs" ino=6216 scontext=u:r:traced_probes:s0 tcontext=u:object_r:debugfs_tracing_debug:s0 tclass=file permissive=0
11-10 04:31:37.343 1161 1161 I auditd : type=1400 audit(0.0:364): avc: denied { read } for comm="traced_probes" name="format" dev="tracefs" ino=6252 scontext=u:r:traced_probes:s0 tcontext=u:object_r:debugfs_tracing_debug:s0 tclass=file permissive=0
11-10 04:31:37.347 1161 1161 I auditd : type=1400 audit(0.0:365): avc: denied { read } for comm="traced_probes" name="format" dev="tracefs" ino=8781 scontext=u:r:traced_probes:s0 tcontext=u:object_r:debugfs_tracing_debug:s0 tclass=file permissive=0
11-10 04:31:37.347 1161 1161 I auditd : type=1400 audit(0.0:366): avc: denied { read } for comm="traced_probes" name="format" dev="tracefs" ino=8775 scontext=u:r:traced_probes:s0 tcontext=u:object_r:debugfs_tracing_debug:s0 tclass=file permissive=0
11-10 04:31:37.347 1161 1161 I auditd : type=1400 audit(0.0:367): avc: denied { read } for comm="traced_probes" name="format" dev="tracefs" ino=8793 scontext=u:r:traced_probes:s0 tcontext=u:object_r:debugfs_tracing_debug:s0 tclass=file permissive=0
11-10 04:31:37.347 1161 1161 I auditd : type=1400 audit(0.0:368): avc: denied { read } for comm="traced_probes" name="format" dev="tracefs" ino=8787 scontext=u:r:traced_probes:s0 tcontext=u:object_r:debugfs_tracing_debug:s0 tclass=file permissive=0
11-10 04:31:37.347 1161 1161 I auditd : type=1400 audit(0.0:369): avc: denied { read } for comm="traced_probes" name="format" dev="tracefs" ino=4617 scontext=u:r:traced_probes:s0 tcontext=u:object_r:debugfs_tracing_debug:s0 tclass=file permissive=0
11-10 04:31:37.347 1161 1161 I auditd : type=1400 audit(0.0:370): avc: denied { read } for comm="traced_probes" name="format" dev="tracefs" ino=4623 scontext=u:r:traced_probes:s0 tcontext=u:object_r:debugfs_tracing_debug:s0 tclass=file permissive=0
11-10 04:31:37.347 1161 1161 I auditd : type=1400 audit(0.0:371): avc: denied { read } for comm="traced_probes" name="format" dev="tracefs" ino=4611 scontext=u:r:traced_probes:s0 tcontext=u:object_r:debugfs_tracing_debug:s0 tclass=file permissive=0
11-10 04:31:37.347 1161 1161 I auditd : type=1400 audit(0.0:372): avc: denied { read } for comm="traced_probes" name="format" dev="tracefs" ino=4635 scontext=u:r:traced_probes:s0 tcontext=u:object_r:debugfs_tracing_debug:s0 tclass=file permissive=0
11-10 04:31:37.347 1161 1161 I auditd : type=1400 audit(0.0:373): avc: denied { read } for comm="traced_probes" name="format" dev="tracefs" ino=4641 scontext=u:r:traced_probes:s0 tcontext=u:object_r:debugfs_tracing_debug:s0 tclass=file permissive=0
11-10 04:31:37.347 1161 1161 I auditd : type=1400 audit(0.0:374): avc: denied { read } for comm="traced_probes" name="format" dev="tracefs" ino=4629 scontext=u:r:traced_probes:s0 tcontext=u:object_r:debugfs_tracing_debug:s0 tclass=file permissive=0
11-10 04:31:37.347 1161 1161 I auditd : type=1400 audit(0.0:375): avc: denied { read } for comm="traced_probes" name="format" dev="tracefs" ino=4593 scontext=u:r:traced_probes:s0 tcontext=u:object_r:debugfs_tracing_debug:s0 tclass=file permissive=0
11-10 04:31:37.347 1161 1161 I auditd : type=1400 audit(0.0:376): avc: denied { read } for comm="traced_probes" name="format" dev="tracefs" ino=4647 scontext=u:r:traced_probes:s0 tcontext=u:object_r:debugfs_tracing_debug:s0 tclass=file permissive=0
11-10 04:31:37.347 1161 1161 I auditd : type=1400 audit(0.0:377): avc: denied { read } for comm="traced_probes" name="format" dev="tracefs" ino=4713 scontext=u:r:traced_probes:s0 tcontext=u:object_r:debugfs_tracing_debug:s0 tclass=file permissive=0
11-10 04:31:37.347 1161 1161 I auditd : type=1400 audit(0.0:378): avc: denied { read } for comm="traced_probes" name="format" dev="tracefs" ino=4707 scontext=u:r:traced_probes:s0 tcontext=u:object_r:debugfs_tracing_debug:s0 tclass=file permissive=0
11-10 04:31:37.349 1443 1743 I commit_sys_config_file: [settings-0-0,1]
11-10 04:31:37.351 1443 1639 I am_proc_start: [0,2585,1000,com.thundercomm.tcsetupWizard,added application,com.thundercomm.tcsetupWizard]
11-10 04:31:37.352 1443 1588 I sysui_multi_action: [757,856,758,1,806,com.android.systemui,857,ALR,858,4]
11-10 04:31:37.352 1443 1588 I sysui_multi_action: [757,856,758,1,806,com.android.systemui,857,GEN,858,1]
11-10 04:31:37.352 1443 1588 I sysui_multi_action: [757,856,758,1,806,com.android.systemui,857,DSK,858,2]
11-10 04:31:37.352 1443 1588 I sysui_multi_action: [757,856,758,1,806,com.android.systemui,857,SCN_HEADSUP,858,4]
11-10 04:31:37.352 1443 1588 I sysui_multi_action: [757,856,758,1,806,com.android.systemui,857,BAT,858,5]
11-10 04:31:37.352 1443 1588 I sysui_multi_action: [757,856,758,1,806,com.android.systemui,857,HNT,858,3]
11-10 04:31:37.347 1161 1161 I auditd : type=1400 audit(0.0:379): avc: denied { read } for comm="traced_probes" name="format" dev="tracefs" ino=4563 scontext=u:r:traced_probes:s0 tcontext=u:object_r:debugfs_tracing_debug:s0 tclass=file permissive=0
11-10 04:31:37.347 1161 1161 I auditd : type=1400 audit(0.0:380): avc: denied { read } for comm="traced_probes" name="format" dev="tracefs" ino=4575 scontext=u:r:traced_probes:s0 tcontext=u:object_r:debugfs_tracing_debug:s0 tclass=file permissive=0
11-10 04:31:37.347 1161 1161 I auditd : type=1400 audit(0.0:381): avc: denied { read } for comm="traced_probes" name="format" dev="tracefs" ino=4569 scontext=u:r:traced_probes:s0 tcontext=u:object_r:debugfs_tracing_debug:s0 tclass=file permissive=0
11-10 04:31:37.347 1161 1161 I auditd : type=1400 audit(0.0:382): avc: denied { read } for comm="traced_probes" name="format" dev="tracefs" ino=4557 scontext=u:r:traced_probes:s0 tcontext=u:object_r:debugfs_tracing_debug:s0 tclass=file permissive=0
11-10 04:31:37.347 1161 1161 I auditd : type=1400 audit(0.0:383): avc: denied { read } for comm="traced_probes" name="format" dev="tracefs" ino=4581 scontext=u:r:traced_probes:s0 tcontext=u:object_r:debugfs_tracing_debug:s0 tclass=file permissive=0
11-10 04:31:37.347 1161 1161 I auditd : type=1400 audit(0.0:384): avc: denied { read } for comm="traced_probes" name="format" dev="tracefs" ino=4701 scontext=u:r:traced_probes:s0 tcontext=u:object_r:debugfs_tracing_debug:s0 tclass=file permissive=0
11-10 04:31:37.347 1161 1161 I auditd : type=1400 audit(0.0:385): avc: denied { read } for comm="traced_probes" name="format" dev="tracefs" ino=4695 scontext=u:r:traced_probes:s0 tcontext=u:object_r:debugfs_tracing_debug:s0 tclass=file permissive=0
11-10 04:31:37.347 1161 1161 I auditd : type=1400 audit(0.0:386): avc: denied { read } for comm="traced_probes" name="format" dev="tracefs" ino=4677 scontext=u:r:traced_probes:s0 tcontext=u:object_r:debugfs_tracing_debug:s0 tclass=file permissive=0
11-10 04:31:37.347 1161 1161 I auditd : type=1400 audit(0.0:387): avc: denied { read } for comm="traced_probes" name="format" dev="tracefs" ino=4659 scontext=u:r:traced_probes:s0 tcontext=u:object_r:debugfs_tracing_debug:s0 tclass=file permissive=0
11-10 04:31:37.347 1161 1161 I auditd : type=1400 audit(0.0:388): avc: denied { read } for comm="traced_probes" name="format" dev="tracefs" ino=4653 scontext=u:r:traced_probes:s0 tcontext=u:object_r:debugfs_tracing_debug:s0 tclass=file permissive=0
11-10 04:31:37.347 1161 1161 I auditd : type=1400 audit(0.0:389): avc: denied { read } for comm="traced_probes" name="format" dev="tracefs" ino=4689 scontext=u:r:traced_probes:s0 tcontext=u:object_r:debugfs_tracing_debug:s0 tclass=file permissive=0
11-10 04:31:37.347 1161 1161 I auditd : type=1400 audit(0.0:390): avc: denied { read } for comm="traced_probes" name="format" dev="tracefs" ino=4683 scontext=u:r:traced_probes:s0 tcontext=u:object_r:debugfs_tracing_debug:s0 tclass=file permissive=0
11-10 04:31:37.347 1161 1161 I auditd : type=1400 audit(0.0:391): avc: denied { read } for comm="traced_probes" name="format" dev="tracefs" ino=4671 scontext=u:r:traced_probes:s0 tcontext=u:object_r:debugfs_tracing_debug:s0 tclass=file permissive=0
11-10 04:31:37.347 1161 1161 I auditd : type=1400 audit(0.0:392): avc: denied { read } for comm="traced_probes" name="format" dev="tracefs" ino=4665 scontext=u:r:traced_probes:s0 tcontext=u:object_r:debugfs_tracing_debug:s0 tclass=file permissive=0
11-10 04:31:37.347 1161 1161 I auditd : type=1400 audit(0.0:393): avc: denied { read } for comm="traced_probes" name="format" dev="tracefs" ino=4509 scontext=u:r:traced_probes:s0 tcontext=u:object_r:debugfs_tracing_debug:s0 tclass=file permissive=0
11-10 04:31:37.347 1161 1161 I auditd : type=1400 audit(0.0:394): avc: denied { read } for comm="traced_probes" name="format" dev="tracefs" ino=4485 scontext=u:r:traced_probes:s0 tcontext=u:object_r:debugfs_tracing_debug:s0 tclass=file permissive=0
11-10 04:31:37.347 1161 1161 I auditd : type=1400 audit(0.0:395): avc: denied { read } for comm="traced_probes" name="format" dev="tracefs" ino=4497 scontext=u:r:traced_probes:s0 tcontext=u:object_r:debugfs_tracing_debug:s0 tclass=file permissive=0
11-10 04:31:37.347 1161 1161 I auditd : type=1400 audit(0.0:396): avc: denied { read } for comm="traced_probes" name="format" dev="tracefs" ino=4491 scontext=u:r:traced_probes:s0 tcontext=u:object_r:debugfs_tracing_debug:s0 tclass=file permissive=0
11-10 04:31:37.347 1161 1161 I auditd : type=1400 audit(0.0:397): avc: denied { read } for comm="traced_probes" name="format" dev="tracefs" ino=4503 scontext=u:r:traced_probes:s0 tcontext=u:object_r:debugfs_tracing_debug:s0 tclass=file permissive=0
11-10 04:31:37.347 1161 1161 I auditd : type=1400 audit(0.0:398): avc: denied { read } for comm="traced_probes" name="format" dev="tracefs" ino=4515 scontext=u:r:traced_probes:s0 tcontext=u:object_r:debugfs_tracing_debug:s0 tclass=file permissive=0
11-10 04:31:37.347 1161 1161 I auditd : type=1400 audit(0.0:399): avc: denied { read } for comm="traced_probes" name="format" dev="tracefs" ino=4605 scontext=u:r:traced_probes:s0 tcontext=u:object_r:debugfs_tracing_debug:s0 tclass=file permissive=0
11-10 04:31:37.347 1161 1161 I auditd : type=1400 audit(0.0:400): avc: denied { read } for comm="traced_probes" name="format" dev="tracefs" ino=4599 scontext=u:r:traced_probes:s0 tcontext=u:object_r:debugfs_tracing_debug:s0 tclass=file permissive=0
11-10 04:31:37.347 1161 1161 I auditd : type=1400 audit(0.0:401): avc: denied { read } for comm="traced_probes" name="format" dev="tracefs" ino=4587 scontext=u:r:traced_probes:s0 tcontext=u:object_r:debugfs_tracing_debug:s0 tclass=file permissive=0
11-10 04:31:37.347 1161 1161 I auditd : type=1400 audit(0.0:402): avc: denied { read } for comm="traced_probes" name="format" dev="tracefs" ino=4533 scontext=u:r:traced_probes:s0 tcontext=u:object_r:debugfs_tracing_debug:s0 tclass=file permissive=0
11-10 04:31:37.347 1161 1161 I auditd : type=1400 audit(0.0:403): avc: denied { read } for comm="traced_probes" name="format" dev="tracefs" ino=4551 scontext=u:r:traced_probes:s0 tcontext=u:object_r:debugfs_tracing_debug:s0 tclass=file permissive=0
11-10 04:31:37.347 1161 1161 I auditd : type=1400 audit(0.0:404): avc: denied { read } for comm="traced_probes" name="format" dev="tracefs" ino=4539 scontext=u:r:traced_probes:s0 tcontext=u:object_r:debugfs_tracing_debug:s0 tclass=file permissive=0
11-10 04:31:37.347 1161 1161 I auditd : type=1400 audit(0.0:405): avc: denied { read } for comm="traced_probes" name="format" dev="tracefs" ino=4521 scontext=u:r:traced_probes:s0 tcontext=u:object_r:debugfs_tracing_debug:s0 tclass=file permissive=0
11-10 04:31:37.347 1161 1161 I auditd : type=1400 audit(0.0:406): avc: denied { read } for comm="traced_probes" name="format" dev="tracefs" ino=4527 scontext=u:r:traced_probes:s0 tcontext=u:object_r:debugfs_tracing_debug:s0 tclass=file permissive=0
11-10 04:31:37.347 1161 1161 I auditd : type=1400 audit(0.0:407): avc: denied { read } for comm="traced_probes" name="format" dev="tracefs" ino=4545 scontext=u:r:traced_probes:s0 tcontext=u:object_r:debugfs_tracing_debug:s0 tclass=file permissive=0
11-10 04:31:37.347 1161 1161 I auditd : type=1400 audit(0.0:408): avc: denied { read } for comm="traced_probes" name="format" dev="tracefs" ino=2086 scontext=u:r:traced_probes:s0 tcontext=u:object_r:debugfs_tracing_debug:s0 tclass=file permissive=0
11-10 04:31:37.347 1161 1161 I auditd : type=1400 audit(0.0:409): avc: denied { read } for comm="traced_probes" name="format" dev="tracefs" ino=2092 scontext=u:r:traced_probes:s0 tcontext=u:object_r:debugfs_tracing_debug:s0 tclass=file permissive=0
11-10 04:31:37.347 1161 1161 I auditd : type=1400 audit(0.0:410): avc: denied { read } for comm="traced_probes" name="format" dev="tracefs" ino=6843 scontext=u:r:traced_probes:s0 tcontext=u:object_r:debugfs_tracing_debug:s0 tclass=file permissive=0
11-10 04:31:37.347 1161 1161 I auditd : type=1400 audit(0.0:411): avc: denied { read } for comm="traced_probes" name="format" dev="tracefs" ino=6849 scontext=u:r:traced_probes:s0 tcontext=u:object_r:debugfs_tracing_debug:s0 tclass=file permissive=0
11-10 04:31:37.347 1161 1161 I auditd : type=1400 audit(0.0:412): avc: denied { read } for comm="traced_probes" name="format" dev="tracefs" ino=6825 scontext=u:r:traced_probes:s0 tcontext=u:object_r:debugfs_tracing_debug:s0 tclass=file permissive=0
11-10 04:31:37.347 1161 1161 I auditd : type=1400 audit(0.0:413): avc: denied { read } for comm="traced_probes" name="format" dev="tracefs" ino=6837 scontext=u:r:traced_probes:s0 tcontext=u:object_r:debugfs_tracing_debug:s0 tclass=file permissive=0
11-10 04:31:37.347 1161 1161 I auditd : type=1400 audit(0.0:414): avc: denied { read } for comm="traced_probes" name="format" dev="tracefs" ino=6831 scontext=u:r:traced_probes:s0 tcontext=u:object_r:debugfs_tracing_debug:s0 tclass=file permissive=0
11-10 04:31:37.347 1161 1161 I auditd : type=1400 audit(0.0:415): avc: denied { read } for comm="traced_probes" name="format" dev="tracefs" ino=6855 scontext=u:r:traced_probes:s0 tcontext=u:object_r:debugfs_tracing_debug:s0 tclass=file permissive=0
11-10 04:31:37.347 1161 1161 I auditd : type=1400 audit(0.0:416): avc: denied { read } for comm="traced_probes" name="format" dev="tracefs" ino=6861 scontext=u:r:traced_probes:s0 tcontext=u:object_r:debugfs_tracing_debug:s0 tclass=file permissive=0
11-10 04:31:37.347 1161 1161 I auditd : type=1400 audit(0.0:417): avc: denied { read } for comm="traced_probes" name="format" dev="tracefs" ino=2389 scontext=u:r:traced_probes:s0 tcontext=u:object_r:debugfs_tracing_debug:s0 tclass=file permissive=0
11-10 04:31:37.347 1161 1161 I auditd : type=1400 audit(0.0:418): avc: denied { read } for comm="traced_probes" name="format" dev="tracefs" ino=2383 scontext=u:r:traced_probes:s0 tcontext=u:object_r:debugfs_tracing_debug:s0 tclass=file permissive=0
11-10 04:31:37.347 1161 1161 I auditd : type=1400 audit(0.0:419): avc: denied { read } for comm="traced_probes" name="format" dev="tracefs" ino=2377 scontext=u:r:traced_probes:s0 tcontext=u:object_r:debugfs_tracing_debug:s0 tclass=file permissive=0
11-10 04:31:37.347 1161 1161 I auditd : type=1400 audit(0.0:420): avc: denied { read } for comm="traced_probes" name="format" dev="tracefs" ino=6732 scontext=u:r:traced_probes:s0 tcontext=u:object_r:debugfs_tracing_debug:s0 tclass=file permissive=0
11-10 04:31:37.347 1161 1161 I auditd : type=1400 audit(0.0:421): avc: denied { read } for comm="traced_probes" name="format" dev="tracefs" ino=6738 scontext=u:r:traced_probes:s0 tcontext=u:object_r:debugfs_tracing_debug:s0 tclass=file permissive=0
11-10 04:31:37.347 1161 1161 I auditd : type=1400 audit(0.0:422): avc: denied { read } for comm="traced_probes" name="format" dev="tracefs" ino=9840 scontext=u:r:traced_probes:s0 tcontext=u:object_r:debugfs_tracing_debug:s0 tclass=file permissive=0
11-10 04:31:37.347 1161 1161 I auditd : type=1400 audit(0.0:423): avc: denied { read } for comm="traced_probes" name="format" dev="tracefs" ino=9846 scontext=u:r:traced_probes:s0 tcontext=u:object_r:debugfs_tracing_debug:s0 tclass=file permissive=0
11-10 04:31:37.347 1161 1161 I auditd : type=1400 audit(0.0:424): avc: denied { read } for comm="traced_probes" name="format" dev="tracefs" ino=9858 scontext=u:r:traced_probes:s0 tcontext=u:object_r:debugfs_tracing_debug:s0 tclass=file permissive=0
11-10 04:31:37.347 1161 1161 I auditd : type=1400 audit(0.0:425): avc: denied { read } for comm="traced_probes" name="format" dev="tracefs" ino=9852 scontext=u:r:traced_probes:s0 tcontext=u:object_r:debugfs_tracing_debug:s0 tclass=file permissive=0
11-10 04:31:37.347 1161 1161 I auditd : type=1400 audit(0.0:426): avc: denied { read } for comm="traced_probes" name="format" dev="tracefs" ino=9810 scontext=u:r:traced_probes:s0 tcontext=u:object_r:debugfs_tracing_debug:s0 tclass=file permissive=0
11-10 04:31:37.347 1161 1161 I auditd : type=1400 audit(0.0:427): avc: denied { read } for comm="traced_probes" name="format" dev="tracefs" ino=9822 scontext=u:r:traced_probes:s0 tcontext=u:object_r:debugfs_tracing_debug:s0 tclass=file permissive=0
11-10 04:31:37.347 1161 1161 I auditd : type=1400 audit(0.0:428): avc: denied { read } for comm="traced_probes" name="format" dev="tracefs" ino=2251 scontext=u:r:traced_probes:s0 tcontext=u:object_r:debugfs_tracing_debug:s0 tclass=file permissive=0
11-10 04:31:37.347 1161 1161 I auditd : type=1400 audit(0.0:429): avc: denied { read } for comm="traced_probes" name="format" dev="tracefs" ino=2245 scontext=u:r:traced_probes:s0 tcontext=u:object_r:debugfs_tracing_debug:s0 tclass=file permissive=0
11-10 04:31:37.347 1161 1161 I auditd : type=1400 audit(0.0:430): avc: denied { read } for comm="traced_probes" name="format" dev="tracefs" ino=2266 scontext=u:r:traced_probes:s0 tcontext=u:object_r:debugfs_tracing_debug:s0 tclass=file permissive=0
11-10 04:31:37.347 1161 1161 I auditd : type=1400 audit(0.0:431): avc: denied { read } for comm="traced_probes" name="format" dev="tracefs" ino=2278 scontext=u:r:traced_probes:s0 tcontext=u:object_r:debugfs_tracing_debug:s0 tclass=file permissive=0
11-10 04:31:37.347 1161 1161 I auditd : type=1400 audit(0.0:432): avc: denied { read } for comm="traced_probes" name="format" dev="tracefs" ino=2272 scontext=u:r:traced_probes:s0 tcontext=u:object_r:debugfs_tracing_debug:s0 tclass=file permissive=0
11-10 04:31:37.347 1161 1161 I auditd : type=1400 audit(0.0:433): avc: denied { read } for comm="traced_probes" name="format" dev="tracefs" ino=2260 scontext=u:r:traced_probes:s0 tcontext=u:object_r:debugfs_tracing_debug:s0 tclass=file permissive=0
11-10 04:31:37.361 1443 1639 I am_proc_start: [0,2591,1001,.dataservices,added application,.dataservices]
11-10 04:31:37.365 1443 1443 I notification_cancel_all: [1000,1443,android,0,0,0,20,NULL]
11-10 04:31:37.367 1443 1639 I am_proc_start: [0,2610,10057,.qtidataservices,added application,.qtidataservices]
11-10 04:31:37.373 1443 1639 I am_proc_start: [0,2616,1000,com.thundercomm.tchttpserver,added application,com.thundercomm.tchttpserver]
11-10 04:31:37.363 1161 1161 I auditd : type=1400 audit(0.0:434): avc: denied { read } for comm="traced_probes" name="set_event" dev="tracefs" ino=2051 scontext=u:r:traced_probes:s0 tcontext=u:object_r:debugfs_tracing_debug:s0 tclass=file permissive=0
11-10 04:31:37.363 1161 1161 I auditd : type=1400 audit(0.0:435): avc: denied { read } for comm="traced_probes" name="set_event" dev="tracefs" ino=2051 scontext=u:r:traced_probes:s0 tcontext=u:object_r:debugfs_tracing_debug:s0 tclass=file permissive=0
11-10 04:31:37.377 1443 1589 I am_proc_bound: [0,2585,com.thundercomm.tcsetupWizard]
11-10 04:31:37.379 1443 1637 I netstats_mobile_sample: [0,0,0,0,0,0,0,0,0,0,0,0,1668025897379]
11-10 04:31:37.379 1443 1637 I netstats_wifi_sample: [0,0,0,0,0,0,0,0,0,0,0,0,1668025897379]
11-10 04:31:37.380 1443 2282 I am_proc_bound: [0,2580,com.thundercomm.microsettings]
11-10 04:31:37.382 1443 1639 I am_proc_start: [0,2626,1000,com.tc.logclient,added application,com.tc.logclient]
11-10 04:31:37.383 1443 1630 I commit_sys_config_file: [notification-policy,473]
11-10 04:31:37.392 1443 1589 I am_proc_bound: [0,2610,.qtidataservices]
11-10 04:31:37.393 1443 1589 I am_uid_active: 10057
11-10 04:31:37.394 1443 1589 I am_proc_bound: [0,2591,.dataservices]
11-10 04:31:37.396 1443 1589 I am_uid_active: 1001
11-10 04:31:37.396 1443 1637 I netstats_mobile_sample: [0,0,0,0,0,0,0,0,0,0,0,0,1668025897396]
11-10 04:31:37.396 1443 1637 I netstats_wifi_sample: [0,0,0,0,0,0,0,0,0,0,0,0,1668025897396]
11-10 04:31:37.399 1443 1639 I am_proc_start: [0,2655,1000,vendor.qti.qesdk.sysservice,added application,vendor.qti.qesdk.sysservice]
11-10 04:31:37.410 1443 1588 I am_uid_running: 10077
11-10 04:31:37.410 1443 1639 I am_proc_start: [0,2674,10088,com.qti.qualcomm.mstatssystemservice,added application,com.qti.qualcomm.mstatssystemservice]
11-10 04:31:37.422 1443 1639 I am_proc_start: [0,2691,1068,com.android.se,added application,com.android.se]
11-10 04:31:37.424 1443 1725 I am_proc_bound: [0,2626,com.tc.logclient]
11-10 04:31:37.425 1443 1637 I netstats_mobile_sample: [0,0,0,0,0,0,0,0,0,0,0,0,1668025897425]
11-10 04:31:37.425 1443 1637 I netstats_wifi_sample: [0,0,0,0,0,0,0,0,0,0,0,0,1668025897425]
11-10 04:31:37.435 1443 1589 I am_proc_bound: [0,2616,com.thundercomm.tchttpserver]
11-10 04:31:37.443 1443 1639 I am_proc_start: [0,2714,1000,com.thundercomm.remotecontrolservice,added application,com.thundercomm.remotecontrolservice]
11-10 04:31:37.449 1443 1639 I am_proc_start: [0,2741,1000,com.thundercomm.tcservice,added application,com.thundercomm.tcservice]
11-10 04:31:37.454 2691 2691 I service_manager_slow: [12,activity]
11-10 04:31:37.454 1443 1725 I am_proc_bound: [0,2691,com.android.se]
11-10 04:31:37.456 1443 1725 I am_uid_active: 1068
11-10 04:31:37.459 1443 1588 I am_proc_bound: [0,2674,com.qti.qualcomm.mstatssystemservice]
11-10 04:31:37.466 1443 1588 I am_uid_active: 10088
11-10 04:31:37.467 1443 1588 I am_proc_bound: [0,2714,com.thundercomm.remotecontrolservice]
11-10 04:31:37.476 1443 1639 I am_proc_start: [0,2766,10067,com.qualcomm.qti.devicestatisticsservice,added application,com.qualcomm.qti.devicestatisticsservice]
11-10 04:31:37.482 1443 1637 I service_manager_slow: [41,alarm]
