11-10 04:39:50.245 2903 2903 I sysui_multi_action: [757,1222,758,2,1089,946]
11-10 04:39:50.250 1443 1994 I input_focus: [Focus entering 3a8e143 com.android.settings/com.android.settings.Settings (server),reason=setFocusedWindow]
11-10 04:39:50.427 1443 1743 I commit_sys_config_file: [settings-0-0,4]
11-10 04:39:50.450 1443 1443 I notification_enqueue: [1000,1443,android,26,NULL,-1,Notification(channel=DEVELOPER_IMPORTANT shortcut=null contentView=null vibrate=null sound=null tick defaults=0x0 flags=0x2 color=0x00000000 vis=PUBLIC),0]
11-10 04:39:50.652 1443 1443 I sysui_multi_action: [757,1501,758,1,793,204,794,0,795,204,796,26,806,android,857,DEVELOPER_IMPORTANT,858,4,947,0,1500,0]
11-10 04:39:50.652 1443 1443 I sysui_multi_action: [757,804,799,note_interruptive,801,0,802,1]
11-10 04:39:50.775 2358 2358 I sysui_multi_action: [757,803,799,note_peek,802,1]
11-10 04:39:50.783 1443 3711 I sysui_multi_action: [757,127,758,1]
11-10 04:39:50.784 1443 3711 I sysui_multi_action: [757,804,799,note_load,801,1,802,1]
11-10 04:39:50.784 1443 3711 I notification_panel_revealed: 1
11-10 04:39:50.785 2358 2358 I sysui_heads_up_status: [-1|android|26|null|1000,1]
11-10 04:39:51.292 1443 1725 I sysui_multi_action: [757,128,758,1,793,844,794,0,795,844,796,26,798,0,806,android,857,DEVELOPER_IMPORTANT,858,4,947,0,1395,2,1500,640,1688,1]
11-10 04:39:51.292 1443 1725 I sysui_multi_action: [757,804,799,note_freshness,801,844,802,1]
11-10 04:39:51.292 1443 1725 I notification_visibility: [-1|android|26|null|1000,1,844,844,0,0]
11-10 04:39:51.731 1443 1628 I wm_task_created: [13,-1]
11-10 04:39:51.738 1443 1628 I wm_task_moved: [13,1,7]
11-10 04:39:51.738 1443 1628 I wm_task_to_front: [0,13]
11-10 04:39:51.739 1443 1628 I wm_create_task: [0,13]
11-10 04:39:51.739 1443 1628 I wm_create_activity: [0,152583008,13,com.android.systemui/.usb.UsbDebuggingActivity,NULL,NULL,NULL,276824064]
11-10 04:39:51.739 1443 1628 I wm_task_moved: [13,1,7]
11-10 04:39:51.739 2903 2903 I wm_on_top_resumed_lost_called: [141576729,com.android.settings.Settings,topStateChangedWhenResumed]
11-10 04:39:51.741 1443 1628 I wm_pause_activity: [0,141576729,com.android.settings/.Settings,userLeaving=true,pauseBackTasks]
11-10 04:39:51.751 2903 2903 I sysui_multi_action: [757,35,758,2,1089,11862]
11-10 04:39:51.755 2903 2903 I sysui_multi_action: [757,39,758,2,1089,5185]
11-10 04:39:51.758 2903 2903 I wm_on_paused_called: [141576729,com.android.settings.Settings,performPause]
11-10 04:39:51.761 1443 2406 I wm_restart_activity: [0,152583008,13,com.android.systemui/.usb.UsbDebuggingActivity]
11-10 04:39:51.762 1443 2406 I wm_set_resumed_activity: [0,com.android.systemui/.usb.UsbDebuggingActivity,minimalResumeActivityLocked]
11-10 04:39:51.770 1443 1631 I sysui_multi_action: [757,803,799,window_time_0,802,12]
11-10 04:39:51.791 2358 2358 I wm_on_create_called: [152583008,com.android.systemui.usb.UsbDebuggingActivity,performCreate]
11-10 04:39:51.792 2358 2358 I wm_on_start_called: [152583008,com.android.systemui.usb.UsbDebuggingActivity,handleStartActivity]
11-10 04:39:51.793 2358 2358 I wm_on_resume_called: [152583008,com.android.systemui.usb.UsbDebuggingActivity,RESUME_ACTIVITY]
11-10 04:39:51.796 2358 2358 I wm_on_top_resumed_gained_called: [152583008,com.android.systemui.usb.UsbDebuggingActivity,topStateChangedWhenResumed]
11-10 04:39:51.809 1443 1632 I input_focus: [Focus request d5e7cea com.android.systemui/com.android.systemui.usb.UsbDebuggingActivity,reason=UpdateInputWindows]
11-10 04:39:51.830 1443 1628 I sysui_multi_action: [319,111,322,111,325,519,757,761,758,8,759,2,806,com.android.systemui,871,com.android.systemui.usb.UsbDebuggingActivity,904,android,905,0,1320,4,1321,1]
11-10 04:39:51.830 1443 1628 I wm_activity_launch_time: [0,152583008,com.android.systemui/.usb.UsbDebuggingActivity,111]
11-10 04:39:51.837 1443 1994 I input_focus: [Focus leaving 3a8e143 com.android.settings/com.android.settings.Settings (server),reason=Waiting for window because NOT_VISIBLE]
11-10 04:39:51.853 1443 1994 I input_focus: [Focus entering d5e7cea com.android.systemui/com.android.systemui.usb.UsbDebuggingActivity (server),reason=Window became focusable. Previous reason: NOT_VISIBLE]
11-10 04:39:52.748 1443 1994 I input_interaction: Interaction with: d5e7cea com.android.systemui/com.android.systemui.usb.UsbDebuggingActivity (server), edge-swipe (server), swipe-up (server), PointerEventDispatcher0 (server),
11-10 04:39:52.951 1443 2406 I wm_finish_activity: [0,152583008,13,com.android.systemui/.usb.UsbDebuggingActivity,app-request]
11-10 04:39:52.951 1443 2406 I wm_task_moved: [12,1,7]
11-10 04:39:52.951 1443 2406 I wm_task_to_front: [0,12]
11-10 04:39:52.955 1443 2406 I wm_focused_root_task: [0,0,12,13,finish-top adjustFocusToNextFocusableTask]
11-10 04:39:52.970 1443 2406 I wm_pause_activity: [0,152583008,com.android.systemui/.usb.UsbDebuggingActivity,userLeaving=false,finish]
11-10 04:39:52.975 1443 1632 I input_focus: [Focus request 3a8e143 com.android.settings/com.android.settings.Settings,reason=UpdateInputWindows]
11-10 04:39:52.979 2358 2358 I wm_on_top_resumed_lost_called: [152583008,com.android.systemui.usb.UsbDebuggingActivity,topStateChangedWhenResumed]
11-10 04:39:52.980 2358 2358 I wm_on_paused_called: [152583008,com.android.systemui.usb.UsbDebuggingActivity,performPause]
11-10 04:39:52.982 1443 2406 I wm_set_resumed_activity: [0,com.android.settings/.Settings,resumeTopActivityInnerLocked]
11-10 04:39:52.983 1443 2406 I wm_resume_activity: [0,141576729,12,com.android.settings/.Settings]
11-10 04:39:52.985 2903 2903 I wm_on_resume_called: [141576729,com.android.settings.Settings,RESUME_ACTIVITY]
11-10 04:39:52.986 2903 2903 I sysui_multi_action: [757,35,758,1,833,0,1089,0]
11-10 04:39:52.995 1443 1994 I input_focus: [Focus leaving d5e7cea com.android.systemui/com.android.systemui.usb.UsbDebuggingActivity (server),reason=NO_WINDOW]
11-10 04:39:52.995 1443 1994 I input_focus: [Focus entering 3a8e143 com.android.settings/com.android.settings.Settings (server),reason=setFocusedWindow]
11-10 04:39:53.003 1443 1631 I sysui_multi_action: [757,803,799,window_time_0,802,1]
11-10 04:39:53.010 2903 2903 I sysui_multi_action: [757,39,758,1,833,0,1089,0]
11-10 04:39:53.011 1443 3711 D TelephonyRegistry: listen oscl: mHasNotifySubscriptionInfoChangedOccurred==false no callback
11-10 04:39:53.015 1443 3711 D TelephonyRegistry: listen oscl: mHasNotifySubscriptionInfoChangedOccurred==false no callback
11-10 04:39:53.023 2903 2903 I auditd : type=1400 audit(0.0:591): avc: denied { read } for comm="pool-2-thread-8" name="pagetypeinfo" dev="proc" ino=4026531857 scontext=u:r:system_app:s0 tcontext=u:object_r:proc_pagetypeinfo:s0 tclass=file permissive=0
11-10 04:39:53.035 2903 2903 I auditd : type=1400 audit(0.0:592): avc: denied { search } for comm="pool-2-thread-8" name="zram0" dev="sysfs" ino=56821 scontext=u:r:system_app:s0 tcontext=u:object_r:sysfs_zram:s0 tclass=dir permissive=0
11-10 04:39:53.035 2903 2903 I auditd : type=1400 audit(0.0:593): avc: denied { search } for comm="pool-2-thread-8" name="zram0" dev="sysfs" ino=56821 scontext=u:r:system_app:s0 tcontext=u:object_r:sysfs_zram:s0 tclass=dir permissive=0
11-10 04:39:53.050 2903 2903 I wm_on_top_resumed_gained_called: [141576729,com.android.settings.Settings,topWhenResuming]
11-10 04:39:53.077 1443 2406 I wm_destroy_activity: [0,152583008,13,com.android.systemui/.usb.UsbDebuggingActivity,finish-idle]
11-10 04:39:53.077 2358 2358 I wm_on_stop_called: [152583008,com.android.systemui.usb.UsbDebuggingActivity,LIFECYCLER_STOP_ACTIVITY]
11-10 04:39:53.077 2358 2358 I wm_on_destroy_called: [152583008,com.android.systemui.usb.UsbDebuggingActivity,performDestroy]
11-10 04:39:53.235 1443 1743 I commit_sys_config_file: [settings-0-0,5]
11-10 04:39:53.256 1443 1632 I wm_task_removed: [13,removeChild:removeChild last r=ActivityRecord{9183b60 u0 com.android.systemui/.usb.UsbDebuggingActivity t-1 f}} in t=Task{31f7db6 #13 type=standard A=10082:com.android.systemui U=0 visible=false mode=fullscreen translucent=true sz=0}]
11-10 04:39:53.256 1443 1632 I wm_task_removed: [13,removeChild]
11-10 04:39:56.492 2358 2358 I sysui_heads_up_status: [-1|android|26|null|1000,0]
11-10 04:39:57.006 1443 3711 I sysui_multi_action: [757,128,758,2,793,6558,794,5714,795,6558,796,26,798,0,806,android,857,DEVELOPER_IMPORTANT,858,4,947,0,1395,2,1500,6354,1688,1]
11-10 04:39:57.006 1443 3711 I notification_visibility: [-1|android|26|null|1000,0,6558,6558,0,0]
11-10 04:39:57.007 2358 2358 I sysui_multi_action: [757,111,758,2]
11-10 04:39:57.008 2358 2358 I sysui_multi_action: [757,111,758,2]
11-10 04:39:57.008 1443 1443 I notification_enqueue: [10082,2358,com.android.systemui,2048,NULL,0,Notification(channel=updateNotification shortcut=null contentView=null vibrate=null sound=null defaults=0x0 flags=0x0 color=0x00000000 vis=PRIVATE),1]
11-10 04:39:57.018 1443 2406 I sysui_multi_action: [757,127,758,2]
11-10 04:39:57.018 1443 2406 I notification_panel_hidden:
11-10 04:39:57.039 2358 2358 I sysui_multi_action: [757,111,758,1]
11-10 04:39:57.039 2358 2358 I sysui_multi_action: [757,126,758,1,759,126,927,0,928,0,1593,0]
11-10 04:39:57.039 2358 2358 I sysui_multi_action: [757,113,758,1,759,113,927,1,928,0,1593,0]
11-10 04:39:57.039 2358 2358 I sysui_multi_action: [757,0,758,1,759,0,927,2,928,0,1593,0]
11-10 04:39:57.039 2358 2358 I sysui_multi_action: [757,0,758,1,759,0,927,3,928,0,1593,0]
11-10 04:39:57.039 2358 2358 I sysui_multi_action: [757,491,758,1,759,491,927,4,928,0,1311,-1,1593,0]
11-10 04:39:57.040 2358 2358 I sysui_multi_action: [757,0,758,1,759,0,927,5,928,0,1593,0]
11-10 04:39:57.040 2358 2358 I sysui_multi_action: [757,111,758,1]
11-10 04:39:57.040 2358 2358 I sysui_multi_action: [757,126,758,1,759,126,927,0,928,0,1593,0]
11-10 04:39:57.040 2358 2358 I sysui_multi_action: [757,113,758,1,759,113,927,1,928,0,1593,0]
11-10 04:39:57.040 2358 2358 I sysui_multi_action: [757,0,758,1,759,0,927,2,928,0,1593,0]
11-10 04:39:57.040 2358 2358 I sysui_multi_action: [757,0,758,1,759,0,927,3,928,0,1593,0]
11-10 04:39:59.719 5228 5228 I auditd : type=1400 audit(0.0:594): avc: denied { read } for comm="app_process" name="u:object_r:odsign_prop:s0" dev="tmpfs" ino=3275 scontext=u:r:shell:s0 tcontext=u:object_r:odsign_prop:s0 tclass=file permissive=0
11-10 04:39:59.919 5245 5245 I auditd : type=1400 audit(0.0:595): avc: denied { read } for comm="app_process" name="u:object_r:odsign_prop:s0" dev="tmpfs" ino=3275 scontext=u:r:shell:s0 tcontext=u:object_r:odsign_prop:s0 tclass=file permissive=0
11-10 04:40:04.252 1443 1662 I commit_sys_config_file: [package-user-0,8]
11-10 04:40:05.255 1443 1637 I am_pss : [2792,10077,com.android.launcher3,58815488,46166016,0,196304896,0,5,18]
11-10 04:40:37.428 1443 1638 I am_uid_idle: 10051
11-10 04:40:45.865 1443 1638 I am_uid_idle: 10085
11-10 04:40:45.938 1443 1654 I sysui_multi_action: [757,1696,758,6,759,2]
11-10 04:40:45.955 1443 1638 I am_wtf : [0,1443,system_server,-1,DisplayDeviceConfig,requesting nits when no mapping exists.]
11-10 04:40:45.961 1443 1638 I am_wtf : [0,1443,system_server,-1,DisplayDeviceConfig,requesting nits when no mapping exists.]
11-10 04:40:45.971 1443 1638 I am_wtf : [0,1443,system_server,-1,DisplayDeviceConfig,requesting nits when no mapping exists.]
11-10 04:40:45.974 1443 1638 I am_wtf : [0,1443,system_server,-1,DisplayDeviceConfig,requesting nits when no mapping exists.]
11-10 04:40:45.981 1443 1638 I am_wtf : [0,1443,system_server,-1,DisplayDeviceConfig,requesting nits when no mapping exists.]
11-10 04:40:45.984 1443 1638 I am_wtf : [0,1443,system_server,-1,DisplayDeviceConfig,requesting nits when no mapping exists.]
11-10 04:40:45.998 1443 1638 I am_wtf : [0,1443,system_server,-1,DisplayDeviceConfig,requesting nits when no mapping exists.]
11-10 04:40:45.999 1443 1638 I am_wtf : [0,1443,system_server,-1,DisplayDeviceConfig,requesting nits when no mapping exists.]
11-10 04:40:46.015 1443 1638 I am_wtf : [0,1443,system_server,-1,DisplayDeviceConfig,requesting nits when no mapping exists.]
11-10 04:40:46.016 1443 1638 I am_wtf : [0,1443,system_server,-1,DisplayDeviceConfig,requesting nits when no mapping exists.]
11-10 04:40:46.031 1443 1638 I am_wtf : [0,1443,system_server,-1,DisplayDeviceConfig,requesting nits when no mapping exists.]
11-10 04:40:46.032 1443 1638 I am_wtf : [0,1443,system_server,-1,DisplayDeviceConfig,requesting nits when no mapping exists.]
11-10 04:40:46.048 1443 1638 I am_wtf : [0,1443,system_server,-1,DisplayDeviceConfig,requesting nits when no mapping exists.]
11-10 04:40:46.049 1443 1638 I am_wtf : [0,1443,system_server,-1,DisplayDeviceConfig,requesting nits when no mapping exists.]
11-10 04:40:46.065 1443 1638 I am_wtf : [0,1443,system_server,-1,DisplayDeviceConfig,requesting nits when no mapping exists.]
11-10 04:40:46.065 1443 1638 I am_wtf : [0,1443,system_server,-1,DisplayDeviceConfig,requesting nits when no mapping exists.]
11-10 04:40:46.082 1443 1638 I am_wtf : [0,1443,system_server,-1,DisplayDeviceConfig,requesting nits when no mapping exists.]
11-10 04:40:46.083 1443 1638 I am_wtf : [0,1443,system_server,-1,DisplayDeviceConfig,requesting nits when no mapping exists.]
11-10 04:40:46.098 1443 1638 I am_wtf : [0,1443,system_server,-1,DisplayDeviceConfig,requesting nits when no mapping exists.]
11-10 04:40:46.098 1443 1638 I am_wtf : [0,1443,system_server,-1,DisplayDeviceConfig,requesting nits when no mapping exists.]
11-10 04:40:46.115 1443 1638 I am_wtf : [0,1443,system_server,-1,DisplayDeviceConfig,requesting nits when no mapping exists.]
11-10 04:40:46.116 1443 1638 I am_wtf : [0,1443,system_server,-1,DisplayDeviceConfig,requesting nits when no mapping exists.]
11-10 04:40:46.132 1443 1638 I am_wtf : [0,1443,system_server,-1,DisplayDeviceConfig,requesting nits when no mapping exists.]
11-10 04:40:46.133 1443 1638 I am_wtf : [0,1443,system_server,-1,DisplayDeviceConfig,requesting nits when no mapping exists.]
11-10 04:40:46.148 1443 1638 I am_wtf : [0,1443,system_server,-1,DisplayDeviceConfig,requesting nits when no mapping exists.]
11-10 04:40:46.149 1443 1638 I am_wtf : [0,1443,system_server,-1,DisplayDeviceConfig,requesting nits when no mapping exists.]
11-10 04:40:46.164 1443 1638 I am_wtf : [0,1443,system_server,-1,DisplayDeviceConfig,requesting nits when no mapping exists.]
11-10 04:40:46.165 1443 1638 I am_wtf : [0,1443,system_server,-1,DisplayDeviceConfig,requesting nits when no mapping exists.]
11-10 04:40:46.181 1443 1638 I am_wtf : [0,1443,system_server,-1,DisplayDeviceConfig,requesting nits when no mapping exists.]
11-10 04:40:46.182 1443 1638 I am_wtf : [0,1443,system_server,-1,DisplayDeviceConfig,requesting nits when no mapping exists.]
11-10 04:40:46.198 1443 1638 I am_wtf : [0,1443,system_server,-1,DisplayDeviceConfig,requesting nits when no mapping exists.]
11-10 04:40:46.199 1443 1638 I am_wtf : [0,1443,system_server,-1,DisplayDeviceConfig,requesting nits when no mapping exists.]
11-10 04:40:46.215 1443 1638 I am_wtf : [0,1443,system_server,-1,DisplayDeviceConfig,requesting nits when no mapping exists.]
11-10 04:40:46.216 1443 1638 I am_wtf : [0,1443,system_server,-1,DisplayDeviceConfig,requesting nits when no mapping exists.]
11-10 04:40:46.231 1443 1638 I am_wtf : [0,1443,system_server,-1,DisplayDeviceConfig,requesting nits when no mapping exists.]
11-10 04:40:46.232 1443 1638 I am_wtf : [0,1443,system_server,-1,DisplayDeviceConfig,requesting nits when no mapping exists.]
11-10 04:40:46.248 1443 1638 I am_wtf : [0,1443,system_server,-1,DisplayDeviceConfig,requesting nits when no mapping exists.]
11-10 04:40:46.249 1443 1638 I am_wtf : [0,1443,system_server,-1,DisplayDeviceConfig,requesting nits when no mapping exists.]
11-10 04:40:46.266 1443 1638 I am_wtf : [0,1443,system_server,-1,DisplayDeviceConfig,requesting nits when no mapping exists.]
11-10 04:40:46.267 1443 1638 I am_wtf : [0,1443,system_server,-1,DisplayDeviceConfig,requesting nits when no mapping exists.]
11-10 04:40:46.282 1443 1638 I am_wtf : [0,1443,system_server,-1,DisplayDeviceConfig,requesting nits when no mapping exists.]
11-10 04:40:46.283 1443 1638 I am_wtf : [0,1443,system_server,-1,DisplayDeviceConfig,requesting nits when no mapping exists.]
11-10 04:40:46.299 1443 1638 I am_wtf : [0,1443,system_server,-1,DisplayDeviceConfig,requesting nits when no mapping exists.]
11-10 04:40:46.300 1443 1638 I am_wtf : [0,1443,system_server,-1,DisplayDeviceConfig,requesting nits when no mapping exists.]
11-10 04:40:46.316 1443 1638 I am_wtf : [0,1443,system_server,-1,DisplayDeviceConfig,requesting nits when no mapping exists.]
11-10 04:40:46.317 1443 1638 I am_wtf : [0,1443,system_server,-1,DisplayDeviceConfig,requesting nits when no mapping exists.]
11-10 04:40:46.332 1443 1638 I am_wtf : [0,1443,system_server,-1,DisplayDeviceConfig,requesting nits when no mapping exists.]
11-10 04:40:46.333 1443 1638 I am_wtf : [0,1443,system_server,-1,DisplayDeviceConfig,requesting nits when no mapping exists.]
11-10 04:40:46.348 1443 1638 I am_wtf : [0,1443,system_server,-1,DisplayDeviceConfig,requesting nits when no mapping exists.]
11-10 04:40:46.349 1443 1638 I am_wtf : [0,1443,system_server,-1,DisplayDeviceConfig,requesting nits when no mapping exists.]
11-10 04:40:46.365 1443 1638 I am_wtf : [0,1443,system_server,-1,DisplayDeviceConfig,requesting nits when no mapping exists.]
11-10 04:40:46.366 1443 1638 I am_wtf : [0,1443,system_server,-1,DisplayDeviceConfig,requesting nits when no mapping exists.]
11-10 04:40:46.382 1443 1638 I am_wtf : [0,1443,system_server,-1,DisplayDeviceConfig,requesting nits when no mapping exists.]
11-10 04:40:46.383 1443 1638 I am_wtf : [0,1443,system_server,-1,DisplayDeviceConfig,requesting nits when no mapping exists.]
11-10 04:40:46.399 1443 1638 I am_wtf : [0,1443,system_server,-1,DisplayDeviceConfig,requesting nits when no mapping exists.]
11-10 04:40:46.399 1443 1638 I am_wtf : [0,1443,system_server,-1,DisplayDeviceConfig,requesting nits when no mapping exists.]
11-10 04:40:46.415 1443 1638 I am_wtf : [0,1443,system_server,-1,DisplayDeviceConfig,requesting nits when no mapping exists.]
11-10 04:40:46.416 1443 1638 I am_wtf : [0,1443,system_server,-1,DisplayDeviceConfig,requesting nits when no mapping exists.]
11-10 04:40:46.432 1443 1638 I am_wtf : [0,1443,system_server,-1,DisplayDeviceConfig,requesting nits when no mapping exists.]
11-10 04:40:46.433 1443 1638 I am_wtf : [0,1443,system_server,-1,DisplayDeviceConfig,requesting nits when no mapping exists.]
11-10 04:40:46.449 1443 1638 I am_wtf : [0,1443,system_server,-1,DisplayDeviceConfig,requesting nits when no mapping exists.]
11-10 04:40:46.449 1443 1638 I am_wtf : [0,1443,system_server,-1,DisplayDeviceConfig,requesting nits when no mapping exists.]
11-10 04:40:46.465 1443 1638 I am_wtf : [0,1443,system_server,-1,DisplayDeviceConfig,requesting nits when no mapping exists.]
11-10 04:40:46.466 1443 1638 I am_wtf : [0,1443,system_server,-1,DisplayDeviceConfig,requesting nits when no mapping exists.]
11-10 04:40:46.482 1443 1638 I am_wtf : [0,1443,system_server,-1,DisplayDeviceConfig,requesting nits when no mapping exists.]
11-10 04:40:46.484 1443 1638 I am_wtf : [0,1443,system_server,-1,DisplayDeviceConfig,requesting nits when no mapping exists.]
11-10 04:40:46.499 1443 1638 I am_wtf : [0,1443,system_server,-1,DisplayDeviceConfig,requesting nits when no mapping exists.]
11-10 04:40:46.500 1443 1638 I am_wtf : [0,1443,system_server,-1,DisplayDeviceConfig,requesting nits when no mapping exists.]
11-10 04:40:46.516 1443 1638 I am_wtf : [0,1443,system_server,-1,DisplayDeviceConfig,requesting nits when no mapping exists.]
11-10 04:40:46.517 1443 1638 I am_wtf : [0,1443,system_server,-1,DisplayDeviceConfig,requesting nits when no mapping exists.]
11-10 04:40:46.533 1443 1638 I am_wtf : [0,1443,system_server,-1,DisplayDeviceConfig,requesting nits when no mapping exists.]
11-10 04:40:46.534 1443 1638 I am_wtf : [0,1443,system_server,-1,DisplayDeviceConfig,requesting nits when no mapping exists.]
11-10 04:40:46.549 1443 1638 I am_wtf : [0,1443,system_server,-1,DisplayDeviceConfig,requesting nits when no mapping exists.]
11-10 04:40:46.550 1443 1638 I am_wtf : [0,1443,system_server,-1,DisplayDeviceConfig,requesting nits when no mapping exists.]
11-10 04:40:46.565 1443 1638 I am_wtf : [0,1443,system_server,-1,DisplayDeviceConfig,requesting nits when no mapping exists.]
11-10 04:40:46.566 1443 1638 I am_wtf : [0,1443,system_server,-1,DisplayDeviceConfig,requesting nits when no mapping exists.]
11-10 04:40:46.582 1443 1638 I am_wtf : [0,1443,system_server,-1,DisplayDeviceConfig,requesting nits when no mapping exists.]
11-10 04:40:46.583 1443 1638 I am_wtf : [0,1443,system_server,-1,DisplayDeviceConfig,requesting nits when no mapping exists.]
11-10 04:40:46.599 1443 1638 I am_wtf : [0,1443,system_server,-1,DisplayDeviceConfig,requesting nits when no mapping exists.]
11-10 04:40:46.600 1443 1638 I am_wtf : [0,1443,system_server,-1,DisplayDeviceConfig,requesting nits when no mapping exists.]
11-10 04:40:46.616 1443 1638 I am_wtf : [0,1443,system_server,-1,DisplayDeviceConfig,requesting nits when no mapping exists.]
11-10 04:40:46.617 1443 1638 I am_wtf : [0,1443,system_server,-1,DisplayDeviceConfig,requesting nits when no mapping exists.]
11-10 04:40:46.632 1443 1638 I am_wtf : [0,1443,system_server,-1,DisplayDeviceConfig,requesting nits when no mapping exists.]
11-10 04:40:46.633 1443 1638 I service_manager_stats: [100,46,58452]
11-10 04:40:46.633 1443 1638 I am_wtf : [0,1443,system_server,-1,DisplayDeviceConfig,requesting nits when no mapping exists.]
11-10 04:40:46.649 1443 1638 I am_wtf : [0,1443,system_server,-1,DisplayDeviceConfig,requesting nits when no mapping exists.]
11-10 04:40:46.650 1443 1638 I am_wtf : [0,1443,system_server,-1,DisplayDeviceConfig,requesting nits when no mapping exists.]
11-10 04:40:46.666 1443 1638 I am_wtf : [0,1443,system_server,-1,DisplayDeviceConfig,requesting nits when no mapping exists.]
11-10 04:40:46.667 1443 1638 I am_wtf : [0,1443,system_server,-1,DisplayDeviceConfig,requesting nits when no mapping exists.]
11-10 04:40:46.683 1443 1638 I am_wtf : [0,1443,system_server,-1,DisplayDeviceConfig,requesting nits when no mapping exists.]
11-10 04:40:46.684 1443 1638 I am_wtf : [0,1443,system_server,-1,DisplayDeviceConfig,requesting nits when no mapping exists.]
11-10 04:40:46.699 1443 1638 I am_wtf : [0,1443,system_server,-1,DisplayDeviceConfig,requesting nits when no mapping exists.]
11-10 04:40:46.701 1443 1638 I am_wtf : [0,1443,system_server,-1,DisplayDeviceConfig,requesting nits when no mapping exists.]
11-10 04:40:46.716 1443 1638 I am_wtf : [0,1443,system_server,-1,DisplayDeviceConfig,requesting nits when no mapping exists.]
11-10 04:40:46.717 1443 1638 I am_wtf : [0,1443,system_server,-1,DisplayDeviceConfig,requesting nits when no mapping exists.]
11-10 04:40:46.732 1443 1638 I am_wtf : [0,1443,system_server,-1,DisplayDeviceConfig,requesting nits when no mapping exists.]
11-10 04:40:46.733 1443 1638 I am_wtf : [0,1443,system_server,-1,DisplayDeviceConfig,requesting nits when no mapping exists.]
11-10 04:40:46.749 1443 1638 I am_wtf : [0,1443,system_server,-1,DisplayDeviceConfig,requesting nits when no mapping exists.]
11-10 04:40:46.750 1443 1638 I am_wtf : [0,1443,system_server,-1,DisplayDeviceConfig,requesting nits when no mapping exists.]
11-10 04:40:46.766 1443 1638 I am_wtf : [0,1443,system_server,-1,DisplayDeviceConfig,requesting nits when no mapping exists.]
11-10 04:40:46.767 1443 1638 I am_wtf : [0,1443,system_server,-1,DisplayDeviceConfig,requesting nits when no mapping exists.]
11-10 04:40:46.784 1443 1638 I am_wtf : [0,1443,system_server,-1,DisplayDeviceConfig,requesting nits when no mapping exists.]
11-10 04:40:46.784 1443 1638 I am_wtf : [0,1443,system_server,-1,DisplayDeviceConfig,requesting nits when no mapping exists.]
11-10 04:40:46.799 1443 1638 I am_wtf : [0,1443,system_server,-1,DisplayDeviceConfig,requesting nits when no mapping exists.]
11-10 04:40:46.800 1443 1638 I am_wtf : [0,1443,system_server,-1,DisplayDeviceConfig,requesting nits when no mapping exists.]
11-10 04:40:46.816 1443 1638 I am_wtf : [0,1443,system_server,-1,DisplayDeviceConfig,requesting nits when no mapping exists.]
11-10 04:40:46.817 1443 1638 I am_wtf : [0,1443,system_server,-1,DisplayDeviceConfig,requesting nits when no mapping exists.]
11-10 04:40:46.833 1443 1638 I am_wtf : [0,1443,system_server,-1,DisplayDeviceConfig,requesting nits when no mapping exists.]
11-10 04:40:46.834 1443 1638 I am_wtf : [0,1443,system_server,-1,DisplayDeviceConfig,requesting nits when no mapping exists.]
11-10 04:40:46.850 1443 1638 I am_wtf : [0,1443,system_server,-1,DisplayDeviceConfig,requesting nits when no mapping exists.]
11-10 04:40:46.851 1443 1638 I am_wtf : [0,1443,system_server,-1,DisplayDeviceConfig,requesting nits when no mapping exists.]
11-10 04:40:46.867 1443 1638 I am_wtf : [0,1443,system_server,-1,DisplayDeviceConfig,requesting nits when no mapping exists.]
11-10 04:40:46.868 1443 1638 I am_wtf : [0,1443,system_server,-1,DisplayDeviceConfig,requesting nits when no mapping exists.]
11-10 04:40:46.883 1443 1638 I am_wtf : [0,1443,system_server,-1,DisplayDeviceConfig,requesting nits when no mapping exists.]
11-10 04:40:46.885 1443 1638 I am_wtf : [0,1443,system_server,-1,DisplayDeviceConfig,requesting nits when no mapping exists.]
11-10 04:40:46.900 1443 1638 I am_wtf : [0,1443,system_server,-1,DisplayDeviceConfig,requesting nits when no mapping exists.]
11-10 04:40:46.901 1443 1638 I am_wtf : [0,1443,system_server,-1,DisplayDeviceConfig,requesting nits when no mapping exists.]
11-10 04:40:52.908 1443 1628 I sysui_multi_action: [757,222,758,1]
11-10 04:40:52.911 1443 1628 I am_uid_active: 10051
11-10 04:40:52.926 1443 1589 I wm_task_created: [14,-1]
11-10 04:40:52.930 1443 1637 I am_pss : [2903,1000,com.android.settings,94253056,78176256,0,241885184,0,2,13]
11-10 04:40:52.930 1443 1589 I wm_task_moved: [14,1,7]
11-10 04:40:52.930 1443 1589 I wm_task_to_front: [0,14]
11-10 04:40:52.932 1443 1589 I wm_create_task: [0,14]
11-10 04:40:52.932 1443 1589 I wm_create_activity: [0,121457065,14,com.thundercomm.screensaver/android.service.dreams.DreamActivity,NULL,NULL,NULL,276824064]
11-10 04:40:52.932 1443 1589 I wm_task_moved: [14,1,7]
11-10 04:40:52.932 2903 2903 I wm_on_top_resumed_lost_called: [141576729,com.android.settings.Settings,topStateChangedWhenResumed]
11-10 04:40:52.934 1443 1589 I wm_pause_activity: [0,141576729,com.android.settings/.Settings,userLeaving=true,pauseBackTasks]
11-10 04:40:52.945 1443 1637 I am_pss : [2792,10077,com.android.launcher3,58819584,46170112,0,196308992,0,6,11]
11-10 04:40:52.948 2903 2903 I sysui_multi_action: [757,35,758,2,1089,59961]
11-10 04:40:52.954 2903 2903 I sysui_multi_action: [757,39,758,2,1089,59944]
11-10 04:40:52.956 2903 2903 I wm_on_paused_called: [141576729,com.android.settings.Settings,performPause]
11-10 04:40:52.958 1443 1637 I am_pss : [3407,10022,android.process.media,10514432,8511488,0,104611840,0,19,7]
11-10 04:40:52.959 1443 1725 I wm_add_to_stopping: [0,141576729,com.android.settings/.Settings,makeInvisible]
11-10 04:40:52.960 1443 1725 I wm_restart_activity: [0,121457065,14,com.thundercomm.screensaver/android.service.dreams.DreamActivity]
11-10 04:40:52.962 1443 1725 I wm_set_resumed_activity: [0,com.thundercomm.screensaver/android.service.dreams.DreamActivity,minimalResumeActivityLocked]
11-10 04:40:52.965 1443 1637 I am_pss : [5141,2000,com.android.shell,5785600,4296704,0,93007872,0,19,6]
11-10 04:40:52.974 1443 1631 I sysui_multi_action: [757,803,799,window_time_0,802,60]
11-10 04:40:52.981 4594 4594 I wm_on_create_called: [121457065,android.service.dreams.DreamActivity,performCreate]
11-10 04:40:52.982 4594 4594 I wm_on_start_called: [121457065,android.service.dreams.DreamActivity,handleStartActivity]
11-10 04:40:52.982 1443 1994 I input_focus: [Focus leaving 3a8e143 com.android.settings/com.android.settings.Settings (server),reason=NO_WINDOW]
11-10 04:40:52.983 4594 4594 I wm_on_resume_called: [121457065,android.service.dreams.DreamActivity,RESUME_ACTIVITY]
11-10 04:40:52.990 4594 4594 I wm_on_top_resumed_gained_called: [121457065,android.service.dreams.DreamActivity,topStateChangedWhenResumed]
11-10 04:40:53.015 1443 1632 I input_focus: [Focus request f7d765 com.thundercomm.screensaver/android.service.dreams.DreamActivity,reason=UpdateInputWindows]
11-10 04:40:53.021 2358 2358 I sysui_multi_action: [757,111,758,2]
11-10 04:40:53.021 2358 2358 I sysui_multi_action: [757,111,758,2]
11-10 04:40:53.025 1443 1443 I notification_enqueue: [10082,2358,com.android.systemui,2048,NULL,0,Notification(channel=updateNotification shortcut=null contentView=null vibrate=null sound=null defaults=0x0 flags=0x0 color=0x00000000 vis=PRIVATE),1]
11-10 04:40:53.034 2358 2358 I sysui_multi_action: [757,111,758,1]
11-10 04:40:53.034 2358 2358 I sysui_multi_action: [757,126,758,1,759,126,927,0,928,0,1593,0]
11-10 04:40:53.034 2358 2358 I sysui_multi_action: [757,113,758,1,759,113,927,1,928,0,1593,0]
11-10 04:40:53.034 2358 2358 I sysui_multi_action: [757,0,758,1,759,0,927,2,928,0,1593,0]
11-10 04:40:53.034 2358 2358 I sysui_multi_action: [757,0,758,1,759,0,927,3,928,0,1593,0]
11-10 04:40:53.035 2358 2358 I sysui_multi_action: [757,491,758,1,759,491,927,4,928,0,1311,-1,1593,0]
11-10 04:40:53.035 2358 2358 I sysui_multi_action: [757,0,758,1,759,0,927,5,928,0,1593,0]
11-10 04:40:53.035 2358 2358 I sysui_multi_action: [757,111,758,1]
11-10 04:40:53.035 2358 2358 I sysui_multi_action: [757,126,758,1,759,126,927,0,928,0,1593,0]
11-10 04:40:53.035 2358 2358 I sysui_multi_action: [757,113,758,1,759,113,927,1,928,0,1593,0]
11-10 04:40:53.035 2358 2358 I sysui_multi_action: [757,0,758,1,759,0,927,2,928,0,1593,0]
11-10 04:40:53.035 2358 2358 I sysui_multi_action: [757,0,758,1,759,0,927,3,928,0,1593,0]
11-10 04:40:53.050 1443 1654 I sysui_multi_action: [757,1696,758,6,759,3]
11-10 04:40:53.056 1443 1628 I sysui_multi_action: [319,123,322,117,325,580,757,761,758,8,759,2,806,com.thundercomm.screensaver,871,android.service.dreams.DreamActivity,904,com.thundercomm.screensaver,905,0,1320,4,1321,2]
11-10 04:40:53.061 1443 1628 I wm_activity_launch_time: [0,121457065,com.thundercomm.screensaver/android.service.dreams.DreamActivity,117]
11-10 04:40:53.066 1443 1638 I am_wtf : [0,1443,system_server,-1,DisplayDeviceConfig,requesting nits when no mapping exists.]
11-10 04:40:53.069 1443 1994 I input_focus: [Focus entering f7d765 com.thundercomm.screensaver/android.service.dreams.DreamActivity (server),reason=Window became focusable. Previous reason: NOT_VISIBLE]
11-10 04:40:53.071 1443 1638 I am_wtf : [0,1443,system_server,-1,DisplayDeviceConfig,requesting nits when no mapping exists.]
11-10 04:40:53.084 1443 1638 I am_wtf : [0,1443,system_server,-1,DisplayDeviceConfig,requesting nits when no mapping exists.]
11-10 04:40:53.085 1443 1638 I am_wtf : [0,1443,system_server,-1,DisplayDeviceConfig,requesting nits when no mapping exists.]
11-10 04:40:53.101 1443 1638 I am_wtf : [0,1443,system_server,-1,DisplayDeviceConfig,requesting nits when no mapping exists.]
11-10 04:40:53.102 1443 1638 I am_wtf : [0,1443,system_server,-1,DisplayDeviceConfig,requesting nits when no mapping exists.]
11-10 04:40:53.117 1443 1638 I am_wtf : [0,1443,system_server,-1,DisplayDeviceConfig,requesting nits when no mapping exists.]
11-10 04:40:53.123 1443 1638 I am_wtf : [0,1443,system_server,-1,DisplayDeviceConfig,requesting nits when no mapping exists.]
11-10 04:40:53.134 1443 1638 I am_wtf : [0,1443,system_server,-1,DisplayDeviceConfig,requesting nits when no mapping exists.]
11-10 04:40:53.135 1443 1638 I am_wtf : [0,1443,system_server,-1,DisplayDeviceConfig,requesting nits when no mapping exists.]
11-10 04:40:53.151 1443 1638 I am_wtf : [0,1443,system_server,-1,DisplayDeviceConfig,requesting nits when no mapping exists.]
11-10 04:40:53.152 1443 1638 I am_wtf : [0,1443,system_server,-1,DisplayDeviceConfig,requesting nits when no mapping exists.]
11-10 04:40:53.168 1443 1638 I am_wtf : [0,1443,system_server,-1,DisplayDeviceConfig,requesting nits when no mapping exists.]
11-10 04:40:53.169 1443 1638 I am_wtf : [0,1443,system_server,-1,DisplayDeviceConfig,requesting nits when no mapping exists.]
11-10 04:40:53.184 1443 1638 I am_wtf : [0,1443,system_server,-1,DisplayDeviceConfig,requesting nits when no mapping exists.]
11-10 04:40:53.191 1443 1638 I am_wtf : [0,1443,system_server,-1,DisplayDeviceConfig,requesting nits when no mapping exists.]
11-10 04:40:53.201 1443 1638 I am_wtf : [0,1443,system_server,-1,DisplayDeviceConfig,requesting nits when no mapping exists.]
11-10 04:40:53.206 1443 1638 I am_wtf : [0,1443,system_server,-1,DisplayDeviceConfig,requesting nits when no mapping exists.]
11-10 04:40:53.217 1443 1638 I am_wtf : [0,1443,system_server,-1,DisplayDeviceConfig,requesting nits when no mapping exists.]
11-10 04:40:53.218 1443 1638 I am_wtf : [0,1443,system_server,-1,DisplayDeviceConfig,requesting nits when no mapping exists.]
11-10 04:40:53.236 1443 1638 I am_wtf : [0,1443,system_server,-1,DisplayDeviceConfig,requesting nits when no mapping exists.]
11-10 04:40:53.237 1443 1638 I am_wtf : [0,1443,system_server,-1,DisplayDeviceConfig,requesting nits when no mapping exists.]
11-10 04:40:53.253 1443 1638 I am_wtf : [0,1443,system_server,-1,DisplayDeviceConfig,requesting nits when no mapping exists.]
11-10 04:40:53.253 1443 1638 I am_wtf : [0,1443,system_server,-1,DisplayDeviceConfig,requesting nits when no mapping exists.]
11-10 04:40:53.268 1443 1638 I am_wtf : [0,1443,system_server,-1,DisplayDeviceConfig,requesting nits when no mapping exists.]
11-10 04:40:53.269 1443 1638 I am_wtf : [0,1443,system_server,-1,DisplayDeviceConfig,requesting nits when no mapping exists.]
11-10 04:40:53.290 1443 1638 I am_wtf : [0,1443,system_server,-1,DisplayDeviceConfig,requesting nits when no mapping exists.]
11-10 04:40:53.291 1443 1638 I am_wtf : [0,1443,system_server,-1,DisplayDeviceConfig,requesting nits when no mapping exists.]
11-10 04:40:53.303 1443 1638 I am_wtf : [0,1443,system_server,-1,DisplayDeviceConfig,requesting nits when no mapping exists.]
11-10 04:40:53.304 1443 1638 I am_wtf : [0,1443,system_server,-1,DisplayDeviceConfig,requesting nits when no mapping exists.]
11-10 04:40:53.319 1443 1638 I am_wtf : [0,1443,system_server,-1,DisplayDeviceConfig,requesting nits when no mapping exists.]
11-10 04:40:53.321 1443 1638 I am_wtf : [0,1443,system_server,-1,DisplayDeviceConfig,requesting nits when no mapping exists.]
11-10 04:40:53.340 1443 1638 I am_wtf : [0,1443,system_server,-1,DisplayDeviceConfig,requesting nits when no mapping exists.]
11-10 04:40:53.342 1443 1638 I am_wtf : [0,1443,system_server,-1,DisplayDeviceConfig,requesting nits when no mapping exists.]
11-10 04:40:53.351 1443 1638 I am_wtf : [0,1443,system_server,-1,DisplayDeviceConfig,requesting nits when no mapping exists.]
11-10 04:40:53.352 1443 1638 I am_wtf : [0,1443,system_server,-1,DisplayDeviceConfig,requesting nits when no mapping exists.]
11-10 04:40:53.369 1443 1638 I am_wtf : [0,1443,system_server,-1,DisplayDeviceConfig,requesting nits when no mapping exists.]
11-10 04:40:53.370 1443 1638 I am_wtf : [0,1443,system_server,-1,DisplayDeviceConfig,requesting nits when no mapping exists.]
11-10 04:40:53.386 1443 1638 I am_wtf : [0,1443,system_server,-1,DisplayDeviceConfig,requesting nits when no mapping exists.]
11-10 04:40:53.387 1443 1638 I am_wtf : [0,1443,system_server,-1,DisplayDeviceConfig,requesting nits when no mapping exists.]
11-10 04:40:53.401 1443 1638 I am_wtf : [0,1443,system_server,-1,DisplayDeviceConfig,requesting nits when no mapping exists.]
11-10 04:40:53.403 1443 1638 I am_wtf : [0,1443,system_server,-1,DisplayDeviceConfig,requesting nits when no mapping exists.]
11-10 04:40:53.418 1443 1638 I am_wtf : [0,1443,system_server,-1,DisplayDeviceConfig,requesting nits when no mapping exists.]
11-10 04:40:53.419 1443 1638 I am_wtf : [0,1443,system_server,-1,DisplayDeviceConfig,requesting nits when no mapping exists.]
11-10 04:40:53.436 1443 1638 I am_wtf : [0,1443,system_server,-1,DisplayDeviceConfig,requesting nits when no mapping exists.]
11-10 04:40:53.438 1443 1638 I am_wtf : [0,1443,system_server,-1,DisplayDeviceConfig,requesting nits when no mapping exists.]
11-10 04:40:53.453 1443 1638 I am_wtf : [0,1443,system_server,-1,DisplayDeviceConfig,requesting nits when no mapping exists.]
11-10 04:40:53.454 1443 1638 I am_wtf : [0,1443,system_server,-1,DisplayDeviceConfig,requesting nits when no mapping exists.]
11-10 04:40:53.469 1443 1638 I am_wtf : [0,1443,system_server,-1,DisplayDeviceConfig,requesting nits when no mapping exists.]
11-10 04:40:53.470 1443 1638 I am_wtf : [0,1443,system_server,-1,DisplayDeviceConfig,requesting nits when no mapping exists.]
11-10 04:40:53.488 1443 1638 I am_wtf : [0,1443,system_server,-1,DisplayDeviceConfig,requesting nits when no mapping exists.]
11-10 04:40:53.489 1443 1638 I am_wtf : [0,1443,system_server,-1,DisplayDeviceConfig,requesting nits when no mapping exists.]
11-10 04:40:53.503 1443 1638 I am_wtf : [0,1443,system_server,-1,DisplayDeviceConfig,requesting nits when no mapping exists.]
11-10 04:40:53.504 1443 1638 I am_wtf : [0,1443,system_server,-1,DisplayDeviceConfig,requesting nits when no mapping exists.]
11-10 04:40:53.517 1443 1638 I am_wtf : [0,1443,system_server,-1,DisplayDeviceConfig,requesting nits when no mapping exists.]
11-10 04:40:53.518 1443 1638 I am_wtf : [0,1443,system_server,-1,DisplayDeviceConfig,requesting nits when no mapping exists.]
11-10 04:40:53.537 1443 1638 I am_wtf : [0,1443,system_server,-1,DisplayDeviceConfig,requesting nits when no mapping exists.]
11-10 04:40:53.539 1443 1638 I am_wtf : [0,1443,system_server,-1,DisplayDeviceConfig,requesting nits when no mapping exists.]
11-10 04:40:53.551 1443 1638 I am_wtf : [0,1443,system_server,-1,DisplayDeviceConfig,requesting nits when no mapping exists.]
11-10 04:40:53.552 1443 1631 I wm_stop_activity: [0,141576729,com.android.settings/.Settings]
11-10 04:40:53.552 1443 1638 I am_wtf : [0,1443,system_server,-1,DisplayDeviceConfig,requesting nits when no mapping exists.]
11-10 04:40:53.568 1443 1638 I am_wtf : [0,1443,system_server,-1,DisplayDeviceConfig,requesting nits when no mapping exists.]
11-10 04:40:53.569 1443 1638 I service_manager_stats: [100,56,6936]
11-10 04:40:53.570 1443 1638 I am_wtf : [0,1443,system_server,-1,DisplayDeviceConfig,requesting nits when no mapping exists.]
11-10 04:40:53.590 1443 1638 I am_wtf : [0,1443,system_server,-1,DisplayDeviceConfig,requesting nits when no mapping exists.]
11-10 04:40:53.591 1443 1638 I am_wtf : [0,1443,system_server,-1,DisplayDeviceConfig,requesting nits when no mapping exists.]
11-10 04:40:53.597 2903 2903 I wm_on_stop_called: [141576729,com.android.settings.Settings,STOP_ACTIVITY_ITEM]
11-10 04:40:53.602 1443 1638 I am_wtf : [0,1443,system_server,-1,DisplayDeviceConfig,requesting nits when no mapping exists.]
11-10 04:40:53.603 1443 1638 I am_wtf : [0,1443,system_server,-1,DisplayDeviceConfig,requesting nits when no mapping exists.]
11-10 04:40:53.625 1443 1638 I am_wtf : [0,1443,system_server,-1,DisplayDeviceConfig,requesting nits when no mapping exists.]
11-10 04:40:53.626 1443 1638 I am_wtf : [0,1443,system_server,-1,DisplayDeviceConfig,requesting nits when no mapping exists.]
11-10 04:40:53.635 1443 1638 I am_wtf : [0,1443,system_server,-1,DisplayDeviceConfig,requesting nits when no mapping exists.]
11-10 04:40:53.638 1443 1638 I am_wtf : [0,1443,system_server,-1,DisplayDeviceConfig,requesting nits when no mapping exists.]
11-10 04:40:53.649 1443 1638 I am_wtf : [0,1443,system_server,-1,DisplayDeviceConfig,requesting nits when no mapping exists.]
11-10 04:40:53.650 1443 1638 I am_wtf : [0,1443,system_server,-1,DisplayDeviceConfig,requesting nits when no mapping exists.]
11-10 04:40:53.666 1443 1638 I am_wtf : [0,1443,system_server,-1,DisplayDeviceConfig,requesting nits when no mapping exists.]
11-10 04:40:53.667 1443 1638 I am_wtf : [0,1443,system_server,-1,DisplayDeviceConfig,requesting nits when no mapping exists.]
11-10 04:40:53.683 1443 1638 I am_wtf : [0,1443,system_server,-1,DisplayDeviceConfig,requesting nits when no mapping exists.]
11-10 04:40:53.683 1443 1638 I am_wtf : [0,1443,system_server,-1,DisplayDeviceConfig,requesting nits when no mapping exists.]
11-10 04:40:53.703 1443 1638 I am_wtf : [0,1443,system_server,-1,DisplayDeviceConfig,requesting nits when no mapping exists.]
11-10 04:40:53.704 1443 1638 I am_wtf : [0,1443,system_server,-1,DisplayDeviceConfig,requesting nits when no mapping exists.]
11-10 04:40:53.717 1443 1638 I am_wtf : [0,1443,system_server,-1,DisplayDeviceConfig,requesting nits when no mapping exists.]
11-10 04:40:53.720 1443 1638 I am_wtf : [0,1443,system_server,-1,DisplayDeviceConfig,requesting nits when no mapping exists.]
11-10 04:40:53.733 1443 1638 I am_wtf : [0,1443,system_server,-1,DisplayDeviceConfig,requesting nits when no mapping exists.]
11-10 04:40:53.734 1443 1638 I am_wtf : [0,1443,system_server,-1,DisplayDeviceConfig,requesting nits when no mapping exists.]
11-10 04:40:53.749 1443 1638 I am_wtf : [0,1443,system_server,-1,DisplayDeviceConfig,requesting nits when no mapping exists.]
11-10 04:40:53.750 1443 1638 I am_wtf : [0,1443,system_server,-1,DisplayDeviceConfig,requesting nits when no mapping exists.]
11-10 04:40:53.766 1443 1638 I am_wtf : [0,1443,system_server,-1,DisplayDeviceConfig,requesting nits when no mapping exists.]
11-10 04:40:53.767 1443 1638 I am_wtf : [0,1443,system_server,-1,DisplayDeviceConfig,requesting nits when no mapping exists.]
11-10 04:40:53.783 1443 1638 I am_wtf : [0,1443,system_server,-1,DisplayDeviceConfig,requesting nits when no mapping exists.]
11-10 04:40:53.784 1443 1638 I am_wtf : [0,1443,system_server,-1,DisplayDeviceConfig,requesting nits when no mapping exists.]
11-10 04:40:53.800 1443 1638 I am_wtf : [0,1443,system_server,-1,DisplayDeviceConfig,requesting nits when no mapping exists.]
11-10 04:40:53.801 1443 1638 I am_wtf : [0,1443,system_server,-1,DisplayDeviceConfig,requesting nits when no mapping exists.]
11-10 04:40:53.816 1443 1638 I am_wtf : [0,1443,system_server,-1,DisplayDeviceConfig,requesting nits when no mapping exists.]
11-10 04:40:53.817 1443 1638 I am_wtf : [0,1443,system_server,-1,DisplayDeviceConfig,requesting nits when no mapping exists.]
11-10 04:40:53.833 1443 1638 I am_wtf : [0,1443,system_server,-1,DisplayDeviceConfig,requesting nits when no mapping exists.]
11-10 04:40:53.834 1443 1638 I am_wtf : [0,1443,system_server,-1,DisplayDeviceConfig,requesting nits when no mapping exists.]
11-10 04:40:53.850 1443 1638 I am_wtf : [0,1443,system_server,-1,DisplayDeviceConfig,requesting nits when no mapping exists.]
11-10 04:40:53.852 1443 1638 I am_wtf : [0,1443,system_server,-1,DisplayDeviceConfig,requesting nits when no mapping exists.]
11-10 04:40:53.867 1443 1638 I am_wtf : [0,1443,system_server,-1,DisplayDeviceConfig,requesting nits when no mapping exists.]
11-10 04:40:53.868 1443 1638 I am_wtf : [0,1443,system_server,-1,DisplayDeviceConfig,requesting nits when no mapping exists.]
11-10 04:40:53.883 1443 1638 I am_wtf : [0,1443,system_server,-1,DisplayDeviceConfig,requesting nits when no mapping exists.]
11-10 04:40:53.885 1443 1638 I am_wtf : [0,1443,system_server,-1,DisplayDeviceConfig,requesting nits when no mapping exists.]
11-10 04:40:53.900 1443 1638 I am_wtf : [0,1443,system_server,-1,DisplayDeviceConfig,requesting nits when no mapping exists.]
11-10 04:40:53.901 1443 1638 I am_wtf : [0,1443,system_server,-1,DisplayDeviceConfig,requesting nits when no mapping exists.]
11-10 04:40:53.917 1443 1638 I am_wtf : [0,1443,system_server,-1,DisplayDeviceConfig,requesting nits when no mapping exists.]
11-10 04:40:53.918 1443 1638 I am_wtf : [0,1443,system_server,-1,DisplayDeviceConfig,requesting nits when no mapping exists.]
11-10 04:40:53.933 1443 1638 I am_wtf : [0,1443,system_server,-1,DisplayDeviceConfig,requesting nits when no mapping exists.]
11-10 04:40:53.935 1443 1638 I am_wtf : [0,1443,system_server,-1,DisplayDeviceConfig,requesting nits when no mapping exists.]
11-10 04:40:53.951 1443 1638 I am_wtf : [0,1443,system_server,-1,DisplayDeviceConfig,requesting nits when no mapping exists.]
11-10 04:40:53.952 1443 1638 I am_wtf : [0,1443,system_server,-1,DisplayDeviceConfig,requesting nits when no mapping exists.]
11-10 04:40:53.967 1443 1638 I am_wtf : [0,1443,system_server,-1,DisplayDeviceConfig,requesting nits when no mapping exists.]
11-10 04:40:53.969 1443 1638 I am_wtf : [0,1443,system_server,-1,DisplayDeviceConfig,requesting nits when no mapping exists.]
11-10 04:40:53.985 1443 1638 I am_wtf : [0,1443,system_server,-1,DisplayDeviceConfig,requesting nits when no mapping exists.]
11-10 04:40:53.987 1443 1638 I am_wtf : [0,1443,system_server,-1,DisplayDeviceConfig,requesting nits when no mapping exists.]
11-10 04:40:54.000 1443 1638 I am_wtf : [0,1443,system_server,-1,DisplayDeviceConfig,requesting nits when no mapping exists.]
11-10 04:40:54.001 1443 1638 I am_wtf : [0,1443,system_server,-1,DisplayDeviceConfig,requesting nits when no mapping exists.]
11-10 04:41:10.290 1443 1638 I am_uid_idle: 10094
11-10 04:41:37.789 1443 1756 I am_freeze: [2789,com.android.settings:CryptKeeper]
11-10 04:41:37.791 1443 1756 I am_kill : [0,2789,com.android.settings:CryptKeeper,985,Unable to freeze binder interface]
11-10 04:41:37.821 1443 1589 I am_proc_died: [0,2789,com.android.settings:CryptKeeper,985,19]
11-10 04:41:37.832 1443 1637 I am_pss : [4594,10051,com.thundercomm.screensaver,64241664,57176064,0,184889344,0,2,7]
11-10 04:41:37.838 1443 1637 I am_pss : [3407,10022,android.process.media,10541056,8511488,0,104611840,0,19,5]
11-10 04:41:37.844 1443 1637 I am_pss : [5141,2000,com.android.shell,5809152,4296704,0,93007872,0,19,5]
11-10 04:41:39.119 1443 1756 I am_freeze: [3411,com.android.documentsui]
11-10 04:41:39.121 1443 1756 I am_kill : [0,3411,com.android.documentsui,985,Unable to freeze binder interface]
11-10 04:41:39.164 1443 1589 I am_proc_died: [0,3411,com.android.documentsui,985,19]
11-10 04:41:39.164 1443 1589 I am_uid_stopped: 10025
11-10 04:41:39.168 1443 1756 I am_freeze: [3456,com.android.provision]
11-10 04:41:39.169 1443 1756 I am_kill : [0,3456,com.android.provision,985,Unable to freeze binder interface]
11-10 04:41:39.189 1443 1589 I am_proc_died: [0,3456,com.android.provision,985,19]
11-10 04:41:39.189 1443 1589 I am_uid_stopped: 10079
11-10 04:41:39.558 1443 1756 I am_freeze: [3425,com.android.keychain]
11-10 04:41:39.560 1443 1756 I am_kill : [0,3425,com.android.keychain,975,Unable to freeze binder interface]
11-10 04:41:39.591 1443 1589 I am_proc_died: [0,3425,com.android.keychain,975,19]
11-10 04:41:39.809 1443 1756 I am_freeze: [3819,com.android.traceur]
11-10 04:41:39.811 1443 1756 I am_kill : [0,3819,com.android.traceur,975,Unable to freeze binder interface]
11-10 04:41:39.846 1443 1589 I am_proc_died: [0,3819,com.android.traceur,975,19]
11-10 04:41:39.846 1443 1589 I am_uid_stopped: 10034
11-10 04:41:40.064 1443 1756 I am_freeze: [3892,com.android.calendar]
11-10 04:41:40.066 1443 1756 I am_kill : [0,3892,com.android.calendar,975,Unable to freeze binder interface]
11-10 04:41:40.087 1443 1589 I am_proc_died: [0,3892,com.android.calendar,975,19]
11-10 04:41:40.088 1443 1589 I am_uid_stopped: 10062
11-10 04:41:40.095 1443 1637 I am_pss : [3848,10067,com.qualcomm.qti.devicestatisticsservice,5099520,3555328,0,89341952,0,0,5]
11-10 04:41:40.132 1443 1756 I am_freeze: [3072,com.android.deskclock]
11-10 04:41:40.134 1443 1756 I am_kill : [0,3072,com.android.deskclock,965,Unable to freeze binder interface]
11-10 04:41:40.169 1443 1589 I am_proc_died: [0,3072,com.android.deskclock,965,19]
11-10 04:41:40.170 1443 1589 I am_uid_stopped: 10070
11-10 04:41:40.214 1443 1756 I am_freeze: [3927,com.android.dynsystem]
11-10 04:41:40.215 1443 1756 I am_kill : [0,3927,com.android.dynsystem,995,Unable to freeze binder interface]
11-10 04:41:40.236 1443 1589 I am_proc_died: [0,3927,com.android.dynsystem,995,19]
11-10 04:41:40.264 1443 1756 I am_freeze: [3985,com.android.dynsystem:dynsystem]
11-10 04:41:40.265 1443 1756 I am_kill : [0,3985,com.android.dynsystem:dynsystem,995,Unable to freeze binder interface]
11-10 04:41:40.303 1443 1589 I am_proc_died: [0,3985,com.android.dynsystem:dynsystem,995,19]
11-10 04:41:40.606 1443 1756 I am_freeze: [4063,com.android.music]
11-10 04:41:40.608 1443 1756 I am_kill : [0,4063,com.android.music,985,Unable to freeze binder interface]
11-10 04:41:40.643 1443 1589 I am_proc_died: [0,4063,com.android.music,985,19]
11-10 04:41:40.644 1443 1589 I am_uid_stopped: 10090
11-10 04:41:40.876 1443 1756 I am_freeze: [4105,com.android.onetimeinitializer]
11-10 04:41:40.877 1443 1756 I am_kill : [0,4105,com.android.onetimeinitializer,975,Unable to freeze binder interface]
11-10 04:41:40.913 1443 1589 I am_proc_died: [0,4105,com.android.onetimeinitializer,975,19]
11-10 04:41:40.913 1443 1589 I am_uid_stopped: 10059
11-10 04:41:41.232 1443 1756 I am_freeze: [4163,com.android.phone]
11-10 04:41:41.233 1443 1756 I am_kill : [0,4163,com.android.phone,965,Unable to freeze binder interface]
11-10 04:41:41.258 1443 2406 I am_proc_died: [0,4163,com.android.phone,965,19]
11-10 04:41:41.802 1443 1756 I am_freeze: [4230,com.qualcomm.qti.qms.service.connectionsecurity]
11-10 04:41:41.805 1443 1756 I am_freeze: [3211,com.qualcomm.qtil.aptxui]
11-10 04:41:41.806 1443 1756 I am_kill : [0,4230,com.qualcomm.qti.qms.service.connectionsecurity,955,Unable to freeze binder interface]
11-10 04:41:41.809 1443 1756 I am_kill : [0,3211,com.qualcomm.qtil.aptxui,955,Unable to freeze binder interface]
11-10 04:41:41.839 1443 2406 I am_proc_died: [0,4230,com.qualcomm.qti.qms.service.connectionsecurity,955,19]
11-10 04:41:41.839 1443 2406 I am_uid_stopped: 10054
11-10 04:41:41.847 1443 1589 I am_proc_died: [0,3211,com.qualcomm.qtil.aptxui,955,19]
11-10 04:41:41.847 1443 1589 I am_uid_stopped: 10089
11-10 04:41:41.921 1443 1756 I am_freeze: [4267,com.android.localtransport]
