11-10 04:57:48.724 5842 5842 I wm_on_paused_called: [48372709,com.android.music.VideoBrowserActivity,performPause]
11-10 04:57:48.726 1443 5913 I ActivityTaskManager: FOREGROUND_APPLICATION_CHANGED to com.android.gallery3d.app.MovieActivity
11-10 04:57:48.727 1443 5913 I ActivityTaskManager: The Process com.android.gallery3d Already Exists in BG. So sending its PID: 5752
11-10 04:57:48.727 1443 5913 W ActivityTaskManager: Tried to set launchTime (0) < mLastActivityLaunchTime (1083831)
11-10 04:57:48.730 1443 5913 I wm_restart_activity: [0,216375448,19,com.android.gallery3d/.app.MovieActivity]
11-10 04:57:48.730 1443 5913 D CompatibilityInfo: mCompatibilityFlags - 4
11-10 04:57:48.730 1443 5913 D CompatibilityInfo: applicationDensity - 240
11-10 04:57:48.730 1443 5913 D CompatibilityInfo: applicationScale - 1.0
11-10 04:57:48.732 1443 5913 I wm_set_resumed_activity: [0,com.android.gallery3d/.app.MovieActivity,minimalResumeActivityLocked]
11-10 04:57:48.732 1443 1631 I am_uid_active: 10063
11-10 04:57:48.741 4253 4266 I GameMode_ActivityMonitoringService: onForegroundActivitiesChanged uid 10063 pid 5752 fg true
11-10 04:57:48.744 1443 1631 I sysui_multi_action: [757,803,799,window_time_2,802,4]
11-10 04:57:48.748 4253 4288 I GameMode_ActivityMonitoringService: Updating top task to: TaskInfoContainer [topActivity=ComponentInfo{com.android.gallery3d/com.android.gallery3d.app.MovieActivity}, taskId=19, stackId=19, userId=0, displayId=0, position=6
11-10 04:57:48.748 4253 4288 I GameMode_ActivityMonitoringService: Notifying about top task: TaskInfoContainer [topActivity=ComponentInfo{com.android.gallery3d/com.android.gallery3d.app.MovieActivity}, taskId=19, stackId=19, userId=0, displayId=0, position=6
11-10 04:57:48.749 4253 4288 D GameMode_GameMode: Show GameMode entry by service!
11-10 04:57:48.749 4253 4288 W ContextImpl: Calling a method in the system process without a qualified user: android.app.ContextImpl.startService:1816 android.content.ContextWrapper.startService:774 com.thundercomm.gamemode.ingame.services.GameModeActionUtils.startGameModeService:93 com.thundercomm.gamemode.ingame.services.GameModeActionUtils.startGameModeEntry:21 com.thundercomm.gamemode.ingame.services.ActivityMonitoringService$1.onActivityLaunch:122
11-10 04:57:48.751 4253 4253 D GameMode_GameMode: type=hide_entry
11-10 04:57:48.751 4253 4288 D GameMode: getUriFor setting_content_uri_root = content://com.thundercomm.gamemode.api/gamemode_settings , name = gamemode_isgaming
11-10 04:57:48.753 1443 1443 I GameModeConfig: Current uri is uri = content://com.thundercomm.gamemode.api/gamemode_settings/gamemode_isgaming
11-10 04:57:48.753 1443 1443 D GameMode: getUriFor setting_content_uri_root = content://com.thundercomm.gamemode.api/gamemode_settings , name = gamemode_isgaming
11-10 04:57:48.753 4253 4288 D GameMode: gamemode_isgaming set to 0
11-10 04:57:48.756 1443 1443 I GameModeConfig: isGameModeOn = false
11-10 04:57:48.756 1443 1443 I GameModeConfig: isGameModeOn = false
11-10 04:57:48.756 1443 1443 I GameModeConfig: isDisableVoice = true
11-10 04:57:48.761 4253 4253 D GameMode_GameSettingsObserver: Game Data change!!!! uri = content://com.thundercomm.gamemode.api/gamemode_settings/gamemode_isgaming
11-10 04:57:48.762 4253 4253 D GameMode: getUriFor setting_content_uri_root = content://com.thundercomm.gamemode.api/gamemode_settings , name = gamemode_isgaming
11-10 04:57:48.765 4253 4253 D GameMode_GameMode:GameModeService: updateGlobalSettings = gamemode_isgaming
11-10 04:57:48.765 5752 5752 I wm_on_create_called: [216375448,com.android.gallery3d.app.MovieActivity,performCreate]
11-10 04:57:48.766 5752 5752 W AudioManager: Use of stream types is deprecated for operations other than volume control
11-10 04:57:48.766 5752 5752 W AudioManager: See the documentation of requestAudioFocus() for what to use instead with android.media.AudioAttributes to qualify your playback use case
11-10 04:57:48.767 1443 3557 I MediaFocusControl: requestAudioFocus() from uid/pid 10063/5752 AA=USAGE_MEDIA/CONTENT_TYPE_MUSIC clientId=android.media.AudioManager@54d0292 callingPack=com.android.gallery3d req=2 flags=0x0 sdk=29
11-10 04:57:48.767 1443 3557 I AudioService.FadeOutManager: unfadeOutUid() uid:10063
11-10 04:57:48.767 5752 5752 I wm_on_start_called: [216375448,com.android.gallery3d.app.MovieActivity,handleStartActivity]
11-10 04:57:48.768 5752 5752 I wm_on_resume_called: [216375448,com.android.gallery3d.app.MovieActivity,RESUME_ACTIVITY]
11-10 04:57:48.770 1443 3557 W WindowManager: Failed looking up window session=Session{48086a0 5752:u0a10063} callers=com.android.server.wm.WindowManagerService.windowForClientLocked:5628 com.android.server.wm.Session.insetsModified:629 android.view.IWindowSession$Stub.onTransact:1151
11-10 04:57:48.772 5752 5752 I wm_on_top_resumed_gained_called: [216375448,com.android.gallery3d.app.MovieActivity,topStateChangedWhenResumed]
11-10 04:57:48.779 1443 1632 I input_focus: [Focus request 7dcbd29 com.android.gallery3d/com.android.gallery3d.app.MovieActivity,reason=UpdateInputWindows]
11-10 04:57:48.783 1443 5913 I MediaFocusControl: requestAudioFocus() from uid/pid 10063/5752 AA=USAGE_MEDIA/CONTENT_TYPE_MOVIE clientId=android.media.AudioManager@54d0292 callingPack=com.android.gallery3d req=1 flags=0x0 sdk=29
11-10 04:57:48.783 1443 5913 I AudioService.FadeOutManager: unfadeOutUid() uid:10063
11-10 04:57:48.789 3487 3516 I MediaProvider: Open with lower FS for /storage/emulated/0/t/Food.mp4. Uid: 10063
11-10 04:57:48.790 3487 3516 W MediaProvider: Failed to fetch original file descriptor
11-10 04:57:48.790 3487 3516 W MediaProvider: java.io.FileNotFoundException: Input file descriptor is already original
11-10 04:57:48.790 3487 3516 W MediaProvider: at com.android.providers.media.MediaProvider.getOriginalMediaFormatFileDescriptor(MediaProvider.java:5718)
11-10 04:57:48.790 3487 3516 W MediaProvider: at com.android.providers.media.MediaProvider.openTypedAssetFileCommon(MediaProvider.java:7134)
11-10 04:57:48.790 3487 3516 W MediaProvider: at com.android.providers.media.MediaProvider.openTypedAssetFile(MediaProvider.java:7115)
11-10 04:57:48.790 3487 3516 W MediaProvider: at android.content.ContentProvider$Transport.openTypedAssetFile(ContentProvider.java:548)
11-10 04:57:48.790 3487 3516 W MediaProvider: at android.content.ContentProviderNative.onTransact(ContentProviderNative.java:327)
11-10 04:57:48.790 3487 3516 W MediaProvider: at android.os.Binder.execTransactInternal(Binder.java:1184)
11-10 04:57:48.790 3487 3516 W MediaProvider: at android.os.Binder.execTransact(Binder.java:1143)
11-10 04:57:48.791 1181 1753 D NuPlayerDriver: NuPlayerDriver(0xeabc14b0) created, clientPid(5752)
11-10 04:57:48.799 1181 1753 I ExtendedNuUtils: printFileName fd(7) -> /storage/emulated/0/t/Food.mp4
11-10 04:57:48.800 1181 1753 D SurfaceUtils: connecting to surface 0xea349738, reason setVideoSurfaceTexture
11-10 04:57:48.800 1181 5978 D NuPlayer: onSetVideoSurface(0xea344ba0, no video decoder)
11-10 04:57:48.802 2341 3645 D Avrcp_ext: AudioManager Player: AudioPlaybackConfiguration piid:87 deviceId:0 type:android.media.SoundPool u/pid:1000/1443 state:idle attr:AudioAttributes: usage=USAGE_ASSISTANCE_SONIFICATION content=CONTENT_TYPE_SONIFICATION flags=0x800 tags= bundle=null sessionId:0
11-10 04:57:48.802 2341 3645 D Avrcp_ext: AudioManager Player: AudioPlaybackConfiguration piid:103 deviceId:0 type:android.media.SoundPool u/pid:1000/4253 state:idle attr:AudioAttributes: usage=USAGE_ASSISTANCE_SONIFICATION content=CONTENT_TYPE_SONIFICATION flags=0x801 tags= bundle=null sessionId:0
11-10 04:57:48.802 2341 3645 D Avrcp_ext: AudioManager Player: AudioPlaybackConfiguration piid:95 deviceId:0 type:android.media.SoundPool u/pid:10082/2358 state:idle attr:AudioAttributes: usage=USAGE_ASSISTANCE_SONIFICATION content=CONTENT_TYPE_SONIFICATION flags=0x800 tags= bundle=null sessionId:0
11-10 04:57:48.802 2341 3645 D Avrcp_ext: AudioManager Player: AudioPlaybackConfiguration piid:127 deviceId:0 type:android.media.MediaPlayer u/pid:10063/5752 state:idle attr:AudioAttributes: usage=USAGE_MEDIA content=CONTENT_TYPE_MOVIE flags=0x800 tags= bundle=null sessionId:0
11-10 04:57:48.802 2341 3645 D Avrcp_ext: AudioManager isPlaying: false, mAudioPlaybackIsActive = false
11-10 04:57:48.802 2341 3645 D Avrcp_ext: AudioManager Reset Active Player
11-10 04:57:48.808 1443 1994 I input_focus: [Focus leaving a257ae3 com.android.music/com.android.music.VideoBrowserActivity (server),reason=Waiting for window because NOT_VISIBLE]
11-10 04:57:48.810 1181 5980 D GenericSource: FileSource remote
11-10 04:57:48.813 1443 1631 I EventSequenceValidator: Transition from ACTIVITY_LAUNCHED to ACTIVITY_FINISHED
11-10 04:57:48.820 1443 1628 I sysui_multi_action: [319,114,322,113,325,1596,757,761,758,8,759,2,806,com.android.gallery3d,871,com.android.gallery3d.app.MovieActivity,904,com.android.music,905,0,1320,4,1321,1]
11-10 04:57:48.822 1443 1628 I wm_activity_launch_time: [0,216375448,com.android.gallery3d/.app.MovieActivity,113]
11-10 04:57:48.825 1443 1628 I ActivityTaskManager: Displayed com.android.gallery3d/.app.MovieActivity: +113ms
11-10 04:57:48.827 1443 1994 I input_focus: [Focus entering 7dcbd29 com.android.gallery3d/com.android.gallery3d.app.MovieActivity (server),reason=Window became focusable. Previous reason: NOT_VISIBLE]
11-10 04:57:48.828 1179 5836 I MMParserExtractor: Created(0xb4000073613271d0)
11-10 04:57:48.829 1179 5836 E MM_OSAL : FileSource::FileSource
11-10 04:57:48.829 1179 5836 E MM_OSAL : FileSource::FileSource m_bEveryThingOK 1
11-10 04:57:48.830 1179 5836 E MM_OSAL : resetPlayback no need to reset
11-10 04:57:48.830 1179 5836 E MM_OSAL : resetPlayback no need to reset
11-10 04:57:48.833 4253 4266 I GameMode_ActivityMonitoringService: onTaskStackChanged
11-10 04:57:48.834 1179 5917 D MediaBufferGroup: creating MemoryDealer
11-10 04:57:48.834 1179 5917 D MediaBufferGroup: creating MemoryDealer
11-10 04:57:48.839 4253 4288 I GameMode_ActivityMonitoringService: Updating top task to: TaskInfoContainer [topActivity=ComponentInfo{com.android.gallery3d/com.android.gallery3d.app.MovieActivity}, taskId=19, stackId=19, userId=0, displayId=0, position=6
11-10 04:57:48.839 4253 4288 I GameMode_ActivityMonitoringService: Notifying about top task: TaskInfoContainer [topActivity=ComponentInfo{com.android.gallery3d/com.android.gallery3d.app.MovieActivity}, taskId=19, stackId=19, userId=0, displayId=0, position=6
11-10 04:57:48.840 4253 4288 D GameMode_GameMode: Show GameMode entry by service!
11-10 04:57:48.841 5752 5752 D MediaPlayerNative: getMetadata
11-10 04:57:48.841 4253 4288 W ContextImpl: Calling a method in the system process without a qualified user: android.app.ContextImpl.startService:1816 android.content.ContextWrapper.startService:774 com.thundercomm.gamemode.ingame.services.GameModeActionUtils.startGameModeService:93 com.thundercomm.gamemode.ingame.services.GameModeActionUtils.startGameModeEntry:21 com.thundercomm.gamemode.ingame.services.ActivityMonitoringService$1.onActivityLaunch:122
11-10 04:57:48.844 4253 4288 D GameMode: getUriFor setting_content_uri_root = content://com.thundercomm.gamemode.api/gamemode_settings , name = gamemode_isgaming
11-10 04:57:48.844 4253 4253 D GameMode_GameMode: type=hide_entry
11-10 04:57:48.846 1443 1443 I GameModeConfig: Current uri is uri = content://com.thundercomm.gamemode.api/gamemode_settings/gamemode_isgaming
11-10 04:57:48.846 1443 1443 D GameMode: getUriFor setting_content_uri_root = content://com.thundercomm.gamemode.api/gamemode_settings , name = gamemode_isgaming
11-10 04:57:48.846 4253 4288 D GameMode: gamemode_isgaming set to 0
11-10 04:57:48.848 1443 1443 I GameModeConfig: isGameModeOn = false
11-10 04:57:48.848 1443 1443 I GameModeConfig: isGameModeOn = false
11-10 04:57:48.848 1443 1443 I GameModeConfig: isDisableVoice = true
11-10 04:57:48.849 4253 4253 D GameMode_GameSettingsObserver: Game Data change!!!! uri = content://com.thundercomm.gamemode.api/gamemode_settings/gamemode_isgaming
11-10 04:57:48.849 4253 4253 D GameMode: getUriFor setting_content_uri_root = content://com.thundercomm.gamemode.api/gamemode_settings , name = gamemode_isgaming
11-10 04:57:48.851 4253 4253 D GameMode_GameMode:GameModeService: updateGlobalSettings = gamemode_isgaming
11-10 04:57:48.852 1443 1637 I am_pss : [4125,10021,com.android.packageinstaller,7714816,5660672,0,92037120,0,19,5]
11-10 04:57:48.857 1181 5978 I GenericSource: start
11-10 04:57:48.857 1443 2433 W AudioIDCMicroNegotiator: idcm_warn: idcm control is not enable
11-10 04:57:48.858 2341 3645 D Avrcp_ext: AudioManager Player: AudioPlaybackConfiguration piid:87 deviceId:0 type:android.media.SoundPool u/pid:1000/1443 state:idle attr:AudioAttributes: usage=USAGE_ASSISTANCE_SONIFICATION content=CONTENT_TYPE_SONIFICATION flags=0x800 tags= bundle=null sessionId:0
11-10 04:57:48.859 2341 3645 D Avrcp_ext: AudioManager Player: AudioPlaybackConfiguration piid:103 deviceId:0 type:android.media.SoundPool u/pid:1000/4253 state:idle attr:AudioAttributes: usage=USAGE_ASSISTANCE_SONIFICATION content=CONTENT_TYPE_SONIFICATION flags=0x801 tags= bundle=null sessionId:0
11-10 04:57:48.859 2341 3645 D Avrcp_ext: AudioManager Player: AudioPlaybackConfiguration piid:95 deviceId:0 type:android.media.SoundPool u/pid:10082/2358 state:idle attr:AudioAttributes: usage=USAGE_ASSISTANCE_SONIFICATION content=CONTENT_TYPE_SONIFICATION flags=0x800 tags= bundle=null sessionId:0
11-10 04:57:48.859 2341 3645 D Avrcp_ext: AudioManager Player: AudioPlaybackConfiguration piid:127 deviceId:0 type:android.media.MediaPlayer u/pid:10063/5752 state:started attr:AudioAttributes: usage=USAGE_MEDIA content=CONTENT_TYPE_MOVIE flags=0x800 tags= bundle=null sessionId:0
11-10 04:57:48.859 1443 1637 I am_pss : [3596,10030,com.android.managedprovisioning,9718784,7528448,0,96202752,0,19,4]
11-10 04:57:48.859 1181 5978 W Utils : track of type 'audio/mp4a-latm' does not publish channel mask, channel count 2
11-10 04:57:48.860 2341 3645 D Avrcp_ext: AudioManager Player in started state: com.android.gallery3d
11-10 04:57:48.860 2341 3645 D Avrcp_ext: AudioManager Active Player: com.android.gallery3d
11-10 04:57:48.860 2341 3645 D Avrcp_ext: AudioManager isPlaying: true, mAudioPlaybackIsActive = false
11-10 04:57:48.861 2341 3645 V Avrcp_ext: updateCurrentMediaState: mMediaController: null
11-10 04:57:48.861 2341 3645 W Avrcp_ext: isMusicActive: false getBluetoothPlayState: 2 A2dp State: 11 mAudioPlaybackIsActive: true
11-10 04:57:48.861 2341 3645 W Avrcp_ext: updateCurrentMediaState: isPlaying = false
11-10 04:57:48.861 2341 3645 V Avrcp_ext: Media update: id -1âž¡-1? [MediaAttributes: none] : [MediaAttributes: none]
11-10 04:57:48.861 2341 3645 D Avrcp_ext: isPackageNameValid: browsedPackage = isValid = false
11-10 04:57:48.861 2341 3645 V Avrcp_ext: updatePlaybackState, state: PlaybackState {state=2, position=-1, buffered position=0, speed=0.0, updated=1596314, actions=0, custom actions=[], active item id=-1, error=null} device: null
11-10 04:57:48.861 2341 3645 V Avrcp_ext: Device: no name:
11-10 04:57:48.861 2341 3645 V Avrcp_ext: Device: no name:
11-10 04:57:48.861 2341 3645 V Avrcp_ext: Device: no name:
11-10 04:57:48.861 2341 3645 V Avrcp_ext: Device: no name:
11-10 04:57:48.861 2341 3645 V Avrcp_ext: Device: no name:
11-10 04:57:48.862 2341 3645 V Avrcp_ext: updatePlayerStateAndPosition, old=PlaybackState {state=2, position=-1, buffered position=0, speed=0.0, updated=1203749, actions=0, custom actions=[], active item id=-1, error=null}, state=PlaybackState {state=2, position=-1, buffered position=0, speed=0.0, updated=1596314, actions=0, custom actions=[], active item id=-1, error=null}
11-10 04:57:48.862 2341 3645 V Avrcp_ext: old state = PlaybackState {state=2, position=-1, buffered position=0, speed=0.0, updated=1203749, actions=0, custom actions=[], active item id=-1, error=null}, new state= PlaybackState {state=2, position=-1, buffered position=0, speed=0.0, updated=1596314, actions=0, custom actions=[], active item id=-1, error=null}
11-10 04:57:48.862 2341 3645 D HeadsetService: getHeadsetService(): returning com.android.bluetooth.hfp.HeadsetService@5da6745
11-10 04:57:48.862 2341 3645 D HeadsetService: isAudioOn: The number of audio connected devices 0
11-10 04:57:48.862 2341 3645 D HeadsetService: isScoOrCallActive(): Call Active:falseCall is Ringing:falseSCO is Active:false
11-10 04:57:48.862 2341 3645 D HeadsetService: isAudioOn: The number of audio connected devices 0
11-10 04:57:48.862 2341 3645 I Avrcp_ext: updatePlayStatusForDevice: device: null
11-10 04:57:48.862 2341 3645 V Avrcp_ext: updatePlaybackState (1): old=PlaybackState {state=2, position=-1, buffered position=0, speed=0.0, updated=1203749, actions=0, custom actions=[], active item id=-1, error=null}(2), new=PlaybackState {state=2, position=-1, buffered position=0, speed=0.0, updated=1596314, actions=0, custom actions=[], active item id=-1, error=null}(2)
11-10 04:57:48.862 2341 3645 I Avrcp_ext: Exit updatePlayStatusForDevice
11-10 04:57:48.862 2341 3645 D HeadsetService: isAudioOn: The number of audio connected devices 0
11-10 04:57:48.862 2341 3645 D HeadsetService: isScoOrCallActive(): Call Active:falseCall is Ringing:falseSCO is Active:false
11-10 04:57:48.862 2341 3645 D HeadsetService: isAudioOn: The number of audio connected devices 0
11-10 04:57:48.862 2341 3645 I Avrcp_ext: updatePlayStatusForDevice: device: null
11-10 04:57:48.862 2341 3645 V Avrcp_ext: updatePlaybackState (1): old=PlaybackState {state=2, position=-1, buffered position=0, speed=0.0, updated=1203749, actions=0, custom actions=[], active item id=-1, error=null}(2), new=PlaybackState {state=2, position=-1, buffered position=0, speed=0.0, updated=1596314, actions=0, custom actions=[], active item id=-1, error=null}(2)
11-10 04:57:48.862 2341 3645 I Avrcp_ext: Exit updatePlayStatusForDevice
11-10 04:57:48.862 2341 3645 D HeadsetService: isAudioOn: The number of audio connected devices 0
11-10 04:57:48.862 2341 3645 D HeadsetService: isScoOrCallActive(): Call Active:falseCall is Ringing:falseSCO is Active:false
11-10 04:57:48.862 2341 3645 D HeadsetService: isAudioOn: The number of audio connected devices 0
11-10 04:57:48.862 2341 3645 I Avrcp_ext: updatePlayStatusForDevice: device: null
11-10 04:57:48.862 2341 3645 V Avrcp_ext: updatePlaybackState (1): old=PlaybackState {state=2, position=-1, buffered position=0, speed=0.0, updated=1203749, actions=0, custom actions=[], active item id=-1, error=null}(2), new=PlaybackState {state=2, position=-1, buffered position=0, speed=0.0, updated=1596314, actions=0, custom actions=[], active item id=-1, error=null}(2)
11-10 04:57:48.862 2341 3645 I Avrcp_ext: Exit updatePlayStatusForDevice
11-10 04:57:48.862 2341 3645 D HeadsetService: isAudioOn: The number of audio connected devices 0
11-10 04:57:48.862 2341 3645 D HeadsetService: isScoOrCallActive(): Call Active:falseCall is Ringing:falseSCO is Active:false
11-10 04:57:48.862 2341 3645 D HeadsetService: isAudioOn: The number of audio connected devices 0
11-10 04:57:48.862 2341 3645 I Avrcp_ext: updatePlayStatusForDevice: device: null
11-10 04:57:48.862 2341 3645 V Avrcp_ext: updatePlaybackState (1): old=PlaybackState {state=2, position=-1, buffered position=0, speed=0.0, updated=1203749, actions=0, custom actions=[], active item id=-1, error=null}(2), new=PlaybackState {state=2, position=-1, buffered position=0, speed=0.0, updated=1596314, actions=0, custom actions=[], active item id=-1, error=null}(2)
11-10 04:57:48.862 2341 3645 I Avrcp_ext: Exit updatePlayStatusForDevice
11-10 04:57:48.862 2341 3645 D HeadsetService: isAudioOn: The number of audio connected devices 0
11-10 04:57:48.862 2341 3645 D HeadsetService: isScoOrCallActive(): Call Active:falseCall is Ringing:falseSCO is Active:false
11-10 04:57:48.862 2341 3645 D HeadsetService: isAudioOn: The number of audio connected devices 0
11-10 04:57:48.863 2341 3645 I Avrcp_ext: updatePlayStatusForDevice: device: null
11-10 04:57:48.863 2341 3645 V Avrcp_ext: updatePlaybackState (1): old=PlaybackState {state=2, position=-1, buffered position=0, speed=0.0, updated=1203749, actions=0, custom actions=[], active item id=-1, error=null}(2), new=PlaybackState {state=2, position=-1, buffered position=0, speed=0.0, updated=1596314, actions=0, custom actions=[], active item id=-1, error=null}(2)
11-10 04:57:48.863 2341 3645 I Avrcp_ext: Exit updatePlayStatusForDevice
11-10 04:57:48.863 2341 3645 D Avrcp_ext: Enter sendPlayPosNotificationRsp
11-10 04:57:48.863 2341 3645 D Avrcp_ext: sendPlayPosNotificationRsp: Not registered or requesting.
11-10 04:57:48.863 2341 3645 D Avrcp_ext: Enter sendPlayPosNotificationRsp
11-10 04:57:48.863 2341 3645 D Avrcp_ext: sendPlayPosNotificationRsp: Not registered or requesting.
11-10 04:57:48.863 2341 3645 D Avrcp_ext: Enter sendPlayPosNotificationRsp
11-10 04:57:48.863 2341 3645 D Avrcp_ext: sendPlayPosNotificationRsp: Not registered or requesting.
11-10 04:57:48.863 2341 3645 D Avrcp_ext: Enter sendPlayPosNotificationRsp
11-10 04:57:48.863 2341 3645 D Avrcp_ext: sendPlayPosNotificationRsp: Not registered or requesting.
11-10 04:57:48.863 2341 3645 D Avrcp_ext: Enter sendPlayPosNotificationRsp
11-10 04:57:48.863 2341 3645 D Avrcp_ext: sendPlayPosNotificationRsp: Not registered or requesting.
11-10 04:57:48.863 2341 3645 V Avrcp_ext: Exit updatePlayerStateAndPosition
11-10 04:57:48.863 1181 5978 W Utils : track of type 'audio/mp4a-latm' does not publish channel mask, channel count 2
11-10 04:57:48.864 1181 5986 I OMXClient: IOmx service obtained
11-10 04:57:48.864 1193 1442 I OMXMaster: makeComponentInstance(OMX.qcom.video.decoder.avc) in android.hardwar process
11-10 04:57:48.865 800 864 D audio_hw_primary: adev_get_parameters:vr_audio_mode_on
11-10 04:57:48.865 800 864 I audio_hw_primary: getting vr mode to 0
11-10 04:57:48.865 800 864 D audio_hw_primary: adev_get_parameters: exit: returns - vr_audio_mode_on=false
11-10 04:57:48.865 914 1282 I hash_map_utils: system/bt/osi/src/hash_map_utils.cc:81 hash_map_utils_dump_string_keys_string_values: key: 'vr_audio_mode_on' value: ''
11-10 04:57:48.865 914 1282 I AudioFlinger: openOutput() this 0xb400007436fd7d50, module 10 Device type:0x2,@:, SamplingRate 48000, Format 0x4000002, Channels 0x3, flags 0x31
11-10 04:57:48.865 800 1766 D audio_hw_primary: adev_open_output_stream: enter: format(0x4000002) sample_rate(48000) channel_mask(0x3) devices(0x2) flags(0x31) stream_handle(0xe7808650) address()
11-10 04:57:48.866 800 1766 I audio_hw_utils: audio_extn_utils_update_stream_output_app_type_cfg Allowing 24 and above bits playback on speaker ONLY at default sampling rate
11-10 04:57:48.866 800 1766 D audio_hw_primary: adev_open_output_stream: Stream (0xe7808650) picks up usecase (compress-offload-playback)
11-10 04:57:48.866 800 1766 D audio_hw_primary: io_streams_map_insert: Added stream in io_streams_map with handle 109
11-10 04:57:48.866 1443 1637 I am_pss : [2786,1000,com.qualcomm.qti.qdma,9862144,6598656,0,106000384,0,0,5]
11-10 04:57:48.867 914 1282 I AudioFlinger: HAL output buffer size 32768 frames, normal sink buffer size 32768 frames
11-10 04:57:48.867 800 864 D audio_hw_utils: audio_extn_utils_compress_get_dsp_latency:: Using Fix DSP delay
11-10 04:57:48.867 800 864 D audio_hw_utils: audio_extn_utils_compress_get_dsp_latency:: delay in ms is 50
11-10 04:57:48.867 914 1282 D AudioFlinger: Failed to add event callback
11-10 04:57:48.867 800 1766 D audio_hw_utils: audio_extn_utils_compress_get_dsp_latency:: Using Fix DSP delay
11-10 04:57:48.867 800 1766 D audio_hw_utils: audio_extn_utils_compress_get_dsp_latency:: delay in ms is 50
11-10 04:57:48.867 914 5992 I AudioFlinger: AudioFlinger's thread 0xb4000074e6fd5820 tid=5992 ready to run
11-10 04:57:48.867 800 1766 D audio_hw_utils: audio_extn_utils_compress_get_dsp_latency:: Using Fix DSP delay
11-10 04:57:48.867 800 1766 D audio_hw_utils: audio_extn_utils_compress_get_dsp_latency:: delay in ms is 50
11-10 04:57:48.868 914 5992 D AudioFlinger: ro.audio.silent is ignored since no output device is set
11-10 04:57:48.869 914 5992 D AudioFlinger: ro.audio.silent is ignored since no output device is set
11-10 04:57:48.870 1193 1442 E android.hardware.media.omx@1.0-service: Service not available yet
11-10 04:57:48.871 1193 1442 D PlatformConfig: getInstance: Enter
11-10 04:57:48.871 1193 1442 D PlatformConfig: getConfigStoreBool: vpp/enable=false, returning false
11-10 04:57:48.872 1193 1442 D PlatformConfig: getInstance: Enter
11-10 04:57:48.872 1193 1442 D PlatformConfig: getInt32 Config name: vidc_dec_log_in value: 0
11-10 04:57:48.872 1193 1442 D PlatformConfig: getInstance: Enter
11-10 04:57:48.872 1193 1442 D PlatformConfig: getInt32 Config name: vidc_dec_log_out value: 0
11-10 04:57:48.872 1193 1442 D PlatformConfig: getInstance: Enter
11-10 04:57:48.872 1193 1442 D PlatformConfig: getInt32 Config name: vidc_dec_sec_prefetch_size_internal value: 209715200
11-10 04:57:48.872 1193 1442 D PlatformConfig: getInstance: Enter
11-10 04:57:48.872 1193 1442 D PlatformConfig: getInt32 Config name: vidc_dec_sec_prefetch_size_output value: 13434880
11-10 04:57:48.872 1193 1442 D PlatformConfig: getInstance: Enter
11-10 04:57:48.872 1193 1442 D PlatformConfig: getInt32 Config name: vidc_perf_control_enable value: 0
11-10 04:57:48.872 1193 1442 D PlatformConfig: getInstance: Enter
11-10 04:57:48.872 1193 1442 D PlatformConfig: getInt32 Config name: vidc_dec_thumbnail_yuv_output value: 0
11-10 04:57:48.872 1193 1442 D PlatformConfig: getInstance: Enter
11-10 04:57:48.872 1193 1442 D PlatformConfig: getInt32: Returning default
11-10 04:57:48.872 1193 1442 D PlatformConfig: getInstance: Enter
11-10 04:57:48.872 1193 1442 D PlatformConfig: getInt32 Config name: vidc_dec_output_rate value: 120
11-10 04:57:48.872 1193 1442 I OMX-VDEC-1080P: component_init: OMX.qcom.video.decoder.avc : fd=11
11-10 04:57:48.872 1193 1442 E OMX-VDEC-1080P: Unsupported output color format for c2d (2141391876)
11-10 04:57:48.872 1193 1442 E OMX-VDEC-1080P: Setting color format failed
11-10 04:57:48.873 1443 1637 I am_pss : [2655,1000,vendor.qti.qesdk.sysservice,5871616,3739648,0,91475968,0,0,6]
11-10 04:57:48.874 1193 1442 D PlatformConfig: getInstance: Enter
11-10 04:57:48.874 1193 1442 D PlatformConfig: getInt32: Returning default
11-10 04:57:48.874 1193 1442 D PlatformConfig: getInstance: Enter
11-10 04:57:48.874 1193 1442 D PlatformConfig: getInt32: Returning default
11-10 04:57:48.874 1193 1442 I OMX-VDEC-1080P: omx_vdec::component_init() success : fd=11
11-10 04:57:48.876 1181 5984 D SurfaceUtils: disconnecting from surface 0xea344ba8, reason onConfigure
11-10 04:57:48.877 1181 5985 D SurfaceUtils: connecting to surface 0xea344ba8, reason connectToSurface
11-10 04:57:48.877 1181 5985 I MediaCodec: [OMX.qcom.video.decoder.avc] setting surface generation to 1209348
11-10 04:57:48.877 1181 5985 D SurfaceUtils: disconnecting from surface 0xea344ba8, reason connectToSurface(reconnect)
11-10 04:57:48.877 1181 5985 D SurfaceUtils: connecting to surface 0xea344ba8, reason connectToSurface(reconnect)
11-10 04:57:48.877 1193 1442 E OMX-VDEC-1080P: Extension: OMX.google.android.index.storeANWBufferInMetadata not implemented
11-10 04:57:48.877 1193 1442 E OMX-VDEC-1080P: Extension: OMX.google.android.index.configureVideoTunnelMode not implemented
11-10 04:57:48.877 1193 1442 E OMX-VDEC-1080P: Extension: OMX.google.android.index.useAndroidNativeBuffer is supported
11-10 04:57:48.877 1193 1442 E OMX-VDEC-1080P: get_parameter: unknown param 7f000046
11-10 04:57:48.878 1193 1442 E OMXNodeInstance: getParameter(0xe4c50024:qcom.decoder.avc, ??(0x7f000046)) ERROR: UnsupportedIndex(0x8000101a)
11-10 04:57:48.879 914 1282 D AF::TrackHandle: OpPlayAudio: track:58 usage:1 not muted
11-10 04:57:48.879 1193 1777 E OMX-VDEC-1080P: set_parameter: Error: 0x80001019, setting param 0x7f00005d
11-10 04:57:48.879 1193 1777 E OMXNodeInstance: setParameter(0xe4c50024:qcom.decoder.avc, OMX.google.android.index.allocateNativeHandle(0x7f00005d): Output:1 en=0) ERROR: UnsupportedSetting(0x80001019)
11-10 04:57:48.879 1193 1777 E OMX-VDEC-1080P: Extension: OMX.google.android.index.storeANWBufferInMetadata not implemented
11-10 04:57:48.880 1193 1442 E OMX-VDEC-1080P: get_parameter: unknown param 6f600011
11-10 04:57:48.880 1193 1442 E OMXNodeInstance: getParameter(0xe4c50024:qcom.decoder.avc, ??(0x6f600011)) ERROR: UnsupportedIndex(0x8000101a)
11-10 04:57:48.880 1181 5986 I ExtendedACodec: setupVideoDecoder()
11-10 04:57:48.880 800 5990 D audio_hw_utils: audio_extn_utils_compress_get_dsp_latency:: Using Fix DSP delay
11-10 04:57:48.880 800 5990 D audio_hw_utils: audio_extn_utils_compress_get_dsp_latency:: delay in ms is 50
11-10 04:57:48.881 1443 1637 I am_pss : [2741,1000,com.thundercomm.tcservice,8003584,5857280,0,94437376,0,0,6]
11-10 04:57:48.881 1181 5986 I ExtendedACodec: Decoder will be in frame by frame mode
11-10 04:57:48.881 1193 1442 E OMX-VDEC-1080P: Setparameter: unknown param 2130706434
11-10 04:57:48.881 1193 1442 E OMX-VDEC-1080P: set_parameter: Error: 0x8000101a, setting param 0x7f000002
11-10 04:57:48.881 1193 1442 E OMXNodeInstance: setParameter(0xe4c50024:qcom.decoder.avc, ??(0x7f000002)) ERROR: UnsupportedIndex(0x8000101a)
11-10 04:57:48.881 1181 5986 W ExtendedACodec: Failed to set frame packing format on component
11-10 04:57:48.883 800 866 D audio_hw_utils: audio_extn_utils_compress_get_dsp_latency:: Using Fix DSP delay
11-10 04:57:48.883 800 866 D audio_hw_utils: audio_extn_utils_compress_get_dsp_latency:: delay in ms is 50
11-10 04:57:48.884 1193 1777 E OMXNodeInstance: getConfig(0xe4c50024:qcom.decoder.avc, ??(0x7f000062)) ERROR: UnsupportedSetting(0x80001019)
11-10 04:57:48.887 1181 5985 I MediaCodec: MediaCodec will operate in async mode
11-10 04:57:48.887 1181 5984 D MediaCodec: keep callback message for reclaim
11-10 04:57:48.888 800 5990 I EffectsFactory: EffectCreate() create_effect
11-10 04:57:48.889 1443 1637 I am_pss : [2714,1000,com.thundercomm.remotecontrolservice,13199360,10616832,0,104591360,0,0,6]
11-10 04:57:48.889 914 1219 W AudioFlinger: moveEffectChain_l() effect chain for session 0 not on source thread 0xb400007596fd5010
11-10 04:57:48.893 1193 1442 E OMX-VDEC-1080P: Extension: OMX.google.android.index.AndroidNativeBufferConsumerUsage not implemented
11-10 04:57:48.894 1181 5986 D SurfaceUtils: set up nativeWindow 0xea344ba8 for 2560x1600, color 0x7fa30c06, rotation 0, usage 0x20402900
11-10 04:57:48.895 1443 1637 I am_pss : [2674,10088,com.qti.qualcomm.mstatssystemservice,5835776,3760128,0,90578944,0,0,5]
11-10 04:57:48.896 1181 5985 W ResourceManagerService: Ignoring request to add new resource entry with value <= 0
11-10 04:57:48.903 1443 1637 I am_pss : [2691,1068,com.android.se,6189056,4042752,0,92344320,0,0,5]
11-10 04:57:48.909 1443 1637 I am_pss : [2616,1000,com.thundercomm.tchttpserver,12289024,10162176,0,98209792,0,0,5]
11-10 04:57:48.915 800 5990 E volume_listener: check_and_set_gain_dep_cal: Failed to set gain dep cal level
11-10 04:57:48.916 800 5990 D audio_hw_primary: adev_create_audio_patch: enter: num sources 1, num_sinks 1, handle 0
11-10 04:57:48.916 800 5990 D audio_hw_primary: adev_create_audio_patch: Playback patch from mix handle 109 to device 2
11-10 04:57:48.916 800 5990 D audio_hw_primary: update_patch: enter
11-10 04:57:48.916 800 5990 D audio_hw_primary: route_output_stream: enter: usecase(3: compress-offload-playback) devices 2
11-10 04:57:48.916 800 5990 D audio_hw_primary: adev_create_audio_patch: Added a new patch with handle 9
11-10 04:57:48.916 1443 1637 I am_pss : [2626,1000,com.tc.logclient,7370752,5234688,0,93679616,0,0,4]
11-10 04:57:48.916 800 5990 D audio_hw_utils: audio_extn_utils_compress_get_dsp_latency:: Using Fix DSP delay
11-10 04:57:48.916 800 5990 D audio_hw_utils: audio_extn_utils_compress_get_dsp_latency:: delay in ms is 50
11-10 04:57:48.917 800 5990 D audio_hw_primary: copl(0xe7808650):calling compress flush
11-10 04:57:48.917 800 5990 W audio_hw_primary: out_flush called in invalid state 0
11-10 04:57:48.917 800 5990 D audio_hw_primary: copl(0xe7808650):out of compress flush
11-10 04:57:48.919 800 5990 D audio_hw_primary: out_set_parameters: enter: usecase(3: compress-offload-playback) kvpairs: music_offload_avg_bit_rate=189375;music_offload_sample_rate=48000;padding_samples=2146
11-10 04:57:48.919 1181 5978 I NuPlayer: NOTE: Pausing Renderer after decoders instantiated..
11-10 04:57:48.921 1443 3557 W AudioIDCMicroNegotiator: idcm_warn: idcm control is not enable
11-10 04:57:48.921 2341 3645 D Avrcp_ext: AudioManager Player: AudioPlaybackConfiguration piid:87 deviceId:0 type:android.media.SoundPool u/pid:1000/1443 state:idle attr:AudioAttributes: usage=USAGE_ASSISTANCE_SONIFICATION content=CONTENT_TYPE_SONIFICATION flags=0x800 tags= bundle=null sessionId:0
11-10 04:57:48.921 2341 3645 D Avrcp_ext: AudioManager Player: AudioPlaybackConfiguration piid:103 deviceId:0 type:android.media.SoundPool u/pid:1000/4253 state:idle attr:AudioAttributes: usage=USAGE_ASSISTANCE_SONIFICATION content=CONTENT_TYPE_SONIFICATION flags=0x801 tags= bundle=null sessionId:0
11-10 04:57:48.921 800 5990 E volume_listener: check_and_set_gain_dep_cal: Failed to set gain dep cal level
11-10 04:57:48.921 2341 3645 D Avrcp_ext: AudioManager Player: AudioPlaybackConfiguration piid:95 deviceId:0 type:android.media.SoundPool u/pid:10082/2358 state:idle attr:AudioAttributes: usage=USAGE_ASSISTANCE_SONIFICATION content=CONTENT_TYPE_SONIFICATION flags=0x800 tags= bundle=null sessionId:0
11-10 04:57:48.921 2341 3645 D Avrcp_ext: AudioManager Player: AudioPlaybackConfiguration piid:127 deviceId:3 type:android.media.MediaPlayer u/pid:10063/5752 state:started attr:AudioAttributes: usage=USAGE_MEDIA content=CONTENT_TYPE_MOVIE flags=0x800 tags= bundle=null sessionId:0
11-10 04:57:48.922 2341 3645 D Avrcp_ext: AudioManager Player in started state: com.android.gallery3d
11-10 04:57:48.922 2341 3645 D Avrcp_ext: AudioManager Active Player: com.android.gallery3d
11-10 04:57:48.922 2341 3645 D Avrcp_ext: AudioManager isPlaying: true, mAudioPlaybackIsActive = true
11-10 04:57:48.923 1443 1637 I am_pss : [2610,10057,.qtidataservices,6313984,4190208,0,92180480,0,0,5]
11-10 04:57:48.924 914 1219 W AudioFlinger: moveEffectChain_l() effect chain for session 0 not on source thread 0xb4000074e6fd5820
11-10 04:57:48.925 1443 3557 I snet_event_log: [172655291,-1,]
11-10 04:57:48.927 1443 3319 W AudioIDCMicroNegotiator: idcm_warn: idcm control is not enable
11-10 04:57:48.929 1193 1442 E OMXNodeInstance: getConfig(0xe4c50024:qcom.decoder.avc, ??(0x7f000062)) ERROR: UnsupportedSetting(0x80001019)
11-10 04:57:48.930 1443 1637 I am_pss : [2580,1000,com.thundercomm.microsettings,35074048,31531008,0,128442368,0,0,6]
11-10 04:57:48.930 1181 5983 I NuPlayerRenderer: Initializing video frame scheduler with 30.000000 fps
11-10 04:57:48.931 1181 5983 I NuPlayerRenderer: NOTE: notifying video preroll complete
11-10 04:57:48.931 1181 5983 I NuPlayerRenderer: NOTE: First video buffer, wait audio for a while due to audio start latency(50000us)
11-10 04:57:48.931 1181 5978 I NuPlayer: NOTE: Video preroll complete.. resume renderer..
11-10 04:57:48.937 1443 1637 I am_pss : [2585,1000,com.thundercomm.tcsetupWizard,7136256,5083136,0,91357184,0,0,5]
11-10 04:57:48.937 800 1767 I EffectsFactory: EffectCreate() create_effect
11-10 04:57:48.938 800 1769 E volume_listener: check_and_set_gain_dep_cal: Failed to set gain dep cal level
11-10 04:57:48.939 914 1219 W AudioFlinger: moveEffectChain_l() effect chain for session 0 not on source thread 0xb400007596fd5010
11-10 04:57:48.940 800 5990 D audio_hw_primary: copl(0xe7808650):calling compress flush
11-10 04:57:48.940 800 5990 W audio_hw_primary: out_flush called in invalid state 0
11-10 04:57:48.940 800 5990 D audio_hw_primary: copl(0xe7808650):out of compress flush
11-10 04:57:48.942 1181 5983 W MediaClock: reject anchor time since it is negative.
11-10 04:57:48.943 1443 1637 I am_pss : [2555,1000,com.thundercomm.microservice,12697600,10559488,0,98717696,0,0,5]
11-10 04:57:48.946 1443 3319 W AudioIDCMicroNegotiator: idcm_warn: idcm control is not enable
11-10 04:57:48.951 800 1767 E volume_listener: check_and_set_gain_dep_cal: Failed to set gain dep cal level
11-10 04:57:48.952 800 1767 D audio_hw_primary: out_set_volume: called with left_vol=0.023646, right_vol=0.023646
11-10 04:57:48.952 800 1767 E audio_hw_primary: out_set_compr_volume:ctl for mixer cmd - Compress Playback 7 Volume, left 0.023646, right 0.023646
11-10 04:57:48.953 800 1767 E FMQ : grantorIdx must be less than 3
11-10 04:57:48.953 800 1767 E FMQ : grantorIdx must be less than 3
11-10 04:57:48.954 800 5998 D audio_hw_primary: start_output_stream: enter: stream(0xe7808650)usecase(3: compress-offload-playback) devices(0x2) is_haptic_usecase(0)
11-10 04:57:48.954 860 860 E ANDR-PERF-TARGET: Error: Invalid logical cluster id 0
11-10 04:57:48.955 860 860 E ANDR-PERF-REQUEST: invalid request
11-10 04:57:48.955 860 860 E ANDR-PERF-MPCTL: invalid request, no optimizations performed
11-10 04:57:48.955 800 5998 E audio_hw_extn: audio_extn_perf_lock_acquire: Failed to acquire perf lock, err: -1
11-10 04:57:48.955 800 5998 D audio_hw_primary: select_devices for use case (compress-offload-playback)
11-10 04:57:48.955 800 5998 I msm8974_platform: platform_check_and_set_codec_backend_cfg:becf: afe: bitwidth 16, samplerate 48000 channels 2, backend_idx 0 usecase = 3 device (speaker)
11-10 04:57:48.955 800 5998 D msm8974_platform: platform_split_snd_device: snd_device(2) num devices(1) new_snd_devices(0)
11-10 04:57:48.955 800 5998 I msm8974_platform: platform_check_and_set_codec_backend_cfg: new_snd_devices[0] is 2
11-10 04:57:48.955 800 5998 I msm8974_platform: platform_check_codec_backend_cfg:becf: afe: bitwidth 16, samplerate 48000 channels 2, backend_idx 0 usecase = 3 device (speaker)
11-10 04:57:48.957 800 5998 D audio_hw_extn: audio_extn_enable_hifi_filter: mixer_value set 0
11-10 04:57:48.957 800 5998 D msm8974_platform: platform_check_codec_backend_cfg:becf: updated afe: bitwidth 16, samplerate 48000 channels 2,backend_idx 0 usecase = 3 device (speaker)
11-10 04:57:48.957 800 5998 D msm8974_platform: platform_check_codec_backend_cfg:becf: afe: playback on codec device not supporting native playback set default Sample Rate(48k)
11-10 04:57:48.957 800 5998 I msm8974_platform: platform_check_codec_backend_cfg:becf: afe: Codec selected backend: 0 updated bit width: 16 and sample rate: 48000
11-10 04:57:48.957 800 5998 D audio_hw_primary: check_usecases_codec_backend:becf: force routing 0
11-10 04:57:48.957 800 5998 E msm8974_platform: platform_check_backends_match: Invalid snd_device =
11-10 04:57:48.957 800 5998 D audio_hw_primary: check_usecases_codec_backend:becf: (78) check_usecases curr device: speaker, usecase device: backends match 0
11-10 04:57:48.957 800 5998 D audio_hw_primary: check_usecases_codec_backend:becf: check_usecases num.of Usecases to switch 0
11-10 04:57:48.957 800 5998 D hardware_info: hw_info_append_hw_type : device_name = speaker
11-10 04:57:48.957 800 5998 D msm8974_platform: platform_split_snd_device: snd_device(2) num devices(0) new_snd_devices(0)
11-10 04:57:48.957 800 5998 D audio_hw_primary: enable_snd_device: snd_device(2: speaker)
11-10 04:57:48.957 800 5998 D msm8974_platform: platform_get_island_cfg_on_device:island cfg status on snd_device = (speaker 0)
11-10 04:57:48.957 800 5998 I soundtrigger: audio_extn_sound_trigger_update_device_status: device 0x2 of type 0 for Event 1, with Raise=0
11-10 04:57:48.957 800 5998 D audio_route: Apply path: speaker
11-10 04:57:48.957 800 5998 I audio_hw_utils: audio_extn_utils_update_stream_output_app_type_cfg Allowing 24 and above bits playback on speaker ONLY at default sampling rate
11-10 04:57:48.957 800 5998 E soundtrigger: audio_extn_sound_trigger_update_stream_status: invalid input device 0x0, for event 3
11-10 04:57:48.957 800 5998 D soundtrigger: audio_extn_sound_trigger_update_stream_status: uc_info->id 3 of type 0 for Event 3, with Raise=1
11-10 04:57:48.957 800 5998 I sound_trigger_platform: platform_stdev_check_and_update_concurrency: Received STREAM event, event type 3, usecase type 0
11-10 04:57:48.957 800 5998 D sound_trigger_platform: platform_stdev_get_capture_device: Device = 0x80000004
11-10 04:57:48.957 800 5998 D sound_trigger_platform: platform_stdev_get_capture_device: Available device = 0x80000004
11-10 04:57:48.957 800 5998 D sound_trigger_platform: platform_stdev_check_and_update_concurrency: dedicated path 1, reset backend 1, tx 0, rx 1, concurrency session allowed
11-10 04:57:48.957 800 5998 D audio_hw_utils: audio_extn_utils_send_app_type_cfg: usecase->out_snd_device speaker
11-10 04:57:48.957 800 5998 D msm8974_platform: platform_split_snd_device: snd_device(2) num devices(0) new_snd_devices(0)
11-10 04:57:48.957 800 5998 D audio_hw_utils: audio_extn_btsco_get_sample_rate:Not a BT SCO device, need not update sampling rate
11-10 04:57:48.957 800 5998 I audio_hw_utils: send_app_type_cfg_for_device PLAYBACK app_type 69936, acdb_dev_id 15, sample_rate 48000, snd_device_be_idx 179
11-10 04:57:48.957 800 5998 D msm8974_platform: platform_split_snd_device: snd_device(2) num devices(1) new_snd_devices(0)
11-10 04:57:48.957 800 5998 D audio_hw_utils: audio_extn_btsco_get_sample_rate:Not a BT SCO device, need not update sampling rate
11-10 04:57:48.958 800 5998 D ACDB-LOADER: ACDB -> send_audio_cal, acdb_id = 15, path = 0, app id = 0x11130, sample rate = 48000, afe_sample_rate = 48000
11-10 04:57:48.958 800 5998 D ACDB-LOADER: ACDB -> send_asm_topology
11-10 04:57:48.958 800 5998 D ACDB-LOADER: ACDB -> ACDB_CMD_GET_AUDPROC_STREAM_TOPOLOGY_ID
11-10 04:57:48.958 800 5998 D ACDB-LOADER: ACDB -> send_adm_topology
11-10 04:57:48.958 800 5998 D ACDB-LOADER: ACDB -> ACDB_CMD_GET_AUDPROC_COMMON_TOPOLOGY_ID
11-10 04:57:48.958 800 5998 D ACDB-LOADER: ACDB -> send_audtable
11-10 04:57:48.958 800 5998 D ACDB-LOADER: ACDB -> ACDB_CMD_GET_AUDPROC_INSTANCE_COMMON_TABLE_SIZE
11-10 04:57:48.958 800 5998 D ACDB-LOADER: ACDB -> ACDB_CMD_GET_AUDPROC_INSTANCE_COMMON_TABLE
11-10 04:57:48.958 800 5998 D ACDB-LOADER: ACDB -> AUDIO_SET_AUDPROC_CAL cal_type[11] acdb_id[15] app_type[69936]
11-10 04:57:48.958 800 5998 D ACDB-LOADER: ACDB -> send_audvoltable
11-10 04:57:48.958 800 5998 D ACDB-LOADER: ACDB -> ACDB_CMD_GET_AUDPROC_INSTANCE_GAIN_DEP_STEP_TABLE_SIZE
11-10 04:57:48.958 800 5998 D ACDB-LOADER: ACDB -> ACDB_CMD_GET_AUDPROC_INSTANCE_GAIN_DEP_STEP_TABLE, vol index 0
11-10 04:57:48.958 800 5998 D ACDB-LOADER: ACDB -> AUDIO_SET_VOL_CAL cal type = 12
11-10 04:57:48.959 800 5998 D ACDB-LOADER: ACDB -> ACDB_CMD_GET_AUDPROC_INSTANCE_STREAM_TABLE_SIZE
11-10 04:57:48.959 800 5998 D ACDB-LOADER: ACDB -> send_audstrmtable
11-10 04:57:48.959 800 5998 D ACDB-LOADER: ACDB -> ACDB_CMD_GET_AUDPROC_INSTANCE_STREAM_TABLE
11-10 04:57:48.959 800 5998 D ACDB-LOADER: ACDB -> audstrm_cal->cal_type.cal_data.cal_size = 536
11-10 04:57:48.959 800 5998 D ACDB-LOADER: ACDB -> send_afe_topology
11-10 04:57:48.959 800 5998 D ACDB-LOADER: ACDB -> ACDB_CMD_GET_AFE_TOPOLOGY_ID
11-10 04:57:48.959 800 5998 D ACDB-LOADER: ACDB -> GET_AFE_TOPOLOGY_ID for adcd_id 15, Topology Id 112fc
11-10 04:57:48.959 800 5998 D ACDB-LOADER: ACDB -> send_afe_cal
11-10 04:57:48.959 800 5998 D ACDB-LOADER: ACDB -> ACDB_CMD_GET_AFE_INSTANCE_COMMON_TABLE_SIZE
11-10 04:57:48.959 800 5998 D android.hardware.audio.service: Failed to fetch the lookup information of the device 0000000F
11-10 04:57:48.959 800 5998 D ACDB-LOADER: Error: ACDB_CMD_GET_AFE_INSTANCE_COMMON_TABLE_SIZE Returned = -19
11-10 04:57:48.959 800 5998 D ACDB-LOADER: ACDB -> ACDB_CMD_GET_AFE_INSTANCE_COMMON_TABLE
11-10 04:57:48.959 800 5998 D android.hardware.audio.service: Failed to fetch the lookup information of the device 0000000F
11-10 04:57:48.959 800 5998 D ACDB-LOADER: Error: ACDB AFE returned = -19
11-10 04:57:48.959 800 5998 D ACDB-LOADER: ACDB -> AUDIO_SET_AFE_CAL cal_type[16] acdb_id[15]
11-10 04:57:48.959 800 5998 D ACDB-LOADER: ACDB -> send_hw_delay : acdb_id = 15 path = 0
11-10 04:57:48.959 800 5998 D ACDB-LOADER: ACDB -> ACDB_AVSYNC_INFO: ACDB_CMD_GET_DEVICE_PROPERTY
11-10 04:57:48.959 800 5998 D msm8974_platform: platform_split_snd_device: snd_device(2) num devices(0) new_snd_devices(0)
11-10 04:57:48.959 800 5998 I msm8974_platform: platform_get_custom_mtmx_params: no matching param with id 0 ip_ch 2 op_ch 2 uc_id 3 snd_dev 2
11-10 04:57:48.959 800 5998 D audio_hw_primary: enable_audio_route: apply mixer and update path: compress-offload-playback
11-10 04:57:48.960 800 5998 D audio_route: Apply path: compress-offload-playback
11-10 04:57:48.960 800 5998 D audio_hw_primary: select_devices: done
11-10 04:57:48.960 800 5998 D audio_hw_primary: audio_enable_asm_bit_width_enforce_mode: DSP bitwidth feature is disabled.
11-10 04:57:48.982 5752 5909 W MediaPlayerNative: info/warning (3, 0)
11-10 04:57:48.982 1193 1777 E OMX-VDEC-1080P: Extension: OMX.QTI.index.config.video.getdsmode not implemented
11-10 04:57:48.982 1223 1361 I adsprpcd: vendor/qcom/proprietary/adsprpc/src/apps_std_imp.c:848: Successfully opened file /vendor/dsp/adsp/HeaacDecoderModule.so.1
11-10 04:57:49.002 800 5998 D audio_hw_utils: audio_extn_utils_compress_set_render_mode:: render mode 0
11-10 04:57:49.002 800 5998 D audio_hw_utils: audio_extn_utils_compress_set_clk_rec_mode:: clk recovery is only supported in STC render mode
11-10 04:57:49.003 800 6000 D offload_visualizer: thread enter
11-10 04:57:49.003 800 5998 E audio_hw_extn: audio_extn_perf_lock_release: Perf lock release error
11-10 04:57:49.003 800 5998 D audio_hw_primary: start_output_stream: exit
11-10 04:57:49.003 800 5998 D audio_hw_primary: out_write: retry previous failed cal level set
11-10 04:57:49.003 800 5998 D msm8974_platform: platform_split_snd_device: snd_device(2) num devices(1) new_snd_devices(0)
11-10 04:57:49.003 800 5998 D ACDB-LOADER: ACDB -> send_audvoltable
11-10 04:57:49.003 800 5998 D ACDB-LOADER: ACDB -> ACDB_CMD_GET_AUDPROC_INSTANCE_GAIN_DEP_STEP_TABLE_SIZE
11-10 04:57:49.003 800 5998 D ACDB-LOADER: ACDB -> ACDB_CMD_GET_AUDPROC_INSTANCE_GAIN_DEP_STEP_TABLE, vol index 5
11-10 04:57:49.003 800 5998 D ACDB-LOADER: ACDB -> AUDIO_SET_VOL_CAL cal type = 40
11-10 04:57:49.004 800 5998 D audio_hw_primary: copl(0xe7808650):send new gapless metadata
11-10 04:57:49.035 800 5998 D audio_hw_primary: No space available in compress driver, post msg to cb thread
11-10 04:57:49.035 800 5988 D audio_hw_primary: copl(0xe7808650):calling compress_wait
11-10 04:57:49.427 647 662 I mpu_uart: [MSG-P:RECV]:No message received in 1000 ms
11-10 04:57:49.485 3274 3274 W hpplay-java: [main]:IPManager:getActiveNets invalid networkInfo:null
11-10 04:57:49.485 3274 3274 I hpplay-java: [main]:IPManager:getActiveNets eth0:false wifi:false mobile:false ap:false
11-10 04:57:49.485 3274 3274 I hpplay-java: [main]:ServerTaskManager:get local ip:null
11-10 04:57:49.707 1193 5251 I OMX-VENC: venc_dev: stats: avg. fps 51.89, bitrate 1569679
11-10 04:57:50.074 800 5988 D audio_hw_primary: copl(0xe7808650):out of compress_wait
11-10 04:57:50.078 800 5998 D audio_hw_primary: No space available in compress driver, post msg to cb thread
11-10 04:57:50.080 800 5988 D audio_hw_primary: copl(0xe7808650):calling compress_wait
11-10 04:57:50.429 647 662 I mpu_uart: [MSG-P:RECV]:No message received in 1000 ms
11-10 04:57:50.487 3274 3274 W hpplay-java: [main]:IPManager:getActiveNets invalid networkInfo:null
11-10 04:57:50.487 3274 3274 I hpplay-java: [main]:IPManager:getActiveNets eth0:false wifi:false mobile:false ap:false
11-10 04:57:50.488 3274 3274 I hpplay-java: [main]:ServerTaskManager:get local ip:null
11-10 04:57:50.725 1193 5251 I OMX-VENC: venc_dev: stats: avg. fps 50.07, bitrate 2215690
11-10 04:57:51.353 1443 1994 I input_interaction: Interaction with: 7dcbd29 com.android.gallery3d/com.android.gallery3d.app.MovieActivity (server), edge-swipe (server), swipe-up (server), PointerEventDispatcher0 (server),
11-10 04:57:51.429 647 662 I mpu_uart: [MSG-P:RECV]:No message received in 1000 ms
11-10 04:57:51.464 800 5988 D audio_hw_primary: copl(0xe7808650):out of compress_wait
11-10 04:57:51.468 800 5998 D audio_hw_primary: No space available in compress driver, post msg to cb thread
11-10 04:57:51.468 800 5988 D audio_hw_primary: copl(0xe7808650):calling compress_wait
11-10 04:57:51.490 3274 3274 W hpplay-java: [main]:IPManager:getActiveNets invalid networkInfo:null
11-10 04:57:51.490 3274 3274 I hpplay-java: [main]:IPManager:getActiveNets eth0:false wifi:false mobile:false ap:false
11-10 04:57:51.490 3274 3274 I hpplay-java: [main]:ServerTaskManager:get local ip:null
11-10 04:57:51.517 647 661 I mpu_uart: [MSG-P:R]:recv sync frame timeout
11-10 04:57:51.538 5752 5752 I view_enqueue_input_event: [Motion - Cancel,com.android.gallery3d/com.android.gallery3d.app.MovieActivity]
11-10 04:57:51.549 1443 1994 I input_interaction: Interaction with: WindowManager (server), edge-swipe (server), swipe-up (server), PointerEventDispatcher0 (server),
11-10 04:57:51.564 1443 1632 D FreeFormWindowHelper: refreshTipWindow windowDragBounds:Rect(5, 72 - 635, 1192)
11-10 04:57:51.588 1443 1632 D FreeFormWindowHelper: refreshTipWindow windowDragBounds:Rect(8, 73 - 638, 1193)
11-10 04:57:51.595 927 1053 W HWComposer: Ignoring duplicate VSYNC event from HWC for display 4630946816427681409 (t=1599047959000)
11-10 04:57:51.606 1443 1632 D FreeFormWindowHelper: refreshTipWindow windowDragBounds:Rect(15, 75 - 645, 1195)
11-10 04:57:51.611 927 1053 W HWComposer: Ignoring duplicate VSYNC event from HWC for display 4630946816427681409 (t=1599064698000)
11-10 04:57:51.614 1443 1632 D FreeFormWindowHelper: refreshTipWindow windowDragBounds:Rect(19, 75 - 649, 1195)
11-10 04:57:51.628 927 1053 W HWComposer: Ignoring duplicate VSYNC event from HWC for display 4630946816427681409 (t=1599081397000)
