11-10 04:57:59.506 3274 3274 W hpplay-java: [main]:IPManager:getActiveNets invalid networkInfo:null
11-10 04:57:59.506 3274 3274 I hpplay-java: [main]:IPManager:getActiveNets eth0:false wifi:false mobile:false ap:false
11-10 04:57:59.506 3274 3274 I hpplay-java: [main]:ServerTaskManager:get local ip:null
11-10 04:57:59.765 800 5988 D audio_hw_primary: copl(0xe7808650):out of compress_wait
11-10 04:57:59.777 800 5998 D audio_hw_primary: No space available in compress driver, post msg to cb thread
11-10 04:57:59.777 800 5988 D audio_hw_primary: copl(0xe7808650):calling compress_wait
11-10 04:57:59.861 1193 5251 I OMX-VENC: venc_dev: stats: avg. fps 34.47, bitrate 1337826
11-10 04:58:00.005 2358 2358 D KeyguardUpdateMonitor: received broadcast android.intent.action.TIME_TICK
11-10 04:58:00.005 2358 2358 D KeyguardUpdateMonitor: handleTimeUpdate
11-10 04:58:00.434 647 662 I mpu_uart: [MSG-P:RECV]:No message received in 1000 ms
11-10 04:58:00.509 3274 3274 W hpplay-java: [main]:IPManager:getActiveNets invalid networkInfo:null
11-10 04:58:00.509 3274 3274 I hpplay-java: [main]:IPManager:getActiveNets eth0:false wifi:false mobile:false ap:false
11-10 04:58:00.509 3274 3274 I hpplay-java: [main]:ServerTaskManager:get local ip:null
11-10 04:58:00.526 647 661 I mpu_uart: [MSG-P:R]:recv sync frame timeout
11-10 04:58:00.865 1193 5251 I OMX-VENC: venc_dev: stats: avg. fps 36.84, bitrate 1310016
11-10 04:58:01.177 800 5988 D audio_hw_primary: copl(0xe7808650):out of compress_wait
11-10 04:58:01.182 800 5998 D audio_hw_primary: No space available in compress driver, post msg to cb thread
11-10 04:58:01.186 800 5988 D audio_hw_primary: copl(0xe7808650):calling compress_wait
11-10 04:58:01.435 647 662 I mpu_uart: [MSG-P:RECV]:No message received in 1000 ms
11-10 04:58:01.512 3274 3274 W hpplay-java: [main]:IPManager:getActiveNets invalid networkInfo:null
11-10 04:58:01.513 3274 3274 I hpplay-java: [main]:IPManager:getActiveNets eth0:false wifi:false mobile:false ap:false
11-10 04:58:01.513 3274 3274 I hpplay-java: [main]:ServerTaskManager:get local ip:null
11-10 04:58:01.874 1193 5251 I OMX-VENC: venc_dev: stats: avg. fps 39.66, bitrate 1329597
11-10 04:58:02.436 647 662 I mpu_uart: [MSG-P:RECV]:No message received in 1000 ms
11-10 04:58:02.522 3274 3274 W hpplay-java: [main]:IPManager:getActiveNets invalid networkInfo:null
11-10 04:58:02.522 3274 3274 I hpplay-java: [main]:IPManager:getActiveNets eth0:false wifi:false mobile:false ap:false
11-10 04:58:02.522 3274 3274 I hpplay-java: [main]:ServerTaskManager:get local ip:null
11-10 04:58:02.555 800 5988 D audio_hw_primary: copl(0xe7808650):out of compress_wait
11-10 04:58:02.561 800 5998 D audio_hw_primary: No space available in compress driver, post msg to cb thread
11-10 04:58:02.561 800 5988 D audio_hw_primary: copl(0xe7808650):calling compress_wait
11-10 04:58:02.878 1193 5251 I OMX-VENC: venc_dev: stats: avg. fps 46.80, bitrate 1263478
11-10 04:58:03.436 647 662 I mpu_uart: [MSG-P:RECV]:No message received in 1000 ms
11-10 04:58:03.525 3274 3274 W hpplay-java: [main]:IPManager:getActiveNets invalid networkInfo:null
11-10 04:58:03.525 3274 3274 I hpplay-java: [main]:IPManager:getActiveNets eth0:false wifi:false mobile:false ap:false
11-10 04:58:03.525 3274 3274 I hpplay-java: [main]:ServerTaskManager:get local ip:null
11-10 04:58:03.527 647 661 I mpu_uart: [MSG-P:R]:recv sync frame timeout
11-10 04:58:03.905 1193 5251 I OMX-VENC: venc_dev: stats: avg. fps 44.78, bitrate 1128390
11-10 04:58:03.945 800 5988 D audio_hw_primary: copl(0xe7808650):out of compress_wait
11-10 04:58:03.951 800 5998 D audio_hw_primary: No space available in compress driver, post msg to cb thread
11-10 04:58:03.951 800 5988 D audio_hw_primary: copl(0xe7808650):calling compress_wait
11-10 04:58:04.306 5752 5752 D DecorView: onTouchEvent: action0
11-10 04:58:04.306 5752 5752 D DecorView: onTouchEvent: interval6377
11-10 04:58:04.439 647 662 I mpu_uart: [MSG-P:RECV]:No message received in 1000 ms
11-10 04:58:04.528 5752 5752 D DecorView: onTouchEvent: action2
11-10 04:58:04.529 3274 3274 W hpplay-java: [main]:IPManager:getActiveNets invalid networkInfo:null
11-10 04:58:04.529 3274 3274 I hpplay-java: [main]:IPManager:getActiveNets eth0:false wifi:false mobile:false ap:false
11-10 04:58:04.529 3274 3274 I hpplay-java: [main]:ServerTaskManager:get local ip:null
11-10 04:58:04.558 5752 5752 D DecorView: onTouchEvent: action2
11-10 04:58:04.569 5752 5752 I view_enqueue_input_event: [Motion - Cancel,com.android.gallery3d/com.android.gallery3d.app.MovieActivity]
11-10 04:58:04.569 5752 5752 D DecorView: onTouchEvent: action3
11-10 04:58:04.570 1443 1994 I input_interaction: Interaction with: WindowManager (server), edge-swipe (server), swipe-up (server), PointerEventDispatcher0 (server),
11-10 04:58:04.579 1443 1632 D FreeFormWindowHelper: refreshTipWindow windowDragBounds:Rect(11, 72 - 641, 1192)
11-10 04:58:04.598 1443 1632 D FreeFormWindowHelper: refreshTipWindow windowDragBounds:Rect(22, 73 - 652, 1193)
11-10 04:58:04.613 1443 1632 D FreeFormWindowHelper: refreshTipWindow windowDragBounds:Rect(29, 73 - 659, 1193)
11-10 04:58:04.634 1443 1632 D FreeFormWindowHelper: refreshTipWindow windowDragBounds:Rect(50, 77 - 680, 1197)
11-10 04:58:04.643 927 1053 W HWComposer: Ignoring duplicate VSYNC event from HWC for display 4630946816427681409 (t=1612096047000)
11-10 04:58:04.646 1443 1632 D FreeFormWindowHelper: refreshTipWindow windowDragBounds:Rect(59, 78 - 689, 1198)
11-10 04:58:04.659 927 1053 W HWComposer: Ignoring duplicate VSYNC event from HWC for display 4630946816427681409 (t=1612112709000)
11-10 04:58:04.663 1443 1632 D FreeFormWindowHelper: refreshTipWindow windowDragBounds:Rect(80, 80 - 710, 1200)
11-10 04:58:04.676 927 1053 W HWComposer: Ignoring duplicate VSYNC event from HWC for display 4630946816427681409 (t=1612129436000)
11-10 04:58:04.679 1443 1632 D FreeFormWindowHelper: refreshTipWindow windowDragBounds:Rect(91, 81 - 721, 1201)
11-10 04:58:04.693 927 1053 W HWComposer: Ignoring duplicate VSYNC event from HWC for display 4630946816427681409 (t=1612146129000)
11-10 04:58:04.696 1443 1632 D FreeFormWindowHelper: refreshTipWindow windowDragBounds:Rect(127, 84 - 757, 1204)
11-10 04:58:04.709 927 1053 W HWComposer: Ignoring duplicate VSYNC event from HWC for display 4630946816427681409 (t=1612162824000)
11-10 04:58:04.712 1443 1632 D FreeFormWindowHelper: refreshTipWindow windowDragBounds:Rect(165, 86 - 795, 1206)
11-10 04:58:04.726 927 1053 W HWComposer: Ignoring duplicate VSYNC event from HWC for display 4630946816427681409 (t=1612179535000)
11-10 04:58:04.729 1443 1632 D FreeFormWindowHelper: refreshTipWindow windowDragBounds:Rect(195, 89 - 825, 1209)
11-10 04:58:04.746 1443 1632 D FreeFormWindowHelper: refreshTipWindow windowDragBounds:Rect(222, 89 - 852, 1209)
11-10 04:58:04.763 1443 1632 D FreeFormWindowHelper: refreshTipWindow windowDragBounds:Rect(258, 89 - 888, 1209)
11-10 04:58:04.779 1443 1632 D FreeFormWindowHelper: refreshTipWindow windowDragBounds:Rect(333, 94 - 963, 1214)
11-10 04:58:04.796 1443 1632 D FreeFormWindowHelper: refreshTipWindow windowDragBounds:Rect(442, 107 - 1072, 1227)
11-10 04:58:04.813 1443 1632 D FreeFormWindowHelper: refreshTipWindow windowDragBounds:Rect(542, 112 - 1172, 1232)
11-10 04:58:04.830 1443 1632 D FreeFormWindowHelper: refreshTipWindow windowDragBounds:Rect(586, 114 - 1216, 1234)
11-10 04:58:04.846 1443 1632 D FreeFormWindowHelper: refreshTipWindow windowDragBounds:Rect(716, 122 - 1346, 1242)
11-10 04:58:04.863 1443 1632 D FreeFormWindowHelper: refreshTipWindow windowDragBounds:Rect(810, 126 - 1440, 1246)
11-10 04:58:04.880 1443 1632 D FreeFormWindowHelper: refreshTipWindow windowDragBounds:Rect(930, 132 - 1560, 1252)
11-10 04:58:04.896 1443 1632 D FreeFormWindowHelper: refreshTipWindow windowDragBounds:Rect(1018, 132 - 1648, 1252)
11-10 04:58:04.905 1193 5251 I OMX-VENC: venc_dev: stats: avg. fps 39.99, bitrate 1768086
11-10 04:58:04.913 1443 1632 D FreeFormWindowHelper: refreshTipWindow windowDragBounds:Rect(1081, 132 - 1711, 1252)
11-10 04:58:04.930 1443 1632 D FreeFormWindowHelper: refreshTipWindow windowDragBounds:Rect(1321, 130 - 1951, 1250)
11-10 04:58:04.946 1443 1632 D FreeFormWindowHelper: refreshTipWindow windowDragBounds:Rect(1527, 127 - 2157, 1247)
11-10 04:58:04.963 1443 1632 D FreeFormWindowHelper: refreshTipWindow windowDragBounds:Rect(1572, 122 - 2202, 1242)
11-10 04:58:04.980 1443 1632 D FreeFormWindowHelper: refreshTipWindow windowDragBounds:Rect(1700, 107 - 2330, 1227)
11-10 04:58:04.986 1443 1494 W System : A resource failed to call release.
11-10 04:58:04.986 1443 1494 W System : A resource failed to call close.
11-10 04:58:04.995 1443 1494 W System : A resource failed to call close.
11-10 04:58:04.995 1443 1494 W System : A resource failed to call close.
11-10 04:58:04.997 1443 1632 D FreeFormWindowHelper: refreshTipWindow windowDragBounds:Rect(1714, 103 - 2344, 1223)
11-10 04:58:05.013 1443 1632 D FreeFormWindowHelper: refreshTipWindow windowDragBounds:Rect(1717, 104 - 2347, 1224)
11-10 04:58:05.047 1443 1632 D FreeFormWindowHelper: refreshTipWindow windowDragBounds:Rect(1715, 105 - 2345, 1225)
11-10 04:58:05.063 1443 1632 D FreeFormWindowHelper: refreshTipWindow windowDragBounds:Rect(1716, 105 - 2346, 1225)
11-10 04:58:05.083 1443 1632 D WindowManager: updateWindowDragBounds: mIsSwipeYfalse
11-10 04:58:05.083 1443 1632 D WindowManager: updateWindowDragBounds: mIsTopfalse
11-10 04:58:05.083 1443 1632 D WindowManager: updateWindowDragBounds: mIsSwipeXfalse
11-10 04:58:05.099 1443 1632 W InputManager-JNI: Input channel object 'WindowManager (client)' was disposed without first being removed with the input manager!
11-10 04:58:05.304 800 5988 D audio_hw_primary: copl(0xe7808650):out of compress_wait
11-10 04:58:05.307 800 5998 D audio_hw_primary: No space available in compress driver, post msg to cb thread
11-10 04:58:05.308 800 5988 D audio_hw_primary: copl(0xe7808650):calling compress_wait
11-10 04:58:05.439 647 662 I mpu_uart: [MSG-P:RECV]:No message received in 1000 ms
11-10 04:58:05.531 3274 3274 W hpplay-java: [main]:IPManager:getActiveNets invalid networkInfo:null
11-10 04:58:05.532 3274 3274 I hpplay-java: [main]:IPManager:getActiveNets eth0:false wifi:false mobile:false ap:false
11-10 04:58:05.532 3274 3274 I hpplay-java: [main]:ServerTaskManager:get local ip:null
11-10 04:58:05.820 1443 1994 I input_interaction: Interaction with: 7dcbd29 com.android.gallery3d/com.android.gallery3d.app.MovieActivity (server), edge-swipe (server), swipe-up (server), PointerEventDispatcher0 (server),
11-10 04:58:05.824 5752 5752 D DecorView: onTouchEvent: action0
11-10 04:58:05.824 5752 5752 D DecorView: onTouchEvent: interval1518
11-10 04:58:05.871 5752 5752 D DecorView: onTouchEvent: action2
11-10 04:58:05.894 5752 5752 D DecorView: onTouchEvent: action2
11-10 04:58:05.911 5752 5752 I view_enqueue_input_event: [Motion - Cancel,com.android.gallery3d/com.android.gallery3d.app.MovieActivity]
11-10 04:58:05.911 5752 5752 D DecorView: onTouchEvent: action3
11-10 04:58:05.912 1443 1994 I input_interaction: Interaction with: WindowManager (server), edge-swipe (server), swipe-up (server), PointerEventDispatcher0 (server),
11-10 04:58:05.914 1193 5251 I OMX-VENC: venc_dev: stats: avg. fps 36.70, bitrate 1829576
11-10 04:58:05.916 1443 1632 D FreeFormWindowHelper: refreshTipWindow windowDragBounds:Rect(2123, 72 - 2753, 1192)
11-10 04:58:05.941 1443 1632 D FreeFormWindowHelper: refreshTipWindow windowDragBounds:Rect(2112, 75 - 2742, 1195)
11-10 04:58:05.965 1443 1632 D FreeFormWindowHelper: refreshTipWindow windowDragBounds:Rect(2077, 82 - 2707, 1202)
11-10 04:58:05.979 927 1053 W HWComposer: Ignoring duplicate VSYNC event from HWC for display 4630946816427681409 (t=1613432561000)
11-10 04:58:05.982 1443 1632 D FreeFormWindowHelper: refreshTipWindow windowDragBounds:Rect(2046, 86 - 2676, 1206)
11-10 04:58:05.996 927 1053 W HWComposer: Ignoring duplicate VSYNC event from HWC for display 4630946816427681409 (t=1613449246000)
11-10 04:58:05.999 1443 1632 D FreeFormWindowHelper: refreshTipWindow windowDragBounds:Rect(2025, 88 - 2655, 1208)
11-10 04:58:06.012 927 1053 W HWComposer: Ignoring duplicate VSYNC event from HWC for display 4630946816427681409 (t=1613465966000)
11-10 04:58:06.016 1443 1632 D FreeFormWindowHelper: refreshTipWindow windowDragBounds:Rect(2008, 88 - 2638, 1208)
11-10 04:58:06.030 927 1053 W HWComposer: Ignoring duplicate VSYNC event from HWC for display 4630946816427681409 (t=1613482724000)
11-10 04:58:06.046 927 1053 W HWComposer: Ignoring duplicate VSYNC event from HWC for display 4630946816427681409 (t=1613499362000)
11-10 04:58:06.049 1443 1632 D FreeFormWindowHelper: refreshTipWindow windowDragBounds:Rect(1986, 91 - 2616, 1211)
11-10 04:58:06.063 927 1053 W HWComposer: Ignoring duplicate VSYNC event from HWC for display 4630946816427681409 (t=1613516068000)
11-10 04:58:06.066 1443 1632 D FreeFormWindowHelper: refreshTipWindow windowDragBounds:Rect(1933, 92 - 2563, 1212)
11-10 04:58:06.079 927 1053 W HWComposer: Ignoring duplicate VSYNC event from HWC for display 4630946816427681409 (t=1613532798000)
11-10 04:58:06.079 927 1053 W HWComposer: Ignoring duplicate VSYNC event from HWC for display 4630946816427681409 (t=1613532798000)
11-10 04:58:06.082 1443 1632 D FreeFormWindowHelper: refreshTipWindow windowDragBounds:Rect(1894, 92 - 2524, 1212)
11-10 04:58:06.096 927 1053 W HWComposer: Ignoring duplicate VSYNC event from HWC for display 4630946816427681409 (t=1613549523000)
11-10 04:58:06.099 1443 1632 D FreeFormWindowHelper: refreshTipWindow windowDragBounds:Rect(1834, 96 - 2464, 1216)
11-10 04:58:06.113 927 1053 W HWComposer: Ignoring duplicate VSYNC event from HWC for display 4630946816427681409 (t=1613566226000)
11-10 04:58:06.116 1443 1632 D FreeFormWindowHelper: refreshTipWindow windowDragBounds:Rect(1780, 95 - 2410, 1215)
11-10 04:58:06.129 927 1053 W HWComposer: Ignoring duplicate VSYNC event from HWC for display 4630946816427681409 (t=1613582899000)
11-10 04:58:06.132 1443 1632 D FreeFormWindowHelper: refreshTipWindow windowDragBounds:Rect(1728, 95 - 2358, 1215)
11-10 04:58:06.146 927 1053 W HWComposer: Ignoring duplicate VSYNC event from HWC for display 4630946816427681409 (t=1613599654000)
11-10 04:58:06.149 1443 1632 D FreeFormWindowHelper: refreshTipWindow windowDragBounds:Rect(1652, 95 - 2282, 1215)
11-10 04:58:06.163 927 1053 W HWComposer: Ignoring duplicate VSYNC event from HWC for display 4630946816427681409 (t=1613616335000)
11-10 04:58:06.166 1443 1632 D FreeFormWindowHelper: refreshTipWindow windowDragBounds:Rect(1594, 95 - 2224, 1215)
11-10 04:58:06.183 1443 1632 D FreeFormWindowHelper: refreshTipWindow windowDragBounds:Rect(1490, 92 - 2120, 1212)
11-10 04:58:06.199 1443 1632 D FreeFormWindowHelper: refreshTipWindow windowDragBounds:Rect(1446, 92 - 2076, 1212)
11-10 04:58:06.216 1443 1632 D FreeFormWindowHelper: refreshTipWindow windowDragBounds:Rect(1366, 89 - 1996, 1209)
11-10 04:58:06.233 1443 1632 D FreeFormWindowHelper: refreshTipWindow windowDragBounds:Rect(1262, 84 - 1892, 1204)
11-10 04:58:06.249 1443 1632 D FreeFormWindowHelper: refreshTipWindow windowDragBounds:Rect(1121, 75 - 1751, 1195)
11-10 04:58:06.266 1443 1632 D FreeFormWindowHelper: refreshTipWindow windowDragBounds:Rect(1046, 71 - 1676, 1191)
11-10 04:58:06.283 1443 1632 D FreeFormWindowHelper: refreshTipWindow windowDragBounds:Rect(896, 63 - 1526, 1183)
11-10 04:58:06.300 1443 1632 D FreeFormWindowHelper: refreshTipWindow windowDragBounds:Rect(756, 52 - 1386, 1172)
11-10 04:58:06.316 1443 1632 D FreeFormWindowHelper: refreshTipWindow windowDragBounds:Rect(681, 44 - 1311, 1164)
11-10 04:58:06.333 1443 1632 D FreeFormWindowHelper: refreshTipWindow windowDragBounds:Rect(506, 31 - 1136, 1151)
11-10 04:58:06.350 1443 1632 D FreeFormWindowHelper: refreshTipWindow windowDragBounds:Rect(264, 19 - 894, 1139)
11-10 04:58:06.366 1443 1632 D FreeFormWindowHelper: refreshTipWindow windowDragBounds:Rect(197, 18 - 827, 1138)
11-10 04:58:06.383 1443 1632 D FreeFormWindowHelper: refreshTipWindow windowDragBounds:Rect(133, 15 - 763, 1135)
11-10 04:58:06.400 1443 1632 D FreeFormWindowHelper: refreshTipWindow windowDragBounds:Rect(83, 15 - 713, 1135)
11-10 04:58:06.417 1443 1632 D FreeFormWindowHelper: refreshTipWindow windowDragBounds:Rect(53, 15 - 683, 1135)
11-10 04:58:06.433 1443 1632 D FreeFormWindowHelper: refreshTipWindow windowDragBounds:Rect(22, 15 - 652, 1135)
11-10 04:58:06.440 647 662 I mpu_uart: [MSG-P:RECV]:No message received in 1000 ms
11-10 04:58:06.450 1443 1632 D FreeFormWindowHelper: refreshTipWindow windowDragBounds:Rect(9, 15 - 639, 1135)
11-10 04:58:06.467 1443 1632 D FreeFormWindowHelper: refreshTipWindow windowDragBounds:Rect(-9, 15 - 621, 1135)
11-10 04:58:06.483 1443 1632 D FreeFormWindowHelper: refreshTipWindow windowDragBounds:Rect(-15, 15 - 615, 1135)
11-10 04:58:06.488 1443 1632 D WindowManager: updateWindowDragBounds: mIsSwipeYfalse
11-10 04:58:06.488 1443 1632 D WindowManager: updateWindowDragBounds: mIsTopfalse
11-10 04:58:06.488 1443 1632 D WindowManager: updateWindowDragBounds: mIsSwipeXfalse
11-10 04:58:06.503 1443 1632 W InputManager-JNI: Input channel object 'WindowManager (client)' was disposed without first being removed with the input manager!
11-10 04:58:06.529 647 661 I mpu_uart: [MSG-P:R]:recv sync frame timeout
11-10 04:58:06.533 3274 3274 W hpplay-java: [main]:IPManager:getActiveNets invalid networkInfo:null
11-10 04:58:06.534 3274 3274 I hpplay-java: [main]:IPManager:getActiveNets eth0:false wifi:false mobile:false ap:false
11-10 04:58:06.534 3274 3274 I hpplay-java: [main]:ServerTaskManager:get local ip:null
11-10 04:58:06.698 800 5988 D audio_hw_primary: copl(0xe7808650):out of compress_wait
11-10 04:58:06.702 800 5998 D audio_hw_primary: No space available in compress driver, post msg to cb thread
11-10 04:58:06.703 800 5988 D audio_hw_primary: copl(0xe7808650):calling compress_wait
11-10 04:58:06.916 1193 5251 I OMX-VENC: venc_dev: stats: avg. fps 49.88, bitrate 2313997
11-10 04:58:06.987 1443 1994 I input_interaction: Interaction with: 7dcbd29 com.android.gallery3d/com.android.gallery3d.app.MovieActivity (server), edge-swipe (server), swipe-up (server), PointerEventDispatcher0 (server),
11-10 04:58:06.988 5752 5752 D DecorView: onTouchEvent: action0
11-10 04:58:06.988 5752 5752 D DecorView: onTouchEvent: interval1164
11-10 04:58:07.111 5752 5752 D DecorView: onTouchEvent: action1
11-10 04:58:07.111 5752 5752 D DecorView: onTouchEvent: ACTION_UPfalse
11-10 04:58:07.362 5752 5752 D DecorView: onTouchEvent mIsDoubleCLick:false
11-10 04:58:07.362 5752 5752 D DecorView: onTouchEvent: onConfigurationMiniChanged
11-10 04:58:07.440 647 662 I mpu_uart: [MSG-P:RECV]:No message received in 1000 ms
11-10 04:58:07.536 3274 3274 W hpplay-java: [main]:IPManager:getActiveNets invalid networkInfo:null
11-10 04:58:07.537 3274 3274 I hpplay-java: [main]:IPManager:getActiveNets eth0:false wifi:false mobile:false ap:false
11-10 04:58:07.538 3274 3274 I hpplay-java: [main]:ServerTaskManager:get local ip:null
11-10 04:58:07.917 1193 5251 I OMX-VENC: venc_dev: stats: avg. fps 30.97, bitrate 1523208
11-10 04:58:08.084 800 5988 D audio_hw_primary: copl(0xe7808650):out of compress_wait
11-10 04:58:08.088 800 5998 D audio_hw_primary: No space available in compress driver, post msg to cb thread
11-10 04:58:08.088 800 5988 D audio_hw_primary: copl(0xe7808650):calling compress_wait
11-10 04:58:08.440 647 662 I mpu_uart: [MSG-P:RECV]:No message received in 1000 ms
11-10 04:58:08.542 3274 3274 W hpplay-java: [main]:IPManager:getActiveNets invalid networkInfo:null
11-10 04:58:08.542 3274 3274 I hpplay-java: [main]:IPManager:getActiveNets eth0:false wifi:false mobile:false ap:false
11-10 04:58:08.542 3274 3274 I hpplay-java: [main]:ServerTaskManager:get local ip:null
11-10 04:58:08.948 1193 5251 I OMX-VENC: venc_dev: stats: avg. fps 33.95, bitrate 1603305
11-10 04:58:09.441 647 662 I mpu_uart: [MSG-P:RECV]:No message received in 1000 ms
11-10 04:58:09.465 800 5988 D audio_hw_primary: copl(0xe7808650):out of compress_wait
11-10 04:58:09.469 800 5998 D audio_hw_primary: No space available in compress driver, post msg to cb thread
11-10 04:58:09.470 800 5988 D audio_hw_primary: copl(0xe7808650):calling compress_wait
11-10 04:58:09.531 647 661 I mpu_uart: [MSG-P:R]:recv sync frame timeout
11-10 04:58:09.544 3274 3274 W hpplay-java: [main]:IPManager:getActiveNets invalid networkInfo:null
11-10 04:58:09.545 3274 3274 I hpplay-java: [main]:IPManager:getActiveNets eth0:false wifi:false mobile:false ap:false
11-10 04:58:09.545 3274 3274 I hpplay-java: [main]:ServerTaskManager:get local ip:null
11-10 04:58:09.549 1443 1994 I input_interaction: Interaction with: 7dcbd29 com.android.gallery3d/com.android.gallery3d.app.MovieActivity (server), PointerEventDispatcher0 (server),
11-10 04:58:09.953 1193 5251 I OMX-VENC: venc_dev: stats: avg. fps 29.85, bitrate 1068929
11-10 04:58:10.441 647 662 I mpu_uart: [MSG-P:RECV]:No message received in 1000 ms
11-10 04:58:10.547 3274 3274 W hpplay-java: [main]:IPManager:getActiveNets invalid networkInfo:null
11-10 04:58:10.547 3274 3274 I hpplay-java: [main]:IPManager:getActiveNets eth0:false wifi:false mobile:false ap:false
11-10 04:58:10.548 3274 3274 I hpplay-java: [main]:ServerTaskManager:get local ip:null
11-10 04:58:10.854 800 5988 D audio_hw_primary: copl(0xe7808650):out of compress_wait
11-10 04:58:10.859 800 5998 D audio_hw_primary: No space available in compress driver, post msg to cb thread
11-10 04:58:10.859 800 5988 D audio_hw_primary: copl(0xe7808650):calling compress_wait
11-10 04:58:10.975 1193 5251 I OMX-VENC: venc_dev: stats: avg. fps 30.33, bitrate 985458
11-10 04:58:11.441 647 662 I mpu_uart: [MSG-P:RECV]:No message received in 1000 ms
11-10 04:58:11.550 3274 3274 W hpplay-java: [main]:IPManager:getActiveNets invalid networkInfo:null
11-10 04:58:11.550 3274 3274 I hpplay-java: [main]:IPManager:getActiveNets eth0:false wifi:false mobile:false ap:false
11-10 04:58:11.550 3274 3274 I hpplay-java: [main]:ServerTaskManager:get local ip:null
11-10 04:58:11.976 1193 5251 I OMX-VENC: venc_dev: stats: avg. fps 29.96, bitrate 1063283
11-10 04:58:12.245 800 5988 D audio_hw_primary: copl(0xe7808650):out of compress_wait
11-10 04:58:12.249 800 5998 D audio_hw_primary: No space available in compress driver, post msg to cb thread
11-10 04:58:12.250 800 5988 D audio_hw_primary: copl(0xe7808650):calling compress_wait
11-10 04:58:12.442 647 662 I mpu_uart: [MSG-P:RECV]:No message received in 1000 ms
11-10 04:58:12.535 647 661 I mpu_uart: [MSG-P:R]:recv sync frame timeout
11-10 04:58:12.553 3274 3274 W hpplay-java: [main]:IPManager:getActiveNets invalid networkInfo:null
11-10 04:58:12.553 3274 3274 I hpplay-java: [main]:IPManager:getActiveNets eth0:false wifi:false mobile:false ap:false
11-10 04:58:12.553 3274 3274 I hpplay-java: [main]:ServerTaskManager:get local ip:null
11-10 04:58:12.977 1193 5251 I OMX-VENC: venc_dev: stats: avg. fps 29.98, bitrate 1261843