--------- beginning of events
01-01 08:36:50.487 503 503 I snet_event_log: [121035042,-1,]
01-01 08:36:50.490 503 503 I auditd : SELinux: Loaded service_contexts from:
01-01 08:36:50.490 503 503 I auditd : /system/etc/selinux/plat_service_contexts
01-01 08:36:50.490 503 503 I auditd : /system_ext/etc/selinux/system_ext_service_contexts
01-01 08:36:50.490 503 503 I auditd : /product/etc/selinux/product_service_contexts
01-01 08:36:50.490 503 503 I auditd : /vendor/etc/selinux/vendor_service_contexts
01-01 08:00:00.195 501 501 I auditd : type=2000 audit(0.0:1): state=initialized audit_enabled=0 res=1
01-01 08:36:50.495 505 505 I snet_event_log: [121035042,-1,]
01-01 08:36:49.763 501 501 I auditd : type=1403 audit(0.0:2): auid=4294967295 ses=4294967295 lsm=selinux res=1
01-01 08:36:49.763 501 501 I auditd : type=1404 audit(0.0:3): enforcing=1 old_enforcing=0 auid=4294967295 ses=4294967295 enabled=1 old-enabled=1 lsm=selinux res=1
01-01 08:36:49.819 1 1 I auditd : type=1107 audit(0.0:4): uid=0 auid=4294967295 ses=4294967295 subj=u:r:init:s0 msg='avc: denied { read } for property=persist.debug.trace pid=0 uid=0 gid=0 scontext=u:r:vendor_init:s0 tcontext=u:object_r:persist_debug_prop:s0 tclass=file permissive=0'
01-01 08:36:50.199 1 1 I auditd : type=1400 audit(0.0:5): avc: denied { mounton } for comm="init" path="/sys/kernel/tracing" dev="tracefs" ino=1 scontext=u:r:init:s0 tcontext=u:object_r:debugfs_tracing_debug:s0 tclass=dir permissive=0
01-01 08:36:50.487 512 512 I auditd : type=1400 audit(0.0:6): avc: denied { ptrace } for comm="crash_dump64" scontext=u:r:crash_dump:s0 tcontext=u:r:init:s0 tclass=process permissive=0
01-01 08:36:50.507 520 520 I auditd : type=1400 audit(0.0:7): avc: denied { read write } for comm="fsck_msdos" name="sde51" dev="tmpfs" ino=11435 scontext=u:r:fsck:s0 tcontext=u:object_r:block_device:s0 tclass=blk_file permissive=0
01-01 08:36:50.507 520 520 I auditd : type=1400 audit(0.0:8): avc: denied { read } for comm="fsck_msdos" name="sde51" dev="tmpfs" ino=11435 scontext=u:r:fsck:s0 tcontext=u:object_r:block_device:s0 tclass=blk_file permissive=0
01-01 08:36:50.507 520 520 I auditd : type=1400 audit(0.0:9): avc: denied { kill } for comm="fsck_msdos" capability=5 scontext=u:r:fsck:s0 tcontext=u:r:fsck:s0 tclass=capability permissive=0
01-01 08:36:51.595 605 605 I auditd : type=1400 audit(0.0:10): avc: denied { kill } for comm="vdc" capability=5 scontext=u:r:vdc:s0 tcontext=u:r:vdc:s0 tclass=capability permissive=0
01-01 08:36:53.683 607 607 I auditd : type=1400 audit(0.0:11): avc: denied { kill } for comm="fsck.f2fs" capability=5 scontext=u:r:fsck:s0 tcontext=u:r:fsck:s0 tclass=capability permissive=0
01-01 08:36:53.775 565 565 I auditd : SELinux: Loaded keystore2_key_contexts from:
01-01 08:36:53.775 565 565 I auditd : /system/etc/selinux/plat_keystore2_key_contexts
01-01 08:36:54.815 612 612 I auditd : type=1400 audit(0.0:12): avc: denied { kill } for comm="fsck.f2fs" capability=5 scontext=u:r:fsck:s0 tcontext=u:r:fsck:s0 tclass=capability permissive=0
01-01 08:36:54.851 611 611 I auditd : type=1400 audit(0.0:13): avc: denied { kill } for comm="vdc" capability=5 scontext=u:r:vdc:s0 tcontext=u:r:vdc:s0 tclass=capability permissive=0
01-01 08:36:55.011 1 1 I auditd : type=1400 audit(0.0:14): avc: denied { getattr } for comm="init" path="/data/nativetest" dev="dm-10" ino=7 scontext=u:r:init:s0 tcontext=u:object_r:nativetest_data_file:s0 tclass=dir permissive=0 bug=b/77873135
01-01 08:36:55.011 1 1 I auditd : type=1400 audit(0.0:15): avc: denied { getattr } for comm="init" path="/data/nativetest64" dev="dm-10" ino=8 scontext=u:r:init:s0 tcontext=u:object_r:nativetest_data_file:s0 tclass=dir permissive=0 bug=b/77873135
01-01 08:36:55.131 1 1 I auditd : type=1400 audit(0.0:16): avc: denied { getattr } for comm="init" path="/product/bin/init.qti.display.sh" dev="dm-7" ino=68 scontext=u:r:init:s0 tcontext=u:object_r:vendor_sys_qti_display_exec:s0 tclass=file permissive=0
01-01 08:36:54.035 651 651 I liblog : 38
01-01 08:36:54.035 651 651 I liblog : 2
01-01 08:36:54.035 651 651 I liblog : 66
01-01 08:36:54.037 651 651 I liblog : 64
01-01 08:36:54.037 651 651 I liblog : 1
01-01 08:36:54.037 651 651 I liblog : 60
01-01 08:36:54.039 651 651 I liblog : 208
01-01 08:36:54.039 651 651 I liblog : 1
01-01 08:36:54.041 651 651 I liblog : 310
01-01 08:36:54.289 668 668 I boot_progress_start: 9891
01-01 08:36:54.579 852 852 I auditd : type=1400 audit(0.0:17): avc: denied { read } for comm="vendor.qti.hard" name="u:object_r:vendor_cap_configstore_dbg_prop:s0" dev="tmpfs" ino=3349 scontext=u:r:vendor_hal_capabilityconfigstore_qti_default:s0 tcontext=u:object_r:vendor_cap_configstore_dbg_prop:s0 tclass=file permissive=0
01-01 08:36:54.583 80 80 I auditd : type=1400 audit(0.0:19): avc: denied { create } for comm="kworker/u16:1" scontext=u:r:kernel:s0 tcontext=u:r:kernel:s0 tclass=qipcrtr_socket permissive=0
01-01 08:36:54.583 274 274 I auditd : type=1400 audit(0.0:18): avc: denied { create } for comm="kworker/u16:3" scontext=u:r:kernel:s0 tcontext=u:r:kernel:s0 tclass=qipcrtr_socket permissive=0
01-01 08:36:54.583 7 7 I auditd : type=1400 audit(0.0:20): avc: denied { create } for comm="kworker/u16:0" scontext=u:r:kernel:s0 tcontext=u:r:kernel:s0 tclass=qipcrtr_socket permissive=0
01-01 08:36:54.583 272 272 I auditd : type=1400 audit(0.0:21): avc: denied { create } for comm="kworker/u16:2" scontext=u:r:kernel:s0 tcontext=u:r:kernel:s0 tclass=qipcrtr_socket permissive=0
01-01 08:36:54.583 331 331 I auditd : type=1400 audit(0.0:22): avc: denied { create } for comm="kworker/u16:10" scontext=u:r:kernel:s0 tcontext=u:r:kernel:s0 tclass=qipcrtr_socket permissive=0
01-01 08:36:54.583 331 331 I auditd : type=1400 audit(0.0:23): avc: denied { create } for comm="kworker/u16:10" scontext=u:r:kernel:s0 tcontext=u:r:kernel:s0 tclass=qipcrtr_socket permissive=0
01-01 08:36:54.583 331 331 I auditd : type=1400 audit(0.0:24): avc: denied { create } for comm="kworker/u16:10" scontext=u:r:kernel:s0 tcontext=u:r:kernel:s0 tclass=qipcrtr_socket permissive=0
01-01 08:36:54.588 668 668 I snet_event_log: [200284993,-1,]
01-01 08:36:54.589 669 669 I snet_event_log: [200284993,-1,]
01-01 08:36:54.583 279 279 I auditd : type=1400 audit(0.0:25): avc: denied { create } for comm="kworker/u16:5" scontext=u:r:kernel:s0 tcontext=u:r:kernel:s0 tclass=qipcrtr_socket permissive=0
01-01 08:36:54.583 331 331 I auditd : type=1400 audit(0.0:26): avc: denied { create } for comm="kworker/u16:10" scontext=u:r:kernel:s0 tcontext=u:r:kernel:s0 tclass=qipcrtr_socket permissive=0
01-01 08:36:54.583 277 277 I auditd : type=1400 audit(0.0:27): avc: denied { create } for comm="kworker/u16:4" scontext=u:r:kernel:s0 tcontext=u:r:kernel:s0 tclass=qipcrtr_socket permissive=0
01-01 08:36:54.583 279 279 I auditd : type=1400 audit(0.0:28): avc: denied { create } for comm="kworker/u16:5" scontext=u:r:kernel:s0 tcontext=u:r:kernel:s0 tclass=qipcrtr_socket permissive=0
01-01 08:36:54.583 277 277 I auditd : type=1400 audit(0.0:29): avc: denied { create } for comm="kworker/u16:4" scontext=u:r:kernel:s0 tcontext=u:r:kernel:s0 tclass=qipcrtr_socket permissive=0
01-01 08:36:54.583 281 281 I auditd : type=1400 audit(0.0:30): avc: denied { create } for comm="kworker/u16:6" scontext=u:r:kernel:s0 tcontext=u:r:kernel:s0 tclass=qipcrtr_socket permissive=0
01-01 08:36:54.583 331 331 I auditd : type=1400 audit(0.0:31): avc: denied { create } for comm="kworker/u16:10" scontext=u:r:kernel:s0 tcontext=u:r:kernel:s0 tclass=qipcrtr_socket permissive=0
01-01 08:36:54.583 331 331 I auditd : type=1400 audit(0.0:32): avc: denied { create } for comm="kworker/u16:10" scontext=u:r:kernel:s0 tcontext=u:r:kernel:s0 tclass=qipcrtr_socket permissive=0
01-01 08:36:54.583 331 331 I auditd : type=1400 audit(0.0:33): avc: denied { create } for comm="kworker/u16:10" scontext=u:r:kernel:s0 tcontext=u:r:kernel:s0 tclass=qipcrtr_socket permissive=0
01-01 08:36:54.583 331 331 I auditd : type=1400 audit(0.0:34): avc: denied { create } for comm="kworker/u16:10" scontext=u:r:kernel:s0 tcontext=u:r:kernel:s0 tclass=qipcrtr_socket permissive=0
01-01 08:36:54.583 336 336 I auditd : type=1400 audit(0.0:35): avc: denied { create } for comm="kworker/u16:14" scontext=u:r:kernel:s0 tcontext=u:r:kernel:s0 tclass=qipcrtr_socket permissive=0
01-01 08:36:54.583 291 291 I auditd : type=1400 audit(0.0:36): avc: denied { create } for comm="kworker/u16:8" scontext=u:r:kernel:s0 tcontext=u:r:kernel:s0 tclass=qipcrtr_socket permissive=0
01-01 08:36:54.583 80 80 I auditd : type=1400 audit(0.0:37): avc: denied { create } for comm="kworker/u16:1" scontext=u:r:kernel:s0 tcontext=u:r:kernel:s0 tclass=qipcrtr_socket permissive=0
01-01 08:36:54.583 291 291 I auditd : type=1400 audit(0.0:38): avc: denied { create } for comm="kworker/u16:8" scontext=u:r:kernel:s0 tcontext=u:r:kernel:s0 tclass=qipcrtr_socket permissive=0
01-01 08:36:54.615 470 470 I auditd : type=1400 audit(0.0:39): avc: denied { setattr } for comm="init" name="rawdump" dev="tmpfs" ino=1178 scontext=u:r:vendor_init:s0 tcontext=u:object_r:block_device:s0 tclass=lnk_file permissive=0
01-01 08:36:54.615 470 470 I auditd : type=1400 audit(0.0:40): avc: denied { setattr } for comm="init" name="rawdump" dev="tmpfs" ino=1178 scontext=u:r:vendor_init:s0 tcontext=u:object_r:block_device:s0 tclass=lnk_file permissive=0
01-01 08:36:54.667 972 972 I auditd : type=1400 audit(0.0:41): avc: denied { read write } for comm="sensors.qti" name="diag" dev="tmpfs" ino=11385 scontext=u:r:vendor_sensors_qti:s0 tcontext=u:object_r:vendor_diag_device:s0 tclass=chr_file permissive=0
01-01 08:36:54.693 668 668 I boot_progress_preload_start: 10295
01-01 08:36:54.715 854 854 I auditd : type=1400 audit(0.0:42): avc: denied { read write } for comm="vendor.qti.hard" name="diag" dev="tmpfs" ino=11385 scontext=u:r:hal_graphics_composer_default:s0 tcontext=u:object_r:vendor_diag_device:s0 tclass=chr_file permissive=0
01-01 08:36:54.785 503 503 I auditd : avc: denied { find } for pid=927 uid=1000 name=vendor.qti.hardware.display.config.IDisplayConfig/default scontext=u:r:surfaceflinger:s0 tcontext=u:object_r:default_android_service:s0 tclass=service_manager permissive=0
01-01 08:36:54.787 503 503 I auditd : avc: denied { find } for pid=927 uid=1000 name=vendor.qti.hardware.display.config.IDisplayConfig/default scontext=u:r:surfaceflinger:s0 tcontext=u:object_r:default_android_service:s0 tclass=service_manager permissive=0
01-01 08:36:54.867 972 972 I auditd : type=1400 audit(0.0:43): avc: denied { read write } for comm="sensors.qti" name="diag" dev="tmpfs" ino=11385 scontext=u:r:vendor_sensors_qti:s0 tcontext=u:object_r:vendor_diag_device:s0 tclass=chr_file permissive=0
01-01 08:36:54.995 1021 1021 I auditd : type=1400 audit(0.0:44): avc: denied { write } for comm="init.qcom.usb.s" name="uvc.0" dev="configfs" ino=18956 scontext=u:r:vendor_qti_init_shell:s0 tcontext=u:object_r:configfs:s0 tclass=dir permissive=0
01-01 08:36:54.995 1021 1021 I auditd : type=1400 audit(0.0:45): avc: denied { write } for comm="init.qcom.usb.s" name="uvc.0" dev="configfs" ino=18956 scontext=u:r:vendor_qti_init_shell:s0 tcontext=u:object_r:configfs:s0 tclass=dir permissive=0
01-01 08:36:55.011 1125 1125 I auditd : type=1400 audit(0.0:46): avc: denied { write } for comm="mkdir" name="header" dev="configfs" ino=18958 scontext=u:r:vendor_qti_init_shell:s0 tcontext=u:object_r:configfs:s0 tclass=dir permissive=0
01-01 08:36:55.027 1126 1126 I auditd : type=1400 audit(0.0:47): avc: denied { write } for comm="ln" name="fs" dev="configfs" ino=18967 scontext=u:r:vendor_qti_init_shell:s0 tcontext=u:object_r:configfs:s0 tclass=dir permissive=0
01-01 08:36:55.031 1127 1127 I auditd : type=1400 audit(0.0:48): avc: denied { write } for comm="ln" name="ss" dev="configfs" ino=18968 scontext=u:r:vendor_qti_init_shell:s0 tcontext=u:object_r:configfs:s0 tclass=dir permissive=0
01-01 08:36:55.039 1128 1128 I auditd : type=1400 audit(0.0:49): avc: denied { write } for comm="mkdir" name="uncompressed" dev="configfs" ino=18971 scontext=u:r:vendor_qti_init_shell:s0 tcontext=u:object_r:configfs:s0 tclass=dir permissive=0
01-01 08:36:55.051 1129 1129 I auditd : type=1400 audit(0.0:50): avc: denied { write } for comm="mkdir" name="uncompressed" dev="configfs" ino=18971 scontext=u:r:vendor_qti_init_shell:s0 tcontext=u:object_r:configfs:s0 tclass=dir permissive=0
01-01 08:36:55.059 1130 1130 I auditd : type=1400 audit(0.0:51): avc: denied { write } for comm="mkdir" name="mjpeg" dev="configfs" ino=18972 scontext=u:r:vendor_qti_init_shell:s0 tcontext=u:object_r:configfs:s0 tclass=dir permissive=0
01-01 08:36:55.067 972 972 I auditd : type=1400 audit(0.0:52): avc: denied { read write } for comm="sensors.qti" name="diag" dev="tmpfs" ino=11385 scontext=u:r:vendor_sensors_qti:s0 tcontext=u:object_r:vendor_diag_device:s0 tclass=chr_file permissive=0
01-01 08:36:55.067 1131 1131 I auditd : type=1400 audit(0.0:53): avc: denied { write } for comm="mkdir" name="mjpeg" dev="configfs" ino=18972 scontext=u:r:vendor_qti_init_shell:s0 tcontext=u:object_r:configfs:s0 tclass=dir permissive=0
01-01 08:36:55.079 1132 1132 I auditd : type=1400 audit(0.0:54): avc: denied { write } for comm="mkdir" name="h264" dev="configfs" ino=18973 scontext=u:r:vendor_qti_init_shell:s0 tcontext=u:object_r:configfs:s0 tclass=dir permissive=0
01-01 08:36:55.095 1133 1133 I auditd : type=1400 audit(0.0:55): avc: denied { write } for comm="mkdir" name="h264" dev="configfs" ino=18973 scontext=u:r:vendor_qti_init_shell:s0 tcontext=u:object_r:configfs:s0 tclass=dir permissive=0
01-01 08:36:55.099 1134 1134 I auditd : type=1400 audit(0.0:56): avc: denied { write } for comm="mkdir" name="header" dev="configfs" ino=18970 scontext=u:r:vendor_qti_init_shell:s0 tcontext=u:object_r:configfs:s0 tclass=dir permissive=0
01-01 08:36:55.103 1135 1135 I auditd : type=1400 audit(0.0:57): avc: denied { write } for comm="ln" name="header" dev="configfs" ino=18970 scontext=u:r:vendor_qti_init_shell:s0 tcontext=u:object_r:configfs:s0 tclass=dir permissive=0
01-01 08:36:55.107 1136 1136 I auditd : type=1400 audit(0.0:58): avc: denied { write } for comm="ln" name="header" dev="configfs" ino=18970 scontext=u:r:vendor_qti_init_shell:s0 tcontext=u:object_r:configfs:s0 tclass=dir permissive=0
01-01 08:36:55.111 1137 1137 I auditd : type=1400 audit(0.0:59): avc: denied { write } for comm="ln" name="header" dev="configfs" ino=18970 scontext=u:r:vendor_qti_init_shell:s0 tcontext=u:object_r:configfs:s0 tclass=dir permissive=0
01-01 08:36:55.119 1138 1138 I auditd : type=1400 audit(0.0:60): avc: denied { write } for comm="ln" name="fs" dev="configfs" ino=18977 scontext=u:r:vendor_qti_init_shell:s0 tcontext=u:object_r:configfs:s0 tclass=dir permissive=0
01-01 08:36:55.123 1139 1139 I auditd : type=1400 audit(0.0:61): avc: denied { write } for comm="ln" name="hs" dev="configfs" ino=18978 scontext=u:r:vendor_qti_init_shell:s0 tcontext=u:object_r:configfs:s0 tclass=dir permissive=0
01-01 08:36:55.127 1140 1140 I auditd : type=1400 audit(0.0:62): avc: denied { write } for comm="ln" name="ss" dev="configfs" ino=18979 scontext=u:r:vendor_qti_init_shell:s0 tcontext=u:object_r:configfs:s0 tclass=dir permissive=0
01-01 08:36:55.267 972 972 I auditd : type=1400 audit(0.0:63): avc: denied { read write } for comm="sensors.qti" name="diag" dev="tmpfs" ino=11385 scontext=u:r:vendor_sensors_qti:s0 tcontext=u:object_r:vendor_diag_device:s0 tclass=chr_file permissive=0
01-01 08:36:55.287 1163 1163 I auditd : type=1400 audit(0.0:64): avc: denied { read write } for comm="dpmd" name="diag" dev="tmpfs" ino=11385 scontext=u:r:vendor_dpmd:s0 tcontext=u:object_r:vendor_diag_device:s0 tclass=chr_file permissive=0
01-01 08:36:55.331 1209 1209 I auditd : type=1400 audit(0.0:65): avc: denied { read write } for comm="ipacm-diag" name="diag" dev="tmpfs" ino=11385 scontext=u:r:hal_tetheroffload_default:s0 tcontext=u:object_r:vendor_diag_device:s0 tclass=chr_file permissive=0
01-01 08:36:55.387 1205 1205 I auditd : type=1400 audit(0.0:66): avc: denied { read write } for comm="imsqmidaemon" name="diag" dev="tmpfs" ino=11385 scontext=u:r:vendor_ims:s0 tcontext=u:object_r:vendor_diag_device:s0 tclass=chr_file permissive=0
01-01 08:36:55.395 1195 1195 I auditd : type=1400 audit(0.0:67): avc: denied { read write } for comm="dpmd" name="diag" dev="tmpfs" ino=11385 scontext=u:r:vendor_dpmd:s0 tcontext=u:object_r:vendor_diag_device:s0 tclass=chr_file permissive=0
01-01 08:36:55.419 1205 1205 I auditd : type=1400 audit(0.0:68): avc: denied { read write } for comm="imsqmidaemon" name="diag" dev="tmpfs" ino=11385 scontext=u:r:vendor_ims:s0 tcontext=u:object_r:vendor_diag_device:s0 tclass=chr_file permissive=0
01-01 08:36:55.419 1205 1205 I auditd : type=1400 audit(0.0:69): avc: denied { read write } for comm="imsqmidaemon" name="diag" dev="tmpfs" ino=11385 scontext=u:r:vendor_ims:s0 tcontext=u:object_r:vendor_diag_device:s0 tclass=chr_file permissive=0
01-01 08:36:55.419 1205 1205 I auditd : type=1400 audit(0.0:70): avc: denied { read write } for comm="imsqmidaemon" name="diag" dev="tmpfs" ino=11385 scontext=u:r:vendor_ims:s0 tcontext=u:object_r:vendor_diag_device:s0 tclass=chr_file permissive=0
01-01 08:36:55.419 1205 1205 I auditd : type=1400 audit(0.0:71): avc: denied { read write } for comm="imsqmidaemon" name="diag" dev="tmpfs" ino=11385 scontext=u:r:vendor_ims:s0 tcontext=u:object_r:vendor_diag_device:s0 tclass=chr_file permissive=0
01-01 08:36:55.419 1205 1205 I auditd : type=1400 audit(0.0:72): avc: denied { read write } for comm="imsqmidaemon" name="diag" dev="tmpfs" ino=11385 scontext=u:r:vendor_ims:s0 tcontext=u:object_r:vendor_diag_device:s0 tclass=chr_file permissive=0
01-01 08:36:55.419 1205 1205 I auditd : type=1400 audit(0.0:73): avc: denied { read write } for comm="imsqmidaemon" name="diag" dev="tmpfs" ino=11385 scontext=u:r:vendor_ims:s0 tcontext=u:object_r:vendor_diag_device:s0 tclass=chr_file permissive=0
01-01 08:36:55.419 1205 1205 I auditd : type=1400 audit(0.0:74): avc: denied { read write } for comm="imsqmidaemon" name="diag" dev="tmpfs" ino=11385 scontext=u:r:vendor_ims:s0 tcontext=u:object_r:vendor_diag_device:s0 tclass=chr_file permissive=0
01-01 08:36:55.419 1205 1205 I auditd : type=1400 audit(0.0:75): avc: denied { read write } for comm="imsqmidaemon" name="diag" dev="tmpfs" ino=11385 scontext=u:r:vendor_ims:s0 tcontext=u:object_r:vendor_diag_device:s0 tclass=chr_file permissive=0
01-01 08:36:55.419 1205 1205 I auditd : type=1400 audit(0.0:76): avc: denied { read write } for comm="imsqmidaemon" name="diag" dev="tmpfs" ino=11385 scontext=u:r:vendor_ims:s0 tcontext=u:object_r:vendor_diag_device:s0 tclass=chr_file permissive=0
01-01 08:36:55.467 972 972 I auditd : type=1400 audit(0.0:77): avc: denied { read write } for comm="sensors.qti" name="diag" dev="tmpfs" ino=11385 scontext=u:r:vendor_sensors_qti:s0 tcontext=u:object_r:vendor_diag_device:s0 tclass=chr_file permissive=0
01-01 08:36:55.483 817 817 I auditd : type=1400 audit(0.0:78): avc: denied { read } for comm="android.hardwar" name="type" dev="sysfs" ino=63762 scontext=u:r:hal_health_default:s0 tcontext=u:object_r:sysfs:s0 tclass=file permissive=0
01-01 08:36:55.543 668 668 I boot_progress_preload_end: 11144
01-01 08:36:55.595 1200 1200 I auditd : type=1400 audit(0.0:79): avc: denied { read write } for comm="ims_rtp_daemon" name="diag" dev="tmpfs" ino=11385 scontext=u:r:vendor_hal_imsrtp:s0 tcontext=u:object_r:vendor_diag_device:s0 tclass=chr_file permissive=0
01-01 08:36:55.651 1370 1370 I auditd : type=1400 audit(0.0:80): avc: denied { read write } for comm="imsdatadaemon" name="diag" dev="tmpfs" ino=11385 scontext=u:r:vendor_ims:s0 tcontext=u:object_r:vendor_diag_device:s0 tclass=chr_file permissive=0
01-01 08:36:55.651 1370 1370 I auditd : type=1400 audit(0.0:81): avc: denied { read write } for comm="imsdatadaemon" name="diag" dev="tmpfs" ino=11385 scontext=u:r:vendor_ims:s0 tcontext=u:object_r:vendor_diag_device:s0 tclass=chr_file permissive=0
01-01 08:36:55.651 1370 1370 I auditd : type=1400 audit(0.0:82): avc: denied { read write } for comm="imsdatadaemon" name="diag" dev="tmpfs" ino=11385 scontext=u:r:vendor_ims:s0 tcontext=u:object_r:vendor_diag_device:s0 tclass=chr_file permissive=0
01-01 08:36:55.651 1370 1370 I auditd : type=1400 audit(0.0:83): avc: denied { read write } for comm="imsdatadaemon" name="diag" dev="tmpfs" ino=11385 scontext=u:r:vendor_ims:s0 tcontext=u:object_r:vendor_diag_device:s0 tclass=chr_file permissive=0
01-01 08:36:55.651 1370 1370 I auditd : type=1400 audit(0.0:84): avc: denied { read write } for comm="imsdatadaemon" name="diag" dev="tmpfs" ino=11385 scontext=u:r:vendor_ims:s0 tcontext=u:object_r:vendor_diag_device:s0 tclass=chr_file permissive=0
01-01 08:36:55.651 1370 1370 I auditd : type=1400 audit(0.0:85): avc: denied { read write } for comm="imsdatadaemon" name="diag" dev="tmpfs" ino=11385 scontext=u:r:vendor_ims:s0 tcontext=u:object_r:vendor_diag_device:s0 tclass=chr_file permissive=0
01-01 08:36:55.651 1370 1370 I auditd : type=1400 audit(0.0:86): avc: denied { read write } for comm="imsdatadaemon" name="diag" dev="tmpfs" ino=11385 scontext=u:r:vendor_ims:s0 tcontext=u:object_r:vendor_diag_device:s0 tclass=chr_file permissive=0
01-01 08:36:55.651 1370 1370 I auditd : type=1400 audit(0.0:87): avc: denied { read write } for comm="imsdatadaemon" name="diag" dev="tmpfs" ino=11385 scontext=u:r:vendor_ims:s0 tcontext=u:object_r:vendor_diag_device:s0 tclass=chr_file permissive=0
01-01 08:36:55.651 1370 1370 I auditd : type=1400 audit(0.0:88): avc: denied { read write } for comm="imsdatadaemon" name="diag" dev="tmpfs" ino=11385 scontext=u:r:vendor_ims:s0 tcontext=u:object_r:vendor_diag_device:s0 tclass=chr_file permissive=0
01-01 08:36:55.651 1370 1370 I auditd : type=1400 audit(0.0:89): avc: denied { read write } for comm="imsdatadaemon" name="diag" dev="tmpfs" ino=11385 scontext=u:r:vendor_ims:s0 tcontext=u:object_r:vendor_diag_device:s0 tclass=chr_file permissive=0
01-01 08:36:55.651 1370 1370 I auditd : type=1400 audit(0.0:90): avc: denied { read write } for comm="imsdatadaemon" name="diag" dev="tmpfs" ino=11385 scontext=u:r:vendor_ims:s0 tcontext=u:object_r:vendor_diag_device:s0 tclass=chr_file permissive=0
01-01 08:36:55.651 1370 1370 I auditd : type=1400 audit(0.0:91): avc: denied { read write } for comm="imsdatadaemon" name="diag" dev="tmpfs" ino=11385 scontext=u:r:vendor_ims:s0 tcontext=u:object_r:vendor_diag_device:s0 tclass=chr_file permissive=0
01-01 08:36:55.651 1370 1370 I auditd : type=1400 audit(0.0:92): avc: denied { read write } for comm="imsdatadaemon" name="diag" dev="tmpfs" ino=11385 scontext=u:r:vendor_ims:s0 tcontext=u:object_r:vendor_diag_device:s0 tclass=chr_file permissive=0
01-01 08:36:55.651 1370 1370 I auditd : type=1400 audit(0.0:93): avc: denied { read write } for comm="imsdatadaemon" name="diag" dev="tmpfs" ino=11385 scontext=u:r:vendor_ims:s0 tcontext=u:object_r:vendor_diag_device:s0 tclass=chr_file permissive=0
01-01 08:36:55.651 1370 1370 I auditd : type=1400 audit(0.0:94): avc: denied { read write } for comm="imsdatadaemon" name="diag" dev="tmpfs" ino=11385 scontext=u:r:vendor_ims:s0 tcontext=u:object_r:vendor_diag_device:s0 tclass=chr_file permissive=0
01-01 08:36:55.651 1370 1370 I auditd : type=1400 audit(0.0:95): avc: denied { read write } for comm="imsdatadaemon" name="diag" dev="tmpfs" ino=11385 scontext=u:r:vendor_ims:s0 tcontext=u:object_r:vendor_diag_device:s0 tclass=chr_file permissive=0
01-01 08:36:55.651 1370 1370 I auditd : type=1400 audit(0.0:96): avc: denied { read write } for comm="imsdatadaemon" name="diag" dev="tmpfs" ino=11385 scontext=u:r:vendor_ims:s0 tcontext=u:object_r:vendor_diag_device:s0 tclass=chr_file permissive=0
01-01 08:36:55.651 1370 1370 I auditd : type=1400 audit(0.0:97): avc: denied { read write } for comm="imsdatadaemon" name="diag" dev="tmpfs" ino=11385 scontext=u:r:vendor_ims:s0 tcontext=u:object_r:vendor_diag_device:s0 tclass=chr_file permissive=0
01-01 08:36:55.651 1370 1370 I auditd : type=1400 audit(0.0:98): avc: denied { read write } for comm="imsdatadaemon" name="diag" dev="tmpfs" ino=11385 scontext=u:r:vendor_ims:s0 tcontext=u:object_r:vendor_diag_device:s0 tclass=chr_file permissive=0
01-01 08:36:55.651 1370 1370 I auditd : type=1400 audit(0.0:99): avc: denied { read write } for comm="imsdatadaemon" name="diag" dev="tmpfs" ino=11385 scontext=u:r:vendor_ims:s0 tcontext=u:object_r:vendor_diag_device:s0 tclass=chr_file permissive=0
01-01 08:36:55.651 1370 1370 I auditd : type=1400 audit(0.0:100): avc: denied { read write } for comm="imsdatadaemon" name="diag" dev="tmpfs" ino=11385 scontext=u:r:vendor_ims:s0 tcontext=u:object_r:vendor_diag_device:s0 tclass=chr_file permissive=0
01-01 08:36:55.651 1370 1370 I auditd : type=1400 audit(0.0:101): avc: denied { read write } for comm="imsdatadaemon" name="diag" dev="tmpfs" ino=11385 scontext=u:r:vendor_ims:s0 tcontext=u:object_r:vendor_diag_device:s0 tclass=chr_file permissive=0
01-01 08:36:55.651 1370 1370 I auditd : type=1400 audit(0.0:102): avc: denied { read write } for comm="imsdatadaemon" name="diag" dev="tmpfs" ino=11385 scontext=u:r:vendor_ims:s0 tcontext=u:object_r:vendor_diag_device:s0 tclass=chr_file permissive=0
01-01 08:36:55.651 1370 1370 I auditd : type=1400 audit(0.0:103): avc: denied { read write } for comm="imsdatadaemon" name="diag" dev="tmpfs" ino=11385 scontext=u:r:vendor_ims:s0 tcontext=u:object_r:vendor_diag_device:s0 tclass=chr_file permissive=0
01-01 08:36:55.651 1370 1370 I auditd : type=1400 audit(0.0:104): avc: denied { read write } for comm="imsdatadaemon" name="diag" dev="tmpfs" ino=11385 scontext=u:r:vendor_ims:s0 tcontext=u:object_r:vendor_diag_device:s0 tclass=chr_file permissive=0
01-01 08:36:55.651 1370 1370 I auditd : type=1400 audit(0.0:105): avc: denied { read write } for comm="imsdatadaemon" name="diag" dev="tmpfs" ino=11385 scontext=u:r:vendor_ims:s0 tcontext=u:object_r:vendor_diag_device:s0 tclass=chr_file permissive=0
01-01 08:36:55.651 1370 1370 I auditd : type=1400 audit(0.0:106): avc: denied { read write } for comm="imsdatadaemon" name="diag" dev="tmpfs" ino=11385 scontext=u:r:vendor_ims:s0 tcontext=u:object_r:vendor_diag_device:s0 tclass=chr_file permissive=0
01-01 08:36:55.651 1370 1370 I auditd : type=1400 audit(0.0:107): avc: denied { read write } for comm="imsdatadaemon" name="diag" dev="tmpfs" ino=11385 scontext=u:r:vendor_ims:s0 tcontext=u:object_r:vendor_diag_device:s0 tclass=chr_file permissive=0
01-01 08:36:55.651 1370 1370 I auditd : type=1400 audit(0.0:108): avc: denied { read write } for comm="imsdatadaemon" name="diag" dev="tmpfs" ino=11385 scontext=u:r:vendor_ims:s0 tcontext=u:object_r:vendor_diag_device:s0 tclass=chr_file permissive=0
01-01 08:36:55.651 1370 1370 I auditd : type=1400 audit(0.0:109): avc: denied { read write } for comm="imsdatadaemon" name="diag" dev="tmpfs" ino=11385 scontext=u:r:vendor_ims:s0 tcontext=u:object_r:vendor_diag_device:s0 tclass=chr_file permissive=0
01-01 08:36:55.655 1194 1194 I auditd : type=1400 audit(0.0:110): avc: denied { read write } for comm="cnd" name="diag" dev="tmpfs" ino=11385 scontext=u:r:vendor_cnd:s0 tcontext=u:object_r:vendor_diag_device:s0 tclass=chr_file permissive=0
01-01 08:36:55.655 1370 1370 I auditd : type=1400 audit(0.0:111): avc: denied { read write } for comm="imsdatadaemon" name="diag" dev="tmpfs" ino=11385 scontext=u:r:vendor_ims:s0 tcontext=u:object_r:vendor_diag_device:s0 tclass=chr_file permissive=0
01-01 08:36:55.655 1370 1370 I auditd : type=1400 audit(0.0:112): avc: denied { read write } for comm="imsdatadaemon" name="diag" dev="tmpfs" ino=11385 scontext=u:r:vendor_ims:s0 tcontext=u:object_r:vendor_diag_device:s0 tclass=chr_file permissive=0
01-01 08:36:55.655 1370 1370 I auditd : type=1400 audit(0.0:113): avc: denied { read write } for comm="imsdatadaemon" name="diag" dev="tmpfs" ino=11385 scontext=u:r:vendor_ims:s0 tcontext=u:object_r:vendor_diag_device:s0 tclass=chr_file permissive=0
01-01 08:36:55.667 972 972 I auditd : type=1400 audit(0.0:114): avc: denied { read write } for comm="sensors.qti" name="diag" dev="tmpfs" ino=11385 scontext=u:r:vendor_sensors_qti:s0 tcontext=u:object_r:vendor_diag_device:s0 tclass=chr_file permissive=0
01-01 08:36:55.799 1504 1504 I auditd : type=1400 audit(0.0:115): avc: denied { read } for comm="ip" name="rt_tables" dev="dm-10" ino=341 scontext=u:r:ethernet:s0 tcontext=u:object_r:net_data_file:s0 tclass=file permissive=0
01-01 08:36:55.807 1507 1507 I auditd : type=1400 audit(0.0:116): avc: denied { read } for comm="ip" name="rt_tables" dev="dm-10" ino=341 scontext=u:r:ethernet:s0 tcontext=u:object_r:net_data_file:s0 tclass=file permissive=0
01-01 08:36:55.867 972 972 I auditd : type=1400 audit(0.0:117): avc: denied { read write } for comm="sensors.qti" name="diag" dev="tmpfs" ino=11385 scontext=u:r:vendor_sensors_qti:s0 tcontext=u:object_r:vendor_diag_device:s0 tclass=chr_file permissive=0
01-01 08:36:55.935 1542 1542 I auditd : type=1400 audit(0.0:118): avc: denied { getattr } for comm="hvdcp_opti" path="/dev/kmsg" dev="tmpfs" ino=14359 scontext=u:r:vendor_hvdcp:s0 tcontext=u:object_r:kmsg_device:s0 tclass=chr_file permissive=0
01-01 08:36:55.935 1542 1542 I auditd : type=1400 audit(0.0:119): avc: denied { write } for comm="hvdcp_opti" name="kmsg" dev="tmpfs" ino=14359 scontext=u:r:vendor_hvdcp:s0 tcontext=u:object_r:kmsg_device:s0 tclass=chr_file permissive=0
01-01 08:36:55.935 1542 1542 I auditd : type=1400 audit(0.0:120): avc: denied { read } for comm="hvdcp_opti" name="devices" dev="sysfs" ino=46854 scontext=u:r:vendor_hvdcp:s0 tcontext=u:object_r:sysfs:s0 tclass=dir permissive=0
01-01 08:36:55.939 1543 1543 I auditd : type=1400 audit(0.0:121): avc: denied { read } for comm="ip" name="rt_tables" dev="dm-10" ino=341 scontext=u:r:ethernet:s0 tcontext=u:object_r:net_data_file:s0 tclass=file permissive=0
01-01 08:36:55.943 1545 1545 I auditd : type=1400 audit(0.0:122): avc: denied { read } for comm="ip" name="rt_tables" dev="dm-10" ino=341 scontext=u:r:ethernet:s0 tcontext=u:object_r:net_data_file:s0 tclass=file permissive=0
01-01 08:36:56.023 1317 1317 I auditd : type=1400 audit(0.0:123): avc: denied { read write } for comm="qfp-daemon" name="diag" dev="tmpfs" ino=11385 scontext=u:r:vendor_qfp-daemon:s0 tcontext=u:object_r:vendor_diag_device:s0 tclass=chr_file permissive=0
01-01 08:36:56.027 1569 1569 I auditd : type=1400 audit(0.0:124): avc: denied { read } for comm="ip" name="rt_tables" dev="dm-10" ino=341 scontext=u:r:ethernet:s0 tcontext=u:object_r:net_data_file:s0 tclass=file permissive=0
01-01 08:36:56.035 1572 1572 I auditd : type=1400 audit(0.0:125): avc: denied { read } for comm="ip" name="rt_tables" dev="dm-10" ino=341 scontext=u:r:ethernet:s0 tcontext=u:object_r:net_data_file:s0 tclass=file permissive=0
01-01 08:36:56.067 972 972 I auditd : type=1400 audit(0.0:126): avc: denied { read write } for comm="sensors.qti" name="diag" dev="tmpfs" ino=11385 scontext=u:r:vendor_sensors_qti:s0 tcontext=u:object_r:vendor_diag_device:s0 tclass=chr_file permissive=0
01-01 08:36:56.078 1443 1443 I system_server_start: [1,11679,11679]
01-01 08:36:56.078 1443 1443 I boot_progress_system_run: 11680
01-01 08:36:56.107 1595 1595 I auditd : type=1400 audit(0.0:127): avc: denied { read } for comm="ip" name="rt_tables" dev="dm-10" ino=341 scontext=u:r:ethernet:s0 tcontext=u:object_r:net_data_file:s0 tclass=file permissive=0
01-01 08:36:56.111 1596 1596 I auditd : type=1400 audit(0.0:128): avc: denied { read } for comm="ip" name="rt_tables" dev="dm-10" ino=341 scontext=u:r:ethernet:s0 tcontext=u:object_r:net_data_file:s0 tclass=file permissive=0
01-01 08:36:56.179 1610 1610 I auditd : type=1400 audit(0.0:129): avc: denied { read } for comm="ip" name="rt_tables" dev="dm-10" ino=341 scontext=u:r:ethernet:s0 tcontext=u:object_r:net_data_file:s0 tclass=file permissive=0
01-01 08:36:56.183 1611 1611 I auditd : type=1400 audit(0.0:130): avc: denied { read } for comm="ip" name="rt_tables" dev="dm-10" ino=341 scontext=u:r:ethernet:s0 tcontext=u:object_r:net_data_file:s0 tclass=file permissive=0
01-01 08:36:56.255 1625 1625 I auditd : type=1400 audit(0.0:131): avc: denied { read } for comm="ip" name="rt_tables" dev="dm-10" ino=341 scontext=u:r:ethernet:s0 tcontext=u:object_r:net_data_file:s0 tclass=file permissive=0
01-01 08:36:56.263 1626 1626 I auditd : type=1400 audit(0.0:132): avc: denied { read } for comm="ip" name="rt_tables" dev="dm-10" ino=341 scontext=u:r:ethernet:s0 tcontext=u:object_r:net_data_file:s0 tclass=file permissive=0
01-01 08:36:56.263 1198 1198 I auditd : type=1400 audit(0.0:133): avc: denied { write } for comm="sh" name="ip_forward" dev="proc" ino=13071 scontext=u:r:ethernet:s0 tcontext=u:object_r:proc_net:s0 tclass=file permissive=0
01-01 08:36:56.263 1198 1198 I auditd : type=1400 audit(0.0:134): avc: denied { write } for comm="sh" name="ip_default_ttl" dev="proc" ino=26043 scontext=u:r:ethernet:s0 tcontext=u:object_r:proc_net:s0 tclass=file permissive=0
01-01 08:36:56.263 1198 1198 I auditd : type=1400 audit(0.0:135): avc: denied { write } for comm="sh" name="tcp_keepalive_probes" dev="proc" ino=26044 scontext=u:r:ethernet:s0 tcontext=u:object_r:proc_net:s0 tclass=file permissive=0
01-01 08:36:56.263 1198 1198 I auditd : type=1400 audit(0.0:136): avc: denied { write } for comm="sh" name="tcp_keepalive_intvl" dev="proc" ino=26045 scontext=u:r:ethernet:s0 tcontext=u:object_r:proc_net:s0 tclass=file permissive=0
01-01 08:36:56.263 1198 1198 I auditd : type=1400 audit(0.0:137): avc: denied { write } for comm="sh" name="tcp_keepalive_time" dev="proc" ino=26046 scontext=u:r:ethernet:s0 tcontext=u:object_r:proc_net:s0 tclass=file permissive=0
01-01 08:36:56.263 1198 1198 I auditd : type=1400 audit(0.0:138): avc: denied { write } for comm="sh" name="tcp_rmem" dev="proc" ino=26047 scontext=u:r:ethernet:s0 tcontext=u:object_r:proc_net:s0 tclass=file permissive=0
01-01 08:36:56.263 1198 1198 I auditd : type=1400 audit(0.0:139): avc: denied { write } for comm="sh" name="tcp_wmem" dev="proc" ino=26048 scontext=u:r:ethernet:s0 tcontext=u:object_r:proc_net:s0 tclass=file permissive=0
01-01 08:36:56.263 1198 1198 I auditd : type=1400 audit(0.0:140): avc: denied { write } for comm="sh" name="tcp_synack_retries" dev="proc" ino=19394 scontext=u:r:ethernet:s0 tcontext=u:object_r:proc_net:s0 tclass=file permissive=0
01-01 08:36:56.263 1198 1198 I auditd : type=1400 audit(0.0:141): avc: denied { write } for comm="sh" name="tcp_syn_retries" dev="proc" ino=19393 scontext=u:r:ethernet:s0 tcontext=u:object_r:proc_net:s0 tclass=file permissive=0
01-01 08:36:56.263 1198 1198 I auditd : type=1400 audit(0.0:142): avc: denied { write } for comm="sh" name="tcp_max_tw_buckets" dev="proc" ino=26049 scontext=u:r:ethernet:s0 tcontext=u:object_r:proc_net:s0 tclass=file permissive=0
01-01 08:36:56.263 1198 1198 I auditd : type=1400 audit(0.0:143): avc: denied { write } for comm="sh" name="tcp_retries2" dev="proc" ino=19396 scontext=u:r:ethernet:s0 tcontext=u:object_r:proc_net:s0 tclass=file permissive=0
01-01 08:36:56.263 1198 1198 I auditd : type=1400 audit(0.0:144): avc: denied { write } for comm="sh" name="icmp_echo_ignore_all" dev="proc" ino=26050 scontext=u:r:ethernet:s0 tcontext=u:object_r:proc_net:s0 tclass=file permissive=0
01-01 08:36:56.263 1198 1198 I auditd : type=1400 audit(0.0:145): avc: denied { write } for comm="sh" name="icmp_echo_ignore_broadcasts" dev="proc" ino=26051 scontext=u:r:ethernet:s0 tcontext=u:object_r:proc_net:s0 tclass=file permissive=0
01-01 08:36:56.263 1198 1198 I auditd : type=1400 audit(0.0:146): avc: denied { write } for comm="sh" name="tcp_window_scaling" dev="proc" ino=26052 scontext=u:r:ethernet:s0 tcontext=u:object_r:proc_net:s0 tclass=file permissive=0
01-01 08:36:56.263 1198 1198 I auditd : type=1400 audit(0.0:147): avc: denied { write } for comm="sh" name="drop_gratuitous_arp" dev="proc" ino=26053 scontext=u:r:ethernet:s0 tcontext=u:object_r:proc_net:s0 tclass=file permissive=0
01-01 08:36:56.263 1198 1198 I auditd : type=1400 audit(0.0:148): avc: denied { write } for comm="sh" name="arp_accept" dev="proc" ino=26054 scontext=u:r:ethernet:s0 tcontext=u:object_r:proc_net:s0 tclass=file permissive=0
01-01 08:36:56.263 1198 1198 I auditd : type=1400 audit(0.0:149): avc: denied { write } for comm="sh" name="arp_notify" dev="proc" ino=26055 scontext=u:r:ethernet:s0 tcontext=u:object_r:proc_net:s0 tclass=file permissive=0
01-01 08:36:56.263 1198 1198 I auditd : type=1400 audit(0.0:150): avc: denied { write } for comm="sh" name="arp_ignore" dev="proc" ino=26056 scontext=u:r:ethernet:s0 tcontext=u:object_r:proc_net:s0 tclass=file permissive=0
01-01 08:36:56.267 972 972 I auditd : type=1400 audit(0.0:151): avc: denied { read write } for comm="sensors.qti" name="diag" dev="tmpfs" ino=11385 scontext=u:r:vendor_sensors_qti:s0 tcontext=u:object_r:vendor_diag_device:s0 tclass=chr_file permissive=0
01-01 08:36:56.435 564 564 I auditd : type=1400 audit(0.0:152): avc: denied { read } for comm="Binder:564_2" name="wakeup58" dev="sysfs" ino=71732 scontext=u:r:system_suspend:s0 tcontext=u:object_r:sysfs:s0 tclass=dir permissive=0
01-01 08:36:56.435 564 564 I auditd : type=1400 audit(0.0:153): avc: denied { read } for comm="Binder:564_2" name="wakeup48" dev="sysfs" ino=67421 scontext=u:r:system_suspend:s0 tcontext=u:object_r:sysfs:s0 tclass=dir permissive=0
01-01 08:36:56.435 564 564 I auditd : type=1400 audit(0.0:154): avc: denied { read } for comm="Binder:564_2" name="wakeup4" dev="sysfs" ino=47028 scontext=u:r:system_suspend:s0 tcontext=u:object_r:sysfs:s0 tclass=dir permissive=0
01-01 08:36:56.435 564 564 I auditd : type=1400 audit(0.0:155): avc: denied { read } for comm="Binder:564_2" name="wakeup76" dev="sysfs" ino=76891 scontext=u:r:system_suspend:s0 tcontext=u:object_r:sysfs:s0 tclass=dir permissive=0
01-01 08:36:56.435 564 564 I auditd : type=1400 audit(0.0:156): avc: denied { read } for comm="Binder:564_2" name="wakeup28" dev="sysfs" ino=53233 scontext=u:r:system_suspend:s0 tcontext=u:object_r:sysfs:s0 tclass=dir permissive=0
01-01 08:36:56.435 564 564 I auditd : type=1400 audit(0.0:157): avc: denied { read } for comm="Binder:564_2" name="wakeup56" dev="sysfs" ino=71660 scontext=u:r:system_suspend:s0 tcontext=u:object_r:sysfs:s0 tclass=dir permissive=0
01-01 08:36:56.435 564 564 I auditd : type=1400 audit(0.0:158): avc: denied { read } for comm="Binder:564_2" name="wakeup2" dev="sysfs" ino=46552 scontext=u:r:system_suspend:s0 tcontext=u:object_r:sysfs:s0 tclass=dir permissive=0
01-01 08:36:56.435 564 564 I auditd : type=1400 audit(0.0:159): avc: denied { read } for comm="Binder:564_2" name="wakeup36" dev="sysfs" ino=62465 scontext=u:r:system_suspend:s0 tcontext=u:object_r:sysfs:s0 tclass=dir permissive=0
01-01 08:36:56.435 564 564 I auditd : type=1400 audit(0.0:160): avc: denied { read } for comm="Binder:564_2" name="wakeup54" dev="sysfs" ino=71588 scontext=u:r:system_suspend:s0 tcontext=u:object_r:sysfs:s0 tclass=dir permissive=0
01-01 08:36:56.435 564 564 I auditd : type=1400 audit(0.0:161): avc: denied { read } for comm="Binder:564_2" name="wakeup44" dev="sysfs" ino=66271 scontext=u:r:system_suspend:s0 tcontext=u:object_r:sysfs:s0 tclass=dir permissive=0
01-01 08:36:56.439 564 564 I auditd : type=1400 audit(0.0:162): avc: denied { read } for comm="Binder:564_2" name="wakeup0" dev="sysfs" ino=43760 scontext=u:r:system_suspend:s0 tcontext=u:object_r:sysfs:s0 tclass=dir permissive=0
01-01 08:36:56.439 564 564 I auditd : type=1400 audit(0.0:163): avc: denied { read } for comm="Binder:564_2" name="wakeup62" dev="sysfs" ino=71888 scontext=u:r:system_suspend:s0 tcontext=u:object_r:sysfs:s0 tclass=dir permissive=0
01-01 08:36:56.439 564 564 I auditd : type=1400 audit(0.0:164): avc: denied { read } for comm="Binder:564_2" name="wakeup52" dev="sysfs" ino=71516 scontext=u:r:system_suspend:s0 tcontext=u:object_r:sysfs:s0 tclass=dir permissive=0
01-01 08:36:56.439 564 564 I auditd : type=1400 audit(0.0:165): avc: denied { read } for comm="Binder:564_2" name="wakeup9" dev="sysfs" ino=52217 scontext=u:r:system_suspend:s0 tcontext=u:object_r:sysfs:s0 tclass=dir permissive=0
01-01 08:36:56.439 564 564 I auditd : type=1400 audit(0.0:166): avc: denied { read } for comm="Binder:564_2" name="wakeup32" dev="sysfs" ino=53623 scontext=u:r:system_suspend:s0 tcontext=u:object_r:sysfs:s0 tclass=dir permissive=0
01-01 08:36:56.439 564 564 I auditd : type=1400 audit(0.0:167): avc: denied { read } for comm="Binder:564_2" name="wakeup60" dev="sysfs" ino=71816 scontext=u:r:system_suspend:s0 tcontext=u:object_r:sysfs:s0 tclass=dir permissive=0
01-01 08:36:56.439 564 564 I auditd : type=1400 audit(0.0:168): avc: denied { read } for comm="Binder:564_2" name="wakeup50" dev="sysfs" ino=71444 scontext=u:r:system_suspend:s0 tcontext=u:object_r:sysfs:s0 tclass=dir permissive=0
01-01 08:36:56.439 564 564 I auditd : type=1400 audit(0.0:169): avc: denied { read } for comm="Binder:564_2" name="wakeup7" dev="sysfs" ino=52129 scontext=u:r:system_suspend:s0 tcontext=u:object_r:sysfs:s0 tclass=dir permissive=0
01-01 08:36:56.439 564 564 I auditd : type=1400 audit(0.0:170): avc: denied { read } for comm="Binder:564_2" name="wakeup40" dev="sysfs" ino=63134 scontext=u:r:system_suspend:s0 tcontext=u:object_r:sysfs:s0 tclass=dir permissive=0
01-01 08:36:56.439 564 564 I auditd : type=1400 audit(0.0:171): avc: denied { read } for comm="Binder:564_2" name="wakeup30" dev="sysfs" ino=53444 scontext=u:r:system_suspend:s0 tcontext=u:object_r:sysfs:s0 tclass=dir permissive=0
01-01 08:36:56.439 564 564 I auditd : type=1400 audit(0.0:172): avc: denied { read } for comm="Binder:564_2" name="wakeup59" dev="sysfs" ino=71780 scontext=u:r:system_suspend:s0 tcontext=u:object_r:sysfs:s0 tclass=dir permissive=0
01-01 08:36:56.439 564 564 I auditd : type=1400 audit(0.0:173): avc: denied { read } for comm="Binder:564_2" name="wakeup5" dev="sysfs" ino=47060 scontext=u:r:system_suspend:s0 tcontext=u:object_r:sysfs:s0 tclass=dir permissive=0
01-01 08:36:56.439 564 564 I auditd : type=1400 audit(0.0:174): avc: denied { read } for comm="Binder:564_2" name="wakeup77" dev="sysfs" ino=76942 scontext=u:r:system_suspend:s0 tcontext=u:object_r:sysfs:s0 tclass=dir permissive=0
01-01 08:36:56.439 564 564 I auditd : type=1400 audit(0.0:175): avc: denied { read } for comm="Binder:564_2" name="wakeup39" dev="sysfs" ino=63098 scontext=u:r:system_suspend:s0 tcontext=u:object_r:sysfs:s0 tclass=dir permissive=0
01-01 08:36:56.439 564 564 I auditd : type=1400 audit(0.0:176): avc: denied { read } for comm="Binder:564_2" name="wakeup29" dev="sysfs" ino=53342 scontext=u:r:system_suspend:s0 tcontext=u:object_r:sysfs:s0 tclass=dir permissive=0
01-01 08:36:56.439 564 564 I auditd : type=1400 audit(0.0:177): avc: denied { read } for comm="Binder:564_2" name="wakeup57" dev="sysfs" ino=71696 scontext=u:r:system_suspend:s0 tcontext=u:object_r:sysfs:s0 tclass=dir permissive=0
01-01 08:36:56.439 564 564 I auditd : type=1400 audit(0.0:178): avc: denied { read } for comm="Binder:564_2" name="wakeup19" dev="sysfs" ino=52662 scontext=u:r:system_suspend:s0 tcontext=u:object_r:sysfs:s0 tclass=dir permissive=0
01-01 08:36:56.439 564 564 I auditd : type=1400 audit(0.0:179): avc: denied { read } for comm="Binder:564_2" name="wakeup75" dev="sysfs" ino=76827 scontext=u:r:system_suspend:s0 tcontext=u:object_r:sysfs:s0 tclass=dir permissive=0
01-01 08:36:56.439 564 564 I auditd : type=1400 audit(0.0:180): avc: denied { read } for comm="Binder:564_2" name="wakeup37" dev="sysfs" ino=62501 scontext=u:r:system_suspend:s0 tcontext=u:object_r:sysfs:s0 tclass=dir permissive=0
01-01 08:36:56.439 564 564 I auditd : type=1400 audit(0.0:181): avc: denied { read } for comm="Binder:564_2" name="wakeup27" dev="sysfs" ino=53199 scontext=u:r:system_suspend:s0 tcontext=u:object_r:sysfs:s0 tclass=dir permissive=0
01-01 08:36:56.439 564 564 I auditd : type=1400 audit(0.0:182): avc: denied { read } for comm="Binder:564_2" name="wakeup55" dev="sysfs" ino=71624 scontext=u:r:system_suspend:s0 tcontext=u:object_r:sysfs:s0 tclass=dir permissive=0
01-01 08:36:56.439 564 564 I auditd : type=1400 audit(0.0:183): avc: denied { read } for comm="Binder:564_2" name="wakeup17" dev="sysfs" ino=52586 scontext=u:r:system_suspend:s0 tcontext=u:object_r:sysfs:s0 tclass=dir permissive=0
01-01 08:36:56.439 564 564 I auditd : type=1400 audit(0.0:184): avc: denied { read } for comm="Binder:564_2" name="wakeup1" dev="sysfs" ino=43788 scontext=u:r:system_suspend:s0 tcontext=u:object_r:sysfs:s0 tclass=dir permissive=0
01-01 08:36:56.439 564 564 I auditd : type=1400 audit(0.0:185): avc: denied { read } for comm="Binder:564_2" name="wakeup63" dev="sysfs" ino=71924 scontext=u:r:system_suspend:s0 tcontext=u:object_r:sysfs:s0 tclass=dir permissive=0
01-01 08:36:56.439 564 564 I auditd : type=1400 audit(0.0:186): avc: denied { read } for comm="Binder:564_2" name="wakeup25" dev="sysfs" ino=52996 scontext=u:r:system_suspend:s0 tcontext=u:object_r:sysfs:s0 tclass=dir permissive=0
01-01 08:36:56.439 564 564 I auditd : type=1400 audit(0.0:187): avc: denied { read } for comm="Binder:564_2" name="wakeup53" dev="sysfs" ino=71552 scontext=u:r:system_suspend:s0 tcontext=u:object_r:sysfs:s0 tclass=dir permissive=0
01-01 08:36:56.439 564 564 I auditd : type=1400 audit(0.0:188): avc: denied { read } for comm="Binder:564_2" name="wakeup15" dev="sysfs" ino=52486 scontext=u:r:system_suspend:s0 tcontext=u:object_r:sysfs:s0 tclass=dir permissive=0
01-01 08:36:56.439 564 564 I auditd : type=1400 audit(0.0:189): avc: denied { read } for comm="Binder:564_2" name="wakeup43" dev="sysfs" ino=66253 scontext=u:r:system_suspend:s0 tcontext=u:object_r:sysfs:s0 tclass=dir permissive=0
01-01 08:36:56.439 564 564 I auditd : type=1400 audit(0.0:190): avc: denied { read } for comm="Binder:564_2" name="wakeup33" dev="sysfs" ino=57102 scontext=u:r:system_suspend:s0 tcontext=u:object_r:sysfs:s0 tclass=dir permissive=0
01-01 08:36:56.439 564 564 I auditd : type=1400 audit(0.0:191): avc: denied { read } for comm="Binder:564_2" name="wakeup61" dev="sysfs" ino=71852 scontext=u:r:system_suspend:s0 tcontext=u:object_r:sysfs:s0 tclass=dir permissive=0
01-01 08:36:56.439 564 564 I auditd : type=1400 audit(0.0:192): avc: denied { read } for comm="Binder:564_2" name="wakeup23" dev="sysfs" ino=52897 scontext=u:r:system_suspend:s0 tcontext=u:object_r:sysfs:s0 tclass=dir permissive=0
01-01 08:36:56.439 564 564 I auditd : type=1400 audit(0.0:193): avc: denied { read } for comm="Binder:564_2" name="wakeup51" dev="sysfs" ino=71480 scontext=u:r:system_suspend:s0 tcontext=u:object_r:sysfs:s0 tclass=dir permissive=0
01-01 08:36:56.439 564 564 I auditd : type=1400 audit(0.0:194): avc: denied { read } for comm="Binder:564_2" name="wakeup8" dev="sysfs" ino=52155 scontext=u:r:system_suspend:s0 tcontext=u:object_r:sysfs:s0 tclass=dir permissive=0
01-01 08:36:56.439 564 564 I auditd : type=1400 audit(0.0:195): avc: denied { read } for comm="Binder:564_2" name="wakeup13" dev="sysfs" ino=52378 scontext=u:r:system_suspend:s0 tcontext=u:object_r:sysfs:s0 tclass=dir permissive=0
01-01 08:36:56.439 564 564 I auditd : type=1400 audit(0.0:196): avc: denied { read } for comm="Binder:564_2" name="wakeup41" dev="sysfs" ino=63781 scontext=u:r:system_suspend:s0 tcontext=u:object_r:sysfs:s0 tclass=dir permissive=0
01-01 08:36:56.439 564 564 I auditd : type=1400 audit(0.0:197): avc: denied { read } for comm="Binder:564_2" name="wakeup31" dev="sysfs" ino=53501 scontext=u:r:system_suspend:s0 tcontext=u:object_r:sysfs:s0 tclass=dir permissive=0
01-01 08:36:56.439 564 564 I auditd : type=1400 audit(0.0:198): avc: denied { read } for comm="Binder:564_2" name="wakeup21" dev="sysfs" ino=52737 scontext=u:r:system_suspend:s0 tcontext=u:object_r:sysfs:s0 tclass=dir permissive=0
01-01 08:36:56.439 564 564 I auditd : type=1400 audit(0.0:199): avc: denied { read } for comm="Binder:564_2" name="wakeup6" dev="sysfs" ino=52103 scontext=u:r:system_suspend:s0 tcontext=u:object_r:sysfs:s0 tclass=dir permissive=0
01-01 08:36:56.439 564 564 I auditd : type=1400 audit(0.0:200): avc: denied { read } for comm="Binder:564_2" name="wakeup11" dev="sysfs" ino=52293 scontext=u:r:system_suspend:s0 tcontext=u:object_r:sysfs:s0 tclass=dir permissive=0
01-01 08:36:56.446 1443 1637 I commit_sys_config_file: [batterystats,1]
01-01 08:36:56.446 1443 1637 I commit_sys_config_file: [batterystats,0]
01-01 08:36:56.467 972 972 I auditd : type=1400 audit(0.0:201): avc: denied { read write } for comm="sensors.qti" name="diag" dev="tmpfs" ino=11385 scontext=u:r:vendor_sensors_qti:s0 tcontext=u:object_r:vendor_diag_device:s0 tclass=chr_file permissive=0
01-01 08:36:56.475 1443 1443 I rescue_note: [0,1,12077]
01-01 08:36:56.488 1443 1631 I commit_sys_config_file: [display-state,0]
01-01 08:36:56.492 1443 1631 I am_wtf : [0,1443,system_server,-1,DisplayDeviceConfig,requesting nits when no mapping exists.]
01-01 08:36:56.492 1443 1631 I am_wtf : [0,1443,system_server,-1,DisplayDeviceConfig,requesting nits when no mapping exists.]
01-01 08:36:56.499 1443 1443 I boot_progress_pms_start: 12101
01-01 08:36:56.514 1443 1443 I pm_critical_info: No settings file; creating initial state
01-01 08:36:56.515 1443 1443 I boot_progress_pms_system_scan_start: 12117
01-01 08:36:56.570 1443 1443 I pm_critical_info: Adding duplicate shared id: 1000 name=android
01-01 08:36:56.590 1443 1443 I pm_critical_info: Adding duplicate app id: 10019 name=com.android.providers.calendar
01-01 08:36:56.596 1443 1443 I pm_critical_info: Adding duplicate shared id: 1073 name=com.android.networkstack.permissionconfig
01-01 08:36:56.603 1443 1443 I pm_critical_info: Adding duplicate shared id: 1000 name=com.android.providers.settings
01-01 08:36:56.606 1443 1443 I pm_critical_info: Adding duplicate app id: 10022 name=com.android.providers.downloads.ui
01-01 08:36:56.610 1443 1443 I pm_critical_info: Adding duplicate app id: 10022 name=com.android.providers.downloads
01-01 08:36:56.612 1443 1443 I pm_critical_info: Adding duplicate app id: 10024 name=com.android.providers.contacts
