01-01 08:36:56.614 1443 1443 I pm_critical_info: Adding duplicate shared id: 1000 name=com.android.location.fused
01-01 08:36:56.616 1443 1443 I pm_critical_info: Adding duplicate shared id: 1073 name=com.android.networkstack
01-01 08:36:56.621 1443 1443 I pm_critical_info: Adding duplicate app id: 10022 name=com.android.soundpicker
01-01 08:36:56.631 1443 1443 I pm_critical_info: Adding duplicate shared id: 1000 name=com.android.dynsystem
01-01 08:36:56.635 1443 1443 I pm_critical_info: Adding duplicate app id: 10024 name=com.android.providers.userdictionary
01-01 08:36:56.639 1443 1443 I pm_critical_info: Adding duplicate shared id: 1000 name=com.thundercomm.tcservice
01-01 08:36:56.643 800 866 I liblog : 33
01-01 08:36:56.667 972 972 I auditd : type=1400 audit(0.0:202): avc: denied { read write } for comm="sensors.qti" name="diag" dev="tmpfs" ino=11385 scontext=u:r:vendor_sensors_qti:s0 tcontext=u:object_r:vendor_diag_device:s0 tclass=chr_file permissive=0
01-01 08:36:56.684 1443 1443 I pm_critical_info: Adding duplicate shared id: 1000 name=com.android.localtransport
01-01 08:36:56.685 1443 1443 I pm_critical_info: Adding duplicate shared id: 1000 name=com.thundercomm.mcuupgrade
01-01 08:36:56.690 1443 1443 I pm_critical_info: Adding duplicate app id: 10022 name=com.android.providers.media
01-01 08:36:56.693 1443 1443 I pm_critical_info: Adding duplicate shared id: 2000 name=com.android.shell
01-01 08:36:56.694 1443 1443 I pm_critical_info: Adding duplicate app id: 10022 name=com.android.mtp
01-01 08:36:56.696 1443 1443 I pm_critical_info: Adding duplicate shared id: 1000 name=com.android.server.telecom
01-01 08:36:56.697 1443 1443 I pm_critical_info: Adding duplicate shared id: 1000 name=com.android.inputdevices
01-01 08:36:56.871 972 972 I auditd : type=1400 audit(0.0:203): avc: denied { read write } for comm="sensors.qti" name="diag" dev="tmpfs" ino=11385 scontext=u:r:vendor_sensors_qti:s0 tcontext=u:object_r:vendor_diag_device:s0 tclass=chr_file permissive=0
01-01 08:36:57.071 972 972 I auditd : type=1400 audit(0.0:204): avc: denied { read write } for comm="sensors.qti" name="diag" dev="tmpfs" ino=11385 scontext=u:r:vendor_sensors_qti:s0 tcontext=u:object_r:vendor_diag_device:s0 tclass=chr_file permissive=0
01-01 08:36:57.271 972 972 I auditd : type=1400 audit(0.0:205): avc: denied { read write } for comm="sensors.qti" name="diag" dev="tmpfs" ino=11385 scontext=u:r:vendor_sensors_qti:s0 tcontext=u:object_r:vendor_diag_device:s0 tclass=chr_file permissive=0
01-01 08:36:57.287 1443 1443 I pm_critical_info: Adding duplicate shared id: 1068 name=com.android.se
01-01 08:36:57.302 1443 1443 I pm_critical_info: Adding duplicate shared id: 1002 name=com.android.bluetooth
01-01 08:36:57.310 1443 1443 I pm_critical_info: Adding duplicate shared id: 1001 name=com.android.stk
01-01 08:36:57.313 1443 1443 I pm_critical_info: Adding duplicate shared id: 1000 name=com.android.wallpaperbackup
01-01 08:36:57.315 1443 1443 I service_manager_stats: [100,46,12917]
01-01 08:36:57.319 1443 1443 I pm_critical_info: Adding duplicate shared id: 1000 name=com.thundercomm.tchttpserver
01-01 08:36:57.321 1443 1443 I pm_critical_info: Adding duplicate shared id: 1000 name=com.android.keychain
01-01 08:36:57.324 1443 1443 I pm_critical_info: Adding duplicate shared id: 1000 name=com.tc.logclient
01-01 08:36:57.331 800 800 I auditd : type=1400 audit(0.0:206): avc: denied { read write } for comm="audio.service" name="diag" dev="tmpfs" ino=11385 scontext=u:r:hal_audio_default:s0 tcontext=u:object_r:vendor_diag_device:s0 tclass=chr_file permissive=0
01-01 08:36:57.339 1443 1443 I pm_critical_info: Adding duplicate app id: 10057 name=vendor.qti.hardware.cacert.server
01-01 08:36:57.340 1443 1443 I pm_critical_info: Adding duplicate app id: 10057 name=vendor.qti.iwlan
01-01 08:36:57.391 1443 1443 I pm_critical_info: Adding duplicate shared id: 1000 name=com.thundercomm.gamemode
01-01 08:36:57.393 1443 1443 I pm_critical_info: Adding duplicate shared id: 1001 name=com.qti.dpmserviceapp
01-01 08:36:57.395 1443 1443 I pm_critical_info: Adding duplicate app id: 10074 name=com.qualcomm.location.XT
01-01 08:36:57.399 1443 1443 I pm_critical_info: Adding duplicate app id: 10076 name=com.android.emergency
01-01 08:36:57.420 1443 1443 I pm_critical_info: Adding duplicate shared id: 1000 name=com.qualcomm.qti.xrvd.service
01-01 08:36:57.447 1443 1443 I pm_critical_info: Adding duplicate app id: 10082 name=com.android.systemui
01-01 08:36:57.471 972 972 I auditd : type=1400 audit(0.0:207): avc: denied { read write } for comm="sensors.qti" name="diag" dev="tmpfs" ino=11385 scontext=u:r:vendor_sensors_qti:s0 tcontext=u:object_r:vendor_diag_device:s0 tclass=chr_file permissive=0
01-01 08:36:57.521 1443 1443 I pm_critical_info: Adding duplicate shared id: 1000 name=com.android.settings
01-01 08:36:57.527 1443 1443 I pm_critical_info: Adding duplicate shared id: 1001 name=com.qualcomm.qti.uceShimService
01-01 08:36:57.535 1443 1443 I pm_critical_info: Adding duplicate shared id: 1000 name=com.thundercomm.microservice
01-01 08:36:57.538 1443 1443 I pm_critical_info: Adding duplicate shared id: 1027 name=com.android.nfc
01-01 08:36:57.542 1443 1443 I pm_critical_info: Adding duplicate shared id: 1000 name=com.qualcomm.qti.qdma
01-01 08:36:57.544 1443 1443 I pm_critical_info: Adding duplicate shared id: 1000 name=com.qti.diagservices
01-01 08:36:57.551 1443 1443 I pm_critical_info: Adding duplicate shared id: 1000 name=com.thundercomm.tcsetupWizard
01-01 08:36:57.553 1443 1443 I pm_critical_info: Adding duplicate shared id: 1000 name=com.thundercomm.remotecontrolservice
01-01 08:36:57.557 1443 1443 I pm_critical_info: Adding duplicate shared id: 1000 name=com.qti.snapdragon.qdcm_ff
01-01 08:36:57.558 1443 1443 I pm_critical_info: Adding duplicate shared id: 1001 name=com.qualcomm.qti.dynamicddsservice
01-01 08:36:57.559 1443 1443 I pm_critical_info: Adding duplicate shared id: 1000 name=vendor.qti.qesdk.sysservice
01-01 08:36:57.561 1443 1443 I pm_critical_info: Adding duplicate shared id: 1000 name=com.thundercomm.microsettings
01-01 08:36:57.577 1443 1443 I pm_critical_info: Adding duplicate shared id: 1073 name=com.android.networkstack.tethering
01-01 08:36:57.608 1443 1443 I boot_progress_pms_data_scan_start: 13210
01-01 08:36:57.610 1443 1443 I boot_progress_pms_scan_end: 13212
01-01 08:36:57.668 1443 1443 I commit_sys_config_file: [package-user-0,1]
01-01 08:36:57.668 1443 1443 I commit_sys_config_file: [package,15]
01-01 08:36:57.668 1443 1443 I boot_progress_pms_ready: 13270
01-01 08:36:57.671 972 972 I auditd : type=1400 audit(0.0:208): avc: denied { read write } for comm="sensors.qti" name="diag" dev="tmpfs" ino=11385 scontext=u:r:vendor_sensors_qti:s0 tcontext=u:object_r:vendor_diag_device:s0 tclass=chr_file permissive=0
01-01 08:36:57.678 1443 1443 I am_uid_running: 1000
01-01 08:36:57.679 1443 1443 I am_uid_active: 1000
01-01 08:36:57.709 1443 1443 I commit_sys_config_file: [overlays,0]
01-01 08:36:57.770 1443 1636 I battery_status: [1,1,0,0,]
01-01 08:36:57.820 1443 1443 I commit_sys_config_file: [settings-1-0,0]
01-01 08:36:57.821 1443 1443 I commit_sys_config_file: [settings-2-0,0]
01-01 08:36:57.823 1443 1443 I commit_sys_config_file: [settings-0-0,1]
01-01 08:36:57.824 1443 1443 I commit_sys_config_file: [settings-0-0,1]
01-01 08:36:57.824 1443 1443 I commit_sys_config_file: [settings-2-0,0]
01-01 08:36:57.824 1443 1443 I commit_sys_config_file: [settings-1-0,0]
01-01 08:36:57.827 1443 1443 I commit_sys_config_file: [overlays,119]
11-10 04:31:26.019 972 972 I auditd : type=1400 audit(0.0:209): avc: denied { read write } for comm="sensors.qti" name="diag" dev="tmpfs" ino=11385 scontext=u:r:vendor_sensors_qti:s0 tcontext=u:object_r:vendor_diag_device:s0 tclass=chr_file permissive=0
11-10 04:31:26.051 1443 1589 I snet_event_log: [172655291,-1,]
11-10 04:31:26.051 1443 1638 I am_wtf : [0,1443,system_server,-1,PowerManagerService,Tried to acquire wake lock for invalid display: 0]
11-10 04:31:26.175 1443 1743 I commit_sys_config_file: [settings-0-0,1]
11-10 04:31:26.175 1443 1743 I commit_sys_config_file: [settings-2-0,1]
11-10 04:31:26.176 1443 1743 I commit_sys_config_file: [settings-1-0,0]
11-10 04:31:26.186 1443 1743 I commit_sys_config_file: [settings-4-0,1]
11-10 04:31:26.219 972 972 I auditd : type=1400 audit(0.0:210): avc: denied { read write } for comm="sensors.qti" name="diag" dev="tmpfs" ino=11385 scontext=u:r:vendor_sensors_qti:s0 tcontext=u:object_r:vendor_diag_device:s0 tclass=chr_file permissive=0
11-10 04:31:26.419 972 972 I auditd : type=1400 audit(0.0:211): avc: denied { read write } for comm="sensors.qti" name="diag" dev="tmpfs" ino=11385 scontext=u:r:vendor_sensors_qti:s0 tcontext=u:object_r:vendor_diag_device:s0 tclass=chr_file permissive=0
11-10 04:31:26.619 972 972 I auditd : type=1400 audit(0.0:212): avc: denied { read write } for comm="sensors.qti" name="diag" dev="tmpfs" ino=11385 scontext=u:r:vendor_sensors_qti:s0 tcontext=u:object_r:vendor_diag_device:s0 tclass=chr_file permissive=0
11-10 04:31:26.819 972 972 I auditd : type=1400 audit(0.0:213): avc: denied { read write } for comm="sensors.qti" name="diag" dev="tmpfs" ino=11385 scontext=u:r:vendor_sensors_qti:s0 tcontext=u:object_r:vendor_diag_device:s0 tclass=chr_file permissive=0
11-10 04:31:27.019 972 972 I auditd : type=1400 audit(0.0:214): avc: denied { read write } for comm="sensors.qti" name="diag" dev="tmpfs" ino=11385 scontext=u:r:vendor_sensors_qti:s0 tcontext=u:object_r:vendor_diag_device:s0 tclass=chr_file permissive=0
11-10 04:31:27.219 972 972 I auditd : type=1400 audit(0.0:215): avc: denied { read write } for comm="sensors.qti" name="diag" dev="tmpfs" ino=11385 scontext=u:r:vendor_sensors_qti:s0 tcontext=u:object_r:vendor_diag_device:s0 tclass=chr_file permissive=0
11-10 04:31:27.419 972 972 I auditd : type=1400 audit(0.0:216): avc: denied { read write } for comm="sensors.qti" name="diag" dev="tmpfs" ino=11385 scontext=u:r:vendor_sensors_qti:s0 tcontext=u:object_r:vendor_diag_device:s0 tclass=chr_file permissive=0
11-10 04:31:27.619 972 972 I auditd : type=1400 audit(0.0:217): avc: denied { read write } for comm="sensors.qti" name="diag" dev="tmpfs" ino=11385 scontext=u:r:vendor_sensors_qti:s0 tcontext=u:object_r:vendor_diag_device:s0 tclass=chr_file permissive=0
11-10 04:31:31.030 1443 1443 I wm_task_created: [1,-1]
11-10 04:31:31.032 1443 1631 I sysui_multi_action: [757,1594,758,4,759,0,806,NULL]
11-10 04:31:31.038 1443 1443 I commit_sys_config_file: [net-watchlist,0]
11-10 04:31:31.047 1443 1443 I configuration_changed: 536894968
11-10 04:31:31.048 1443 1443 I sysui_multi_action: [757,1659,758,4,759,2,1660,0]
11-10 04:31:31.051 1443 1443 I configuration_changed: 8
11-10 04:31:31.054 1443 1443 I service_manager_stats: [100,18,5590]
11-10 04:31:31.059 1443 1630 I am_uid_running: 10096
11-10 04:31:31.239 1443 1743 I commit_sys_config_file: [settings-0-0,0]
11-10 04:31:35.872 1443 1662 I commit_sys_config_file: [package-user-0,0]
11-10 04:31:35.888 1443 1662 I commit_sys_config_file: [package-user-0,0]
11-10 04:31:35.888 1443 1662 I commit_sys_config_file: [package,15]
11-10 04:31:36.463 1443 1443 I sysui_multi_action: [757,804,799,opt_dialog_num_dexopted,801,27,802,1]
11-10 04:31:36.463 1443 1443 I sysui_multi_action: [757,804,799,opt_dialog_num_skipped,801,111,802,1]
11-10 04:31:36.463 1443 1443 I sysui_multi_action: [757,804,799,opt_dialog_num_failed,801,0,802,1]
11-10 04:31:36.464 1443 1443 I sysui_multi_action: [757,804,799,opt_dialog_num_total,801,125,802,1]
11-10 04:31:36.464 1443 1443 I sysui_multi_action: [757,804,799,opt_dialog_time_s,801,5,802,1]
11-10 04:31:36.463 517 517 I auditd : type=1400 audit(0.0:218): avc: denied { read } for comm="Binder:517_2" name="spunvm" dev="tmpfs" ino=11609 scontext=u:r:vold:s0 tcontext=u:object_r:vendor_spunvm_file:s0 tclass=dir permissive=0 --------- beginning of radio
11-10 04:31:36.583 1443 1443 D TelephonyRegistry: listen oscl: mHasNotifySubscriptionInfoChangedOccurred==false no callback
11-10 04:31:36.666 1443 1443 I sysui_multi_action: [757,856,758,1,806,android,857,VIRTUAL_KEYBOARD,858,2]
11-10 04:31:36.667 1443 1443 I sysui_multi_action: [757,856,758,1,806,android,857,PHYSICAL_KEYBOARD,858,3]
11-10 04:31:36.667 1443 1443 I sysui_multi_action: [757,856,758,1,806,android,857,SECURITY,858,2]
11-10 04:31:36.667 1443 1443 I sysui_multi_action: [757,856,758,1,806,android,857,CAR_MODE,858,2]
11-10 04:31:36.667 1443 1443 I sysui_multi_action: [757,856,758,1,806,android,857,ACCOUNT,858,2]
11-10 04:31:36.667 1443 1443 I sysui_multi_action: [757,856,758,1,806,android,857,DEVELOPER,858,2]
11-10 04:31:36.667 1443 1443 I sysui_multi_action: [757,856,758,1,806,android,857,DEVELOPER_IMPORTANT,858,4]
11-10 04:31:36.667 1443 1443 I sysui_multi_action: [757,856,758,1,806,android,857,UPDATES,858,2]
11-10 04:31:36.667 1443 1443 I sysui_multi_action: [757,856,758,1,806,android,857,NETWORK_STATUS,858,2]
11-10 04:31:36.667 1443 1443 I sysui_multi_action: [757,856,758,1,806,android,857,NETWORK_ALERTS,858,4]
11-10 04:31:36.668 1443 1443 I sysui_multi_action: [757,856,758,1,806,android,857,NETWORK_AVAILABLE,858,2]
11-10 04:31:36.668 1443 1443 I sysui_multi_action: [757,856,758,1,806,android,857,VPN,858,2]
11-10 04:31:36.668 1443 1443 I sysui_multi_action: [757,856,758,1,806,android,857,DEVICE_ADMIN_ALERTS,858,4]
11-10 04:31:36.668 1443 1443 I sysui_multi_action: [757,856,758,1,806,android,857,ALERTS,858,3]
11-10 04:31:36.668 1443 1443 I sysui_multi_action: [757,856,758,1,806,android,857,RETAIL_MODE,858,2]
11-10 04:31:36.668 1443 1443 I sysui_multi_action: [757,856,758,1,806,android,857,USB,858,1]
11-10 04:31:36.668 1443 1443 I sysui_multi_action: [757,856,758,1,806,android,857,FOREGROUND_SERVICE,858,2]
11-10 04:31:36.668 1443 1443 I sysui_multi_action: [757,856,758,1,806,android,857,HEAVY_WEIGHT_APP,858,3]
11-10 04:31:36.668 1443 1443 I sysui_multi_action: [757,856,758,1,806,android,857,SYSTEM_CHANGES,858,2]
11-10 04:31:36.668 1443 1443 I sysui_multi_action: [757,856,758,1,806,android,857,DO_NOT_DISTURB,858,2]
11-10 04:31:36.669 1443 1443 I sysui_multi_action: [757,856,758,1,806,android,857,ACCESSIBILITY_MAGNIFICATION,858,4]
11-10 04:31:36.669 1443 1443 I sysui_multi_action: [757,856,758,1,806,android,857,ACCESSIBILITY_SECURITY_POLICY,858,2]
11-10 04:31:36.670 1443 2304 I storage_state: [41217664-9172-527a-b3d5-edabb50a7d69,0,0,116488384512,118610538496]
11-10 04:31:36.739 1443 1443 I auditd : type=1400 audit(0.0:219): avc: denied { read } for comm="system_server" name="u:object_r:vendor_default_prop:s0" dev="tmpfs" ino=3374 scontext=u:r:system_server:s0 tcontext=u:object_r:vendor_default_prop:s0 tclass=file permissive=0
11-10 04:31:36.753 1443 2306 I stream_devices_changed: [3,0,2]
11-10 04:31:36.759 1443 2306 I stream_devices_changed: [6,0,1]
11-10 04:31:36.798 1443 1638 I am_wtf : [0,1443,system_server,-1,LazyAlarmStore,Removed TIME_TICK alarm]
11-10 04:31:36.801 1443 1443 I configuration_changed: 512
11-10 04:31:36.814 1443 2290 I service_manager_stats: [100,11,5760]
11-10 04:31:36.822 1443 1443 I commit_sys_config_file: [package-session,1]
11-10 04:31:36.845 1443 1443 I sysui_multi_action: [757,1243,758,4,806,com.android.server.telecom,1241,android.permission.READ_CALL_LOG]
11-10 04:31:36.845 1443 1443 I sysui_multi_action: [757,1243,758,4,806,com.thundercomm.microservice,1241,android.permission.ACCESS_FINE_LOCATION]
11-10 04:31:36.845 1443 1443 I sysui_multi_action: [757,1243,758,4,806,com.android.settings,1241,android.permission.BLUETOOTH_CONNECT]
11-10 04:31:36.845 1443 1443 I sysui_multi_action: [757,1243,758,4,806,com.thundercomm.gamemode,1241,android.permission.READ_EXTERNAL_STORAGE]
11-10 04:31:36.846 1443 1443 I sysui_multi_action: [757,1243,758,4,806,com.thundercomm.microservice,1241,android.permission.ACCESS_COARSE_LOCATION]
11-10 04:31:36.846 1443 1443 I sysui_multi_action: [757,1243,758,4,806,com.thundercomm.microsettings,1241,android.permission.READ_PHONE_STATE]
11-10 04:31:36.846 1443 1443 I sysui_multi_action: [757,1243,758,4,806,com.android.server.telecom,1241,android.permission.SEND_SMS]
11-10 04:31:36.846 1443 1443 I sysui_multi_action: [757,1243,758,4,806,com.android.settings,1241,android.permission.CALL_PHONE]
11-10 04:31:36.846 1443 1443 I sysui_multi_action: [757,1243,758,4,806,com.android.settings,1241,android.permission.WRITE_CONTACTS]
11-10 04:31:36.846 1443 1443 I sysui_multi_action: [757,1243,758,4,806,com.thundercomm.gamemode,1241,android.permission.CAMERA]
11-10 04:31:36.847 1443 1443 I sysui_multi_action: [757,1243,758,4,806,com.android.server.telecom,1241,android.permission.WRITE_CALL_LOG]
11-10 04:31:36.847 1443 1443 I sysui_multi_action: [757,1243,758,4,806,com.android.settings,1241,android.permission.BLUETOOTH_ADVERTISE]
11-10 04:31:36.847 1443 1443 I sysui_multi_action: [757,1243,758,4,806,com.thundercomm.microsettings,1241,android.permission.GET_ACCOUNTS]
11-10 04:31:36.847 1443 1443 I sysui_multi_action: [757,1243,758,4,806,com.thundercomm.gamemode,1241,android.permission.WRITE_EXTERNAL_STORAGE]
11-10 04:31:36.847 1443 1443 I sysui_multi_action: [757,1243,758,4,806,com.android.settings,1241,android.permission.READ_CONTACTS]
11-10 04:31:36.848 1443 1443 I sysui_multi_action: [757,1243,758,4,806,com.android.location.fused,1241,android.permission.ACCESS_BACKGROUND_LOCATION]
11-10 04:31:36.848 1443 1443 I sysui_multi_action: [757,1243,758,4,806,com.android.settings,1241,android.permission.BLUETOOTH_SCAN]
11-10 04:31:36.848 1443 1443 I sysui_multi_action: [757,1243,758,4,806,com.android.bluetooth,1241,android.permission.READ_SMS]
11-10 04:31:36.848 1443 1443 I sysui_multi_action: [757,1243,758,4,806,com.android.bluetooth,1241,android.permission.READ_CALL_LOG]
11-10 04:31:36.848 1443 1443 I sysui_multi_action: [757,1243,758,4,806,com.android.bluetooth,1241,android.permission.RECEIVE_SMS]
11-10 04:31:36.848 1443 1443 I sysui_multi_action: [757,1243,758,4,806,com.android.bluetooth,1241,android.permission.BLUETOOTH_CONNECT]
11-10 04:31:36.848 1443 1443 I sysui_multi_action: [757,1243,758,4,806,com.android.bluetooth,1241,android.permission.READ_EXTERNAL_STORAGE]
11-10 04:31:36.848 1443 1443 I sysui_multi_action: [757,1243,758,4,806,com.android.bluetooth,1241,android.permission.ACCESS_COARSE_LOCATION]
11-10 04:31:36.849 1443 1443 I sysui_multi_action: [757,1243,758,4,806,com.android.bluetooth,1241,android.permission.SEND_SMS]
11-10 04:31:36.849 1443 1443 I sysui_multi_action: [757,1243,758,4,806,com.android.bluetooth,1241,android.permission.WRITE_CONTACTS]
11-10 04:31:36.849 1443 1443 I sysui_multi_action: [757,1243,758,4,806,com.android.bluetooth,1241,android.permission.WRITE_CALL_LOG]
11-10 04:31:36.849 1443 1443 I sysui_multi_action: [757,1243,758,4,806,com.android.bluetooth,1241,android.permission.BLUETOOTH_ADVERTISE]
11-10 04:31:36.849 1443 1443 I sysui_multi_action: [757,1243,758,4,806,com.android.bluetooth,1241,android.permission.GET_ACCOUNTS]
11-10 04:31:36.849 1443 1443 I sysui_multi_action: [757,1243,758,4,806,com.android.bluetooth,1241,android.permission.WRITE_EXTERNAL_STORAGE]
11-10 04:31:36.849 1443 1443 I sysui_multi_action: [757,1243,758,4,806,com.android.bluetooth,1241,android.permission.READ_CONTACTS]
11-10 04:31:36.850 1443 1443 I sysui_multi_action: [757,1243,758,4,806,com.android.bluetooth,1241,android.permission.BLUETOOTH_SCAN]
11-10 04:31:36.850 1443 1443 I sysui_multi_action: [757,1243,758,4,806,com.android.nfc,1241,android.permission.BLUETOOTH_CONNECT]
11-10 04:31:36.850 1443 1443 I sysui_multi_action: [757,1243,758,4,806,com.android.nfc,1241,android.permission.READ_EXTERNAL_STORAGE]
11-10 04:31:36.850 1443 1443 I sysui_multi_action: [757,1243,758,4,806,com.android.nfc,1241,android.permission.WRITE_EXTERNAL_STORAGE]
11-10 04:31:36.850 1443 1443 I sysui_multi_action: [757,1243,758,4,806,com.android.nfc,1241,android.permission.READ_CONTACTS]
11-10 04:31:36.850 1443 1443 I sysui_multi_action: [757,1243,758,4,806,com.android.nfc,1241,android.permission.BLUETOOTH_SCAN]
11-10 04:31:36.850 1443 1443 I sysui_multi_action: [757,1243,758,4,806,com.android.networkstack,1241,android.permission.ACCESS_FINE_LOCATION]
11-10 04:31:36.851 1443 1443 I sysui_multi_action: [757,1243,758,4,806,com.android.networkstack,1241,android.permission.ACCESS_COARSE_LOCATION]
11-10 04:31:36.851 1443 1443 I sysui_multi_action: [757,1243,758,4,806,com.android.networkstack.tethering,1241,android.permission.READ_PHONE_STATE]
11-10 04:31:36.851 1443 1443 I sysui_multi_action: [757,1243,758,4,806,com.android.shell,1241,android.permission.READ_SMS]
11-10 04:31:36.851 1443 1443 I sysui_multi_action: [757,1243,758,4,806,com.android.shell,1241,android.permission.READ_CALENDAR]
11-10 04:31:36.851 1443 1443 I sysui_multi_action: [757,1243,758,4,806,com.android.shell,1241,android.permission.READ_CALL_LOG]
11-10 04:31:36.851 1443 1443 I sysui_multi_action: [757,1243,758,4,806,com.android.shell,1241,android.permission.ACCESS_FINE_LOCATION]
11-10 04:31:36.851 1443 1443 I sysui_multi_action: [757,1243,758,4,806,com.android.shell,1241,android.permission.ANSWER_PHONE_CALLS]
11-10 04:31:36.852 1443 1443 I sysui_multi_action: [757,1243,758,4,806,com.android.shell,1241,android.permission.RECEIVE_WAP_PUSH]
11-10 04:31:36.852 1443 1443 I sysui_multi_action: [757,1243,758,4,806,com.android.shell,1241,android.permission.BODY_SENSORS]
11-10 04:31:36.852 1443 1443 I sysui_multi_action: [757,1243,758,4,806,com.android.shell,1241,android.permission.READ_PHONE_NUMBERS]
11-10 04:31:36.852 1443 1443 I sysui_multi_action: [757,1243,758,4,806,com.android.shell,1241,android.permission.RECEIVE_MMS]
11-10 04:31:36.852 1443 1443 I sysui_multi_action: [757,1243,758,4,806,com.android.shell,1241,android.permission.RECEIVE_SMS]
11-10 04:31:36.852 1443 1443 I sysui_multi_action: [757,1243,758,4,806,com.android.shell,1241,android.permission.BLUETOOTH_CONNECT]
11-10 04:31:36.852 1443 1443 I sysui_multi_action: [757,1243,758,4,806,com.android.shell,1241,android.permission.READ_EXTERNAL_STORAGE]
11-10 04:31:36.853 1443 1443 I sysui_multi_action: [757,1243,758,4,806,com.android.shell,1241,android.permission.ACCESS_COARSE_LOCATION]
11-10 04:31:36.853 1443 1443 I sysui_multi_action: [757,1243,758,4,806,com.android.shell,1241,android.permission.READ_PHONE_STATE]
11-10 04:31:36.853 1443 1443 I sysui_multi_action: [757,1243,758,4,806,com.android.shell,1241,android.permission.SEND_SMS]
11-10 04:31:36.853 1443 1443 I sysui_multi_action: [757,1243,758,4,806,com.android.shell,1241,android.permission.CALL_PHONE]
11-10 04:31:36.853 1443 1443 I sysui_multi_action: [757,1243,758,4,806,com.android.shell,1241,android.permission.WRITE_CONTACTS]
11-10 04:31:36.853 1443 1443 I sysui_multi_action: [757,1243,758,4,806,com.android.shell,1241,android.permission.ACCEPT_HANDOVER]
11-10 04:31:36.853 1443 1443 I sysui_multi_action: [757,1243,758,4,806,com.android.shell,1241,android.permission.CAMERA]
11-10 04:31:36.853 1443 1443 I sysui_multi_action: [757,1243,758,4,806,com.android.shell,1241,android.permission.WRITE_CALENDAR]
11-10 04:31:36.854 1443 1443 I sysui_multi_action: [757,1243,758,4,806,com.android.shell,1241,android.permission.WRITE_CALL_LOG]
11-10 04:31:36.854 1443 1443 I sysui_multi_action: [757,1243,758,4,806,com.android.shell,1241,android.permission.USE_SIP]
11-10 04:31:36.854 1443 1443 I sysui_multi_action: [757,1243,758,4,806,com.android.shell,1241,android.permission.PROCESS_OUTGOING_CALLS]
11-10 04:31:36.854 1443 1443 I sysui_multi_action: [757,1243,758,4,806,com.android.shell,1241,android.permission.READ_CELL_BROADCASTS]
11-10 04:31:36.854 1443 1443 I sysui_multi_action: [757,1243,758,4,806,com.android.shell,1241,android.permission.BLUETOOTH_ADVERTISE]
11-10 04:31:36.854 1443 1443 I sysui_multi_action: [757,1243,758,4,806,com.android.shell,1241,android.permission.GET_ACCOUNTS]
11-10 04:31:36.854 1443 1443 I sysui_multi_action: [757,1243,758,4,806,com.android.shell,1241,android.permission.WRITE_EXTERNAL_STORAGE]
11-10 04:31:36.855 1443 1443 I sysui_multi_action: [757,1243,758,4,806,com.android.shell,1241,android.permission.UWB_RANGING]
11-10 04:31:36.855 1443 1443 I sysui_multi_action: [757,1243,758,4,806,com.android.shell,1241,android.permission.ACTIVITY_RECOGNITION]
11-10 04:31:36.855 1443 1443 I sysui_multi_action: [757,1243,758,4,806,com.android.shell,1241,android.permission.RECORD_AUDIO]
11-10 04:31:36.855 1443 1443 I sysui_multi_action: [757,1243,758,4,806,com.android.shell,1241,android.permission.READ_CONTACTS]
11-10 04:31:36.855 1443 1443 I sysui_multi_action: [757,1243,758,4,806,com.android.shell,1241,android.permission.ACCESS_BACKGROUND_LOCATION]
11-10 04:31:36.855 1443 1443 I sysui_multi_action: [757,1243,758,4,806,com.android.shell,1241,android.permission.BLUETOOTH_SCAN]
11-10 04:31:36.855 1443 1443 I sysui_multi_action: [757,1243,758,4,806,com.android.shell,1241,android.permission.ACCESS_MEDIA_LOCATION]
11-10 04:31:36.855 1443 1443 I sysui_multi_action: [757,1243,758,4,806,com.android.shell,1241,com.android.voicemail.permission.ADD_VOICEMAIL]
11-10 04:31:36.856 1443 1443 I sysui_multi_action: [757,1243,758,4,806,com.android.sharedstoragebackup,1241,android.permission.READ_EXTERNAL_STORAGE]
11-10 04:31:36.856 1443 1443 I sysui_multi_action: [757,1243,758,4,806,com.android.sharedstoragebackup,1241,android.permission.WRITE_EXTERNAL_STORAGE]
11-10 04:31:36.856 1443 1443 I sysui_multi_action: [757,1243,758,4,806,com.android.apps.tag,1241,android.permission.CALL_PHONE]
11-10 04:31:36.856 1443 1443 I sysui_multi_action: [757,1243,758,4,806,com.android.apps.tag,1241,android.permission.READ_CONTACTS]
11-10 04:31:36.856 1443 1443 I sysui_multi_action: [757,1243,758,4,806,com.android.providers.calendar,1241,android.permission.READ_CALENDAR]
11-10 04:31:36.856 1443 1443 I sysui_multi_action: [757,1243,758,4,806,com.android.providers.calendar,1241,android.permission.READ_EXTERNAL_STORAGE]
11-10 04:31:36.857 1443 1443 I sysui_multi_action: [757,1243,758,4,806,com.android.providers.calendar,1241,android.permission.WRITE_CALENDAR]
11-10 04:31:36.857 1443 1443 I sysui_multi_action: [757,1243,758,4,806,com.android.providers.calendar,1241,android.permission.GET_ACCOUNTS]
11-10 04:31:36.857 1443 1443 I sysui_multi_action: [757,1243,758,4,806,com.android.providers.calendar,1241,android.permission.WRITE_EXTERNAL_STORAGE]
11-10 04:31:36.857 1443 1443 I sysui_multi_action: [757,1243,758,4,806,com.android.providers.downloads,1241,android.permission.READ_EXTERNAL_STORAGE]
11-10 04:31:36.857 1443 1443 I sysui_multi_action: [757,1243,758,4,806,com.android.providers.downloads,1241,android.permission.WRITE_EXTERNAL_STORAGE]
11-10 04:31:36.857 1443 1443 I sysui_multi_action: [757,1243,758,4,806,com.android.providers.userdictionary,1241,android.permission.READ_PHONE_STATE]
11-10 04:31:36.857 1443 1443 I sysui_multi_action: [757,1243,758,4,806,com.android.providers.contacts,1241,android.permission.WRITE_CONTACTS]
11-10 04:31:36.858 1443 1443 I sysui_multi_action: [757,1243,758,4,806,com.android.providers.contacts,1241,android.permission.GET_ACCOUNTS]
11-10 04:31:36.858 1443 1443 I sysui_multi_action: [757,1243,758,4,806,com.android.providers.contacts,1241,android.permission.READ_CONTACTS]
11-10 04:31:36.858 1443 1443 I sysui_multi_action: [757,1243,758,4,806,com.android.externalstorage,1241,android.permission.READ_EXTERNAL_STORAGE]
11-10 04:31:36.858 1443 1443 I sysui_multi_action: [757,1243,758,4,806,com.android.externalstorage,1241,android.permission.WRITE_EXTERNAL_STORAGE]
11-10 04:31:36.858 1443 1443 I sysui_multi_action: [757,1243,758,4,806,com.microsoft.emmx,1241,android.permission.ACCESS_FINE_LOCATION]
11-10 04:31:36.858 1443 1443 I sysui_multi_action: [757,1243,758,4,806,com.microsoft.emmx,1241,android.permission.ACCESS_COARSE_LOCATION]
11-10 04:31:36.858 1443 1443 I sysui_multi_action: [757,1243,758,4,806,com.baidu.input,1241,android.permission.RECORD_AUDIO]
11-10 04:31:36.859 1443 1443 I sysui_multi_action: [757,1243,758,4,806,com.baidu.input,1241,android.permission.READ_CONTACTS]
11-10 04:31:36.859 1443 1443 I sysui_multi_action: [757,1243,758,4,806,com.android.companiondevicemanager,1241,android.permission.ACCESS_FINE_LOCATION]
11-10 04:31:36.859 1443 1443 I sysui_multi_action: [757,1243,758,4,806,com.android.companiondevicemanager,1241,android.permission.BLUETOOTH_CONNECT]
11-10 04:31:36.859 1443 1443 I sysui_multi_action: [757,1243,758,4,806,com.android.companiondevicemanager,1241,android.permission.ACCESS_COARSE_LOCATION]
11-10 04:31:36.859 1443 1443 I sysui_multi_action: [757,1243,758,4,806,com.android.companiondevicemanager,1241,android.permission.BLUETOOTH_ADVERTISE]
11-10 04:31:36.859 1443 1443 I sysui_multi_action: [757,1243,758,4,806,com.android.companiondevicemanager,1241,android.permission.ACCESS_BACKGROUND_LOCATION]
11-10 04:31:36.859 1443 1443 I sysui_multi_action: [757,1243,758,4,806,com.android.companiondevicemanager,1241,android.permission.BLUETOOTH_SCAN]
11-10 04:31:36.859 1443 1443 I sysui_multi_action: [757,1243,758,4,806,com.android.printspooler,1241,android.permission.ACCESS_FINE_LOCATION]
11-10 04:31:36.860 1443 1443 I sysui_multi_action: [757,1243,758,4,806,com.android.printspooler,1241,android.permission.ACCESS_COARSE_LOCATION]
11-10 04:31:36.860 1443 1443 I sysui_multi_action: [757,1243,758,4,806,com.android.bluetoothmidiservice,1241,android.permission.BLUETOOTH_CONNECT]
11-10 04:31:36.860 1443 1443 I sysui_multi_action: [757,1243,758,4,806,com.android.bluetoothmidiservice,1241,android.permission.BLUETOOTH_ADVERTISE]
11-10 04:31:36.860 1443 1443 I sysui_multi_action: [757,1243,758,4,806,com.android.bluetoothmidiservice,1241,android.permission.BLUETOOTH_SCAN]
11-10 04:31:36.860 1443 1443 I sysui_multi_action: [757,1243,758,4,806,com.android.soundrecorder,1241,android.permission.RECORD_AUDIO]
11-10 04:31:36.860 1443 1443 I sysui_multi_action: [757,1243,758,4,806,com.android.calendar,1241,android.permission.READ_CALENDAR]
11-10 04:31:36.860 1443 1443 I sysui_multi_action: [757,1243,758,4,806,com.android.calendar,1241,android.permission.WRITE_CALENDAR]
11-10 04:31:36.860 1443 1443 I sysui_multi_action: [757,1243,758,4,806,com.android.calendar,1241,android.permission.GET_ACCOUNTS]
11-10 04:31:36.861 1443 1443 I sysui_multi_action: [757,1243,758,4,806,com.android.calendar,1241,android.permission.READ_CONTACTS]
11-10 04:31:36.861 1443 1443 I sysui_multi_action: [757,1243,758,4,806,com.android.emergency,1241,android.permission.READ_PHONE_STATE]
11-10 04:31:36.861 1443 1443 I sysui_multi_action: [757,1243,758,4,806,com.android.emergency,1241,android.permission.CALL_PHONE]
11-10 04:31:36.861 1443 1443 I sysui_multi_action: [757,1243,758,4,806,com.android.emergency,1241,android.permission.READ_CONTACTS]
11-10 04:31:36.861 1443 1443 I sysui_multi_action: [757,1243,758,4,806,com.android.storagemanager,1241,android.permission.READ_EXTERNAL_STORAGE]
11-10 04:31:36.861 1443 1743 I commit_sys_config_file: [settings-0-0,1]
11-10 04:31:36.861 1443 1443 I sysui_multi_action: [757,1243,758,4,806,com.android.storagemanager,1241,android.permission.WRITE_EXTERNAL_STORAGE]
11-10 04:31:36.861 1443 1443 I sysui_multi_action: [757,1243,758,4,806,com.qualcomm.location,1241,android.permission.ACCESS_FINE_LOCATION]
11-10 04:31:36.862 1443 1443 I sysui_multi_action: [757,1243,758,4,806,com.qualcomm.location,1241,android.permission.RECEIVE_WAP_PUSH]
11-10 04:31:36.862 1443 1443 I sysui_multi_action: [757,1243,758,4,806,com.qualcomm.location,1241,android.permission.RECEIVE_SMS]
11-10 04:31:36.862 1443 1443 I sysui_multi_action: [757,1243,758,4,806,com.qualcomm.location,1241,android.permission.ACCESS_COARSE_LOCATION]
11-10 04:31:36.862 1443 1443 I sysui_multi_action: [757,1243,758,4,806,com.qualcomm.location,1241,android.permission.READ_PHONE_STATE]
11-10 04:31:36.862 1443 1443 I sysui_multi_action: [757,1243,758,4,806,com.qualcomm.location,1241,android.permission.PROCESS_OUTGOING_CALLS]
11-10 04:31:36.862 1443 1443 I sysui_multi_action: [757,1243,758,4,806,com.android.systemui,1241,android.permission.ACCESS_FINE_LOCATION]
11-10 04:31:36.862 1443 1443 I sysui_multi_action: [757,1243,758,4,806,com.android.systemui,1241,android.permission.BLUETOOTH_CONNECT]
11-10 04:31:36.863 1443 1443 I sysui_multi_action: [757,1243,758,4,806,com.android.systemui,1241,android.permission.READ_EXTERNAL_STORAGE]
11-10 04:31:36.863 1443 1443 I sysui_multi_action: [757,1243,758,4,806,com.android.systemui,1241,android.permission.ACCESS_COARSE_LOCATION]
11-10 04:31:36.863 1443 1443 I sysui_multi_action: [757,1243,758,4,806,com.android.systemui,1241,android.permission.CAMERA]
11-10 04:31:36.863 1443 1443 I sysui_multi_action: [757,1243,758,4,806,com.android.systemui,1241,android.permission.BLUETOOTH_ADVERTISE]
11-10 04:31:36.863 1443 1443 I sysui_multi_action: [757,1243,758,4,806,com.android.systemui,1241,android.permission.GET_ACCOUNTS]
11-10 04:31:36.863 1443 1443 I sysui_multi_action: [757,1243,758,4,806,com.android.systemui,1241,android.permission.RECORD_AUDIO]
11-10 04:31:36.863 1443 1443 I sysui_multi_action: [757,1243,758,4,806,com.android.systemui,1241,android.permission.READ_CONTACTS]
11-10 04:31:36.864 1443 1443 I sysui_multi_action: [757,1243,758,4,806,com.android.systemui,1241,android.permission.BLUETOOTH_SCAN]
11-10 04:31:36.864 1443 1443 I sysui_multi_action: [757,1243,758,4,806,com.hht.lebocast,1241,android.permission.READ_EXTERNAL_STORAGE]
11-10 04:31:36.864 1443 1443 I sysui_multi_action: [757,1243,758,4,806,com.hht.lebocast,1241,android.permission.WRITE_EXTERNAL_STORAGE]
11-10 04:31:36.864 1443 1443 I sysui_multi_action: [757,1243,758,4,806,com.android.music,1241,android.permission.READ_EXTERNAL_STORAGE]
11-10 04:31:36.864 1443 1443 I sysui_multi_action: [757,1243,758,4,806,com.android.music,1241,android.permission.WRITE_EXTERNAL_STORAGE]
11-10 04:31:36.864 1443 1443 I sysui_multi_action: [757,1243,758,4,806,com.android.providers.media.module,1241,android.permission.READ_EXTERNAL_STORAGE]
11-10 04:31:36.865 1443 1443 I sysui_multi_action: [757,1243,758,4,806,com.android.providers.media.module,1241,android.permission.WRITE_EXTERNAL_STORAGE]
11-10 04:31:36.865 1443 1443 I sysui_multi_action: [757,1243,758,4,806,android.ext.services,1241,android.permission.ACCESS_COARSE_LOCATION]
11-10 04:31:36.863 1443 1443 I auditd : type=1400 audit(0.0:220): avc: denied { read } for comm="android.display" name="u:object_r:vendor_wfd_sys_debug_prop:s0" dev="tmpfs" ino=3441 scontext=u:r:system_server:s0 tcontext=u:object_r:vendor_wfd_sys_debug_prop:s0 tclass=file permissive=0
11-10 04:31:36.863 1443 1443 I auditd : type=1400 audit(0.0:221): avc: denied { read } for comm="android.display" name="u:object_r:vendor_wfd_sys_debug_prop:s0" dev="tmpfs" ino=3441 scontext=u:r:system_server:s0 tcontext=u:object_r:vendor_wfd_sys_debug_prop:s0 tclass=file permissive=0
11-10 04:31:36.876 1443 1443 I boot_progress_ams_ready: 24330
11-10 04:31:36.877 1443 1443 I configuration_changed: 268435456
11-10 04:31:36.882 1443 1630 I am_uid_running: 1002
11-10 04:31:36.883 1443 1743 I commit_sys_config_file: [settings-1-0,0]
11-10 04:31:36.886 1443 1639 I am_proc_start: [0,2341,1002,com.android.bluetooth,service,{com.android.bluetooth/com.android.bluetooth.btservice.AdapterService}]
11-10 04:31:36.895 1443 1588 I am_proc_bound: [0,2341,com.android.bluetooth]
11-10 04:31:36.899 1443 1588 I am_uid_active: 1002
11-10 04:31:36.902 1443 1443 I am_uid_running: 10082
11-10 04:31:36.907 1443 1639 I am_proc_start: [0,2358,10082,com.android.systemui,service,{com.android.systemui/com.android.systemui.ImageWallpaper}]
11-10 04:31:36.910 1443 1628 I am_uid_running: 10094
11-10 04:31:36.910 1443 1630 I commit_sys_config_file: [notification-policy,1]
11-10 04:31:36.914 1443 1639 I am_proc_start: [0,2362,10094,com.android.permissioncontroller,service,{com.android.permissioncontroller/com.android.permissioncontroller.permission.service.PermissionControllerServiceImpl}]
11-10 04:31:36.923 1443 1589 I am_proc_bound: [0,2358,com.android.systemui]
11-10 04:31:36.924 1443 1589 I am_uid_active: 10082
11-10 04:31:36.925 1443 1726 I am_proc_bound: [0,2362,com.android.permissioncontroller]
11-10 04:31:36.926 1443 1726 I am_uid_active: 10094
11-10 04:31:36.969 1443 1589 I wm_task_created: [2,-1]
11-10 04:31:36.971 1443 1589 I wm_task_created: [3,-1]
11-10 04:31:36.977 1443 1743 I commit_sys_config_file: [settings-2-0,0]
11-10 04:31:36.988 1443 1588 I wm_task_created: [4,-1]
11-10 04:31:36.992 1443 1725 I wm_task_created: [5,-1]
11-10 04:31:36.994 1443 1725 I wm_task_created: [6,-1]
11-10 04:31:37.016 2341 2444 I bt_config_source: 4
11-10 04:31:37.016 2341 2444 I bt_config_source: 3
11-10 04:31:37.056 1443 2282 D TelephonyRegistry: listen oscl: mHasNotifySubscriptionInfoChangedOccurred==false no callback
11-10 04:31:37.088 1443 1727 I am_uid_running: 1037
11-10 04:31:37.096 1443 2287 I commit_sys_config_file: [net-policy,1]
11-10 04:31:37.110 1443 2287 D TelephonyRegistry: listen oscl: mHasNotifySubscriptionInfoChangedOccurred==false no callback
11-10 04:31:37.110 1443 1443 I service_manager_slow: [13,netd]
11-10 04:31:37.118 1443 2286 D TelephonyRegistry: listen oscl: mHasNotifySubscriptionInfoChangedOccurred==false no callback
11-10 04:31:37.126 1443 1743 I commit_sys_config_file: [settings-0-0,59]
11-10 04:31:37.127 2341 2444 I liblog : 30
11-10 04:31:37.131 1443 2282 I sysui_multi_action: [757,856,758,1,806,com.android.systemui,857,empty_media_style_id,858,4]
11-10 04:31:37.145 1443 1443 D TelephonyRegistry: listen oscl: mHasNotifySubscriptionInfoChangedOccurred==false no callback
11-10 04:31:37.163 1443 1639 I am_proc_start: [0,2469,1037,WebViewLoader-armeabi-v7a,NULL,]
11-10 04:31:37.172 1443 1639 I am_proc_start: [0,2477,1037,WebViewLoader-arm64-v8a,NULL,]
11-10 04:31:37.178 1443 1443 D TelephonyRegistry: listen oscl: mHasNotifySubscriptionInfoChangedOccurred==false no callback
11-10 04:31:37.175 815 815 I auditd : type=1400 audit(0.0:222): avc: denied { read } for comm="Loc_hal_worker" name="u:object_r:vendor_pd_locater_dbg_prop:s0" dev="tmpfs" ino=3405 scontext=u:r:vendor_hal_gnss_qti:s0 tcontext=u:object_r:vendor_pd_locater_dbg_prop:s0 tclass=file permissive=0
11-10 04:31:37.183 1443 2417 I am_proc_bound: [0,2469,WebViewLoader-armeabi-v7a]
11-10 04:31:37.184 1443 2417 I am_uid_active: 1037
11-10 04:31:37.191 1443 1628 W CarrierConfigManager: Error getting config for subId -1 ICarrierConfigLoader is null
11-10 04:31:37.194 1443 1726 I am_proc_bound: [0,2477,WebViewLoader-arm64-v8a]
11-10 04:31:37.205 1443 1443 I am_uid_running: 1073
11-10 04:31:37.210 1443 1443 I configuration_changed: 16384
11-10 04:31:37.210 1443 1639 I am_proc_start: [0,2510,1073,com.android.networkstack.process,service,{com.android.networkstack/com.android.server.NetworkStackService}]
11-10 04:31:37.211 1443 1637 I netstats_mobile_sample: [0,0,0,0,0,0,0,0,0,0,0,0,1668025897211]
11-10 04:31:37.211 1443 1637 I netstats_wifi_sample: [0,0,0,0,0,0,0,0,0,0,0,0,1668025897211]
11-10 04:31:37.213 1443 1443 D TelephonyRegistry: systemRunning register for intents
11-10 04:31:37.215 1443 1443 I ssm_user_starting: 0
11-10 04:31:37.223 1443 1726 I am_proc_died: [0,2469,WebViewLoader-armeabi-v7a,-700,0]
11-10 04:31:37.224 1443 1726 I am_low_memory: 5
11-10 04:31:37.229 1443 1637 I netstats_mobile_sample: [0,0,0,0,0,0,0,0,0,0,0,0,1668025897229]
11-10 04:31:37.229 1443 1637 I netstats_wifi_sample: [0,0,0,0,0,0,0,0,0,0,0,0,1668025897229]
11-10 04:31:37.232 1443 1726 I am_proc_died: [0,2477,WebViewLoader-arm64-v8a,-700,0]
11-10 04:31:37.234 1443 1726 I am_uid_stopped: 1037
11-10 04:31:37.235 1443 1726 I am_low_memory: 4
11-10 04:31:37.235 1443 1725 I am_proc_bound: [0,2510,com.android.networkstack.process]
11-10 04:31:37.236 1443 1725 I am_uid_active: 1073
11-10 04:31:37.237 1443 1637 I netstats_mobile_sample: [0,0,0,0,0,0,0,0,0,0,0,0,1668025897237]
11-10 04:31:37.237 1443 1637 I netstats_wifi_sample: [0,0,0,0,0,0,0,0,0,0,0,0,1668025897237]
11-10 04:31:37.244 1443 1725 I sysui_multi_action: [757,1243,758,4,806,com.android.gallery3d,1241,android.permission.WRITE_EXTERNAL_STORAGE]
11-10 04:31:37.246 1443 1726 I sysui_multi_action: [757,1243,758,4,806,com.android.gallery3d,1241,android.permission.READ_EXTERNAL_STORAGE]
11-10 04:31:37.256 1443 1637 I netstats_mobile_sample: [0,0,0,0,0,0,0,0,0,0,0,0,1668025897256]
11-10 04:31:37.256 1443 1637 I netstats_wifi_sample: [0,0,0,0,0,0,0,0,0,0,0,0,1668025897256]
11-10 04:31:37.257 1443 1743 I commit_sys_config_file: [settings-2-0,5]
11-10 04:31:37.260 1443 1637 I netstats_mobile_sample: [0,0,0,0,0,0,0,0,0,0,0,0,1668025897260]
11-10 04:31:37.261 1443 1637 I netstats_wifi_sample: [0,0,0,0,0,0,0,0,0,0,0,0,1668025897260]
11-10 04:31:37.262 1443 1637 I netstats_mobile_sample: [0,0,0,0,0,0,0,0,0,0,0,0,1668025897262]
11-10 04:31:37.262 1443 1637 I netstats_wifi_sample: [0,0,0,0,0,0,0,0,0,0,0,0,1668025897262]
11-10 04:31:37.264 1443 1589 I sysui_multi_action: [757,856,758,1,806,com.android.networkstack,857,connected_note_loud,858,4]
11-10 04:31:37.264 1443 1637 I netstats_mobile_sample: [0,0,0,0,0,0,0,0,0,0,0,0,1668025897264]
11-10 04:31:37.264 1443 1588 I sysui_multi_action: [757,856,758,1,806,com.android.networkstack,857,connected_note,858,3]
11-10 04:31:37.264 1443 1637 I netstats_wifi_sample: [0,0,0,0,0,0,0,0,0,0,0,0,1668025897264]
11-10 04:31:37.272 1443 1589 I sysui_multi_action: [757,856,758,1,806,com.android.networkstack.tethering,857,TETHERING_STATUS,858,2]
11-10 04:31:37.274 1443 1637 I netstats_mobile_sample: [0,0,0,0,0,0,0,0,0,0,0,0,1668025897274]
11-10 04:31:37.274 1443 1637 I netstats_wifi_sample: [0,0,0,0,0,0,0,0,0,0,0,0,1668025897274]
11-10 04:31:37.294 1443 1443 I am_uid_running: 1001
11-10 04:31:37.294 1443 1443 I am_uid_running: 10057
11-10 04:31:37.297 1443 1443 I am_uid_running: 10088
11-10 04:31:37.297 1443 1443 I am_uid_running: 1068
11-10 04:31:37.299 1443 1443 I am_uid_running: 10067
11-10 04:31:37.307 1443 1443 I wm_task_created: [7,-1]
11-10 04:31:37.307 1443 1443 I wm_task_moved: [7,1,2147483647]
11-10 04:31:37.308 1443 1443 I wm_task_moved: [1,1,5]
11-10 04:31:37.308 1443 1443 I wm_create_task: [0,7]
11-10 04:31:37.308 1443 1443 I wm_create_activity: [0,204033875,7,com.android.settings/.CryptKeeper,android.intent.action.MAIN,NULL,NULL,276824320]
11-10 04:31:37.308 1443 1443 I wm_task_moved: [1,1,5]
11-10 04:31:37.308 1443 1443 I wm_task_moved: [7,1,2147483647]
11-10 04:31:37.308 1443 1443 I wm_task_to_front: [0,7]
11-10 04:31:37.336 1443 1443 I uc_send_user_broadcast: [0,android.intent.action.USER_FOREGROUND]
11-10 04:31:37.336 1443 1443 I uc_send_user_broadcast: [0,android.intent.action.USER_SWITCHED]
11-10 04:31:37.337 1443 1589 I am_proc_start: [0,2555,1000,com.thundercomm.microservice,added application,com.thundercomm.microservice]
11-10 04:31:37.337 1443 1589 I am_proc_bound: [0,2555,com.thundercomm.microservice]
11-10 04:31:37.335 1161 1161 I auditd : type=1400 audit(0.0:223): avc: denied { read } for comm="traced_probes" name="format" dev="tracefs" ino=6417 scontext=u:r:traced_probes:s0 tcontext=u:object_r:debugfs_tracing_debug:s0 tclass=file permissive=0
11-10 04:31:37.335 1161 1161 I auditd : type=1400 audit(0.0:224): avc: denied { read } for comm="traced_probes" name="format" dev="tracefs" ino=6405 scontext=u:r:traced_probes:s0 tcontext=u:object_r:debugfs_tracing_debug:s0 tclass=file permissive=0
11-10 04:31:37.335 1161 1161 I auditd : type=1400 audit(0.0:225): avc: denied { read } for comm="traced_probes" name="format" dev="tracefs" ino=6411 scontext=u:r:traced_probes:s0 tcontext=u:object_r:debugfs_tracing_debug:s0 tclass=file permissive=0
11-10 04:31:37.335 1161 1161 I auditd : type=1400 audit(0.0:226): avc: denied { read } for comm="traced_probes" name="format" dev="tracefs" ino=6423 scontext=u:r:traced_probes:s0 tcontext=u:object_r:debugfs_tracing_debug:s0 tclass=file permissive=0
11-10 04:31:37.335 1161 1161 I auditd : type=1400 audit(0.0:227): avc: denied { read } for comm="traced_probes" name="format" dev="tracefs" ino=6429 scontext=u:r:traced_probes:s0 tcontext=u:object_r:debugfs_tracing_debug:s0 tclass=file permissive=0
11-10 04:31:37.335 1161 1161 I auditd : type=1400 audit(0.0:228): avc: denied { read } for comm="traced_probes" name="format" dev="tracefs" ino=6465 scontext=u:r:traced_probes:s0 tcontext=u:object_r:debugfs_tracing_debug:s0 tclass=file permissive=0
11-10 04:31:37.335 1161 1161 I auditd : type=1400 audit(0.0:229): avc: denied { read } for comm="traced_probes" name="format" dev="tracefs" ino=6375 scontext=u:r:traced_probes:s0 tcontext=u:object_r:debugfs_tracing_debug:s0 tclass=file permissive=0
11-10 04:31:37.335 1161 1161 I auditd : type=1400 audit(0.0:230): avc: denied { read } for comm="traced_probes" name="format" dev="tracefs" ino=6435 scontext=u:r:traced_probes:s0 tcontext=u:object_r:debugfs_tracing_debug:s0 tclass=file permissive=0
11-10 04:31:37.335 1161 1161 I auditd : type=1400 audit(0.0:231): avc: denied { read } for comm="traced_probes" name="format" dev="tracefs" ino=6447 scontext=u:r:traced_probes:s0 tcontext=u:object_r:debugfs_tracing_debug:s0 tclass=file permissive=0
11-10 04:31:37.335 1161 1161 I auditd : type=1400 audit(0.0:232): avc: denied { read } for comm="traced_probes" name="format" dev="tracefs" ino=6393 scontext=u:r:traced_probes:s0 tcontext=u:object_r:debugfs_tracing_debug:s0 tclass=file permissive=0
11-10 04:31:37.335 1161 1161 I auditd : type=1400 audit(0.0:233): avc: denied { read } for comm="traced_probes" name="format" dev="tracefs" ino=6471 scontext=u:r:traced_probes:s0 tcontext=u:object_r:debugfs_tracing_debug:s0 tclass=file permissive=0
11-10 04:31:37.335 1161 1161 I auditd : type=1400 audit(0.0:234): avc: denied { read } for comm="traced_probes" name="format" dev="tracefs" ino=6381 scontext=u:r:traced_probes:s0 tcontext=u:object_r:debugfs_tracing_debug:s0 tclass=file permissive=0
11-10 04:31:37.335 1161 1161 I auditd : type=1400 audit(0.0:235): avc: denied { read } for comm="traced_probes" name="format" dev="tracefs" ino=6441 scontext=u:r:traced_probes:s0 tcontext=u:object_r:debugfs_tracing_debug:s0 tclass=file permissive=0
11-10 04:31:37.335 1161 1161 I auditd : type=1400 audit(0.0:236): avc: denied { read } for comm="traced_probes" name="format" dev="tracefs" ino=6459 scontext=u:r:traced_probes:s0 tcontext=u:object_r:debugfs_tracing_debug:s0 tclass=file permissive=0
11-10 04:31:37.335 1161 1161 I auditd : type=1400 audit(0.0:237): avc: denied { read } for comm="traced_probes" name="format" dev="tracefs" ino=6369 scontext=u:r:traced_probes:s0 tcontext=u:object_r:debugfs_tracing_debug:s0 tclass=file permissive=0
11-10 04:31:37.335 1161 1161 I auditd : type=1400 audit(0.0:238): avc: denied { read } for comm="traced_probes" name="format" dev="tracefs" ino=6453 scontext=u:r:traced_probes:s0 tcontext=u:object_r:debugfs_tracing_debug:s0 tclass=file permissive=0
11-10 04:31:37.335 1161 1161 I auditd : type=1400 audit(0.0:239): avc: denied { read } for comm="traced_probes" name="format" dev="tracefs" ino=4746 scontext=u:r:traced_probes:s0 tcontext=u:object_r:debugfs_tracing_debug:s0 tclass=file permissive=0
11-10 04:31:37.335 1161 1161 I auditd : type=1400 audit(0.0:240): avc: denied { read } for comm="traced_probes" name="format" dev="tracefs" ino=4782 scontext=u:r:traced_probes:s0 tcontext=u:object_r:debugfs_tracing_debug:s0 tclass=file permissive=0
11-10 04:31:37.335 1161 1161 I auditd : type=1400 audit(0.0:241): avc: denied { read } for comm="traced_probes" name="format" dev="tracefs" ino=4776 scontext=u:r:traced_probes:s0 tcontext=u:object_r:debugfs_tracing_debug:s0 tclass=file permissive=0
11-10 04:31:37.335 1161 1161 I auditd : type=1400 audit(0.0:242): avc: denied { read } for comm="traced_probes" name="format" dev="tracefs" ino=4788 scontext=u:r:traced_probes:s0 tcontext=u:object_r:debugfs_tracing_debug:s0 tclass=file permissive=0
11-10 04:31:37.335 1161 1161 I auditd : type=1400 audit(0.0:243): avc: denied { read } for comm="traced_probes" name="format" dev="tracefs" ino=4752 scontext=u:r:traced_probes:s0 tcontext=u:object_r:debugfs_tracing_debug:s0 tclass=file permissive=0
11-10 04:31:37.335 1161 1161 I auditd : type=1400 audit(0.0:244): avc: denied { read } for comm="traced_probes" name="format" dev="tracefs" ino=4764 scontext=u:r:traced_probes:s0 tcontext=u:object_r:debugfs_tracing_debug:s0 tclass=file permissive=0
11-10 04:31:37.335 1161 1161 I auditd : type=1400 audit(0.0:245): avc: denied { read } for comm="traced_probes" name="format" dev="tracefs" ino=4734 scontext=u:r:traced_probes:s0 tcontext=u:object_r:debugfs_tracing_debug:s0 tclass=file permissive=0
11-10 04:31:37.335 1161 1161 I auditd : type=1400 audit(0.0:246): avc: denied { read } for comm="traced_probes" name="format" dev="tracefs" ino=4728 scontext=u:r:traced_probes:s0 tcontext=u:object_r:debugfs_tracing_debug:s0 tclass=file permissive=0
11-10 04:31:37.335 1161 1161 I auditd : type=1400 audit(0.0:247): avc: denied { read } for comm="traced_probes" name="format" dev="tracefs" ino=4794 scontext=u:r:traced_probes:s0 tcontext=u:object_r:debugfs_tracing_debug:s0 tclass=file permissive=0
11-10 04:31:37.335 1161 1161 I auditd : type=1400 audit(0.0:248): avc: denied { read } for comm="traced_probes" name="format" dev="tracefs" ino=4806 scontext=u:r:traced_probes:s0 tcontext=u:object_r:debugfs_tracing_debug:s0 tclass=file permissive=0
11-10 04:31:37.335 1161 1161 I auditd : type=1400 audit(0.0:249): avc: denied { read } for comm="traced_probes" name="format" dev="tracefs" ino=4740 scontext=u:r:traced_probes:s0 tcontext=u:object_r:debugfs_tracing_debug:s0 tclass=file permissive=0
11-10 04:31:37.335 1161 1161 I auditd : type=1400 audit(0.0:250): avc: denied { read } for comm="traced_probes" name="format" dev="tracefs" ino=4770 scontext=u:r:traced_probes:s0 tcontext=u:object_r:debugfs_tracing_debug:s0 tclass=file permissive=0
11-10 04:31:37.335 1161 1161 I auditd : type=1400 audit(0.0:251): avc: denied { read } for comm="traced_probes" name="format" dev="tracefs" ino=4758 scontext=u:r:traced_probes:s0 tcontext=u:object_r:debugfs_tracing_debug:s0 tclass=file permissive=0
