11-10 04:49:44.575 1443 1994 I input_interaction: Interaction with: WindowManager (server), edge-swipe (server), swipe-up (server), PointerEventDispatcher0 (server),
11-10 04:49:45.309 1443 1994 I input_interaction: Interaction with: a3c1b40 com.android.gallery3d/com.android.gallery3d.app.MovieActivity (server), edge-swipe (server), swipe-up (server), PointerEventDispatcher0 (server),
11-10 04:49:45.403 5752 5752 I view_enqueue_input_event: [Motion - Cancel,com.android.gallery3d/com.android.gallery3d.app.MovieActivity]
11-10 04:49:45.407 1443 1994 I input_interaction: Interaction with: WindowManager (server), edge-swipe (server), swipe-up (server), PointerEventDispatcher0 (server),
11-10 04:49:46.335 1443 1994 I input_interaction: Interaction with: a3c1b40 com.android.gallery3d/com.android.gallery3d.app.MovieActivity (server), edge-swipe (server), swipe-up (server), PointerEventDispatcher0 (server),
11-10 04:49:46.394 5752 5752 I view_enqueue_input_event: [Motion - Cancel,com.android.gallery3d/com.android.gallery3d.app.MovieActivity]
11-10 04:49:46.398 1443 1994 I input_interaction: Interaction with: WindowManager (server), edge-swipe (server), swipe-up (server), PointerEventDispatcher0 (server),
11-10 04:49:47.054 1443 1994 I input_interaction: Interaction with: a3c1b40 com.android.gallery3d/com.android.gallery3d.app.MovieActivity (server), edge-swipe (server), swipe-up (server), PointerEventDispatcher0 (server),
11-10 04:49:47.172 5752 5752 I view_enqueue_input_event: [Motion - Cancel,com.android.gallery3d/com.android.gallery3d.app.MovieActivity]
11-10 04:49:47.187 1443 1994 I input_interaction: Interaction with: WindowManager (server), edge-swipe (server), swipe-up (server), PointerEventDispatcher0 (server),
11-10 04:49:47.991 1443 1994 I input_interaction: Interaction with: a3c1b40 com.android.gallery3d/com.android.gallery3d.app.MovieActivity (server), edge-swipe (server), swipe-up (server), PointerEventDispatcher0 (server),
11-10 04:49:51.208 1443 1638 I am_uid_idle: 10051
11-10 04:49:58.465 1443 1638 I am_uid_idle: 10032
11-10 04:50:10.316 1443 1756 I am_freeze: [2362,com.android.permissioncontroller]
11-10 04:50:10.318 1443 1756 I am_kill : [0,2362,com.android.permissioncontroller,935,Unable to freeze binder interface]
11-10 04:50:10.384 1443 3711 I am_proc_died: [0,2362,com.android.permissioncontroller,935,19]
11-10 04:50:10.386 1443 3711 I am_uid_stopped: 10094
11-10 04:50:10.403 1443 1637 I am_pss : [5752,10063,com.android.gallery3d,49016832,41357312,0,175501312,0,2,11]
11-10 04:50:10.417 1443 1637 I am_pss : [5842,10090,com.android.music,62468096,55578624,0,184594432,0,2,9]
11-10 04:50:10.424 1443 1637 I am_pss : [3359,10087,com.qualcomm.qti.qccnetstat,6402048,4345856,0,92155904,0,0,6]
11-10 04:50:10.430 1443 1637 I am_pss : [3376,10083,com.qualcomm.qti.workloadclassifier,13255680,10653696,0,105410560,0,0,6]
11-10 04:50:10.436 1443 1637 I am_pss : [3334,10071,com.qualcomm.qti.services.systemhelper:systemhelper_service,6622208,4493312,0,94478336,0,0,5]
11-10 04:50:10.442 1443 1637 I am_pss : [3325,10052,.pasr,5663744,3678208,0,90112000,0,0,5]
11-10 04:50:10.448 1443 1637 I am_pss : [3276,10058,ts.car.uart,6502400,4521984,0,91054080,0,0,5]
11-10 04:50:10.457 1443 1637 I am_pss : [3274,10086,com.hht.lebocast,45529088,22126592,0,113885184,0,0,6]
11-10 04:50:20.706 1443 1638 I am_uid_idle: 10069
11-10 04:50:52.944 1443 1756 I am_freeze: [2912,com.qualcomm.qti.qccauthmgr]
11-10 04:50:52.947 1443 1756 I am_kill : [0,2912,com.qualcomm.qti.qccauthmgr,955,Unable to freeze binder interface]
11-10 04:50:52.986 1443 5913 I am_proc_died: [0,2912,com.qualcomm.qti.qccauthmgr,955,19]
11-10 04:50:52.987 1443 5913 I am_uid_stopped: 10085
11-10 04:50:53.003 1443 1637 I am_pss : [5752,10063,com.android.gallery3d,49070080,41361408,0,175505408,0,2,9]
11-10 04:50:53.015 1443 1637 I am_pss : [5842,10090,com.android.music,62517248,55578624,0,184594432,0,2,9]
11-10 04:50:53.028 1443 1637 I am_pss : [2792,10077,com.android.launcher3,123059200,111099904,0,258560000,0,2,11]
11-10 04:51:16.291 1443 3557 I snet_event_log: [172655291,-1,]
11-10 04:51:16.292 1443 2433 I wm_finish_activity: [0,236050763,19,com.android.gallery3d/.app.MovieActivity,app-request]
11-10 04:51:16.304 1443 2433 I wm_pause_activity: [0,236050763,com.android.gallery3d/.app.MovieActivity,userLeaving=false,finish]
11-10 04:51:16.311 5752 5752 I wm_on_top_resumed_lost_called: [236050763,com.android.gallery3d.app.MovieActivity,topStateChangedWhenResumed]
11-10 04:51:16.330 1443 1994 I input_focus: [Focus leaving a3c1b40 com.android.gallery3d/com.android.gallery3d.app.MovieActivity (server),reason=NO_WINDOW]
11-10 04:51:16.363 5752 5752 I wm_on_paused_called: [236050763,com.android.gallery3d.app.MovieActivity,performPause]
11-10 04:51:16.367 1443 5913 I wm_set_resumed_activity: [0,com.android.music/.VideoBrowserActivity,resumeTopActivityInnerLocked]
11-10 04:51:16.368 1443 5913 I wm_resume_activity: [0,48372709,19,com.android.music/.VideoBrowserActivity]
11-10 04:51:16.369 5842 5842 I wm_on_resume_called: [48372709,com.android.music.VideoBrowserActivity,RESUME_ACTIVITY]
11-10 04:51:16.369 5842 5842 I wm_on_top_resumed_gained_called: [48372709,com.android.music.VideoBrowserActivity,topWhenResuming]
11-10 04:51:16.377 1443 1632 I input_focus: [Focus request a257ae3 com.android.music/com.android.music.VideoBrowserActivity,reason=UpdateInputWindows]
11-10 04:51:16.377 1443 1631 I sysui_multi_action: [757,803,799,window_time_2,802,120]
11-10 04:51:16.393 1443 3557 I wm_destroy_activity: [0,236050763,19,com.android.gallery3d/.app.MovieActivity,finish-idle]
11-10 04:51:16.398 1443 1994 I input_focus: [Focus entering a257ae3 com.android.music/com.android.music.VideoBrowserActivity (server),reason=setFocusedWindow]
11-10 04:51:16.420 5752 5752 I wm_on_stop_called: [236050763,com.android.gallery3d.app.MovieActivity,LIFECYCLER_STOP_ACTIVITY]
11-10 04:51:16.420 5752 5752 I wm_on_destroy_called: [236050763,com.android.gallery3d.app.MovieActivity,performDestroy]
11-10 04:51:16.431 1443 1443 I am_uid_active: 10069
11-10 04:52:16.404 1443 1654 I sysui_multi_action: [757,1696,758,6,759,2]
11-10 04:52:16.410 1443 1638 I am_uid_idle: 10063
11-10 04:52:16.412 1443 1628 I sysui_multi_action: [757,222,758,1]
11-10 04:52:16.416 1443 1628 I am_uid_active: 10051
11-10 04:52:16.418 1443 1638 I am_wtf : [0,1443,system_server,-1,DisplayDeviceConfig,requesting nits when no mapping exists.]
11-10 04:52:16.420 1443 1638 I am_wtf : [0,1443,system_server,-1,DisplayDeviceConfig,requesting nits when no mapping exists.]
11-10 04:52:16.431 1443 5913 I wm_task_created: [20,-1]
11-10 04:52:16.434 1443 1638 I am_wtf : [0,1443,system_server,-1,DisplayDeviceConfig,requesting nits when no mapping exists.]
11-10 04:52:16.436 1443 5913 I wm_task_moved: [20,1,7]
11-10 04:52:16.436 1443 5913 I wm_task_to_front: [0,20]
11-10 04:52:16.437 1443 1637 I am_pss : [5842,10090,com.android.music,62545920,55607296,0,184623104,0,2,12]
11-10 04:52:16.437 1443 5913 I wm_create_task: [0,20]
11-10 04:52:16.437 1443 5913 I wm_create_activity: [0,193636870,20,com.thundercomm.screensaver/android.service.dreams.DreamActivity,NULL,NULL,NULL,276824064]
11-10 04:52:16.437 1443 5913 I wm_task_moved: [20,1,7]
11-10 04:52:16.437 5842 5842 I wm_on_top_resumed_lost_called: [48372709,com.android.music.VideoBrowserActivity,topStateChangedWhenResumed]
11-10 04:52:16.439 1443 1638 I am_wtf : [0,1443,system_server,-1,DisplayDeviceConfig,requesting nits when no mapping exists.]
11-10 04:52:16.441 1443 1638 I am_wtf : [0,1443,system_server,-1,DisplayDeviceConfig,requesting nits when no mapping exists.]
11-10 04:52:16.442 1443 1638 I am_wtf : [0,1443,system_server,-1,DisplayDeviceConfig,requesting nits when no mapping exists.]
11-10 04:52:16.442 1443 5913 I wm_pause_activity: [0,89456280,com.android.launcher3/.uioverrides.QuickstepLauncher,userLeaving=true,pauseBackTasks]
11-10 04:52:16.445 2792 2792 I wm_on_paused_called: [89456280,com.android.launcher3.uioverrides.QuickstepLauncher,performPause]
11-10 04:52:16.452 1443 1637 I am_pss : [5752,10063,com.android.gallery3d,38551552,30842880,0,164986880,0,19,9]
11-10 04:52:16.454 1443 3557 I wm_add_to_stopping: [0,89456280,com.android.launcher3/.uioverrides.QuickstepLauncher,makeInvisible]
11-10 04:52:16.455 1443 3557 I wm_restart_activity: [0,193636870,20,com.thundercomm.screensaver/android.service.dreams.DreamActivity]
11-10 04:52:16.456 1443 1638 I am_wtf : [0,1443,system_server,-1,DisplayDeviceConfig,requesting nits when no mapping exists.]
11-10 04:52:16.457 1443 1638 I am_wtf : [0,1443,system_server,-1,DisplayDeviceConfig,requesting nits when no mapping exists.]
11-10 04:52:16.458 1443 1637 I am_pss : [5141,2000,com.android.shell,6437888,4296704,0,93007872,0,19,5]
11-10 04:52:16.466 1443 1637 I am_pss : [3848,10067,com.qualcomm.qti.devicestatisticsservice,5583872,3555328,0,89341952,0,0,5]
11-10 04:52:16.466 1443 3557 I wm_set_resumed_activity: [0,com.thundercomm.screensaver/android.service.dreams.DreamActivity,minimalResumeActivityLocked]
11-10 04:52:16.473 1443 1638 I am_wtf : [0,1443,system_server,-1,DisplayDeviceConfig,requesting nits when no mapping exists.]
11-10 04:52:16.477 1443 1638 I am_wtf : [0,1443,system_server,-1,DisplayDeviceConfig,requesting nits when no mapping exists.]
11-10 04:52:16.481 4594 4594 I wm_on_create_called: [193636870,android.service.dreams.DreamActivity,performCreate]
11-10 04:52:16.482 4594 4594 I wm_on_start_called: [193636870,android.service.dreams.DreamActivity,handleStartActivity]
11-10 04:52:16.483 4594 4594 I wm_on_resume_called: [193636870,android.service.dreams.DreamActivity,RESUME_ACTIVITY]
11-10 04:52:16.492 1443 1638 I am_wtf : [0,1443,system_server,-1,DisplayDeviceConfig,requesting nits when no mapping exists.]
11-10 04:52:16.493 1443 1631 I sysui_multi_action: [757,803,799,window_time_2,802,60]
11-10 04:52:16.493 4594 4594 I wm_on_top_resumed_gained_called: [193636870,android.service.dreams.DreamActivity,topStateChangedWhenResumed]
11-10 04:52:16.496 1443 1638 I am_wtf : [0,1443,system_server,-1,DisplayDeviceConfig,requesting nits when no mapping exists.]
11-10 04:52:16.510 1443 1638 I am_wtf : [0,1443,system_server,-1,DisplayDeviceConfig,requesting nits when no mapping exists.]
11-10 04:52:16.511 1443 1638 I am_wtf : [0,1443,system_server,-1,DisplayDeviceConfig,requesting nits when no mapping exists.]
11-10 04:52:16.515 1443 1632 I input_focus: [Focus request 50b11b7 com.thundercomm.screensaver/android.service.dreams.DreamActivity,reason=UpdateInputWindows]
11-10 04:52:16.521 1443 1443 I notification_enqueue: [10082,2358,com.android.systemui,2048,NULL,0,Notification(channel=updateNotification shortcut=null contentView=null vibrate=null sound=null defaults=0x0 flags=0x0 color=0x00000000 vis=PRIVATE),1]
11-10 04:52:16.526 1443 1994 I input_focus: [Focus leaving a257ae3 com.android.music/com.android.music.VideoBrowserActivity (server),reason=Waiting for window because NOT_VISIBLE]
11-10 04:52:16.527 1443 1638 I am_wtf : [0,1443,system_server,-1,DisplayDeviceConfig,requesting nits when no mapping exists.]
11-10 04:52:16.527 2358 2358 I sysui_multi_action: [757,111,758,2]
11-10 04:52:16.527 2358 2358 I sysui_multi_action: [757,111,758,2]
11-10 04:52:16.528 1443 1638 I am_wtf : [0,1443,system_server,-1,DisplayDeviceConfig,requesting nits when no mapping exists.]
11-10 04:52:16.533 1443 1654 I sysui_multi_action: [757,1696,758,6,759,3]
11-10 04:52:16.534 2358 2358 I sysui_multi_action: [757,111,758,1]
11-10 04:52:16.535 2358 2358 I sysui_multi_action: [757,126,758,1,759,126,927,0,928,0,1593,0]
11-10 04:52:16.535 2358 2358 I sysui_multi_action: [757,113,758,1,759,113,927,1,928,1,1593,0]
11-10 04:52:16.535 2358 2358 I sysui_multi_action: [757,0,758,1,759,0,927,2,928,0,1593,0]
11-10 04:52:16.535 2358 2358 I sysui_multi_action: [757,0,758,1,759,0,927,3,928,0,1593,0]
11-10 04:52:16.535 2358 2358 I sysui_multi_action: [757,491,758,1,759,491,927,4,928,0,1311,-1,1593,0]
11-10 04:52:16.535 2358 2358 I sysui_multi_action: [757,0,758,1,759,0,927,5,928,0,1593,0]
11-10 04:52:16.535 2358 2358 I sysui_multi_action: [757,111,758,1]
11-10 04:52:16.536 2358 2358 I sysui_multi_action: [757,126,758,1,759,126,927,0,928,0,1593,0]
11-10 04:52:16.536 2358 2358 I sysui_multi_action: [757,113,758,1,759,113,927,1,928,1,1593,0]
11-10 04:52:16.536 2358 2358 I sysui_multi_action: [757,0,758,1,759,0,927,2,928,0,1593,0]
11-10 04:52:16.536 2358 2358 I sysui_multi_action: [757,0,758,1,759,0,927,3,928,0,1593,0]
11-10 04:52:16.541 1443 1628 I sysui_multi_action: [319,100,322,98,325,1263,757,761,758,8,759,2,806,com.thundercomm.screensaver,871,android.service.dreams.DreamActivity,904,com.thundercomm.screensaver,905,0,1320,4,1321,2]
11-10 04:52:16.542 1443 1628 I wm_activity_launch_time: [0,193636870,com.thundercomm.screensaver/android.service.dreams.DreamActivity,98]
11-10 04:52:16.545 1443 1638 I am_wtf : [0,1443,system_server,-1,DisplayDeviceConfig,requesting nits when no mapping exists.]
11-10 04:52:16.546 1443 1638 I am_wtf : [0,1443,system_server,-1,DisplayDeviceConfig,requesting nits when no mapping exists.]
11-10 04:52:16.558 1443 1638 I am_wtf : [0,1443,system_server,-1,DisplayDeviceConfig,requesting nits when no mapping exists.]
11-10 04:52:16.559 1443 1994 I input_focus: [Focus entering 50b11b7 com.thundercomm.screensaver/android.service.dreams.DreamActivity (server),reason=Window became focusable. Previous reason: NOT_VISIBLE]
11-10 04:52:16.563 1443 1638 I am_wtf : [0,1443,system_server,-1,DisplayDeviceConfig,requesting nits when no mapping exists.]
11-10 04:52:16.575 1443 1638 I am_wtf : [0,1443,system_server,-1,DisplayDeviceConfig,requesting nits when no mapping exists.]
11-10 04:52:16.577 1443 1638 I am_wtf : [0,1443,system_server,-1,DisplayDeviceConfig,requesting nits when no mapping exists.]
11-10 04:52:16.592 1443 1638 I am_wtf : [0,1443,system_server,-1,DisplayDeviceConfig,requesting nits when no mapping exists.]
11-10 04:52:16.593 1443 1638 I am_wtf : [0,1443,system_server,-1,DisplayDeviceConfig,requesting nits when no mapping exists.]
11-10 04:52:16.609 1443 1638 I am_wtf : [0,1443,system_server,-1,DisplayDeviceConfig,requesting nits when no mapping exists.]
11-10 04:52:16.610 1443 1638 I am_wtf : [0,1443,system_server,-1,DisplayDeviceConfig,requesting nits when no mapping exists.]
11-10 04:52:16.627 1443 1638 I am_wtf : [0,1443,system_server,-1,DisplayDeviceConfig,requesting nits when no mapping exists.]
11-10 04:52:16.628 1443 1638 I am_wtf : [0,1443,system_server,-1,DisplayDeviceConfig,requesting nits when no mapping exists.]
11-10 04:52:16.644 1443 1638 I am_wtf : [0,1443,system_server,-1,DisplayDeviceConfig,requesting nits when no mapping exists.]
11-10 04:52:16.645 1443 1638 I am_wtf : [0,1443,system_server,-1,DisplayDeviceConfig,requesting nits when no mapping exists.]
11-10 04:52:16.660 1443 1638 I am_wtf : [0,1443,system_server,-1,DisplayDeviceConfig,requesting nits when no mapping exists.]
11-10 04:52:16.661 1443 1638 I am_wtf : [0,1443,system_server,-1,DisplayDeviceConfig,requesting nits when no mapping exists.]
11-10 04:52:16.830 1443 1631 I wm_stop_activity: [0,89456280,com.android.launcher3/.uioverrides.QuickstepLauncher]
11-10 04:52:16.869 2792 2792 I wm_on_stop_called: [89456280,com.android.launcher3.uioverrides.QuickstepLauncher,STOP_ACTIVITY_ITEM]
11-10 04:53:22.942 1443 1638 I am_uid_idle: 10069
11-10 04:54:42.248 1443 1756 I am_freeze: [3407,android.process.media]
11-10 04:54:42.250 1443 1756 I am_kill : [0,3407,android.process.media,925,Unable to freeze binder interface]
11-10 04:54:42.290 1443 3319 I am_proc_died: [0,3407,android.process.media,925,19]
11-10 04:54:42.291 1443 3319 I am_uid_stopped: 10022
11-10 04:54:42.308 1443 1637 I am_pss : [4594,10051,com.thundercomm.screensaver,65079296,57675776,0,185389056,0,2,12]
11-10 04:54:42.323 1443 1637 I am_pss : [5842,10090,com.android.music,62641152,55640064,0,184655872,0,2,12]
11-10 04:54:42.334 1443 1637 I am_pss : [5752,10063,com.android.gallery3d,38638592,30842880,0,164986880,0,19,9] --------- beginning of main
11-10 04:57:08.402 3274 3274 W hpplay-java: [main]:IPManager:getActiveNets invalid networkInfo:null
11-10 04:57:08.403 3274 3274 I hpplay-java: [main]:IPManager:getActiveNets eth0:false wifi:false mobile:false ap:false
11-10 04:57:08.403 3274 3274 I hpplay-java: [main]:ServerTaskManager:get local ip:null
11-10 04:57:08.419 647 662 I mpu_uart: [MSG-P:RECV]:No message received in 1000 ms
11-10 04:57:09.405 3274 3274 W hpplay-java: [main]:IPManager:getActiveNets invalid networkInfo:null
11-10 04:57:09.405 3274 3274 I hpplay-java: [main]:IPManager:getActiveNets eth0:false wifi:false mobile:false ap:false
11-10 04:57:09.405 3274 3274 I hpplay-java: [main]:ServerTaskManager:get local ip:null
11-10 04:57:09.419 647 662 I mpu_uart: [MSG-P:RECV]:No message received in 1000 ms
11-10 04:57:09.473 647 661 I mpu_uart: [MSG-P:R]:recv sync frame timeout
11-10 04:57:10.407 3274 3274 W hpplay-java: [main]:IPManager:getActiveNets invalid networkInfo:null
11-10 04:57:10.407 3274 3274 I hpplay-java: [main]:IPManager:getActiveNets eth0:false wifi:false mobile:false ap:false
11-10 04:57:10.407 3274 3274 I hpplay-java: [main]:ServerTaskManager:get local ip:null
11-10 04:57:10.419 647 662 I mpu_uart: [MSG-P:RECV]:No message received in 1000 ms
11-10 04:57:11.409 3274 3274 W hpplay-java: [main]:IPManager:getActiveNets invalid networkInfo:null
11-10 04:57:11.409 3274 3274 I hpplay-java: [main]:IPManager:getActiveNets eth0:false wifi:false mobile:false ap:false
11-10 04:57:11.409 3274 3274 I hpplay-java: [main]:ServerTaskManager:get local ip:null
11-10 04:57:11.419 647 662 I mpu_uart: [MSG-P:RECV]:No message received in 1000 ms
11-10 04:57:12.411 3274 3274 W hpplay-java: [main]:IPManager:getActiveNets invalid networkInfo:null
11-10 04:57:12.411 3274 3274 I hpplay-java: [main]:IPManager:getActiveNets eth0:false wifi:false mobile:false ap:false
11-10 04:57:12.411 3274 3274 I hpplay-java: [main]:ServerTaskManager:get local ip:null
11-10 04:57:12.419 647 662 I mpu_uart: [MSG-P:RECV]:No message received in 1000 ms
11-10 04:57:12.476 647 661 I mpu_uart: [MSG-P:R]:recv sync frame timeout
11-10 04:57:13.413 3274 3274 W hpplay-java: [main]:IPManager:getActiveNets invalid networkInfo:null
11-10 04:57:13.413 3274 3274 I hpplay-java: [main]:IPManager:getActiveNets eth0:false wifi:false mobile:false ap:false
11-10 04:57:13.413 3274 3274 I hpplay-java: [main]:ServerTaskManager:get local ip:null
11-10 04:57:13.420 647 662 I mpu_uart: [MSG-P:RECV]:No message received in 1000 ms
11-10 04:57:14.415 3274 3274 W hpplay-java: [main]:IPManager:getActiveNets invalid networkInfo:null
11-10 04:57:14.415 3274 3274 I hpplay-java: [main]:IPManager:getActiveNets eth0:false wifi:false mobile:false ap:false
11-10 04:57:14.415 3274 3274 I hpplay-java: [main]:ServerTaskManager:get local ip:null
11-10 04:57:14.420 647 662 I mpu_uart: [MSG-P:RECV]:No message received in 1000 ms
11-10 04:57:15.417 3274 3274 W hpplay-java: [main]:IPManager:getActiveNets invalid networkInfo:null
11-10 04:57:15.417 3274 3274 I hpplay-java: [main]:IPManager:getActiveNets eth0:false wifi:false mobile:false ap:false
11-10 04:57:15.417 3274 3274 I hpplay-java: [main]:ServerTaskManager:get local ip:null
11-10 04:57:15.420 647 662 I mpu_uart: [MSG-P:RECV]:No message received in 1000 ms
11-10 04:57:15.479 647 661 I mpu_uart: [MSG-P:R]:recv sync frame timeout
11-10 04:57:16.419 3274 3274 W hpplay-java: [main]:IPManager:getActiveNets invalid networkInfo:null
11-10 04:57:16.419 3274 3274 I hpplay-java: [main]:IPManager:getActiveNets eth0:false wifi:false mobile:false ap:false
11-10 04:57:16.419 3274 3274 I hpplay-java: [main]:ServerTaskManager:get local ip:null
11-10 04:57:16.420 647 662 I mpu_uart: [MSG-P:RECV]:No message received in 1000 ms
11-10 04:57:17.420 647 662 I mpu_uart: [MSG-P:RECV]:No message received in 1000 ms
11-10 04:57:17.421 3274 3274 W hpplay-java: [main]:IPManager:getActiveNets invalid networkInfo:null
11-10 04:57:17.421 3274 3274 I hpplay-java: [main]:IPManager:getActiveNets eth0:false wifi:false mobile:false ap:false
11-10 04:57:17.421 3274 3274 I hpplay-java: [main]:ServerTaskManager:get local ip:null
11-10 04:57:18.421 647 662 I mpu_uart: [MSG-P:RECV]:No message received in 1000 ms
11-10 04:57:18.423 3274 3274 W hpplay-java: [main]:IPManager:getActiveNets invalid networkInfo:null
11-10 04:57:18.423 3274 3274 I hpplay-java: [main]:IPManager:getActiveNets eth0:false wifi:false mobile:false ap:false
11-10 04:57:18.423 3274 3274 I hpplay-java: [main]:ServerTaskManager:get local ip:null
11-10 04:57:18.483 647 661 I mpu_uart: [MSG-P:R]:recv sync frame timeout
11-10 04:57:19.421 647 662 I mpu_uart: [MSG-P:RECV]:No message received in 1000 ms
11-10 04:57:19.425 3274 3274 W hpplay-java: [main]:IPManager:getActiveNets invalid networkInfo:null
11-10 04:57:19.425 3274 3274 I hpplay-java: [main]:IPManager:getActiveNets eth0:false wifi:false mobile:false ap:false
11-10 04:57:19.425 3274 3274 I hpplay-java: [main]:ServerTaskManager:get local ip:null
11-10 04:57:20.421 647 662 I mpu_uart: [MSG-P:RECV]:No message received in 1000 ms
11-10 04:57:20.426 3274 3274 W hpplay-java: [main]:IPManager:getActiveNets invalid networkInfo:null
11-10 04:57:20.426 3274 3274 I hpplay-java: [main]:IPManager:getActiveNets eth0:false wifi:false mobile:false ap:false
11-10 04:57:20.426 3274 3274 I hpplay-java: [main]:ServerTaskManager:get local ip:null
11-10 04:57:21.421 647 662 I mpu_uart: [MSG-P:RECV]:No message received in 1000 ms
11-10 04:57:21.428 3274 3274 W hpplay-java: [main]:IPManager:getActiveNets invalid networkInfo:null
11-10 04:57:21.428 3274 3274 I hpplay-java: [main]:IPManager:getActiveNets eth0:false wifi:false mobile:false ap:false
11-10 04:57:21.428 3274 3274 I hpplay-java: [main]:ServerTaskManager:get local ip:null
11-10 04:57:21.486 647 661 I mpu_uart: [MSG-P:R]:recv sync frame timeout
11-10 04:57:22.421 647 662 I mpu_uart: [MSG-P:RECV]:No message received in 1000 ms
11-10 04:57:22.430 3274 3274 W hpplay-java: [main]:IPManager:getActiveNets invalid networkInfo:null
11-10 04:57:22.430 3274 3274 I hpplay-java: [main]:IPManager:getActiveNets eth0:false wifi:false mobile:false ap:false
11-10 04:57:22.430 3274 3274 I hpplay-java: [main]:ServerTaskManager:get local ip:null
11-10 04:57:23.421 647 662 I mpu_uart: [MSG-P:RECV]:No message received in 1000 ms
11-10 04:57:23.432 3274 3274 W hpplay-java: [main]:IPManager:getActiveNets invalid networkInfo:null
11-10 04:57:23.432 3274 3274 I hpplay-java: [main]:IPManager:getActiveNets eth0:false wifi:false mobile:false ap:false
11-10 04:57:23.432 3274 3274 I hpplay-java: [main]:ServerTaskManager:get local ip:null
11-10 04:57:24.422 647 662 I mpu_uart: [MSG-P:RECV]:No message received in 1000 ms
11-10 04:57:24.434 3274 3274 W hpplay-java: [main]:IPManager:getActiveNets invalid networkInfo:null
11-10 04:57:24.434 3274 3274 I hpplay-java: [main]:IPManager:getActiveNets eth0:false wifi:false mobile:false ap:false
11-10 04:57:24.434 3274 3274 I hpplay-java: [main]:ServerTaskManager:get local ip:null
11-10 04:57:24.489 647 661 I mpu_uart: [MSG-P:R]:recv sync frame timeout
11-10 04:57:24.496 1182 1238 I selfinstaller: create socket failed: Network is unreachable 101
11-10 04:57:25.422 647 662 I mpu_uart: [MSG-P:RECV]:No message received in 1000 ms
11-10 04:57:25.436 3274 3274 W hpplay-java: [main]:IPManager:getActiveNets invalid networkInfo:null
11-10 04:57:25.436 3274 3274 I hpplay-java: [main]:IPManager:getActiveNets eth0:false wifi:false mobile:false ap:false
11-10 04:57:25.436 3274 3274 I hpplay-java: [main]:ServerTaskManager:get local ip:null
11-10 04:57:26.422 647 662 I mpu_uart: [MSG-P:RECV]:No message received in 1000 ms
11-10 04:57:26.438 3274 3274 W hpplay-java: [main]:IPManager:getActiveNets invalid networkInfo:null
11-10 04:57:26.438 3274 3274 I hpplay-java: [main]:IPManager:getActiveNets eth0:false wifi:false mobile:false ap:false
11-10 04:57:26.438 3274 3274 I hpplay-java: [main]:ServerTaskManager:get local ip:null
11-10 04:57:27.422 647 662 I mpu_uart: [MSG-P:RECV]:No message received in 1000 ms
11-10 04:57:27.440 3274 3274 W hpplay-java: [main]:IPManager:getActiveNets invalid networkInfo:null
11-10 04:57:27.440 3274 3274 I hpplay-java: [main]:IPManager:getActiveNets eth0:false wifi:false mobile:false ap:false
11-10 04:57:27.440 3274 3274 I hpplay-java: [main]:ServerTaskManager:get local ip:null
11-10 04:57:27.492 647 661 I mpu_uart: [MSG-P:R]:recv sync frame timeout
11-10 04:57:28.422 647 662 I mpu_uart: [MSG-P:RECV]:No message received in 1000 ms
11-10 04:57:28.442 3274 3274 W hpplay-java: [main]:IPManager:getActiveNets invalid networkInfo:null
11-10 04:57:28.442 3274 3274 I hpplay-java: [main]:IPManager:getActiveNets eth0:false wifi:false mobile:false ap:false
11-10 04:57:28.442 3274 3274 I hpplay-java: [main]:ServerTaskManager:get local ip:null
11-10 04:57:29.423 647 662 I mpu_uart: [MSG-P:RECV]:No message received in 1000 ms
11-10 04:57:29.444 3274 3274 W hpplay-java: [main]:IPManager:getActiveNets invalid networkInfo:null
11-10 04:57:29.444 3274 3274 I hpplay-java: [main]:IPManager:getActiveNets eth0:false wifi:false mobile:false ap:false
11-10 04:57:29.444 3274 3274 I hpplay-java: [main]:ServerTaskManager:get local ip:null
11-10 04:57:30.423 647 662 I mpu_uart: [MSG-P:RECV]:No message received in 1000 ms
11-10 04:57:30.446 3274 3274 W hpplay-java: [main]:IPManager:getActiveNets invalid networkInfo:null
11-10 04:57:30.446 3274 3274 I hpplay-java: [main]:IPManager:getActiveNets eth0:false wifi:false mobile:false ap:false
11-10 04:57:30.446 3274 3274 I hpplay-java: [main]:ServerTaskManager:get local ip:null
11-10 04:57:30.496 647 661 I mpu_uart: [MSG-P:R]:recv sync frame timeout
11-10 04:57:31.423 647 662 I mpu_uart: [MSG-P:RECV]:No message received in 1000 ms
11-10 04:57:31.448 3274 3274 W hpplay-java: [main]:IPManager:getActiveNets invalid networkInfo:null
11-10 04:57:31.448 3274 3274 I hpplay-java: [main]:IPManager:getActiveNets eth0:false wifi:false mobile:false ap:false
11-10 04:57:31.448 3274 3274 I hpplay-java: [main]:ServerTaskManager:get local ip:null
11-10 04:57:32.423 647 662 I mpu_uart: [MSG-P:RECV]:No message received in 1000 ms
11-10 04:57:32.450 3274 3274 W hpplay-java: [main]:IPManager:getActiveNets invalid networkInfo:null
11-10 04:57:32.450 3274 3274 I hpplay-java: [main]:IPManager:getActiveNets eth0:false wifi:false mobile:false ap:false
11-10 04:57:32.450 3274 3274 I hpplay-java: [main]:ServerTaskManager:get local ip:null
11-10 04:57:33.423 647 662 I mpu_uart: [MSG-P:RECV]:No message received in 1000 ms
11-10 04:57:33.452 3274 3274 W hpplay-java: [main]:IPManager:getActiveNets invalid networkInfo:null
11-10 04:57:33.452 3274 3274 I hpplay-java: [main]:IPManager:getActiveNets eth0:false wifi:false mobile:false ap:false
11-10 04:57:33.452 3274 3274 I hpplay-java: [main]:ServerTaskManager:get local ip:null
11-10 04:57:33.499 647 661 I mpu_uart: [MSG-P:R]:recv sync frame timeout
11-10 04:57:34.424 647 662 I mpu_uart: [MSG-P:RECV]:No message received in 1000 ms
11-10 04:57:34.454 3274 3274 W hpplay-java: [main]:IPManager:getActiveNets invalid networkInfo:null
11-10 04:57:34.454 3274 3274 I hpplay-java: [main]:IPManager:getActiveNets eth0:false wifi:false mobile:false ap:false
11-10 04:57:34.454 3274 3274 I hpplay-java: [main]:ServerTaskManager:get local ip:null
11-10 04:57:35.424 647 662 I mpu_uart: [MSG-P:RECV]:No message received in 1000 ms
11-10 04:57:35.456 3274 3274 W hpplay-java: [main]:IPManager:getActiveNets invalid networkInfo:null
11-10 04:57:35.456 3274 3274 I hpplay-java: [main]:IPManager:getActiveNets eth0:false wifi:false mobile:false ap:false
11-10 04:57:35.457 3274 3274 I hpplay-java: [main]:ServerTaskManager:get local ip:null
11-10 04:57:36.424 647 662 I mpu_uart: [MSG-P:RECV]:No message received in 1000 ms
11-10 04:57:36.458 3274 3274 W hpplay-java: [main]:IPManager:getActiveNets invalid networkInfo:null
11-10 04:57:36.459 3274 3274 I hpplay-java: [main]:IPManager:getActiveNets eth0:false wifi:false mobile:false ap:false
11-10 04:57:36.459 3274 3274 I hpplay-java: [main]:ServerTaskManager:get local ip:null
11-10 04:57:36.502 647 661 I mpu_uart: [MSG-P:R]:recv sync frame timeout
11-10 04:57:37.424 647 662 I mpu_uart: [MSG-P:RECV]:No message received in 1000 ms
11-10 04:57:37.461 3274 3274 W hpplay-java: [main]:IPManager:getActiveNets invalid networkInfo:null
11-10 04:57:37.461 3274 3274 I hpplay-java: [main]:IPManager:getActiveNets eth0:false wifi:false mobile:false ap:false
11-10 04:57:37.461 3274 3274 I hpplay-java: [main]:ServerTaskManager:get local ip:null
11-10 04:57:38.424 647 662 I mpu_uart: [MSG-P:RECV]:No message received in 1000 ms
11-10 04:57:38.463 3274 3274 W hpplay-java: [main]:IPManager:getActiveNets invalid networkInfo:null
11-10 04:57:38.463 3274 3274 I hpplay-java: [main]:IPManager:getActiveNets eth0:false wifi:false mobile:false ap:false
11-10 04:57:38.463 3274 3274 I hpplay-java: [main]:ServerTaskManager:get local ip:null
11-10 04:57:39.424 647 662 I mpu_uart: [MSG-P:RECV]:No message received in 1000 ms
11-10 04:57:39.465 3274 3274 W hpplay-java: [main]:IPManager:getActiveNets invalid networkInfo:null
11-10 04:57:39.465 3274 3274 I hpplay-java: [main]:IPManager:getActiveNets eth0:false wifi:false mobile:false ap:false
11-10 04:57:39.465 3274 3274 I hpplay-java: [main]:ServerTaskManager:get local ip:null
11-10 04:57:39.505 647 661 I mpu_uart: [MSG-P:R]:recv sync frame timeout
11-10 04:57:40.425 647 662 I mpu_uart: [MSG-P:RECV]:No message received in 1000 ms
11-10 04:57:40.467 3274 3274 W hpplay-java: [main]:IPManager:getActiveNets invalid networkInfo:null
11-10 04:57:40.467 3274 3274 I hpplay-java: [main]:IPManager:getActiveNets eth0:false wifi:false mobile:false ap:false
11-10 04:57:40.467 3274 3274 I hpplay-java: [main]:ServerTaskManager:get local ip:null
11-10 04:57:41.425 647 662 I mpu_uart: [MSG-P:RECV]:No message received in 1000 ms
11-10 04:57:41.469 3274 3274 W hpplay-java: [main]:IPManager:getActiveNets invalid networkInfo:null
11-10 04:57:41.469 3274 3274 I hpplay-java: [main]:IPManager:getActiveNets eth0:false wifi:false mobile:false ap:false
11-10 04:57:41.469 3274 3274 I hpplay-java: [main]:ServerTaskManager:get local ip:null
11-10 04:57:42.425 647 662 I mpu_uart: [MSG-P:RECV]:No message received in 1000 ms
11-10 04:57:42.472 3274 3274 W hpplay-java: [main]:IPManager:getActiveNets invalid networkInfo:null
11-10 04:57:42.472 3274 3274 I hpplay-java: [main]:IPManager:getActiveNets eth0:false wifi:false mobile:false ap:false
11-10 04:57:42.472 3274 3274 I hpplay-java: [main]:ServerTaskManager:get local ip:null
11-10 04:57:42.509 647 661 I mpu_uart: [MSG-P:R]:recv sync frame timeout
11-10 04:57:43.425 647 662 I mpu_uart: [MSG-P:RECV]:No message received in 1000 ms
11-10 04:57:43.474 3274 3274 W hpplay-java: [main]:IPManager:getActiveNets invalid networkInfo:null
11-10 04:57:43.474 3274 3274 I hpplay-java: [main]:IPManager:getActiveNets eth0:false wifi:false mobile:false ap:false
11-10 04:57:43.474 3274 3274 I hpplay-java: [main]:ServerTaskManager:get local ip:null
11-10 04:57:44.340 3274 3274 I hpplay-java: [main]:IMTask:getIMRoot
11-10 04:57:44.349 3274 5963 W hpplay-java: [AsyncTask #92]:HttpRequest:
11-10 04:57:44.350 3274 5963 W hpplay-java: [AsyncTask #92]:HttpRequest:
11-10 04:57:44.352 3274 5963 W hpplay-java: [AsyncTask #92]:HttpRequest:
11-10 04:57:44.352 3274 3274 E hpplay-java: [main]:IMTask:getIMRoot failed
11-10 04:57:44.425 647 662 I mpu_uart: [MSG-P:RECV]:No message received in 1000 ms
11-10 04:57:44.474 3274 3274 W hpplay-java: [main]:IPManager:getActiveNets invalid networkInfo:null
11-10 04:57:44.474 3274 3274 I hpplay-java: [main]:IPManager:getActiveNets eth0:false wifi:false mobile:false ap:false
11-10 04:57:44.475 3274 3274 I hpplay-java: [main]:ServerTaskManager:get local ip:null
11-10 04:57:44.690 1443 1994 I input_interaction: Interaction with: 50b11b7 com.thundercomm.screensaver/android.service.dreams.DreamActivity (server), edge-swipe (server), swipe-up (server), PointerEventDispatcher0 (server),
11-10 04:57:44.696 1443 2433 I wm_finish_activity: [0,193636870,20,com.thundercomm.screensaver/android.service.dreams.DreamActivity,finish-activity]
11-10 04:57:44.697 1443 2433 I wm_task_moved: [19,1,6]
11-10 04:57:44.697 1443 2433 I wm_task_to_front: [0,19]
11-10 04:57:44.699 1443 2433 I wm_set_resumed_activity: [0,com.android.music/.VideoBrowserActivity,positionChildAt]
11-10 04:57:44.699 1443 2433 I wm_focused_root_task: [0,0,19,20,finish-top adjustFocusToNextFocusableTask]
11-10 04:57:44.699 1443 2433 I wm_set_resumed_activity: [0,com.android.music/.VideoBrowserActivity,finish-top]
11-10 04:57:44.700 1443 2433 D ActivityTrigger: ActivityTrigger activityPauseTrigger
11-10 04:57:44.702 1443 2433 I wm_pause_activity: [0,193636870,com.thundercomm.screensaver/android.service.dreams.DreamActivity,userLeaving=false,finish] --------- beginning of system
11-10 04:57:44.711 1443 3557 I DreamManagerService: Gently waking up from dream.
11-10 04:57:44.712 4594 4594 I wm_on_top_resumed_lost_called: [193636870,android.service.dreams.DreamActivity,topStateChangedWhenResumed]
11-10 04:57:44.712 1443 1628 I DreamManagerService: Performing gentle wake from dream.
11-10 04:57:44.713 4594 4594 I wm_on_paused_called: [193636870,android.service.dreams.DreamActivity,performPause]
11-10 04:57:44.713 5842 5842 I wm_on_top_resumed_gained_called: [48372709,com.android.music.VideoBrowserActivity,topStateChangedWhenResumed]
11-10 04:57:44.716 1443 3557 I ActivityTaskManager: FOREGROUND_APPLICATION_CHANGED to com.android.launcher3.uioverrides.QuickstepLauncher
11-10 04:57:44.719 2358 2864 D KeyguardViewMediator: setOccluded false
11-10 04:57:44.721 1443 3557 I wm_resume_activity: [0,89456280,10,com.android.launcher3/.uioverrides.QuickstepLauncher]
11-10 04:57:44.722 2358 2358 D StatusBar: disable disable2
11-10 04:57:44.723 1443 3557 I ActivityTaskManager: FOREGROUND_APPLICATION_CHANGED to com.android.music.VideoBrowserActivity
11-10 04:57:44.725 2358 2358 D KeyguardViewMediator: adjustStatusBarLocked: mShowing=false mOccluded=false isSecure=false force=false --> flags=0x0
11-10 04:57:44.733 4594 4594 I view_enqueue_input_event: [Motion - Cancel,com.thundercomm.screensaver/android.service.dreams.DreamActivity]
11-10 04:57:44.734 1443 1994 I input_focus: [Focus leaving 50b11b7 com.thundercomm.screensaver/android.service.dreams.DreamActivity (server),reason=NO_WINDOW]
11-10 04:57:44.738 1443 1631 I sysui_multi_action: [757,803,799,window_time_0,802,329]
11-10 04:57:44.740 1443 1631 I sysui_multi_action: [757,803,799,window_time_2,802,0]
11-10 04:57:44.742 1193 5251 I OMX-VENC: venc_dev: stats: avg. fps 0.24, bitrate 499
11-10 04:57:44.741 4253 4266 I GameMode_ActivityMonitoringService: onForegroundActivitiesChanged uid 10077 pid 2792 fg true
11-10 04:57:44.742 4253 4266 I GameMode_ActivityMonitoringService: onForegroundActivitiesChanged uid 10051 pid 4594 fg false
11-10 04:57:44.753 2792 2792 I wm_on_restart_called: [89456280,com.android.launcher3.uioverrides.QuickstepLauncher,performRestartActivity]
11-10 04:57:44.754 2792 2792 I wm_on_start_called: [89456280,com.android.launcher3.uioverrides.QuickstepLauncher,handleStartActivity]
11-10 04:57:44.754 2792 2792 I wm_on_resume_called: [89456280,com.android.launcher3.uioverrides.QuickstepLauncher,RESUME_ACTIVITY]
11-10 04:57:44.755 4253 4288 I GameMode_ActivityMonitoringService: Updating top task to: TaskInfoContainer [topActivity=ComponentInfo{com.android.music/com.android.music.VideoBrowserActivity}, taskId=19, stackId=19, userId=0, displayId=0, position=6
11-10 04:57:44.755 1443 1632 I input_focus: [Focus request a257ae3 com.android.music/com.android.music.VideoBrowserActivity,reason=UpdateInputWindows]
11-10 04:57:44.755 4253 4288 I GameMode_ActivityMonitoringService: Notifying about top task: TaskInfoContainer [topActivity=ComponentInfo{com.android.music/com.android.music.VideoBrowserActivity}, taskId=19, stackId=19, userId=0, displayId=0, position=6
11-10 04:57:44.758 4253 4288 D GameMode_GameMode: Show GameMode entry by service!
11-10 04:57:44.759 4253 4288 W ContextImpl: Calling a method in the system process without a qualified user: android.app.ContextImpl.startService:1816 android.content.ContextWrapper.startService:774 com.thundercomm.gamemode.ingame.services.GameModeActionUtils.startGameModeService:93 com.thundercomm.gamemode.ingame.services.GameModeActionUtils.startGameModeEntry:21 com.thundercomm.gamemode.ingame.services.ActivityMonitoringService$1.onActivityLaunch:122
11-10 04:57:44.761 4253 4253 D GameMode_GameMode: type=hide_entry
11-10 04:57:44.761 4253 4288 D GameMode: getUriFor setting_content_uri_root = content://com.thundercomm.gamemode.api/gamemode_settings , name = gamemode_isgaming
11-10 04:57:44.764 1443 1994 I input_focus: [Focus entering a257ae3 com.android.music/com.android.music.VideoBrowserActivity (server),reason=setFocusedWindow]
11-10 04:57:44.766 1443 1443 I GameModeConfig: Current uri is uri = content://com.thundercomm.gamemode.api/gamemode_settings/gamemode_isgaming
11-10 04:57:44.766 1443 1443 D GameMode: getUriFor setting_content_uri_root = content://com.thundercomm.gamemode.api/gamemode_settings , name = gamemode_isgaming
11-10 04:57:44.766 4253 4288 D GameMode: gamemode_isgaming set to 0
11-10 04:57:44.767 1443 1443 I am_uid_active: 10069
11-10 04:57:44.770 4253 4288 I GameMode_ActivityMonitoringService: Updating top task to: TaskInfoContainer [topActivity=ComponentInfo{com.android.music/com.android.music.VideoBrowserActivity}, taskId=19, stackId=19, userId=0, displayId=0, position=6
11-10 04:57:44.771 4253 4288 I GameMode_ActivityMonitoringService: Notifying about top task: TaskInfoContainer [topActivity=ComponentInfo{com.android.music/com.android.music.VideoBrowserActivity}, taskId=19, stackId=19, userId=0, displayId=0, position=6
11-10 04:57:44.771 1443 1443 I GameModeConfig: isGameModeOn = false
11-10 04:57:44.772 4253 4288 D GameMode_GameMode: Show GameMode entry by service!
11-10 04:57:44.772 1443 1443 I GameModeConfig: isGameModeOn = false
11-10 04:57:44.772 1443 1443 I GameModeConfig: isDisableVoice = true
11-10 04:57:44.772 4253 4288 W ContextImpl: Calling a method in the system process without a qualified user: android.app.ContextImpl.startService:1816 android.content.ContextWrapper.startService:774 com.thundercomm.gamemode.ingame.services.GameModeActionUtils.startGameModeService:93 com.thundercomm.gamemode.ingame.services.GameModeActionUtils.startGameModeEntry:21 com.thundercomm.gamemode.ingame.services.ActivityMonitoringService$1.onActivityLaunch:122
11-10 04:57:44.774 4253 4288 D GameMode: getUriFor setting_content_uri_root = content://com.thundercomm.gamemode.api/gamemode_settings , name = gamemode_isgaming
11-10 04:57:44.776 1443 1443 I GameModeConfig: Current uri is uri = content://com.thundercomm.gamemode.api/gamemode_settings/gamemode_isgaming
11-10 04:57:44.776 1443 1443 D GameMode: getUriFor setting_content_uri_root = content://com.thundercomm.gamemode.api/gamemode_settings , name = gamemode_isgaming
11-10 04:57:44.778 1443 1443 I GameModeConfig: isGameModeOn = false
11-10 04:57:44.779 1443 1443 I GameModeConfig: isGameModeOn = false
11-10 04:57:44.779 1443 1443 I GameModeConfig: isDisableVoice = true
11-10 04:57:44.781 4253 4253 D GameMode_GameSettingsObserver: Game Data change!!!! uri = content://com.thundercomm.gamemode.api/gamemode_settings/gamemode_isgaming
11-10 04:57:44.781 4253 4253 D GameMode: getUriFor setting_content_uri_root = content://com.thundercomm.gamemode.api/gamemode_settings , name = gamemode_isgaming
11-10 04:57:44.782 4253 4288 D GameMode: gamemode_isgaming set to 0
11-10 04:57:44.785 4253 4253 D GameMode_GameMode: type=hide_entry
11-10 04:57:44.788 1443 1637 I am_pss : [2341,1002,com.android.bluetooth,34083840,29401088,0,140804096,0,0,7]
11-10 04:57:44.794 1443 1637 I am_pss : [3443,10074,com.qualcomm.location.XT,6876160,4665344,0,94056448,0,6,5]
11-10 04:57:44.807 4253 4253 D GameMode_GameSettingsObserver: Game Data change!!!! uri = content://com.thundercomm.gamemode.api/gamemode_settings/gamemode_isgaming
11-10 04:57:44.807 4253 4253 D GameMode: getUriFor setting_content_uri_root = content://com.thundercomm.gamemode.api/gamemode_settings , name = gamemode_isgaming
11-10 04:57:44.808 1443 1637 I am_pss : [3750,10035,com.baidu.input,85520384,78917632,0,201588736,0,7,9]
11-10 04:57:44.810 4253 4253 D GameMode_GameMode:GameModeService: updateGlobalSettings = gamemode_isgaming
11-10 04:57:44.810 4253 4253 D GameMode_GameMode:GameModeService: updateGlobalSettings = gamemode_isgaming
11-10 04:57:44.815 1443 1637 I am_pss : [3056,10096,android.ext.services,11721728,6209536,0,106188800,0,5,6]
11-10 04:57:44.822 1443 1637 I am_pss : [2591,1001,.dataservices,8240128,6008832,0,95035392,0,0,6]
11-10 04:57:44.827 4253 4266 I GameMode_ActivityMonitoringService: onTaskStackChanged
11-10 04:57:44.829 1443 1637 I am_pss : [2510,1073,com.android.networkstack.process,10757120,7872512,0,104480768,0,0,6]
11-10 04:57:44.833 4253 4288 I GameMode_ActivityMonitoringService: Updating top task to: TaskInfoContainer [topActivity=ComponentInfo{com.android.music/com.android.music.VideoBrowserActivity}, taskId=19, stackId=19, userId=0, displayId=0, position=6
11-10 04:57:44.834 4253 4288 I GameMode_ActivityMonitoringService: Notifying about top task: TaskInfoContainer [topActivity=ComponentInfo{com.android.music/com.android.music.VideoBrowserActivity}, taskId=19, stackId=19, userId=0, displayId=0, position=6
11-10 04:57:44.835 4253 4288 D GameMode_GameMode: Show GameMode entry by service!
11-10 04:57:44.836 4253 4288 W ContextImpl: Calling a method in the system process without a qualified user: android.app.ContextImpl.startService:1816 android.content.ContextWrapper.startService:774 com.thundercomm.gamemode.ingame.services.GameModeActionUtils.startGameModeService:93 com.thundercomm.gamemode.ingame.services.GameModeActionUtils.startGameModeEntry:21 com.thundercomm.gamemode.ingame.services.ActivityMonitoringService$1.onActivityLaunch:122
11-10 04:57:44.838 4253 4253 D GameMode_GameMode: type=hide_entry
11-10 04:57:44.839 4253 4288 D GameMode: getUriFor setting_content_uri_root = content://com.thundercomm.gamemode.api/gamemode_settings , name = gamemode_isgaming
11-10 04:57:44.842 1443 1637 I am_pss : [2358,10082,com.android.systemui,91636736,69394432,0,259424256,0,0,11]
11-10 04:57:44.844 1443 1443 I GameModeConfig: Current uri is uri = content://com.thundercomm.gamemode.api/gamemode_settings/gamemode_isgaming
11-10 04:57:44.844 1443 1443 D GameMode: getUriFor setting_content_uri_root = content://com.thundercomm.gamemode.api/gamemode_settings , name = gamemode_isgaming
11-10 04:57:44.844 4253 4288 D GameMode: gamemode_isgaming set to 0
11-10 04:57:44.846 1443 1443 I GameModeConfig: isGameModeOn = false
11-10 04:57:44.847 1443 1443 I GameModeConfig: isGameModeOn = false
11-10 04:57:44.847 1443 1443 I GameModeConfig: isDisableVoice = true
11-10 04:57:44.849 1443 1654 I PowerManagerService: Powering on display group fromDreaming (groupId=0, uid=1000, reason=WAKE_REASON_UNKNOWN, details=android.server.power:DREAM_FINISHED)...
11-10 04:57:44.849 1443 1654 I PowerManagerService: Waking up from Dreaming (uid=1000, reason=WAKE_REASON_UNKNOWN, details=android.server.power:DREAM_FINISHED)...
11-10 04:57:44.850 1443 3319 I wm_destroy_activity: [0,193636870,20,com.thundercomm.screensaver/android.service.dreams.DreamActivity,finish-idle]
11-10 04:57:44.852 4594 4594 I wm_on_stop_called: [193636870,android.service.dreams.DreamActivity,LIFECYCLER_STOP_ACTIVITY]
11-10 04:57:44.853 4594 4594 I wm_on_destroy_called: [193636870,android.service.dreams.DreamActivity,performDestroy]
11-10 04:57:44.854 1443 3319 I DreamManagerService: Leaving dreamland.
11-10 04:57:44.855 1443 1628 I DreamManagerService: Performing gentle wake from dream.
11-10 04:57:44.855 1443 1628 I DreamController: Stopping dream: name=ComponentInfo{com.thundercomm.screensaver/com.thundercomm.saverclock.service.ClockScreensaver}, isTest=false, canDoze=false, userId=0, reason='finished self'(from 'finished self')
11-10 04:57:44.855 1443 1628 I sysui_multi_action: [757,222,758,2]
11-10 04:57:44.855 1443 1628 I sysui_multi_action: [757,804,799,dreaming_minutes,801,5,802,1]
11-10 04:57:44.860 1443 3319 W InputManager-JNI: Input channel object '50b11b7 com.thundercomm.screensaver/android.service.dreams.DreamActivity (client)' was disposed without first being removed with the input manager!
11-10 04:57:44.863 1443 1637 I am_pss : [1443,1000,system,231085056,139063296,0,559255552,0,0,18]
11-10 04:57:44.867 4253 4253 D GameMode_GameSettingsObserver: Game Data change!!!! uri = content://com.thundercomm.gamemode.api/gamemode_settings/gamemode_isgaming
11-10 04:57:44.867 4253 4253 D GameMode: getUriFor setting_content_uri_root = content://com.thundercomm.gamemode.api/gamemode_settings , name = gamemode_isgaming
11-10 04:57:44.869 4253 4253 D GameMode_GameMode:GameModeService: updateGlobalSettings = gamemode_isgaming
11-10 04:57:44.872 1443 1637 I am_pss : [5842,10090,com.android.music,62827520,55689216,0,184655872,0,2,7]
11-10 04:57:45.063 1443 1632 I wm_task_removed: [20,removeChild:removeChild last r=ActivityRecord{b8aaa06 u0 com.thundercomm.screensaver/android.service.dreams.DreamActivity t-1 f}} in t=Task{6773643 #20 type=dream A=10051:android:com.thundercomm.screensaver/dream U=0 visible=false mode=fullscreen translucent=true sz=0}]
11-10 04:57:45.063 1443 1632 I wm_task_removed: [20,removeChild]
11-10 04:57:45.065 1443 1632 W ActivityTaskManager: Can't find TaskDisplayArea to determine support for multi window. Task id=20 attached=false
11-10 04:57:45.426 647 662 I mpu_uart: [MSG-P:RECV]:No message received in 1000 ms
11-10 04:57:45.477 3274 3274 W hpplay-java: [main]:IPManager:getActiveNets invalid networkInfo:null
11-10 04:57:45.477 3274 3274 I hpplay-java: [main]:IPManager:getActiveNets eth0:false wifi:false mobile:false ap:false
11-10 04:57:45.477 3274 3274 I hpplay-java: [main]:ServerTaskManager:get local ip:null
11-10 04:57:45.512 647 661 I mpu_uart: [MSG-P:R]:recv sync frame timeout
11-10 04:57:45.749 1443 1994 I input_interaction: Interaction with: a257ae3 com.android.music/com.android.music.VideoBrowserActivity (server), edge-swipe (server), swipe-up (server), PointerEventDispatcher0 (server),
11-10 04:57:45.752 5842 5842 D DecorView: onTouchEvent: action0
11-10 04:57:45.752 5842 5842 D DecorView: onTouchEvent: interval1668027465752
11-10 04:57:45.782 5842 5842 D DecorView: onTouchEvent: action2
11-10 04:57:45.798 5842 5842 D DecorView: onTouchEvent: action2
11-10 04:57:45.810 1193 5251 I OMX-VENC: venc_dev: stats: avg. fps 25.28, bitrate 887237
11-10 04:57:45.832 5842 5842 D DecorView: onTouchEvent: action2
11-10 04:57:45.838 5842 5842 D DecorView: onTouchEvent: action1
11-10 04:57:45.838 5842 5842 D DecorView: onTouchEvent: ACTION_UPfalse
11-10 04:57:46.090 5842 5842 D DecorView: onTouchEvent mIsDoubleCLick:false
11-10 04:57:46.090 5842 5842 D DecorView: onTouchEvent: onConfigurationMiniChanged
11-10 04:57:46.426 647 662 I mpu_uart: [MSG-P:RECV]:No message received in 1000 ms
11-10 04:57:46.478 3274 3274 W hpplay-java: [main]:IPManager:getActiveNets invalid networkInfo:null
11-10 04:57:46.479 3274 3274 I hpplay-java: [main]:IPManager:getActiveNets eth0:false wifi:false mobile:false ap:false
11-10 04:57:46.479 3274 3274 I hpplay-java: [main]:ServerTaskManager:get local ip:null
11-10 04:57:46.852 1193 5251 I OMX-VENC: venc_dev: stats: avg. fps 11.52, bitrate 242987
11-10 04:57:47.426 647 662 I mpu_uart: [MSG-P:RECV]:No message received in 1000 ms
11-10 04:57:47.481 3274 3274 W hpplay-java: [main]:IPManager:getActiveNets invalid networkInfo:null
11-10 04:57:47.481 3274 3274 I hpplay-java: [main]:IPManager:getActiveNets eth0:false wifi:false mobile:false ap:false
11-10 04:57:47.481 3274 3274 I hpplay-java: [main]:ServerTaskManager:get local ip:null
11-10 04:57:48.427 647 662 I mpu_uart: [MSG-P:RECV]:No message received in 1000 ms
11-10 04:57:48.483 3274 3274 W hpplay-java: [main]:IPManager:getActiveNets invalid networkInfo:null
11-10 04:57:48.483 3274 3274 I hpplay-java: [main]:IPManager:getActiveNets eth0:false wifi:false mobile:false ap:false
11-10 04:57:48.483 3274 3274 I hpplay-java: [main]:ServerTaskManager:get local ip:null
11-10 04:57:48.514 647 661 I mpu_uart: [MSG-P:R]:recv sync frame timeout
11-10 04:57:48.698 1443 1631 I EventSequenceValidator: Transition from ACTIVITY_FINISHED to INTENT_STARTED
11-10 04:57:48.699 1443 5913 I ActivityTaskManager: START u0 {act=android.intent.action.VIEW dat=content://media/external/video/media/21 typ=video/mp4 cmp=com.android.gallery3d/.app.MovieActivity (has extras)} from uid 10090
11-10 04:57:48.705 1193 5251 I OMX-VENC: venc_dev: stats: avg. fps 2.16, bitrate 39719
11-10 04:57:48.712 1443 5913 I wm_task_moved: [19,1,6]
11-10 04:57:48.712 1443 5913 I wm_set_resumed_activity: [0,com.android.music/.VideoBrowserActivity,positionChildAt]
11-10 04:57:48.712 1443 5913 I wm_create_activity: [0,216375448,19,com.android.gallery3d/.app.MovieActivity,android.intent.action.VIEW,video/mp4,content://media/external/video/media/21,0]
11-10 04:57:48.713 1443 5913 D CompatibilityChangeReporter: Compat change id reported: 168419799; UID 10063; state: DISABLED
11-10 04:57:48.713 1443 5913 D CompatibilityInfo: mCompatibilityFlags - 4
11-10 04:57:48.713 1443 5913 D CompatibilityInfo: applicationDensity - 240
11-10 04:57:48.713 1443 5913 D CompatibilityInfo: applicationScale - 1.0
11-10 04:57:48.714 1443 5913 D ActivityTrigger: ActivityTrigger activityPauseTrigger
11-10 04:57:48.715 1443 5913 I wm_pause_activity: [0,48372709,com.android.music/.VideoBrowserActivity,userLeaving=true,resumeTopActivityInnerLocked]
11-10 04:57:48.722 1443 1631 I EventSequenceValidator: Transition from INTENT_STARTED to ACTIVITY_LAUNCHED
11-10 04:57:48.723 5842 5842 I wm_on_top_resumed_lost_called: [48372709,com.android.music.VideoBrowserActivity,topStateChangedWhenResumed]
