11-10 04:41:41.922 1443 1756 I am_kill : [0,4267,com.android.localtransport,945,Unable to freeze binder interface]
11-10 04:41:41.961 1443 1589 I am_proc_died: [0,4267,com.android.localtransport,945,19]
11-10 04:41:42.432 1443 1756 I am_freeze: [3597,com.android.externalstorage]
11-10 04:41:42.433 1443 1756 I am_kill : [0,3597,com.android.externalstorage,945,Unable to freeze binder interface]
11-10 04:41:42.470 1443 1589 I am_proc_died: [0,3597,com.android.externalstorage,945,19]
11-10 04:41:42.471 1443 1589 I am_uid_stopped: 10032
11-10 04:41:42.887 1443 1756 I am_freeze: [3995,com.android.gallery3d]
11-10 04:41:42.889 1443 1756 I am_kill : [0,3995,com.android.gallery3d,935,Unable to freeze binder interface]
11-10 04:41:42.919 1443 1589 I am_proc_died: [0,3995,com.android.gallery3d,935,19]
11-10 04:41:42.920 1443 1589 I am_uid_stopped: 10063
11-10 04:41:46.000 1443 1756 I am_freeze: [3764,com.android.providers.calendar]
11-10 04:41:46.002 1443 1756 I am_kill : [0,3764,com.android.providers.calendar,965,Unable to freeze binder interface]
11-10 04:41:46.037 1443 2417 I am_proc_died: [0,3764,com.android.providers.calendar,965,19]
11-10 04:41:46.037 1443 2417 I am_uid_stopped: 10019
11-10 04:41:47.217 1443 1756 I am_freeze: [4435,com.qualcomm.qti.qms.service.trustzoneaccess]
11-10 04:41:47.219 1443 1756 I am_kill : [0,4435,com.qualcomm.qti.qms.service.trustzoneaccess,955,Unable to freeze binder interface]
11-10 04:41:47.251 1443 2417 I am_proc_died: [0,4435,com.qualcomm.qti.qms.service.trustzoneaccess,955,19]
11-10 04:41:47.252 1443 2417 I am_uid_stopped: 10053
11-10 04:41:59.664 1443 1638 I am_uid_idle: 10069
11-10 04:42:37.229 1443 1637 I am_pss : [1443,1000,system,240563200,145195008,0,574394368,0,0,25]
11-10 04:42:37.238 1443 1637 I am_pss : [4594,10051,com.thundercomm.screensaver,65356800,57597952,0,185311232,0,2,8]
11-10 04:42:37.246 1443 1637 I am_pss : [2341,1002,com.android.bluetooth,33030144,28549120,0,139968512,0,0,7]
11-10 04:42:37.252 1443 1637 I am_pss : [3443,10074,com.qualcomm.location.XT,6773760,4665344,0,94056448,0,6,5]
11-10 04:42:37.263 1443 1637 I am_pss : [3750,10035,com.baidu.input,85937152,79491072,0,202006528,0,7,10]
11-10 04:42:37.270 1443 1637 I am_pss : [3056,10096,android.ext.services,10835968,5959680,0,104910848,0,5,5]
11-10 04:42:37.276 1443 1637 I am_pss : [2591,1001,.dataservices,8123392,6004736,0,95031296,0,0,5]
11-10 04:42:37.281 1443 1637 I am_pss : [2510,1073,com.android.networkstack.process,10561536,7872512,0,104480768,0,0,5]
11-10 04:42:37.296 1443 1637 I am_pss : [2358,10082,com.android.systemui,104168448,77193216,0,280207360,0,0,12]
11-10 04:42:46.791 1443 1756 I am_freeze: [3688,android.process.acore]
11-10 04:42:46.793 1443 1756 I am_kill : [0,3688,android.process.acore,955,Unable to freeze binder interface]
11-10 04:42:46.825 1443 2417 I am_proc_died: [0,3688,android.process.acore,955,19]
11-10 04:42:46.826 1443 2417 I am_uid_stopped: 10024
11-10 04:42:46.836 1443 1637 I am_pss : [4125,10021,com.android.packageinstaller,7666688,5660672,0,92037120,0,19,6]
11-10 04:42:46.842 1443 1637 I am_pss : [3596,10030,com.android.managedprovisioning,9665536,7528448,0,96202752,0,19,4]
11-10 04:42:46.849 1443 1637 I am_pss : [2786,1000,com.qualcomm.qti.qdma,9794560,6549504,0,106000384,0,0,5]
11-10 04:42:46.854 1443 1637 I am_pss : [2655,1000,vendor.qti.qesdk.sysservice,5821440,3739648,0,91475968,0,0,4]
11-10 04:42:46.859 1443 1637 I am_pss : [2741,1000,com.thundercomm.tcservice,7954432,5857280,0,94437376,0,0,5]
11-10 04:42:46.865 1443 1637 I am_pss : [2714,1000,com.thundercomm.remotecontrolservice,11024384,8486912,0,102461440,0,0,5]
11-10 04:42:46.870 1443 1637 I am_pss : [2674,10088,com.qti.qualcomm.mstatssystemservice,5786624,3760128,0,90578944,0,0,4]
11-10 04:42:46.876 1443 1637 I am_pss : [2691,1068,com.android.se,6135808,4042752,0,92344320,0,0,4]
11-10 04:42:46.881 1443 1637 I am_pss : [2616,1000,com.thundercomm.tchttpserver,9808896,7729152,0,95830016,0,0,4]
11-10 04:42:46.887 1443 1637 I am_pss : [2626,1000,com.tc.logclient,7321600,5234688,0,93679616,0,0,4]
11-10 04:42:46.892 1443 1637 I am_pss : [2610,10057,.qtidataservices,6269952,4190208,0,92180480,0,0,5]
11-10 04:42:46.898 1443 1637 I am_pss : [2580,1000,com.thundercomm.microsettings,35041280,31531008,0,128442368,0,0,5]
11-10 04:42:46.903 1443 1637 I am_pss : [2585,1000,com.thundercomm.tcsetupWizard,7087104,5083136,0,91357184,0,0,5]
11-10 04:42:46.909 1443 1637 I am_pss : [2555,1000,com.thundercomm.microservice,10518528,8429568,0,96587776,0,0,4]
11-10 04:42:53.748 1443 1994 I input_interaction: Interaction with: f7d765 com.thundercomm.screensaver/android.service.dreams.DreamActivity (server), edge-swipe (server), swipe-up (server), PointerEventDispatcher0 (server),
11-10 04:42:53.752 1443 1725 I wm_finish_activity: [0,121457065,14,com.thundercomm.screensaver/android.service.dreams.DreamActivity,finish-activity]
11-10 04:42:53.752 1443 1725 I wm_task_moved: [12,1,6]
11-10 04:42:53.752 1443 1725 I wm_task_to_front: [0,12]
11-10 04:42:53.754 1443 1725 I wm_focused_root_task: [0,0,12,14,finish-top adjustFocusToNextFocusableTask]
11-10 04:42:53.755 1443 1725 I wm_pause_activity: [0,121457065,com.thundercomm.screensaver/android.service.dreams.DreamActivity,userLeaving=false,finish]
11-10 04:42:53.766 1443 1631 I sysui_multi_action: [757,803,799,window_time_0,802,121]
11-10 04:42:53.767 4594 4594 I wm_on_top_resumed_lost_called: [121457065,android.service.dreams.DreamActivity,topStateChangedWhenResumed]
11-10 04:42:53.767 4594 4594 I wm_on_paused_called: [121457065,android.service.dreams.DreamActivity,performPause]
11-10 04:42:53.768 1443 2282 I wm_add_to_stopping: [0,121457065,com.thundercomm.screensaver/android.service.dreams.DreamActivity,completeFinishing]
11-10 04:42:53.773 1443 2282 I wm_set_resumed_activity: [0,com.android.settings/.Settings,resumeTopActivityInnerLocked]
11-10 04:42:53.777 1443 2282 I wm_resume_activity: [0,141576729,12,com.android.settings/.Settings]
11-10 04:42:53.790 1443 1631 I sysui_multi_action: [757,803,799,window_time_0,802,0]
11-10 04:42:53.793 2903 2903 I wm_on_restart_called: [141576729,com.android.settings.Settings,performRestartActivity]
11-10 04:42:53.799 2903 2903 I wm_on_start_called: [141576729,com.android.settings.Settings,handleStartActivity]
11-10 04:42:53.800 2903 2903 I snet_event_log: [120484087,-1,]
11-10 04:42:53.801 2903 2903 I wm_on_resume_called: [141576729,com.android.settings.Settings,RESUME_ACTIVITY]
11-10 04:42:53.802 2903 2903 I sysui_multi_action: [757,35,758,1,833,0,1089,0]
11-10 04:42:53.803 1443 1994 I input_focus: [Focus leaving f7d765 com.thundercomm.screensaver/android.service.dreams.DreamActivity (server),reason=NO_WINDOW]
11-10 04:42:53.803 1443 1443 I am_uid_active: 10069
11-10 04:42:53.804 4594 4594 I view_enqueue_input_event: [Motion - Cancel,com.thundercomm.screensaver/android.service.dreams.DreamActivity]
11-10 04:42:53.806 2903 2903 I sysui_multi_action: [757,39,758,1,833,0,1089,0]
11-10 04:42:53.807 1443 2433 D TelephonyRegistry: listen oscl: mHasNotifySubscriptionInfoChangedOccurred==false no callback
11-10 04:42:53.809 1443 2433 D TelephonyRegistry: listen oscl: mHasNotifySubscriptionInfoChangedOccurred==false no callback
11-10 04:42:53.813 1443 1637 I am_pss : [3487,10095,com.android.providers.media.module,20683776,16515072,0,126570496,0,0,7]
11-10 04:42:53.811 2903 2903 I auditd : type=1400 audit(0.0:596): avc: denied { read } for comm="pool-2-thread-3" name="pagetypeinfo" dev="proc" ino=4026531857 scontext=u:r:system_app:s0 tcontext=u:object_r:proc_pagetypeinfo:s0 tclass=file permissive=0
11-10 04:42:53.815 2903 2903 I auditd : type=1400 audit(0.0:597): avc: denied { search } for comm="pool-2-thread-3" name="zram0" dev="sysfs" ino=56821 scontext=u:r:system_app:s0 tcontext=u:object_r:sysfs_zram:s0 tclass=dir permissive=0
11-10 04:42:53.815 2903 2903 I auditd : type=1400 audit(0.0:598): avc: denied { search } for comm="pool-2-thread-3" name="zram0" dev="sysfs" ino=56821 scontext=u:r:system_app:s0 tcontext=u:object_r:sysfs_zram:s0 tclass=dir permissive=0
11-10 04:42:53.820 1443 1637 I am_pss : [3108,10081,com.qualcomm.location,10476544,7573504,0,104230912,0,0,5]
11-10 04:42:53.832 2903 2903 I wm_on_top_resumed_gained_called: [141576729,com.android.settings.Settings,topWhenResuming]
11-10 04:42:53.845 1443 1632 I input_focus: [Focus request 3a8e143 com.android.settings/com.android.settings.Settings,reason=UpdateInputWindows]
11-10 04:42:53.874 1443 1994 I input_focus: [Focus entering 3a8e143 com.android.settings/com.android.settings.Settings (server),reason=setFocusedWindow]
11-10 04:42:54.380 1443 1631 I wm_destroy_activity: [0,121457065,14,com.thundercomm.screensaver/android.service.dreams.DreamActivity,finish-imm:idle]
11-10 04:42:54.414 4594 4594 I wm_on_stop_called: [121457065,android.service.dreams.DreamActivity,LIFECYCLER_STOP_ACTIVITY]
11-10 04:42:54.416 4594 4594 I wm_on_destroy_called: [121457065,android.service.dreams.DreamActivity,performDestroy]
11-10 04:42:54.419 1443 1628 I sysui_multi_action: [757,222,758,2]
11-10 04:42:54.420 1443 1628 I sysui_multi_action: [757,804,799,dreaming_minutes,801,2,802,1]
11-10 04:42:54.431 1443 1588 I wm_task_removed: [14,removeChild:removeChild last r=ActivityRecord{73d49a9 u0 com.thundercomm.screensaver/android.service.dreams.DreamActivity t-1 f}} in t=Task{28197ea #14 type=dream A=10051:android:com.thundercomm.screensaver/dream U=0 visible=false mode=fullscreen translucent=true sz=0}]
11-10 04:42:54.431 1443 1588 I wm_task_removed: [14,removeChild]
11-10 04:42:57.002 1443 1994 I input_interaction: Interaction with: 3a8e143 com.android.settings/com.android.settings.Settings (server), edge-swipe (server), swipe-up (server), PointerEventDispatcher0 (server),
11-10 04:42:57.047 1443 2433 I wm_task_moved: [1,0,0]
11-10 04:42:57.048 1443 2433 I wm_task_moved: [1,0,5]
11-10 04:42:57.055 2903 2903 I view_enqueue_input_event: [Motion - Cancel,com.android.settings/com.android.settings.Settings]
11-10 04:42:57.059 2792 2792 I wm_on_restart_called: [89456280,com.android.launcher3.uioverrides.QuickstepLauncher,performRestartActivity]
11-10 04:42:57.061 1443 1994 I input_interaction: Interaction with: edge-swipe (server), swipe-up (server), PointerEventDispatcher0 (server),
11-10 04:42:57.096 2792 2792 I wm_on_start_called: [89456280,com.android.launcher3.uioverrides.QuickstepLauncher,handleStartActivity]
11-10 04:42:57.098 1443 1632 I input_focus: [Focus request recents_animation_input_consumer,reason=UpdateInputWindows]
11-10 04:42:57.113 2792 2792 I sysui_latency: [1,111]
11-10 04:42:57.121 1443 1994 I input_focus: [Focus leaving 3a8e143 com.android.settings/com.android.settings.Settings (server),reason=NOT_FOCUSABLE]
11-10 04:42:57.121 1443 1994 I input_focus: [Focus entering recents_animation_input_consumer (server),reason=setFocusedWindow]
11-10 04:42:57.139 1443 1628 I sysui_multi_action: [319,14,322,77,325,704,757,761,758,9,759,5,806,com.android.launcher3,871,com.android.launcher3.uioverrides.QuickstepLauncher,905,0,1320,4,1321,1]
11-10 04:42:57.308 1443 1743 I commit_sys_config_file: [settings-1-0,13]
11-10 04:42:57.427 1443 1637 I sysui_latency: [8,116]
11-10 04:42:57.819 1443 2433 I wm_task_moved: [1,1,6]
11-10 04:42:57.820 1443 2433 I wm_task_moved: [10,1,2147483647]
11-10 04:42:57.820 1443 2433 I wm_task_to_front: [0,10]
11-10 04:42:57.820 1443 2433 I wm_focused_root_task: [0,0,1,12,RecentsAnimation.onAnimationFinished()]
11-10 04:42:57.820 2903 2903 I wm_on_top_resumed_lost_called: [141576729,com.android.settings.Settings,topStateChangedWhenResumed]
11-10 04:42:57.821 1443 2433 I wm_set_resumed_activity: [0,com.android.launcher3/.uioverrides.QuickstepLauncher,RecentsAnimation.onAnimationFinished()]
11-10 04:42:57.822 1443 2433 I wm_pause_activity: [0,141576729,com.android.settings/.Settings,userLeaving=true,pauseBackTasks]
11-10 04:42:57.824 1443 2433 I wm_add_to_stopping: [0,141576729,com.android.settings/.Settings,makeInvisible]
11-10 04:42:57.825 1443 2433 I wm_set_resumed_activity: [0,com.android.launcher3/.uioverrides.QuickstepLauncher,resumeTopActivityInnerLocked]
11-10 04:42:57.827 1443 2433 I wm_resume_activity: [0,89456280,10,com.android.launcher3/.uioverrides.QuickstepLauncher]
11-10 04:42:57.830 2792 2792 I wm_on_resume_called: [89456280,com.android.launcher3.uioverrides.QuickstepLauncher,RESUME_ACTIVITY]
11-10 04:42:57.835 1443 1632 I input_focus: [Focus request 2502e37 com.android.launcher3/com.android.launcher3.uioverrides.QuickstepLauncher,reason=UpdateInputWindows]
11-10 04:42:57.840 1443 2282 I wm_stop_activity: [0,141576729,com.android.settings/.Settings]
11-10 04:42:57.844 2903 2903 I sysui_multi_action: [757,35,758,2,1089,4041]
11-10 04:42:57.847 1443 1631 I sysui_multi_action: [757,803,799,window_time_0,802,4]
11-10 04:42:57.847 1443 1631 I sysui_multi_action: [757,803,799,window_time_0,802,0]
11-10 04:42:57.850 2903 2903 I sysui_multi_action: [757,39,758,2,1089,4044]
11-10 04:42:57.851 1443 1994 I input_focus: [Focus leaving recents_animation_input_consumer (server),reason=NOT_VISIBLE]
11-10 04:42:57.851 1443 1994 I input_focus: [Focus entering 2502e37 com.android.launcher3/com.android.launcher3.uioverrides.QuickstepLauncher (server),reason=setFocusedWindow]
11-10 04:42:57.851 2903 2903 I wm_on_paused_called: [141576729,com.android.settings.Settings,performPause]
11-10 04:42:57.859 2903 2903 I wm_on_stop_called: [141576729,com.android.settings.Settings,STOP_ACTIVITY_ITEM]
11-10 04:42:57.877 2792 2792 I wm_on_top_resumed_gained_called: [89456280,com.android.launcher3.uioverrides.QuickstepLauncher,topStateChangedWhenResumed]
11-10 04:42:59.025 1443 1994 I input_interaction: Interaction with: 2502e37 com.android.launcher3/com.android.launcher3.uioverrides.QuickstepLauncher (server), 77c60fd com.android.systemui.ImageWallpaper (server), edge-swipe (server), swipe-up (server), PointerEventDispatcher0 (server),
11-10 04:42:59.122 1443 1589 I wm_task_created: [15,-1]
11-10 04:42:59.131 1443 1589 I wm_task_moved: [15,1,7]
11-10 04:42:59.131 1443 1589 I wm_task_to_front: [0,15]
11-10 04:42:59.132 1443 1589 I wm_create_task: [0,15]
11-10 04:42:59.132 1443 1589 I wm_create_activity: [0,47333572,15,com.android.music/.VideoBrowserActivity,android.intent.action.MAIN,NULL,NULL,270532608]
11-10 04:42:59.132 1443 1589 I wm_task_moved: [15,1,7]
11-10 04:42:59.134 1443 1589 I wm_pause_activity: [0,89456280,com.android.launcher3/.uioverrides.QuickstepLauncher,userLeaving=true,pauseBackTasks]
11-10 04:42:59.146 2792 2792 I wm_on_top_resumed_lost_called: [89456280,com.android.launcher3.uioverrides.QuickstepLauncher,topStateChangedWhenResumed]
11-10 04:42:59.153 2792 2792 I wm_on_paused_called: [89456280,com.android.launcher3.uioverrides.QuickstepLauncher,performPause]
11-10 04:42:59.153 1443 1631 I am_uid_running: 10090
11-10 04:42:59.155 1443 2433 I wm_add_to_stopping: [0,89456280,com.android.launcher3/.uioverrides.QuickstepLauncher,makeInvisible]
11-10 04:42:59.164 1443 1631 I sysui_multi_action: [757,803,799,window_time_0,802,1]
11-10 04:42:59.171 1443 1639 I am_proc_start: [0,5389,10090,com.android.music,pre-top-activity,{com.android.music/com.android.music.VideoBrowserActivity}]
11-10 04:42:59.186 1443 1994 I input_focus: [Focus leaving 2502e37 com.android.launcher3/com.android.launcher3.uioverrides.QuickstepLauncher (server),reason=NO_WINDOW]
11-10 04:42:59.210 1443 1725 I am_proc_bound: [0,5389,com.android.music]
11-10 04:42:59.213 1443 1725 I wm_restart_activity: [0,47333572,15,com.android.music/.VideoBrowserActivity]
11-10 04:42:59.214 1443 1725 I wm_set_resumed_activity: [0,com.android.music/.VideoBrowserActivity,minimalResumeActivityLocked]
11-10 04:42:59.215 1443 1631 I am_uid_active: 10090
11-10 04:42:59.253 5389 5389 I wm_on_create_called: [47333572,com.android.music.VideoBrowserActivity,performCreate]
11-10 04:42:59.254 5389 5389 I wm_on_start_called: [47333572,com.android.music.VideoBrowserActivity,handleStartActivity]
11-10 04:42:59.255 5389 5389 I wm_on_resume_called: [47333572,com.android.music.VideoBrowserActivity,RESUME_ACTIVITY]
11-10 04:42:59.260 5389 5389 I wm_on_top_resumed_gained_called: [47333572,com.android.music.VideoBrowserActivity,topStateChangedWhenResumed]
11-10 04:42:59.270 1443 1632 I input_focus: [Focus request 566c451 com.android.music/com.android.music.VideoBrowserActivity,reason=UpdateInputWindows]
11-10 04:42:59.319 1443 1628 I sysui_multi_action: [319,89,321,87,322,204,325,706,757,761,758,7,759,1,806,com.android.music,871,com.android.music.VideoBrowserActivity,904,com.android.launcher3,905,0,945,102,1320,4,1321,1]
11-10 04:42:59.321 1443 1628 I wm_activity_launch_time: [0,47333572,com.android.music/.VideoBrowserActivity,204]
11-10 04:42:59.322 1443 1994 I input_focus: [Focus entering 566c451 com.android.music/com.android.music.VideoBrowserActivity (server),reason=Window became focusable. Previous reason: NOT_VISIBLE]
11-10 04:42:59.767 1443 1631 I wm_stop_activity: [0,89456280,com.android.launcher3/.uioverrides.QuickstepLauncher]
11-10 04:42:59.802 2792 2792 I wm_on_stop_called: [89456280,com.android.launcher3.uioverrides.QuickstepLauncher,STOP_ACTIVITY_ITEM]
11-10 04:43:01.123 1443 1994 I input_interaction: Interaction with: 566c451 com.android.music/com.android.music.VideoBrowserActivity (server), edge-swipe (server), swipe-up (server), PointerEventDispatcher0 (server),
11-10 04:43:01.161 1443 1589 I wm_task_moved: [1,0,0]
11-10 04:43:01.161 1443 1589 I wm_task_moved: [1,0,6]
11-10 04:43:01.172 2792 2792 I wm_on_restart_called: [89456280,com.android.launcher3.uioverrides.QuickstepLauncher,performRestartActivity]
11-10 04:43:01.210 2792 2792 I wm_on_start_called: [89456280,com.android.launcher3.uioverrides.QuickstepLauncher,handleStartActivity]
11-10 04:43:01.225 5389 5389 I view_enqueue_input_event: [Motion - Cancel,com.android.music/com.android.music.VideoBrowserActivity]
11-10 04:43:01.227 2792 2792 I sysui_latency: [1,99]
11-10 04:43:01.228 1443 1632 I input_focus: [Focus request recents_animation_input_consumer,reason=UpdateInputWindows]
11-10 04:43:01.232 1443 1994 I input_interaction: Interaction with: edge-swipe (server), swipe-up (server), PointerEventDispatcher0 (server),
11-10 04:43:01.237 1443 1628 I sysui_multi_action: [319,10,322,69,325,708,757,761,758,9,759,5,806,com.android.launcher3,871,com.android.launcher3.uioverrides.QuickstepLauncher,905,0,1320,4,1321,1]
11-10 04:43:01.241 1443 1994 I input_focus: [Focus leaving 566c451 com.android.music/com.android.music.VideoBrowserActivity (server),reason=NOT_FOCUSABLE]
11-10 04:43:01.241 1443 1994 I input_focus: [Focus entering recents_animation_input_consumer (server),reason=setFocusedWindow]
11-10 04:43:01.417 1443 1743 I commit_sys_config_file: [settings-1-0,10]
11-10 04:43:01.532 1443 1637 I sysui_latency: [8,96]
11-10 04:43:02.118 1443 1589 I wm_task_moved: [1,1,7]
11-10 04:43:02.121 1443 1589 I wm_task_moved: [10,1,2147483647]
11-10 04:43:02.121 1443 1589 I wm_task_to_front: [0,10]
11-10 04:43:02.121 5389 5389 I wm_on_top_resumed_lost_called: [47333572,com.android.music.VideoBrowserActivity,topStateChangedWhenResumed]
11-10 04:43:02.121 1443 1589 I wm_focused_root_task: [0,0,1,15,RecentsAnimation.onAnimationFinished()]
11-10 04:43:02.122 1443 1589 I wm_set_resumed_activity: [0,com.android.launcher3/.uioverrides.QuickstepLauncher,RecentsAnimation.onAnimationFinished()]
11-10 04:43:02.123 1443 1589 I wm_pause_activity: [0,47333572,com.android.music/.VideoBrowserActivity,userLeaving=true,pauseBackTasks]
11-10 04:43:02.124 1443 1589 I wm_add_to_stopping: [0,47333572,com.android.music/.VideoBrowserActivity,makeInvisible]
11-10 04:43:02.125 1443 1589 I wm_set_resumed_activity: [0,com.android.launcher3/.uioverrides.QuickstepLauncher,resumeTopActivityInnerLocked]
11-10 04:43:02.127 1443 1589 I wm_resume_activity: [0,89456280,10,com.android.launcher3/.uioverrides.QuickstepLauncher]
11-10 04:43:02.128 2792 2792 I wm_on_resume_called: [89456280,com.android.launcher3.uioverrides.QuickstepLauncher,RESUME_ACTIVITY]
11-10 04:43:02.136 1443 1632 I input_focus: [Focus request 2502e37 com.android.launcher3/com.android.launcher3.uioverrides.QuickstepLauncher,reason=UpdateInputWindows]
11-10 04:43:02.143 1443 2433 I wm_stop_activity: [0,47333572,com.android.music/.VideoBrowserActivity]
11-10 04:43:02.145 1443 1994 I input_focus: [Focus leaving recents_animation_input_consumer (server),reason=NOT_VISIBLE]
11-10 04:43:02.145 1443 1994 I input_focus: [Focus entering 2502e37 com.android.launcher3/com.android.launcher3.uioverrides.QuickstepLauncher (server),reason=setFocusedWindow]
11-10 04:43:02.148 1443 1631 I sysui_multi_action: [757,803,799,window_time_0,802,3]
11-10 04:43:02.149 5389 5389 I wm_on_paused_called: [47333572,com.android.music.VideoBrowserActivity,performPause]
11-10 04:43:02.149 5389 5389 I wm_on_stop_called: [47333572,com.android.music.VideoBrowserActivity,STOP_ACTIVITY_ITEM]
11-10 04:43:02.154 1443 1631 I sysui_multi_action: [757,803,799,window_time_0,802,0]
11-10 04:43:02.173 2792 2792 I wm_on_top_resumed_gained_called: [89456280,com.android.launcher3.uioverrides.QuickstepLauncher,topStateChangedWhenResumed]
11-10 04:43:02.271 1443 1994 I input_interaction: Interaction with: 2502e37 com.android.launcher3/com.android.launcher3.uioverrides.QuickstepLauncher (server), 77c60fd com.android.systemui.ImageWallpaper (server), edge-swipe (server), swipe-up (server), PointerEventDispatcher0 (server),
11-10 04:43:03.729 1443 1725 I wm_task_moved: [15,1,7]
11-10 04:43:03.729 1443 1725 I wm_task_to_front: [0,15]
11-10 04:43:03.731 1443 1725 I wm_focused_root_task: [0,0,15,1,bringingFoundTaskToFront]
11-10 04:43:03.733 1443 1725 I wm_set_resumed_activity: [0,com.android.music/.VideoBrowserActivity,bringingFoundTaskToFront]
11-10 04:43:03.741 1443 1725 I wm_set_resumed_activity: [0,com.android.music/.VideoBrowserActivity,resumeTopActivityInnerLocked]
11-10 04:43:03.742 1443 1725 I wm_resume_activity: [0,47333572,15,com.android.music/.VideoBrowserActivity]
11-10 04:43:03.744 1443 1725 I wm_finish_activity: [0,47333572,15,com.android.music/.VideoBrowserActivity,clear-task-all]
11-10 04:43:03.744 1443 1725 I wm_pause_activity: [0,47333572,com.android.music/.VideoBrowserActivity,userLeaving=false,finish]
11-10 04:43:03.748 1443 1725 I wm_task_moved: [15,1,7]
11-10 04:43:03.748 1443 1725 I wm_create_activity: [0,96145783,15,com.android.music/.VideoBrowserActivity,NULL,NULL,NULL,272662528]
11-10 04:43:03.756 5389 5389 I wm_on_restart_called: [47333572,com.android.music.VideoBrowserActivity,performRestartActivity]
11-10 04:43:03.756 5389 5389 I wm_on_start_called: [47333572,com.android.music.VideoBrowserActivity,handleStartActivity]
11-10 04:43:03.756 5389 5389 I wm_on_resume_called: [47333572,com.android.music.VideoBrowserActivity,RESUME_ACTIVITY]
11-10 04:43:03.757 5389 5389 I wm_on_paused_called: [47333572,com.android.music.VideoBrowserActivity,performPause]
11-10 04:43:03.759 1443 1589 I wm_add_to_stopping: [0,47333572,com.android.music/.VideoBrowserActivity,completeFinishing]
11-10 04:43:03.761 1443 1589 I wm_restart_activity: [0,96145783,15,com.android.music/.VideoBrowserActivity]
11-10 04:43:03.762 1443 1589 I wm_set_resumed_activity: [0,com.android.music/.VideoBrowserActivity,minimalResumeActivityLocked]
11-10 04:43:03.768 2792 2792 I wm_on_top_resumed_lost_called: [89456280,com.android.launcher3.uioverrides.QuickstepLauncher,topStateChangedWhenResumed]
11-10 04:43:03.768 1443 1631 I sysui_multi_action: [757,803,799,window_time_0,802,2]
11-10 04:43:03.838 5389 5389 I wm_on_create_called: [96145783,com.android.music.VideoBrowserActivity,performCreate]
11-10 04:43:03.838 5389 5389 I wm_on_start_called: [96145783,com.android.music.VideoBrowserActivity,handleStartActivity]
11-10 04:43:03.839 5389 5389 I wm_on_resume_called: [96145783,com.android.music.VideoBrowserActivity,RESUME_ACTIVITY]
11-10 04:43:03.841 5389 5389 I wm_on_top_resumed_gained_called: [96145783,com.android.music.VideoBrowserActivity,topStateChangedWhenResumed]
11-10 04:43:03.852 1443 1632 I input_focus: [Focus request f468a49 com.android.music/com.android.music.VideoBrowserActivity,reason=UpdateInputWindows]
11-10 04:43:03.859 1443 1628 I wm_activity_launch_time: [0,96145783,com.android.music/.VideoBrowserActivity,133]
11-10 04:43:03.866 1443 1994 I input_focus: [Focus leaving 2502e37 com.android.launcher3/com.android.launcher3.uioverrides.QuickstepLauncher (server),reason=setFocusedWindow]
11-10 04:43:03.867 1443 1994 I input_focus: [Focus entering f468a49 com.android.music/com.android.music.VideoBrowserActivity (server),reason=setFocusedWindow]
11-10 04:43:04.136 1443 1631 I wm_destroy_activity: [0,47333572,15,com.android.music/.VideoBrowserActivity,finish-imm:idle]
11-10 04:43:04.139 5389 5389 I wm_on_stop_called: [47333572,com.android.music.VideoBrowserActivity,LIFECYCLER_STOP_ACTIVITY]
11-10 04:43:04.140 5389 5389 I wm_on_destroy_called: [47333572,com.android.music.VideoBrowserActivity,performDestroy]
11-10 04:43:29.571 5181 5181 I auditd : type=1400 audit(0.0:599): avc: denied { search } for comm=73796E6320737663203330 name="oem" dev="dm-5" ino=42 scontext=u:r:adbd:s0 tcontext=u:object_r:oemfs:s0 tclass=dir permissive=0
11-10 04:43:32.958 1443 1994 I input_interaction: Interaction with: f468a49 com.android.music/com.android.music.VideoBrowserActivity (server), edge-swipe (server), swipe-up (server), PointerEventDispatcher0 (server),
11-10 04:43:33.041 1443 2282 I wm_finish_activity: [0,96145783,15,com.android.music/.VideoBrowserActivity,finish-activity]
11-10 04:43:33.042 1443 2282 I wm_task_moved: [1,1,7]
11-10 04:43:33.045 1443 2282 I wm_set_resumed_activity: [0,com.android.launcher3/.uioverrides.QuickstepLauncher,positionChildAt]
11-10 04:43:33.045 1443 2282 I wm_task_moved: [10,1,2147483647]
11-10 04:43:33.045 1443 2282 I wm_task_to_front: [0,10]
11-10 04:43:33.046 1443 2282 I wm_focused_root_task: [0,0,1,-1,finish-top adjustFocusToNextFocusableTask]
11-10 04:43:33.046 1443 2282 I wm_set_resumed_activity: [0,com.android.launcher3/.uioverrides.QuickstepLauncher,finish-top]
11-10 04:43:33.061 1443 2282 I wm_pause_activity: [0,96145783,com.android.music/.VideoBrowserActivity,userLeaving=false,finish]
11-10 04:43:33.069 5389 5389 I wm_on_top_resumed_lost_called: [96145783,com.android.music.VideoBrowserActivity,topStateChangedWhenResumed]
11-10 04:43:33.069 1443 1632 I input_focus: [Focus request 2502e37 com.android.launcher3/com.android.launcher3.uioverrides.QuickstepLauncher,reason=UpdateInputWindows]
11-10 04:43:33.073 2792 2792 I wm_on_top_resumed_gained_called: [89456280,com.android.launcher3.uioverrides.QuickstepLauncher,topStateChangedWhenResumed]
11-10 04:43:33.073 5389 5389 I wm_on_paused_called: [96145783,com.android.music.VideoBrowserActivity,performPause]
11-10 04:43:33.079 1443 2417 I wm_destroy_activity: [0,96145783,15,com.android.music/.VideoBrowserActivity,finish-imm:completePausedLocked]
11-10 04:43:33.096 5389 5389 I wm_on_stop_called: [96145783,com.android.music.VideoBrowserActivity,LIFECYCLER_STOP_ACTIVITY]
11-10 04:43:33.099 5389 5389 I wm_on_destroy_called: [96145783,com.android.music.VideoBrowserActivity,performDestroy]
11-10 04:43:33.101 1443 1631 I sysui_multi_action: [757,803,799,window_time_2,802,29]
11-10 04:43:33.108 1443 1631 I sysui_multi_action: [757,803,799,window_time_0,802,0]
11-10 04:43:33.126 1443 1994 I input_focus: [Focus entering 2502e37 com.android.launcher3/com.android.launcher3.uioverrides.QuickstepLauncher (server),reason=setFocusedWindow]
11-10 04:43:33.385 1443 1632 I wm_task_removed: [15,removeChild:removeChild last r=ActivityRecord{5bb1177 u0 com.android.music/.VideoBrowserActivity t-1 f}} in t=Task{13b7365 #15 type=standard A=10090:android.task.video U=0 visible=false mode=freeform translucent=true sz=0}]
11-10 04:43:33.385 1443 1632 I wm_task_removed: [15,removeChild]
11-10 04:43:34.042 1443 1994 I input_interaction: Interaction with: 2502e37 com.android.launcher3/com.android.launcher3.uioverrides.QuickstepLauncher (server), 77c60fd com.android.systemui.ImageWallpaper (server), edge-swipe (server), swipe-up (server), PointerEventDispatcher0 (server),
11-10 04:43:34.379 1443 1743 I commit_sys_config_file: [settings-1-0,4]
11-10 04:43:35.039 1443 1588 I wm_task_created: [16,-1]
11-10 04:43:35.050 1443 1588 I wm_task_moved: [16,1,7]
11-10 04:43:35.050 1443 1588 I wm_task_to_front: [0,16]
11-10 04:43:35.050 1443 1588 I wm_create_task: [0,16]
11-10 04:43:35.050 1443 1588 I wm_create_activity: [0,188517789,16,com.android.documentsui/.LauncherActivity,android.intent.action.MAIN,NULL,NULL,270532608]
11-10 04:43:35.050 1443 1588 I wm_task_moved: [16,1,7]
11-10 04:43:35.055 1443 1588 I wm_pause_activity: [0,89456280,com.android.launcher3/.uioverrides.QuickstepLauncher,userLeaving=true,pauseBackTasks]
11-10 04:43:35.064 2792 2792 I wm_on_top_resumed_lost_called: [89456280,com.android.launcher3.uioverrides.QuickstepLauncher,topStateChangedWhenResumed]
11-10 04:43:35.067 2792 2792 I wm_on_paused_called: [89456280,com.android.launcher3.uioverrides.QuickstepLauncher,performPause]
11-10 04:43:35.067 1443 1631 I am_uid_running: 10025
11-10 04:43:35.076 1443 1631 I sysui_multi_action: [757,803,799,window_time_0,802,2]
11-10 04:43:35.099 1443 1639 I am_proc_start: [0,5460,10025,com.android.documentsui,pre-top-activity,{com.android.documentsui/com.android.documentsui.LauncherActivity}]
11-10 04:43:35.127 1443 1588 I am_proc_bound: [0,5460,com.android.documentsui]
11-10 04:43:35.129 1443 1588 I wm_restart_activity: [0,188517789,16,com.android.documentsui/.LauncherActivity]
11-10 04:43:35.130 1443 1588 I wm_set_resumed_activity: [0,com.android.documentsui/.LauncherActivity,minimalResumeActivityLocked]
11-10 04:43:35.133 1443 1631 I am_uid_active: 10025
11-10 04:43:35.175 1443 2282 I wm_task_created: [17,-1]
11-10 04:43:35.177 1443 2282 I wm_task_moved: [17,1,8]
11-10 04:43:35.177 1443 2282 I wm_task_to_front: [0,17]
11-10 04:43:35.177 1443 2282 I wm_create_task: [0,17]
11-10 04:43:35.177 1443 2282 I wm_create_activity: [0,47630787,17,com.android.documentsui/.files.FilesActivity,NULL,NULL,//com.android.documentsui.launchControl,271056896]
11-10 04:43:35.177 1443 2282 I wm_task_moved: [17,1,8]
11-10 04:43:35.179 1443 2282 I wm_pause_activity: [0,188517789,com.android.documentsui/.LauncherActivity,userLeaving=true,pauseBackTasks]
11-10 04:43:35.182 1443 2282 I wm_finish_activity: [0,188517789,16,com.android.documentsui/.LauncherActivity,app-request]
11-10 04:43:35.182 5460 5460 I wm_on_create_called: [188517789,com.android.documentsui.LauncherActivity,performCreate]
11-10 04:43:35.194 1443 2282 I wm_add_to_stopping: [0,188517789,com.android.documentsui/.LauncherActivity,completeFinishing]
11-10 04:43:35.195 1443 2282 I wm_add_to_stopping: [0,89456280,com.android.launcher3/.uioverrides.QuickstepLauncher,makeInvisible]
11-10 04:43:35.196 1443 2282 I wm_restart_activity: [0,47630787,17,com.android.documentsui/.files.FilesActivity]
11-10 04:43:35.197 1443 2282 I wm_set_resumed_activity: [0,com.android.documentsui/.files.FilesActivity,minimalResumeActivityLocked]
11-10 04:43:35.199 1443 1631 I wm_destroy_activity: [0,188517789,16,com.android.documentsui/.LauncherActivity,finish-imm:idle]
11-10 04:43:35.201 1443 1631 I sysui_multi_action: [757,803,799,window_time_0,802,0]
11-10 04:43:35.223 1443 1994 I input_focus: [Focus leaving 2502e37 com.android.launcher3/com.android.launcher3.uioverrides.QuickstepLauncher (server),reason=NO_WINDOW]
11-10 04:43:35.230 1443 1637 I am_pss : [4594,10051,com.thundercomm.screensaver,29020160,21868544,0,149581824,0,19,7]
11-10 04:43:35.258 5460 5460 I wm_on_create_called: [47630787,com.android.documentsui.files.FilesActivity,performCreate]
11-10 04:43:35.261 5460 5460 I wm_on_start_called: [47630787,com.android.documentsui.files.FilesActivity,handleStartActivity]
11-10 04:43:35.262 5460 5460 I wm_on_resume_called: [47630787,com.android.documentsui.files.FilesActivity,RESUME_ACTIVITY]
11-10 04:43:35.268 1443 1589 I am_uid_running: 10032
11-10 04:43:35.268 5460 5460 I wm_on_top_resumed_gained_called: [47630787,com.android.documentsui.files.FilesActivity,topStateChangedWhenResumed]
11-10 04:43:35.270 5460 5460 I wm_on_destroy_called: [188517789,com.android.documentsui.LauncherActivity,performDestroy]
11-10 04:43:35.271 1443 1589 I wm_task_removed: [16,removeChild:removeChild last r=ActivityRecord{b3c8d9d u0 com.android.documentsui/.LauncherActivity t-1 f}} in t=Task{6a88cca #16 type=standard A=10025:com.android.documentsui U=0 visible=false mode=fullscreen translucent=true sz=0}]
11-10 04:43:35.271 1443 1589 I wm_task_removed: [16,removeChild]
11-10 04:43:35.272 1443 2433 I am_uid_active: 10022
11-10 04:43:35.277 1443 1639 I am_proc_start: [0,5512,10032,com.android.externalstorage,content provider,{com.android.externalstorage/com.android.externalstorage.ExternalStorageProvider}]
11-10 04:43:35.290 1443 1632 I input_focus: [Focus request 693976e com.android.documentsui/com.android.documentsui.files.FilesActivity,reason=UpdateInputWindows]
11-10 04:43:35.309 1443 1588 I am_proc_bound: [0,5512,com.android.externalstorage]
11-10 04:43:35.313 1443 1588 I am_uid_active: 10032
11-10 04:43:35.357 1443 1994 I input_focus: [Focus entering 693976e com.android.documentsui/com.android.documentsui.files.FilesActivity (server),reason=Window became focusable. Previous reason: NOT_VISIBLE]
11-10 04:43:35.361 1443 1628 I sysui_multi_action: [319,201,321,199,322,328,325,742,757,761,758,7,759,1,806,com.android.documentsui,871,com.android.documentsui.files.FilesActivity,904,com.android.documentsui,905,0,945,101,1320,4,1321,1]
11-10 04:43:35.363 1443 1628 I wm_activity_launch_time: [0,47630787,com.android.documentsui/.files.FilesActivity,328]
11-10 04:43:35.767 1443 1631 I wm_stop_activity: [0,89456280,com.android.launcher3/.uioverrides.QuickstepLauncher]
11-10 04:43:35.825 2792 2792 I wm_on_stop_called: [89456280,com.android.launcher3.uioverrides.QuickstepLauncher,STOP_ACTIVITY_ITEM]
11-10 04:43:36.338 1443 1994 I input_interaction: Interaction with: 693976e com.android.documentsui/com.android.documentsui.files.FilesActivity (server), edge-swipe (server), swipe-up (server), PointerEventDispatcher0 (server),
11-10 04:43:37.310 1443 1443 I service_manager_stats: [100,66,163741]
11-10 04:43:41.026 1443 1632 I input_focus: [Focus request aeb8906 com.android.documentsui/com.android.documentsui.files.FilesActivity,reason=UpdateInputWindows]
11-10 04:43:41.041 1443 1994 I input_focus: [Focus leaving 693976e com.android.documentsui/com.android.documentsui.files.FilesActivity (server),reason=Waiting for window because NOT_VISIBLE]
11-10 04:43:41.058 1443 1994 I input_focus: [Focus entering aeb8906 com.android.documentsui/com.android.documentsui.files.FilesActivity (server),reason=Window became focusable. Previous reason: NOT_VISIBLE]
11-10 04:43:42.123 1443 1994 I input_interaction: Interaction with: aeb8906 com.android.documentsui/com.android.documentsui.files.FilesActivity (server), edge-swipe (server), swipe-up (server), PointerEventDispatcher0 (server),
11-10 04:43:42.310 1443 1632 I input_focus: [Focus request 693976e com.android.documentsui/com.android.documentsui.files.FilesActivity,reason=UpdateInputWindows]
11-10 04:43:42.315 1443 1639 I am_proc_start: [0,5559,10025,com.android.documentsui:com.android.documentsui.services,service,{com.android.documentsui/com.android.documentsui.services.FileOperationService}]
11-10 04:43:42.326 1443 1994 I input_focus: [Focus entering 693976e com.android.documentsui/com.android.documentsui.files.FilesActivity (server),reason=setFocusedWindow]
11-10 04:43:42.347 1443 1588 I am_proc_bound: [0,5559,com.android.documentsui:com.android.documentsui.services]
11-10 04:43:42.377 1443 1588 I sysui_multi_action: [757,856,758,1,806,com.android.documentsui,857,channel_id,858,2]
11-10 04:43:42.392 1443 1443 I notification_enqueue: [10025,5559,com.android.documentsui,1,NULL,0,Notification(channel=channel_id shortcut=null contentView=null vibrate=null sound=null defaults=0x0 flags=0x42 color=0x00000000 category=progress actions=1 vis=PRIVATE),0]
11-10 04:43:42.458 1443 1443 I sysui_multi_action: [757,128,758,5,759,8,793,70,794,0,795,70,796,1,806,com.android.documentsui,857,channel_id,858,2,947,0,1500,70,1641,progress,1688,1]
11-10 04:43:42.458 1443 1443 I notification_canceled: [0|com.android.documentsui|1|null|10025,8,70,70,0,-1,-1,NULL]
11-10 04:43:42.636 1443 1630 I commit_sys_config_file: [notification-policy,725726]
11-10 04:43:47.287 5181 5181 I auditd : type=1400 audit(0.0:600): avc: denied { search } for comm=73796E6320737663203330 name="oem" dev="dm-5" ino=42 scontext=u:r:adbd:s0 tcontext=u:object_r:oemfs:s0 tclass=dir permissive=0
11-10 04:43:47.291 5181 5181 I auditd : type=1400 audit(0.0:601): avc: denied { search } for comm=73796E6320737663203330 name="oem" dev="dm-5" ino=42 scontext=u:r:adbd:s0 tcontext=u:object_r:oemfs:s0 tclass=dir permissive=0
11-10 04:43:47.291 5181 5181 I auditd : type=1400 audit(0.0:602): avc: denied { search } for comm=73796E6320737663203330 name="oem" dev="dm-5" ino=42 scontext=u:r:adbd:s0 tcontext=u:object_r:oemfs:s0 tclass=dir permissive=0
11-10 04:43:47.431 5181 5181 I auditd : type=1400 audit(0.0:603): avc: denied { search } for comm=73796E6320737663203330 name="oem" dev="dm-5" ino=42 scontext=u:r:adbd:s0 tcontext=u:object_r:oemfs:s0 tclass=dir permissive=0
11-10 04:43:54.429 1443 1638 I am_uid_idle: 10051
11-10 04:43:57.419 5181 5181 I auditd : type=1400 audit(0.0:604): avc: denied { search } for comm=73796E6320737663203330 name="oem" dev="dm-5" ino=42 scontext=u:r:adbd:s0 tcontext=u:object_r:oemfs:s0 tclass=dir permissive=0
11-10 04:43:57.563 5181 5181 I auditd : type=1400 audit(0.0:605): avc: denied { search } for comm=73796E6320737663203330 name="oem" dev="dm-5" ino=42 scontext=u:r:adbd:s0 tcontext=u:object_r:oemfs:s0 tclass=dir permissive=0
11-10 04:43:59.259 5181 5181 I auditd : type=1400 audit(0.0:606): avc: denied { search } for comm=73796E6320737663203330 name="oem" dev="dm-5" ino=42 scontext=u:r:adbd:s0 tcontext=u:object_r:oemfs:s0 tclass=dir permissive=0
11-10 04:44:33.135 1443 1638 I am_uid_idle: 10090
11-10 04:44:35.241 1443 1654 I sysui_multi_action: [757,1696,758,6,759,2]
11-10 04:44:35.247 1443 1638 I am_wtf : [0,1443,system_server,-1,DisplayDeviceConfig,requesting nits when no mapping exists.]
11-10 04:44:35.255 1443 1638 I am_wtf : [0,1443,system_server,-1,DisplayDeviceConfig,requesting nits when no mapping exists.]
11-10 04:44:35.263 1443 1638 I am_wtf : [0,1443,system_server,-1,DisplayDeviceConfig,requesting nits when no mapping exists.]
11-10 04:44:35.267 1443 1638 I am_wtf : [0,1443,system_server,-1,DisplayDeviceConfig,requesting nits when no mapping exists.]
11-10 04:44:35.279 1443 1638 I am_wtf : [0,1443,system_server,-1,DisplayDeviceConfig,requesting nits when no mapping exists.]
11-10 04:44:35.281 1443 1638 I am_wtf : [0,1443,system_server,-1,DisplayDeviceConfig,requesting nits when no mapping exists.]
11-10 04:44:35.298 1443 1638 I am_wtf : [0,1443,system_server,-1,DisplayDeviceConfig,requesting nits when no mapping exists.]
11-10 04:44:35.299 1443 1638 I am_wtf : [0,1443,system_server,-1,DisplayDeviceConfig,requesting nits when no mapping exists.]
11-10 04:44:35.315 1443 1638 I am_wtf : [0,1443,system_server,-1,DisplayDeviceConfig,requesting nits when no mapping exists.]
11-10 04:44:35.316 1443 1638 I am_wtf : [0,1443,system_server,-1,DisplayDeviceConfig,requesting nits when no mapping exists.]
11-10 04:44:35.332 1443 1638 I am_wtf : [0,1443,system_server,-1,DisplayDeviceConfig,requesting nits when no mapping exists.]
11-10 04:44:35.333 1443 1638 I am_wtf : [0,1443,system_server,-1,DisplayDeviceConfig,requesting nits when no mapping exists.]
11-10 04:44:35.348 1443 1638 I am_wtf : [0,1443,system_server,-1,DisplayDeviceConfig,requesting nits when no mapping exists.]
11-10 04:44:35.349 1443 1638 I am_wtf : [0,1443,system_server,-1,DisplayDeviceConfig,requesting nits when no mapping exists.]
11-10 04:44:35.366 1443 1638 I am_wtf : [0,1443,system_server,-1,DisplayDeviceConfig,requesting nits when no mapping exists.]
11-10 04:44:35.367 1443 1638 I am_wtf : [0,1443,system_server,-1,DisplayDeviceConfig,requesting nits when no mapping exists.]
11-10 04:44:35.381 1443 1638 I am_wtf : [0,1443,system_server,-1,DisplayDeviceConfig,requesting nits when no mapping exists.]
11-10 04:44:35.382 1443 1638 I am_wtf : [0,1443,system_server,-1,DisplayDeviceConfig,requesting nits when no mapping exists.]
11-10 04:44:35.398 1443 1638 I am_wtf : [0,1443,system_server,-1,DisplayDeviceConfig,requesting nits when no mapping exists.]
11-10 04:44:35.399 1443 1638 I am_wtf : [0,1443,system_server,-1,DisplayDeviceConfig,requesting nits when no mapping exists.]
11-10 04:44:35.415 1443 1638 I am_wtf : [0,1443,system_server,-1,DisplayDeviceConfig,requesting nits when no mapping exists.]
11-10 04:44:35.416 1443 1638 I am_wtf : [0,1443,system_server,-1,DisplayDeviceConfig,requesting nits when no mapping exists.]
11-10 04:44:35.432 1443 1638 I am_wtf : [0,1443,system_server,-1,DisplayDeviceConfig,requesting nits when no mapping exists.]
11-10 04:44:35.433 1443 1638 I am_wtf : [0,1443,system_server,-1,DisplayDeviceConfig,requesting nits when no mapping exists.]
11-10 04:44:35.449 1443 1638 I am_wtf : [0,1443,system_server,-1,DisplayDeviceConfig,requesting nits when no mapping exists.]
11-10 04:44:35.449 1443 1638 I am_wtf : [0,1443,system_server,-1,DisplayDeviceConfig,requesting nits when no mapping exists.]
11-10 04:44:35.466 1443 1638 I am_wtf : [0,1443,system_server,-1,DisplayDeviceConfig,requesting nits when no mapping exists.]
11-10 04:44:35.467 1443 1638 I am_wtf : [0,1443,system_server,-1,DisplayDeviceConfig,requesting nits when no mapping exists.]
11-10 04:44:35.482 1443 1638 I am_wtf : [0,1443,system_server,-1,DisplayDeviceConfig,requesting nits when no mapping exists.]
11-10 04:44:35.484 1443 1638 I am_wtf : [0,1443,system_server,-1,DisplayDeviceConfig,requesting nits when no mapping exists.]
11-10 04:44:35.499 1443 1638 I am_wtf : [0,1443,system_server,-1,DisplayDeviceConfig,requesting nits when no mapping exists.]
11-10 04:44:35.500 1443 1638 I am_wtf : [0,1443,system_server,-1,DisplayDeviceConfig,requesting nits when no mapping exists.]
11-10 04:44:35.515 1443 1638 I am_wtf : [0,1443,system_server,-1,DisplayDeviceConfig,requesting nits when no mapping exists.]
11-10 04:44:35.516 1443 1638 I am_wtf : [0,1443,system_server,-1,DisplayDeviceConfig,requesting nits when no mapping exists.]
11-10 04:44:35.532 1443 1638 I am_wtf : [0,1443,system_server,-1,DisplayDeviceConfig,requesting nits when no mapping exists.]
11-10 04:44:35.533 1443 1638 I am_wtf : [0,1443,system_server,-1,DisplayDeviceConfig,requesting nits when no mapping exists.]
11-10 04:44:35.549 1443 1638 I am_wtf : [0,1443,system_server,-1,DisplayDeviceConfig,requesting nits when no mapping exists.]
11-10 04:44:35.550 1443 1638 I am_wtf : [0,1443,system_server,-1,DisplayDeviceConfig,requesting nits when no mapping exists.]
11-10 04:44:35.565 1443 1638 I am_wtf : [0,1443,system_server,-1,DisplayDeviceConfig,requesting nits when no mapping exists.]
11-10 04:44:35.566 1443 1638 I am_wtf : [0,1443,system_server,-1,DisplayDeviceConfig,requesting nits when no mapping exists.]
11-10 04:44:35.582 1443 1638 I am_wtf : [0,1443,system_server,-1,DisplayDeviceConfig,requesting nits when no mapping exists.]
11-10 04:44:35.583 1443 1638 I am_wtf : [0,1443,system_server,-1,DisplayDeviceConfig,requesting nits when no mapping exists.]
11-10 04:44:35.599 1443 1638 I am_wtf : [0,1443,system_server,-1,DisplayDeviceConfig,requesting nits when no mapping exists.]
11-10 04:44:35.600 1443 1638 I am_wtf : [0,1443,system_server,-1,DisplayDeviceConfig,requesting nits when no mapping exists.]
11-10 04:44:35.616 1443 1638 I am_wtf : [0,1443,system_server,-1,DisplayDeviceConfig,requesting nits when no mapping exists.]
11-10 04:44:35.617 1443 1638 I am_wtf : [0,1443,system_server,-1,DisplayDeviceConfig,requesting nits when no mapping exists.]
11-10 04:44:35.632 1443 1638 I am_wtf : [0,1443,system_server,-1,DisplayDeviceConfig,requesting nits when no mapping exists.]
11-10 04:44:35.634 1443 1638 I am_wtf : [0,1443,system_server,-1,DisplayDeviceConfig,requesting nits when no mapping exists.]
11-10 04:44:35.649 1443 1638 I am_wtf : [0,1443,system_server,-1,DisplayDeviceConfig,requesting nits when no mapping exists.]
11-10 04:44:35.650 1443 1638 I am_wtf : [0,1443,system_server,-1,DisplayDeviceConfig,requesting nits when no mapping exists.]
11-10 04:44:35.665 1443 1638 I am_wtf : [0,1443,system_server,-1,DisplayDeviceConfig,requesting nits when no mapping exists.]
11-10 04:44:35.666 1443 1638 I am_wtf : [0,1443,system_server,-1,DisplayDeviceConfig,requesting nits when no mapping exists.]
11-10 04:44:35.683 1443 1638 I am_wtf : [0,1443,system_server,-1,DisplayDeviceConfig,requesting nits when no mapping exists.]
11-10 04:44:35.683 1443 1638 I am_wtf : [0,1443,system_server,-1,DisplayDeviceConfig,requesting nits when no mapping exists.]
11-10 04:44:35.699 1443 1638 I am_wtf : [0,1443,system_server,-1,DisplayDeviceConfig,requesting nits when no mapping exists.]
11-10 04:44:35.700 1443 1638 I am_wtf : [0,1443,system_server,-1,DisplayDeviceConfig,requesting nits when no mapping exists.]
11-10 04:44:35.716 1443 1638 I am_wtf : [0,1443,system_server,-1,DisplayDeviceConfig,requesting nits when no mapping exists.]
11-10 04:44:35.716 1443 1638 I am_wtf : [0,1443,system_server,-1,DisplayDeviceConfig,requesting nits when no mapping exists.]
11-10 04:44:35.733 1443 1638 I am_wtf : [0,1443,system_server,-1,DisplayDeviceConfig,requesting nits when no mapping exists.]
11-10 04:44:35.733 1443 1638 I am_wtf : [0,1443,system_server,-1,DisplayDeviceConfig,requesting nits when no mapping exists.]
11-10 04:44:35.749 1443 1638 I am_wtf : [0,1443,system_server,-1,DisplayDeviceConfig,requesting nits when no mapping exists.]
11-10 04:44:35.750 1443 1638 I am_wtf : [0,1443,system_server,-1,DisplayDeviceConfig,requesting nits when no mapping exists.]
11-10 04:44:35.765 1443 1638 I am_wtf : [0,1443,system_server,-1,DisplayDeviceConfig,requesting nits when no mapping exists.]
11-10 04:44:35.767 1443 1638 I am_wtf : [0,1443,system_server,-1,DisplayDeviceConfig,requesting nits when no mapping exists.]
11-10 04:44:35.783 1443 1638 I am_wtf : [0,1443,system_server,-1,DisplayDeviceConfig,requesting nits when no mapping exists.]
11-10 04:44:35.784 1443 1638 I am_wtf : [0,1443,system_server,-1,DisplayDeviceConfig,requesting nits when no mapping exists.]
11-10 04:44:35.799 1443 1638 I am_wtf : [0,1443,system_server,-1,DisplayDeviceConfig,requesting nits when no mapping exists.]
11-10 04:44:35.800 1443 1638 I am_wtf : [0,1443,system_server,-1,DisplayDeviceConfig,requesting nits when no mapping exists.]
11-10 04:44:35.816 1443 1638 I am_wtf : [0,1443,system_server,-1,DisplayDeviceConfig,requesting nits when no mapping exists.]
11-10 04:44:35.817 1443 1638 I am_wtf : [0,1443,system_server,-1,DisplayDeviceConfig,requesting nits when no mapping exists.]
11-10 04:44:35.832 1443 1638 I am_wtf : [0,1443,system_server,-1,DisplayDeviceConfig,requesting nits when no mapping exists.]
11-10 04:44:35.834 1443 1638 I am_wtf : [0,1443,system_server,-1,DisplayDeviceConfig,requesting nits when no mapping exists.]
11-10 04:44:35.849 1443 1638 I am_wtf : [0,1443,system_server,-1,DisplayDeviceConfig,requesting nits when no mapping exists.]
11-10 04:44:35.850 1443 1638 I am_wtf : [0,1443,system_server,-1,DisplayDeviceConfig,requesting nits when no mapping exists.]
11-10 04:44:35.866 1443 1638 I am_wtf : [0,1443,system_server,-1,DisplayDeviceConfig,requesting nits when no mapping exists.]
11-10 04:44:35.867 1443 1638 I am_wtf : [0,1443,system_server,-1,DisplayDeviceConfig,requesting nits when no mapping exists.]
11-10 04:44:35.883 1443 1638 I am_wtf : [0,1443,system_server,-1,DisplayDeviceConfig,requesting nits when no mapping exists.]
11-10 04:44:35.884 1443 1638 I am_wtf : [0,1443,system_server,-1,DisplayDeviceConfig,requesting nits when no mapping exists.]
11-10 04:44:35.899 1443 1638 I am_wtf : [0,1443,system_server,-1,DisplayDeviceConfig,requesting nits when no mapping exists.]
11-10 04:44:35.900 1443 1638 I am_wtf : [0,1443,system_server,-1,DisplayDeviceConfig,requesting nits when no mapping exists.]
11-10 04:44:35.916 1443 1638 I am_wtf : [0,1443,system_server,-1,DisplayDeviceConfig,requesting nits when no mapping exists.]
11-10 04:44:35.917 1443 1638 I am_wtf : [0,1443,system_server,-1,DisplayDeviceConfig,requesting nits when no mapping exists.]
11-10 04:44:35.933 1443 1638 I am_wtf : [0,1443,system_server,-1,DisplayDeviceConfig,requesting nits when no mapping exists.]
11-10 04:44:35.934 1443 1638 I am_wtf : [0,1443,system_server,-1,DisplayDeviceConfig,requesting nits when no mapping exists.]
11-10 04:44:35.949 1443 1638 I am_wtf : [0,1443,system_server,-1,DisplayDeviceConfig,requesting nits when no mapping exists.]
11-10 04:44:35.951 1443 1638 I am_wtf : [0,1443,system_server,-1,DisplayDeviceConfig,requesting nits when no mapping exists.]
11-10 04:44:35.966 1443 1638 I am_wtf : [0,1443,system_server,-1,DisplayDeviceConfig,requesting nits when no mapping exists.]
11-10 04:44:35.968 1443 1638 I am_wtf : [0,1443,system_server,-1,DisplayDeviceConfig,requesting nits when no mapping exists.]
11-10 04:44:35.983 1443 1638 I am_wtf : [0,1443,system_server,-1,DisplayDeviceConfig,requesting nits when no mapping exists.]
11-10 04:44:35.984 1443 1638 I am_wtf : [0,1443,system_server,-1,DisplayDeviceConfig,requesting nits when no mapping exists.]
11-10 04:44:36.000 1443 1638 I am_wtf : [0,1443,system_server,-1,DisplayDeviceConfig,requesting nits when no mapping exists.]
11-10 04:44:36.001 1443 1638 I am_wtf : [0,1443,system_server,-1,DisplayDeviceConfig,requesting nits when no mapping exists.]
11-10 04:44:36.017 1443 1638 I am_wtf : [0,1443,system_server,-1,DisplayDeviceConfig,requesting nits when no mapping exists.]
