11-10 04:44:36.018 1443 1638 I am_wtf : [0,1443,system_server,-1,DisplayDeviceConfig,requesting nits when no mapping exists.]
11-10 04:44:36.033 1443 1638 I am_wtf : [0,1443,system_server,-1,DisplayDeviceConfig,requesting nits when no mapping exists.]
11-10 04:44:36.034 1443 1638 I service_manager_stats: [100,52,58724]
11-10 04:44:36.034 1443 1638 I am_wtf : [0,1443,system_server,-1,DisplayDeviceConfig,requesting nits when no mapping exists.]
11-10 04:44:36.051 1443 1638 I am_wtf : [0,1443,system_server,-1,DisplayDeviceConfig,requesting nits when no mapping exists.]
11-10 04:44:36.052 1443 1638 I am_wtf : [0,1443,system_server,-1,DisplayDeviceConfig,requesting nits when no mapping exists.]
11-10 04:44:36.067 1443 1638 I am_wtf : [0,1443,system_server,-1,DisplayDeviceConfig,requesting nits when no mapping exists.]
11-10 04:44:36.067 1443 1638 I am_wtf : [0,1443,system_server,-1,DisplayDeviceConfig,requesting nits when no mapping exists.]
11-10 04:44:36.083 1443 1638 I am_wtf : [0,1443,system_server,-1,DisplayDeviceConfig,requesting nits when no mapping exists.]
11-10 04:44:36.084 1443 1638 I am_wtf : [0,1443,system_server,-1,DisplayDeviceConfig,requesting nits when no mapping exists.]
11-10 04:44:36.101 1443 1638 I am_wtf : [0,1443,system_server,-1,DisplayDeviceConfig,requesting nits when no mapping exists.]
11-10 04:44:36.102 1443 1638 I am_wtf : [0,1443,system_server,-1,DisplayDeviceConfig,requesting nits when no mapping exists.]
11-10 04:44:36.117 1443 1638 I am_wtf : [0,1443,system_server,-1,DisplayDeviceConfig,requesting nits when no mapping exists.]
11-10 04:44:36.119 1443 1638 I am_wtf : [0,1443,system_server,-1,DisplayDeviceConfig,requesting nits when no mapping exists.]
11-10 04:44:36.134 1443 1638 I am_wtf : [0,1443,system_server,-1,DisplayDeviceConfig,requesting nits when no mapping exists.]
11-10 04:44:36.136 1443 1638 I am_wtf : [0,1443,system_server,-1,DisplayDeviceConfig,requesting nits when no mapping exists.]
11-10 04:44:36.151 1443 1638 I am_wtf : [0,1443,system_server,-1,DisplayDeviceConfig,requesting nits when no mapping exists.]
11-10 04:44:36.152 1443 1638 I am_wtf : [0,1443,system_server,-1,DisplayDeviceConfig,requesting nits when no mapping exists.]
11-10 04:44:36.167 1443 1638 I am_wtf : [0,1443,system_server,-1,DisplayDeviceConfig,requesting nits when no mapping exists.]
11-10 04:44:36.168 1443 1638 I am_wtf : [0,1443,system_server,-1,DisplayDeviceConfig,requesting nits when no mapping exists.]
11-10 04:44:36.183 1443 1638 I am_wtf : [0,1443,system_server,-1,DisplayDeviceConfig,requesting nits when no mapping exists.]
11-10 04:44:36.184 1443 1638 I am_wtf : [0,1443,system_server,-1,DisplayDeviceConfig,requesting nits when no mapping exists.]
11-10 04:44:36.200 1443 1638 I am_wtf : [0,1443,system_server,-1,DisplayDeviceConfig,requesting nits when no mapping exists.]
11-10 04:44:36.201 1443 1638 I am_wtf : [0,1443,system_server,-1,DisplayDeviceConfig,requesting nits when no mapping exists.]
11-10 04:44:37.704 1443 2304 I storage_state: [41217664-9172-527a-b3d5-edabb50a7d69,0,0,116079321088,118610538496]
11-10 04:44:39.211 1443 1638 I am_uid_idle: 10069
11-10 04:44:41.449 1443 1638 I am_uid_idle: 10022
11-10 04:44:42.249 1443 1628 I sysui_multi_action: [757,222,758,1]
11-10 04:44:42.252 1443 1628 I am_uid_active: 10051
11-10 04:44:42.269 1443 1637 I am_pss : [5460,10025,com.android.documentsui,89276416,80666624,0,220889088,0,2,15]
11-10 04:44:42.271 1443 2282 I wm_task_created: [18,-1]
11-10 04:44:42.275 1443 2282 I wm_task_moved: [18,1,8]
11-10 04:44:42.275 1443 2282 I wm_task_to_front: [0,18]
11-10 04:44:42.276 1443 2282 I wm_create_task: [0,18]
11-10 04:44:42.276 1443 2282 I wm_create_activity: [0,71193386,18,com.thundercomm.screensaver/android.service.dreams.DreamActivity,NULL,NULL,NULL,276824064]
11-10 04:44:42.276 1443 2282 I wm_task_moved: [18,1,8]
11-10 04:44:42.276 5460 5460 I wm_on_top_resumed_lost_called: [47630787,com.android.documentsui.files.FilesActivity,topStateChangedWhenResumed]
11-10 04:44:42.278 1443 2282 I wm_pause_activity: [0,47630787,com.android.documentsui/.files.FilesActivity,userLeaving=true,pauseBackTasks]
11-10 04:44:42.280 1443 1637 I am_pss : [5389,10090,com.android.music,19664896,13799424,0,139485184,0,18,9]
11-10 04:44:42.284 5460 5460 I wm_on_paused_called: [47630787,com.android.documentsui.files.FilesActivity,performPause]
11-10 04:44:42.287 1443 1637 I am_pss : [5559,10025,com.android.documentsui:com.android.documentsui.services,11045888,7008256,0,108314624,0,19,6]
11-10 04:44:42.294 1443 2282 I wm_add_to_stopping: [0,47630787,com.android.documentsui/.files.FilesActivity,makeInvisible]
11-10 04:44:42.295 1443 2282 I wm_restart_activity: [0,71193386,18,com.thundercomm.screensaver/android.service.dreams.DreamActivity]
11-10 04:44:42.295 1443 1637 I am_pss : [5512,10032,com.android.externalstorage,6627328,4321280,0,98271232,0,19,6]
11-10 04:44:42.296 1443 2282 I wm_set_resumed_activity: [0,com.thundercomm.screensaver/android.service.dreams.DreamActivity,minimalResumeActivityLocked]
11-10 04:44:42.304 1443 1631 I sysui_multi_action: [757,803,799,window_time_0,802,67]
11-10 04:44:42.305 4594 4594 I wm_on_create_called: [71193386,android.service.dreams.DreamActivity,performCreate]
11-10 04:44:42.306 4594 4594 I wm_on_start_called: [71193386,android.service.dreams.DreamActivity,handleStartActivity]
11-10 04:44:42.307 4594 4594 I wm_on_resume_called: [71193386,android.service.dreams.DreamActivity,RESUME_ACTIVITY]
11-10 04:44:42.312 4594 4594 I wm_on_top_resumed_gained_called: [71193386,android.service.dreams.DreamActivity,topStateChangedWhenResumed]
11-10 04:44:42.317 1443 1994 I input_focus: [Focus leaving 693976e com.android.documentsui/com.android.documentsui.files.FilesActivity (server),reason=NO_WINDOW]
11-10 04:44:42.327 1443 1443 I am_uid_active: 10069
11-10 04:44:42.336 1443 1632 I input_focus: [Focus request 7a9cc91 com.thundercomm.screensaver/android.service.dreams.DreamActivity,reason=UpdateInputWindows]
11-10 04:44:42.351 1443 1443 I notification_enqueue: [10082,2358,com.android.systemui,2048,NULL,0,Notification(channel=updateNotification shortcut=null contentView=null vibrate=null sound=null defaults=0x0 flags=0x0 color=0x00000000 vis=PRIVATE),1]
11-10 04:44:42.354 2358 2358 I sysui_multi_action: [757,111,758,2]
11-10 04:44:42.354 2358 2358 I sysui_multi_action: [757,111,758,2]
11-10 04:44:42.364 1443 1628 I sysui_multi_action: [319,95,322,81,325,809,757,761,758,8,759,2,806,com.thundercomm.screensaver,871,android.service.dreams.DreamActivity,904,com.thundercomm.screensaver,905,0,1320,4,1321,2]
11-10 04:44:42.364 1443 1628 I wm_activity_launch_time: [0,71193386,com.thundercomm.screensaver/android.service.dreams.DreamActivity,81]
11-10 04:44:42.367 1443 1654 I sysui_multi_action: [757,1696,758,6,759,3]
11-10 04:44:42.368 2358 2358 I sysui_multi_action: [757,111,758,1]
11-10 04:44:42.368 2358 2358 I sysui_multi_action: [757,126,758,1,759,126,927,0,928,0,1593,0]
11-10 04:44:42.368 2358 2358 I sysui_multi_action: [757,113,758,1,759,113,927,1,928,1,1593,0]
11-10 04:44:42.368 2358 2358 I sysui_multi_action: [757,0,758,1,759,0,927,2,928,0,1593,0]
11-10 04:44:42.368 2358 2358 I sysui_multi_action: [757,0,758,1,759,0,927,3,928,0,1593,0]
11-10 04:44:42.369 2358 2358 I sysui_multi_action: [757,491,758,1,759,491,927,4,928,0,1311,-1,1593,0]
11-10 04:44:42.369 2358 2358 I sysui_multi_action: [757,0,758,1,759,0,927,5,928,0,1593,0]
11-10 04:44:42.369 2358 2358 I sysui_multi_action: [757,111,758,1]
11-10 04:44:42.369 2358 2358 I sysui_multi_action: [757,126,758,1,759,126,927,0,928,0,1593,0]
11-10 04:44:42.369 2358 2358 I sysui_multi_action: [757,113,758,1,759,113,927,1,928,1,1593,0]
11-10 04:44:42.369 2358 2358 I sysui_multi_action: [757,0,758,1,759,0,927,2,928,0,1593,0]
11-10 04:44:42.369 2358 2358 I sysui_multi_action: [757,0,758,1,759,0,927,3,928,0,1593,0]
11-10 04:44:42.372 1443 1638 I am_wtf : [0,1443,system_server,-1,DisplayDeviceConfig,requesting nits when no mapping exists.]
11-10 04:44:42.375 1443 1638 I am_wtf : [0,1443,system_server,-1,DisplayDeviceConfig,requesting nits when no mapping exists.]
11-10 04:44:42.385 1443 1994 I input_focus: [Focus entering 7a9cc91 com.thundercomm.screensaver/android.service.dreams.DreamActivity (server),reason=Window became focusable. Previous reason: NOT_VISIBLE]
11-10 04:44:42.388 1443 1638 I am_wtf : [0,1443,system_server,-1,DisplayDeviceConfig,requesting nits when no mapping exists.]
11-10 04:44:42.389 1443 1638 I am_wtf : [0,1443,system_server,-1,DisplayDeviceConfig,requesting nits when no mapping exists.]
11-10 04:44:42.400 1443 1638 I am_wtf : [0,1443,system_server,-1,DisplayDeviceConfig,requesting nits when no mapping exists.]
11-10 04:44:42.401 1443 1638 I am_wtf : [0,1443,system_server,-1,DisplayDeviceConfig,requesting nits when no mapping exists.]
11-10 04:44:42.418 1443 1638 I am_wtf : [0,1443,system_server,-1,DisplayDeviceConfig,requesting nits when no mapping exists.]
11-10 04:44:42.419 1443 1638 I am_wtf : [0,1443,system_server,-1,DisplayDeviceConfig,requesting nits when no mapping exists.]
11-10 04:44:42.434 1443 1638 I am_wtf : [0,1443,system_server,-1,DisplayDeviceConfig,requesting nits when no mapping exists.]
11-10 04:44:42.436 1443 1638 I am_wtf : [0,1443,system_server,-1,DisplayDeviceConfig,requesting nits when no mapping exists.]
11-10 04:44:42.456 1443 1638 I am_wtf : [0,1443,system_server,-1,DisplayDeviceConfig,requesting nits when no mapping exists.]
11-10 04:44:42.457 1443 1638 I am_wtf : [0,1443,system_server,-1,DisplayDeviceConfig,requesting nits when no mapping exists.]
11-10 04:44:42.468 1443 1638 I am_wtf : [0,1443,system_server,-1,DisplayDeviceConfig,requesting nits when no mapping exists.]
11-10 04:44:42.469 1443 1638 I am_wtf : [0,1443,system_server,-1,DisplayDeviceConfig,requesting nits when no mapping exists.]
11-10 04:44:42.484 1443 1638 I am_wtf : [0,1443,system_server,-1,DisplayDeviceConfig,requesting nits when no mapping exists.]
11-10 04:44:42.485 1443 1638 I am_wtf : [0,1443,system_server,-1,DisplayDeviceConfig,requesting nits when no mapping exists.]
11-10 04:44:42.502 1443 1638 I am_wtf : [0,1443,system_server,-1,DisplayDeviceConfig,requesting nits when no mapping exists.]
11-10 04:44:42.503 1443 1638 I am_wtf : [0,1443,system_server,-1,DisplayDeviceConfig,requesting nits when no mapping exists.]
11-10 04:44:42.520 1443 1638 I am_wtf : [0,1443,system_server,-1,DisplayDeviceConfig,requesting nits when no mapping exists.]
11-10 04:44:42.522 1443 1638 I am_wtf : [0,1443,system_server,-1,DisplayDeviceConfig,requesting nits when no mapping exists.]
11-10 04:44:42.535 1443 1638 I am_wtf : [0,1443,system_server,-1,DisplayDeviceConfig,requesting nits when no mapping exists.]
11-10 04:44:42.537 1443 1638 I am_wtf : [0,1443,system_server,-1,DisplayDeviceConfig,requesting nits when no mapping exists.]
11-10 04:44:42.557 1443 1638 I am_wtf : [0,1443,system_server,-1,DisplayDeviceConfig,requesting nits when no mapping exists.]
11-10 04:44:42.558 1443 1638 I am_wtf : [0,1443,system_server,-1,DisplayDeviceConfig,requesting nits when no mapping exists.]
11-10 04:44:42.572 1443 1638 I am_wtf : [0,1443,system_server,-1,DisplayDeviceConfig,requesting nits when no mapping exists.]
11-10 04:44:42.573 1443 1638 I am_wtf : [0,1443,system_server,-1,DisplayDeviceConfig,requesting nits when no mapping exists.]
11-10 04:44:42.591 1443 1638 I am_wtf : [0,1443,system_server,-1,DisplayDeviceConfig,requesting nits when no mapping exists.]
11-10 04:44:42.592 1443 1638 I am_wtf : [0,1443,system_server,-1,DisplayDeviceConfig,requesting nits when no mapping exists.]
11-10 04:44:42.602 1443 1638 I am_wtf : [0,1443,system_server,-1,DisplayDeviceConfig,requesting nits when no mapping exists.]
11-10 04:44:42.603 1443 1638 I am_wtf : [0,1443,system_server,-1,DisplayDeviceConfig,requesting nits when no mapping exists.]
11-10 04:44:42.620 1443 1638 I am_wtf : [0,1443,system_server,-1,DisplayDeviceConfig,requesting nits when no mapping exists.]
11-10 04:44:42.621 1443 1638 I am_wtf : [0,1443,system_server,-1,DisplayDeviceConfig,requesting nits when no mapping exists.]
11-10 04:44:42.636 1443 1638 I am_wtf : [0,1443,system_server,-1,DisplayDeviceConfig,requesting nits when no mapping exists.]
11-10 04:44:42.637 1443 1638 I am_wtf : [0,1443,system_server,-1,DisplayDeviceConfig,requesting nits when no mapping exists.]
11-10 04:44:42.652 1443 1638 I am_wtf : [0,1443,system_server,-1,DisplayDeviceConfig,requesting nits when no mapping exists.]
11-10 04:44:42.658 1443 1638 I am_wtf : [0,1443,system_server,-1,DisplayDeviceConfig,requesting nits when no mapping exists.]
11-10 04:44:42.670 1443 1638 I am_wtf : [0,1443,system_server,-1,DisplayDeviceConfig,requesting nits when no mapping exists.]
11-10 04:44:42.671 1443 1638 I am_wtf : [0,1443,system_server,-1,DisplayDeviceConfig,requesting nits when no mapping exists.]
11-10 04:44:42.685 1443 1638 I am_wtf : [0,1443,system_server,-1,DisplayDeviceConfig,requesting nits when no mapping exists.]
11-10 04:44:42.686 1443 1638 I am_wtf : [0,1443,system_server,-1,DisplayDeviceConfig,requesting nits when no mapping exists.]
11-10 04:44:42.703 1443 1638 I am_wtf : [0,1443,system_server,-1,DisplayDeviceConfig,requesting nits when no mapping exists.]
11-10 04:44:42.704 1443 1638 I am_wtf : [0,1443,system_server,-1,DisplayDeviceConfig,requesting nits when no mapping exists.]
11-10 04:44:42.719 1443 1638 I am_wtf : [0,1443,system_server,-1,DisplayDeviceConfig,requesting nits when no mapping exists.]
11-10 04:44:42.725 1443 1638 I am_wtf : [0,1443,system_server,-1,DisplayDeviceConfig,requesting nits when no mapping exists.]
11-10 04:44:42.738 1443 1638 I am_wtf : [0,1443,system_server,-1,DisplayDeviceConfig,requesting nits when no mapping exists.]
11-10 04:44:42.740 1443 1638 I am_wtf : [0,1443,system_server,-1,DisplayDeviceConfig,requesting nits when no mapping exists.]
11-10 04:44:42.753 1443 1638 I am_wtf : [0,1443,system_server,-1,DisplayDeviceConfig,requesting nits when no mapping exists.]
11-10 04:44:42.754 1443 1638 I am_wtf : [0,1443,system_server,-1,DisplayDeviceConfig,requesting nits when no mapping exists.]
11-10 04:44:42.768 1443 1638 I am_wtf : [0,1443,system_server,-1,DisplayDeviceConfig,requesting nits when no mapping exists.]
11-10 04:44:42.771 1443 1638 I am_wtf : [0,1443,system_server,-1,DisplayDeviceConfig,requesting nits when no mapping exists.]
11-10 04:44:42.788 1443 1638 I am_wtf : [0,1443,system_server,-1,DisplayDeviceConfig,requesting nits when no mapping exists.]
11-10 04:44:42.790 1443 1638 I am_wtf : [0,1443,system_server,-1,DisplayDeviceConfig,requesting nits when no mapping exists.]
11-10 04:44:42.806 1443 1638 I am_wtf : [0,1443,system_server,-1,DisplayDeviceConfig,requesting nits when no mapping exists.]
11-10 04:44:42.807 1443 1638 I am_wtf : [0,1443,system_server,-1,DisplayDeviceConfig,requesting nits when no mapping exists.]
11-10 04:44:42.820 1443 1638 I am_wtf : [0,1443,system_server,-1,DisplayDeviceConfig,requesting nits when no mapping exists.]
11-10 04:44:42.821 1443 1638 I am_wtf : [0,1443,system_server,-1,DisplayDeviceConfig,requesting nits when no mapping exists.]
11-10 04:44:42.836 1443 1638 I am_wtf : [0,1443,system_server,-1,DisplayDeviceConfig,requesting nits when no mapping exists.]
11-10 04:44:42.837 1443 1638 I am_wtf : [0,1443,system_server,-1,DisplayDeviceConfig,requesting nits when no mapping exists.]
11-10 04:44:42.853 1443 1638 I am_wtf : [0,1443,system_server,-1,DisplayDeviceConfig,requesting nits when no mapping exists.]
11-10 04:44:42.855 1443 1638 I am_wtf : [0,1443,system_server,-1,DisplayDeviceConfig,requesting nits when no mapping exists.]
11-10 04:44:42.872 1443 1638 I am_wtf : [0,1443,system_server,-1,DisplayDeviceConfig,requesting nits when no mapping exists.]
11-10 04:44:42.873 1443 1638 I am_wtf : [0,1443,system_server,-1,DisplayDeviceConfig,requesting nits when no mapping exists.]
11-10 04:44:42.873 1443 1631 I wm_stop_activity: [0,47630787,com.android.documentsui/.files.FilesActivity]
11-10 04:44:42.889 1443 1638 I am_wtf : [0,1443,system_server,-1,DisplayDeviceConfig,requesting nits when no mapping exists.]
11-10 04:44:42.890 1443 1638 I am_wtf : [0,1443,system_server,-1,DisplayDeviceConfig,requesting nits when no mapping exists.]
11-10 04:44:42.890 5460 5460 I wm_on_stop_called: [47630787,com.android.documentsui.files.FilesActivity,STOP_ACTIVITY_ITEM]
11-10 04:44:42.905 1443 1638 I am_wtf : [0,1443,system_server,-1,DisplayDeviceConfig,requesting nits when no mapping exists.]
11-10 04:44:42.906 1443 1638 I am_wtf : [0,1443,system_server,-1,DisplayDeviceConfig,requesting nits when no mapping exists.]
11-10 04:44:42.924 1443 1638 I am_wtf : [0,1443,system_server,-1,DisplayDeviceConfig,requesting nits when no mapping exists.]
11-10 04:44:42.925 1443 1638 I am_wtf : [0,1443,system_server,-1,DisplayDeviceConfig,requesting nits when no mapping exists.]
11-10 04:44:42.935 1443 1638 I am_wtf : [0,1443,system_server,-1,DisplayDeviceConfig,requesting nits when no mapping exists.]
11-10 04:44:42.937 1443 1638 I am_wtf : [0,1443,system_server,-1,DisplayDeviceConfig,requesting nits when no mapping exists.]
11-10 04:44:42.950 1443 1638 I am_wtf : [0,1443,system_server,-1,DisplayDeviceConfig,requesting nits when no mapping exists.]
11-10 04:44:42.951 1443 1638 I am_wtf : [0,1443,system_server,-1,DisplayDeviceConfig,requesting nits when no mapping exists.]
11-10 04:44:42.968 1443 1638 I am_wtf : [0,1443,system_server,-1,DisplayDeviceConfig,requesting nits when no mapping exists.]
11-10 04:44:42.968 1443 1638 I service_manager_stats: [100,58,6935]
11-10 04:44:42.968 1443 1638 I am_wtf : [0,1443,system_server,-1,DisplayDeviceConfig,requesting nits when no mapping exists.]
11-10 04:44:42.984 1443 1638 I am_wtf : [0,1443,system_server,-1,DisplayDeviceConfig,requesting nits when no mapping exists.]
11-10 04:44:42.986 1443 1638 I am_wtf : [0,1443,system_server,-1,DisplayDeviceConfig,requesting nits when no mapping exists.]
11-10 04:44:43.000 1443 1638 I am_wtf : [0,1443,system_server,-1,DisplayDeviceConfig,requesting nits when no mapping exists.]
11-10 04:44:43.002 1443 1638 I am_wtf : [0,1443,system_server,-1,DisplayDeviceConfig,requesting nits when no mapping exists.]
11-10 04:44:43.019 1443 1638 I am_wtf : [0,1443,system_server,-1,DisplayDeviceConfig,requesting nits when no mapping exists.]
11-10 04:44:43.020 1443 1638 I am_wtf : [0,1443,system_server,-1,DisplayDeviceConfig,requesting nits when no mapping exists.]
11-10 04:44:43.035 1443 1638 I am_wtf : [0,1443,system_server,-1,DisplayDeviceConfig,requesting nits when no mapping exists.]
11-10 04:44:43.036 1443 1638 I am_wtf : [0,1443,system_server,-1,DisplayDeviceConfig,requesting nits when no mapping exists.]
11-10 04:44:43.051 1443 1638 I am_wtf : [0,1443,system_server,-1,DisplayDeviceConfig,requesting nits when no mapping exists.]
11-10 04:44:43.052 1443 1638 I am_wtf : [0,1443,system_server,-1,DisplayDeviceConfig,requesting nits when no mapping exists.]
11-10 04:44:43.068 1443 1638 I am_wtf : [0,1443,system_server,-1,DisplayDeviceConfig,requesting nits when no mapping exists.]
11-10 04:44:43.069 1443 1638 I am_wtf : [0,1443,system_server,-1,DisplayDeviceConfig,requesting nits when no mapping exists.]
11-10 04:44:43.086 1443 1638 I am_wtf : [0,1443,system_server,-1,DisplayDeviceConfig,requesting nits when no mapping exists.]
11-10 04:44:43.087 1443 1638 I am_wtf : [0,1443,system_server,-1,DisplayDeviceConfig,requesting nits when no mapping exists.]
11-10 04:44:43.102 1443 1638 I am_wtf : [0,1443,system_server,-1,DisplayDeviceConfig,requesting nits when no mapping exists.]
11-10 04:44:43.104 1443 1638 I am_wtf : [0,1443,system_server,-1,DisplayDeviceConfig,requesting nits when no mapping exists.]
11-10 04:44:43.118 1443 1638 I am_wtf : [0,1443,system_server,-1,DisplayDeviceConfig,requesting nits when no mapping exists.]
11-10 04:44:43.119 1443 1638 I am_wtf : [0,1443,system_server,-1,DisplayDeviceConfig,requesting nits when no mapping exists.]
11-10 04:44:43.134 1443 1638 I am_wtf : [0,1443,system_server,-1,DisplayDeviceConfig,requesting nits when no mapping exists.]
11-10 04:44:43.136 1443 1638 I am_wtf : [0,1443,system_server,-1,DisplayDeviceConfig,requesting nits when no mapping exists.]
11-10 04:44:43.153 1443 1638 I am_wtf : [0,1443,system_server,-1,DisplayDeviceConfig,requesting nits when no mapping exists.]
11-10 04:44:43.154 1443 1638 I am_wtf : [0,1443,system_server,-1,DisplayDeviceConfig,requesting nits when no mapping exists.]
11-10 04:44:43.170 1443 1638 I am_wtf : [0,1443,system_server,-1,DisplayDeviceConfig,requesting nits when no mapping exists.]
11-10 04:44:43.171 1443 1638 I am_wtf : [0,1443,system_server,-1,DisplayDeviceConfig,requesting nits when no mapping exists.]
11-10 04:44:43.189 1443 1638 I am_wtf : [0,1443,system_server,-1,DisplayDeviceConfig,requesting nits when no mapping exists.]
11-10 04:44:43.190 1443 1638 I am_wtf : [0,1443,system_server,-1,DisplayDeviceConfig,requesting nits when no mapping exists.]
11-10 04:44:43.201 1443 1638 I am_wtf : [0,1443,system_server,-1,DisplayDeviceConfig,requesting nits when no mapping exists.]
11-10 04:44:43.202 1443 1638 I am_wtf : [0,1443,system_server,-1,DisplayDeviceConfig,requesting nits when no mapping exists.]
11-10 04:44:43.219 1443 1638 I am_wtf : [0,1443,system_server,-1,DisplayDeviceConfig,requesting nits when no mapping exists.]
11-10 04:44:43.220 1443 1638 I am_wtf : [0,1443,system_server,-1,DisplayDeviceConfig,requesting nits when no mapping exists.]
11-10 04:44:43.235 1443 1638 I am_wtf : [0,1443,system_server,-1,DisplayDeviceConfig,requesting nits when no mapping exists.]
11-10 04:44:43.237 1443 1638 I am_wtf : [0,1443,system_server,-1,DisplayDeviceConfig,requesting nits when no mapping exists.]
11-10 04:44:43.259 1443 1638 I am_wtf : [0,1443,system_server,-1,DisplayDeviceConfig,requesting nits when no mapping exists.]
11-10 04:44:43.260 1443 1638 I am_wtf : [0,1443,system_server,-1,DisplayDeviceConfig,requesting nits when no mapping exists.]
11-10 04:44:43.269 1443 1638 I am_wtf : [0,1443,system_server,-1,DisplayDeviceConfig,requesting nits when no mapping exists.]
11-10 04:44:43.271 1443 1638 I am_wtf : [0,1443,system_server,-1,DisplayDeviceConfig,requesting nits when no mapping exists.]
11-10 04:44:43.297 1443 1638 I am_wtf : [0,1443,system_server,-1,DisplayDeviceConfig,requesting nits when no mapping exists.]
11-10 04:44:43.299 1443 1638 I am_wtf : [0,1443,system_server,-1,DisplayDeviceConfig,requesting nits when no mapping exists.]
11-10 04:44:43.311 1443 1638 I am_wtf : [0,1443,system_server,-1,DisplayDeviceConfig,requesting nits when no mapping exists.]
11-10 04:44:43.313 1443 1638 I am_wtf : [0,1443,system_server,-1,DisplayDeviceConfig,requesting nits when no mapping exists.]
11-10 04:44:43.327 1443 1638 I am_wtf : [0,1443,system_server,-1,DisplayDeviceConfig,requesting nits when no mapping exists.]
11-10 04:44:43.328 1443 1638 I am_wtf : [0,1443,system_server,-1,DisplayDeviceConfig,requesting nits when no mapping exists.]
11-10 04:44:48.457 1443 1638 I am_uid_idle: 10032
11-10 04:45:42.876 1443 1638 I am_uid_idle: 10025
11-10 04:45:48.942 1443 1638 I am_uid_idle: 10069
11-10 04:48:50.456 1443 1994 I input_interaction: Interaction with: 7a9cc91 com.thundercomm.screensaver/android.service.dreams.DreamActivity (server), edge-swipe (server), swipe-up (server), PointerEventDispatcher0 (server),
11-10 04:48:50.460 1443 1726 I wm_finish_activity: [0,71193386,18,com.thundercomm.screensaver/android.service.dreams.DreamActivity,finish-activity]
11-10 04:48:50.460 1443 1726 I wm_task_moved: [17,1,7]
11-10 04:48:50.460 1443 1726 I wm_task_to_front: [0,17]
11-10 04:48:50.462 1443 1726 I wm_focused_root_task: [0,0,17,18,finish-top adjustFocusToNextFocusableTask]
11-10 04:48:50.463 1443 1726 I wm_pause_activity: [0,71193386,com.thundercomm.screensaver/android.service.dreams.DreamActivity,userLeaving=false,finish]
11-10 04:48:50.474 1443 1631 I sysui_multi_action: [757,803,799,window_time_0,802,248]
11-10 04:48:50.475 4594 4594 I wm_on_top_resumed_lost_called: [71193386,android.service.dreams.DreamActivity,topStateChangedWhenResumed]
11-10 04:48:50.478 4594 4594 I wm_on_paused_called: [71193386,android.service.dreams.DreamActivity,performPause]
11-10 04:48:50.479 1443 1589 I wm_add_to_stopping: [0,71193386,com.thundercomm.screensaver/android.service.dreams.DreamActivity,completeFinishing]
11-10 04:48:50.483 1443 1589 I wm_set_resumed_activity: [0,com.android.documentsui/.files.FilesActivity,resumeTopActivityInnerLocked]
11-10 04:48:50.486 1443 1589 I wm_resume_activity: [0,47630787,17,com.android.documentsui/.files.FilesActivity]
11-10 04:48:50.494 1443 1631 I am_uid_active: 10025
11-10 04:48:50.496 1443 1631 I sysui_multi_action: [757,803,799,window_time_0,802,0]
11-10 04:48:50.509 1443 1637 I am_pss : [5389,10090,com.android.music,19777536,13848576,0,139485184,0,18,9]
11-10 04:48:50.515 1443 1994 I input_focus: [Focus leaving 7a9cc91 com.thundercomm.screensaver/android.service.dreams.DreamActivity (server),reason=NO_WINDOW]
11-10 04:48:50.515 4594 4594 I view_enqueue_input_event: [Motion - Cancel,com.thundercomm.screensaver/android.service.dreams.DreamActivity]
11-10 04:48:50.518 1443 1637 I am_pss : [5559,10025,com.android.documentsui:com.android.documentsui.services,10007552,5898240,0,107204608,0,19,6]
11-10 04:48:50.519 5460 5460 I wm_on_restart_called: [47630787,com.android.documentsui.files.FilesActivity,performRestartActivity]
11-10 04:48:50.524 5460 5460 I wm_on_start_called: [47630787,com.android.documentsui.files.FilesActivity,handleStartActivity]
11-10 04:48:50.526 1443 1637 I am_pss : [5512,10032,com.android.externalstorage,6627328,4321280,0,98271232,0,19,6]
11-10 04:48:50.528 5460 5460 I wm_on_resume_called: [47630787,com.android.documentsui.files.FilesActivity,RESUME_ACTIVITY]
11-10 04:48:50.530 5460 5460 I wm_on_top_resumed_gained_called: [47630787,com.android.documentsui.files.FilesActivity,topWhenResuming]
11-10 04:48:50.531 1443 1589 I am_uid_active: 10032
11-10 04:48:50.536 1443 1443 I am_uid_active: 10069
11-10 04:48:50.540 1443 1632 I input_focus: [Focus request 693976e com.android.documentsui/com.android.documentsui.files.FilesActivity,reason=UpdateInputWindows]
11-10 04:48:50.550 1443 1637 I am_pss : [4253,1000,com.thundercomm.gamemode,17089536,13430784,0,118919168,0,10,7]
11-10 04:48:50.556 1443 1637 I am_pss : [3869,1000,com.qti.diagservices,6065152,3821568,0,94650368,0,10,6]
11-10 04:48:50.580 1443 1443 I service_manager_slow: [12,phone]
11-10 04:48:50.632 1443 1994 I input_focus: [Focus entering 693976e com.android.documentsui/com.android.documentsui.files.FilesActivity (server),reason=Window became focusable. Previous reason: NOT_VISIBLE]
11-10 04:48:51.138 1443 1631 I wm_destroy_activity: [0,71193386,18,com.thundercomm.screensaver/android.service.dreams.DreamActivity,finish-imm:idle]
11-10 04:48:51.157 4594 4594 I wm_on_stop_called: [71193386,android.service.dreams.DreamActivity,LIFECYCLER_STOP_ACTIVITY]
11-10 04:48:51.158 4594 4594 I wm_on_destroy_called: [71193386,android.service.dreams.DreamActivity,performDestroy]
11-10 04:48:51.165 1443 1628 I sysui_multi_action: [757,222,758,2]
11-10 04:48:51.173 1443 1628 I sysui_multi_action: [757,804,799,dreaming_minutes,801,4,802,1]
11-10 04:48:51.181 1443 2417 I wm_task_removed: [18,removeChild:removeChild last r=ActivityRecord{43e532a u0 com.thundercomm.screensaver/android.service.dreams.DreamActivity t-1 f}} in t=Task{24b0ce7 #18 type=dream A=10051:android:com.thundercomm.screensaver/dream U=0 visible=false mode=fullscreen translucent=true sz=0}]
11-10 04:48:51.181 1443 2417 I wm_task_removed: [18,removeChild]
11-10 04:48:52.382 1443 1994 I input_interaction: Interaction with: 693976e com.android.documentsui/com.android.documentsui.files.FilesActivity (server), edge-swipe (server), swipe-up (server), PointerEventDispatcher0 (server),
11-10 04:48:54.153 1443 1588 I wm_task_moved: [17,1,7]
11-10 04:48:54.154 1443 1588 I wm_set_resumed_activity: [0,com.android.documentsui/.files.FilesActivity,positionChildAt]
11-10 04:48:54.156 1443 1588 I wm_create_activity: [0,251624769,17,com.android.gallery3d/.app.MovieActivity,android.intent.action.VIEW,video/mp4,content://com.android.externalstorage.documents/document/primary:t/Food.mp4,536870915]
11-10 04:48:54.164 1443 1588 I wm_pause_activity: [0,47630787,com.android.documentsui/.files.FilesActivity,userLeaving=true,resumeTopActivityInnerLocked]
11-10 04:48:54.173 5460 5460 I wm_on_top_resumed_lost_called: [47630787,com.android.documentsui.files.FilesActivity,topStateChangedWhenResumed]
11-10 04:48:54.176 1443 1631 I am_uid_running: 10063
11-10 04:48:54.177 5460 5460 I wm_on_paused_called: [47630787,com.android.documentsui.files.FilesActivity,performPause]
11-10 04:48:54.181 1443 1588 I wm_add_to_stopping: [0,47630787,com.android.documentsui/.files.FilesActivity,makeInvisible]
11-10 04:48:54.186 1443 1631 I sysui_multi_action: [757,803,799,window_time_0,802,4]
11-10 04:48:54.192 1443 1994 I input_focus: [Focus leaving 693976e com.android.documentsui/com.android.documentsui.files.FilesActivity (server),reason=NO_WINDOW]
11-10 04:48:54.210 1443 1639 I am_proc_start: [0,5752,10063,com.android.gallery3d,pre-top-activity,{com.android.gallery3d/com.android.gallery3d.app.MovieActivity}]
11-10 04:48:54.243 1443 1588 I am_proc_bound: [0,5752,com.android.gallery3d]
11-10 04:48:54.251 1443 1588 I wm_restart_activity: [0,251624769,17,com.android.gallery3d/.app.MovieActivity]
11-10 04:48:54.253 1443 1588 I wm_set_resumed_activity: [0,com.android.gallery3d/.app.MovieActivity,minimalResumeActivityLocked]
11-10 04:48:54.255 1443 1631 I am_uid_active: 10063
11-10 04:48:54.323 5752 5752 I wm_on_create_called: [251624769,com.android.gallery3d.app.MovieActivity,performCreate]
11-10 04:48:54.327 5752 5752 I wm_on_start_called: [251624769,com.android.gallery3d.app.MovieActivity,handleStartActivity]
11-10 04:48:54.327 5752 5752 I wm_on_resume_called: [251624769,com.android.gallery3d.app.MovieActivity,RESUME_ACTIVITY]
11-10 04:48:54.334 5752 5752 I wm_on_top_resumed_gained_called: [251624769,com.android.gallery3d.app.MovieActivity,topStateChangedWhenResumed]
11-10 04:48:54.347 1443 1632 I input_focus: [Focus request 4e0d6ff com.android.gallery3d/com.android.gallery3d.app.MovieActivity,reason=UpdateInputWindows]
11-10 04:48:54.353 1443 1443 I notification_enqueue: [10082,2358,com.android.systemui,2048,NULL,0,Notification(channel=updateNotification shortcut=null contentView=null vibrate=null sound=null defaults=0x0 flags=0x0 color=0x00000000 vis=PRIVATE),1]
11-10 04:48:54.362 2358 2358 I sysui_multi_action: [757,111,758,2]
11-10 04:48:54.363 2358 2358 I sysui_multi_action: [757,111,758,2]
11-10 04:48:54.373 2358 2358 I sysui_multi_action: [757,111,758,1]
11-10 04:48:54.373 2358 2358 I sysui_multi_action: [757,126,758,1,759,126,927,0,928,0,1593,0]
11-10 04:48:54.373 2358 2358 I sysui_multi_action: [757,113,758,1,759,113,927,1,928,1,1593,0]
11-10 04:48:54.374 2358 2358 I sysui_multi_action: [757,0,758,1,759,0,927,2,928,0,1593,0]
11-10 04:48:54.374 2358 2358 I sysui_multi_action: [757,0,758,1,759,0,927,3,928,0,1593,0]
11-10 04:48:54.374 2358 2358 I sysui_multi_action: [757,491,758,1,759,491,927,4,928,0,1311,-1,1593,0]
11-10 04:48:54.374 2358 2358 I sysui_multi_action: [757,0,758,1,759,0,927,5,928,0,1593,0]
11-10 04:48:54.374 2358 2358 I sysui_multi_action: [757,111,758,1]
11-10 04:48:54.374 2358 2358 I sysui_multi_action: [757,126,758,1,759,126,927,0,928,0,1593,0]
11-10 04:48:54.374 2358 2358 I sysui_multi_action: [757,113,758,1,759,113,927,1,928,1,1593,0]
11-10 04:48:54.374 2358 2358 I sysui_multi_action: [757,0,758,1,759,0,927,2,928,0,1593,0]
11-10 04:48:54.374 2358 2358 I sysui_multi_action: [757,0,758,1,759,0,927,3,928,0,1593,0]
11-10 04:48:54.524 1443 1994 I input_focus: [Focus entering 4e0d6ff com.android.gallery3d/com.android.gallery3d.app.MovieActivity (server),reason=Window became focusable. Previous reason: NOT_VISIBLE]
11-10 04:48:54.526 1443 1628 I sysui_multi_action: [319,128,321,67,322,376,325,1061,757,761,758,7,759,1,806,com.android.gallery3d,871,com.android.gallery3d.app.MovieActivity,904,com.android.documentsui,905,0,945,108,1320,4,1321,1]
11-10 04:48:54.529 1443 1628 I wm_activity_launch_time: [0,251624769,com.android.gallery3d/.app.MovieActivity,376]
11-10 04:48:54.642 1443 2433 I snet_event_log: [172655291,-1,]
11-10 04:48:54.661 1443 1631 I wm_stop_activity: [0,47630787,com.android.documentsui/.files.FilesActivity]
11-10 04:48:54.687 5460 5460 I wm_on_stop_called: [47630787,com.android.documentsui.files.FilesActivity,STOP_ACTIVITY_ITEM]
11-10 04:48:55.131 1443 1632 I input_focus: [Focus request 6c754ea ImmersiveModeConfirmation,reason=UpdateInputWindows]
11-10 04:48:55.145 1443 1994 I input_focus: [Focus leaving 4e0d6ff com.android.gallery3d/com.android.gallery3d.app.MovieActivity (server),reason=Waiting for window because NOT_VISIBLE]
11-10 04:48:55.161 1443 1994 I input_focus: [Focus entering 6c754ea ImmersiveModeConfirmation (server),reason=Window became focusable. Previous reason: NOT_VISIBLE]
11-10 04:48:55.267 1443 1994 I input_interaction: Interaction with: 4e0d6ff com.android.gallery3d/com.android.gallery3d.app.MovieActivity (server), edge-swipe (server), swipe-up (server), PointerEventDispatcher0 (server),
11-10 04:48:55.321 1443 1632 I input_focus: [Focus request 4e0d6ff com.android.gallery3d/com.android.gallery3d.app.MovieActivity,reason=UpdateInputWindows]
11-10 04:48:55.345 1443 1994 I input_focus: [Focus entering 4e0d6ff com.android.gallery3d/com.android.gallery3d.app.MovieActivity (server),reason=setFocusedWindow]
11-10 04:48:56.256 1443 2417 I wm_task_moved: [1,0,0]
11-10 04:48:56.257 1443 2417 I wm_task_moved: [1,0,6]
11-10 04:48:56.260 2792 2792 I wm_on_restart_called: [89456280,com.android.launcher3.uioverrides.QuickstepLauncher,performRestartActivity]
11-10 04:48:56.287 1443 2433 I snet_event_log: [172655291,-1,]
11-10 04:48:56.295 2792 2792 I wm_on_start_called: [89456280,com.android.launcher3.uioverrides.QuickstepLauncher,handleStartActivity]
11-10 04:48:56.297 5752 5752 I view_enqueue_input_event: [Motion - Cancel,com.android.gallery3d/com.android.gallery3d.app.MovieActivity]
11-10 04:48:56.300 1443 1632 I input_focus: [Focus request recents_animation_input_consumer,reason=UpdateInputWindows]
11-10 04:48:56.312 1443 1994 I input_focus: [Focus leaving 4e0d6ff com.android.gallery3d/com.android.gallery3d.app.MovieActivity (server),reason=NOT_FOCUSABLE]
11-10 04:48:56.312 1443 1994 I input_focus: [Focus entering recents_animation_input_consumer (server),reason=setFocusedWindow]
11-10 04:48:56.316 2792 2792 I sysui_latency: [1,104]
11-10 04:48:56.321 1443 1994 I input_interaction: Interaction with: edge-swipe (server), swipe-up (server), PointerEventDispatcher0 (server),
11-10 04:48:56.330 1443 1628 I sysui_multi_action: [319,7,322,65,325,1063,757,761,758,9,759,5,806,com.android.launcher3,871,com.android.launcher3.uioverrides.QuickstepLauncher,905,0,1320,4,1321,1]
11-10 04:48:56.468 1443 1743 I commit_sys_config_file: [settings-1-0,5]
11-10 04:48:56.623 1443 1637 I sysui_latency: [8,97]
11-10 04:48:57.474 1443 1743 I commit_sys_config_file: [settings-1-0,9]
11-10 04:48:57.913 1443 1994 I input_interaction: Interaction with: 2502e37 com.android.launcher3/com.android.launcher3.uioverrides.QuickstepLauncher (server), edge-swipe (server), swipe-up (server), PointerEventDispatcher0 (server),
11-10 04:48:58.421 1443 3566 I wm_task_moved: [1,1,7]
11-10 04:48:58.423 1443 3566 I wm_focused_root_task: [0,0,1,17,RecentsAnimation.onAnimationFinished()]
11-10 04:48:58.423 5752 5752 I wm_on_top_resumed_lost_called: [251624769,com.android.gallery3d.app.MovieActivity,topStateChangedWhenResumed]
11-10 04:48:58.429 1443 3566 I wm_pause_activity: [0,251624769,com.android.gallery3d/.app.MovieActivity,userLeaving=false,pauseBackTasks]
11-10 04:48:58.432 1443 3566 I wm_set_resumed_activity: [0,com.android.launcher3/.uioverrides.QuickstepLauncher,resumeTopActivityInnerLocked]
11-10 04:48:58.436 1443 3566 I wm_resume_activity: [0,89456280,10,com.android.launcher3/.uioverrides.QuickstepLauncher]
11-10 04:48:58.438 1443 3566 I wm_add_to_stopping: [0,251624769,com.android.gallery3d/.app.MovieActivity,makeInvisible]
11-10 04:48:58.442 2792 2792 I wm_on_resume_called: [89456280,com.android.launcher3.uioverrides.QuickstepLauncher,RESUME_ACTIVITY]
11-10 04:48:58.453 1443 1632 I input_focus: [Focus request 2502e37 com.android.launcher3/com.android.launcher3.uioverrides.QuickstepLauncher,reason=UpdateInputWindows]
11-10 04:48:58.454 1443 1631 I sysui_multi_action: [757,803,799,window_time_0,802,4]
11-10 04:48:58.462 1443 3290 I wm_stop_activity: [0,251624769,com.android.gallery3d/.app.MovieActivity]
11-10 04:48:58.464 1443 1631 I sysui_multi_action: [757,803,799,window_time_0,802,0]
11-10 04:48:58.469 1443 1994 I input_focus: [Focus leaving recents_animation_input_consumer (server),reason=NOT_VISIBLE]
11-10 04:48:58.469 1443 1994 I input_focus: [Focus entering 2502e37 com.android.launcher3/com.android.launcher3.uioverrides.QuickstepLauncher (server),reason=setFocusedWindow]
11-10 04:48:58.500 2792 2792 I wm_on_top_resumed_gained_called: [89456280,com.android.launcher3.uioverrides.QuickstepLauncher,topStateChangedWhenResumed]
11-10 04:48:58.524 5752 5752 I wm_on_paused_called: [251624769,com.android.gallery3d.app.MovieActivity,performPause]
11-10 04:48:58.531 5752 5752 I wm_on_stop_called: [251624769,com.android.gallery3d.app.MovieActivity,STOP_ACTIVITY_ITEM]
11-10 04:48:58.555 1443 3290 I wm_finish_activity: [0,251624769,17,com.android.gallery3d/.app.MovieActivity,remove-task]
11-10 04:48:58.556 1443 3290 I wm_destroy_activity: [0,251624769,17,com.android.gallery3d/.app.MovieActivity,finish-imm:finishIfPossible]
11-10 04:48:58.556 1443 3290 I wm_finish_activity: [0,47630787,17,com.android.documentsui/.files.FilesActivity,remove-task]
11-10 04:48:58.558 5752 5752 I wm_on_destroy_called: [251624769,com.android.gallery3d.app.MovieActivity,performDestroy]
11-10 04:48:58.559 1443 3290 I wm_destroy_activity: [0,47630787,17,com.android.documentsui/.files.FilesActivity,finish-imm:finishIfPossible]
11-10 04:48:58.566 5460 5460 I wm_on_destroy_called: [47630787,com.android.documentsui.files.FilesActivity,performDestroy]
11-10 04:48:58.573 1443 1631 I am_kill : [0,5460,com.android.documentsui,900,remove task]
11-10 04:48:58.574 1443 1631 I am_kill : [0,5559,com.android.documentsui:com.android.documentsui.services,915,remove task]
11-10 04:48:58.591 1443 1631 I sysui_multi_action: [757,803,799,window_time_0,802,1]
11-10 04:48:58.611 1443 2282 I am_proc_died: [0,5559,com.android.documentsui:com.android.documentsui.services,915,19]
11-10 04:48:58.625 1443 2282 I am_proc_died: [0,5460,com.android.documentsui,900,19]
11-10 04:48:58.625 1443 2282 I am_uid_stopped: 10025
11-10 04:48:58.631 1443 2282 I wm_task_removed: [17,removeChild:removeChild last r=ActivityRecord{2d6c9c3 u0 com.android.documentsui/.files.FilesActivity t-1 f}} in t=Task{f835958 #17 type=standard A=10025:com.android.documentsui U=0 visible=false mode=fullscreen translucent=true sz=0}]
11-10 04:48:58.631 1443 2282 I wm_task_removed: [17,removeChild]
11-10 04:48:59.044 1443 1994 I input_interaction: Interaction with: 2502e37 com.android.launcher3/com.android.launcher3.uioverrides.QuickstepLauncher (server), 77c60fd com.android.systemui.ImageWallpaper (server), edge-swipe (server), swipe-up (server), PointerEventDispatcher0 (server),
11-10 04:48:59.671 1443 1631 I am_kill : [0,5389,com.android.music,900,remove task]
11-10 04:48:59.675 1443 1631 I sysui_multi_action: [757,803,799,window_time_0,802,1]
11-10 04:48:59.714 1443 2282 I am_proc_died: [0,5389,com.android.music,900,18]
11-10 04:48:59.716 1443 2282 I am_uid_stopped: 10090
11-10 04:48:59.721 1443 1631 I am_uid_running: 10090
11-10 04:48:59.738 1443 1639 I am_proc_start: [0,5842,10090,com.android.music,NULL,]
11-10 04:48:59.772 1443 3290 I am_proc_bound: [0,5842,com.android.music]
11-10 04:49:00.902 1443 5839 I wm_finish_activity: [0,141576729,12,com.android.settings/.Settings,remove-task]
11-10 04:49:00.905 1443 5839 I wm_destroy_activity: [0,141576729,12,com.android.settings/.Settings,finish-imm:finishIfPossible]
11-10 04:49:00.911 1443 1631 I am_kill : [0,2903,com.android.settings,900,remove task]
11-10 04:49:00.913 1443 1631 I sysui_multi_action: [757,803,799,window_time_0,802,1]
11-10 04:49:00.965 1443 5841 I am_proc_died: [0,2903,com.android.settings,900,19]
11-10 04:49:00.973 1443 5841 I wm_task_removed: [12,removeChild:removeChild last r=ActivityRecord{8704a19 u0 com.android.settings/.Settings t-1 f}} in t=Task{1fc46ea #12 type=standard A=1000:com.android.settings.root U=0 visible=false mode=fullscreen translucent=true sz=0}]
11-10 04:49:00.973 1443 5841 I wm_task_removed: [12,removeChild]
11-10 04:49:14.645 1443 3319 I wm_task_created: [19,-1]
11-10 04:49:14.656 1443 3319 I wm_task_moved: [19,1,6]
11-10 04:49:14.656 1443 3319 I wm_task_to_front: [0,19]
11-10 04:49:14.657 1443 3319 I wm_create_task: [0,19]
11-10 04:49:14.657 1443 3319 I wm_create_activity: [0,48372709,19,com.android.music/.VideoBrowserActivity,NULL,NULL,NULL,268468224]
11-10 04:49:14.657 1443 3319 I wm_task_moved: [19,1,6]
11-10 04:49:14.664 1443 3319 I wm_restart_activity: [0,48372709,19,com.android.music/.VideoBrowserActivity]
11-10 04:49:14.666 1443 3319 I wm_set_resumed_activity: [0,com.android.music/.VideoBrowserActivity,minimalResumeActivityLocked]
11-10 04:49:14.670 1443 1631 I am_uid_active: 10090
11-10 04:49:14.675 2792 2792 I wm_on_top_resumed_lost_called: [89456280,com.android.launcher3.uioverrides.QuickstepLauncher,topStateChangedWhenResumed]
11-10 04:49:14.723 5842 5842 I wm_on_create_called: [48372709,com.android.music.VideoBrowserActivity,performCreate]
11-10 04:49:14.724 5842 5842 I wm_on_start_called: [48372709,com.android.music.VideoBrowserActivity,handleStartActivity]
11-10 04:49:14.725 5842 5842 I wm_on_resume_called: [48372709,com.android.music.VideoBrowserActivity,RESUME_ACTIVITY]
11-10 04:49:14.730 5842 5842 I wm_on_top_resumed_gained_called: [48372709,com.android.music.VideoBrowserActivity,topStateChangedWhenResumed]
11-10 04:49:14.741 1443 1632 I input_focus: [Focus request a257ae3 com.android.music/com.android.music.VideoBrowserActivity,reason=UpdateInputWindows]
11-10 04:49:14.773 1443 1628 I sysui_multi_action: [319,141,322,140,325,1082,757,761,758,8,759,2,806,com.android.music,871,com.android.music.VideoBrowserActivity,904,com.android.launcher3,905,0,1320,4,1321,1]
11-10 04:49:14.773 1443 1994 I input_focus: [Focus leaving 2502e37 com.android.launcher3/com.android.launcher3.uioverrides.QuickstepLauncher (server),reason=Waiting for window because NOT_VISIBLE]
11-10 04:49:14.773 1443 1628 I wm_activity_launch_time: [0,48372709,com.android.music/.VideoBrowserActivity,140]
11-10 04:49:14.790 1443 1994 I input_focus: [Focus entering a257ae3 com.android.music/com.android.music.VideoBrowserActivity (server),reason=Window became focusable. Previous reason: NOT_VISIBLE]
11-10 04:49:16.061 1443 1994 I input_interaction: Interaction with: a257ae3 com.android.music/com.android.music.VideoBrowserActivity (server), edge-swipe (server), swipe-up (server), PointerEventDispatcher0 (server),
11-10 04:49:16.356 1443 3319 I wm_task_moved: [19,1,6]
11-10 04:49:16.356 1443 3319 I wm_set_resumed_activity: [0,com.android.music/.VideoBrowserActivity,positionChildAt]
11-10 04:49:16.356 1443 3319 I wm_create_activity: [0,236050763,19,com.android.gallery3d/.app.MovieActivity,android.intent.action.VIEW,video/mp4,content://media/external/video/media/21,0]
11-10 04:49:16.358 1443 3319 I wm_pause_activity: [0,48372709,com.android.music/.VideoBrowserActivity,userLeaving=true,resumeTopActivityInnerLocked]
11-10 04:49:16.375 5842 5842 I wm_on_top_resumed_lost_called: [48372709,com.android.music.VideoBrowserActivity,topStateChangedWhenResumed]
11-10 04:49:16.375 5842 5842 I wm_on_paused_called: [48372709,com.android.music.VideoBrowserActivity,performPause]
11-10 04:49:16.377 1443 3319 I wm_restart_activity: [0,236050763,19,com.android.gallery3d/.app.MovieActivity]
11-10 04:49:16.379 1443 3319 I wm_set_resumed_activity: [0,com.android.gallery3d/.app.MovieActivity,minimalResumeActivityLocked]
11-10 04:49:16.383 1443 1631 I sysui_multi_action: [757,803,799,window_time_0,802,15]
11-10 04:49:16.409 5752 5752 I wm_on_create_called: [236050763,com.android.gallery3d.app.MovieActivity,performCreate]
11-10 04:49:16.413 5752 5752 I wm_on_start_called: [236050763,com.android.gallery3d.app.MovieActivity,handleStartActivity]
11-10 04:49:16.413 5752 5752 I wm_on_resume_called: [236050763,com.android.gallery3d.app.MovieActivity,RESUME_ACTIVITY]
11-10 04:49:16.418 5752 5752 I wm_on_top_resumed_gained_called: [236050763,com.android.gallery3d.app.MovieActivity,topStateChangedWhenResumed]
11-10 04:49:16.430 1443 1632 I input_focus: [Focus request a3c1b40 com.android.gallery3d/com.android.gallery3d.app.MovieActivity,reason=UpdateInputWindows]
11-10 04:49:16.460 1443 1994 I input_focus: [Focus leaving a257ae3 com.android.music/com.android.music.VideoBrowserActivity (server),reason=Waiting for window because NOT_VISIBLE]
11-10 04:49:16.470 1443 1628 I sysui_multi_action: [319,120,322,120,325,1083,757,761,758,8,759,2,806,com.android.gallery3d,871,com.android.gallery3d.app.MovieActivity,904,com.android.music,905,0,1320,4,1321,1]
11-10 04:49:16.472 1443 1628 I wm_activity_launch_time: [0,236050763,com.android.gallery3d/.app.MovieActivity,120]
11-10 04:49:16.483 1443 1994 I input_focus: [Focus entering a3c1b40 com.android.gallery3d/com.android.gallery3d.app.MovieActivity (server),reason=Window became focusable. Previous reason: NOT_VISIBLE]
11-10 04:49:16.533 1443 1589 I service_manager_stats: [100,89,273564]
11-10 04:49:16.580 1443 1589 I snet_event_log: [172655291,-1,]
11-10 04:49:18.758 1443 1994 I input_interaction: Interaction with: a3c1b40 com.android.gallery3d/com.android.gallery3d.app.MovieActivity (server), edge-swipe (server), swipe-up (server), PointerEventDispatcher0 (server),
11-10 04:49:19.256 5752 5752 I view_enqueue_input_event: [Motion - Cancel,com.android.gallery3d/com.android.gallery3d.app.MovieActivity]
11-10 04:49:19.260 1443 1994 I input_interaction: Interaction with: WindowManager (server), edge-swipe (server), swipe-up (server), PointerEventDispatcher0 (server),
11-10 04:49:21.630 1443 1994 I input_interaction: Interaction with: a3c1b40 com.android.gallery3d/com.android.gallery3d.app.MovieActivity (server), edge-swipe (server), swipe-up (server), PointerEventDispatcher0 (server),
11-10 04:49:23.114 5752 5752 I view_enqueue_input_event: [Motion - Cancel,com.android.gallery3d/com.android.gallery3d.app.MovieActivity]
11-10 04:49:23.115 1443 1994 I input_interaction: Interaction with: WindowManager (server), edge-swipe (server), swipe-up (server), PointerEventDispatcher0 (server),
11-10 04:49:24.974 1443 1994 I input_interaction: Interaction with: a3c1b40 com.android.gallery3d/com.android.gallery3d.app.MovieActivity (server), edge-swipe (server), swipe-up (server), PointerEventDispatcher0 (server),
11-10 04:49:26.023 5752 5752 I view_enqueue_input_event: [Motion - Cancel,com.android.gallery3d/com.android.gallery3d.app.MovieActivity]
11-10 04:49:26.028 1443 1994 I input_interaction: Interaction with: WindowManager (server), edge-swipe (server), swipe-up (server), PointerEventDispatcher0 (server),
11-10 04:49:27.568 1443 1994 I input_interaction: Interaction with: a3c1b40 com.android.gallery3d/com.android.gallery3d.app.MovieActivity (server), edge-swipe (server), swipe-up (server), PointerEventDispatcher0 (server),
11-10 04:49:32.378 5752 5752 I view_enqueue_input_event: [Motion - Cancel,com.android.gallery3d/com.android.gallery3d.app.MovieActivity]
11-10 04:49:32.384 1443 1994 I input_interaction: Interaction with: WindowManager (server), edge-swipe (server), swipe-up (server), PointerEventDispatcher0 (server),
11-10 04:49:33.816 1443 1994 I input_interaction: Interaction with: a3c1b40 com.android.gallery3d/com.android.gallery3d.app.MovieActivity (server), edge-swipe (server), swipe-up (server), PointerEventDispatcher0 (server),
11-10 04:49:35.427 5752 5752 I view_enqueue_input_event: [Motion - Cancel,com.android.gallery3d/com.android.gallery3d.app.MovieActivity]
11-10 04:49:35.430 1443 1994 I input_interaction: Interaction with: WindowManager (server), edge-swipe (server), swipe-up (server), PointerEventDispatcher0 (server),
11-10 04:49:36.854 1443 1994 I input_interaction: Interaction with: a3c1b40 com.android.gallery3d/com.android.gallery3d.app.MovieActivity (server), edge-swipe (server), swipe-up (server), PointerEventDispatcher0 (server),
11-10 04:49:38.150 5752 5752 I view_enqueue_input_event: [Motion - Cancel,com.android.gallery3d/com.android.gallery3d.app.MovieActivity]
11-10 04:49:38.151 1443 1994 I input_interaction: Interaction with: WindowManager (server), edge-swipe (server), swipe-up (server), PointerEventDispatcher0 (server),
11-10 04:49:39.479 1443 1994 I input_interaction: Interaction with: a3c1b40 com.android.gallery3d/com.android.gallery3d.app.MovieActivity (server), edge-swipe (server), swipe-up (server), PointerEventDispatcher0 (server),
11-10 04:49:43.095 5752 5752 I view_enqueue_input_event: [Motion - Cancel,com.android.gallery3d/com.android.gallery3d.app.MovieActivity]
11-10 04:49:43.099 1443 1994 I input_interaction: Interaction with: WindowManager (server), edge-swipe (server), swipe-up (server), PointerEventDispatcher0 (server),
11-10 04:49:43.603 1443 1443 I service_manager_stats: [100,90,27071]
11-10 04:49:44.511 1443 1994 I input_interaction: Interaction with: a3c1b40 com.android.gallery3d/com.android.gallery3d.app.MovieActivity (server), edge-swipe (server), swipe-up (server), PointerEventDispatcher0 (server),
11-10 04:49:44.568 5752 5752 I view_enqueue_input_event: [Motion - Cancel,com.android.gallery3d/com.android.gallery3d.app.MovieActivity]
