11-10 04:31:37.482 1443 1637 I netstats_mobile_sample: [0,0,0,0,0,0,0,0,0,0,0,0,1668025897482]
11-10 04:31:37.482 1443 1637 I netstats_wifi_sample: [0,0,0,0,0,0,0,0,0,0,0,0,1668025897482]
11-10 04:31:37.492 1443 1639 I am_proc_start: [0,2786,1000,com.qualcomm.qti.qdma,added application,com.qualcomm.qti.qdma]
11-10 04:31:37.493 1443 1588 I am_proc_bound: [0,2741,com.thundercomm.tcservice]
11-10 04:31:37.500 2655 2655 I service_manager_slow: [26,activity]
11-10 04:31:37.501 1443 1639 I am_proc_start: [0,2789,1000,com.android.settings:CryptKeeper,top-activity,{com.android.settings/com.android.settings.CryptKeeper}]
11-10 04:31:37.501 1443 1725 I am_proc_bound: [0,2655,vendor.qti.qesdk.sysservice]
11-10 04:31:37.512 1443 1639 I am_proc_start: [0,2792,10077,com.android.launcher3,service,{com.android.launcher3/com.android.quickstep.TouchInteractionService}]
11-10 04:31:37.516 1443 1637 I netstats_mobile_sample: [0,0,0,0,0,0,0,0,0,0,0,0,1668025897516]
11-10 04:31:37.516 1443 1637 I netstats_wifi_sample: [0,0,0,0,0,0,0,0,0,0,0,0,1668025897516]
11-10 04:31:37.531 1443 2406 I am_proc_bound: [0,2786,com.qualcomm.qti.qdma]
11-10 04:31:37.543 1443 1589 I am_proc_bound: [0,2766,com.qualcomm.qti.devicestatisticsservice]
11-10 04:31:37.545 1443 1589 I am_uid_active: 10067
11-10 04:31:37.545 2789 2789 I service_manager_slow: [11,activity]
11-10 04:31:37.546 1443 1589 I am_proc_bound: [0,2789,com.android.settings:CryptKeeper]
11-10 04:31:37.548 1443 1589 I wm_restart_activity: [0,204033875,7,com.android.settings/.CryptKeeper]
11-10 04:31:37.550 1443 1589 I wm_set_resumed_activity: [0,com.android.settings/.CryptKeeper,minimalResumeActivityLocked]
11-10 04:31:37.563 1443 2417 I am_proc_bound: [0,2792,com.android.launcher3]
11-10 04:31:37.564 1443 2417 I am_uid_active: 10077
11-10 04:31:37.573 1443 1637 I netstats_mobile_sample: [0,0,0,0,0,0,0,0,0,0,0,0,1668025897573]
11-10 04:31:37.573 1443 1637 I netstats_wifi_sample: [0,0,0,0,0,0,0,0,0,0,0,0,1668025897573]
11-10 04:31:37.578 1443 1743 I commit_sys_config_file: [settings-0-0,10]
11-10 04:31:37.586 1443 1637 I netstats_mobile_sample: [0,0,0,0,0,0,0,0,0,0,0,0,1668025897586]
11-10 04:31:37.586 1443 1637 I netstats_wifi_sample: [0,0,0,0,0,0,0,0,0,0,0,0,1668025897586]
11-10 04:31:37.588 1443 1637 D TelephonyRegistry: listen oscl: mHasNotifySubscriptionInfoChangedOccurred==false no callback
11-10 04:31:37.598 1443 1743 I commit_sys_config_file: [settings-2-0,1]
11-10 04:31:37.617 2358 2358 W CarrierConfigManager: Error getting config for subId -1 ICarrierConfigLoader is null
11-10 04:31:37.619 1443 1589 I wm_finish_activity: [0,204033875,7,com.android.settings/.CryptKeeper,app-request]
11-10 04:31:37.620 1443 1589 I wm_pause_activity: [0,204033875,com.android.settings/.CryptKeeper,userLeaving=false,finish]
11-10 04:31:37.621 2789 2789 I wm_on_create_called: [204033875,com.android.settings.CryptKeeper,performCreate]
11-10 04:31:37.622 1443 1631 I sysui_multi_action: [757,1144,758,7,806,com.android.settings,871,com.android.settings.CryptKeeper]
11-10 04:31:37.630 1443 1589 I wm_task_created: [8,-1]
11-10 04:31:37.631 1443 1589 I wm_task_moved: [8,1,2147483647]
11-10 04:31:37.631 1443 1589 I wm_task_moved: [1,1,5]
11-10 04:31:37.631 1443 1589 I wm_create_task: [0,8]
11-10 04:31:37.631 1443 1589 I wm_create_activity: [0,85479679,8,com.android.settings/.FallbackHome,android.intent.action.MAIN,NULL,NULL,276824320]
11-10 04:31:37.631 1443 1589 I wm_task_moved: [1,1,5]
11-10 04:31:37.631 1443 1589 I wm_task_moved: [8,1,2147483647]
11-10 04:31:37.631 1443 1589 I wm_task_to_front: [0,8]
11-10 04:31:37.632 1443 1725 D TelephonyRegistry: listen oscl: mHasNotifySubscriptionInfoChangedOccurred==false no callback
11-10 04:31:37.640 1443 1631 I sysui_multi_action: [757,803,799,window_time_0,802,13]
11-10 04:31:37.645 1443 1639 I am_proc_start: [0,2903,1000,com.android.settings,top-activity,{com.android.settings/com.android.settings.FallbackHome}]
11-10 04:31:37.661 1443 2406 I am_uid_running: 10085
11-10 04:31:37.666 1443 1443 I commit_sys_config_file: [display-state,13029]
11-10 04:31:37.668 1443 1639 I am_proc_start: [0,2912,10085,com.qualcomm.qti.qccauthmgr,content provider,{com.qualcomm.qti.qccauthmgr/com.qualcomm.qti.qccauthmgr.providers.SMQContentProvider}]
11-10 04:31:37.672 1443 1725 I am_proc_bound: [0,2903,com.android.settings]
11-10 04:31:37.674 1443 1725 I wm_restart_activity: [0,85479679,8,com.android.settings/.FallbackHome]
11-10 04:31:37.674 1443 1725 I wm_set_resumed_activity: [0,com.android.settings/.FallbackHome,minimalResumeActivityLocked]
11-10 04:31:37.694 1443 2406 I am_proc_bound: [0,2912,com.qualcomm.qti.qccauthmgr]
11-10 04:31:37.695 1443 2406 I am_uid_active: 10085
11-10 04:31:37.695 1443 1443 I notification_enqueue: [10082,2358,com.android.systemui,1,empty_media,0,Notification(channel=empty_media_style_id shortcut=null contentView=null vibrate=null sound=null defaults=0x0 flags=0x20 color=0x00000000 category=transport actions=3 vis=PRIVATE),0]
11-10 04:31:37.722 2903 2903 I wm_on_create_called: [85479679,com.android.settings.FallbackHome,performCreate]
11-10 04:31:37.723 2903 2903 I wm_on_start_called: [85479679,com.android.settings.FallbackHome,handleStartActivity]
11-10 04:31:37.724 2903 2903 I wm_on_resume_called: [85479679,com.android.settings.FallbackHome,RESUME_ACTIVITY]
11-10 04:31:37.732 2903 2903 I wm_on_top_resumed_gained_called: [85479679,com.android.settings.FallbackHome,topStateChangedWhenResumed]
11-10 04:31:37.740 1443 1632 I input_focus: [Focus request a291877 com.android.settings/com.android.settings.FallbackHome,reason=UpdateInputWindows]
11-10 04:31:37.771 1443 1631 I wm_destroy_activity: [0,204033875,7,com.android.settings/.CryptKeeper,finish-transit]
11-10 04:31:37.773 1443 1631 I boot_progress_enable_screen: 25226
11-10 04:31:37.774 2789 2789 I wm_on_destroy_called: [204033875,com.android.settings.CryptKeeper,performDestroy]
11-10 04:31:37.775 1443 1631 I screen_toggled: 1
11-10 04:31:37.776 1443 2417 I wm_task_removed: [7,cleanUpResourcesForDestroy]
11-10 04:31:37.776 1443 2417 I wm_task_removed: [7,removeChild:removeChild last r=ActivityRecord{c294f53 u0 com.android.settings/.CryptKeeper t-1 f}} in t=Task{305c63b #7 type=home A=1000:com.android.settings.CryptKeeper U=0 visible=false mode=fullscreen translucent=true sz=0}]
11-10 04:31:37.776 1443 2417 I wm_task_removed: [7,removeChild]
11-10 04:31:37.867 1443 1743 I commit_sys_config_file: [settings-1-0,0]
11-10 04:31:37.896 1443 1743 I commit_sys_config_file: [settings-2-0,0]
11-10 04:31:37.930 1443 1743 I commit_sys_config_file: [settings-0-0,0]
11-10 04:31:38.045 1443 1443 I notification_cancel_all: [1000,1443,com.android.systemui,0,0,0,20,NULL]
11-10 04:31:38.055 1443 1443 I sysui_multi_action: [757,856,758,1,806,com.android.server.telecom,857,TelecomMissedCalls,858,3]
11-10 04:31:38.056 1443 1443 I sysui_multi_action: [757,856,758,1,806,com.android.server.telecom,857,TelecomIncomingCalls,858,5]
11-10 04:31:38.056 1443 1443 I sysui_multi_action: [757,856,758,1,806,com.android.server.telecom,857,TelecomCallBlocking,858,2]
11-10 04:31:38.056 1443 1443 I sysui_multi_action: [757,856,758,1,806,com.android.server.telecom,857,TelecomBackgroundAudioProcessing,858,2]
11-10 04:31:38.056 1443 1443 I sysui_multi_action: [757,856,758,1,806,com.android.server.telecom,857,TelecomDisconnectedCalls,858,3]
11-10 04:31:38.056 1443 1443 I sysui_multi_action: [757,856,758,1,806,com.android.server.telecom,857,TelecomInCallServiceCrash,858,3]
11-10 04:31:38.070 1443 1443 D TelephonyRegistry: listen oscl: mHasNotifySubscriptionInfoChangedOccurred==false no callback
11-10 04:31:38.072 1443 1443 W CarrierConfigManager: Error getting config for subId -1 ICarrierConfigLoader is null
11-10 04:31:38.073 1443 1443 I sysui_multi_action: [757,1501,758,1,793,935,794,0,795,935,796,1,797,empty_media,806,com.android.systemui,857,empty_media_style_id,858,4,947,0,1500,0,1641,transport,1745,1043716538]
11-10 04:31:38.073 1443 1443 I sysui_multi_action: [757,804,799,note_interruptive,801,0,802,1]
11-10 04:31:38.097 1443 1588 I am_uid_running: 10069
11-10 04:31:38.103 1443 1639 I am_proc_start: [0,3013,10069,com.thundercomm.gamemode.provider,content provider,{com.thundercomm.gamemode.provider/com.thundercomm.gamemode.provider.SettingsProvider}]
11-10 04:31:38.111 1443 1588 I am_proc_bound: [0,3013,com.thundercomm.gamemode.provider]
11-10 04:31:38.113 1443 1588 I am_uid_active: 10069
11-10 04:31:38.132 1443 1743 I commit_sys_config_file: [settings-1-0,1]
11-10 04:31:38.218 1443 1743 I commit_sys_config_file: [settings-2-0,2]
11-10 04:31:38.227 1443 1631 I wm_boot_animation_done: 25680
11-10 04:31:38.255 2358 2358 I sysui_multi_action: [757,111,758,1]
11-10 04:31:38.256 2358 2358 I sysui_multi_action: [757,126,758,1,759,126,927,0,928,0,1593,0]
11-10 04:31:38.256 2358 2358 I sysui_multi_action: [757,113,758,1,759,113,927,1,928,0,1593,0]
11-10 04:31:38.256 2358 2358 I sysui_multi_action: [757,0,758,1,759,0,927,2,928,0,1593,0]
11-10 04:31:38.256 2358 2358 I sysui_multi_action: [757,0,758,1,759,0,927,3,928,0,1593,0]
11-10 04:31:38.256 2358 2358 I sysui_multi_action: [757,491,758,1,759,491,927,4,928,0,1311,-1,1593,0]
11-10 04:31:38.256 2358 2358 I sysui_multi_action: [757,0,758,1,759,0,927,5,928,0,1593,0]
11-10 04:31:38.257 2358 2358 I sysui_multi_action: [757,111,758,1]
11-10 04:31:38.257 2358 2358 I sysui_multi_action: [757,126,758,1,759,126,927,0,928,0,1593,0]
11-10 04:31:38.257 2358 2358 I sysui_multi_action: [757,113,758,1,759,113,927,1,928,0,1593,0]
11-10 04:31:38.257 2358 2358 I sysui_multi_action: [757,0,758,1,759,0,927,2,928,0,1593,0]
11-10 04:31:38.257 2358 2358 I sysui_multi_action: [757,0,758,1,759,0,927,3,928,0,1593,0]
11-10 04:31:38.290 1443 1443 D TelephonyRegistry: notifyCellLocationForSubscriber: subId=2147483647 cellIdentity=null
11-10 04:31:38.308 1443 1630 I commit_sys_config_file: [notification-policy,1398]
11-10 04:31:38.321 1443 1631 I uc_finish_user_boot: 0
11-10 04:31:38.321 1443 1631 I am_user_state_changed: [0,1]
11-10 04:31:38.321 1443 1631 I uc_send_user_broadcast: [0,android.intent.action.LOCKED_BOOT_COMPLETED]
11-10 04:31:38.322 1443 1631 I uc_finish_user_unlocking: 0
11-10 04:31:38.327 1443 1638 I am_uid_running: 10070
11-10 04:31:38.329 1443 1639 I am_proc_start: [0,3056,10096,android.ext.services,on-hold,]
11-10 04:31:38.342 1443 2406 I am_proc_bound: [0,3056,android.ext.services]
11-10 04:31:38.343 1443 2406 I am_uid_active: 10096
11-10 04:31:38.349 1443 1639 I am_proc_start: [0,3072,10070,com.android.deskclock,broadcast,{com.android.deskclock/com.android.deskclock.AlarmInitReceiver}]
11-10 04:31:38.365 1443 2433 I am_proc_bound: [0,3072,com.android.deskclock]
11-10 04:31:38.368 1443 2433 I am_uid_active: 10070
11-10 04:31:38.436 1443 2406 I am_uid_running: 10081
11-10 04:31:38.444 1443 1639 I am_proc_start: [0,3108,10081,com.qualcomm.location,broadcast,{com.qualcomm.location/com.qualcomm.location.LocationServiceReceiver}]
11-10 04:31:38.467 3120 3120 I auditd : type=1400 audit(0.0:436): avc: denied { ptrace } for comm="crash_dump64" scontext=u:r:crash_dump:s0 tcontext=u:r:init:s0 tclass=process permissive=0
11-10 04:31:38.482 1443 2406 I am_proc_bound: [0,3108,com.qualcomm.location]
11-10 04:31:38.485 1443 2406 I am_uid_active: 10081
11-10 04:31:38.483 3108 3108 I auditd : type=1400 audit(0.0:437): avc: denied { search } for comm="alcomm.location" name="data" dev="dm-10" ino=107 scontext=u:r:vendor_location_app:s0 tcontext=u:object_r:system_data_file:s0:c512,c768 tclass=dir permissive=0 app=com.qualcomm.location
11-10 04:31:38.483 3108 3108 I auditd : type=1400 audit(0.0:438): avc: denied { search } for comm="alcomm.location" name="data" dev="dm-10" ino=107 scontext=u:r:vendor_location_app:s0 tcontext=u:object_r:system_data_file:s0:c512,c768 tclass=dir permissive=0 app=com.qualcomm.location
11-10 04:31:38.495 1443 1743 I commit_sys_config_file: [settings-0-0,20]
11-10 04:31:38.487 3108 3108 I auditd : type=1400 audit(0.0:439): avc: denied { search } for comm="alcomm.location" name="data" dev="dm-10" ino=107 scontext=u:r:vendor_location_app:s0 tcontext=u:object_r:system_data_file:s0:c512,c768 tclass=dir permissive=0 app=com.qualcomm.location
11-10 04:31:38.487 3108 3108 I auditd : type=1400 audit(0.0:440): avc: denied { search } for comm="alcomm.location" name="data" dev="dm-10" ino=107 scontext=u:r:vendor_location_app:s0 tcontext=u:object_r:system_data_file:s0:c512,c768 tclass=dir permissive=0 app=com.qualcomm.location
11-10 04:31:38.487 3108 3108 I auditd : type=1400 audit(0.0:441): avc: denied { search } for comm="alcomm.location" name="data" dev="dm-10" ino=107 scontext=u:r:vendor_location_app:s0 tcontext=u:object_r:system_data_file:s0:c512,c768 tclass=dir permissive=0 app=com.qualcomm.location
11-10 04:31:38.487 3108 3108 I auditd : type=1400 audit(0.0:442): avc: denied { search } for comm="alcomm.location" name="data" dev="dm-10" ino=107 scontext=u:r:vendor_location_app:s0 tcontext=u:object_r:system_data_file:s0:c512,c768 tclass=dir permissive=0 app=com.qualcomm.location
11-10 04:31:38.495 3108 3108 I auditd : type=1400 audit(0.0:443): avc: denied { search } for comm="alcomm.location" name="data" dev="dm-10" ino=107 scontext=u:r:vendor_location_app:s0 tcontext=u:object_r:system_data_file:s0:c512,c768 tclass=dir permissive=0 app=com.qualcomm.location
11-10 04:31:38.495 3108 3108 I auditd : type=1400 audit(0.0:444): avc: denied { search } for comm="alcomm.location" name="data" dev="dm-10" ino=107 scontext=u:r:vendor_location_app:s0 tcontext=u:object_r:system_data_file:s0:c512,c768 tclass=dir permissive=0 app=com.qualcomm.location
11-10 04:31:38.534 1443 1743 I commit_sys_config_file: [settings-2-0,24]
11-10 04:31:38.577 1443 2406 I am_uid_running: 10089
11-10 04:31:38.583 1443 2282 D TelephonyRegistry: listen oscl: mHasNotifySubscriptionInfoChangedOccurred==false no callback
11-10 04:31:38.594 1443 1639 I am_proc_start: [0,3211,10089,com.qualcomm.qtil.aptxui,broadcast,{com.qualcomm.qtil.aptxui/com.qualcomm.qtil.aptxui.aptxuiBootReceiver}]
11-10 04:31:38.621 1443 2282 I am_proc_bound: [0,3211,com.qualcomm.qtil.aptxui]
11-10 04:31:38.625 1443 2282 I am_uid_active: 10089
11-10 04:31:38.689 1443 1628 I am_user_state_changed: [0,2]
11-10 04:31:38.690 1443 1638 I ssm_user_unlocking: 0
11-10 04:31:38.706 1443 1443 I notification_enqueue: [1000,1443,android,32,NULL,-1,Notification(channel=USB shortcut=null contentView=null vibrate=null sound=null tick defaults=0x0 flags=0x2 color=0x00000000 vis=PUBLIC),0]
11-10 04:31:38.710 1443 1638 I uc_finish_user_unlocked: 0
11-10 04:31:38.710 1443 1638 I am_user_state_changed: [0,3]
11-10 04:31:38.711 1443 1638 I am_uid_running: 10086
11-10 04:31:38.712 1443 1638 I am_uid_running: 10058
11-10 04:31:38.713 1443 1638 I am_uid_running: 10052
11-10 04:31:38.714 1443 1638 I am_uid_running: 10071
11-10 04:31:38.714 1443 1638 I am_uid_running: 10087
11-10 04:31:38.714 1443 1638 I am_uid_running: 10083
11-10 04:31:38.715 1443 1638 I uc_send_user_broadcast: [0,android.intent.action.USER_UNLOCKED]
11-10 04:31:38.715 1443 1638 I uc_send_user_broadcast: [0,android.intent.action.PRE_BOOT_COMPLETED]
11-10 04:31:38.716 1443 1638 I am_pre_boot: [0,com.android.documentsui]
11-10 04:31:38.722 1443 1638 I am_uid_running: 10022
11-10 04:31:38.722 1443 1638 I am_uid_running: 10025
11-10 04:31:38.724 1443 1639 I am_proc_start: [0,3274,10086,com.hht.lebocast,added application,com.hht.lebocast]
11-10 04:31:38.726 1443 1588 I wm_finish_activity: [0,85479679,8,com.android.settings/.FallbackHome,app-request]
11-10 04:31:38.727 1443 1588 I wm_pause_activity: [0,85479679,com.android.settings/.FallbackHome,userLeaving=false,finish]
11-10 04:31:38.729 2903 2903 I wm_on_top_resumed_lost_called: [85479679,com.android.settings.FallbackHome,topStateChangedWhenResumed]
11-10 04:31:38.729 1443 1631 I sysui_multi_action: [757,1144,758,7,806,com.android.settings,871,com.android.settings.FallbackHome]
11-10 04:31:38.730 2903 2903 I wm_on_paused_called: [85479679,com.android.settings.FallbackHome,performPause]
11-10 04:31:38.740 1443 1588 I wm_task_created: [9,-1]
11-10 04:31:38.741 1443 1588 I wm_task_moved: [9,1,2147483647]
11-10 04:31:38.743 1443 1588 I wm_task_moved: [1,1,5]
11-10 04:31:38.743 1443 1588 I wm_create_task: [0,9]
11-10 04:31:38.743 1443 1588 I wm_create_activity: [0,86288708,9,com.android.provision/.DefaultActivity,android.intent.action.MAIN,NULL,NULL,276824320]
11-10 04:31:38.744 1443 1588 I wm_task_moved: [1,1,5]
11-10 04:31:38.744 1443 1588 I wm_task_moved: [9,1,2147483647]
11-10 04:31:38.744 1443 1588 I wm_task_to_front: [0,9]
11-10 04:31:38.755 1443 1639 I am_proc_start: [0,3276,10058,ts.car.uart,added application,ts.car.uart]
11-10 04:31:38.757 1443 1725 I am_uid_running: 10074
11-10 04:31:38.758 1443 3290 I am_proc_bound: [0,3274,com.hht.lebocast]
11-10 04:31:38.761 1443 3290 I am_uid_active: 10086
11-10 04:31:38.763 1443 1589 I am_proc_bound: [0,3276,ts.car.uart]
11-10 04:31:38.767 1443 1589 I am_uid_active: 10058
11-10 04:31:38.768 1443 1631 I am_uid_running: 10079
11-10 04:31:38.769 1443 1631 I sysui_multi_action: [757,803,799,window_time_0,802,1]
11-10 04:31:38.779 1443 1639 I am_proc_start: [0,3325,10052,.pasr,added application,.pasr]
11-10 04:31:38.781 1443 2007 I am_uid_running: 10095
11-10 04:31:38.793 1443 1639 I am_proc_start: [0,3334,10071,com.qualcomm.qti.services.systemhelper:systemhelper_service,added application,com.qualcomm.qti.services.systemhelper:systemhelper_service]
11-10 04:31:38.793 1443 1726 I am_proc_bound: [0,3325,.pasr]
11-10 04:31:38.797 1443 1726 I am_uid_active: 10052
11-10 04:31:38.801 1443 1639 I am_proc_start: [0,3359,10087,com.qualcomm.qti.qccnetstat,added application,com.qualcomm.qti.qccnetstat]
11-10 04:31:38.810 1443 1443 I notification_enqueue: [1000,1443,android,13,PreBootBroadcaster,0,Notification(channel=UPDATES shortcut=null contentView=null vibrate=null sound=null tick defaults=0x0 flags=0x2 color=0x00000000 vis=PUBLIC),0]
11-10 04:31:38.811 1443 2282 I am_proc_bound: [0,3334,com.qualcomm.qti.services.systemhelper:systemhelper_service]
11-10 04:31:38.814 1443 1443 I sysui_multi_action: [757,1501,758,1,793,90,794,0,795,90,796,13,797,PreBootBroadcaster,806,android,857,UPDATES,858,2,947,0,1500,0]
11-10 04:31:38.814 1443 1443 I sysui_multi_action: [757,804,799,note_interruptive,801,0,802,1]
11-10 04:31:38.815 1443 2282 I am_uid_active: 10071
11-10 04:31:38.816 1443 1639 I am_proc_start: [0,3376,10083,com.qualcomm.qti.workloadclassifier,added application,com.qualcomm.qti.workloadclassifier]
11-10 04:31:38.822 1443 1638 I am_wtf : [0,1443,system_server,-1,ActivityManager,Sending non-protected broadcast android.location.HIGH_POWER_REQUEST_CHANGE from system 3108:com.qualcomm.location/u0a81 pkg com.qualcomm.location]
11-10 04:31:38.830 1443 1639 I am_proc_start: [0,3407,10022,android.process.media,broadcast,{com.android.mtp/com.android.mtp.MtpReceiver}]
11-10 04:31:38.838 1443 1639 I am_proc_start: [0,3411,10025,com.android.documentsui,broadcast,{com.android.documentsui/com.android.documentsui.PreBootReceiver}]
11-10 04:31:38.840 1443 2282 I am_proc_bound: [0,3376,com.qualcomm.qti.workloadclassifier]
11-10 04:31:38.846 1443 2282 I am_uid_active: 10083
11-10 04:31:38.859 1443 1639 I am_proc_start: [0,3425,1000,com.android.keychain,service,{com.android.keychain/com.android.keychain.KeyChainService}]
11-10 04:31:38.860 1443 3311 I am_proc_bound: [0,3359,com.qualcomm.qti.qccnetstat]
11-10 04:31:38.865 1443 3311 I am_uid_active: 10087
11-10 04:31:38.867 1443 1639 I am_proc_start: [0,3443,10074,com.qualcomm.location.XT,service,{com.qualcomm.location.XT/com.qualcomm.location.XT.XTSrv}]
11-10 04:31:38.868 1443 2406 I am_proc_bound: [0,3407,android.process.media]
11-10 04:31:38.875 1443 2406 I am_proc_bound: [0,3411,com.android.documentsui]
11-10 04:31:38.879 1443 2406 I am_uid_active: 10025
11-10 04:31:38.888 1443 1639 I am_proc_start: [0,3456,10079,com.android.provision,top-activity,{com.android.provision/com.android.provision.DefaultActivity}]
11-10 04:31:38.890 1443 1726 I am_proc_bound: [0,3425,com.android.keychain]
11-10 04:31:38.897 1443 1639 I am_proc_start: [0,3487,10095,com.android.providers.media.module,service,{com.android.providers.media.module/com.android.providers.media.fuse.ExternalStorageServiceImpl}]
11-10 04:31:38.897 1443 2406 I am_proc_bound: [0,3443,com.qualcomm.location.XT]
11-10 04:31:38.902 1443 2406 I am_uid_active: 10074
11-10 04:31:38.904 1443 1743 I commit_sys_config_file: [settings-2-0,2]
11-10 04:31:38.904 1443 2433 I am_proc_bound: [0,3456,com.android.provision]
11-10 04:31:38.906 1443 1443 I sysui_multi_action: [757,1501,758,1,793,213,794,0,795,213,796,32,806,android,857,USB,858,1,947,0,1500,0]
11-10 04:31:38.906 1443 1443 I sysui_multi_action: [757,804,799,note_interruptive,801,0,802,1]
11-10 04:31:38.913 1443 2433 I wm_restart_activity: [0,86288708,9,com.android.provision/.DefaultActivity]
11-10 04:31:38.915 1443 2433 I wm_set_resumed_activity: [0,com.android.provision/.DefaultActivity,minimalResumeActivityLocked]
11-10 04:31:38.916 1443 1631 I am_uid_active: 10079
11-10 04:31:38.930 1443 1743 I commit_sys_config_file: [settings-0-0,13]
11-10 04:31:38.931 1443 2406 I am_proc_bound: [0,3487,com.android.providers.media.module]
11-10 04:31:38.932 1443 2406 I am_uid_active: 10095
11-10 04:31:38.942 1443 2406 I commit_sys_config_file: [settings-0-0,1]
11-10 04:31:38.944 1443 1726 I commit_sys_config_file: [settings-2-0,1]
11-10 04:31:38.944 1443 2432 I sysui_multi_action: [757,856,758,1,806,com.android.mtp,857,device_notification_channel,858,2]
11-10 04:31:38.945 1443 1726 I wm_finish_activity: [0,86288708,9,com.android.provision/.DefaultActivity,app-request]
11-10 04:31:38.945 1443 1726 I wm_pause_activity: [0,86288708,com.android.provision/.DefaultActivity,userLeaving=false,finish]
11-10 04:31:38.948 1443 1631 I sysui_multi_action: [757,1144,758,7,806,com.android.provision,871,com.android.provision.DefaultActivity]
11-10 04:31:38.948 3456 3456 I wm_on_create_called: [86288708,com.android.provision.DefaultActivity,performCreate]
11-10 04:31:38.975 1443 3311 I wm_task_created: [10,-1]
11-10 04:31:38.976 1443 3311 I wm_task_moved: [10,1,2147483647]
11-10 04:31:38.978 1443 3311 I wm_task_moved: [1,1,5]
11-10 04:31:38.979 1443 3311 I wm_create_task: [0,10]
11-10 04:31:38.979 1443 3311 I wm_create_activity: [0,89456280,10,com.android.launcher3/.uioverrides.QuickstepLauncher,android.intent.action.MAIN,NULL,NULL,268435712]
11-10 04:31:38.979 1443 3311 I wm_task_moved: [1,1,5]
11-10 04:31:38.979 1443 3311 I wm_task_moved: [10,1,2147483647]
11-10 04:31:38.979 1443 3311 I wm_task_to_front: [0,10]
11-10 04:31:38.979 1443 2432 I sysui_multi_action: [757,856,758,1,806,com.android.providers.media.module,857,native_transcode_alert_channel,858,4]
11-10 04:31:38.980 1443 2432 I sysui_multi_action: [757,856,758,1,806,com.android.providers.media.module,857,native_transcode_progress_channel,858,2]
11-10 04:31:38.983 1443 3311 I wm_restart_activity: [0,89456280,10,com.android.launcher3/.uioverrides.QuickstepLauncher]
11-10 04:31:38.984 1443 3311 I wm_set_resumed_activity: [0,com.android.launcher3/.uioverrides.QuickstepLauncher,minimalResumeActivityLocked]
11-10 04:31:38.999 1443 1631 I sysui_multi_action: [757,803,799,window_time_0,802,0]
11-10 04:31:39.017 1443 1631 I configuration_changed: 536871936
11-10 04:31:39.020 1443 1637 I am_meminfo: [2104041472,3758313472,12288,348069888,606579712]
11-10 04:31:39.047 1443 1637 I am_pss : [2341,1002,com.android.bluetooth,22586368,17616896,0,126124032,2,0,7]
11-10 04:31:39.058 1443 1637 I am_pss : [2903,1000,com.android.settings,33490944,22134784,0,147599360,2,2,7]
11-10 04:31:39.065 1443 1637 I am_pss : [2766,10067,com.qualcomm.qti.devicestatisticsservice,5550080,3452928,0,89612288,2,0,4]
11-10 04:31:39.072 1443 1637 I am_pss : [2786,1000,com.qualcomm.qti.qdma,11357184,7491584,0,106295296,2,0,5]
11-10 04:31:39.074 1443 3566 I am_pre_boot: [0,com.android.managedprovisioning]
11-10 04:31:39.081 1443 1638 I am_uid_running: 10030
11-10 04:31:39.082 1443 1443 I notification_enqueue: [1000,1443,android,13,PreBootBroadcaster,0,Notification(channel=UPDATES shortcut=null contentView=null vibrate=null sound=null tick defaults=0x0 flags=0x2 color=0x00000000 vis=PUBLIC),1]
11-10 04:31:39.082 1443 1637 I am_pss : [2655,1000,vendor.qti.qesdk.sysservice,5810176,3624960,0,90923008,2,0,5]
11-10 04:31:39.089 1443 1589 I am_uid_running: 10032
11-10 04:31:39.089 1443 1637 I am_pss : [2741,1000,com.thundercomm.tcservice,7742464,5640192,0,92819456,2,0,5]
11-10 04:31:39.092 1443 1639 I am_proc_start: [0,3596,10030,com.android.managedprovisioning,broadcast,{com.android.managedprovisioning/com.android.managedprovisioning.ota.PreBootListener}]
11-10 04:31:39.094 1443 1637 I am_pss : [2714,1000,com.thundercomm.remotecontrolservice,9526272,6803456,0,100343808,2,0,5]
11-10 04:31:39.095 1443 2417 I am_uid_active: 10022
11-10 04:31:39.100 1443 1637 I am_pss : [2674,10088,com.qti.qualcomm.mstatssystemservice,5667840,3633152,0,90087424,2,0,5]
11-10 04:31:39.101 1443 1639 I am_proc_start: [0,3597,10032,com.android.externalstorage,content provider,{com.android.externalstorage/com.android.externalstorage.ExternalStorageProvider}]
11-10 04:31:39.107 1443 1637 I am_pss : [2691,1068,com.android.se,6062080,3952640,0,91885568,2,0,5]
11-10 04:31:39.114 1443 1637 I am_pss : [2616,1000,com.thundercomm.tchttpserver,7362560,5365760,0,91131904,2,0,4]
11-10 04:31:39.127 1443 1637 I am_pss : [2626,1000,com.tc.logclient,6601728,4612096,0,90378240,2,0,5]
11-10 04:31:39.127 1443 1638 I am_uid_active: 10030
11-10 04:31:39.133 1443 2406 I am_proc_bound: [0,3596,com.android.managedprovisioning]
11-10 04:31:39.133 1443 1637 I am_pss : [2591,1001,.dataservices,7074816,4943872,0,92856320,2,0,5]
11-10 04:31:39.141 1443 1637 I am_pss : [2610,10057,.qtidataservices,6160384,4100096,0,91713536,2,0,6]
11-10 04:31:39.144 1443 2417 I am_proc_bound: [0,3597,com.android.externalstorage]
11-10 04:31:39.148 1443 1637 I am_pss : [2580,1000,com.thundercomm.microsettings,35282944,29954048,0,129990656,2,0,6]
11-10 04:31:39.151 1443 2417 D TelephonyRegistry: listen oscl: mHasNotifySubscriptionInfoChangedOccurred==false no callback
11-10 04:31:39.155 1443 1637 I am_pss : [2585,1000,com.thundercomm.tcsetupWizard,6919168,4943872,0,90726400,2,0,5]
11-10 04:31:39.163 1443 1637 I am_pss : [2555,1000,com.thundercomm.microservice,8866816,6770688,0,94482432,2,0,5]
11-10 04:31:39.170 1443 1637 I am_pss : [2510,1073,com.android.networkstack.process,10694656,7688192,0,103747584,2,0,6]
11-10 04:31:39.178 1443 1637 I am_pss : [2362,10094,com.android.permissioncontroller,14500864,11919360,0,103411712,2,6,5]
11-10 04:31:39.180 1443 1726 I sysui_multi_action: [757,856,758,1,806,com.android.bluetooth,857,avrcp_notification,858,3]
11-10 04:31:39.190 1443 1637 I am_pss : [2358,10082,com.android.systemui,112270336,87916544,0,272355328,2,0,9]
11-10 04:31:39.198 2341 2341 I liblog : 11
11-10 04:31:39.198 2341 2341 I liblog : 1
11-10 04:31:39.198 2341 2341 I liblog : 1
11-10 04:31:39.198 2341 2341 I liblog : 1
11-10 04:31:39.198 2341 2341 I liblog : 9
11-10 04:31:39.198 2341 2341 I liblog : 2
11-10 04:31:39.198 2341 2341 I liblog : 3
11-10 04:31:39.198 2341 2341 I liblog : 1
11-10 04:31:39.198 2341 2341 I liblog : 1
11-10 04:31:39.198 2341 2341 I liblog : 1
11-10 04:31:39.198 2341 2341 I liblog : 1
11-10 04:31:39.199 2341 2341 I liblog : 1
11-10 04:31:39.199 2341 2341 I liblog : 1
11-10 04:31:39.199 2341 2341 I liblog : 1
11-10 04:31:39.199 2341 2341 I liblog : 1
11-10 04:31:39.199 2341 2341 I liblog : 2
11-10 04:31:39.199 2341 2341 I liblog : 1
11-10 04:31:39.199 2341 2341 I liblog : 1
11-10 04:31:39.199 2341 2341 I liblog : 1
11-10 04:31:39.199 2341 2341 I liblog : 1
11-10 04:31:39.199 2341 2341 I liblog : 1
11-10 04:31:39.199 2341 2341 I liblog : 4
11-10 04:31:39.199 2341 2341 I liblog : 1
11-10 04:31:39.199 2341 2341 I liblog : 1
11-10 04:31:39.199 2341 2341 I liblog : 1
11-10 04:31:39.199 2341 2341 I liblog : 1
11-10 04:31:39.199 2341 2341 I liblog : 1
11-10 04:31:39.199 2341 2341 I liblog : 1
11-10 04:31:39.199 2341 2341 I liblog : 3
11-10 04:31:39.199 2341 2341 I liblog : 1
11-10 04:31:39.199 2341 2341 I liblog : 1
11-10 04:31:39.200 2341 2341 I liblog : 1
11-10 04:31:39.200 2341 2341 I liblog : 2
11-10 04:31:39.200 2341 2341 I liblog : 2
11-10 04:31:39.200 2341 2341 I liblog : 1
11-10 04:31:39.200 2341 2341 I liblog : 1
11-10 04:31:39.200 2341 2341 I liblog : 1
11-10 04:31:39.200 2341 3655 I liblog : 1
11-10 04:31:39.206 1443 1630 I commit_sys_config_file: [notification-policy,2297]
11-10 04:31:39.209 1443 1637 I am_pss : [1443,1000,system,211342336,116449280,0,525520896,2,0,17]
11-10 04:31:39.227 2792 2792 I wm_on_create_called: [89456280,com.android.launcher3.uioverrides.QuickstepLauncher,performCreate]
11-10 04:31:39.228 2792 2792 I wm_on_start_called: [89456280,com.android.launcher3.uioverrides.QuickstepLauncher,handleStartActivity]
11-10 04:31:39.229 2792 2792 I wm_on_resume_called: [89456280,com.android.launcher3.uioverrides.QuickstepLauncher,RESUME_ACTIVITY]
11-10 04:31:39.265 2792 2792 I wm_on_top_resumed_gained_called: [89456280,com.android.launcher3.uioverrides.QuickstepLauncher,topStateChangedWhenResumed]
11-10 04:31:39.269 1443 2406 I sysui_multi_action: [757,856,758,1,806,com.android.bluetooth,857,opp_notification_channel,858,4]
11-10 04:31:39.271 1443 3311 I am_uid_running: 10024
11-10 04:31:39.273 1443 1443 I notification_cancel_all: [1002,2341,com.android.bluetooth,0,0,64,9,NULL]
11-10 04:31:39.283 1443 1639 I am_proc_start: [0,3688,10024,android.process.acore,content provider,{com.android.providers.contacts/com.android.providers.contacts.ContactsProvider2}]
11-10 04:31:39.299 1443 1743 I commit_sys_config_file: [settings-2-0,5]
11-10 04:31:39.315 1443 3319 I am_proc_bound: [0,3688,android.process.acore]
11-10 04:31:39.320 1443 3319 I am_uid_active: 10024
11-10 04:31:39.325 1443 1632 I input_focus: [Focus request 2502e37 com.android.launcher3/com.android.launcher3.uioverrides.QuickstepLauncher,reason=UpdateInputWindows]
11-10 04:31:39.352 927 1055 I sf_stop_bootanim: 26806
11-10 04:31:39.357 1443 1628 I sysui_multi_action: [319,392,322,385,325,26,757,761,758,8,759,2,806,com.android.launcher3,871,com.android.launcher3.uioverrides.QuickstepLauncher,905,0,1320,4,1321,1]
11-10 04:31:39.358 1443 1726 I am_pre_boot: [0,com.android.providers.calendar]
11-10 04:31:39.359 1443 1628 I wm_activity_launch_time: [0,89456280,com.android.launcher3/.uioverrides.QuickstepLauncher,385]
11-10 04:31:39.365 1443 1630 I commit_sys_config_file: [jobs,4]
11-10 04:31:39.366 1443 1443 I notification_enqueue: [1000,1443,android,13,PreBootBroadcaster,0,Notification(channel=UPDATES shortcut=null contentView=null vibrate=null sound=null tick defaults=0x0 flags=0x2 color=0x00000000 vis=PUBLIC),1]
11-10 04:31:39.373 1443 1994 I input_focus: [Focus entering 2502e37 com.android.launcher3/com.android.launcher3.uioverrides.QuickstepLauncher (server),reason=setFocusedWindow]
11-10 04:31:39.415 1443 2417 I am_uid_running: 10035
11-10 04:31:39.429 1443 1639 I am_proc_start: [0,3750,10035,com.baidu.input,service,{com.baidu.input/com.baidu.input.ImeService}]
11-10 04:31:39.438 1443 3319 I am_uid_running: 10019
11-10 04:31:39.452 1443 1639 I am_proc_start: [0,3764,10019,com.android.providers.calendar,broadcast,{com.android.providers.calendar/com.android.providers.calendar.CalendarUpgradeReceiver}]
11-10 04:31:39.455 1443 3557 I am_proc_bound: [0,3750,com.baidu.input]
11-10 04:31:39.457 1443 3557 I am_uid_active: 10035
11-10 04:31:39.483 1443 1743 I commit_sys_config_file: [settings-1-0,69]
11-10 04:31:39.497 1443 3319 I am_proc_bound: [0,3764,com.android.providers.calendar]
11-10 04:31:39.499 1443 3319 I am_uid_active: 10019
11-10 04:31:39.515 1443 3557 I wm_destroy_activity: [0,85479679,8,com.android.settings/.FallbackHome,finish-idle]
11-10 04:31:39.515 1443 3557 I wm_destroy_activity: [0,86288708,9,com.android.provision/.DefaultActivity,finish-idle]
11-10 04:31:39.517 3456 3456 I wm_on_destroy_called: [86288708,com.android.provision.DefaultActivity,performDestroy]
11-10 04:31:39.517 2903 2903 I wm_on_stop_called: [85479679,com.android.settings.FallbackHome,LIFECYCLER_STOP_ACTIVITY]
11-10 04:31:39.521 1443 3319 I wm_task_removed: [9,cleanUpResourcesForDestroy]
11-10 04:31:39.521 1443 3319 I wm_task_removed: [9,removeChild:removeChild last r=ActivityRecord{524a944 u0 com.android.provision/.DefaultActivity t-1 f}} in t=Task{fe9f867 #9 type=home A=10079:com.android.provision U=0 visible=false mode=fullscreen translucent=true sz=0}]
11-10 04:31:39.521 1443 3319 I wm_task_removed: [9,removeChild]
11-10 04:31:39.524 2903 2903 I wm_on_destroy_called: [85479679,com.android.settings.FallbackHome,performDestroy]
11-10 04:31:39.525 1443 1630 I commit_sys_config_file: [notification-policy,2615]
11-10 04:31:39.603 1443 1632 I wm_task_removed: [8,cleanUpResourcesForDestroy]
11-10 04:31:39.603 1443 1632 I wm_task_removed: [8,removeChild:removeChild last r=ActivityRecord{51850ff u0 com.android.settings/.FallbackHome t-1 f}} in t=Task{dbc5314 #8 type=home A=1000:com.android.settings.FallbackHome U=0 visible=false mode=fullscreen translucent=true sz=0}]
11-10 04:31:39.603 1443 1632 I wm_task_removed: [8,removeChild]
11-10 04:31:39.618 3764 3764 I [4000] : 6
11-10 04:31:39.618 1443 3319 I am_pre_boot: [0,com.android.providers.contacts]
11-10 04:31:39.624 1443 1443 I notification_enqueue: [1000,1443,android,13,PreBootBroadcaster,0,Notification(channel=UPDATES shortcut=null contentView=null vibrate=null sound=null tick defaults=0x0 flags=0x2 color=0x00000000 vis=PUBLIC),1]
11-10 04:31:39.635 3810 3810 I auditd : type=1400 audit(0.0:457): avc: denied { read } for comm="ip" name="rt_tables" dev="dm-10" ino=341 scontext=u:r:ethernet:s0 tcontext=u:object_r:net_data_file:s0 tclass=file permissive=0
11-10 04:31:39.644 3688 3688 I [4100] : 10
11-10 04:31:39.645 1443 3319 I am_pre_boot: [0,com.android.providers.media.module]
11-10 04:31:39.648 1443 1443 I notification_enqueue: [1000,1443,android,13,PreBootBroadcaster,0,Notification(channel=UPDATES shortcut=null contentView=null vibrate=null sound=null tick defaults=0x0 flags=0x2 color=0x00000000 vis=PUBLIC),1]
11-10 04:31:39.648 1443 3319 I am_pre_boot: [0,com.android.settings]
11-10 04:31:39.649 1443 1443 I notification_enqueue: [1000,1443,android,13,PreBootBroadcaster,0,Notification(channel=UPDATES shortcut=null contentView=null vibrate=null sound=null tick defaults=0x0 flags=0x2 color=0x00000000 vis=PUBLIC),1]
11-10 04:31:39.652 1443 1726 I uc_finish_user_unlocked_completed: 0
11-10 04:31:39.652 1443 1638 I ssm_user_unlocked: 0
11-10 04:31:39.656 1443 1443 I sysui_multi_action: [757,128,758,5,759,8,793,931,794,0,795,290,796,13,797,PreBootBroadcaster,806,android,857,UPDATES,858,2,947,0,1500,290,1688,1]
11-10 04:31:39.656 1443 1443 I notification_canceled: [0|android|13|PreBootBroadcaster|1000,8,931,290,0,-1,-1,NULL]
11-10 04:31:39.655 3812 3812 I auditd : type=1400 audit(0.0:458): avc: denied { read } for comm="ip" name="rt_tables" dev="dm-10" ino=341 scontext=u:r:ethernet:s0 tcontext=u:object_r:net_data_file:s0 tclass=file permissive=0
11-10 04:31:39.658 1443 1628 I uc_send_user_broadcast: [0,android.intent.action.BOOT_COMPLETED]
11-10 04:31:39.674 1443 1726 I am_uid_running: 10034
11-10 04:31:39.682 1443 1639 I am_proc_start: [0,3819,10034,com.android.traceur,broadcast,{com.android.traceur/com.android.traceur.Receiver}]
11-10 04:31:39.707 1443 1726 I am_proc_bound: [0,3819,com.android.traceur]
11-10 04:31:39.709 1443 1726 I am_uid_active: 10034
11-10 04:31:39.748 1443 3319 I sysui_multi_action: [757,856,758,1,806,com.android.traceur,857,trace-is-being-recorded,858,4]
11-10 04:31:39.748 1443 3319 I sysui_multi_action: [757,856,758,1,806,com.android.traceur,857,system-tracing,858,4]
11-10 04:31:39.783 1443 1726 I am_crash: [2766,0,com.qualcomm.qti.devicestatisticsservice,814235213,java.lang.ClassNotFoundException,android.hidl.manager.V1_0.IServiceNotification$Stub,DeviceStatisticsService.java,83]
11-10 04:31:39.788 1443 1638 I am_wtf : [0,1443,system_server,-1,BootReceiver,open failed: ENOENT (No such file or directory)]
11-10 04:31:39.793 1443 1726 I sysui_multi_action: [757,316,758,4,759,-1]
11-10 04:31:39.805 1443 3845 I commit_sys_config_file: [log-files,2]
11-10 04:31:39.811 1443 3319 I am_proc_died: [0,2766,com.qualcomm.qti.devicestatisticsservice,-800,0]
11-10 04:31:39.813 1443 3319 I am_schedule_service_restart: [0,com.qualcomm.qti.devicestatisticsservice/.DeviceStatisticsService,0]
11-10 04:31:39.814 1443 3319 I am_uid_stopped: 10067
11-10 04:31:39.814 1443 3319 I am_uid_running: 10067
11-10 04:31:39.817 1443 3319 I am_uid_active: 10067
11-10 04:31:39.820 1443 3845 I sysui_multi_action: [757,856,758,1,806,com.android.providers.downloads,857,active,858,1]
11-10 04:31:39.821 1443 3845 I sysui_multi_action: [757,856,758,1,806,com.android.providers.downloads,857,waiting,858,3]
11-10 04:31:39.822 1443 3845 I sysui_multi_action: [757,856,758,1,806,com.android.providers.downloads,857,complete,858,3]
11-10 04:31:39.825 1443 1639 I am_proc_start: [0,3848,10067,com.qualcomm.qti.devicestatisticsservice,restart,com.qualcomm.qti.devicestatisticsservice]
11-10 04:31:39.831 1443 3319 D TelephonyRegistry: listen oscl: mHasNotifySubscriptionInfoChangedOccurred==false no callback
11-10 04:31:39.845 1443 1726 I am_proc_bound: [0,3848,com.qualcomm.qti.devicestatisticsservice]
11-10 04:31:39.852 1443 1639 I am_proc_start: [0,3869,1000,com.qti.diagservices,broadcast,{com.qti.diagservices/com.qti.diagservices.Diag_OnBoot}]
11-10 04:31:39.867 1443 3566 I am_proc_bound: [0,3869,com.qti.diagservices]
11-10 04:31:39.916 1443 1443 I am_uid_running: 10062
11-10 04:31:39.911 3888 3888 I auditd : type=1400 audit(0.0:460): avc: denied { read } for comm="ip" name="rt_tables" dev="dm-10" ino=341 scontext=u:r:ethernet:s0 tcontext=u:object_r:net_data_file:s0 tclass=file permissive=0
11-10 04:31:39.927 1443 1639 I am_proc_start: [0,3892,10062,com.android.calendar,broadcast,{com.android.calendar/com.android.calendar.UpgradeReceiver}]
11-10 04:31:39.931 3891 3891 I auditd : type=1400 audit(0.0:461): avc: denied { read } for comm="ip" name="rt_tables" dev="dm-10" ino=341 scontext=u:r:ethernet:s0 tcontext=u:object_r:net_data_file:s0 tclass=file permissive=0
11-10 04:31:39.953 1443 2282 I am_proc_bound: [0,3892,com.android.calendar]
11-10 04:31:39.959 1443 2282 I am_uid_active: 10062
11-10 04:31:39.971 1443 1743 I commit_sys_config_file: [settings-2-0,4]
11-10 04:31:40.014 1443 1630 I commit_sys_config_file: [notification-policy,3104]
11-10 04:31:40.095 1443 1639 I am_proc_start: [0,3927,1000,com.android.dynsystem,broadcast,{com.android.dynsystem/com.android.dynsystem.BootCompletedReceiver}]
11-10 04:31:40.118 1443 2417 I am_proc_bound: [0,3927,com.android.dynsystem]
11-10 04:31:40.144 1443 2282 I sysui_multi_action: [757,856,758,1,806,com.baidu.input,857,MESSAGE_NOTI,858,3]
11-10 04:31:40.145 1443 2282 I sysui_multi_action: [757,856,758,1,806,com.baidu.input,857,CLIPBOARD_NOTI,858,2]
11-10 04:31:40.145 1443 2282 I sysui_multi_action: [757,856,758,1,806,com.baidu.input,857,HINT_NOTI,858,4]
11-10 04:31:40.145 1443 2282 I sysui_multi_action: [757,856,758,1,806,com.baidu.input,857,PROGRESS_NOTI,858,2]
11-10 04:31:40.169 1443 2417 I am_uid_running: 10063
11-10 04:31:40.177 1443 1639 I am_proc_start: [0,3985,1000,com.android.dynsystem:dynsystem,service,{com.android.dynsystem/com.android.dynsystem.DynamicSystemInstallationService}]
11-10 04:31:40.185 1443 1639 I am_proc_start: [0,3995,10063,com.android.gallery3d,broadcast,{com.android.gallery3d/com.android.camera.DisableCameraReceiver}]
11-10 04:31:40.194 1443 2282 I am_proc_bound: [0,3985,com.android.dynsystem:dynsystem]
11-10 04:31:40.204 1443 2282 I am_proc_bound: [0,3995,com.android.gallery3d]
11-10 04:31:40.212 1443 2282 I am_uid_active: 10063
11-10 04:31:40.245 1443 3319 I sysui_multi_action: [757,856,758,1,806,com.android.dynsystem,857,com.android.dynsystem,858,2]
11-10 04:31:40.276 1443 3319 I am_uid_running: 10068
11-10 04:31:40.284 1443 1639 I am_proc_start: [0,4035,10068,com.android.inputmethod.latin,broadcast,{com.android.inputmethod.latin/com.android.inputmethod.latin.SystemBroadcastReceiver}]
11-10 04:31:40.313 1443 3319 I am_proc_bound: [0,4035,com.android.inputmethod.latin]
11-10 04:31:40.317 1443 3319 I am_uid_active: 10068
11-10 04:31:40.397 1443 1630 I commit_sys_config_file: [notification-policy,3488]
11-10 04:31:40.480 1443 2406 I am_proc_died: [0,4035,com.android.inputmethod.latin,0,11]
11-10 04:31:40.481 1443 2406 I am_broadcast_discard_app: [0,50627904,android.intent.action.BOOT_COMPLETED,19,ResolveInfo{40ef45b com.android.inputmethod.latin/.SystemBroadcastReceiver m=0x108000}]
11-10 04:31:40.481 1443 2406 I am_uid_stopped: 10068
11-10 04:31:40.497 1443 1589 I am_uid_running: 10090
11-10 04:31:40.504 1443 1639 I am_proc_start: [0,4063,10090,com.android.music,broadcast,{com.android.music/com.android.music.MediaPlaybackReceiver}]
11-10 04:31:40.519 1443 1589 I am_proc_bound: [0,4063,com.android.music]
11-10 04:31:40.521 1443 1589 I am_uid_active: 10090
11-10 04:31:40.597 1443 1589 I am_uid_running: 1027
11-10 04:31:40.605 1443 1639 I am_proc_start: [0,4083,1027,com.android.nfc,broadcast,{com.android.nfc/com.android.nfc.NfcBootCompletedReceiver}]
11-10 04:31:40.624 1443 1589 I am_proc_bound: [0,4083,com.android.nfc]
11-10 04:31:40.628 1443 1589 I am_uid_active: 1027
11-10 04:31:40.719 1443 1662 I am_uid_stopped: 1027
11-10 04:31:40.720 1443 1662 I am_kill : [0,4083,com.android.nfc,0,change com.android.nfc]
11-10 04:31:40.721 1443 1662 I am_broadcast_discard_app: [0,50627904,android.intent.action.BOOT_COMPLETED,23,ResolveInfo{5a1749c com.android.nfc/.NfcBootCompletedReceiver m=0x108000}]
11-10 04:31:40.725 1443 1638 I am_uid_running: 10059
11-10 04:31:40.734 1443 1443 I notification_cancel_all: [1000,1443,com.android.nfc,0,0,0,5,NULL]
11-10 04:31:40.741 1443 1639 I am_proc_start: [0,4105,10059,com.android.onetimeinitializer,broadcast,{com.android.onetimeinitializer/com.android.onetimeinitializer.OneTimeInitializerReceiver}]
11-10 04:31:40.760 1443 1725 I am_proc_bound: [0,4105,com.android.onetimeinitializer]
11-10 04:31:40.762 1443 1443 W CarrierConfigManager: Error getting config for subId -1 ICarrierConfigLoader is null
11-10 04:31:40.763 1443 1725 I am_uid_active: 10059
11-10 04:31:40.764 1443 1443 W CarrierConfigManager: Error getting config for subId -1 ICarrierConfigLoader is null
11-10 04:31:40.832 1443 1589 I am_uid_running: 10021
11-10 04:31:40.839 1443 1639 I am_proc_start: [0,4125,10021,com.android.packageinstaller,broadcast,{com.android.packageinstaller/com.android.packageinstaller.TemporaryFileManager}]
11-10 04:31:40.858 1443 1589 I am_proc_bound: [0,4125,com.android.packageinstaller]
11-10 04:31:40.860 1443 1589 I am_uid_active: 10021
11-10 04:31:40.996 1443 2433 I am_uid_running: 2000
11-10 04:31:41.006 1443 1639 I am_proc_start: [0,4145,2000,com.android.shell,broadcast,{com.android.shell/com.android.shell.HeapDumpReceiver}]
11-10 04:31:41.028 1443 2433 I am_proc_bound: [0,4145,com.android.shell]
11-10 04:31:41.032 1443 2433 I am_uid_active: 2000
11-10 04:31:41.084 1443 1639 I am_proc_start: [0,4163,1001,com.android.phone,broadcast,{com.android.stk/com.android.stk.BootCompletedReceiver}]
11-10 04:31:41.113 1443 2433 I am_proc_bound: [0,4163,com.android.phone]
11-10 04:31:41.174 4163 4163 D CAT : BootCompletedReceiver: [ACTION_BOOT_COMPLETED]
11-10 04:31:41.180 4163 4163 D CAT : StkAppService: onCreate()+
11-10 04:31:41.180 4163 4163 D CAT : StkAppService: simCount: 1
11-10 04:31:41.180 4163 4163 D CAT : StkAppService: slotId: 0
11-10 04:31:41.181 4163 4163 D CAT : StkAppService: onStart sim id: 0, op: 5, *****
11-10 04:31:41.181 4163 4163 D CAT : StkAppService: mStkService is: -1
11-10 04:31:41.185 4163 4163 D CAT : StkAppService: onDestroy()
11-10 04:31:41.186 1443 2433 I am_uid_running: 10075
11-10 04:31:41.199 1443 1639 I am_proc_start: [0,4182,10075,com.qti.ltebc,broadcast,{com.qti.ltebc/com.qualcomm.ltebc.LTEBroadcastBootReceiver}]
11-10 04:31:41.222 1443 2433 I am_proc_bound: [0,4182,com.qti.ltebc]
11-10 04:31:41.226 1443 2433 I am_uid_active: 10075
11-10 04:31:41.475 4219 4219 I auditd : type=1400 audit(0.0:482): avc: denied { read } for comm="cat" name="address" dev="sysfs" ino=61767 scontext=u:r:platform_app:s0:c512,c768 tcontext=u:object_r:sysfs:s0 tclass=file permissive=0 app=com.hht.lebocast
11-10 04:31:41.700 1443 2433 I am_uid_running: 10054
11-10 04:31:41.706 1443 1639 I am_proc_start: [0,4230,10054,com.qualcomm.qti.qms.service.connectionsecurity,broadcast,{com.qualcomm.qti.qms.service.connectionsecurity/com.qualcomm.qti.qms.service.connectionsecurity.ConnSecBroadcastReceiver}]
11-10 04:31:41.708 1443 2433 I am_proc_died: [0,4182,com.qti.ltebc,905,19]
11-10 04:31:41.708 1443 2433 I am_uid_stopped: 10075
11-10 04:31:41.710 1443 2433 I am_uid_active: 10054
11-10 04:31:41.727 1443 2433 I am_proc_bound: [0,4230,com.qualcomm.qti.qms.service.connectionsecurity]
11-10 04:31:41.798 1443 1639 I am_proc_start: [0,4253,1000,com.thundercomm.gamemode,broadcast,{com.thundercomm.gamemode/com.thundercomm.gamemode.ingame.services.BootCompletedReceiver}]
11-10 04:31:41.817 1443 3270 I backup_transport_lifecycle: [com.android.localtransport/.LocalTransportService,1]
11-10 04:31:41.823 1443 1639 I am_proc_start: [0,4267,1000,com.android.localtransport,service,{com.android.localtransport/com.android.localtransport.LocalTransportService}]
11-10 04:31:41.826 1443 1589 I am_proc_bound: [0,4253,com.thundercomm.gamemode]
11-10 04:31:41.826 1443 1589 I service_manager_stats: [406,421,5013]
11-10 04:31:41.842 1443 2433 I am_proc_bound: [0,4267,com.android.localtransport]
11-10 04:31:41.864 1443 1443 I backup_transport_connection: [com.android.localtransport/.LocalTransportService,1]
11-10 04:31:41.869 1443 3270 I backup_transport_lifecycle: [com.android.localtransport/.LocalTransportService,0]
11-10 04:31:41.869 1443 3270 I backup_transport_connection: [com.android.localtransport/.LocalTransportService,0]
11-10 04:31:41.938 1443 2406 I am_uid_running: 10075
11-10 04:31:41.947 1443 1639 I am_proc_start: [0,4291,10075,com.qti.ltebc,broadcast,{com.qti.ltebc/com.qualcomm.ltebc.LTEBroadcastReceiver}]
11-10 04:31:41.969 1443 2406 I am_proc_bound: [0,4291,com.qti.ltebc]
11-10 04:31:41.975 1443 2406 I am_uid_active: 10075
11-10 04:31:42.254 1443 1743 I commit_sys_config_file: [settings-0-0,1]
11-10 04:31:42.255 1443 1743 I commit_sys_config_file: [settings-2-0,1]
11-10 04:31:42.378 1443 2406 I am_proc_died: [0,4291,com.qti.ltebc,0,11]
11-10 04:31:42.381 1443 2406 I am_broadcast_discard_app: [0,34516426,android.intent.action.MEDIA_MOUNTED,2,ResolveInfo{e5af0b6 com.qti.ltebc/com.qualcomm.ltebc.LTEBroadcastReceiver m=0x208000}]
11-10 04:31:42.381 1443 2406 I am_uid_stopped: 10075
11-10 04:31:42.402 1443 2406 I am_uid_running: 10075
11-10 04:31:42.420 1443 1639 I am_proc_start: [0,4319,10075,com.qti.ltebc,broadcast,{com.qti.ltebc/com.qualcomm.ltebc.LTEBroadcastReceiver}]
11-10 04:31:42.448 1443 2406 I am_proc_bound: [0,4319,com.qti.ltebc]
11-10 04:31:42.450 1443 2406 I am_uid_active: 10075
11-10 04:31:42.814 1443 2406 I am_proc_died: [0,4319,com.qti.ltebc,0,11]
11-10 04:31:42.816 1443 2406 I am_broadcast_discard_app: [0,186797348,android.intent.action.MEDIA_MOUNTED,2,ResolveInfo{a924fc1 com.qti.ltebc/com.qualcomm.ltebc.LTEBroadcastReceiver m=0x208000}]
11-10 04:31:42.817 1443 2406 I am_uid_stopped: 10075
11-10 04:31:42.943 1443 1630 I commit_sys_config_file: [jobs,3]
11-10 04:31:43.063 4351 4351 I auditd : type=1400 audit(0.0:483): avc: denied { read } for comm="cat" name="address" dev="sysfs" ino=61767 scontext=u:r:platform_app:s0:c512,c768 tcontext=u:object_r:sysfs:s0 tclass=file permissive=0
11-10 04:31:43.748 1443 1637 I sysui_multi_action: [757,1717,758,1,759,0]
11-10 04:31:43.749 1443 1637 I sysui_multi_action: [757,1717,758,2,759,0]
11-10 04:31:43.749 1443 1637 I sysui_multi_action: [757,1717,758,3,759,0]
11-10 04:31:44.291 1443 1743 I commit_sys_config_file: [settings-3-0,13]
11-10 04:31:45.765 1443 1743 I commit_sys_config_file: [settings-2-0,4]
11-10 04:31:45.768 1443 1743 I commit_sys_config_file: [settings-1-0,3]
11-10 04:31:46.668 1443 1638 I am_uid_running: 10075
11-10 04:31:46.702 1443 1639 I am_proc_start: [0,4396,10075,com.qti.ltebc,broadcast,{com.qti.ltebc/com.qualcomm.ltebc.LTEBroadcastAlarmReceiver}]
11-10 04:31:46.742 1443 3711 I am_proc_bound: [0,4396,com.qti.ltebc]
11-10 04:31:46.746 1443 3711 I am_uid_active: 10075
11-10 04:31:46.843 501 513 I auditd : type=1401 audit(0.0:484): op=security_compute_sid invalid_context=u:r:np_thundercomm_tlog_pstore:s0 scontext=u:r:init:s0 tcontext=u:object_r:np_thundercomm_tlog_pstore_exec:s0 tclass=process
11-10 04:31:46.893 1443 2454 I commit_sys_config_file: [appops,15]
11-10 04:31:46.929 1443 1662 I commit_sys_config_file: [package-user-0,2]
11-10 04:31:46.929 1443 1662 I commit_sys_config_file: [package,54]
11-10 04:31:47.108 1443 3290 I am_uid_running: 10053
11-10 04:31:47.116 1443 1639 I am_proc_start: [0,4435,10053,com.qualcomm.qti.qms.service.trustzoneaccess,service,{com.qualcomm.qti.qms.service.trustzoneaccess/com.qualcomm.qti.qms.service.trustzoneaccess.TZAccessService}]
11-10 04:31:47.133 1443 3290 I am_proc_bound: [0,4435,com.qualcomm.qti.qms.service.trustzoneaccess]
11-10 04:31:47.254 1443 2406 I am_proc_died: [0,4396,com.qti.ltebc,905,19]
11-10 04:31:47.255 1443 2406 I am_uid_stopped: 10075
11-10 04:31:49.271 4493 4493 I auditd : type=1400 audit(0.0:485): avc: denied { read } for comm="ls" name="/" dev="dm-5" ino=2 scontext=u:r:system_app:s0 tcontext=u:object_r:rootfs:s0 tclass=dir permissive=0
11-10 04:31:49.299 1443 1637 I am_pss : [2792,10077,com.android.launcher3,140619776,113041408,0,299220992,0,2,12]
11-10 04:31:49.335 4497 4497 I auditd : type=1400 audit(0.0:486): avc: denied { read } for comm="ls" name="/" dev="dm-5" ino=2 scontext=u:r:system_app:s0 tcontext=u:object_r:rootfs:s0 tclass=dir permissive=0
