11-10 04:31:50.091 1443 1637 I sysui_multi_action: [757,1717,758,1,759,0]
11-10 04:31:50.092 1443 1637 I sysui_multi_action: [757,1717,758,2,759,0]
11-10 04:31:50.092 1443 1637 I sysui_multi_action: [757,1717,758,3,759,0]
11-10 04:31:57.467 1443 2406 I snet_event_log: [172655291,-1,]
11-10 04:31:58.770 1443 1637 I am_pss : [2362,10094,com.android.permissioncontroller,14426112,11288576,0,107380736,0,6,12]
11-10 04:31:58.780 1443 1637 I am_pss : [3211,10089,com.qualcomm.qtil.aptxui,7046144,5615616,0,92491776,0,19,9]
11-10 04:31:58.790 1443 1637 I am_pss : [3072,10070,com.android.deskclock,9692160,6901760,0,102526976,0,19,8]
11-10 04:31:58.796 1443 1637 I am_pss : [3056,10096,android.ext.services,7288832,5570560,0,96583680,0,5,6]
11-10 04:31:58.804 1443 1637 I am_pss : [2789,1000,com.android.settings:CryptKeeper,12375040,4894720,0,116969472,0,19,7]
11-10 04:31:59.463 1443 1637 I am_pss : [2792,10077,com.android.launcher3,140286976,111947776,0,298127360,0,2,20]
11-10 04:31:59.471 1443 1637 I am_pss : [3597,10032,com.android.externalstorage,5535744,3944448,0,93495296,0,19,7]
11-10 04:31:59.478 1443 1637 I am_pss : [3443,10074,com.qualcomm.location.XT,6234112,4665344,0,94056448,0,6,6]
11-10 04:31:59.486 1443 1637 I am_pss : [2903,1000,com.android.settings,20334592,10960896,0,137814016,0,19,8]
11-10 04:31:59.492 1443 1637 I am_pss : [3596,10030,com.android.managedprovisioning,9077760,7528448,0,96202752,0,19,5]
11-10 04:31:59.497 1443 1637 I am_pss : [3456,10079,com.android.provision,7043072,4628480,0,101306368,0,19,4]
11-10 04:31:59.502 1443 1637 I am_pss : [3411,10025,com.android.documentsui,13236224,11083776,0,108507136,0,19,5]
11-10 04:31:59.641 1443 1637 I am_pss : [3425,1000,com.android.keychain,7993344,6504448,0,93995008,0,19,5]
11-10 04:31:59.652 1443 1637 I am_pss : [3750,10035,com.baidu.input,84007936,76595200,0,201752576,0,7,10]
11-10 04:31:59.778 1443 1637 I am_pss : [3819,10034,com.android.traceur,8884224,6103040,0,96976896,0,19,10]
11-10 04:32:00.031 1443 1637 I am_pss : [3892,10062,com.android.calendar,6667264,4665344,0,96657408,0,19,10]
11-10 04:32:00.040 1443 1637 I am_pss : [3869,1000,com.qti.diagservices,5678080,3821568,0,94650368,0,10,8]
11-10 04:32:00.182 1443 1637 I am_pss : [3927,1000,com.android.dynsystem,5139456,3633152,0,90198016,0,19,9]
11-10 04:32:00.501 1443 1637 I am_pss : [3985,1000,com.android.dynsystem:dynsystem,5449728,3837952,0,91004928,0,19,10]
11-10 04:32:00.739 1443 1637 I am_pss : [4063,10090,com.android.music,7208960,5386240,0,93990912,0,19,10]
11-10 04:32:00.845 1443 1637 I am_pss : [4105,10059,com.android.onetimeinitializer,4905984,3457024,0,90263552,0,19,9]
11-10 04:32:00.947 1443 1637 I am_pss : [4125,10021,com.android.packageinstaller,7078912,5660672,0,92037120,0,19,9]
11-10 04:32:01.195 1443 1637 I am_pss : [4145,2000,com.android.shell,5692416,4247552,0,91353088,0,19,10]
11-10 04:32:01.679 1443 1637 I am_pss : [4163,1001,com.android.phone,7224320,5091328,0,93917184,0,19,10]
11-10 04:32:01.770 1443 1637 I am_pss : [4230,10054,com.qualcomm.qti.qms.service.connectionsecurity,18561024,4395008,0,77627392,0,19,9]
11-10 04:32:01.917 1443 1637 I am_pss : [4253,1000,com.thundercomm.gamemode,16190464,12845056,0,115851264,0,10,12]
11-10 04:32:01.927 1443 1637 I am_pss : [4267,1000,com.android.localtransport,5160960,3690496,0,90988544,0,19,8]
11-10 04:32:06.949 1443 2306 I volume_changed: [3,13,10,39,AS.AudioService]
11-10 04:32:06.957 1443 2306 I volume_changed: [3,13,10,39,AS.AudioService]
11-10 04:32:06.971 1443 2306 I volume_changed: [3,13,10,39,AS.AudioService]
11-10 04:32:07.200 1443 1743 I commit_sys_config_file: [settings-0-0,10]
11-10 04:32:07.686 1443 1743 I commit_sys_config_file: [settings-1-0,5]
11-10 04:32:22.081 1443 2286 I netstats_mobile_sample: [0,0,0,0,0,0,0,0,0,0,0,0,1668025942081]
11-10 04:32:22.081 1443 2286 I netstats_wifi_sample: [0,0,0,0,0,0,0,0,0,0,0,0,1668025942081]
11-10 04:32:22.089 1443 1637 I am_pss : [3487,10095,com.android.providers.media.module,20252672,16527360,0,126570496,0,0,12]
11-10 04:32:22.098 1443 1637 I am_pss : [3443,10074,com.qualcomm.location.XT,6234112,4665344,0,94056448,0,6,7]
11-10 04:32:22.109 1443 1637 I am_pss : [3750,10035,com.baidu.input,84007936,76595200,0,201752576,0,7,10]
11-10 04:32:22.117 1443 1637 I am_pss : [2341,1002,com.android.bluetooth,29317120,23314432,0,139657216,0,0,8]
11-10 04:32:22.123 1443 1637 I am_pss : [3056,10096,android.ext.services,7288832,5570560,0,96583680,0,5,5]
11-10 04:32:22.128 1443 1637 I am_pss : [3108,10081,com.qualcomm.location,9646080,7507968,0,102187008,0,0,4]
11-10 04:32:22.132 1443 1637 I am_pss : [2591,1001,.dataservices,7579648,5984256,0,95010816,0,0,4]
11-10 04:32:22.138 1443 1637 I am_pss : [2510,1073,com.android.networkstack.process,10024960,7831552,0,104460288,0,0,5]
11-10 04:32:22.148 1443 1637 I am_pss : [2358,10082,com.android.systemui,83662848,59518976,0,248131584,0,0,9]
11-10 04:32:22.168 1443 1637 I am_pss : [1443,1000,system,211076096,114008064,0,540987392,0,0,19]
11-10 04:32:31.729 1443 1654 I sysui_multi_action: [757,1696,758,6,759,2]
11-10 04:32:31.731 1443 1638 I am_wtf : [0,1443,system_server,-1,DisplayDeviceConfig,requesting nits when no mapping exists.]
11-10 04:32:31.735 1443 1638 I am_wtf : [0,1443,system_server,-1,DisplayDeviceConfig,requesting nits when no mapping exists.]
11-10 04:32:39.126 1443 1638 I am_uid_idle: 10079
11-10 04:32:44.767 1443 1638 I am_uid_idle: 10069
11-10 04:32:46.739 1443 1628 I sysui_multi_action: [757,222,758,1]
11-10 04:32:46.749 1443 1628 I am_uid_running: 10051
11-10 04:32:46.750 1443 1637 I am_pss : [4435,10053,com.qualcomm.qti.qms.service.trustzoneaccess,5388288,3768320,0,91963392,0,19,9]
11-10 04:32:46.761 1443 1637 I am_pss : [3764,10019,com.android.providers.calendar,7152640,5398528,0,98271232,0,19,7]
11-10 04:32:46.768 1443 1639 I am_proc_start: [0,4594,10051,com.thundercomm.screensaver,service,{com.thundercomm.screensaver/com.thundercomm.saverclock.service.ClockScreensaver}]
11-10 04:32:46.770 1443 1637 I am_pss : [3995,10063,com.android.gallery3d,7408640,5349376,0,95956992,0,19,5]
11-10 04:32:46.777 1443 1637 I am_pss : [3407,10022,android.process.media,10705920,8568832,0,104660992,0,10,5]
11-10 04:32:46.784 1443 1637 I am_pss : [3597,10032,com.android.externalstorage,5520384,3944448,0,93495296,0,19,5]
11-10 04:32:46.790 1443 1637 I am_pss : [3013,10069,com.thundercomm.gamemode.provider,7479296,5783552,0,97509376,0,19,5]
11-10 04:32:46.798 1443 1637 I am_pss : [4253,1000,com.thundercomm.gamemode,16173056,12845056,0,115851264,0,10,6]
11-10 04:32:46.800 1443 2433 I am_proc_bound: [0,4594,com.thundercomm.screensaver]
11-10 04:32:46.802 1443 2433 I am_uid_active: 10051
11-10 04:32:46.804 1443 1637 I am_pss : [4267,1000,com.android.localtransport,5140480,3690496,0,90988544,0,19,5]
11-10 04:32:46.811 1443 1637 I am_pss : [3211,10089,com.qualcomm.qtil.aptxui,7025664,5615616,0,92491776,0,19,6]
11-10 04:32:46.817 1443 1637 I am_pss : [4230,10054,com.qualcomm.qti.qms.service.connectionsecurity,18556928,4395008,0,77627392,0,19,5]
11-10 04:32:46.823 1443 1637 I am_pss : [2912,10085,com.qualcomm.qti.qccauthmgr,6133760,4440064,0,96546816,0,19,5]
11-10 04:32:46.831 1443 1637 I am_pss : [4163,1001,com.android.phone,7200768,5091328,0,93917184,0,19,6]
11-10 04:32:46.838 1443 1637 I am_pss : [3688,10024,android.process.acore,13133824,9650176,0,117592064,0,19,6]
11-10 04:32:46.844 1443 2417 I wm_task_created: [11,-1]
11-10 04:32:46.844 1443 1637 I am_pss : [4145,2000,com.android.shell,5668864,4247552,0,91353088,0,19,6]
11-10 04:32:46.847 1443 2417 I wm_task_moved: [11,1,6]
11-10 04:32:46.847 1443 2417 I wm_task_to_front: [0,11]
11-10 04:32:46.848 1443 2417 I wm_create_task: [0,11]
11-10 04:32:46.848 1443 2417 I wm_create_activity: [0,47910867,11,com.thundercomm.screensaver/android.service.dreams.DreamActivity,NULL,NULL,NULL,276824064]
11-10 04:32:46.848 1443 2417 I wm_task_moved: [11,1,6]
11-10 04:32:46.848 2792 2792 I wm_on_top_resumed_lost_called: [89456280,com.android.launcher3.uioverrides.QuickstepLauncher,topStateChangedWhenResumed]
11-10 04:32:46.849 1443 2417 I wm_pause_activity: [0,89456280,com.android.launcher3/.uioverrides.QuickstepLauncher,userLeaving=true,pauseBackTasks]
11-10 04:32:46.853 1443 1637 I am_pss : [2903,1000,com.android.settings,20306944,10960896,0,137814016,0,19,7]
11-10 04:32:46.855 2792 2792 I wm_on_paused_called: [89456280,com.android.launcher3.uioverrides.QuickstepLauncher,performPause]
11-10 04:32:46.859 1443 2433 I wm_add_to_stopping: [0,89456280,com.android.launcher3/.uioverrides.QuickstepLauncher,makeInvisible]
11-10 04:32:46.860 1443 1637 I am_pss : [4125,10021,com.android.packageinstaller,7055360,5660672,0,92037120,0,19,5]
11-10 04:32:46.860 1443 2433 I wm_restart_activity: [0,47910867,11,com.thundercomm.screensaver/android.service.dreams.DreamActivity]
11-10 04:32:46.863 1443 2433 I wm_set_resumed_activity: [0,com.thundercomm.screensaver/android.service.dreams.DreamActivity,minimalResumeActivityLocked]
11-10 04:32:46.866 1443 1637 I am_pss : [4105,10059,com.android.onetimeinitializer,4882432,3457024,0,90263552,0,19,6]
11-10 04:32:46.869 1443 1631 I sysui_multi_action: [757,803,799,window_time_0,802,68]
11-10 04:32:46.873 1443 1637 I am_pss : [4063,10090,com.android.music,7185408,5386240,0,93990912,0,19,5]
11-10 04:32:46.880 1443 1637 I am_pss : [3596,10030,com.android.managedprovisioning,9053184,7528448,0,96202752,0,19,6]
11-10 04:32:46.883 1443 1994 I input_focus: [Focus leaving 2502e37 com.android.launcher3/com.android.launcher3.uioverrides.QuickstepLauncher (server),reason=NO_WINDOW]
11-10 04:32:46.883 4594 4594 I wm_on_create_called: [47910867,android.service.dreams.DreamActivity,performCreate]
11-10 04:32:46.883 4594 4594 I wm_on_start_called: [47910867,android.service.dreams.DreamActivity,handleStartActivity]
11-10 04:32:46.884 4594 4594 I wm_on_resume_called: [47910867,android.service.dreams.DreamActivity,RESUME_ACTIVITY]
11-10 04:32:46.886 1443 1443 I am_uid_active: 10069
11-10 04:32:46.886 1443 1637 I am_pss : [3985,1000,com.android.dynsystem:dynsystem,5427200,3837952,0,91004928,0,19,5]
11-10 04:32:46.893 1443 1637 I am_pss : [3927,1000,com.android.dynsystem,5115904,3633152,0,90198016,0,19,5]
11-10 04:32:46.895 4594 4594 I wm_on_top_resumed_gained_called: [47910867,android.service.dreams.DreamActivity,topStateChangedWhenResumed]
11-10 04:32:46.900 1443 1637 I am_pss : [3072,10070,com.android.deskclock,9663488,6901760,0,102526976,0,19,6]
11-10 04:32:46.907 1443 1637 I am_pss : [3892,10062,com.android.calendar,6636544,4665344,0,96657408,0,19,6]
11-10 04:32:46.914 1443 1637 I am_pss : [3869,1000,com.qti.diagservices,5651456,3821568,0,94650368,0,10,5]
11-10 04:32:46.926 1443 1637 I am_pss : [3819,10034,com.android.traceur,8856576,6103040,0,96976896,0,19,5]
11-10 04:32:46.926 1443 1632 I input_focus: [Focus request 644ed4 com.thundercomm.screensaver/android.service.dreams.DreamActivity,reason=UpdateInputWindows]
11-10 04:32:46.927 1443 3711 I sysui_multi_action: [757,856,758,1,806,com.android.systemui,857,updateNotification,858,3]
11-10 04:32:46.929 1443 1443 I notification_enqueue: [10082,2358,com.android.systemui,2048,NULL,0,Notification(channel=updateNotification shortcut=null contentView=null vibrate=null sound=null defaults=0x0 flags=0x0 color=0x00000000 vis=PRIVATE),0]
11-10 04:32:46.929 2358 2358 I sysui_multi_action: [757,111,758,2]
11-10 04:32:46.930 2358 2358 I sysui_multi_action: [757,111,758,2]
11-10 04:32:46.935 1443 1637 I am_pss : [3425,1000,com.android.keychain,7969792,6504448,0,93995008,0,19,5]
11-10 04:32:46.942 1443 1637 I am_pss : [3456,10079,com.android.provision,6957056,4628480,0,101306368,0,19,6]
11-10 04:32:46.942 1443 2417 I am_wtf : [0,2358,com.android.systemui,818462221,KeyguardBouncer,onFullyShown when view was null]
11-10 04:32:46.948 2358 2358 I sysui_multi_action: [757,196,758,2,759,0]
11-10 04:32:46.948 2358 2358 I sysui_status_bar_state: [0,0,1,0,0,1]
11-10 04:32:46.949 1443 1637 I am_pss : [3411,10025,com.android.documentsui,12938240,10846208,0,108269568,0,19,5]
11-10 04:32:46.955 2358 2358 I sysui_multi_action: [757,111,758,1]
11-10 04:32:46.955 2358 2358 I sysui_multi_action: [757,126,758,1,759,126,927,0,928,0,1593,0]
11-10 04:32:46.955 2358 2358 I sysui_multi_action: [757,113,758,1,759,113,927,1,928,0,1593,0]
11-10 04:32:46.955 2358 2358 I sysui_multi_action: [757,0,758,1,759,0,927,2,928,0,1593,0]
11-10 04:32:46.955 2358 2358 I sysui_multi_action: [757,0,758,1,759,0,927,3,928,0,1593,0]
11-10 04:32:46.955 1443 1637 I am_pss : [3359,10087,com.qualcomm.qti.qccnetstat,5838848,4345856,0,92155904,0,0,6]
11-10 04:32:46.955 2358 2358 I sysui_multi_action: [757,491,758,1,759,491,927,4,928,0,1311,-1,1593,0]
11-10 04:32:46.955 2358 2358 I sysui_multi_action: [757,0,758,1,759,0,927,5,928,0,1593,0]
11-10 04:32:46.955 2358 2358 I sysui_multi_action: [757,111,758,1]
11-10 04:32:46.956 2358 2358 I sysui_multi_action: [757,126,758,1,759,126,927,0,928,0,1593,0]
11-10 04:32:46.956 2358 2358 I sysui_multi_action: [757,113,758,1,759,113,927,1,928,0,1593,0]
11-10 04:32:46.956 2358 2358 I sysui_multi_action: [757,0,758,1,759,0,927,2,928,0,1593,0]
11-10 04:32:46.956 2358 2358 I sysui_multi_action: [757,0,758,1,759,0,927,3,928,0,1593,0]
11-10 04:32:46.963 1443 1637 I am_pss : [3376,10083,com.qualcomm.qti.workloadclassifier,12661760,10575872,0,105336832,0,0,6]
11-10 04:32:46.969 1443 1637 I am_pss : [3334,10071,com.qualcomm.qti.services.systemhelper:systemhelper_service,6075392,4493312,0,94478336,0,0,5]
11-10 04:32:46.975 1443 1637 I am_pss : [3325,10052,.pasr,5093376,3678208,0,90112000,0,0,5]
11-10 04:32:46.976 1443 1654 I sysui_multi_action: [757,1696,758,6,759,3]
11-10 04:32:46.978 1443 1628 I sysui_multi_action: [319,132,322,131,325,94,757,761,758,8,759,2,806,com.thundercomm.screensaver,871,android.service.dreams.DreamActivity,904,com.thundercomm.screensaver,905,0,1320,4,1321,2]
11-10 04:32:46.979 1443 1628 I wm_activity_launch_time: [0,47910867,com.thundercomm.screensaver/android.service.dreams.DreamActivity,131]
11-10 04:32:46.981 1443 1637 I am_pss : [3276,10058,ts.car.uart,5935104,4521984,0,91054080,0,0,4]
11-10 04:32:46.984 1443 1994 I input_focus: [Focus entering 644ed4 com.thundercomm.screensaver/android.service.dreams.DreamActivity (server),reason=Window became focusable. Previous reason: NOT_VISIBLE]
11-10 04:32:46.984 1443 1638 I am_wtf : [0,1443,system_server,-1,DisplayDeviceConfig,requesting nits when no mapping exists.]
11-10 04:32:46.985 1443 1638 I am_wtf : [0,1443,system_server,-1,DisplayDeviceConfig,requesting nits when no mapping exists.]
11-10 04:32:46.987 1443 1637 I am_pss : [3274,10086,com.hht.lebocast,36117504,17334272,0,109314048,0,0,6]
11-10 04:32:46.994 1443 1637 I am_pss : [2789,1000,com.android.settings:CryptKeeper,12301312,4894720,0,116969472,0,19,5]
11-10 04:32:46.999 1443 1638 I am_wtf : [0,1443,system_server,-1,DisplayDeviceConfig,requesting nits when no mapping exists.]
11-10 04:32:47.001 1443 1638 I am_wtf : [0,1443,system_server,-1,DisplayDeviceConfig,requesting nits when no mapping exists.]
11-10 04:32:47.005 1443 1637 I am_pss : [2786,1000,com.qualcomm.qti.qdma,9344000,6623232,0,106000384,0,0,6]
11-10 04:32:47.012 1443 1637 I am_pss : [2655,1000,vendor.qti.qesdk.sysservice,5209088,3739648,0,91475968,0,0,5]
11-10 04:32:47.017 1443 1638 I am_wtf : [0,1443,system_server,-1,DisplayDeviceConfig,requesting nits when no mapping exists.]
11-10 04:32:47.019 1443 1637 I am_pss : [2741,1000,com.thundercomm.tcservice,7344128,5857280,0,94437376,0,0,4]
11-10 04:32:47.022 1443 1638 I am_wtf : [0,1443,system_server,-1,DisplayDeviceConfig,requesting nits when no mapping exists.]
11-10 04:32:47.026 1443 1637 I am_pss : [2714,1000,com.thundercomm.remotecontrolservice,9037824,7069696,0,101044224,0,0,5]
11-10 04:32:47.032 1443 1637 I am_pss : [2674,10088,com.qti.qualcomm.mstatssystemservice,5176320,3760128,0,90578944,0,0,5]
11-10 04:32:47.033 1443 1638 I am_wtf : [0,1443,system_server,-1,DisplayDeviceConfig,requesting nits when no mapping exists.]
11-10 04:32:47.038 1443 1637 I am_pss : [2691,1068,com.android.se,5520384,4042752,0,92344320,0,0,5]
11-10 04:32:47.039 1443 1638 I am_wtf : [0,1443,system_server,-1,DisplayDeviceConfig,requesting nits when no mapping exists.]
11-10 04:32:47.044 1443 1637 I am_pss : [2616,1000,com.thundercomm.tchttpserver,7577600,6107136,0,94273536,0,0,4]
11-10 04:32:47.049 1443 1637 I am_pss : [2626,1000,com.tc.logclient,6723584,5251072,0,93696000,0,0,4]
11-10 04:32:47.052 1443 1638 I am_wtf : [0,1443,system_server,-1,DisplayDeviceConfig,requesting nits when no mapping exists.]
11-10 04:32:47.053 1443 1638 I am_wtf : [0,1443,system_server,-1,DisplayDeviceConfig,requesting nits when no mapping exists.]
11-10 04:32:47.055 1443 1637 I am_pss : [2610,10057,.qtidataservices,5650432,4190208,0,92180480,0,0,5]
11-10 04:32:47.061 1443 1637 I am_pss : [2580,1000,com.thundercomm.microsettings,34404352,31531008,0,128442368,0,0,6]
11-10 04:32:47.066 1443 1637 I am_pss : [2585,1000,com.thundercomm.tcsetupWizard,6481920,5083136,0,91357184,0,0,4]
11-10 04:32:47.066 1443 1638 I am_wtf : [0,1443,system_server,-1,DisplayDeviceConfig,requesting nits when no mapping exists.]
11-10 04:32:47.067 1443 1638 I am_wtf : [0,1443,system_server,-1,DisplayDeviceConfig,requesting nits when no mapping exists.]
11-10 04:32:47.072 1443 1637 I am_pss : [2555,1000,com.thundercomm.microservice,8494080,7012352,0,95170560,0,0,6]
11-10 04:32:47.084 1443 1638 I am_wtf : [0,1443,system_server,-1,DisplayDeviceConfig,requesting nits when no mapping exists.]
11-10 04:32:47.085 1443 1638 I am_wtf : [0,1443,system_server,-1,DisplayDeviceConfig,requesting nits when no mapping exists.]
11-10 04:32:47.102 1443 1638 I am_wtf : [0,1443,system_server,-1,DisplayDeviceConfig,requesting nits when no mapping exists.]
11-10 04:32:47.105 1443 1638 I am_wtf : [0,1443,system_server,-1,DisplayDeviceConfig,requesting nits when no mapping exists.]
11-10 04:32:47.116 1443 1638 I am_wtf : [0,1443,system_server,-1,DisplayDeviceConfig,requesting nits when no mapping exists.]
11-10 04:32:47.116 1443 1638 I am_wtf : [0,1443,system_server,-1,DisplayDeviceConfig,requesting nits when no mapping exists.]
11-10 04:32:47.130 1443 1443 I sysui_multi_action: [757,1501,758,1,793,202,794,0,795,202,796,2048,806,com.android.systemui,857,updateNotification,858,3,947,0,1500,0,1688,1]
11-10 04:32:47.130 1443 1443 I sysui_multi_action: [757,804,799,note_interruptive,801,0,802,1]
11-10 04:32:47.134 1443 1638 I am_wtf : [0,1443,system_server,-1,DisplayDeviceConfig,requesting nits when no mapping exists.]
11-10 04:32:47.135 1443 1638 I am_wtf : [0,1443,system_server,-1,DisplayDeviceConfig,requesting nits when no mapping exists.]
11-10 04:32:47.151 1443 1638 I am_wtf : [0,1443,system_server,-1,DisplayDeviceConfig,requesting nits when no mapping exists.]
11-10 04:32:47.152 1443 1638 I am_wtf : [0,1443,system_server,-1,DisplayDeviceConfig,requesting nits when no mapping exists.]
11-10 04:32:47.170 1443 1638 I am_wtf : [0,1443,system_server,-1,DisplayDeviceConfig,requesting nits when no mapping exists.]
11-10 04:32:47.171 1443 1638 I am_wtf : [0,1443,system_server,-1,DisplayDeviceConfig,requesting nits when no mapping exists.]
11-10 04:32:47.184 1443 1638 I am_wtf : [0,1443,system_server,-1,DisplayDeviceConfig,requesting nits when no mapping exists.]
11-10 04:32:47.185 1443 1638 I am_wtf : [0,1443,system_server,-1,DisplayDeviceConfig,requesting nits when no mapping exists.]
11-10 04:32:47.186 1443 1630 I commit_sys_config_file: [notification-policy,70276]
11-10 04:32:47.202 1443 1638 I am_wtf : [0,1443,system_server,-1,DisplayDeviceConfig,requesting nits when no mapping exists.]
11-10 04:32:47.203 1443 1638 I am_wtf : [0,1443,system_server,-1,DisplayDeviceConfig,requesting nits when no mapping exists.]
11-10 04:32:47.217 1443 1638 I am_wtf : [0,1443,system_server,-1,DisplayDeviceConfig,requesting nits when no mapping exists.]
11-10 04:32:47.218 1443 1638 I am_wtf : [0,1443,system_server,-1,DisplayDeviceConfig,requesting nits when no mapping exists.]
11-10 04:32:47.235 1443 1638 I am_wtf : [0,1443,system_server,-1,DisplayDeviceConfig,requesting nits when no mapping exists.]
11-10 04:32:47.236 1443 1638 I am_wtf : [0,1443,system_server,-1,DisplayDeviceConfig,requesting nits when no mapping exists.]
11-10 04:32:47.251 1443 1638 I am_wtf : [0,1443,system_server,-1,DisplayDeviceConfig,requesting nits when no mapping exists.]
11-10 04:32:47.252 1443 1638 I am_wtf : [0,1443,system_server,-1,DisplayDeviceConfig,requesting nits when no mapping exists.]
11-10 04:32:47.266 1443 1638 I am_wtf : [0,1443,system_server,-1,DisplayDeviceConfig,requesting nits when no mapping exists.]
11-10 04:32:47.267 1443 1638 I am_wtf : [0,1443,system_server,-1,DisplayDeviceConfig,requesting nits when no mapping exists.]
11-10 04:32:47.270 1443 1631 I wm_stop_activity: [0,89456280,com.android.launcher3/.uioverrides.QuickstepLauncher]
11-10 04:32:47.287 1443 1638 I am_wtf : [0,1443,system_server,-1,DisplayDeviceConfig,requesting nits when no mapping exists.]
11-10 04:32:47.288 1443 1638 I am_wtf : [0,1443,system_server,-1,DisplayDeviceConfig,requesting nits when no mapping exists.]
11-10 04:32:47.301 1443 1638 I am_wtf : [0,1443,system_server,-1,DisplayDeviceConfig,requesting nits when no mapping exists.]
11-10 04:32:47.304 2792 2792 I wm_on_stop_called: [89456280,com.android.launcher3.uioverrides.QuickstepLauncher,STOP_ACTIVITY_ITEM]
11-10 04:32:47.306 1443 1638 I am_wtf : [0,1443,system_server,-1,DisplayDeviceConfig,requesting nits when no mapping exists.]
11-10 04:32:47.316 1443 1638 I am_wtf : [0,1443,system_server,-1,DisplayDeviceConfig,requesting nits when no mapping exists.]
11-10 04:32:47.320 1443 1638 I am_wtf : [0,1443,system_server,-1,DisplayDeviceConfig,requesting nits when no mapping exists.]
11-10 04:32:47.335 1443 1638 I am_wtf : [0,1443,system_server,-1,DisplayDeviceConfig,requesting nits when no mapping exists.]
11-10 04:32:47.340 1443 1638 I am_wtf : [0,1443,system_server,-1,DisplayDeviceConfig,requesting nits when no mapping exists.]
11-10 04:32:47.353 1443 1638 I am_wtf : [0,1443,system_server,-1,DisplayDeviceConfig,requesting nits when no mapping exists.]
11-10 04:32:47.354 1443 1638 I am_wtf : [0,1443,system_server,-1,DisplayDeviceConfig,requesting nits when no mapping exists.]
11-10 04:32:47.367 1443 1638 I am_wtf : [0,1443,system_server,-1,DisplayDeviceConfig,requesting nits when no mapping exists.]
11-10 04:32:47.368 1443 1638 I am_wtf : [0,1443,system_server,-1,DisplayDeviceConfig,requesting nits when no mapping exists.]
11-10 04:32:47.384 1443 1638 I am_wtf : [0,1443,system_server,-1,DisplayDeviceConfig,requesting nits when no mapping exists.]
11-10 04:32:47.385 1443 1638 I am_wtf : [0,1443,system_server,-1,DisplayDeviceConfig,requesting nits when no mapping exists.]
11-10 04:32:47.400 1443 1638 I am_wtf : [0,1443,system_server,-1,DisplayDeviceConfig,requesting nits when no mapping exists.]
11-10 04:32:47.401 1443 1638 I am_wtf : [0,1443,system_server,-1,DisplayDeviceConfig,requesting nits when no mapping exists.]
11-10 04:32:47.417 1443 1638 I am_wtf : [0,1443,system_server,-1,DisplayDeviceConfig,requesting nits when no mapping exists.]
11-10 04:32:47.422 1443 1638 I am_wtf : [0,1443,system_server,-1,DisplayDeviceConfig,requesting nits when no mapping exists.]
11-10 04:32:47.434 1443 1638 I am_wtf : [0,1443,system_server,-1,DisplayDeviceConfig,requesting nits when no mapping exists.]
11-10 04:32:47.435 1443 1638 I am_wtf : [0,1443,system_server,-1,DisplayDeviceConfig,requesting nits when no mapping exists.]
11-10 04:32:47.452 1443 1638 I am_wtf : [0,1443,system_server,-1,DisplayDeviceConfig,requesting nits when no mapping exists.]
11-10 04:32:47.454 1443 1638 I am_wtf : [0,1443,system_server,-1,DisplayDeviceConfig,requesting nits when no mapping exists.]
11-10 04:32:47.469 1443 1638 I am_wtf : [0,1443,system_server,-1,DisplayDeviceConfig,requesting nits when no mapping exists.]
11-10 04:32:47.472 1443 1638 I am_wtf : [0,1443,system_server,-1,DisplayDeviceConfig,requesting nits when no mapping exists.]
11-10 04:32:47.485 1443 1638 I am_wtf : [0,1443,system_server,-1,DisplayDeviceConfig,requesting nits when no mapping exists.]
11-10 04:32:47.486 1443 1638 I am_wtf : [0,1443,system_server,-1,DisplayDeviceConfig,requesting nits when no mapping exists.]
11-10 04:32:47.506 1443 1638 I am_wtf : [0,1443,system_server,-1,DisplayDeviceConfig,requesting nits when no mapping exists.]
11-10 04:32:47.507 1443 1638 I am_wtf : [0,1443,system_server,-1,DisplayDeviceConfig,requesting nits when no mapping exists.]
11-10 04:32:47.522 1443 1638 I am_wtf : [0,1443,system_server,-1,DisplayDeviceConfig,requesting nits when no mapping exists.]
11-10 04:32:47.522 1443 1638 I am_wtf : [0,1443,system_server,-1,DisplayDeviceConfig,requesting nits when no mapping exists.]
11-10 04:32:47.523 1443 1638 I service_manager_stats: [100,69,65696]
11-10 04:32:47.536 1443 1638 I am_wtf : [0,1443,system_server,-1,DisplayDeviceConfig,requesting nits when no mapping exists.]
11-10 04:32:47.537 1443 1638 I am_wtf : [0,1443,system_server,-1,DisplayDeviceConfig,requesting nits when no mapping exists.]
11-10 04:32:47.551 1443 1638 I am_wtf : [0,1443,system_server,-1,DisplayDeviceConfig,requesting nits when no mapping exists.]
11-10 04:32:47.552 1443 1638 I am_wtf : [0,1443,system_server,-1,DisplayDeviceConfig,requesting nits when no mapping exists.]
11-10 04:32:47.573 1443 1638 I am_wtf : [0,1443,system_server,-1,DisplayDeviceConfig,requesting nits when no mapping exists.]
11-10 04:32:47.573 1443 1638 I am_wtf : [0,1443,system_server,-1,DisplayDeviceConfig,requesting nits when no mapping exists.]
11-10 04:32:47.588 1443 1638 I am_wtf : [0,1443,system_server,-1,DisplayDeviceConfig,requesting nits when no mapping exists.]
11-10 04:32:47.589 1443 1638 I am_wtf : [0,1443,system_server,-1,DisplayDeviceConfig,requesting nits when no mapping exists.]
11-10 04:32:47.602 1443 1638 I am_wtf : [0,1443,system_server,-1,DisplayDeviceConfig,requesting nits when no mapping exists.]
11-10 04:32:47.603 1443 1638 I am_wtf : [0,1443,system_server,-1,DisplayDeviceConfig,requesting nits when no mapping exists.]
11-10 04:32:47.617 1443 1638 I am_wtf : [0,1443,system_server,-1,DisplayDeviceConfig,requesting nits when no mapping exists.]
11-10 04:32:47.620 1443 1638 I am_wtf : [0,1443,system_server,-1,DisplayDeviceConfig,requesting nits when no mapping exists.]
11-10 04:32:47.635 1443 1638 I am_wtf : [0,1443,system_server,-1,DisplayDeviceConfig,requesting nits when no mapping exists.]
11-10 04:32:47.635 1443 1638 I am_wtf : [0,1443,system_server,-1,DisplayDeviceConfig,requesting nits when no mapping exists.]
11-10 04:32:47.651 1443 1638 I am_wtf : [0,1443,system_server,-1,DisplayDeviceConfig,requesting nits when no mapping exists.]
11-10 04:32:47.653 1443 1638 I am_wtf : [0,1443,system_server,-1,DisplayDeviceConfig,requesting nits when no mapping exists.]
11-10 04:32:47.668 1443 1638 I am_wtf : [0,1443,system_server,-1,DisplayDeviceConfig,requesting nits when no mapping exists.]
11-10 04:32:47.670 1443 1638 I am_wtf : [0,1443,system_server,-1,DisplayDeviceConfig,requesting nits when no mapping exists.]
11-10 04:32:47.688 1443 1638 I am_wtf : [0,1443,system_server,-1,DisplayDeviceConfig,requesting nits when no mapping exists.]
11-10 04:32:47.689 1443 1638 I am_wtf : [0,1443,system_server,-1,DisplayDeviceConfig,requesting nits when no mapping exists.]
11-10 04:32:47.702 1443 1638 I am_wtf : [0,1443,system_server,-1,DisplayDeviceConfig,requesting nits when no mapping exists.]
11-10 04:32:47.702 1443 1638 I am_wtf : [0,1443,system_server,-1,DisplayDeviceConfig,requesting nits when no mapping exists.]
11-10 04:32:47.723 1443 1638 I am_wtf : [0,1443,system_server,-1,DisplayDeviceConfig,requesting nits when no mapping exists.]
11-10 04:32:47.724 1443 1638 I am_wtf : [0,1443,system_server,-1,DisplayDeviceConfig,requesting nits when no mapping exists.]
11-10 04:32:47.735 1443 1638 I am_wtf : [0,1443,system_server,-1,DisplayDeviceConfig,requesting nits when no mapping exists.]
11-10 04:32:47.737 1443 1638 I am_wtf : [0,1443,system_server,-1,DisplayDeviceConfig,requesting nits when no mapping exists.]
11-10 04:32:47.752 1443 1638 I am_wtf : [0,1443,system_server,-1,DisplayDeviceConfig,requesting nits when no mapping exists.]
11-10 04:32:47.753 1443 1638 I am_wtf : [0,1443,system_server,-1,DisplayDeviceConfig,requesting nits when no mapping exists.]
11-10 04:32:47.769 1443 1638 I am_wtf : [0,1443,system_server,-1,DisplayDeviceConfig,requesting nits when no mapping exists.]
11-10 04:32:47.771 1443 1638 I am_wtf : [0,1443,system_server,-1,DisplayDeviceConfig,requesting nits when no mapping exists.]
11-10 04:32:47.787 1443 1638 I am_wtf : [0,1443,system_server,-1,DisplayDeviceConfig,requesting nits when no mapping exists.]
11-10 04:32:47.788 1443 1638 I am_wtf : [0,1443,system_server,-1,DisplayDeviceConfig,requesting nits when no mapping exists.]
11-10 04:32:47.802 1443 1638 I am_wtf : [0,1443,system_server,-1,DisplayDeviceConfig,requesting nits when no mapping exists.]
11-10 04:32:47.807 1443 1638 I am_wtf : [0,1443,system_server,-1,DisplayDeviceConfig,requesting nits when no mapping exists.]
11-10 04:32:47.820 1443 1638 I am_wtf : [0,1443,system_server,-1,DisplayDeviceConfig,requesting nits when no mapping exists.]
11-10 04:32:47.826 1443 1638 I am_wtf : [0,1443,system_server,-1,DisplayDeviceConfig,requesting nits when no mapping exists.]
11-10 04:32:47.840 1443 1638 I am_wtf : [0,1443,system_server,-1,DisplayDeviceConfig,requesting nits when no mapping exists.]
11-10 04:32:47.841 1443 1638 I am_wtf : [0,1443,system_server,-1,DisplayDeviceConfig,requesting nits when no mapping exists.]
11-10 04:32:47.853 1443 1638 I am_wtf : [0,1443,system_server,-1,DisplayDeviceConfig,requesting nits when no mapping exists.]
11-10 04:32:47.854 1443 1638 I am_wtf : [0,1443,system_server,-1,DisplayDeviceConfig,requesting nits when no mapping exists.]
11-10 04:32:47.870 1443 1638 I am_wtf : [0,1443,system_server,-1,DisplayDeviceConfig,requesting nits when no mapping exists.]
11-10 04:32:47.871 1443 1638 I am_wtf : [0,1443,system_server,-1,DisplayDeviceConfig,requesting nits when no mapping exists.]
11-10 04:32:47.890 1443 1638 I am_wtf : [0,1443,system_server,-1,DisplayDeviceConfig,requesting nits when no mapping exists.]
11-10 04:32:47.893 1443 1638 I am_wtf : [0,1443,system_server,-1,DisplayDeviceConfig,requesting nits when no mapping exists.]
11-10 04:32:47.905 1443 1638 I am_wtf : [0,1443,system_server,-1,DisplayDeviceConfig,requesting nits when no mapping exists.]
11-10 04:32:47.907 1443 1638 I am_wtf : [0,1443,system_server,-1,DisplayDeviceConfig,requesting nits when no mapping exists.]
11-10 04:32:47.922 1443 1638 I am_wtf : [0,1443,system_server,-1,DisplayDeviceConfig,requesting nits when no mapping exists.]
11-10 04:32:47.923 1443 1638 I am_wtf : [0,1443,system_server,-1,DisplayDeviceConfig,requesting nits when no mapping exists.]
11-10 04:32:47.937 1443 1638 I am_wtf : [0,1443,system_server,-1,DisplayDeviceConfig,requesting nits when no mapping exists.]
11-10 04:32:47.939 1443 1638 I am_wtf : [0,1443,system_server,-1,DisplayDeviceConfig,requesting nits when no mapping exists.]
11-10 04:32:53.390 1443 1637 I am_pss : [3487,10095,com.android.providers.media.module,20197376,16527360,0,126570496,0,0,13]
11-10 04:32:53.400 1443 1637 I am_pss : [3108,10081,com.qualcomm.location,9612288,7507968,0,102187008,0,0,7]
11-10 04:32:58.758 1443 1638 I am_uid_idle: 10025
11-10 04:32:59.442 1443 1638 I am_uid_idle: 10019
11-10 04:32:59.635 1443 1638 I am_uid_idle: 10024
11-10 04:32:59.676 1443 1638 I am_uid_idle: 10034
11-10 04:33:00.018 1443 1638 I am_uid_idle: 10062
11-10 04:33:00.025 1443 1638 I am_uid_idle: 10070
11-10 04:33:00.171 1443 1638 I am_uid_idle: 10063
11-10 04:33:00.489 1443 1638 I am_uid_idle: 10030
11-10 04:33:00.497 1443 1638 I am_uid_idle: 10090
11-10 04:33:00.727 1443 1638 I am_uid_idle: 10059
11-10 04:33:00.834 1443 1638 I am_uid_idle: 10021
11-10 04:33:00.954 1443 1638 I am_uid_idle: 10022
11-10 04:33:00.997 1443 1638 I am_uid_idle: 2000
11-10 04:33:01.691 1443 1638 I am_uid_idle: 10085
11-10 04:33:01.700 1443 1638 I am_uid_idle: 10054
11-10 04:33:01.773 1443 1638 I am_uid_idle: 10089
11-10 04:33:46.940 1443 1638 I am_uid_idle: 10094
11-10 04:33:53.376 1443 1638 I am_uid_idle: 10069
11-10 04:39:37.059 1443 1994 I input_interaction: Interaction with: 644ed4 com.thundercomm.screensaver/android.service.dreams.DreamActivity (server), edge-swipe (server), swipe-up (server), PointerEventDispatcher0 (server),
11-10 04:39:37.064 1443 2433 I wm_finish_activity: [0,47910867,11,com.thundercomm.screensaver/android.service.dreams.DreamActivity,finish-activity]
11-10 04:39:37.065 1443 2433 I wm_task_moved: [1,1,5]
11-10 04:39:37.066 1443 2433 I wm_task_moved: [10,1,2147483647]
11-10 04:39:37.066 1443 2433 I wm_task_to_front: [0,10]
11-10 04:39:37.067 1443 2433 I wm_focused_root_task: [0,0,1,11,finish-top adjustFocusToNextFocusableTask]
11-10 04:39:37.067 1443 2433 I wm_set_resumed_activity: [0,com.android.launcher3/.uioverrides.QuickstepLauncher,finish-top adjustFocusToNextFocusableTask]
11-10 04:39:37.069 1443 2433 I wm_pause_activity: [0,47910867,com.thundercomm.screensaver/android.service.dreams.DreamActivity,userLeaving=false,finish]
11-10 04:39:37.078 1443 1631 I sysui_multi_action: [757,803,799,window_time_0,802,410]
11-10 04:39:37.079 4594 4594 I wm_on_top_resumed_lost_called: [47910867,android.service.dreams.DreamActivity,topStateChangedWhenResumed]
11-10 04:39:37.080 4594 4594 I wm_on_paused_called: [47910867,android.service.dreams.DreamActivity,performPause]
11-10 04:39:37.080 1443 1726 I wm_add_to_stopping: [0,47910867,com.thundercomm.screensaver/android.service.dreams.DreamActivity,completeFinishing]
11-10 04:39:37.083 1443 1726 I wm_set_resumed_activity: [0,com.android.launcher3/.uioverrides.QuickstepLauncher,resumeTopActivityInnerLocked]
11-10 04:39:37.087 1443 1726 I wm_resume_activity: [0,89456280,10,com.android.launcher3/.uioverrides.QuickstepLauncher]
11-10 04:39:37.102 1443 1631 I sysui_multi_action: [757,803,799,window_time_0,802,0]
11-10 04:39:37.104 2792 2792 I wm_on_restart_called: [89456280,com.android.launcher3.uioverrides.QuickstepLauncher,performRestartActivity]
11-10 04:39:37.104 2792 2792 I wm_on_start_called: [89456280,com.android.launcher3.uioverrides.QuickstepLauncher,handleStartActivity]
11-10 04:39:37.105 2792 2792 I wm_on_resume_called: [89456280,com.android.launcher3.uioverrides.QuickstepLauncher,RESUME_ACTIVITY]
11-10 04:39:37.105 2792 2792 I wm_on_top_resumed_gained_called: [89456280,com.android.launcher3.uioverrides.QuickstepLauncher,topWhenResuming]
11-10 04:39:37.106 4594 4594 I view_enqueue_input_event: [Motion - Cancel,com.thundercomm.screensaver/android.service.dreams.DreamActivity]
11-10 04:39:37.106 1443 1994 I input_focus: [Focus leaving 644ed4 com.thundercomm.screensaver/android.service.dreams.DreamActivity (server),reason=NO_WINDOW]
11-10 04:39:37.118 1443 1637 I am_pss : [2362,10094,com.android.permissioncontroller,13675520,10551296,0,106807296,0,19,7]
11-10 04:39:37.125 1443 1632 I input_focus: [Focus request 2502e37 com.android.launcher3/com.android.launcher3.uioverrides.QuickstepLauncher,reason=UpdateInputWindows]
11-10 04:39:37.125 1443 1637 I am_pss : [4435,10053,com.qualcomm.qti.qms.service.trustzoneaccess,5364736,3768320,0,91963392,0,19,6]
11-10 04:39:37.129 1443 1443 I am_uid_active: 10069
11-10 04:39:37.133 1443 1637 I am_pss : [3764,10019,com.android.providers.calendar,7122944,5398528,0,98271232,0,19,6]
11-10 04:39:37.141 1443 1637 I am_pss : [3995,10063,com.android.gallery3d,7578624,5349376,0,95956992,0,19,6]
11-10 04:39:37.148 1443 1637 I am_pss : [3407,10022,android.process.media,10684416,8568832,0,104660992,0,10,6]
11-10 04:39:37.153 1443 1994 I input_focus: [Focus entering 2502e37 com.android.launcher3/com.android.launcher3.uioverrides.QuickstepLauncher (server),reason=setFocusedWindow]
11-10 04:39:37.159 1443 1637 I am_pss : [4253,1000,com.thundercomm.gamemode,16419840,13148160,0,116269056,0,10,6]
11-10 04:39:37.165 1443 1637 I am_pss : [2912,10085,com.qualcomm.qti.qccauthmgr,6131712,4440064,0,96546816,0,19,5]
11-10 04:39:37.172 1443 1637 I am_pss : [3688,10024,android.process.acore,13071360,9621504,0,117563392,0,19,6]
11-10 04:39:37.178 1443 1637 I am_pss : [3869,1000,com.qti.diagservices,5651456,3821568,0,94650368,0,10,5]
11-10 04:39:37.184 1443 1637 I am_pss : [3359,10087,com.qualcomm.qti.qccnetstat,5838848,4345856,0,92155904,0,0,5]
11-10 04:39:37.191 1443 1637 I am_pss : [3376,10083,com.qualcomm.qti.workloadclassifier,12660736,10575872,0,105336832,0,0,6]
11-10 04:39:37.197 1443 1637 I am_pss : [3334,10071,com.qualcomm.qti.services.systemhelper:systemhelper_service,6075392,4493312,0,94478336,0,0,5]
11-10 04:39:37.203 1443 1637 I am_pss : [3325,10052,.pasr,5093376,3678208,0,90112000,0,0,5]
11-10 04:39:37.208 1443 1637 I am_pss : [3276,10058,ts.car.uart,5935104,4521984,0,91054080,0,0,5]
11-10 04:39:37.214 1443 1637 I am_pss : [3274,10086,com.hht.lebocast,37768192,18468864,0,111484928,0,0,5]
11-10 04:39:37.391 1443 1631 I wm_destroy_activity: [0,47910867,11,com.thundercomm.screensaver/android.service.dreams.DreamActivity,finish-imm:idle]
11-10 04:39:37.409 4594 4594 I wm_on_stop_called: [47910867,android.service.dreams.DreamActivity,LIFECYCLER_STOP_ACTIVITY]
11-10 04:39:37.411 4594 4594 I wm_on_destroy_called: [47910867,android.service.dreams.DreamActivity,performDestroy]
11-10 04:39:37.420 1443 1628 I sysui_multi_action: [757,222,758,2]
11-10 04:39:37.420 1443 1628 I sysui_multi_action: [757,804,799,dreaming_minutes,801,6,802,1]
11-10 04:39:37.432 1443 2433 I wm_task_removed: [11,removeChild:removeChild last r=ActivityRecord{2db0fd3 u0 com.thundercomm.screensaver/android.service.dreams.DreamActivity t-1 f}} in t=Task{3e6009c #11 type=dream A=10051:android:com.thundercomm.screensaver/dream U=0 visible=false mode=fullscreen translucent=true sz=0}]
11-10 04:39:37.432 1443 2433 I wm_task_removed: [11,removeChild]
11-10 04:39:39.633 1443 1994 I input_interaction: Interaction with: 2502e37 com.android.launcher3/com.android.launcher3.uioverrides.QuickstepLauncher (server), 77c60fd com.android.systemui.ImageWallpaper (server), edge-swipe (server), swipe-up (server), PointerEventDispatcher0 (server),
11-10 04:39:39.743 1443 3711 I wm_task_created: [12,-1]
11-10 04:39:39.747 1443 3711 I wm_task_moved: [12,1,6]
11-10 04:39:39.747 1443 3711 I wm_task_to_front: [0,12]
11-10 04:39:39.748 1443 3711 I wm_create_task: [0,12]
11-10 04:39:39.748 1443 3711 I wm_create_activity: [0,141576729,12,com.android.settings/.Settings,android.intent.action.MAIN,NULL,NULL,270532608]
11-10 04:39:39.748 1443 3711 I wm_task_moved: [12,1,6]
11-10 04:39:39.752 1443 3711 I wm_pause_activity: [0,89456280,com.android.launcher3/.uioverrides.QuickstepLauncher,userLeaving=true,pauseBackTasks]
11-10 04:39:39.760 2792 2792 I wm_on_top_resumed_lost_called: [89456280,com.android.launcher3.uioverrides.QuickstepLauncher,topStateChangedWhenResumed]
11-10 04:39:39.760 2792 2792 I wm_on_paused_called: [89456280,com.android.launcher3.uioverrides.QuickstepLauncher,performPause]
11-10 04:39:39.766 1443 2433 I wm_add_to_stopping: [0,89456280,com.android.launcher3/.uioverrides.QuickstepLauncher,makeInvisible]
11-10 04:39:39.768 1443 2433 I wm_restart_activity: [0,141576729,12,com.android.settings/.Settings]
11-10 04:39:39.770 1443 2433 I wm_set_resumed_activity: [0,com.android.settings/.Settings,minimalResumeActivityLocked]
11-10 04:39:39.783 1443 1631 I sysui_multi_action: [757,803,799,window_time_0,802,3]
11-10 04:39:39.792 1443 1994 I input_focus: [Focus leaving 2502e37 com.android.launcher3/com.android.launcher3.uioverrides.QuickstepLauncher (server),reason=NO_WINDOW]
11-10 04:39:39.838 1443 2417 I am_uid_active: 10085
11-10 04:39:39.847 2903 2903 I wm_on_create_called: [141576729,com.android.settings.Settings,performCreate]
11-10 04:39:39.884 2903 2903 I wm_on_start_called: [141576729,com.android.settings.Settings,handleStartActivity]
11-10 04:39:39.885 2903 2903 I snet_event_log: [120484087,-1,]
11-10 04:39:39.886 2903 2903 I wm_on_resume_called: [141576729,com.android.settings.Settings,RESUME_ACTIVITY]
11-10 04:39:39.890 2903 2903 I sysui_multi_action: [757,35,758,1,833,0,1089,39]
11-10 04:39:39.898 2903 2903 I sysui_multi_action: [757,1729,758,4,854,isParalleledControllers:false,1089,49]
11-10 04:39:39.902 2903 2903 I wm_on_top_resumed_gained_called: [141576729,com.android.settings.Settings,topStateChangedWhenResumed]
11-10 04:39:39.911 564 564 I auditd : type=1400 audit(0.0:487): avc: denied { read } for comm="Binder:564_2" name="wakeup58" dev="sysfs" ino=71732 scontext=u:r:system_suspend:s0 tcontext=u:object_r:sysfs:s0 tclass=dir permissive=0
11-10 04:39:39.911 564 564 I auditd : type=1400 audit(0.0:488): avc: denied { read } for comm="Binder:564_2" name="wakeup48" dev="sysfs" ino=67421 scontext=u:r:system_suspend:s0 tcontext=u:object_r:sysfs:s0 tclass=dir permissive=0
11-10 04:39:39.911 564 564 I auditd : type=1400 audit(0.0:489): avc: denied { read } for comm="Binder:564_2" name="wakeup4" dev="sysfs" ino=47028 scontext=u:r:system_suspend:s0 tcontext=u:object_r:sysfs:s0 tclass=dir permissive=0
11-10 04:39:39.911 564 564 I auditd : type=1400 audit(0.0:490): avc: denied { read } for comm="Binder:564_2" name="wakeup76" dev="sysfs" ino=76891 scontext=u:r:system_suspend:s0 tcontext=u:object_r:sysfs:s0 tclass=dir permissive=0
11-10 04:39:39.915 564 564 I auditd : type=1400 audit(0.0:491): avc: denied { read } for comm="Binder:564_2" name="wakeup28" dev="sysfs" ino=53233 scontext=u:r:system_suspend:s0 tcontext=u:object_r:sysfs:s0 tclass=dir permissive=0
11-10 04:39:39.953 1443 1632 I input_focus: [Focus request 3a8e143 com.android.settings/com.android.settings.Settings,reason=UpdateInputWindows]
11-10 04:39:40.016 1443 1632 I sysui_multi_action: [324,1,757,1090,758,12,806,com.android.settings,871,com.android.settings.Settings,1091,284]
11-10 04:39:40.021 1443 1628 I sysui_multi_action: [319,83,321,81,322,284,325,507,757,761,758,8,759,1,806,com.android.settings,871,com.android.settings.Settings,904,com.android.launcher3,905,0,1320,4,1321,1]
11-10 04:39:40.022 1443 1628 I wm_activity_launch_time: [0,141576729,com.android.settings/.Settings,284]
11-10 04:39:40.025 1443 1994 I input_focus: [Focus entering 3a8e143 com.android.settings/com.android.settings.Settings (server),reason=Window became focusable. Previous reason: NOT_VISIBLE]
11-10 04:39:40.146 2903 2903 W CarrierConfigManager: Error getting config for subId -1 ICarrierConfigLoader is null
11-10 04:39:40.181 2903 2903 I sysui_multi_action: [757,746,758,1,833,0,1089,61]
11-10 04:39:40.182 1443 3290 D TelephonyRegistry: listen oscl: mHasNotifySubscriptionInfoChangedOccurred==false no callback
11-10 04:39:40.185 1443 3290 D TelephonyRegistry: listen oscl: mHasNotifySubscriptionInfoChangedOccurred==false no callback
11-10 04:39:40.190 2903 2903 I sysui_multi_action: [757,1729,758,4,854,isParalleledControllers:false,1089,70]
11-10 04:39:40.348 1443 1631 I wm_stop_activity: [0,89456280,com.android.launcher3/.uioverrides.QuickstepLauncher]
11-10 04:39:40.374 2792 2792 I wm_on_stop_called: [89456280,com.android.launcher3.uioverrides.QuickstepLauncher,STOP_ACTIVITY_ITEM]
11-10 04:39:40.914 1443 1628 I am_uid_active: 10094
11-10 04:39:41.048 1443 1994 I input_interaction: Interaction with: 3a8e143 com.android.settings/com.android.settings.Settings (server), edge-swipe (server), swipe-up (server), PointerEventDispatcher0 (server),
11-10 04:39:41.745 2903 2903 I sysui_multi_action: [757,830,758,4,833,0,854,top_level_about_device,1089,0]
11-10 04:39:41.877 2903 2903 I sysui_multi_action: [757,746,758,2,1089,1696]
11-10 04:39:41.930 2903 2903 I sysui_multi_action: [757,40,758,1,833,0,1089,34]
11-10 04:39:41.930 2903 2903 W FeatureConnector: [ImsConnector, 0] connect: not supported.
11-10 04:39:41.932 2903 2903 I sysui_multi_action: [757,1729,758,4,854,isParalleledControllers:false,1089,36]
11-10 04:39:43.240 2903 2903 I sysui_multi_action: [757,848,758,4]
11-10 04:39:43.241 2903 2903 I sysui_multi_action: [757,830,758,4,833,0,854,build_number,1089,0]
11-10 04:39:43.427 2903 2903 I sysui_multi_action: [757,848,758,4]
11-10 04:39:43.429 2903 2903 I sysui_multi_action: [757,830,758,4,833,0,854,build_number,1089,0]
11-10 04:39:43.587 2903 2903 I sysui_multi_action: [757,848,758,4]
11-10 04:39:43.588 2903 2903 I sysui_multi_action: [757,830,758,4,833,0,854,build_number,1089,0]
11-10 04:39:43.733 2903 2903 I sysui_multi_action: [757,848,758,4]
11-10 04:39:43.734 2903 2903 I sysui_multi_action: [757,830,758,4,833,0,854,build_number,1089,0]
11-10 04:39:43.868 2903 2903 I sysui_multi_action: [757,848,758,4]
11-10 04:39:43.869 2903 2903 I sysui_multi_action: [757,830,758,4,833,0,854,build_number,1089,0]
11-10 04:39:43.931 1443 1637 I sysui_multi_action: [757,1717,758,1,759,0]
11-10 04:39:43.932 1443 1637 I sysui_multi_action: [757,1717,758,2,759,0]
11-10 04:39:43.932 1443 1637 I sysui_multi_action: [757,1717,758,3,759,0]
11-10 04:39:44.026 2903 2903 I sysui_multi_action: [757,848,758,4]
11-10 04:39:44.027 2903 2903 I sysui_multi_action: [757,830,758,4,833,0,854,build_number,1089,0]
11-10 04:39:44.191 1443 1662 I am_uid_stopped: 2000
11-10 04:39:44.192 1443 1662 I am_kill : [0,4145,com.android.shell,935,change com.android.shell]
11-10 04:39:44.218 2903 2903 I sysui_multi_action: [757,848,758,4]
11-10 04:39:44.219 2903 2903 I sysui_multi_action: [757,848,758,4]
11-10 04:39:44.219 2903 2903 I sysui_multi_action: [757,830,758,4,833,0,854,build_number,1089,0]
11-10 04:39:44.230 1443 1726 I am_uid_running: 2000
11-10 04:39:44.257 1443 1639 I am_proc_start: [0,5141,2000,com.android.shell,content provider,{com.android.shell/com.android.shell.BugreportStorageProvider}]
11-10 04:39:44.275 1443 3290 I am_proc_bound: [0,5141,com.android.shell]
11-10 04:39:44.354 2903 2903 I sysui_multi_action: [757,830,758,4,833,0,854,build_number,1089,0]
11-10 04:39:44.393 1443 1743 I commit_sys_config_file: [settings-0-0,9]
11-10 04:39:44.704 2903 2903 I sysui_multi_action: [757,830,758,4,833,0,854,build_number,1089,0]
11-10 04:39:44.876 2903 2903 I sysui_multi_action: [757,830,758,4,833,0,854,build_number,1089,0]
11-10 04:39:45.583 2903 2903 I sysui_multi_action: [757,830,758,4,833,0,854,top_level_system,1089,0]
11-10 04:39:45.699 2903 2903 I sysui_multi_action: [757,40,758,2,1089,3768]
11-10 04:39:45.735 2903 2903 I sysui_multi_action: [757,744,758,1,833,0,1089,27]
11-10 04:39:45.740 2903 2903 I sysui_multi_action: [757,1729,758,4,854,isParalleledControllers:false,1089,31]
11-10 04:39:46.431 2903 2903 I sysui_multi_action: [757,830,758,4,833,0,854,dashboard_tile_pref_com.android.settings.Settings$DevelopmentSettingsDashboardActivity,1089,0]
11-10 04:39:46.444 2903 2903 I sysui_multi_action: [757,744,758,2,1089,708]
11-10 04:39:46.515 2903 2903 I auditd : type=1400 audit(0.0:585): avc: denied { read } for comm="ndroid.settings" name="pagetypeinfo" dev="proc" ino=4026531857 scontext=u:r:system_app:s0 tcontext=u:object_r:proc_pagetypeinfo:s0 tclass=file permissive=0
11-10 04:39:46.519 2903 2903 I auditd : type=1400 audit(0.0:586): avc: denied { search } for comm="ndroid.settings" name="zram0" dev="sysfs" ino=56821 scontext=u:r:system_app:s0 tcontext=u:object_r:sysfs_zram:s0 tclass=dir permissive=0
11-10 04:39:46.519 2903 2903 I auditd : type=1400 audit(0.0:587): avc: denied { search } for comm="ndroid.settings" name="zram0" dev="sysfs" ino=56821 scontext=u:r:system_app:s0 tcontext=u:object_r:sysfs_zram:s0 tclass=dir permissive=0
11-10 04:39:46.568 2903 2903 I sysui_multi_action: [757,853,758,4,854,null/switch_bar,1089,1]
11-10 04:39:46.570 2903 2903 I sysui_multi_action: [757,39,758,1,833,0,1089,122]
11-10 04:39:46.571 1443 1725 D TelephonyRegistry: listen oscl: mHasNotifySubscriptionInfoChangedOccurred==false no callback
11-10 04:39:46.573 1443 1725 D TelephonyRegistry: listen oscl: mHasNotifySubscriptionInfoChangedOccurred==false no callback
11-10 04:39:46.575 2903 2903 I auditd : type=1400 audit(0.0:588): avc: denied { read } for comm="pool-2-thread-7" name="pagetypeinfo" dev="proc" ino=4026531857 scontext=u:r:system_app:s0 tcontext=u:object_r:proc_pagetypeinfo:s0 tclass=file permissive=0
11-10 04:39:46.575 2903 2903 I auditd : type=1400 audit(0.0:589): avc: denied { search } for comm="pool-2-thread-7" name="zram0" dev="sysfs" ino=56821 scontext=u:r:system_app:s0 tcontext=u:object_r:sysfs_zram:s0 tclass=dir permissive=0
11-10 04:39:46.608 2903 2903 I sysui_multi_action: [757,1729,758,4,854,isParalleledControllers:false,1089,160]
11-10 04:39:46.768 1443 1743 I commit_sys_config_file: [settings-0-0,5]
11-10 04:39:48.181 1443 1443 I service_manager_stats: [100,62,420658]
11-10 04:39:48.273 1443 1637 I sysui_multi_action: [757,1717,758,1,759,0]
11-10 04:39:48.273 1443 1637 I sysui_multi_action: [757,1717,758,2,759,0]
11-10 04:39:48.273 1443 1637 I sysui_multi_action: [757,1717,758,3,759,0]
11-10 04:39:49.214 2903 2903 I sysui_multi_action: [757,830,758,4,833,0,854,enable_adb,1089,0]
11-10 04:39:49.299 2903 2903 I sysui_multi_action: [757,1222,758,1,833,0,1089,36]
11-10 04:39:49.307 1443 1632 I input_focus: [Focus request 64ceaca com.android.settings/com.android.settings.Settings,reason=UpdateInputWindows]
11-10 04:39:49.333 1443 1994 I input_focus: [Focus leaving 3a8e143 com.android.settings/com.android.settings.Settings (server),reason=setFocusedWindow]
11-10 04:39:49.333 1443 1994 I input_focus: [Focus entering 64ceaca com.android.settings/com.android.settings.Settings (server),reason=setFocusedWindow]
11-10 04:39:49.919 1443 1662 I commit_sys_config_file: [package-user-0,6]
11-10 04:39:50.066 1443 1994 I input_interaction: Interaction with: 64ceaca com.android.settings/com.android.settings.Settings (server), edge-swipe (server), swipe-up (server), PointerEventDispatcher0 (server),
11-10 04:39:50.229 1443 1632 I input_focus: [Focus request 3a8e143 com.android.settings/com.android.settings.Settings,reason=UpdateInputWindows]
