11-10 04:57:51.631 1443 1632 D FreeFormWindowHelper: refreshTipWindow windowDragBounds:Rect(24, 75 - 654, 1195)
11-10 04:57:51.645 927 1053 W HWComposer: Ignoring duplicate VSYNC event from HWC for display 4630946816427681409 (t=1599098131000)
11-10 04:57:51.650 1443 1632 D FreeFormWindowHelper: refreshTipWindow windowDragBounds:Rect(27, 75 - 657, 1195)
11-10 04:57:51.662 927 1053 W HWComposer: Ignoring duplicate VSYNC event from HWC for display 4630946816427681409 (t=1599114831000)
11-10 04:57:51.664 1443 1632 D FreeFormWindowHelper: refreshTipWindow windowDragBounds:Rect(32, 75 - 662, 1195)
11-10 04:57:51.678 927 1053 W HWComposer: Ignoring duplicate VSYNC event from HWC for display 4630946816427681409 (t=1599131542000)
11-10 04:57:51.681 1443 1632 D FreeFormWindowHelper: refreshTipWindow windowDragBounds:Rect(48, 75 - 678, 1195)
11-10 04:57:51.695 927 1053 W HWComposer: Ignoring duplicate VSYNC event from HWC for display 4630946816427681409 (t=1599148241000)
11-10 04:57:51.695 927 1053 W HWComposer: Ignoring duplicate VSYNC event from HWC for display 4630946816427681409 (t=1599148241000)
11-10 04:57:51.698 1443 1632 D FreeFormWindowHelper: refreshTipWindow windowDragBounds:Rect(62, 75 - 692, 1195)
11-10 04:57:51.711 927 1053 W HWComposer: Ignoring duplicate VSYNC event from HWC for display 4630946816427681409 (t=1599164931000)
11-10 04:57:51.715 1443 1632 D FreeFormWindowHelper: refreshTipWindow windowDragBounds:Rect(98, 76 - 728, 1196)
11-10 04:57:51.728 927 1053 W HWComposer: Ignoring duplicate VSYNC event from HWC for display 4630946816427681409 (t=1599181651000)
11-10 04:57:51.731 1443 1632 D FreeFormWindowHelper: refreshTipWindow windowDragBounds:Rect(108, 76 - 738, 1196)
11-10 04:57:51.736 1193 5251 I OMX-VENC: venc_dev: stats: avg. fps 33.66, bitrate 1932323
11-10 04:57:51.745 927 1053 W HWComposer: Ignoring duplicate VSYNC event from HWC for display 4630946816427681409 (t=1599198357000)
11-10 04:57:51.748 1443 1632 D FreeFormWindowHelper: refreshTipWindow windowDragBounds:Rect(116, 76 - 746, 1196)
11-10 04:57:51.762 927 1053 W HWComposer: Ignoring duplicate VSYNC event from HWC for display 4630946816427681409 (t=1599215122000)
11-10 04:57:51.765 1443 1632 D FreeFormWindowHelper: refreshTipWindow windowDragBounds:Rect(128, 76 - 758, 1196)
11-10 04:57:51.778 927 1053 W HWComposer: Ignoring duplicate VSYNC event from HWC for display 4630946816427681409 (t=1599231767000)
11-10 04:57:51.781 1443 1632 D FreeFormWindowHelper: refreshTipWindow windowDragBounds:Rect(131, 76 - 761, 1196)
11-10 04:57:51.795 927 1053 W HWComposer: Ignoring duplicate VSYNC event from HWC for display 4630946816427681409 (t=1599248477000)
11-10 04:57:51.795 927 1053 W HWComposer: Ignoring duplicate VSYNC event from HWC for display 4630946816427681409 (t=1599248477000)
11-10 04:57:51.798 1443 1632 D FreeFormWindowHelper: refreshTipWindow windowDragBounds:Rect(133, 76 - 763, 1196)
11-10 04:57:51.812 927 1053 W HWComposer: Ignoring duplicate VSYNC event from HWC for display 4630946816427681409 (t=1599265171000)
11-10 04:57:51.815 1443 1632 D FreeFormWindowHelper: refreshTipWindow windowDragBounds:Rect(137, 76 - 767, 1196)
11-10 04:57:51.828 927 1053 W HWComposer: Ignoring duplicate VSYNC event from HWC for display 4630946816427681409 (t=1599281880000)
11-10 04:57:51.832 1443 1632 D FreeFormWindowHelper: refreshTipWindow windowDragBounds:Rect(150, 76 - 780, 1196)
11-10 04:57:51.845 927 1053 W HWComposer: Ignoring duplicate VSYNC event from HWC for display 4630946816427681409 (t=1599298573000)
11-10 04:57:51.848 1443 1632 D FreeFormWindowHelper: refreshTipWindow windowDragBounds:Rect(178, 77 - 808, 1197)
11-10 04:57:51.862 927 1053 W HWComposer: Ignoring duplicate VSYNC event from HWC for display 4630946816427681409 (t=1599315332000)
11-10 04:57:51.865 1443 1632 D FreeFormWindowHelper: refreshTipWindow windowDragBounds:Rect(213, 77 - 843, 1197)
11-10 04:57:51.879 927 1053 W HWComposer: Ignoring duplicate VSYNC event from HWC for display 4630946816427681409 (t=1599332017000)
11-10 04:57:51.881 1443 1632 D FreeFormWindowHelper: refreshTipWindow windowDragBounds:Rect(252, 77 - 882, 1197)
11-10 04:57:51.895 927 1053 W HWComposer: Ignoring duplicate VSYNC event from HWC for display 4630946816427681409 (t=1599348705000)
11-10 04:57:51.895 927 1053 W HWComposer: Ignoring duplicate VSYNC event from HWC for display 4630946816427681409 (t=1599348705000)
11-10 04:57:51.899 1443 1632 D FreeFormWindowHelper: refreshTipWindow windowDragBounds:Rect(277, 77 - 907, 1197)
11-10 04:57:51.912 927 1053 W HWComposer: Ignoring duplicate VSYNC event from HWC for display 4630946816427681409 (t=1599365428000)
11-10 04:57:51.915 1443 1632 D FreeFormWindowHelper: refreshTipWindow windowDragBounds:Rect(322, 77 - 952, 1197)
11-10 04:57:51.929 927 1053 W HWComposer: Ignoring duplicate VSYNC event from HWC for display 4630946816427681409 (t=1599382115000)
11-10 04:57:51.932 1443 1632 D FreeFormWindowHelper: refreshTipWindow windowDragBounds:Rect(361, 77 - 991, 1197)
11-10 04:57:51.945 927 1053 W HWComposer: Ignoring duplicate VSYNC event from HWC for display 4630946816427681409 (t=1599398832000)
11-10 04:57:51.948 1443 1632 D FreeFormWindowHelper: refreshTipWindow windowDragBounds:Rect(394, 80 - 1024, 1200)
11-10 04:57:51.962 927 1053 W HWComposer: Ignoring duplicate VSYNC event from HWC for display 4630946816427681409 (t=1599415552000)
11-10 04:57:51.965 1443 1632 D FreeFormWindowHelper: refreshTipWindow windowDragBounds:Rect(436, 80 - 1066, 1200)
11-10 04:57:51.979 927 1053 W HWComposer: Ignoring duplicate VSYNC event from HWC for display 4630946816427681409 (t=1599432261000)
11-10 04:57:51.982 1443 1632 D FreeFormWindowHelper: refreshTipWindow windowDragBounds:Rect(460, 80 - 1090, 1200)
11-10 04:57:51.995 927 1053 W HWComposer: Ignoring duplicate VSYNC event from HWC for display 4630946816427681409 (t=1599448969000)
11-10 04:57:51.995 927 1053 W HWComposer: Ignoring duplicate VSYNC event from HWC for display 4630946816427681409 (t=1599448969000)
11-10 04:57:51.999 1443 1632 D FreeFormWindowHelper: refreshTipWindow windowDragBounds:Rect(510, 82 - 1140, 1202)
11-10 04:57:52.012 927 1053 W HWComposer: Ignoring duplicate VSYNC event from HWC for display 4630946816427681409 (t=1599465680000)
11-10 04:57:52.015 1443 1632 D FreeFormWindowHelper: refreshTipWindow windowDragBounds:Rect(571, 84 - 1201, 1204)
11-10 04:57:52.029 927 1053 W HWComposer: Ignoring duplicate VSYNC event from HWC for display 4630946816427681409 (t=1599482374000)
11-10 04:57:52.032 1443 1632 D FreeFormWindowHelper: refreshTipWindow windowDragBounds:Rect(641, 87 - 1271, 1207)
11-10 04:57:52.046 927 1053 W HWComposer: Ignoring duplicate VSYNC event from HWC for display 4630946816427681409 (t=1599499077000)
11-10 04:57:52.049 1443 1632 D FreeFormWindowHelper: refreshTipWindow windowDragBounds:Rect(690, 87 - 1320, 1207)
11-10 04:57:52.062 927 1053 W HWComposer: Ignoring duplicate VSYNC event from HWC for display 4630946816427681409 (t=1599515772000)
11-10 04:57:52.065 1443 1632 D FreeFormWindowHelper: refreshTipWindow windowDragBounds:Rect(722, 87 - 1352, 1207)
11-10 04:57:52.079 927 1053 W HWComposer: Ignoring duplicate VSYNC event from HWC for display 4630946816427681409 (t=1599532481000)
11-10 04:57:52.096 927 1053 W HWComposer: Ignoring duplicate VSYNC event from HWC for display 4630946816427681409 (t=1599549195000)
11-10 04:57:52.096 927 1053 W HWComposer: Ignoring duplicate VSYNC event from HWC for display 4630946816427681409 (t=1599549195000)
11-10 04:57:52.099 1443 1632 D FreeFormWindowHelper: refreshTipWindow windowDragBounds:Rect(790, 87 - 1420, 1207)
11-10 04:57:52.113 927 1053 W HWComposer: Ignoring duplicate VSYNC event from HWC for display 4630946816427681409 (t=1599565896000)
11-10 04:57:52.116 1443 1632 D FreeFormWindowHelper: refreshTipWindow windowDragBounds:Rect(884, 87 - 1514, 1207)
11-10 04:57:52.129 927 1053 W HWComposer: Ignoring duplicate VSYNC event from HWC for display 4630946816427681409 (t=1599582610000)
11-10 04:57:52.132 1443 1632 D FreeFormWindowHelper: refreshTipWindow windowDragBounds:Rect(1017, 79 - 1647, 1199)
11-10 04:57:52.146 927 1053 W HWComposer: Ignoring duplicate VSYNC event from HWC for display 4630946816427681409 (t=1599599319000)
11-10 04:57:52.149 1443 1632 D FreeFormWindowHelper: refreshTipWindow windowDragBounds:Rect(1053, 76 - 1683, 1196)
11-10 04:57:52.163 927 1053 W HWComposer: Ignoring duplicate VSYNC event from HWC for display 4630946816427681409 (t=1599616026000)
11-10 04:57:52.168 1443 1632 D FreeFormWindowHelper: refreshTipWindow windowDragBounds:Rect(1081, 74 - 1711, 1194)
11-10 04:57:52.179 927 1053 W HWComposer: Ignoring duplicate VSYNC event from HWC for display 4630946816427681409 (t=1599632705000)
11-10 04:57:52.182 1443 1632 D FreeFormWindowHelper: refreshTipWindow windowDragBounds:Rect(1092, 72 - 1722, 1192)
11-10 04:57:52.196 927 1053 W HWComposer: Ignoring duplicate VSYNC event from HWC for display 4630946816427681409 (t=1599649435000)
11-10 04:57:52.196 927 1053 W HWComposer: Ignoring duplicate VSYNC event from HWC for display 4630946816427681409 (t=1599649435000)
11-10 04:57:52.200 1443 1632 D FreeFormWindowHelper: refreshTipWindow windowDragBounds:Rect(1107, 73 - 1737, 1193)
11-10 04:57:52.213 927 1053 W HWComposer: Ignoring duplicate VSYNC event from HWC for display 4630946816427681409 (t=1599666112000)
11-10 04:57:52.216 1443 1632 D FreeFormWindowHelper: refreshTipWindow windowDragBounds:Rect(1138, 71 - 1768, 1191)
11-10 04:57:52.229 927 1053 W HWComposer: Ignoring duplicate VSYNC event from HWC for display 4630946816427681409 (t=1599682868000)
11-10 04:57:52.232 1443 1632 D FreeFormWindowHelper: refreshTipWindow windowDragBounds:Rect(1157, 67 - 1787, 1187)
11-10 04:57:52.239 1443 3815 E TaskPersister: File error accessing recents directory (directory doesn't exist?).
11-10 04:57:52.246 927 1053 W HWComposer: Ignoring duplicate VSYNC event from HWC for display 4630946816427681409 (t=1599699554000)
11-10 04:57:52.249 1443 1632 D FreeFormWindowHelper: refreshTipWindow windowDragBounds:Rect(1177, 61 - 1807, 1181)
11-10 04:57:52.263 927 1053 W HWComposer: Ignoring duplicate VSYNC event from HWC for display 4630946816427681409 (t=1599716266000)
11-10 04:57:52.266 1443 1632 D FreeFormWindowHelper: refreshTipWindow windowDragBounds:Rect(1198, 59 - 1828, 1179)
11-10 04:57:52.280 927 1053 W HWComposer: Ignoring duplicate VSYNC event from HWC for display 4630946816427681409 (t=1599732966000)
11-10 04:57:52.282 1443 1632 D FreeFormWindowHelper: refreshTipWindow windowDragBounds:Rect(1226, 55 - 1856, 1175)
11-10 04:57:52.296 927 1053 W HWComposer: Ignoring duplicate VSYNC event from HWC for display 4630946816427681409 (t=1599749681000)
11-10 04:57:52.296 927 1053 W HWComposer: Ignoring duplicate VSYNC event from HWC for display 4630946816427681409 (t=1599749681000)
11-10 04:57:52.299 1443 1632 D FreeFormWindowHelper: refreshTipWindow windowDragBounds:Rect(1256, 49 - 1886, 1169)
11-10 04:57:52.313 927 1053 W HWComposer: Ignoring duplicate VSYNC event from HWC for display 4630946816427681409 (t=1599766374000)
11-10 04:57:52.316 1443 1632 D FreeFormWindowHelper: refreshTipWindow windowDragBounds:Rect(1275, 48 - 1905, 1168)
11-10 04:57:52.330 927 1053 W HWComposer: Ignoring duplicate VSYNC event from HWC for display 4630946816427681409 (t=1599783097000)
11-10 04:57:52.333 1443 1632 D FreeFormWindowHelper: refreshTipWindow windowDragBounds:Rect(1289, 48 - 1919, 1168)
11-10 04:57:52.346 927 1053 W HWComposer: Ignoring duplicate VSYNC event from HWC for display 4630946816427681409 (t=1599799804000)
11-10 04:57:52.349 1443 1632 D FreeFormWindowHelper: refreshTipWindow windowDragBounds:Rect(1302, 48 - 1932, 1168)
11-10 04:57:52.363 927 1053 W HWComposer: Ignoring duplicate VSYNC event from HWC for display 4630946816427681409 (t=1599816572000)
11-10 04:57:52.366 1443 1632 D FreeFormWindowHelper: refreshTipWindow windowDragBounds:Rect(1308, 48 - 1938, 1168)
11-10 04:57:52.380 927 1053 W HWComposer: Ignoring duplicate VSYNC event from HWC for display 4630946816427681409 (t=1599833198000)
11-10 04:57:52.383 1443 1632 D FreeFormWindowHelper: refreshTipWindow windowDragBounds:Rect(1324, 50 - 1954, 1170)
11-10 04:57:52.396 927 1053 W HWComposer: Ignoring duplicate VSYNC event from HWC for display 4630946816427681409 (t=1599849911000)
11-10 04:57:52.397 927 1053 W HWComposer: Ignoring duplicate VSYNC event from HWC for display 4630946816427681409 (t=1599849911000)
11-10 04:57:52.399 1443 1632 D FreeFormWindowHelper: refreshTipWindow windowDragBounds:Rect(1333, 52 - 1963, 1172)
11-10 04:57:52.410 1443 1632 D FreeFormWindowHelper: refreshTipWindow windowDragBounds:Rect(1331, 52 - 1961, 1172)
11-10 04:57:52.413 927 1053 W HWComposer: Ignoring duplicate VSYNC event from HWC for display 4630946816427681409 (t=1599866640000)
11-10 04:57:52.415 1443 1632 D WindowManager: updateWindowDragBounds: mIsSwipeYfalse
11-10 04:57:52.415 1443 1632 D WindowManager: updateWindowDragBounds: mIsTopfalse
11-10 04:57:52.415 1443 1632 D WindowManager: updateWindowDragBounds: mIsSwipeXfalse
11-10 04:57:52.429 647 662 I mpu_uart: [MSG-P:RECV]:No message received in 1000 ms
11-10 04:57:52.430 927 1053 W HWComposer: Ignoring duplicate VSYNC event from HWC for display 4630946816427681409 (t=1599883306000)
11-10 04:57:52.435 1443 1632 W InputManager-JNI: Input channel object 'WindowManager (client)' was disposed without first being removed with the input manager!
11-10 04:57:52.447 927 1053 W HWComposer: Ignoring duplicate VSYNC event from HWC for display 4630946816427681409 (t=1599900075000)
11-10 04:57:52.463 927 1053 W HWComposer: Ignoring duplicate VSYNC event from HWC for display 4630946816427681409 (t=1599916688000)
11-10 04:57:52.480 927 1053 W HWComposer: Ignoring duplicate VSYNC event from HWC for display 4630946816427681409 (t=1599933425000)
11-10 04:57:52.491 3274 3274 W hpplay-java: [main]:IPManager:getActiveNets invalid networkInfo:null
11-10 04:57:52.491 3274 3274 I hpplay-java: [main]:IPManager:getActiveNets eth0:false wifi:false mobile:false ap:false
11-10 04:57:52.491 3274 3274 I hpplay-java: [main]:ServerTaskManager:get local ip:null
11-10 04:57:52.497 927 1053 W HWComposer: Ignoring duplicate VSYNC event from HWC for display 4630946816427681409 (t=1599950048000)
11-10 04:57:52.497 927 1053 W HWComposer: Ignoring duplicate VSYNC event from HWC for display 4630946816427681409 (t=1599950048000)
11-10 04:57:52.513 927 1053 W HWComposer: Ignoring duplicate VSYNC event from HWC for display 4630946816427681409 (t=1599966844000)
11-10 04:57:52.530 927 1053 W HWComposer: Ignoring duplicate VSYNC event from HWC for display 4630946816427681409 (t=1599983455000)
11-10 04:57:52.547 927 1053 W HWComposer: Ignoring duplicate VSYNC event from HWC for display 4630946816427681409 (t=1600000262000)
11-10 04:57:52.563 927 1053 W HWComposer: Ignoring duplicate VSYNC event from HWC for display 4630946816427681409 (t=1600016911000)
11-10 04:57:52.580 927 1053 W HWComposer: Ignoring duplicate VSYNC event from HWC for display 4630946816427681409 (t=1600033674000)
11-10 04:57:52.597 927 1053 W HWComposer: Ignoring duplicate VSYNC event from HWC for display 4630946816427681409 (t=1600050280000)
11-10 04:57:52.597 927 1053 W HWComposer: Ignoring duplicate VSYNC event from HWC for display 4630946816427681409 (t=1600050280000)
11-10 04:57:52.614 927 1053 W HWComposer: Ignoring duplicate VSYNC event from HWC for display 4630946816427681409 (t=1600067050000)
11-10 04:57:52.630 927 1053 W HWComposer: Ignoring duplicate VSYNC event from HWC for display 4630946816427681409 (t=1600083675000)
11-10 04:57:52.647 927 1053 W HWComposer: Ignoring duplicate VSYNC event from HWC for display 4630946816427681409 (t=1600100473000)
11-10 04:57:52.664 927 1053 W HWComposer: Ignoring duplicate VSYNC event from HWC for display 4630946816427681409 (t=1600117150000)
11-10 04:57:52.680 927 1053 W HWComposer: Ignoring duplicate VSYNC event from HWC for display 4630946816427681409 (t=1600133892000)
11-10 04:57:52.697 927 1053 W HWComposer: Ignoring duplicate VSYNC event from HWC for display 4630946816427681409 (t=1600150591000)
11-10 04:57:52.697 927 1053 W HWComposer: Ignoring duplicate VSYNC event from HWC for display 4630946816427681409 (t=1600150591000)
11-10 04:57:52.714 927 1053 W HWComposer: Ignoring duplicate VSYNC event from HWC for display 4630946816427681409 (t=1600167309000)
11-10 04:57:52.731 927 1053 W HWComposer: Ignoring duplicate VSYNC event from HWC for display 4630946816427681409 (t=1600183933000)
11-10 04:57:52.747 927 1053 W HWComposer: Ignoring duplicate VSYNC event from HWC for display 4630946816427681409 (t=1600200712000)
11-10 04:57:52.757 1193 5251 I OMX-VENC: venc_dev: stats: avg. fps 51.91, bitrate 2513615
11-10 04:57:52.764 927 1053 W HWComposer: Ignoring duplicate VSYNC event from HWC for display 4630946816427681409 (t=1600217380000)
11-10 04:57:52.781 927 1053 W HWComposer: Ignoring duplicate VSYNC event from HWC for display 4630946816427681409 (t=1600234131000)
11-10 04:57:52.797 927 1053 W HWComposer: Ignoring duplicate VSYNC event from HWC for display 4630946816427681409 (t=1600250743000)
11-10 04:57:52.797 927 1053 W HWComposer: Ignoring duplicate VSYNC event from HWC for display 4630946816427681409 (t=1600250743000)
11-10 04:57:52.814 927 1053 W HWComposer: Ignoring duplicate VSYNC event from HWC for display 4630946816427681409 (t=1600267518000)
11-10 04:57:52.831 927 1053 W HWComposer: Ignoring duplicate VSYNC event from HWC for display 4630946816427681409 (t=1600284195000)
11-10 04:57:52.847 927 1053 W HWComposer: Ignoring duplicate VSYNC event from HWC for display 4630946816427681409 (t=1600300974000)
11-10 04:57:52.864 927 1053 W HWComposer: Ignoring duplicate VSYNC event from HWC for display 4630946816427681409 (t=1600317582000)
11-10 04:57:52.874 800 5988 D audio_hw_primary: copl(0xe7808650):out of compress_wait
11-10 04:57:52.879 800 5998 D audio_hw_primary: No space available in compress driver, post msg to cb thread
11-10 04:57:52.881 800 5988 D audio_hw_primary: copl(0xe7808650):calling compress_wait
11-10 04:57:52.881 927 1053 W HWComposer: Ignoring duplicate VSYNC event from HWC for display 4630946816427681409 (t=1600334389000)
11-10 04:57:52.898 927 1053 W HWComposer: Ignoring duplicate VSYNC event from HWC for display 4630946816427681409 (t=1600351001000)
11-10 04:57:52.898 927 1053 W HWComposer: Ignoring duplicate VSYNC event from HWC for display 4630946816427681409 (t=1600351001000)
11-10 04:57:52.914 927 1053 W HWComposer: Ignoring duplicate VSYNC event from HWC for display 4630946816427681409 (t=1600367764000)
11-10 04:57:52.931 927 1053 W HWComposer: Ignoring duplicate VSYNC event from HWC for display 4630946816427681409 (t=1600384458000)
11-10 04:57:52.948 927 1053 W HWComposer: Ignoring duplicate VSYNC event from HWC for display 4630946816427681409 (t=1600401211000)
11-10 04:57:52.964 927 1053 W HWComposer: Ignoring duplicate VSYNC event from HWC for display 4630946816427681409 (t=1600417853000)
11-10 04:57:52.981 927 1053 W HWComposer: Ignoring duplicate VSYNC event from HWC for display 4630946816427681409 (t=1600434587000)
11-10 04:57:52.998 927 1053 W HWComposer: Ignoring duplicate VSYNC event from HWC for display 4630946816427681409 (t=1600451261000)
11-10 04:57:52.998 927 1053 W HWComposer: Ignoring duplicate VSYNC event from HWC for display 4630946816427681409 (t=1600451261000)
11-10 04:57:53.015 927 1053 W HWComposer: Ignoring duplicate VSYNC event from HWC for display 4630946816427681409 (t=1600468008000)
11-10 04:57:53.031 927 1053 W HWComposer: Ignoring duplicate VSYNC event from HWC for display 4630946816427681409 (t=1600484651000)
11-10 04:57:53.048 927 1053 W HWComposer: Ignoring duplicate VSYNC event from HWC for display 4630946816427681409 (t=1600501422000)
11-10 04:57:53.065 927 1053 W HWComposer: Ignoring duplicate VSYNC event from HWC for display 4630946816427681409 (t=1600518069000)
11-10 04:57:53.081 927 1053 W HWComposer: Ignoring duplicate VSYNC event from HWC for display 4630946816427681409 (t=1600534827000)
11-10 04:57:53.098 927 1053 W HWComposer: Ignoring duplicate VSYNC event from HWC for display 4630946816427681409 (t=1600551499000)
11-10 04:57:53.098 927 1053 W HWComposer: Ignoring duplicate VSYNC event from HWC for display 4630946816427681409 (t=1600551499000)
11-10 04:57:53.115 927 1053 W HWComposer: Ignoring duplicate VSYNC event from HWC for display 4630946816427681409 (t=1600568265000)
11-10 04:57:53.131 927 1053 W HWComposer: Ignoring duplicate VSYNC event from HWC for display 4630946816427681409 (t=1600584872000)
11-10 04:57:53.148 927 1053 W HWComposer: Ignoring duplicate VSYNC event from HWC for display 4630946816427681409 (t=1600601709000)
11-10 04:57:53.165 927 1053 W HWComposer: Ignoring duplicate VSYNC event from HWC for display 4630946816427681409 (t=1600618289000)
11-10 04:57:53.182 927 1053 W HWComposer: Ignoring duplicate VSYNC event from HWC for display 4630946816427681409 (t=1600635108000)
11-10 04:57:53.199 927 1053 W HWComposer: Ignoring duplicate VSYNC event from HWC for display 4630946816427681409 (t=1600651776000)
11-10 04:57:53.199 927 1053 W HWComposer: Ignoring duplicate VSYNC event from HWC for display 4630946816427681409 (t=1600651776000)
11-10 04:57:53.215 927 1053 W HWComposer: Ignoring duplicate VSYNC event from HWC for display 4630946816427681409 (t=1600668414000)
11-10 04:57:53.232 927 1053 W HWComposer: Ignoring duplicate VSYNC event from HWC for display 4630946816427681409 (t=1600685261000)
11-10 04:57:53.248 927 1053 W HWComposer: Ignoring duplicate VSYNC event from HWC for display 4630946816427681409 (t=1600701905000)
11-10 04:57:53.265 927 1053 W HWComposer: Ignoring duplicate VSYNC event from HWC for display 4630946816427681409 (t=1600718598000)
11-10 04:57:53.282 927 1053 W HWComposer: Ignoring duplicate VSYNC event from HWC for display 4630946816427681409 (t=1600735320000)
11-10 04:57:53.298 927 1053 W HWComposer: Ignoring duplicate VSYNC event from HWC for display 4630946816427681409 (t=1600751987000)
11-10 04:57:53.299 927 1053 W HWComposer: Ignoring duplicate VSYNC event from HWC for display 4630946816427681409 (t=1600751987000)
11-10 04:57:53.315 927 1053 W HWComposer: Ignoring duplicate VSYNC event from HWC for display 4630946816427681409 (t=1600768774000)
11-10 04:57:53.332 927 1053 W HWComposer: Ignoring duplicate VSYNC event from HWC for display 4630946816427681409 (t=1600785394000)
11-10 04:57:53.349 927 1053 W HWComposer: Ignoring duplicate VSYNC event from HWC for display 4630946816427681409 (t=1600802141000)
11-10 04:57:53.365 927 1053 W HWComposer: Ignoring duplicate VSYNC event from HWC for display 4630946816427681409 (t=1600818797000)
11-10 04:57:53.382 927 1053 W HWComposer: Ignoring duplicate VSYNC event from HWC for display 4630946816427681409 (t=1600835582000)
11-10 04:57:53.399 927 1053 W HWComposer: Ignoring duplicate VSYNC event from HWC for display 4630946816427681409 (t=1600852206000)
11-10 04:57:53.399 927 1053 W HWComposer: Ignoring duplicate VSYNC event from HWC for display 4630946816427681409 (t=1600852206000)
11-10 04:57:53.416 927 1053 W HWComposer: Ignoring duplicate VSYNC event from HWC for display 4630946816427681409 (t=1600868965000)
11-10 04:57:53.429 647 662 I mpu_uart: [MSG-P:RECV]:No message received in 1000 ms
11-10 04:57:53.432 927 1053 W HWComposer: Ignoring duplicate VSYNC event from HWC for display 4630946816427681409 (t=1600885721000)
11-10 04:57:53.449 927 1053 W HWComposer: Ignoring duplicate VSYNC event from HWC for display 4630946816427681409 (t=1600902414000)
11-10 04:57:53.466 927 1053 W HWComposer: Ignoring duplicate VSYNC event from HWC for display 4630946816427681409 (t=1600919038000)
11-10 04:57:53.483 927 1053 W HWComposer: Ignoring duplicate VSYNC event from HWC for display 4630946816427681409 (t=1600935834000)
11-10 04:57:53.494 3274 3274 W hpplay-java: [main]:IPManager:getActiveNets invalid networkInfo:null
11-10 04:57:53.494 3274 3274 I hpplay-java: [main]:IPManager:getActiveNets eth0:false wifi:false mobile:false ap:false
11-10 04:57:53.494 3274 3274 I hpplay-java: [main]:ServerTaskManager:get local ip:null
11-10 04:57:53.499 927 1053 W HWComposer: Ignoring duplicate VSYNC event from HWC for display 4630946816427681409 (t=1600952504000)
11-10 04:57:53.499 927 1053 W HWComposer: Ignoring duplicate VSYNC event from HWC for display 4630946816427681409 (t=1600952504000)
11-10 04:57:53.516 927 1053 W HWComposer: Ignoring duplicate VSYNC event from HWC for display 4630946816427681409 (t=1600969215000)
11-10 04:57:53.533 927 1053 W HWComposer: Ignoring duplicate VSYNC event from HWC for display 4630946816427681409 (t=1600985930000)
11-10 04:57:53.549 927 1053 W HWComposer: Ignoring duplicate VSYNC event from HWC for display 4630946816427681409 (t=1601002651000)
11-10 04:57:53.566 927 1053 W HWComposer: Ignoring duplicate VSYNC event from HWC for display 4630946816427681409 (t=1601019272000)
11-10 04:57:53.577 1443 1994 I input_interaction: Interaction with: 7dcbd29 com.android.gallery3d/com.android.gallery3d.app.MovieActivity (server), edge-swipe (server), swipe-up (server), PointerEventDispatcher0 (server),
11-10 04:57:53.583 927 1053 W HWComposer: Ignoring duplicate VSYNC event from HWC for display 4630946816427681409 (t=1601036087000)
11-10 04:57:53.599 927 1053 W HWComposer: Ignoring duplicate VSYNC event from HWC for display 4630946816427681409 (t=1601052728000)
11-10 04:57:53.599 927 1053 W HWComposer: Ignoring duplicate VSYNC event from HWC for display 4630946816427681409 (t=1601052728000)
11-10 04:57:53.616 927 1053 W HWComposer: Ignoring duplicate VSYNC event from HWC for display 4630946816427681409 (t=1601069481000)
11-10 04:57:53.633 927 1053 W HWComposer: Ignoring duplicate VSYNC event from HWC for display 4630946816427681409 (t=1601086085000)
11-10 04:57:53.650 927 1053 W HWComposer: Ignoring duplicate VSYNC event from HWC for display 4630946816427681409 (t=1601102847000)
11-10 04:57:53.666 927 1053 W HWComposer: Ignoring duplicate VSYNC event from HWC for display 4630946816427681409 (t=1601119510000)
11-10 04:57:53.683 927 1053 W HWComposer: Ignoring duplicate VSYNC event from HWC for display 4630946816427681409 (t=1601136310000)
11-10 04:57:53.699 927 1053 W HWComposer: Ignoring duplicate VSYNC event from HWC for display 4630946816427681409 (t=1601152900000)
11-10 04:57:53.700 927 1053 W HWComposer: Ignoring duplicate VSYNC event from HWC for display 4630946816427681409 (t=1601152900000)
11-10 04:57:53.716 927 1053 W HWComposer: Ignoring duplicate VSYNC event from HWC for display 4630946816427681409 (t=1601169662000)
11-10 04:57:53.733 927 1053 W HWComposer: Ignoring duplicate VSYNC event from HWC for display 4630946816427681409 (t=1601186376000)
11-10 04:57:53.750 927 1053 W HWComposer: Ignoring duplicate VSYNC event from HWC for display 4630946816427681409 (t=1601203143000)
11-10 04:57:53.764 1193 5251 I OMX-VENC: venc_dev: stats: avg. fps 29.78, bitrate 1592358
11-10 04:57:53.767 927 1053 W HWComposer: Ignoring duplicate VSYNC event from HWC for display 4630946816427681409 (t=1601219826000)
11-10 04:57:53.783 927 1053 W HWComposer: Ignoring duplicate VSYNC event from HWC for display 4630946816427681409 (t=1601236504000)
11-10 04:57:53.798 2792 2792 W Choreographer: Frame time is 0.00856 ms in the future! Check that graphics HAL is generating vsync timestamps using the correct timebase.
11-10 04:57:53.808 5752 5752 I view_enqueue_input_event: [Motion - Cancel,com.android.gallery3d/com.android.gallery3d.app.MovieActivity]
11-10 04:57:53.814 1443 1994 I input_interaction: Interaction with: WindowManager (server), edge-swipe (server), swipe-up (server), PointerEventDispatcher0 (server),
11-10 04:57:53.820 1443 1632 D FreeFormWindowHelper: refreshTipWindow windowDragBounds:Rect(1869, 77 - 2499, 1197)
11-10 04:57:53.837 1443 1632 D FreeFormWindowHelper: refreshTipWindow windowDragBounds:Rect(1866, 79 - 2496, 1199)
11-10 04:57:53.853 1443 1632 D FreeFormWindowHelper: refreshTipWindow windowDragBounds:Rect(1862, 85 - 2492, 1205)
11-10 04:57:53.870 1443 1632 D FreeFormWindowHelper: refreshTipWindow windowDragBounds:Rect(1857, 86 - 2487, 1206)
11-10 04:57:53.887 1443 1632 D FreeFormWindowHelper: refreshTipWindow windowDragBounds:Rect(1850, 92 - 2480, 1212)
11-10 04:57:53.903 1443 1632 D FreeFormWindowHelper: refreshTipWindow windowDragBounds:Rect(1840, 103 - 2470, 1223)
11-10 04:57:53.920 1443 1632 D FreeFormWindowHelper: refreshTipWindow windowDragBounds:Rect(1832, 111 - 2462, 1231)
11-10 04:57:53.937 1443 1632 D FreeFormWindowHelper: refreshTipWindow windowDragBounds:Rect(1818, 125 - 2448, 1245)
11-10 04:57:53.953 1443 1632 D FreeFormWindowHelper: refreshTipWindow windowDragBounds:Rect(1815, 133 - 2445, 1253)
11-10 04:57:53.970 1443 1632 D FreeFormWindowHelper: refreshTipWindow windowDragBounds:Rect(1810, 148 - 2440, 1268)
11-10 04:57:53.987 1443 1632 D FreeFormWindowHelper: refreshTipWindow windowDragBounds:Rect(1809, 163 - 2439, 1283)
11-10 04:57:54.004 1443 1632 D FreeFormWindowHelper: refreshTipWindow windowDragBounds:Rect(1807, 182 - 2437, 1302)
11-10 04:57:54.020 1443 1632 D FreeFormWindowHelper: refreshTipWindow windowDragBounds:Rect(1806, 193 - 2436, 1313)
11-10 04:57:54.037 1443 1632 D FreeFormWindowHelper: refreshTipWindow windowDragBounds:Rect(1806, 213 - 2436, 1333)
11-10 04:57:54.054 1443 1632 D FreeFormWindowHelper: refreshTipWindow windowDragBounds:Rect(1806, 226 - 2436, 1346)
11-10 04:57:54.070 1443 1632 D FreeFormWindowHelper: refreshTipWindow windowDragBounds:Rect(1809, 241 - 2439, 1361)
11-10 04:57:54.087 1443 1632 D FreeFormWindowHelper: refreshTipWindow windowDragBounds:Rect(1810, 252 - 2440, 1372)
11-10 04:57:54.104 1443 1632 D FreeFormWindowHelper: refreshTipWindow windowDragBounds:Rect(1813, 274 - 2443, 1394)
11-10 04:57:54.137 1443 1632 D FreeFormWindowHelper: refreshTipWindow windowDragBounds:Rect(1819, 315 - 2449, 1435)
11-10 04:57:54.154 1443 1632 D FreeFormWindowHelper: refreshTipWindow windowDragBounds:Rect(1824, 328 - 2454, 1448)
11-10 04:57:54.171 1443 1632 D FreeFormWindowHelper: refreshTipWindow windowDragBounds:Rect(1830, 343 - 2460, 1463)
11-10 04:57:54.187 1443 1632 D FreeFormWindowHelper: refreshTipWindow windowDragBounds:Rect(1841, 363 - 2471, 1483)
11-10 04:57:54.204 1443 1632 D FreeFormWindowHelper: refreshTipWindow windowDragBounds:Rect(1847, 380 - 2477, 1500)
11-10 04:57:54.221 1443 1632 D FreeFormWindowHelper: refreshTipWindow windowDragBounds:Rect(1855, 392 - 2485, 1512)
11-10 04:57:54.234 800 5988 D audio_hw_primary: copl(0xe7808650):out of compress_wait
11-10 04:57:54.236 800 5998 D audio_hw_primary: No space available in compress driver, post msg to cb thread
11-10 04:57:54.237 800 5988 D audio_hw_primary: copl(0xe7808650):calling compress_wait
11-10 04:57:54.237 1443 1632 D FreeFormWindowHelper: refreshTipWindow windowDragBounds:Rect(1859, 401 - 2489, 1521)
11-10 04:57:54.254 1443 1632 D FreeFormWindowHelper: refreshTipWindow windowDragBounds:Rect(1865, 412 - 2495, 1532)
11-10 04:57:54.271 1443 1632 D FreeFormWindowHelper: refreshTipWindow windowDragBounds:Rect(1869, 418 - 2499, 1538)
11-10 04:57:54.287 1443 1632 D FreeFormWindowHelper: refreshTipWindow windowDragBounds:Rect(1870, 421 - 2500, 1541)
11-10 04:57:54.304 1443 1632 D FreeFormWindowHelper: refreshTipWindow windowDragBounds:Rect(1874, 426 - 2504, 1546)
11-10 04:57:54.321 1443 1632 D FreeFormWindowHelper: refreshTipWindow windowDragBounds:Rect(1874, 429 - 2504, 1549)
11-10 04:57:54.352 1443 1632 D FreeFormWindowHelper: refreshTipWindow windowDragBounds:Rect(1875, 429 - 2505, 1549)
11-10 04:57:54.357 1443 1632 D WindowManager: updateWindowDragBounds: mIsSwipeYfalse
11-10 04:57:54.357 1443 1632 D WindowManager: updateWindowDragBounds: mIsTopfalse
11-10 04:57:54.357 1443 1632 D WindowManager: updateWindowDragBounds: mIsSwipeXfalse
11-10 04:57:54.373 1443 1632 W InputManager-JNI: Input channel object 'WindowManager (client)' was disposed without first being removed with the input manager!
11-10 04:57:54.430 647 662 I mpu_uart: [MSG-P:RECV]:No message received in 1000 ms
11-10 04:57:54.496 3274 3274 W hpplay-java: [main]:IPManager:getActiveNets invalid networkInfo:null
11-10 04:57:54.496 3274 3274 I hpplay-java: [main]:IPManager:getActiveNets eth0:false wifi:false mobile:false ap:false
11-10 04:57:54.496 3274 3274 I hpplay-java: [main]:ServerTaskManager:get local ip:null
11-10 04:57:54.517 1182 1238 I selfinstaller: create socket failed: Network is unreachable 101
11-10 04:57:54.518 647 661 I mpu_uart: [MSG-P:R]:recv sync frame timeout
11-10 04:57:54.801 1193 5251 I OMX-VENC: venc_dev: stats: avg. fps 45.34, bitrate 2253725
11-10 04:57:54.825 1443 1637 I am_pss : [3487,10095,com.android.providers.media.module,22995968,18681856,0,129142784,0,0,14]
11-10 04:57:55.131 1443 1994 I input_interaction: Interaction with: 7dcbd29 com.android.gallery3d/com.android.gallery3d.app.MovieActivity (server), edge-swipe (server), swipe-up (server), PointerEventDispatcher0 (server),
11-10 04:57:55.133 5752 5752 D DecorView: onTouchEvent: action0
11-10 04:57:55.133 5752 5752 D DecorView: onTouchEvent: interval1668027475133
11-10 04:57:55.149 5752 5752 D DecorView: onTouchEvent: action2
11-10 04:57:55.269 5752 5752 D DecorView: onTouchEvent: action2
11-10 04:57:55.270 927 1053 W HWComposer: Ignoring duplicate VSYNC event from HWC for display 4630946816427681409 (t=1602723381000)
11-10 04:57:55.286 5752 5752 D DecorView: onTouchEvent: action2
11-10 04:57:55.287 927 1053 W HWComposer: Ignoring duplicate VSYNC event from HWC for display 4630946816427681409 (t=1602740200000)
11-10 04:57:55.303 927 1053 W HWComposer: Ignoring duplicate VSYNC event from HWC for display 4630946816427681409 (t=1602756861000)
11-10 04:57:55.311 5752 5752 I view_enqueue_input_event: [Motion - Cancel,com.android.gallery3d/com.android.gallery3d.app.MovieActivity]
11-10 04:57:55.311 5752 5752 D DecorView: onTouchEvent: action3
11-10 04:57:55.320 927 1053 W HWComposer: Ignoring duplicate VSYNC event from HWC for display 4630946816427681409 (t=1602773553000)
11-10 04:57:55.321 1443 1994 I input_interaction: Interaction with: WindowManager (server), edge-swipe (server), swipe-up (server), PointerEventDispatcher0 (server),
11-10 04:57:55.323 1443 1632 D FreeFormWindowHelper: refreshTipWindow windowDragBounds:Rect(2131, 535 - 2761, 1655)
11-10 04:57:55.337 927 1053 W HWComposer: Ignoring duplicate VSYNC event from HWC for display 4630946816427681409 (t=1602790359000)
11-10 04:57:55.344 1443 1632 D FreeFormWindowHelper: refreshTipWindow windowDragBounds:Rect(2131, 523 - 2761, 1643)
11-10 04:57:55.353 927 1053 W HWComposer: Ignoring duplicate VSYNC event from HWC for display 4630946816427681409 (t=1602806986000)
11-10 04:57:55.370 927 1053 W HWComposer: Ignoring duplicate VSYNC event from HWC for display 4630946816427681409 (t=1602823716000)
11-10 04:57:55.370 927 1053 W HWComposer: Ignoring duplicate VSYNC event from HWC for display 4630946816427681409 (t=1602823716000)
11-10 04:57:55.373 1443 1632 D FreeFormWindowHelper: refreshTipWindow windowDragBounds:Rect(2133, 483 - 2763, 1603)
11-10 04:57:55.387 927 1053 W HWComposer: Ignoring duplicate VSYNC event from HWC for display 4630946816427681409 (t=1602840444000)
11-10 04:57:55.391 1443 1632 D FreeFormWindowHelper: refreshTipWindow windowDragBounds:Rect(2133, 469 - 2763, 1589)
11-10 04:57:55.404 927 1053 W HWComposer: Ignoring duplicate VSYNC event from HWC for display 4630946816427681409 (t=1602857118000)
11-10 04:57:55.408 1443 1632 D FreeFormWindowHelper: refreshTipWindow windowDragBounds:Rect(2133, 460 - 2763, 1580)
11-10 04:57:55.420 927 1053 W HWComposer: Ignoring duplicate VSYNC event from HWC for display 4630946816427681409 (t=1602873835000)
11-10 04:57:55.430 1443 1632 D FreeFormWindowHelper: refreshTipWindow windowDragBounds:Rect(2133, 451 - 2763, 1571)
11-10 04:57:55.433 647 662 I mpu_uart: [MSG-P:RECV]:No message received in 1000 ms
11-10 04:57:55.437 927 1053 W HWComposer: Ignoring duplicate VSYNC event from HWC for display 4630946816427681409 (t=1602890579000)
11-10 04:57:55.440 1443 1632 D FreeFormWindowHelper: refreshTipWindow windowDragBounds:Rect(2133, 447 - 2763, 1567)
11-10 04:57:55.454 927 1053 W HWComposer: Ignoring duplicate VSYNC event from HWC for display 4630946816427681409 (t=1602907294000)
11-10 04:57:55.457 1443 1632 D FreeFormWindowHelper: refreshTipWindow windowDragBounds:Rect(2133, 439 - 2763, 1559)
11-10 04:57:55.471 927 1053 W HWComposer: Ignoring duplicate VSYNC event from HWC for display 4630946816427681409 (t=1602924002000)
11-10 04:57:55.471 927 1053 W HWComposer: Ignoring duplicate VSYNC event from HWC for display 4630946816427681409 (t=1602924002000)
11-10 04:57:55.474 1443 1632 D FreeFormWindowHelper: refreshTipWindow windowDragBounds:Rect(2133, 426 - 2763, 1546)
11-10 04:57:55.487 927 1053 W HWComposer: Ignoring duplicate VSYNC event from HWC for display 4630946816427681409 (t=1602940690000)
11-10 04:57:55.490 1443 1632 D FreeFormWindowHelper: refreshTipWindow windowDragBounds:Rect(2132, 418 - 2762, 1538)
11-10 04:57:55.498 3274 3274 W hpplay-java: [main]:IPManager:getActiveNets invalid networkInfo:null
11-10 04:57:55.498 3274 3274 I hpplay-java: [main]:IPManager:getActiveNets eth0:false wifi:false mobile:false ap:false
11-10 04:57:55.498 3274 3274 I hpplay-java: [main]:ServerTaskManager:get local ip:null
11-10 04:57:55.504 927 1053 W HWComposer: Ignoring duplicate VSYNC event from HWC for display 4630946816427681409 (t=1602957399000)
11-10 04:57:55.507 1443 1632 D FreeFormWindowHelper: refreshTipWindow windowDragBounds:Rect(2132, 409 - 2762, 1529)
11-10 04:57:55.521 927 1053 W HWComposer: Ignoring duplicate VSYNC event from HWC for display 4630946816427681409 (t=1602974098000)
11-10 04:57:55.524 1443 1632 D FreeFormWindowHelper: refreshTipWindow windowDragBounds:Rect(2132, 380 - 2762, 1500)
11-10 04:57:55.537 927 1053 W HWComposer: Ignoring duplicate VSYNC event from HWC for display 4630946816427681409 (t=1602990794000)
11-10 04:57:55.540 1443 1632 D FreeFormWindowHelper: refreshTipWindow windowDragBounds:Rect(2132, 358 - 2762, 1478)
11-10 04:57:55.554 927 1053 W HWComposer: Ignoring duplicate VSYNC event from HWC for display 4630946816427681409 (t=1603007506000)
11-10 04:57:55.557 1443 1632 D FreeFormWindowHelper: refreshTipWindow windowDragBounds:Rect(2132, 332 - 2762, 1452)
11-10 04:57:55.574 1443 1632 D FreeFormWindowHelper: refreshTipWindow windowDragBounds:Rect(2132, 316 - 2762, 1436)
11-10 04:57:55.591 1443 1632 D FreeFormWindowHelper: refreshTipWindow windowDragBounds:Rect(2132, 299 - 2762, 1419)
11-10 04:57:55.607 1443 1632 D FreeFormWindowHelper: refreshTipWindow windowDragBounds:Rect(2132, 279 - 2762, 1399)
11-10 04:57:55.624 1443 1632 D FreeFormWindowHelper: refreshTipWindow windowDragBounds:Rect(2131, 255 - 2761, 1375)
11-10 04:57:55.624 800 5988 D audio_hw_primary: copl(0xe7808650):out of compress_wait
11-10 04:57:55.629 800 5998 D audio_hw_primary: No space available in compress driver, post msg to cb thread
11-10 04:57:55.630 800 5988 D audio_hw_primary: copl(0xe7808650):calling compress_wait
11-10 04:57:55.657 1443 1632 D FreeFormWindowHelper: refreshTipWindow windowDragBounds:Rect(2128, 232 - 2758, 1352)
11-10 04:57:55.674 1443 1632 D FreeFormWindowHelper: refreshTipWindow windowDragBounds:Rect(2124, 200 - 2754, 1320)
11-10 04:57:55.691 1443 1632 D FreeFormWindowHelper: refreshTipWindow windowDragBounds:Rect(2119, 157 - 2749, 1277)
11-10 04:57:55.705 1443 1632 D FreeFormWindowHelper: refreshTipWindow windowDragBounds:Rect(2113, 129 - 2743, 1249)
11-10 04:57:55.709 1443 1632 D WindowManager: updateWindowDragBounds: mIsSwipeYtrue
11-10 04:57:55.709 1443 1632 D WindowManager: updateWindowDragBounds: mIsTopfalse
11-10 04:57:55.709 1443 1632 D WindowManager: updateWindowDragBounds: mIsSwipeXfalse
11-10 04:57:55.726 1443 1632 W InputManager-JNI: Input channel object 'WindowManager (client)' was disposed without first being removed with the input manager!
11-10 04:57:55.830 1193 5251 I OMX-VENC: venc_dev: stats: avg. fps 36.94, bitrate 1257230
11-10 04:57:56.203 1443 1994 I input_interaction: Interaction with: 7dcbd29 com.android.gallery3d/com.android.gallery3d.app.MovieActivity (server), edge-swipe (server), swipe-up (server), PointerEventDispatcher0 (server),
11-10 04:57:56.204 5752 5752 D DecorView: onTouchEvent: action0
11-10 04:57:56.204 5752 5752 D DecorView: onTouchEvent: interval1071
11-10 04:57:56.207 1443 1443 I service_manager_stats: [100,102,492603]
11-10 04:57:56.265 5752 5752 D DecorView: onTouchEvent: action2
11-10 04:57:56.271 5752 5752 D DecorView: onTouchEvent: action2
11-10 04:57:56.280 5752 5752 I view_enqueue_input_event: [Motion - Cancel,com.android.gallery3d/com.android.gallery3d.app.MovieActivity]
11-10 04:57:56.281 5752 5752 D DecorView: onTouchEvent: action3
11-10 04:57:56.285 1443 1994 I input_interaction: Interaction with: WindowManager (server), edge-swipe (server), swipe-up (server), PointerEventDispatcher0 (server),
11-10 04:57:56.293 1443 1632 D FreeFormWindowHelper: refreshTipWindow windowDragBounds:Rect(2091, 73 - 2721, 1193)
11-10 04:57:56.311 1443 1632 D FreeFormWindowHelper: refreshTipWindow windowDragBounds:Rect(2080, 78 - 2710, 1198)
11-10 04:57:56.335 1443 1632 D FreeFormWindowHelper: refreshTipWindow windowDragBounds:Rect(2026, 87 - 2656, 1207)
11-10 04:57:56.345 1443 1632 D FreeFormWindowHelper: refreshTipWindow windowDragBounds:Rect(1891, 98 - 2521, 1218)
11-10 04:57:56.359 1443 1632 D FreeFormWindowHelper: refreshTipWindow windowDragBounds:Rect(1712, 104 - 2342, 1224)
11-10 04:57:56.376 1443 1632 D FreeFormWindowHelper: refreshTipWindow windowDragBounds:Rect(1589, 114 - 2219, 1234)
11-10 04:57:56.393 1443 1632 D FreeFormWindowHelper: refreshTipWindow windowDragBounds:Rect(1409, 123 - 2039, 1243)
11-10 04:57:56.409 1443 1632 D FreeFormWindowHelper: refreshTipWindow windowDragBounds:Rect(1300, 129 - 1930, 1249)
11-10 04:57:56.426 1443 1632 D FreeFormWindowHelper: refreshTipWindow windowDragBounds:Rect(1147, 133 - 1777, 1253)
11-10 04:57:56.433 647 662 I mpu_uart: [MSG-P:RECV]:No message received in 1000 ms
11-10 04:57:56.443 1443 1632 D FreeFormWindowHelper: refreshTipWindow windowDragBounds:Rect(953, 136 - 1583, 1256)
11-10 04:57:56.459 1443 1632 D FreeFormWindowHelper: refreshTipWindow windowDragBounds:Rect(887, 137 - 1517, 1257)
11-10 04:57:56.476 1443 1632 D FreeFormWindowHelper: refreshTipWindow windowDragBounds:Rect(733, 141 - 1363, 1261)
11-10 04:57:56.493 1443 1632 D FreeFormWindowHelper: refreshTipWindow windowDragBounds:Rect(625, 141 - 1255, 1261)
11-10 04:57:56.499 3274 3274 W hpplay-java: [main]:IPManager:getActiveNets invalid networkInfo:null
11-10 04:57:56.499 3274 3274 I hpplay-java: [main]:IPManager:getActiveNets eth0:false wifi:false mobile:false ap:false
11-10 04:57:56.499 3274 3274 I hpplay-java: [main]:ServerTaskManager:get local ip:null
11-10 04:57:56.509 1443 1632 D FreeFormWindowHelper: refreshTipWindow windowDragBounds:Rect(506, 141 - 1136, 1261)
11-10 04:57:56.526 1443 1632 D FreeFormWindowHelper: refreshTipWindow windowDragBounds:Rect(401, 141 - 1031, 1261)
11-10 04:57:56.543 1443 1632 D FreeFormWindowHelper: refreshTipWindow windowDragBounds:Rect(287, 137 - 917, 1257)
11-10 04:57:56.560 1443 1632 D FreeFormWindowHelper: refreshTipWindow windowDragBounds:Rect(196, 130 - 826, 1250)
11-10 04:57:56.576 1443 1632 D FreeFormWindowHelper: refreshTipWindow windowDragBounds:Rect(131, 120 - 761, 1240)
11-10 04:57:56.593 1443 1632 D FreeFormWindowHelper: refreshTipWindow windowDragBounds:Rect(58, 112 - 688, 1232)
11-10 04:57:56.610 1443 1632 D FreeFormWindowHelper: refreshTipWindow windowDragBounds:Rect(0, 98 - 630, 1218)
11-10 04:57:56.626 1443 1632 D FreeFormWindowHelper: refreshTipWindow windowDragBounds:Rect(-59, 87 - 571, 1207)
11-10 04:57:56.650 1443 1632 D WindowManager: updateWindowDragBounds: mIsSwipeYtrue
11-10 04:57:56.650 1443 1632 D WindowManager: updateWindowDragBounds: mIsTopfalse
11-10 04:57:56.650 1443 1632 D WindowManager: updateWindowDragBounds: mIsSwipeXfalse
11-10 04:57:56.661 1443 1632 W InputManager-JNI: Input channel object 'WindowManager (client)' was disposed without first being removed with the input manager!
11-10 04:57:56.832 1193 5251 I OMX-VENC: venc_dev: stats: avg. fps 41.90, bitrate 1778385
11-10 04:57:57.015 800 5988 D audio_hw_primary: copl(0xe7808650):out of compress_wait
11-10 04:57:57.020 800 5998 D audio_hw_primary: No space available in compress driver, post msg to cb thread
11-10 04:57:57.021 800 5988 D audio_hw_primary: copl(0xe7808650):calling compress_wait
11-10 04:57:57.164 1443 1994 I input_interaction: Interaction with: 7dcbd29 com.android.gallery3d/com.android.gallery3d.app.MovieActivity (server), edge-swipe (server), swipe-up (server), PointerEventDispatcher0 (server),
11-10 04:57:57.165 5752 5752 D DecorView: onTouchEvent: action0
11-10 04:57:57.166 5752 5752 D DecorView: onTouchEvent: interval962
11-10 04:57:57.182 5752 5752 D DecorView: onTouchEvent: action2
11-10 04:57:57.207 5752 5752 D DecorView: onTouchEvent: action2
11-10 04:57:57.216 5752 5752 I view_enqueue_input_event: [Motion - Cancel,com.android.gallery3d/com.android.gallery3d.app.MovieActivity]
11-10 04:57:57.216 5752 5752 D DecorView: onTouchEvent: action3
11-10 04:57:57.220 1443 1994 I input_interaction: Interaction with: WindowManager (server), edge-swipe (server), swipe-up (server), PointerEventDispatcher0 (server),
11-10 04:57:57.228 1443 1632 D FreeFormWindowHelper: refreshTipWindow windowDragBounds:Rect(2, 91 - 632, 1211)
11-10 04:57:57.246 1443 1632 D FreeFormWindowHelper: refreshTipWindow windowDragBounds:Rect(2, 111 - 632, 1231)
11-10 04:57:57.262 1443 1632 D FreeFormWindowHelper: refreshTipWindow windowDragBounds:Rect(-2, 136 - 628, 1256)
11-10 04:57:57.280 1443 1632 D FreeFormWindowHelper: refreshTipWindow windowDragBounds:Rect(-5, 160 - 625, 1280)
11-10 04:57:57.295 1443 1632 D FreeFormWindowHelper: refreshTipWindow windowDragBounds:Rect(-10, 235 - 620, 1355)
11-10 04:57:57.311 1443 1632 D FreeFormWindowHelper: refreshTipWindow windowDragBounds:Rect(-10, 310 - 620, 1430)
11-10 04:57:57.328 1443 1632 D FreeFormWindowHelper: refreshTipWindow windowDragBounds:Rect(-10, 365 - 620, 1485)
11-10 04:57:57.345 1443 1632 D FreeFormWindowHelper: refreshTipWindow windowDragBounds:Rect(-10, 410 - 620, 1530)
11-10 04:57:57.361 1443 1632 D FreeFormWindowHelper: refreshTipWindow windowDragBounds:Rect(-7, 476 - 623, 1596)
11-10 04:57:57.378 1443 1632 D FreeFormWindowHelper: refreshTipWindow windowDragBounds:Rect(-2, 526 - 628, 1646)
11-10 04:57:57.395 1443 1632 D FreeFormWindowHelper: refreshTipWindow windowDragBounds:Rect(0, 544 - 630, 1664)
11-10 04:57:57.400 1443 1632 D FreeFormWindowHelper: refreshTipWindow windowDragBounds:Rect(1, 551 - 631, 1671)
11-10 04:57:57.403 1443 1632 D WindowManager: updateWindowDragBounds: mIsSwipeYtrue
11-10 04:57:57.403 1443 1632 D WindowManager: updateWindowDragBounds: mIsTopfalse
11-10 04:57:57.403 1443 1632 D WindowManager: updateWindowDragBounds: mIsSwipeXfalse
11-10 04:57:57.415 1443 1632 W InputManager-JNI: Input channel object 'WindowManager (client)' was disposed without first being removed with the input manager!
11-10 04:57:57.434 647 662 I mpu_uart: [MSG-P:RECV]:No message received in 1000 ms
11-10 04:57:57.501 3274 3274 W hpplay-java: [main]:IPManager:getActiveNets invalid networkInfo:null
11-10 04:57:57.501 3274 3274 I hpplay-java: [main]:IPManager:getActiveNets eth0:false wifi:false mobile:false ap:false
11-10 04:57:57.501 3274 3274 I hpplay-java: [main]:ServerTaskManager:get local ip:null
11-10 04:57:57.522 647 661 I mpu_uart: [MSG-P:R]:recv sync frame timeout
11-10 04:57:57.836 1193 5251 I OMX-VENC: venc_dev: stats: avg. fps 36.86, bitrate 1555241
11-10 04:57:57.928 1443 1994 I input_interaction: Interaction with: 7dcbd29 com.android.gallery3d/com.android.gallery3d.app.MovieActivity (server), edge-swipe (server), swipe-up (server), PointerEventDispatcher0 (server),
11-10 04:57:57.929 5752 5752 D DecorView: onTouchEvent: action0
11-10 04:57:57.929 5752 5752 D DecorView: onTouchEvent: interval763
11-10 04:57:58.035 5752 5752 D DecorView: onTouchEvent: action1
11-10 04:57:58.035 5752 5752 D DecorView: onTouchEvent: ACTION_UPfalse
11-10 04:57:58.286 5752 5752 D DecorView: onTouchEvent mIsDoubleCLick:false
11-10 04:57:58.286 5752 5752 D DecorView: onTouchEvent: onConfigurationMiniChanged
11-10 04:57:58.395 800 5988 D audio_hw_primary: copl(0xe7808650):out of compress_wait
11-10 04:57:58.398 800 5998 D audio_hw_primary: No space available in compress driver, post msg to cb thread
11-10 04:57:58.399 800 5988 D audio_hw_primary: copl(0xe7808650):calling compress_wait
11-10 04:57:58.411 927 1053 W HWComposer: Ignoring duplicate VSYNC event from HWC for display 4630946816427681409 (t=1605864273000)
11-10 04:57:58.428 927 1053 W HWComposer: Ignoring duplicate VSYNC event from HWC for display 4630946816427681409 (t=1605881077000)
11-10 04:57:58.434 647 662 I mpu_uart: [MSG-P:RECV]:No message received in 1000 ms
11-10 04:57:58.444 927 1053 W HWComposer: Ignoring duplicate VSYNC event from HWC for display 4630946816427681409 (t=1605897722000)
11-10 04:57:58.461 927 1053 W HWComposer: Ignoring duplicate VSYNC event from HWC for display 4630946816427681409 (t=1605914461000)
11-10 04:57:58.478 927 1053 W HWComposer: Ignoring duplicate VSYNC event from HWC for display 4630946816427681409 (t=1605931155000)
11-10 04:57:58.495 927 1053 W HWComposer: Ignoring duplicate VSYNC event from HWC for display 4630946816427681409 (t=1605947904000)
11-10 04:57:58.504 3274 3274 W hpplay-java: [main]:IPManager:getActiveNets invalid networkInfo:null
11-10 04:57:58.504 3274 3274 I hpplay-java: [main]:IPManager:getActiveNets eth0:false wifi:false mobile:false ap:false
11-10 04:57:58.504 3274 3274 I hpplay-java: [main]:ServerTaskManager:get local ip:null
11-10 04:57:58.845 1193 5251 I OMX-VENC: venc_dev: stats: avg. fps 42.60, bitrate 1786734
11-10 04:57:59.434 647 662 I mpu_uart: [MSG-P:RECV]:No message received in 1000 ms
