01-01 11:56:46.320 1151 1622 I SystemConfig: Reading permissions from /system_ext/etc/permissions/qti_supplicant_interface.xml
01-01 11:56:46.323 1151 1622 I SystemConfig: Reading permissions from /system_ext/etc/permissions/com.qualcomm.qmapbridge.xml
01-01 11:56:46.324 1151 1622 I SystemConfig: Reading permissions from /system_ext/etc/permissions/com.qti.location.sdk.xml
01-01 11:56:46.324 1151 1151 D SystemServerTiming: StartFileIntegrityService took to complete: 10ms
01-01 11:56:46.324 1151 1151 I SystemServerTiming: StartInstaller
01-01 11:56:46.325 1151 1151 I SystemServiceManager: Starting com.android.server.pm.Installer
01-01 11:56:46.326 1151 1622 I SystemConfig: Reading permissions from /system_ext/etc/permissions/privapp-permissions-aptxals.xml
01-01 11:56:46.327 1151 1622 I SystemConfig: Reading permissions from /system_ext/etc/permissions/qti_libpermissions.xml
01-01 11:56:46.328 1151 1622 I SystemConfig: Reading permissions from /system_ext/etc/permissions/privapp-permissions-com.qualcomm.location.xml
01-01 11:56:46.328 1253 1262 D installd: Found quota mount /dev/block/dm-10 at /data
01-01 11:56:46.328 1253 1262 D installd: Found quota mount /dev/block/dm-10 at /data/user/0
01-01 11:56:46.329 1151 1622 I SystemConfig: Reading permissions from /system_ext/etc/permissions/izat.xt.srv.xml
01-01 11:56:46.330 1151 1151 D SystemServerTiming: StartInstaller took to complete: 6ms
01-01 11:56:46.330 1151 1151 I SystemServerTiming: DeviceIdentifiersPolicyService
01-01 11:56:46.330 1151 1622 I SystemConfig: Reading permissions from /system_ext/etc/permissions/com.android.settings.xml
01-01 11:56:46.330 1151 1151 I SystemServiceManager: Starting com.android.server.os.DeviceIdentifiersPolicyService
01-01 11:56:46.332 1151 1622 I SystemConfig: Reading permissions from /system_ext/etc/permissions/com.qualcomm.qti.imscmservice-V2.1-java.xml
01-01 11:56:46.333 1151 1151 D SystemServerTiming: DeviceIdentifiersPolicyService took to complete: 3ms
01-01 11:56:46.333 1151 1151 I SystemServerTiming: UriGrantsManagerService
01-01 11:56:46.333 1151 1151 I SystemServiceManager: Starting com.android.server.uri.UriGrantsManagerService$Lifecycle
01-01 11:56:46.334 1151 1622 I SystemConfig: Reading permissions from /system_ext/etc/permissions/com.android.systemui.xml
01-01 11:56:46.334 1151 1151 D SystemServerTiming: UriGrantsManagerService took to complete: 1ms
01-01 11:56:46.334 1151 1151 I SystemServerTiming: StartPowerStatsService
01-01 11:56:46.334 1151 1151 I SystemServiceManager: Starting com.android.server.powerstats.PowerStatsService
01-01 11:56:46.331 0 0 I ueventd : loading /devices/platform/soc/1c00000.qcom,pcie/pci0000:00/0000:00:00.0/0000:01:00.0/firmware/qca6390!m3.bin took 12ms
01-01 11:56:46.334 0 0 D cnss : Sending M3 information message, state: 0xb
01-01 11:56:46.334 0 0 D cnss : M3 memory, va: 0xffffff801f631000, pa: 0x00000000a1800000, size: 0x411bc
01-01 11:56:46.336 505 505 E servicemanager: Could not find android.hardware.power.stats.IPowerStats/default in the VINTF manifest.
01-01 11:56:46.337 1151 1622 I SystemConfig: Reading permissions from /system_ext/etc/permissions/qti_permissions.xml
01-01 11:56:46.338 1151 1151 D hw-ProcessState: Binder ioctl to enable oneway spam detection failed: Invalid argument
01-01 11:56:46.338 0 0 I binder : 1151:1151 ioctl 40046210 7fd30b2e64 returned -22
01-01 11:56:46.340 1151 1622 I SystemConfig: Reading permissions from /system_ext/etc/permissions/com.qualcomm.qti.izattools.xml
01-01 11:56:46.340 0 0 D cnss : Received QMI WLFW FW initialization done indication
01-01 11:56:46.340 0 0 D cnss : Posting event: FW_READY(4), state: 0xb flags: 0x0
01-01 11:56:46.341 506 506 I hwservicemanager: getTransport: Cannot find entry android.hardware.power.stats@1.0::IPowerStats/default in either framework or device VINTF manifest.
01-01 11:56:46.342 1151 1151 E PowerStatsService: Unable to get power.stats HAL service.
01-01 11:56:46.342 1151 1151 E PowerStatsService: nativeInit failed to connect to power.stats HAL
01-01 11:56:46.342 1151 1622 I SystemConfig: Reading permissions from /system_ext/etc/permissions/android.software.verified_boot.xml
01-01 11:56:46.344 0 0 D cnss : Processing driver event: FW_READY(4), state: 0xb
01-01 11:56:46.344 0 0 D cnss : PCIE Gen speed not setup
01-01 11:56:46.344 0 0 D cnss : Sending antenna switch sync request, state: 0xf
01-01 11:56:46.345 1151 1151 D SystemServerTiming: StartPowerStatsService took to complete: 10ms
01-01 11:56:46.345 1151 1151 I SystemServerTiming: StartIStatsService
01-01 11:56:46.346 1151 1622 I SystemConfig: Reading permissions from /system_ext/etc/permissions/com.android.provision.xml
01-01 11:56:46.347 1151 1151 I HidlServiceManagement: Registered android.frameworks.stats@1.0::IStats/default
01-01 11:56:46.347 1151 1622 I SystemConfig: Reading permissions from /system_ext/etc/permissions/com.qualcomm.qti.imscmservice.xml
01-01 11:56:46.348 505 505 I servicemanager: Found android.frameworks.stats.IStats/default in framework VINTF manifest.
01-01 11:56:46.348 1151 1151 D SystemServerTiming: StartIStatsService took to complete: 3ms
01-01 11:56:46.349 1151 1151 I SystemServerTiming: MemtrackProxyService
01-01 11:56:46.349 1151 1622 I SystemConfig: Reading permissions from /system_ext/etc/permissions/embms.xml
01-01 11:56:46.351 1151 1622 I SystemConfig: Reading permissions from /system_ext/etc/permissions/audiosphere.xml
01-01 11:56:46.352 505 505 E servicemanager: Could not find android.hardware.memtrack.IMemtrack/default in the VINTF manifest.
01-01 11:56:46.353 1151 1151 I Stability: Interface set with vintf stability wire protocol version 1 downgraded to system stability wire protocol version 1 stability
01-01 11:56:46.353 1151 1622 I SystemConfig: Reading permissions from /system_ext/etc/permissions/com.qti.media.secureprocessor.xml
01-01 11:56:46.355 1151 1151 D SystemServerTiming: MemtrackProxyService took to complete: 6ms
01-01 11:56:46.356 1151 1622 I SystemConfig: Reading permissions from /system_ext/etc/permissions/com.qualcomm.qti.imscmservice-V2.2-java.xml
01-01 11:56:46.356 1151 1151 I SystemServerTiming: StartActivityManager
01-01 11:56:46.356 1151 1151 I SystemServiceManager: Starting com.android.server.wm.ActivityTaskManagerService$Lifecycle
01-01 11:56:46.357 1151 1622 I SystemConfig: Reading permissions from /system_ext/etc/permissions/telephony_system-ext_privapp-permissions-qti.xml
01-01 11:56:46.359 1151 1622 I SystemConfig: Reading permissions from /system_ext/etc/permissions/vendor.qti.ims.rcsservice.xml
01-01 11:56:46.351 0 0 E cnss : Antenna switch request failed, result: 1, err: 94
01-01 11:56:46.358 0 0 D cnss : Sending mode message, mode: CALIBRATION(7), state: 0xf
01-01 11:56:46.361 1151 1622 I SystemConfig: Reading permissions from /system_ext/etc/permissions/com.qualcomm.location.xml
01-01 11:56:46.362 1151 1622 I SystemConfig: Reading permissions from /system_ext/etc/permissions/com.android.launcher3.xml
01-01 11:56:46.363 1151 1622 I SystemConfig: Reading permissions from /system_ext/etc/permissions/com.qti.dpmframework.xml
01-01 11:56:46.365 1151 1622 I SystemConfig: Reading permissions from /system_ext/etc/permissions/privapp-permissions-qti-system-ext.xml
01-01 11:56:46.366 1151 1622 I SystemConfig: Reading permissions from /system_ext/etc/permissions/com.thundercomm.microsettings.xml
01-01 11:56:46.368 1151 1622 I SystemConfig: Reading permissions from /system_ext/etc/permissions/wfd-system-ext-privapp-permissions-qti.xml
01-01 11:56:46.370 1151 1622 I SystemConfig: Reading permissions from /system_ext/etc/permissions/com.android.emergency.xml
01-01 11:56:46.373 0 0 W QSEECOM : qseecom_load_app: App with id 6 (fingerpr) now loaded
01-01 11:56:46.374 0 0 W subsys-pil-tz soc: qcom,kgsl-hyp: Falling back to syfs fallback for: a650_zap.b02
01-01 11:56:46.372 1151 1151 I SystemServiceManager: Starting com.android.server.am.ActivityManagerService$Lifecycle
01-01 11:56:46.372 1151 1622 I SystemConfig: Reading permissions from /system_ext/etc/permissions/com.nxp.nfc.nq.xml
01-01 11:56:46.374 1504 1543 D QSEECOMAPI: Loaded image: APP id = 6
01-01 11:56:46.389 1504 1543 I QFP : qsc_start_app: Loading app [fingerpr] succeeded
01-01 11:56:46.389 1504 1543 I QFP : openFramework: entry with eeprom_buffer_size=0
01-01 11:56:46.390 1151 1151 I ActivityManager: Memory class: 512
01-01 11:56:46.393 0 0 I ueventd : firmware: loading 'a650_zap.b02' for '/devices/platform/soc/soc:qcom,kgsl-hyp/firmware/a650_zap.b02'
01-01 11:56:46.393 1151 1655 I Binder : Setting heavy hitter watcher config: false, 0, 0.0
01-01 11:56:46.395 1151 1622 I SystemConfig: Reading permissions from /apex/com.android.ipsec/etc/permissions/android.net.ipsec.ike.xml
01-01 11:56:46.400 0 0 I ueventd : loading /devices/platform/soc/soc:qcom,kgsl-hyp/firmware/a650_zap.b02 took 8ms
01-01 11:56:46.403 549 560 D DrmLibTime: got the req here! ret=0
01-01 11:56:46.403 549 560 D DrmLibTime: command id, time_cmd_id = 770
01-01 11:56:46.403 549 560 D DrmLibTime: time_getutcsec starts!
01-01 11:56:46.403 549 560 D DrmLibTime: QSEE Time Listener: time_getutcsec
01-01 11:56:46.403 549 560 D DrmLibTime: QSEE Time Listener: get_utc_seconds
01-01 11:56:46.403 549 560 D DrmLibTime: QSEE Time Listener: time_get_modem_time
01-01 11:56:46.403 549 560 D DrmLibTime: QSEE Time Listener: Checking if ATS_MODEM is set or not.
01-01 11:56:46.403 549 560 D QC-time-services: Lib:time_genoff_operation: pargs->base = 13
01-01 11:56:46.403 549 560 D QC-time-services: Lib:time_genoff_operation: pargs->operation = 2
01-01 11:56:46.403 549 560 D QC-time-services: Lib:time_genoff_operation: pargs->ts_val = 0
01-01 11:56:46.403 549 560 D QC-time-services: Lib:time_genoff_operation: Send to server passed!!
01-01 11:56:46.404 653 1019 D QC-time-services: Daemon: Connection accepted:time_genoff
01-01 11:56:46.405 653 1658 D QC-time-services: Daemon:Received base = 13, unit = 1, operation = 2,value = 0
01-01 11:56:46.405 653 1658 D QC-time-services: Daemon:genoff_opr: Base = 13, val = 0, operation = 2
01-01 11:56:46.405 653 1658 D QC-time-services: offset is: 0 for base: 13
01-01 11:56:46.405 549 560 E QC-time-services: Receive Passed == base = 13, unit = 1, operation = 2, result = 0
01-01 11:56:46.405 549 560 D DrmLibTime: QSEE Time Listener: ATS_MODEM is not set. Fallback to Android system time.
01-01 11:56:46.405 549 560 D DrmLibTime: QSEE Time Listener: Retrieved Android system time: 14206
01-01 11:56:46.405 549 560 D DrmLibTime: time_getutcsec returns 0, sec = 14206; nsec = 0
01-01 11:56:46.405 549 560 D DrmLibTime: time_getutcsec finished!
01-01 11:56:46.405 549 560 D DrmLibTime: iotcl_continue_command finished! and return 0
01-01 11:56:46.406 549 560 D DrmLibTime: before calling ioctl to read the next time_cmd
01-01 11:56:46.406 653 1019 E QC-time-services: Daemon: Time-services: Waiting to acceptconnection
01-01 11:56:46.404 0 0 I subsys-pil-tz soc: qcom,kgsl-hyp: a650_zap: Brought out of reset
01-01 11:56:46.408 1151 1622 D SystemConfig: readAllPermissions took to complete: 442ms
01-01 11:56:46.408 1151 1622 D SystemServerInitThreadPool: Finished executing ReadingSystemConfig
01-01 11:56:46.409 1151 1622 D SystemServerTimingAsync: InitThreadPoolExec:ReadingSystemConfig took to complete: 443ms
01-01 11:56:46.415 1447 1486 W HidlServiceManagement: Waited one second for android.frameworks.sensorservice@1.0::ISensorManager/default
01-01 11:56:46.415 1049 1104 I AdrenoGLES-0: PFP: 0x016dd093, ME: 0x00000000
01-01 11:56:46.415 506 506 I hwservicemanager: Since android.frameworks.sensorservice@1.0::ISensorManager/default is not registered, trying to start it as a lazy HAL.
01-01 11:56:46.416 1447 1486 I HidlServiceManagement: getService: Trying again for android.frameworks.sensorservice@1.0::ISensorManager/default...
01-01 11:56:46.418 1447 1447 W HidlServiceManagement: Waited one second for android.frameworks.sensorservice@1.0::ISensorManager/default
01-01 11:56:46.419 506 506 I hwservicemanager: Since android.frameworks.sensorservice@1.0::ISensorManager/default is not registered, trying to start it as a lazy HAL.
01-01 11:56:46.419 1447 1447 I HidlServiceManagement: getService: Trying again for android.frameworks.sensorservice@1.0::ISensorManager/default...
01-01 11:56:46.421 1126 1144 I AdrenoGLES-0: PFP: 0x016dd093, ME: 0x00000000
01-01 11:56:46.422 506 1663 W libc : Unable to set property "ctl.interface_start" to "android.frameworks.sensorservice@1.0::ISensorManager/default": error code: 0x20
01-01 11:56:46.422 506 1663 I hwservicemanager: Tried to start android.frameworks.sensorservice@1.0::ISensorManager/default as a lazy service, but was unable to. Usually this happens when a service is not installed, but if the service is intended to be used as a lazy service, then it may be configured incorrectly.
01-01 11:56:46.424 506 1660 W libc : Unable to set property "ctl.interface_start" to "android.frameworks.sensorservice@1.0::ISensorManager/default": error code: 0x20
01-01 11:56:46.424 506 1660 I hwservicemanager: Tried to start android.frameworks.sensorservice@1.0::ISensorManager/default as a lazy service, but was unable to. Usually this happens when a service is not installed, but if the service is intended to be used as a lazy service, then it may be configured incorrectly.
01-01 11:56:46.432 1049 1104 E Adreno-AppProfiles: Could not find QSPM HAL service
01-01 11:56:46.437 1126 1144 E Adreno-AppProfiles: Could not find QSPM HAL service
01-01 11:56:46.446 0 0 I binder : 1126:1144 ioctl 40046210 7710b80144 returned -22
01-01 11:56:46.445 1049 1104 I RenderEngine: Realtime priority unsupported, degrading gracefully to high priority
01-01 11:56:46.446 1126 1144 D hw-ProcessState: Binder ioctl to enable oneway spam detection failed: Invalid argument
01-01 11:56:46.472 1049 1104 I RenderEngine: OpenGL ES informations:
01-01 11:56:46.472 1049 1104 I RenderEngine: vendor : Qualcomm
01-01 11:56:46.472 1049 1104 I RenderEngine: renderer : Adreno (TM) 650
01-01 11:56:46.472 1049 1104 I RenderEngine: version : OpenGL ES 3.2 V@0502.0 (GIT@47421dbee6, I139f36ad46, 1645189640) (Date:02/18/22)
01-01 11:56:46.472 1049 1104 I RenderEngine: extensions: GL_OES_EGL_image GL_OES_EGL_image_external GL_OES_EGL_sync GL_OES_vertex_half_float GL_OES_framebuffer_object GL_OES_rgb8_rgba8 GL_OES_compressed_ETC1_RGB8_texture GL_AMD_compressed_ATC_texture GL_KHR_texture_compression_astc_ldr GL_KHR_texture_compression_astc_hdr GL_OES_texture_compression_astc GL_OES_texture_npot GL_EXT_texture_filter_anisotropic GL_EXT_texture_format_BGRA8888 GL_EXT_read_format_bgra GL_OES_texture_3D GL_EXT_color_buffer_float GL_EXT_color_buffer_half_float GL_QCOM_alpha_test GL_OES_depth24 GL_OES_packed_depth_stencil GL_OES_depth_texture GL_OES_depth_texture_cube_map GL_EXT_sRGB GL_OES_texture_float GL_OES_texture_float_linear GL_OES_texture_half_float GL_OES_texture_half_float_linear GL_EXT_texture_type_2_10_10_10_REV GL_EXT_texture_sRGB_decode GL_EXT_texture_format_sRGB_override GL_OES_element_index_uint GL_EXT_copy_image GL_EXT_geometry_shader GL_EXT_tessellation_shader GL_OES_texture_stencil8 GL_EXT_shader_io_blocks GL_OES_shader_image_atomic GL_OES_sample_variables GL_EX
01-01 11:56:46.472 1049 1104 I RenderEngine: GL_MAX_TEXTURE_SIZE = 16384
01-01 11:56:46.472 1049 1104 I RenderEngine: GL_MAX_VIEWPORT_DIMS = 16384
01-01 11:56:46.473 1151 1151 D BatteryStatsImpl: Reading daily items from /data/system/batterystats-daily.xml
01-01 11:56:46.475 1126 1144 D BootAnimation: BootAnimation type is video: true
01-01 11:56:46.475 1126 1144 D BootAnimation: Boot video shutdown start time: 41600ms
01-01 11:56:46.477 506 506 I hwservicemanager: getTransport: Cannot find entry android.hardware.power.stats@1.0::IPowerStats/default in either framework or device VINTF manifest.
01-01 11:56:46.477 1151 1668 E BatteryStatsService: Unable to load Power.Stats.HAL. Setting rail availability to false
01-01 11:56:46.478 1151 1668 E BluetoothAdapter: Bluetooth binder is null
01-01 11:56:46.479 1151 1668 I KernelCpuUidFreqTimeReader: mPerClusterTimesAvailable=false
01-01 11:56:46.481 1026 1301 I ServiceManager: Waiting for service 'media.audio_policy' on '/dev/binder'...
01-01 11:56:46.513 1151 1668 E KernelCpuSpeedReader: Failed to read cpu-freq: /sys/devices/system/cpu/cpu4/cpufreq/stats/time_in_state: open failed: ENOENT (No such file or directory)
01-01 11:56:46.514 1151 1668 E KernelCpuSpeedReader: Failed to read cpu-freq: /sys/devices/system/cpu/cpu0/cpufreq/stats/time_in_state: open failed: ENOENT (No such file or directory)
01-01 11:56:46.512 576 576 I auditd : type=1400 audit(0.0:43): avc: denied { read } for comm="Binder:576_2" name="wakeup58" dev="sysfs" ino=77331 scontext=u:r:system_suspend:s0 tcontext=u:object_r:sysfs:s0 tclass=dir permissive=0
01-01 11:56:46.512 576 576 W Binder:576_2: type=1400 audit(0.0:43): avc: denied { read } for name="wakeup58" dev="sysfs" ino=77331 scontext=u:r:system_suspend:s0 tcontext=u:object_r:sysfs:s0 tclass=dir permissive=0
01-01 11:56:46.519 576 582 E android.system.suspend@1.0-service: Error opening kernel wakelock stats for: wakeup58: Permission denied
01-01 11:56:46.520 576 576 I auditd : type=1400 audit(0.0:44): avc: denied { read } for comm="Binder:576_2" name="wakeup4" dev="sysfs" ino=47145 scontext=u:r:system_suspend:s0 tcontext=u:object_r:sysfs:s0 tclass=dir permissive=0
01-01 11:56:46.520 576 576 W Binder:576_2: type=1400 audit(0.0:44): avc: denied { read } for name="wakeup4" dev="sysfs" ino=47145 scontext=u:r:system_suspend:s0 tcontext=u:object_r:sysfs:s0 tclass=dir permissive=0
01-01 11:56:46.526 576 582 E android.system.suspend@1.0-service: Error opening kernel wakelock stats for: wakeup4: Permission denied
01-01 11:56:46.528 1054 1063 I sensors.qti: diag_buffering_enabled:135, DIAG Buffering mode val: 0
01-01 11:56:46.528 1054 1063 I sensors.qti: handle_diag_settings:441, Setting SNS TX MODE to STREAMING
01-01 11:56:46.529 1054 1063 E Diag_Lib: diag: In diag_configure_peripheral_buffering_tx_mode, request for buffer configuring pd 3
01-01 11:56:46.529 0 0 D cnss : Removing vote for Regulator vdd-wlan-rfa2
01-01 11:56:46.529 0 0 D cnss : Received QMI WLFW pin connect result indication
01-01 11:56:46.529 0 0 D cnss : Pin connect Result: pwr_pin: 0x1 phy_io_pin: 0x0 rf_io_pin: 0x0
01-01 11:56:46.529 0 0 D cnss : Removing vote for Regulator vdd-wlan-rfa1
01-01 11:56:46.529 0 0 D cnss : Removing vote for Regulator vdd-wlan-dig
01-01 11:56:46.529 0 0 I qcom_rpmh DRV: apps_rsc TCS Busy, retrying RPMH message send: addr=0x43200
01-01 11:56:46.530 0 0 D cnss : Removing vote for Regulator vdd-wlan-aon
01-01 11:56:46.530 0 0 D cnss : Removing vote for Regulator vdd-wlan-io
01-01 11:56:46.530 0 0 D cnss : PM relax, state: 0xf, count: 0
01-01 11:56:46.530 0 0 D cnss : PM stay awake, state: 0xf, count: 1
01-01 11:56:46.530 0 0 D cnss : PM relax, state: 0xf, count: 0
01-01 11:56:46.530 0 0 E diag : In diag_ioctl_set_buffering_mode, invalid peripheral = -22
01-01 11:56:46.524 576 576 I auditd : type=1400 audit(0.0:45): avc: denied { read } for comm="Binder:576_2" name="wakeup38" dev="sysfs" ino=66989 scontext=u:r:system_suspend:s0 tcontext=u:object_r:sysfs:s0 tclass=dir permissive=0
01-01 11:56:46.524 576 576 W Binder:576_2: type=1400 audit(0.0:45): avc: denied { read } for name="wakeup38" dev="sysfs" ino=66989 scontext=u:r:system_suspend:s0 tcontext=u:object_r:sysfs:s0 tclass=dir permissive=0
01-01 11:56:46.530 1054 1063 E Diag_Lib: diag: In diag_configure_peripheral_buffering_tx_mode, request for buffer configuring pd 14
01-01 11:56:46.530 576 582 E android.system.suspend@1.0-service: Error opening kernel wakelock stats for: wakeup38: Permission denied
01-01 11:56:46.532 576 582 E android.system.suspend@1.0-service: Error opening kernel wakelock stats for: wakeup28: Permission denied
01-01 11:56:46.533 576 582 E android.system.suspend@1.0-service: Error opening kernel wakelock stats for: wakeup56: Permission denied
01-01 11:56:46.536 576 582 E android.system.suspend@1.0-service: Error opening kernel wakelock stats for: wakeup2: Permission denied
01-01 11:56:46.528 576 576 I auditd : type=1400 audit(0.0:46): avc: denied { read } for comm="Binder:576_2" name="wakeup28" dev="sysfs" ino=56585 scontext=u:r:system_suspend:s0 tcontext=u:object_r:sysfs:s0 tclass=dir permissive=0
01-01 11:56:46.528 576 576 W Binder:576_2: type=1400 audit(0.0:46): avc: denied { read } for name="wakeup28" dev="sysfs" ino=56585 scontext=u:r:system_suspend:s0 tcontext=u:object_r:sysfs:s0 tclass=dir permissive=0
01-01 11:56:46.528 576 576 I auditd : type=1400 audit(0.0:47): avc: denied { read } for comm="Binder:576_2" name="wakeup56" dev="sysfs" ino=77259 scontext=u:r:system_suspend:s0 tcontext=u:object_r:sysfs:s0 tclass=dir permissive=0
01-01 11:56:46.528 576 576 W Binder:576_2: type=1400 audit(0.0:47): avc: denied { read } for name="wakeup56" dev="sysfs" ino=77259 scontext=u:r:system_suspend:s0 tcontext=u:object_r:sysfs:s0 tclass=dir permissive=0
01-01 11:56:46.538 1054 1063 E Diag_Lib: diag: In diag_configure_peripheral_buffering_tx_mode, unable to set peripheral buffering mode, ret: -1, error: 5
01-01 11:56:46.538 1054 1063 E sensors.qti: handle_diag_settings:455, Set SNS TX MODE failed and return val: -1
01-01 11:56:46.538 1054 1054 I sensors.qti: main:564, took 6017 ms to complete diag init
01-01 11:56:46.538 1054 1066 I sensors.qti: diag_mdlog_capture:311, in diag_mdlog_capture
01-01 11:56:46.532 576 576 I auditd : type=1400 audit(0.0:48): avc: denied { read } for comm="Binder:576_2" name="wakeup2" dev="sysfs" ino=46669 scontext=u:r:system_suspend:s0 tcontext=u:object_r:sysfs:s0 tclass=dir permissive=0
01-01 11:56:46.532 576 576 W Binder:576_2: type=1400 audit(0.0:48): avc: denied { read } for name="wakeup2" dev="sysfs" ino=46669 scontext=u:r:system_suspend:s0 tcontext=u:object_r:sysfs:s0 tclass=dir permissive=0
01-01 11:56:46.536 576 576 I auditd : type=1400 audit(0.0:49): avc: denied { read } for comm="Binder:576_2" name="wakeup64" dev="sysfs" ino=77559 scontext=u:r:system_suspend:s0 tcontext=u:object_r:sysfs:s0 tclass=dir permissive=0
01-01 11:56:46.536 576 576 W Binder:576_2: type=1400 audit(0.0:49): avc: denied { read } for name="wakeup64" dev="sysfs" ino=77559 scontext=u:r:system_suspend:s0 tcontext=u:object_r:sysfs:s0 tclass=dir permissive=0
01-01 11:56:46.536 576 576 I auditd : type=1400 audit(0.0:50): avc: denied { read } for comm="Binder:576_2" name="wakeup54" dev="sysfs" ino=77187 scontext=u:r:system_suspend:s0 tcontext=u:object_r:sysfs:s0 tclass=dir permissive=0
01-01 11:56:46.536 576 576 W Binder:576_2: type=1400 audit(0.0:50): avc: denied { read } for name="wakeup54" dev="sysfs" ino=77187 scontext=u:r:system_suspend:s0 tcontext=u:object_r:sysfs:s0 tclass=dir permissive=0
01-01 11:56:46.536 576 576 I auditd : type=1400 audit(0.0:51): avc: denied { read } for comm="Binder:576_2" name="wakeup82" dev="sysfs" ino=83656 scontext=u:r:system_suspend:s0 tcontext=u:object_r:sysfs:s0 tclass=dir permissive=0
01-01 11:56:46.536 576 576 W Binder:576_2: type=1400 audit(0.0:51): avc: denied { read } for name="wakeup82" dev="sysfs" ino=83656 scontext=u:r:system_suspend:s0 tcontext=u:object_r:sysfs:s0 tclass=dir permissive=0
01-01 11:56:46.536 576 576 I auditd : type=1400 audit(0.0:52): avc: denied { read } for comm="Binder:576_2" name="wakeup44" dev="sysfs" ino=71605 scontext=u:r:system_suspend:s0 tcontext=u:object_r:sysfs:s0 tclass=dir permissive=0
01-01 11:56:46.536 576 576 W Binder:576_2: type=1400 audit(0.0:52): avc: denied { read } for name="wakeup44" dev="sysfs" ino=71605 scontext=u:r:system_suspend:s0 tcontext=u:object_r:sysfs:s0 tclass=dir permissive=0
01-01 11:56:46.536 576 576 I auditd : type=1400 audit(0.0:53): avc: denied { read } for comm="Binder:576_2" name="wakeup0" dev="sysfs" ino=43877 scontext=u:r:system_suspend:s0 tcontext=u:object_r:sysfs:s0 tclass=dir permissive=0
01-01 11:56:46.536 576 576 W Binder:576_2: type=1400 audit(0.0:53): avc: denied { read } for name="wakeup0" dev="sysfs" ino=43877 scontext=u:r:system_suspend:s0 tcontext=u:object_r:sysfs:s0 tclass=dir permissive=0
01-01 11:56:46.541 576 582 E android.system.suspend@1.0-service: Error opening kernel wakelock stats for: wakeup64: Permission denied
01-01 11:56:46.541 576 582 E android.system.suspend@1.0-service: Error opening kernel wakelock stats for: wakeup54: Permission denied
01-01 11:56:46.542 576 582 E android.system.suspend@1.0-service: Error opening kernel wakelock stats for: wakeup82: Permission denied
01-01 11:56:46.542 576 582 E android.system.suspend@1.0-service: Error opening kernel wakelock stats for: wakeup44: Permission denied
01-01 11:56:46.542 576 582 E android.system.suspend@1.0-service: Error opening kernel wakelock stats for: wakeup0: Permission denied
01-01 11:56:46.545 1504 1543 E QFP : qfpCommand: error from send_command_to_tz: 0, QFP result -11 on (0 0)
01-01 11:56:46.545 1504 1543 I QFP : close: close, usecase 3 options 0
01-01 11:56:46.545 1504 1543 I QFP : closeHandle: closeHandle (0 0)
01-01 11:56:46.544 576 576 I auditd : type=1400 audit(0.0:54): avc: denied { read } for comm="Binder:576_2" name="wakeup62" dev="sysfs" ino=77487 scontext=u:r:system_suspend:s0 tcontext=u:object_r:sysfs:s0 tclass=dir permissive=0
01-01 11:56:46.544 576 576 W Binder:576_2: type=1400 audit(0.0:54): avc: denied { read } for name="wakeup62" dev="sysfs" ino=77487 scontext=u:r:system_suspend:s0 tcontext=u:object_r:sysfs:s0 tclass=dir permissive=0
01-01 11:56:46.544 576 576 I auditd : type=1400 audit(0.0:55): avc: denied { read } for comm="Binder:576_2" name="wakeup52" dev="sysfs" ino=77115 scontext=u:r:system_suspend:s0 tcontext=u:object_r:sysfs:s0 tclass=dir permissive=0
01-01 11:56:46.544 576 576 W Binder:576_2: type=1400 audit(0.0:55): avc: denied { read } for name="wakeup52" dev="sysfs" ino=77115 scontext=u:r:system_suspend:s0 tcontext=u:object_r:sysfs:s0 tclass=dir permissive=0
01-01 11:56:46.544 576 576 I auditd : type=1400 audit(0.0:56): avc: denied { read } for comm="Binder:576_2" name="wakeup9" dev="sysfs" ino=55569 scontext=u:r:system_suspend:s0 tcontext=u:object_r:sysfs:s0 tclass=dir permissive=0
01-01 11:56:46.544 576 576 W Binder:576_2: type=1400 audit(0.0:56): avc: denied { read } for name="wakeup9" dev="sysfs" ino=55569 scontext=u:r:system_suspend:s0 tcontext=u:object_r:sysfs:s0 tclass=dir permissive=0
01-01 11:56:46.544 576 576 I auditd : type=1400 audit(0.0:57): avc: denied { read } for comm="Binder:576_2" name="wakeup42" dev="sysfs" ino=68323 scontext=u:r:system_suspend:s0 tcontext=u:object_r:sysfs:s0 tclass=dir permissive=0
01-01 11:56:46.544 576 576 W Binder:576_2: type=1400 audit(0.0:57): avc: denied { read } for name="wakeup42" dev="sysfs" ino=68323 scontext=u:r:system_suspend:s0 tcontext=u:object_r:sysfs:s0 tclass=dir permissive=0
01-01 11:56:46.548 576 576 I auditd : type=1400 audit(0.0:58): avc: denied { read } for comm="Binder:576_2" name="wakeup32" dev="sysfs" ino=57032 scontext=u:r:system_suspend:s0 tcontext=u:object_r:sysfs:s0 tclass=dir permissive=0
01-01 11:56:46.548 576 576 W Binder:576_2: type=1400 audit(0.0:58): avc: denied { read } for name="wakeup32" dev="sysfs" ino=57032 scontext=u:r:system_suspend:s0 tcontext=u:object_r:sysfs:s0 tclass=dir permissive=0
01-01 11:56:46.548 576 576 I auditd : type=1400 audit(0.0:59): avc: denied { read } for comm="Binder:576_2" name="wakeup60" dev="sysfs" ino=77415 scontext=u:r:system_suspend:s0 tcontext=u:object_r:sysfs:s0 tclass=dir permissive=0
01-01 11:56:46.548 576 576 W Binder:576_2: type=1400 audit(0.0:59): avc: denied { read } for name="wakeup60" dev="sysfs" ino=77415 scontext=u:r:system_suspend:s0 tcontext=u:object_r:sysfs:s0 tclass=dir permissive=0
01-01 11:56:46.548 576 582 E android.system.suspend@1.0-service: Error opening kernel wakelock stats for: wakeup62: Permission denied
01-01 11:56:46.548 576 582 E android.system.suspend@1.0-service: Error opening kernel wakelock stats for: wakeup52: Permission denied
01-01 11:56:46.548 576 582 E android.system.suspend@1.0-service: Error opening kernel wakelock stats for: wakeup9: Permission denied
01-01 11:56:46.551 576 582 E android.system.suspend@1.0-service: Error opening kernel wakelock stats for: wakeup42: Permission denied
01-01 11:56:46.553 576 582 E android.system.suspend@1.0-service: Error opening kernel wakelock stats for: wakeup32: Permission denied
01-01 11:56:46.554 576 582 E android.system.suspend@1.0-service: Error opening kernel wakelock stats for: wakeup60: Permission denied
01-01 11:56:46.555 1504 1543 D QSEECOMAPI: QSEECom_dealloc_memory
01-01 11:56:46.555 1504 1543 D QSEECOMAPI: QSEECom_shutdown_app, app_id = 6
01-01 11:56:46.556 576 582 E android.system.suspend@1.0-service: Error opening kernel wakelock stats for: wakeup7: Permission denied
01-01 11:56:46.557 576 582 E android.system.suspend@1.0-service: Error opening kernel wakelock stats for: wakeup79: Permission denied
01-01 11:56:46.557 576 582 E android.system.suspend@1.0-service: Error opening kernel wakelock stats for: wakeup40: Permission denied
01-01 11:56:46.552 576 576 I auditd : type=1400 audit(0.0:60): avc: denied { read } for comm="Binder:576_2" name="wakeup7" dev="sysfs" ino=55465 scontext=u:r:system_suspend:s0 tcontext=u:object_r:sysfs:s0 tclass=dir permissive=0
01-01 11:56:46.552 576 576 W Binder:576_2: type=1400 audit(0.0:60): avc: denied { read } for name="wakeup7" dev="sysfs" ino=55465 scontext=u:r:system_suspend:s0 tcontext=u:object_r:sysfs:s0 tclass=dir permissive=0
01-01 11:56:46.552 576 576 I auditd : type=1400 audit(0.0:61): avc: denied { read } for comm="Binder:576_2" name="wakeup79" dev="sysfs" ino=82170 scontext=u:r:system_suspend:s0 tcontext=u:object_r:sysfs:s0 tclass=dir permissive=0
01-01 11:56:46.552 576 576 W Binder:576_2: type=1400 audit(0.0:61): avc: denied { read } for name="wakeup79" dev="sysfs" ino=82170 scontext=u:r:system_suspend:s0 tcontext=u:object_r:sysfs:s0 tclass=dir permissive=0
01-01 11:56:46.552 576 576 I auditd : type=1400 audit(0.0:62): avc: denied { read } for comm="Binder:576_2" name="wakeup40" dev="sysfs" ino=67428 scontext=u:r:system_suspend:s0 tcontext=u:object_r:sysfs:s0 tclass=dir permissive=0
01-01 11:56:46.552 576 576 W Binder:576_2: type=1400 audit(0.0:62): avc: denied { read } for name="wakeup40" dev="sysfs" ino=67428 scontext=u:r:system_suspend:s0 tcontext=u:object_r:sysfs:s0 tclass=dir permissive=0
01-01 11:56:46.556 576 576 I auditd : type=1400 audit(0.0:63): avc: denied { read } for comm="Binder:576_2" name="wakeup30" dev="sysfs" ino=56800 scontext=u:r:system_suspend:s0 tcontext=u:object_r:sysfs:s0 tclass=dir permissive=0
01-01 11:56:46.556 576 576 W Binder:576_2: type=1400 audit(0.0:63): avc: denied { read } for name="wakeup30" dev="sysfs" ino=56800 scontext=u:r:system_suspend:s0 tcontext=u:object_r:sysfs:s0 tclass=dir permissive=0
01-01 11:56:46.560 576 582 E android.system.suspend@1.0-service: Error opening kernel wakelock stats for: wakeup30: Permission denied
01-01 11:56:46.556 576 576 I auditd : type=1400 audit(0.0:64): avc: denied { read } for comm="Binder:576_2" name="wakeup59" dev="sysfs" ino=77367 scontext=u:r:system_suspend:s0 tcontext=u:object_r:sysfs:s0 tclass=dir permissive=0
01-01 11:56:46.556 576 576 W Binder:576_2: type=1400 audit(0.0:64): avc: denied { read } for name="wakeup59" dev="sysfs" ino=77367 scontext=u:r:system_suspend:s0 tcontext=u:object_r:sysfs:s0 tclass=dir permissive=0
01-01 11:56:46.556 576 576 I auditd : type=1400 audit(0.0:65): avc: denied { read } for comm="Binder:576_2" name="wakeup49" dev="sysfs" ino=72840 scontext=u:r:system_suspend:s0 tcontext=u:object_r:sysfs:s0 tclass=dir permissive=0
01-01 11:56:46.556 576 576 W Binder:576_2: type=1400 audit(0.0:65): avc: denied { read } for name="wakeup49" dev="sysfs" ino=72840 scontext=u:r:system_suspend:s0 tcontext=u:object_r:sysfs:s0 tclass=dir permissive=0
01-01 11:56:46.560 576 582 E android.system.suspend@1.0-service: Error opening kernel wakelock stats for: wakeup59: Permission denied
01-01 11:56:46.561 576 582 E android.system.suspend@1.0-service: Error opening kernel wakelock stats for: wakeup49: Permission denied
01-01 11:56:46.556 576 576 I auditd : type=1400 audit(0.0:66): avc: denied { read } for comm="Binder:576_2" name="wakeup5" dev="sysfs" ino=47177 scontext=u:r:system_suspend:s0 tcontext=u:object_r:sysfs:s0 tclass=dir permissive=0
01-01 11:56:46.556 576 576 W Binder:576_2: type=1400 audit(0.0:66): avc: denied { read } for name="wakeup5" dev="sysfs" ino=47177 scontext=u:r:system_suspend:s0 tcontext=u:object_r:sysfs:s0 tclass=dir permissive=0
01-01 11:56:46.561 576 582 E android.system.suspend@1.0-service: Error opening kernel wakelock stats for: wakeup5: Permission denied
01-01 11:56:46.560 576 576 I auditd : type=1400 audit(0.0:67): avc: denied { read } for comm="Binder:576_2" name="wakeup39" dev="sysfs" ino=67392 scontext=u:r:system_suspend:s0 tcontext=u:object_r:sysfs:s0 tclass=dir permissive=0
01-01 11:56:46.560 576 576 W Binder:576_2: type=1400 audit(0.0:67): avc: denied { read } for name="wakeup39" dev="sysfs" ino=67392 scontext=u:r:system_suspend:s0 tcontext=u:object_r:sysfs:s0 tclass=dir permissive=0
01-01 11:56:46.560 576 576 I auditd : type=1400 audit(0.0:68): avc: denied { read } for comm="Binder:576_2" name="wakeup29" dev="sysfs" ino=56694 scontext=u:r:system_suspend:s0 tcontext=u:object_r:sysfs:s0 tclass=dir permissive=0
01-01 11:56:46.560 576 576 W Binder:576_2: type=1400 audit(0.0:68): avc: denied { read } for name="wakeup29" dev="sysfs" ino=56694 scontext=u:r:system_suspend:s0 tcontext=u:object_r:sysfs:s0 tclass=dir permissive=0
01-01 11:56:46.560 576 576 I auditd : type=1400 audit(0.0:69): avc: denied { read } for comm="Binder:576_2" name="wakeup57" dev="sysfs" ino=77295 scontext=u:r:system_suspend:s0 tcontext=u:object_r:sysfs:s0 tclass=dir permissive=0
01-01 11:56:46.560 576 576 W Binder:576_2: type=1400 audit(0.0:69): avc: denied { read } for name="wakeup57" dev="sysfs" ino=77295 scontext=u:r:system_suspend:s0 tcontext=u:object_r:sysfs:s0 tclass=dir permissive=0
01-01 11:56:46.563 576 582 E android.system.suspend@1.0-service: Error opening kernel wakelock stats for: wakeup39: Permission denied
01-01 11:56:46.566 576 582 E android.system.suspend@1.0-service: Error opening kernel wakelock stats for: wakeup29: Permission denied
01-01 11:56:46.566 576 582 E android.system.suspend@1.0-service: Error opening kernel wakelock stats for: wakeup57: Permission denied
01-01 11:56:46.564 576 576 I auditd : type=1400 audit(0.0:70): avc: denied { read } for comm="Binder:576_2" name="wakeup19" dev="sysfs" ino=56014 scontext=u:r:system_suspend:s0 tcontext=u:object_r:sysfs:s0 tclass=dir permissive=0
01-01 11:56:46.564 576 576 W Binder:576_2: type=1400 audit(0.0:70): avc: denied { read } for name="wakeup19" dev="sysfs" ino=56014 scontext=u:r:system_suspend:s0 tcontext=u:object_r:sysfs:s0 tclass=dir permissive=0
01-01 11:56:46.569 576 582 E android.system.suspend@1.0-service: Error opening kernel wakelock stats for: wakeup19: Permission denied
01-01 11:56:46.572 576 576 I auditd : type=1400 audit(0.0:71): avc: denied { read } for comm="Binder:576_2" name="wakeup37" dev="sysfs" ino=66953 scontext=u:r:system_suspend:s0 tcontext=u:object_r:sysfs:s0 tclass=dir permissive=0
01-01 11:56:46.572 576 576 W Binder:576_2: type=1400 audit(0.0:71): avc: denied { read } for name="wakeup37" dev="sysfs" ino=66953 scontext=u:r:system_suspend:s0 tcontext=u:object_r:sysfs:s0 tclass=dir permissive=0
01-01 11:56:46.576 576 576 I auditd : type=1400 audit(0.0:72): avc: denied { read } for comm="Binder:576_2" name="wakeup27" dev="sysfs" ino=56551 scontext=u:r:system_suspend:s0 tcontext=u:object_r:sysfs:s0 tclass=dir permissive=0
01-01 11:56:46.576 576 576 W Binder:576_2: type=1400 audit(0.0:72): avc: denied { read } for name="wakeup27" dev="sysfs" ino=56551 scontext=u:r:system_suspend:s0 tcontext=u:object_r:sysfs:s0 tclass=dir permissive=0
01-01 11:56:46.576 576 576 I auditd : type=1400 audit(0.0:73): avc: denied { read } for comm="Binder:576_2" name="wakeup55" dev="sysfs" ino=77223 scontext=u:r:system_suspend:s0 tcontext=u:object_r:sysfs:s0 tclass=dir permissive=0
01-01 11:56:46.576 576 576 W Binder:576_2: type=1400 audit(0.0:73): avc: denied { read } for name="wakeup55" dev="sysfs" ino=77223 scontext=u:r:system_suspend:s0 tcontext=u:object_r:sysfs:s0 tclass=dir permissive=0
01-01 11:56:46.576 576 582 E android.system.suspend@1.0-service: Error opening kernel wakelock stats for: wakeup37: Permission denied
01-01 11:56:46.580 576 582 E android.system.suspend@1.0-service: Error opening kernel wakelock stats for: wakeup27: Permission denied
01-01 11:56:46.580 576 582 E android.system.suspend@1.0-service: Error opening kernel wakelock stats for: wakeup55: Permission denied
01-01 11:56:46.578 0 0 W QSEECOM : __qseecom_unload_app: App (6) is unloaded
01-01 11:56:46.584 0 0 D qbt : qbt_release: entry minor_no=0 fd_available=0
01-01 11:56:46.584 0 0 D qbt : qbt_release: Releasing wakelock
01-01 11:56:46.584 0 0 D qbt : qbt_release: exit : fd_available=1
01-01 11:56:46.584 0 0 D qbt : qbt_release: entry minor_no=1 fd_available=1
01-01 11:56:46.584 0 0 D qbt : qbt_release: exit : fd_available=1
01-01 11:56:46.583 576 582 E android.system.suspend@1.0-service: Error opening kernel wakelock stats for: wakeup17: Permission denied
01-01 11:56:46.584 576 582 E android.system.suspend@1.0-service: Error opening kernel wakelock stats for: wakeup45: Permission denied
01-01 11:56:46.584 1504 1543 E QFP : Dropping unsupported QBT command
01-01 11:56:46.584 576 582 E android.system.suspend@1.0-service: Error opening kernel wakelock stats for: wakeup1: Permission denied
01-01 11:56:46.584 1504 1543 I QFP : openFramework:QFP TZ VERSION: 3.0.3.39
01-01 11:56:46.585 1504 1543 E QFP : releaseWakelock: qbt sensor handle is invalid
01-01 11:56:46.585 1504 1543 E QFP : qfp_init failed -1
01-01 11:56:46.585 1504 1543 I QFP : QfpThreadOptimize::invoke: entry.
01-01 11:56:46.585 1504 1543 I QFP : QfpThreadOptimize::invoke: QFP not initialized, exiting Optimize thread
01-01 11:56:46.585 1504 1543 I QFP : QfpThreadErieEvent::invoke: entry.
01-01 11:56:46.585 1504 1543 I QFP : QfpThreadErieEvent::invoke: QFP not initialized, exiting ErieEvent thread
01-01 11:56:46.586 1504 1504 I QFP : notifyPowerState: 2
01-01 11:56:46.586 1504 1504 I QFP : notifyPowerState: 2
01-01 11:56:46.586 1504 1504 I QFP : notifyPowerState: screen state 2
01-01 11:56:46.587 1504 1504 I QFP : getPersistPropVal: persist.vendor.qfp.force_num_con = 0 (default 0)
01-01 11:56:46.587 1504 1504 I QFP : instantiate: TA Api Version=0
01-01 11:56:46.587 1504 1673 I QFP : QfpThreadOptimize::invoke: entry.
01-01 11:56:46.587 1504 1673 I QFP : QfpThreadOptimize::invoke: QFP not initialized, exiting Optimize thread
01-01 11:56:46.587 1504 1673 I QFP : QfpThreadErieEvent::invoke: entry.
01-01 11:56:46.587 1504 1673 I QFP : QfpThreadErieEvent::invoke: QFP not initialized, exiting ErieEvent thread
01-01 11:56:46.589 576 582 E android.system.suspend@1.0-service: Error opening kernel wakelock stats for: wakeup63: Permission denied
01-01 11:56:46.589 576 582 E android.system.suspend@1.0-service: Error opening kernel wakelock stats for: wakeup25: Permission denied
01-01 11:56:46.589 576 582 E android.system.suspend@1.0-service: Error opening kernel wakelock stats for: wakeup53: Permission denied
01-01 11:56:46.589 576 582 E android.system.suspend@1.0-service: Error opening kernel wakelock stats for: wakeup81: Permission denied
01-01 11:56:46.590 576 582 E android.system.suspend@1.0-service: Error opening kernel wakelock stats for: wakeup15: Permission denied
01-01 11:56:46.590 1504 1504 I QFP : QfpFtmClientImpl: dlopen of /vendor/lib64/libdiag.so success!
01-01 11:56:46.576 576 576 I auditd : type=1400 audit(0.0:74): avc: denied { read } for comm="Binder:576_2" name="wakeup17" dev="sysfs" ino=55938 scontext=u:r:system_suspend:s0 tcontext=u:object_r:sysfs:s0 tclass=dir permissive=0
01-01 11:56:46.576 576 576 W Binder:576_2: type=1400 audit(0.0:74): avc: denied { read } for name="wakeup17" dev="sysfs" ino=55938 scontext=u:r:system_suspend:s0 tcontext=u:object_r:sysfs:s0 tclass=dir permissive=0
01-01 11:56:46.580 576 576 I auditd : type=1400 audit(0.0:75): avc: denied { read } for comm="Binder:576_2" name="wakeup45" dev="sysfs" ino=71623 scontext=u:r:system_suspend:s0 tcontext=u:object_r:sysfs:s0 tclass=dir permissive=0
01-01 11:56:46.580 576 576 W Binder:576_2: type=1400 audit(0.0:75): avc: denied { read } for name="wakeup45" dev="sysfs" ino=71623 scontext=u:r:system_suspend:s0 tcontext=u:object_r:sysfs:s0 tclass=dir permissive=0
01-01 11:56:46.580 576 576 I auditd : type=1400 audit(0.0:76): avc: denied { read } for comm="Binder:576_2" name="wakeup1" dev="sysfs" ino=43905 scontext=u:r:system_suspend:s0 tcontext=u:object_r:sysfs:s0 tclass=dir permissive=0
01-01 11:56:46.580 576 576 W Binder:576_2: type=1400 audit(0.0:76): avc: denied { read } for name="wakeup1" dev="sysfs" ino=43905 scontext=u:r:system_suspend:s0 tcontext=u:object_r:sysfs:s0 tclass=dir permissive=0
01-01 11:56:46.584 576 576 I auditd : type=1400 audit(0.0:77): avc: denied { read } for comm="Binder:576_2" name="wakeup63" dev="sysfs" ino=77523 scontext=u:r:system_suspend:s0 tcontext=u:object_r:sysfs:s0 tclass=dir permissive=0
01-01 11:56:46.584 576 576 W Binder:576_2: type=1400 audit(0.0:77): avc: denied { read } for name="wakeup63" dev="sysfs" ino=77523 scontext=u:r:system_suspend:s0 tcontext=u:object_r:sysfs:s0 tclass=dir permissive=0
01-01 11:56:46.584 576 576 I auditd : type=1400 audit(0.0:78): avc: denied { read } for comm="Binder:576_2" name="wakeup25" dev="sysfs" ino=56348 scontext=u:r:system_suspend:s0 tcontext=u:object_r:sysfs:s0 tclass=dir permissive=0
01-01 11:56:46.584 576 576 W Binder:576_2: type=1400 audit(0.0:78): avc: denied { read } for name="wakeup25" dev="sysfs" ino=56348 scontext=u:r:system_suspend:s0 tcontext=u:object_r:sysfs:s0 tclass=dir permissive=0
01-01 11:56:46.584 576 576 I auditd : type=1400 audit(0.0:79): avc: denied { read } for comm="Binder:576_2" name="wakeup53" dev="sysfs" ino=77151 scontext=u:r:system_suspend:s0 tcontext=u:object_r:sysfs:s0 tclass=dir permissive=0
01-01 11:56:46.584 576 576 W Binder:576_2: type=1400 audit(0.0:79): avc: denied { read } for name="wakeup53" dev="sysfs" ino=77151 scontext=u:r:system_suspend:s0 tcontext=u:object_r:sysfs:s0 tclass=dir permissive=0
01-01 11:56:46.584 576 576 I auditd : type=1400 audit(0.0:80): avc: denied { read } for comm="Binder:576_2" name="wakeup81" dev="sysfs" ino=82797 scontext=u:r:system_suspend:s0 tcontext=u:object_r:sysfs:s0 tclass=dir permissive=0
01-01 11:56:46.584 576 576 W Binder:576_2: type=1400 audit(0.0:80): avc: denied { read } for name="wakeup81" dev="sysfs" ino=82797 scontext=u:r:system_suspend:s0 tcontext=u:object_r:sysfs:s0 tclass=dir permissive=0
01-01 11:56:46.584 576 576 I auditd : type=1400 audit(0.0:81): avc: denied { read } for comm="Binder:576_2" name="wakeup15" dev="sysfs" ino=55838 scontext=u:r:system_suspend:s0 tcontext=u:object_r:sysfs:s0 tclass=dir permissive=0
01-01 11:56:46.584 576 576 W Binder:576_2: type=1400 audit(0.0:81): avc: denied { read } for name="wakeup15" dev="sysfs" ino=55838 scontext=u:r:system_suspend:s0 tcontext=u:object_r:sysfs:s0 tclass=dir permissive=0
01-01 11:56:46.588 576 576 I auditd : type=1400 audit(0.0:82): avc: denied { read } for comm="Binder:576_2" name="wakeup33" dev="sysfs" ino=60832 scontext=u:r:system_suspend:s0 tcontext=u:object_r:sysfs:s0 tclass=dir permissive=0
01-01 11:56:46.588 576 576 W Binder:576_2: type=1400 audit(0.0:82): avc: denied { read } for name="wakeup33" dev="sysfs" ino=60832 scontext=u:r:system_suspend:s0 tcontext=u:object_r:sysfs:s0 tclass=dir permissive=0
01-01 11:56:46.588 576 576 I auditd : type=1400 audit(0.0:83): avc: denied { read } for comm="Binder:576_2" name="wakeup61" dev="sysfs" ino=77451 scontext=u:r:system_suspend:s0 tcontext=u:object_r:sysfs:s0 tclass=dir permissive=0
01-01 11:56:46.588 576 576 W Binder:576_2: type=1400 audit(0.0:83): avc: denied { read } for name="wakeup61" dev="sysfs" ino=77451 scontext=u:r:system_suspend:s0 tcontext=u:object_r:sysfs:s0 tclass=dir permissive=0
01-01 11:56:46.588 576 576 I auditd : type=1400 audit(0.0:84): avc: denied { read } for comm="Binder:576_2" name="wakeup23" dev="sysfs" ino=56249 scontext=u:r:system_suspend:s0 tcontext=u:object_r:sysfs:s0 tclass=dir permissive=0
01-01 11:56:46.588 576 576 W Binder:576_2: type=1400 audit(0.0:84): avc: denied { read } for name="wakeup23" dev="sysfs" ino=56249 scontext=u:r:system_suspend:s0 tcontext=u:object_r:sysfs:s0 tclass=dir permissive=0
01-01 11:56:46.592 576 576 I auditd : type=1400 audit(0.0:85): avc: denied { read } for comm="Binder:576_2" name="wakeup51" dev="sysfs" ino=77079 scontext=u:r:system_suspend:s0 tcontext=u:object_r:sysfs:s0 tclass=dir permissive=0
01-01 11:56:46.592 576 576 W Binder:576_2: type=1400 audit(0.0:85): avc: denied { read } for name="wakeup51" dev="sysfs" ino=77079 scontext=u:r:system_suspend:s0 tcontext=u:object_r:sysfs:s0 tclass=dir permissive=0
01-01 11:56:46.592 576 576 I auditd : type=1400 audit(0.0:86): avc: denied { read } for comm="Binder:576_2" name="wakeup8" dev="sysfs" ino=55491 scontext=u:r:system_suspend:s0 tcontext=u:object_r:sysfs:s0 tclass=dir permissive=0
01-01 11:56:46.592 576 576 W Binder:576_2: type=1400 audit(0.0:86): avc: denied { read } for name="wakeup8" dev="sysfs" ino=55491 scontext=u:r:system_suspend:s0 tcontext=u:object_r:sysfs:s0 tclass=dir permissive=0
01-01 11:56:46.592 576 576 I auditd : type=1400 audit(0.0:87): avc: denied { read } for comm="Binder:576_2" name="wakeup13" dev="sysfs" ino=55730 scontext=u:r:system_suspend:s0 tcontext=u:object_r:sysfs:s0 tclass=dir permissive=0
01-01 11:56:46.592 576 576 W Binder:576_2: type=1400 audit(0.0:87): avc: denied { read } for name="wakeup13" dev="sysfs" ino=55730 scontext=u:r:system_suspend:s0 tcontext=u:object_r:sysfs:s0 tclass=dir permissive=0
01-01 11:56:46.592 576 576 I auditd : type=1400 audit(0.0:88): avc: denied { read } for comm="Binder:576_2" name="wakeup41" dev="sysfs" ino=67492 scontext=u:r:system_suspend:s0 tcontext=u:object_r:sysfs:s0 tclass=dir permissive=0
01-01 11:56:46.592 576 576 W Binder:576_2: type=1400 audit(0.0:88): avc: denied { read } for name="wakeup41" dev="sysfs" ino=67492 scontext=u:r:system_suspend:s0 tcontext=u:object_r:sysfs:s0 tclass=dir permissive=0
01-01 11:56:46.592 576 576 I auditd : type=1400 audit(0.0:89): avc: denied { read } for comm="Binder:576_2" name="wakeup31" dev="sysfs" ino=56898 scontext=u:r:system_suspend:s0 tcontext=u:object_r:sysfs:s0 tclass=dir permissive=0
01-01 11:56:46.592 576 576 W Binder:576_2: type=1400 audit(0.0:89): avc: denied { read } for name="wakeup31" dev="sysfs" ino=56898 scontext=u:r:system_suspend:s0 tcontext=u:object_r:sysfs:s0 tclass=dir permissive=0
01-01 11:56:46.592 576 576 I auditd : type=1400 audit(0.0:90): avc: denied { read } for comm="Binder:576_2" name="wakeup21" dev="sysfs" ino=56089 scontext=u:r:system_suspend:s0 tcontext=u:object_r:sysfs:s0 tclass=dir permissive=0
01-01 11:56:46.592 576 576 W Binder:576_2: type=1400 audit(0.0:90): avc: denied { read } for name="wakeup21" dev="sysfs" ino=56089 scontext=u:r:system_suspend:s0 tcontext=u:object_r:sysfs:s0 tclass=dir permissive=0
01-01 11:56:46.592 576 576 I auditd : type=1400 audit(0.0:91): avc: denied { read } for comm="Binder:576_2" name="wakeup6" dev="sysfs" ino=55439 scontext=u:r:system_suspend:s0 tcontext=u:object_r:sysfs:s0 tclass=dir permissive=0
01-01 11:56:46.592 576 576 W Binder:576_2: type=1400 audit(0.0:91): avc: denied { read } for name="wakeup6" dev="sysfs" ino=55439 scontext=u:r:system_suspend:s0 tcontext=u:object_r:sysfs:s0 tclass=dir permissive=0
01-01 11:56:46.596 576 576 I auditd : type=1400 audit(0.0:92): avc: denied { read } for comm="Binder:576_2" name="wakeup11" dev="sysfs" ino=55645 scontext=u:r:system_suspend:s0 tcontext=u:object_r:sysfs:s0 tclass=dir permissive=0
01-01 11:56:46.596 576 576 W Binder:576_2: type=1400 audit(0.0:92): avc: denied { read } for name="wakeup11" dev="sysfs" ino=55645 scontext=u:r:system_suspend:s0 tcontext=u:object_r:sysfs:s0 tclass=dir permissive=0
01-01 11:56:46.594 576 582 E android.system.suspend@1.0-service: Error opening kernel wakelock stats for: wakeup33: Permission denied
01-01 11:56:46.594 576 582 E android.system.suspend@1.0-service: Error opening kernel wakelock stats for: wakeup61: Permission denied
01-01 11:56:46.594 576 582 E android.system.suspend@1.0-service: Error opening kernel wakelock stats for: wakeup23: Permission denied
01-01 11:56:46.595 576 582 E android.system.suspend@1.0-service: Error opening kernel wakelock stats for: wakeup51: Permission denied
01-01 11:56:46.595 576 582 E android.system.suspend@1.0-service: Error opening kernel wakelock stats for: wakeup8: Permission denied
01-01 11:56:46.595 576 582 E android.system.suspend@1.0-service: Error opening kernel wakelock stats for: wakeup13: Permission denied
01-01 11:56:46.596 576 582 E android.system.suspend@1.0-service: Error opening kernel wakelock stats for: wakeup41: Permission denied
01-01 11:56:46.596 576 582 E android.system.suspend@1.0-service: Error opening kernel wakelock stats for: wakeup31: Permission denied
01-01 11:56:46.596 576 582 E android.system.suspend@1.0-service: Error opening kernel wakelock stats for: wakeup21: Permission denied
01-01 11:56:46.597 576 582 E android.system.suspend@1.0-service: Error opening kernel wakelock stats for: wakeup6: Permission denied
01-01 11:56:46.597 1504 1504 I QFP : enable: registered with Diag LSM
01-01 11:56:46.599 576 582 E android.system.suspend@1.0-service: Error opening kernel wakelock stats for: wakeup11: Permission denied
01-01 11:56:46.602 1504 1504 I HidlServiceManagement: Registered android.hardware.biometrics.fingerprint@2.1::IBiometricsFingerprint/default (start delay of 2137ms)
01-01 11:56:46.604 1151 1668 W KernelMemoryBandwidthStats: No kernel memory bandwidth stats available
