01-01 11:57:58.290 2307 2315 I audio_hw_utils: audio_extn_utils_update_stream_output_app_type_cfg Allowing 24 and above bits playback on speaker ONLY at default sampling rate
01-01 11:57:58.290 2307 2315 D audio_hw_primary: adev_open_output_stream: Stream (0xe424c970) picks up usecase (compress-offload-playback)
01-01 11:57:58.290 2307 2315 D audio_hw_primary: io_streams_map_insert: Added stream in io_streams_map with handle 53
01-01 11:57:58.292 2311 2311 I AudioFlinger: HAL output buffer size 2048 frames, normal sink buffer size 2048 frames
01-01 11:57:58.292 2307 2315 D audio_hw_utils: audio_extn_utils_compress_get_dsp_latency:: Using Fix DSP delay
01-01 11:57:58.292 2307 2315 D audio_hw_utils: audio_extn_utils_compress_get_dsp_latency:: delay in ms is 50
01-01 11:57:58.293 2311 2311 D AudioFlinger: Failed to add event callback
01-01 11:57:58.294 2311 2429 I AudioFlinger: AudioFlinger's thread 0xb40000715ace5840 tid=2429 ready to run
01-01 11:57:58.294 2307 2315 D audio_hw_utils: audio_extn_utils_compress_get_dsp_latency:: Using Fix DSP delay
01-01 11:57:58.294 2307 2315 D audio_hw_utils: audio_extn_utils_compress_get_dsp_latency:: delay in ms is 50
01-01 11:57:58.294 2311 2429 W AudioFlinger: no wake lock to update, system not ready yet
01-01 11:57:58.294 2311 2429 D AudioFlinger: ro.audio.silent is ignored since no output device is set
01-01 11:57:58.294 2307 2315 D audio_hw_utils: audio_extn_utils_compress_get_dsp_latency:: Using Fix DSP delay
01-01 11:57:58.294 2307 2315 D audio_hw_utils: audio_extn_utils_compress_get_dsp_latency:: delay in ms is 50
01-01 11:57:58.295 2311 2429 W AudioFlinger: no wake lock to update, system not ready yet
01-01 11:57:58.295 2311 2429 D AudioFlinger: ro.audio.silent is ignored since no output device is set
01-01 11:57:58.295 2307 2315 D audio_hw_primary: out_set_parameters: enter: usecase(3: compress-offload-playback) kvpairs: closing=true
01-01 11:57:58.297 2307 2315 D audio_hw_primary: out_set_parameters: enter: usecase(3: compress-offload-playback) kvpairs: exiting=1
01-01 11:57:58.297 2307 2427 E audio_hw_primary: offload_thread_loop: Compress handle is NULL
01-01 11:57:58.298 2307 2315 D audio_hw_primary: adev_close_output_stream: enter:stream_handle(compress-offload-playback)
01-01 11:57:58.298 2307 2315 D audio_hw_primary: io_streams_map_remove: Removed stream with handle 53
01-01 11:57:58.298 2307 2315 D audio_hw_primary: out_standby: enter: stream (0xe424c970) usecase(3: compress-offload-playback)
01-01 11:57:58.298 2307 2315 D audio_hw_primary: out_standby: exit
01-01 11:57:58.299 2311 2311 I AudioFlinger: openOutput() this 0xb4000070aacdd070, module 10 Device type:0x10000,@:, SamplingRate 48000, Format 0x000001, Channels 0x3, flags 0
01-01 11:57:58.299 2307 2313 D audio_hw_primary: adev_open_output_stream: enter: format(0x1) sample_rate(48000) channel_mask(0x3) devices(0x10000) flags(0) stream_handle(0xe4248650) address()
01-01 11:57:58.299 2307 2313 D audio_hw_primary: adev_open_output_stream: Stream (0xe4248650) picks up usecase (afe-proxy-playback)
01-01 11:57:58.299 2307 2313 D audio_hw_primary: io_streams_map_insert: Added stream in io_streams_map with handle 61
01-01 11:57:58.302 2311 2311 I AudioFlinger: HAL output buffer size 768 frames, normal sink buffer size 1152 frames
01-01 11:57:58.304 2311 2311 D AudioFlinger: Failed to add event callback
01-01 11:57:58.305 2307 2313 D audio_hw_primary: adev_get_parameters:routing=65536;supEncapsulationMetadataTypes;supEncapsulationModes
01-01 11:57:58.305 2307 2313 D audio_hw_spkr_prot: fbsp_get_parameters: Speaker protection disabled
01-01 11:57:58.305 2307 2313 D soundtrigger: audio_extn_sound_trigger_get_parameters input string
01-01 11:57:58.305 2307 2313 D soundtrigger: extract_sm_handle input string param string
01-01 11:57:58.305 2307 2313 D audio_hw_extn: audio_extn_fm_get_parameters: Enter
01-01 11:57:58.305 2307 2313 D audio_hw_extn: audio_extn_get_parameters: returns
01-01 11:57:58.305 2307 2313 D audio_hw_primary: adev_get_parameters: exit: returns -
01-01 11:57:58.305 2311 2433 I AudioFlinger: AudioFlinger's thread 0xb40000720aeb0060 tid=2433 ready to run
01-01 11:57:58.305 2311 2433 W AudioFlinger: no wake lock to update, system not ready yet
01-01 11:57:58.305 2311 2433 D AudioFlinger: ro.audio.silent is ignored since no output device is set
01-01 11:57:58.306 2307 2313 D audio_hw_primary: out_standby: enter: stream (0xe4248650) usecase(54: afe-proxy-playback)
01-01 11:57:58.306 2307 2313 D audio_hw_primary: out_standby: exit
01-01 11:57:58.306 2311 2433 W AudioFlinger: no wake lock to update, system not ready yet
01-01 11:57:58.307 2311 2433 D AudioFlinger: ro.audio.silent is ignored since no output device is set
01-01 11:57:58.371 2307 2313 D audio_hw_primary: adev_create_audio_patch: enter: num sources 1, num_sinks 1, handle 0
01-01 11:57:58.371 2307 2313 D audio_hw_primary: adev_create_audio_patch: Playback patch from mix handle 61 to device 10000
01-01 11:57:58.371 2307 2313 D audio_hw_primary: update_patch: enter
01-01 11:57:58.371 2307 2313 D audio_hw_primary: route_output_stream: enter: usecase(54: afe-proxy-playback) devices 10000
01-01 11:57:58.371 2307 2313 D audio_hw_primary: adev_create_audio_patch: Added a new patch with handle 4
01-01 11:57:58.373 2311 2311 I AudioFlinger: openOutput() this 0xb4000070aacdd070, module 10 Device type:0x2,@:, SamplingRate 8000, Format 0x000001, Channels 0x1, flags 0x8001
01-01 11:57:58.373 2307 2313 D audio_hw_primary: adev_open_output_stream: enter: format(0x1) sample_rate(8000) channel_mask(0x1) devices(0x2) flags(0x8001) stream_handle(0xe424a7e0) address()
01-01 11:57:58.373 2307 2313 W audio_hw_utils: audio_extn_utils_is_vendor_enhanced_fwk: is_vendor_enhanced_fwk 1
01-01 11:57:58.373 2307 2313 I audio_hw_utils: audio_extn_utils_update_stream_output_app_type_cfg Allowing 24 and above bits playback on speaker ONLY at default sampling rate
01-01 11:57:58.373 2307 2313 D audio_hw_primary: adev_open_output_stream: Stream (0xe424a7e0) picks up usecase (audio-playback-voip)
01-01 11:57:58.373 2307 2313 D audio_hw_primary: io_streams_map_insert: Added stream in io_streams_map with handle 69
01-01 11:57:58.375 2311 2311 I AudioFlinger: HAL output buffer size 160 frames, normal sink buffer size 160 frames
01-01 11:57:58.376 2311 2311 D AudioFlinger: Failed to add event callback
01-01 11:57:58.377 2311 2434 I AudioFlinger: AudioFlinger's thread 0xb40000715ace5840 tid=2434 ready to run
01-01 11:57:58.377 2311 2434 W AudioFlinger: no wake lock to update, system not ready yet
01-01 11:57:58.377 2311 2434 D AudioFlinger: ro.audio.silent is ignored since no output device is set
01-01 11:57:58.377 2307 2313 D audio_hw_primary: out_standby: enter: stream (0xe424a7e0) usecase(33: audio-playback-voip)
01-01 11:57:58.378 2307 2313 D audio_hw_primary: out_standby: exit
01-01 11:57:58.379 2311 2434 W AudioFlinger: no wake lock to update, system not ready yet
01-01 11:57:58.379 2311 2434 D AudioFlinger: ro.audio.silent is ignored since no output device is set
01-01 11:57:58.379 2307 2313 D audio_hw_primary: out_set_parameters: enter: usecase(33: audio-playback-voip) kvpairs: closing=true
01-01 11:57:58.381 2307 2313 D audio_hw_primary: out_set_parameters: enter: usecase(33: audio-playback-voip) kvpairs: exiting=1
01-01 11:57:58.379 0 0 D : mv2112_read_status
01-01 11:57:58.379 0 0 D mv2112_update_link: 3.0x901(1G): 0x84
01-01 11:57:58.379 0 0 D mv2112_update_link: 3.0x8109(100M): 0xc
01-01 11:57:58.379 0 0 D mv2112_update_link: link 0x4
01-01 11:57:58.379 0 0 D mv2112_read_status: autoneg is disabled
01-01 11:57:58.382 2307 2313 D audio_hw_primary: adev_close_output_stream: enter:stream_handle(audio-playback-voip)
01-01 11:57:58.382 2307 2313 D audio_hw_primary: io_streams_map_remove: Removed stream with handle 69
01-01 11:57:58.382 2307 2313 D audio_hw_primary: out_standby: enter: stream (0xe424a7e0) usecase(33: audio-playback-voip)
01-01 11:57:58.382 2307 2313 D audio_hw_primary: out_standby: exit
01-01 11:57:58.382 2311 2311 I AudioFlinger: openOutput() this 0xb4000070aacdd070, module 10 Device type:0x10000,@:, SamplingRate 48000, Format 0x000001, Channels 0x3, flags 0x10000
01-01 11:57:58.383 2307 2313 D audio_hw_primary: adev_open_output_stream: enter: format(0x1) sample_rate(48000) channel_mask(0x3) devices(0x10000) flags(0x10000) stream_handle(0xe424a7e0) address()
01-01 11:57:58.383 2307 2313 E voice_extn: voice_extn_check_and_set_incall_music_usecase: Invalid session id 0
01-01 11:57:58.383 2307 2313 D audio_hw_primary: adev_open_output_stream: Stream (0xe424a7e0) picks up usecase (incall_music_uplink)
01-01 11:57:58.383 2307 2313 D audio_hw_primary: io_streams_map_insert: Added stream in io_streams_map with handle 77
01-01 11:57:58.385 2311 2311 I AudioFlinger: HAL output buffer size 240 frames, normal sink buffer size 960 frames
01-01 11:57:58.387 2311 2311 D AudioFlinger: Failed to add event callback
01-01 11:57:58.388 2311 2437 I AudioFlinger: AudioFlinger's thread 0xb40000720af70080 tid=2437 ready to run
01-01 11:57:58.388 2311 2437 W AudioFlinger: no wake lock to update, system not ready yet
01-01 11:57:58.388 2311 2437 D AudioFlinger: ro.audio.silent is ignored since no output device is set
01-01 11:57:58.388 2307 2315 D audio_hw_primary: out_standby: enter: stream (0xe424a7e0) usecase(50: incall_music_uplink)
01-01 11:57:58.388 2307 2315 D audio_hw_primary: out_standby: exit
01-01 11:57:58.389 2311 2437 W AudioFlinger: no wake lock to update, system not ready yet
01-01 11:57:58.389 2311 2437 D AudioFlinger: ro.audio.silent is ignored since no output device is set
01-01 11:57:58.423 2307 2315 D audio_hw_primary: adev_create_audio_patch: enter: num sources 1, num_sinks 1, handle 0
01-01 11:57:58.423 2307 2315 D audio_hw_primary: adev_create_audio_patch: Playback patch from mix handle 77 to device 10000
01-01 11:57:58.423 2307 2315 D audio_hw_primary: update_patch: enter
01-01 11:57:58.423 2307 2315 D audio_hw_primary: route_output_stream: enter: usecase(50: incall_music_uplink) devices 10000
01-01 11:57:58.423 2307 2315 D audio_hw_primary: adev_create_audio_patch: Added a new patch with handle 5
01-01 11:57:58.425 2307 2315 D audio_hw_primary: adev_open_input_stream: enter: sample_rate(48000) channel_mask(0xc) devices(0x80000004) stream_handle(0xe59046f0) io_handle(14) source(1) format 1
01-01 11:57:58.425 2307 2315 D audio_hw_primary: io_streams_map_insert: Added stream in io_streams_map with handle 14
01-01 11:57:58.425 2307 2315 E device_utils: update_device_list: Invalid device: 0
01-01 11:57:58.428 2311 2438 I AudioFlinger: AudioFlinger's thread 0xb40000720b0300a0 tid=2438 ready to run
01-01 11:57:58.428 2307 2315 D audio_hw_primary: in_standby: enter: stream (0xe59046f0) usecase(23: audio-record)
01-01 11:57:58.430 2311 2438 W AudioFlinger: no wake lock to update, system not ready yet
01-01 11:57:58.430 2307 2313 D audio_hw_primary: in_standby: enter: stream (0xe59046f0) usecase(23: audio-record)
01-01 11:57:58.431 2311 2438 W AudioFlinger: no wake lock to update, system not ready yet
01-01 11:57:58.431 2307 2313 D audio_hw_primary: adev_close_input_stream: enter:stream_handle(0xe59046f0)
01-01 11:57:58.431 2307 2313 D audio_hw_primary: io_streams_map_remove: Removed stream with handle 14
01-01 11:57:58.431 2307 2313 D soundtrigger: audio_extn_sound_trigger_check_ec_ref_enable: EC Reference is disabled
01-01 11:57:58.431 2307 2313 D sound_trigger_hw: handle_audio_ec_ref_enabled: Enter
01-01 11:57:58.431 2307 2313 D sound_trigger_hw: handle_audio_ec_ref_enabled: Exit audio ec ref=0
01-01 11:57:58.431 2307 2313 D soundtrigger: audio_extn_sound_trigger_update_ec_ref_status: update audio echo ref status false
01-01 11:57:58.431 2307 2313 D audio_hw_primary: in_standby: enter: stream (0xe59046f0) usecase(23: audio-record)
01-01 11:57:58.432 2307 2313 D audio_hw_primary: adev_open_input_stream: enter: sample_rate(48000) channel_mask(0x10) devices(0x80000004) stream_handle(0xe59046f0) io_handle(22) source(1) format 1
01-01 11:57:58.432 2307 2313 D audio_hw_primary: io_streams_map_insert: Added stream in io_streams_map with handle 22
01-01 11:57:58.432 2307 2313 E device_utils: update_device_list: Invalid device: 0
01-01 11:57:58.435 2311 2440 I AudioFlinger: AudioFlinger's thread 0xb40000720b0300a0 tid=2440 ready to run
01-01 11:57:58.435 2307 2313 D audio_hw_primary: adev_close_input_stream: enter:stream_handle(0xe59046f0)
01-01 11:57:58.435 2307 2313 D audio_hw_primary: io_streams_map_remove: Removed stream with handle 22
01-01 11:57:58.435 2307 2313 D soundtrigger: audio_extn_sound_trigger_check_ec_ref_enable: EC Reference is disabled
01-01 11:57:58.435 2307 2313 D sound_trigger_hw: handle_audio_ec_ref_enabled: Enter
01-01 11:57:58.435 2307 2313 D sound_trigger_hw: handle_audio_ec_ref_enabled: Exit audio ec ref=0
01-01 11:57:58.436 2307 2313 D soundtrigger: audio_extn_sound_trigger_update_ec_ref_status: update audio echo ref status false
01-01 11:57:58.436 2307 2313 D audio_hw_primary: in_standby: enter: stream (0xe59046f0) usecase(23: audio-record)
01-01 11:57:58.436 2307 2313 D audio_hw_primary: adev_open_input_stream: enter: sample_rate(192000) channel_mask(0x8000000f) devices(0x80000004) stream_handle(0xe59046f0) io_handle(30) source(1) format 5
01-01 11:57:58.436 2307 2313 D audio_hw_primary: adev_open_input_stream: enter: sample_rate(48000) channel_mask(0x8000000f) devices(0x80000004) stream_handle(0xe59046f0) io_handle(30) source(1) format 1
01-01 11:57:58.436 2307 2313 D audio_hw_primary: io_streams_map_insert: Added stream in io_streams_map with handle 30
01-01 11:57:58.437 2307 2313 E device_utils: update_device_list: Invalid device: 0
01-01 11:57:58.439 2311 2442 I AudioFlinger: AudioFlinger's thread 0xb40000720b0300a0 tid=2442 ready to run
01-01 11:57:58.439 2307 2313 D audio_hw_primary: in_standby: enter: stream (0xe59046f0) usecase(23: audio-record)
01-01 11:57:58.440 2311 2442 W AudioFlinger: no wake lock to update, system not ready yet
01-01 11:57:58.440 2307 2313 D audio_hw_primary: in_standby: enter: stream (0xe59046f0) usecase(23: audio-record)
01-01 11:57:58.440 2311 2442 W AudioFlinger: no wake lock to update, system not ready yet
01-01 11:57:58.441 2307 2313 D audio_hw_primary: adev_close_input_stream: enter:stream_handle(0xe59046f0)
01-01 11:57:58.441 2307 2313 D audio_hw_primary: io_streams_map_remove: Removed stream with handle 30
01-01 11:57:58.441 2307 2313 D soundtrigger: audio_extn_sound_trigger_check_ec_ref_enable: EC Reference is disabled
01-01 11:57:58.441 2307 2313 D sound_trigger_hw: handle_audio_ec_ref_enabled: Enter
01-01 11:57:58.441 2307 2313 D sound_trigger_hw: handle_audio_ec_ref_enabled: Exit audio ec ref=0
01-01 11:57:58.441 2307 2313 D soundtrigger: audio_extn_sound_trigger_update_ec_ref_status: update audio echo ref status false
01-01 11:57:58.441 2307 2313 D audio_hw_primary: in_standby: enter: stream (0xe59046f0) usecase(23: audio-record)
01-01 11:57:58.441 2307 2313 D audio_hw_primary: adev_open_input_stream: enter: sample_rate(48000) channel_mask(0xc) devices(0x80000040) stream_handle(0xe59046f0) io_handle(38) source(1) format 1
01-01 11:57:58.442 2307 2313 D audio_hw_primary: io_streams_map_insert: Added stream in io_streams_map with handle 38
01-01 11:57:58.442 2307 2313 E device_utils: update_device_list: Invalid device: 0
01-01 11:57:58.445 2311 2444 I AudioFlinger: AudioFlinger's thread 0xb40000720b0300a0 tid=2444 ready to run
01-01 11:57:58.445 2307 2313 D audio_hw_primary: adev_close_input_stream: enter:stream_handle(0xe59046f0)
01-01 11:57:58.445 2307 2313 D audio_hw_primary: io_streams_map_remove: Removed stream with handle 38
01-01 11:57:58.445 2307 2313 D soundtrigger: audio_extn_sound_trigger_check_ec_ref_enable: EC Reference is disabled
01-01 11:57:58.445 2307 2313 D sound_trigger_hw: handle_audio_ec_ref_enabled: Enter
01-01 11:57:58.445 2307 2313 D sound_trigger_hw: handle_audio_ec_ref_enabled: Exit audio ec ref=0
01-01 11:57:58.445 2307 2313 D soundtrigger: audio_extn_sound_trigger_update_ec_ref_status: update audio echo ref status false
01-01 11:57:58.445 2307 2313 D audio_hw_primary: in_standby: enter: stream (0xe59046f0) usecase(55: afe-proxy-record)
01-01 11:57:58.446 2307 2313 D audio_hw_primary: adev_open_input_stream: enter: sample_rate(48000) channel_mask(0x80000007) devices(0x80000004) stream_handle(0xe59046f0) io_handle(46) source(1) format 1
01-01 11:57:58.446 2307 2313 D audio_hw_primary: io_streams_map_insert: Added stream in io_streams_map with handle 46
01-01 11:57:58.446 2307 2313 E device_utils: update_device_list: Invalid device: 0
01-01 11:57:58.449 2311 2446 I AudioFlinger: AudioFlinger's thread 0xb40000720b0300a0 tid=2446 ready to run
01-01 11:57:58.449 2307 2313 D audio_hw_primary: in_standby: enter: stream (0xe59046f0) usecase(23: audio-record)
01-01 11:57:58.450 2311 2446 W AudioFlinger: no wake lock to update, system not ready yet
01-01 11:57:58.450 2307 2313 D audio_hw_primary: in_standby: enter: stream (0xe59046f0) usecase(23: audio-record)
01-01 11:57:58.451 2311 2446 W AudioFlinger: no wake lock to update, system not ready yet
01-01 11:57:58.451 2307 2313 D audio_hw_primary: adev_close_input_stream: enter:stream_handle(0xe59046f0)
01-01 11:57:58.451 2307 2313 D audio_hw_primary: io_streams_map_remove: Removed stream with handle 46
01-01 11:57:58.451 2307 2313 D soundtrigger: audio_extn_sound_trigger_check_ec_ref_enable: EC Reference is disabled
01-01 11:57:58.451 2307 2313 D sound_trigger_hw: handle_audio_ec_ref_enabled: Enter
01-01 11:57:58.451 2307 2313 D sound_trigger_hw: handle_audio_ec_ref_enabled: Exit audio ec ref=0
01-01 11:57:58.451 2307 2313 D soundtrigger: audio_extn_sound_trigger_update_ec_ref_status: update audio echo ref status false
01-01 11:57:58.451 2307 2313 D audio_hw_primary: in_standby: enter: stream (0xe59046f0) usecase(23: audio-record)
01-01 11:57:58.452 2307 2313 D audio_hw_primary: adev_open_input_stream: enter: sample_rate(48000) channel_mask(0xc) devices(0x80000004) stream_handle(0xe59046f0) io_handle(54) source(1) format 1
01-01 11:57:58.452 2307 2313 D audio_hw_primary: io_streams_map_insert: Added stream in io_streams_map with handle 54
01-01 11:57:58.452 2307 2313 E device_utils: update_device_list: Invalid device: 0
01-01 11:57:58.454 2311 2448 I AudioFlinger: AudioFlinger's thread 0xb40000720b0300a0 tid=2448 ready to run
01-01 11:57:58.454 2307 2315 D audio_hw_primary: in_standby: enter: stream (0xe59046f0) usecase(23: audio-record)
01-01 11:57:58.455 2311 2448 W AudioFlinger: no wake lock to update, system not ready yet
01-01 11:57:58.455 2307 2315 D audio_hw_primary: in_standby: enter: stream (0xe59046f0) usecase(23: audio-record)
01-01 11:57:58.456 2311 2448 W AudioFlinger: no wake lock to update, system not ready yet
01-01 11:57:58.457 2307 2315 D audio_hw_primary: adev_close_input_stream: enter:stream_handle(0xe59046f0)
01-01 11:57:58.457 2307 2315 D audio_hw_primary: io_streams_map_remove: Removed stream with handle 54
01-01 11:57:58.457 2307 2315 D soundtrigger: audio_extn_sound_trigger_check_ec_ref_enable: EC Reference is disabled
01-01 11:57:58.457 2307 2315 D sound_trigger_hw: handle_audio_ec_ref_enabled: Enter
01-01 11:57:58.457 2307 2315 D sound_trigger_hw: handle_audio_ec_ref_enabled: Exit audio ec ref=0
01-01 11:57:58.457 2307 2315 D soundtrigger: audio_extn_sound_trigger_update_ec_ref_status: update audio echo ref status false
01-01 11:57:58.457 2307 2315 D audio_hw_primary: in_standby: enter: stream (0xe59046f0) usecase(23: audio-record)
01-01 11:57:58.457 2307 2315 D audio_hw_primary: adev_open_input_stream: enter: sample_rate(48000) channel_mask(0x8000000f) devices(0x80000004) stream_handle(0xe59046f0) io_handle(62) source(1) format 1
01-01 11:57:58.457 2307 2315 D audio_hw_primary: io_streams_map_insert: Added stream in io_streams_map with handle 62
01-01 11:57:58.457 2307 2315 E device_utils: update_device_list: Invalid device: 0
01-01 11:57:58.460 2311 2450 I AudioFlinger: AudioFlinger's thread 0xb40000720b0300a0 tid=2450 ready to run
01-01 11:57:58.460 2307 2315 D audio_hw_primary: in_standby: enter: stream (0xe59046f0) usecase(23: audio-record)
01-01 11:57:58.461 2311 2450 W AudioFlinger: no wake lock to update, system not ready yet
01-01 11:57:58.461 2307 2315 D audio_hw_primary: in_standby: enter: stream (0xe59046f0) usecase(23: audio-record)
01-01 11:57:58.461 2311 2450 W AudioFlinger: no wake lock to update, system not ready yet
01-01 11:57:58.462 2307 2315 D audio_hw_primary: adev_close_input_stream: enter:stream_handle(0xe59046f0)
01-01 11:57:58.462 2307 2315 D audio_hw_primary: io_streams_map_remove: Removed stream with handle 62
01-01 11:57:58.462 2307 2315 D soundtrigger: audio_extn_sound_trigger_check_ec_ref_enable: EC Reference is disabled
01-01 11:57:58.462 2307 2315 D sound_trigger_hw: handle_audio_ec_ref_enabled: Enter
01-01 11:57:58.462 2307 2315 D sound_trigger_hw: handle_audio_ec_ref_enabled: Exit audio ec ref=0
01-01 11:57:58.462 2307 2315 D soundtrigger: audio_extn_sound_trigger_update_ec_ref_status: update audio echo ref status false
01-01 11:57:58.462 2307 2315 D audio_hw_primary: in_standby: enter: stream (0xe59046f0) usecase(23: audio-record)
01-01 11:57:58.472 2311 2311 I bt_a2dp_hw: system/bt/audio_a2dp_hw/src/audio_a2dp_hw.cc:1998 adev_open: adev_open: adev_open in A2dp_hw module
01-01 11:57:58.472 2311 2311 I AudioFlinger: loadHwModule() Loaded a2dp audio interface, handle 18
01-01 11:57:58.475 2311 2311 I AudioFlinger: loadHwModule() Loaded usb audio interface, handle 26
01-01 11:57:58.477 2307 2313 I r_submix: adev_open(name=audio_hw_if)
01-01 11:57:58.477 1447 1486 W HidlServiceManagement: Waited one second for android.frameworks.sensorservice@1.0::ISensorManager/default
01-01 11:57:58.478 506 506 I hwservicemanager: Since android.frameworks.sensorservice@1.0::ISensorManager/default is not registered, trying to start it as a lazy HAL.
01-01 11:57:58.478 1447 1486 I HidlServiceManagement: getService: Trying again for android.frameworks.sensorservice@1.0::ISensorManager/default...
01-01 11:57:58.478 2307 2313 I r_submix: adev_init_check()
01-01 11:57:58.479 2311 2311 I AudioFlinger: loadHwModule() Loaded r_submix audio interface, handle 34
01-01 11:57:58.479 2307 2313 D r_submix: adev_open_input_stream(addr=0)
01-01 11:57:58.479 2307 2313 D r_submix: submix_audio_device_create_pipe_l(addr=0, idx=9)
01-01 11:57:58.479 2307 2313 D r_submix: now using address 0 for route 9
01-01 11:57:58.482 506 2452 W libc : Unable to set property "ctl.interface_start" to "android.frameworks.sensorservice@1.0::ISensorManager/default": error code: 0x20
01-01 11:57:58.482 506 2452 I hwservicemanager: Tried to start android.frameworks.sensorservice@1.0::ISensorManager/default as a lazy service, but was unable to. Usually this happens when a service is not installed, but if the service is intended to be used as a lazy service, then it may be configured incorrectly.
01-01 11:57:58.482 2311 2453 I AudioFlinger: AudioFlinger's thread 0xb40000720b0300a0 tid=2453 ready to run
01-01 11:57:58.482 2307 2313 D r_submix: adev_close_input_stream()
01-01 11:57:58.482 2307 2313 D r_submix: submix_audio_device_release_pipe_l(idx=9) addr=0
01-01 11:57:58.482 2307 2313 D r_submix: submix_audio_device_destroy_pipe_l(): pipe destroyed
01-01 11:57:58.484 2307 2313 D btaudio_offload_qti: is_value_adds_supported: vendor_info = 3
01-01 11:57:58.484 2307 2313 D btaudio_offload_qti: is_value_adds_supported: Build is running with QC Value-adds for odm
01-01 11:57:58.484 2307 2313 E btaudio_offload_qti: bt_audio_pre_init_qti: HIDL IBluetoothAudioProvidersFactory already registered
01-01 11:57:58.484 2307 2313 D btaudio_offload_qti_2_1: is_value_adds_supported: vendor_info = 3
01-01 11:57:58.484 2307 2313 D btaudio_offload_qti_2_1: is_value_adds_supported: Build is running with QC Value-adds for odm
01-01 11:57:58.485 506 506 I hwservicemanager: getTransport: Cannot find entry vendor.qti.hardware.bluetooth_audio@2.1::IBluetoothAudioProvidersFactory/default in either framework or device VINTF manifest.
01-01 11:57:58.487 506 506 I hwservicemanager: getTransport: Cannot find entry vendor.qti.hardware.bluetooth_audio@2.1::IBluetoothAudioProvidersFactory/default in either framework or device VINTF manifest.
01-01 11:57:58.487 2307 2313 E HidlServiceManagement: Service vendor.qti.hardware.bluetooth_audio@2.1::IBluetoothAudioProvidersFactory/default must be in VINTF manifest in order to register/get.
01-01 11:57:58.487 2307 2313 E LegacySupport: Could not register service vendor.qti.hardware.bluetooth_audio@2.1::IBluetoothAudioProvidersFactory/default (-2147483648).
01-01 11:57:58.487 2307 2313 E btaudio_offload_qti_2_1: bt_audio_pre_init_qti: HIDL IBluetoothAudioProvidersFactory 2.1 registration failed
01-01 11:57:58.489 2311 2311 I AudioFlinger: loadHwModule() Loaded bluetooth_qti audio interface, handle 42
01-01 11:57:58.491 2311 2311 I audioserver: Waiting for activity service
01-01 11:57:58.494 1447 1447 W HidlServiceManagement: Waited one second for android.frameworks.sensorservice@1.0::ISensorManager/default
01-01 11:57:58.494 506 506 I hwservicemanager: Since android.frameworks.sensorservice@1.0::ISensorManager/default is not registered, trying to start it as a lazy HAL.
01-01 11:57:58.494 1447 1447 I HidlServiceManagement: getService: Trying again for android.frameworks.sensorservice@1.0::ISensorManager/default...
01-01 11:57:58.495 506 2456 W libc : Unable to set property "ctl.interface_start" to "android.frameworks.sensorservice@1.0::ISensorManager/default": error code: 0x20
01-01 11:57:58.496 506 2456 I hwservicemanager: Tried to start android.frameworks.sensorservice@1.0::ISensorManager/default as a lazy service, but was unable to. Usually this happens when a service is not installed, but if the service is intended to be used as a lazy service, then it may be configured incorrectly.
01-01 11:57:58.755 1464 1464 I update_engine: [INFO:cleanup_previous_update_action.cc(112)] Executing task 38
01-01 11:57:58.755 1464 1464 I update_engine: [INFO:cleanup_previous_update_action.cc(124)] CleanupPreviousUpdateAction scheduled task ID 39 for WaitBootCompleted
01-01 11:57:58.892 2363 2363 W ServiceManager: Waited one second for android.hardware.light.ILights/default (is service started? are binder threads started and available?)
01-01 11:57:58.892 505 505 I servicemanager: Since 'android.hardware.light.ILights/default' could not be found, trying to start it as a lazy AIDL service
01-01 11:57:58.894 505 2457 W libc : Unable to set property "ctl.interface_start" to "aidl/android.hardware.light.ILights/default": error code: 0x20
01-01 11:57:58.894 505 2457 I servicemanager: Tried to start aidl service android.hardware.light.ILights/default as a lazy service, but was unable to. Usually this happens when a service is not installed, but if the service is intended to be used as a lazy service, then it may be configured incorrectly.
01-01 11:57:59.136 655 668 I mpu_uart: [MSG-P:RECV]:No message received in 1000 ms
01-01 11:57:59.403 0 0 D : mv2112_read_status
01-01 11:57:59.403 0 0 D mv2112_update_link: 3.0x901(1G): 0x84
01-01 11:57:59.403 0 0 D mv2112_update_link: 3.0x8109(100M): 0xc
01-01 11:57:59.403 0 0 D mv2112_update_link: link 0x4
01-01 11:57:59.403 0 0 D mv2112_read_status: autoneg is disabled
01-01 11:57:59.478 1447 1486 W HidlServiceManagement: Waited one second for android.frameworks.sensorservice@1.0::ISensorManager/default
01-01 11:57:59.478 506 506 I hwservicemanager: Since android.frameworks.sensorservice@1.0::ISensorManager/default is not registered, trying to start it as a lazy HAL.
01-01 11:57:59.479 1447 1486 I HidlServiceManagement: getService: Trying again for android.frameworks.sensorservice@1.0::ISensorManager/default...
01-01 11:57:59.480 506 2458 W libc : Unable to set property "ctl.interface_start" to "android.frameworks.sensorservice@1.0::ISensorManager/default": error code: 0x20
01-01 11:57:59.480 506 2458 I hwservicemanager: Tried to start android.frameworks.sensorservice@1.0::ISensorManager/default as a lazy service, but was unable to. Usually this happens when a service is not installed, but if the service is intended to be used as a lazy service, then it may be configured incorrectly.
01-01 11:57:59.495 1447 1447 W HidlServiceManagement: Waited one second for android.frameworks.sensorservice@1.0::ISensorManager/default
01-01 11:57:59.495 506 506 I hwservicemanager: Since android.frameworks.sensorservice@1.0::ISensorManager/default is not registered, trying to start it as a lazy HAL.
01-01 11:57:59.495 1447 1447 I HidlServiceManagement: getService: Trying again for android.frameworks.sensorservice@1.0::ISensorManager/default...
01-01 11:57:59.496 506 2459 W libc : Unable to set property "ctl.interface_start" to "android.frameworks.sensorservice@1.0::ISensorManager/default": error code: 0x20
01-01 11:57:59.496 506 2459 I hwservicemanager: Tried to start android.frameworks.sensorservice@1.0::ISensorManager/default as a lazy service, but was unable to. Usually this happens when a service is not installed, but if the service is intended to be used as a lazy service, then it may be configured incorrectly.
01-01 11:57:59.723 0 0 I qcom_rpmh DRV: apps_rsc TCS Busy, retrying RPMH message send: addr=0x41b08
01-01 11:57:59.893 2363 2363 W ServiceManager: Waited one second for android.hardware.light.ILights/default (is service started? are binder threads started and available?)
01-01 11:57:59.893 505 505 I servicemanager: Since 'android.hardware.light.ILights/default' could not be found, trying to start it as a lazy AIDL service
01-01 11:57:59.894 505 2460 W libc : Unable to set property "ctl.interface_start" to "aidl/android.hardware.light.ILights/default": error code: 0x20
01-01 11:57:59.894 505 2460 I servicemanager: Tried to start aidl service android.hardware.light.ILights/default as a lazy service, but was unable to. Usually this happens when a service is not installed, but if the service is intended to be used as a lazy service, then it may be configured incorrectly.
01-01 11:57:59.899 1218 1218 W ServiceManager: Service package_native didn't start. Returning NULL
01-01 11:57:59.899 1218 1218 E iorapd : Cannot get package manager service!
01-01 11:58:00.136 655 668 I mpu_uart: [MSG-P:RECV]:No message received in 1000 ms
01-01 11:58:00.156 655 667 I mpu_uart: [MSG-P:R]:recv sync frame timeout
01-01 11:58:00.427 0 0 D : mv2112_read_status
01-01 11:58:00.427 0 0 D mv2112_update_link: 3.0x901(1G): 0x84
01-01 11:58:00.427 0 0 D mv2112_update_link: 3.0x8109(100M): 0xc
01-01 11:58:00.427 0 0 D mv2112_update_link: link 0x4
01-01 11:58:00.427 0 0 D mv2112_read_status: autoneg is disabled
01-01 11:58:00.479 1447 1486 W HidlServiceManagement: Waited one second for android.frameworks.sensorservice@1.0::ISensorManager/default
01-01 11:58:00.479 506 506 I hwservicemanager: Since android.frameworks.sensorservice@1.0::ISensorManager/default is not registered, trying to start it as a lazy HAL.
01-01 11:58:00.480 1447 1486 I HidlServiceManagement: getService: Trying again for android.frameworks.sensorservice@1.0::ISensorManager/default...
01-01 11:58:00.481 506 2461 W libc : Unable to set property "ctl.interface_start" to "android.frameworks.sensorservice@1.0::ISensorManager/default": error code: 0x20
01-01 11:58:00.481 506 2461 I hwservicemanager: Tried to start android.frameworks.sensorservice@1.0::ISensorManager/default as a lazy service, but was unable to. Usually this happens when a service is not installed, but if the service is intended to be used as a lazy service, then it may be configured incorrectly.
01-01 11:58:00.495 1447 1447 W HidlServiceManagement: Waited one second for android.frameworks.sensorservice@1.0::ISensorManager/default
01-01 11:58:00.496 506 506 I hwservicemanager: Since android.frameworks.sensorservice@1.0::ISensorManager/default is not registered, trying to start it as a lazy HAL.
01-01 11:58:00.496 1447 1447 I HidlServiceManagement: getService: Trying again for android.frameworks.sensorservice@1.0::ISensorManager/default...
01-01 11:58:00.496 0 0 E init : Control message: Could not find 'android.frameworks.sensorservice@1.0::ISensorManager/default' for ctl.interface_start from pid: 506 (/system/bin/hwservicemanager)
01-01 11:58:00.514 506 2462 W libc : Unable to set property "ctl.interface_start" to "android.frameworks.sensorservice@1.0::ISensorManager/default": error code: 0x20
01-01 11:58:00.514 506 2462 I hwservicemanager: Tried to start android.frameworks.sensorservice@1.0::ISensorManager/default as a lazy service, but was unable to. Usually this happens when a service is not installed, but if the service is intended to be used as a lazy service, then it may be configured incorrectly.
01-01 11:58:00.522 1258 1258 W ServiceManager: Service package_native didn't start. Returning NULL
01-01 11:58:00.522 1258 1258 E ServiceUtilities: getInfo: Cannot find package_native
01-01 11:58:00.523 1258 1274 W AudioAnalytics: (key=audio.flinger) Audioflinger constructor event detected
01-01 11:58:00.757 1464 1464 I update_engine: [INFO:cleanup_previous_update_action.cc(112)] Executing task 39
01-01 11:58:00.757 1464 1464 I update_engine: [INFO:cleanup_previous_update_action.cc(124)] CleanupPreviousUpdateAction scheduled task ID 40 for WaitBootCompleted
01-01 11:58:00.893 2363 2363 W ServiceManager: Waited one second for android.hardware.light.ILights/default (is service started? are binder threads started and available?)
01-01 11:58:00.894 505 505 I servicemanager: Since 'android.hardware.light.ILights/default' could not be found, trying to start it as a lazy AIDL service
01-01 11:58:00.900 1218 1218 W iorapd : Reconnect to package manager service: 14 times
01-01 11:58:00.900 1218 1218 I ServiceManager: Waiting for service 'package_native' on '/dev/binder'...
01-01 11:58:00.895 0 0 E init : Control message: Could not find 'aidl/android.hardware.light.ILights/default' for ctl.interface_start from pid: 505 (/system/bin/servicemanager)
01-01 11:58:00.910 505 2463 W libc : Unable to set property "ctl.interface_start" to "aidl/android.hardware.light.ILights/default": error code: 0x20
01-01 11:58:00.910 505 2463 I servicemanager: Tried to start aidl service android.hardware.light.ILights/default as a lazy service, but was unable to. Usually this happens when a service is not installed, but if the service is intended to be used as a lazy service, then it may be configured incorrectly.
01-01 11:58:01.137 655 668 I mpu_uart: [MSG-P:RECV]:No message received in 1000 ms
01-01 11:58:01.451 0 0 D : mv2112_read_status
01-01 11:58:01.451 0 0 D mv2112_update_link: 3.0x901(1G): 0x84
01-01 11:58:01.451 0 0 D mv2112_update_link: 3.0x8109(100M): 0xc
01-01 11:58:01.451 0 0 D mv2112_update_link: link 0x4
01-01 11:58:01.451 0 0 D mv2112_read_status: autoneg is disabled
01-01 11:58:01.480 1447 1486 W HidlServiceManagement: Waited one second for android.frameworks.sensorservice@1.0::ISensorManager/default
01-01 11:58:01.480 506 506 I hwservicemanager: Since android.frameworks.sensorservice@1.0::ISensorManager/default is not registered, trying to start it as a lazy HAL.
01-01 11:58:01.480 1447 1486 I HidlServiceManagement: getService: Trying again for android.frameworks.sensorservice@1.0::ISensorManager/default...
01-01 11:58:01.496 1447 1447 W HidlServiceManagement: Waited one second for android.frameworks.sensorservice@1.0::ISensorManager/default
01-01 11:58:01.496 506 506 I hwservicemanager: Since android.frameworks.sensorservice@1.0::ISensorManager/default is not registered, trying to start it as a lazy HAL.
01-01 11:58:01.497 1447 1447 I HidlServiceManagement: getService: Trying again for android.frameworks.sensorservice@1.0::ISensorManager/default...
01-01 11:58:01.481 0 0 E init : Control message: Could not find 'android.frameworks.sensorservice@1.0::ISensorManager/default' for ctl.interface_start from pid: 506 (/system/bin/hwservicemanager)
01-01 11:58:01.498 506 2464 W libc : Unable to set property "ctl.interface_start" to "android.frameworks.sensorservice@1.0::ISensorManager/default": error code: 0x20
01-01 11:58:01.498 506 2464 I hwservicemanager: Tried to start android.frameworks.sensorservice@1.0::ISensorManager/default as a lazy service, but was unable to. Usually this happens when a service is not installed, but if the service is intended to be used as a lazy service, then it may be configured incorrectly.
01-01 11:58:01.498 0 0 E init : Control message: Could not find 'android.frameworks.sensorservice@1.0::ISensorManager/default' for ctl.interface_start from pid: 506 (/system/bin/hwservicemanager)
01-01 11:58:01.515 506 2465 W libc : Unable to set property "ctl.interface_start" to "android.frameworks.sensorservice@1.0::ISensorManager/default": error code: 0x20
01-01 11:58:01.515 506 2465 I hwservicemanager: Tried to start android.frameworks.sensorservice@1.0::ISensorManager/default as a lazy service, but was unable to. Usually this happens when a service is not installed, but if the service is intended to be used as a lazy service, then it may be configured incorrectly.
01-01 11:58:01.894 2363 2363 W ServiceManager: Waited one second for android.hardware.light.ILights/default (is service started? are binder threads started and available?)
01-01 11:58:01.894 505 505 I servicemanager: Since 'android.hardware.light.ILights/default' could not be found, trying to start it as a lazy AIDL service
01-01 11:58:01.895 0 0 E init : Control message: Could not find 'aidl/android.hardware.light.ILights/default' for ctl.interface_start from pid: 505 (/system/bin/servicemanager)
01-01 11:58:01.910 505 2466 W libc : Unable to set property "ctl.interface_start" to "aidl/android.hardware.light.ILights/default": error code: 0x20
01-01 11:58:01.910 505 2466 I servicemanager: Tried to start aidl service android.hardware.light.ILights/default as a lazy service, but was unable to. Usually this happens when a service is not installed, but if the service is intended to be used as a lazy service, then it may be configured incorrectly.
01-01 11:58:02.137 655 668 I mpu_uart: [MSG-P:RECV]:No message received in 1000 ms
01-01 11:58:02.475 0 0 D : mv2112_read_status
01-01 11:58:02.475 0 0 D mv2112_update_link: 3.0x901(1G): 0x84
01-01 11:58:02.475 0 0 D mv2112_update_link: 3.0x8109(100M): 0xc
01-01 11:58:02.475 0 0 D mv2112_update_link: link 0x4
01-01 11:58:02.475 0 0 D mv2112_read_status: autoneg is disabled
01-01 11:58:02.481 1447 1486 W HidlServiceManagement: Waited one second for android.frameworks.sensorservice@1.0::ISensorManager/default
01-01 11:58:02.481 506 506 I hwservicemanager: Since android.frameworks.sensorservice@1.0::ISensorManager/default is not registered, trying to start it as a lazy HAL.
01-01 11:58:02.481 1447 1486 I HidlServiceManagement: getService: Trying again for android.frameworks.sensorservice@1.0::ISensorManager/default...
01-01 11:58:02.497 1447 1447 W HidlServiceManagement: Waited one second for android.frameworks.sensorservice@1.0::ISensorManager/default
01-01 11:58:02.497 506 506 I hwservicemanager: Since android.frameworks.sensorservice@1.0::ISensorManager/default is not registered, trying to start it as a lazy HAL.
01-01 11:58:02.482 0 0 E init : Control message: Could not find 'android.frameworks.sensorservice@1.0::ISensorManager/default' for ctl.interface_start from pid: 506 (/system/bin/hwservicemanager)
01-01 11:58:02.497 1447 1447 I HidlServiceManagement: getService: Trying again for android.frameworks.sensorservice@1.0::ISensorManager/default...
01-01 11:58:02.499 506 2467 W libc : Unable to set property "ctl.interface_start" to "android.frameworks.sensorservice@1.0::ISensorManager/default": error code: 0x20
01-01 11:58:02.499 506 2467 I hwservicemanager: Tried to start android.frameworks.sensorservice@1.0::ISensorManager/default as a lazy service, but was unable to. Usually this happens when a service is not installed, but if the service is intended to be used as a lazy service, then it may be configured incorrectly.
01-01 11:58:02.515 506 2468 W libc : Unable to set property "ctl.interface_start" to "android.frameworks.sensorservice@1.0::ISensorManager/default": error code: 0x20
01-01 11:58:02.516 506 2468 I hwservicemanager: Tried to start android.frameworks.sensorservice@1.0::ISensorManager/default as a lazy service, but was unable to. Usually this happens when a service is not installed, but if the service is intended to be used as a lazy service, then it may be configured incorrectly.
01-01 11:58:02.499 0 0 E init : Control message: Could not find 'android.frameworks.sensorservice@1.0::ISensorManager/default' for ctl.interface_start from pid: 506 (/system/bin/hwservicemanager)
01-01 11:58:02.760 1464 1464 I update_engine: [INFO:cleanup_previous_update_action.cc(112)] Executing task 40
01-01 11:58:02.760 1464 1464 I update_engine: [INFO:cleanup_previous_update_action.cc(124)] CleanupPreviousUpdateAction scheduled task ID 41 for WaitBootCompleted
01-01 11:58:02.895 2363 2363 W ServiceManager: Waited one second for android.hardware.light.ILights/default (is service started? are binder threads started and available?)
01-01 11:58:02.895 505 505 I servicemanager: Since 'android.hardware.light.ILights/default' could not be found, trying to start it as a lazy AIDL service
01-01 11:58:02.896 0 0 E init : Control message: Could not find 'aidl/android.hardware.light.ILights/default' for ctl.interface_start from pid: 505 (/system/bin/servicemanager)
01-01 11:58:02.911 505 2469 W libc : Unable to set property "ctl.interface_start" to "aidl/android.hardware.light.ILights/default": error code: 0x20
01-01 11:58:02.911 505 2469 I servicemanager: Tried to start aidl service android.hardware.light.ILights/default as a lazy service, but was unable to. Usually this happens when a service is not installed, but if the service is intended to be used as a lazy service, then it may be configured incorrectly.
01-01 11:58:03.137 655 668 I mpu_uart: [MSG-P:RECV]:No message received in 1000 ms
01-01 11:58:03.159 655 667 I mpu_uart: [MSG-P:R]:recv sync frame timeout
01-01 11:58:03.481 1447 1486 W HidlServiceManagement: Waited one second for android.frameworks.sensorservice@1.0::ISensorManager/default
01-01 11:58:03.482 506 506 I hwservicemanager: Since android.frameworks.sensorservice@1.0::ISensorManager/default is not registered, trying to start it as a lazy HAL.
01-01 11:58:03.482 1447 1486 I HidlServiceManagement: getService: Trying again for android.frameworks.sensorservice@1.0::ISensorManager/default...
01-01 11:58:03.497 1447 1447 W HidlServiceManagement: Waited one second for android.frameworks.sensorservice@1.0::ISensorManager/default
01-01 11:58:03.498 506 506 I hwservicemanager: Since android.frameworks.sensorservice@1.0::ISensorManager/default is not registered, trying to start it as a lazy HAL.
01-01 11:58:03.498 1447 1447 I HidlServiceManagement: getService: Trying again for android.frameworks.sensorservice@1.0::ISensorManager/default...
01-01 11:58:03.483 0 0 E init : Control message: Could not find 'android.frameworks.sensorservice@1.0::ISensorManager/default' for ctl.interface_start from pid: 506 (/system/bin/hwservicemanager)
01-01 11:58:03.499 0 0 D : mv2112_read_status
01-01 11:58:03.500 0 0 D mv2112_update_link: 3.0x901(1G): 0x84
01-01 11:58:03.500 0 0 D mv2112_update_link: 3.0x8109(100M): 0xc
01-01 11:58:03.500 0 0 D mv2112_update_link: link 0x4
01-01 11:58:03.500 0 0 D mv2112_read_status: autoneg is disabled
01-01 11:58:03.500 506 2470 W libc : Unable to set property "ctl.interface_start" to "android.frameworks.sensorservice@1.0::ISensorManager/default": error code: 0x20
01-01 11:58:03.500 506 2470 I hwservicemanager: Tried to start android.frameworks.sensorservice@1.0::ISensorManager/default as a lazy service, but was unable to. Usually this happens when a service is not installed, but if the service is intended to be used as a lazy service, then it may be configured incorrectly.
01-01 11:58:03.501 0 0 E init : Control message: Could not find 'android.frameworks.sensorservice@1.0::ISensorManager/default' for ctl.interface_start from pid: 506 (/system/bin/hwservicemanager)
01-01 11:58:03.518 506 2471 W libc : Unable to set property "ctl.interface_start" to "android.frameworks.sensorservice@1.0::ISensorManager/default": error code: 0x20
01-01 11:58:03.518 506 2471 I hwservicemanager: Tried to start android.frameworks.sensorservice@1.0::ISensorManager/default as a lazy service, but was unable to. Usually this happens when a service is not installed, but if the service is intended to be used as a lazy service, then it may be configured incorrectly.
01-01 11:58:03.895 2363 2363 W ServiceManager: Waited one second for android.hardware.light.ILights/default (is service started? are binder threads started and available?)
01-01 11:58:03.896 505 505 I servicemanager: Since 'android.hardware.light.ILights/default' could not be found, trying to start it as a lazy AIDL service
01-01 11:58:03.897 505 2472 W libc : Unable to set property "ctl.interface_start" to "aidl/android.hardware.light.ILights/default": error code: 0x20
01-01 11:58:03.897 505 2472 I servicemanager: Tried to start aidl service android.hardware.light.ILights/default as a lazy service, but was unable to. Usually this happens when a service is not installed, but if the service is intended to be used as a lazy service, then it may be configured incorrectly.
01-01 11:58:04.137 655 668 I mpu_uart: [MSG-P:RECV]:No message received in 1000 ms
01-01 11:58:04.482 1447 1486 W HidlServiceManagement: Waited one second for android.frameworks.sensorservice@1.0::ISensorManager/default
01-01 11:58:04.482 506 506 I hwservicemanager: Since android.frameworks.sensorservice@1.0::ISensorManager/default is not registered, trying to start it as a lazy HAL.
01-01 11:58:04.483 1447 1486 I HidlServiceManagement: getService: Trying again for android.frameworks.sensorservice@1.0::ISensorManager/default...
01-01 11:58:04.484 506 2473 W libc : Unable to set property "ctl.interface_start" to "android.frameworks.sensorservice@1.0::ISensorManager/default": error code: 0x20
01-01 11:58:04.484 506 2473 I hwservicemanager: Tried to start android.frameworks.sensorservice@1.0::ISensorManager/default as a lazy service, but was unable to. Usually this happens when a service is not installed, but if the service is intended to be used as a lazy service, then it may be configured incorrectly.
01-01 11:58:04.498 1447 1447 W HidlServiceManagement: Waited one second for android.frameworks.sensorservice@1.0::ISensorManager/default
01-01 11:58:04.498 506 506 I hwservicemanager: Since android.frameworks.sensorservice@1.0::ISensorManager/default is not registered, trying to start it as a lazy HAL.
01-01 11:58:04.499 1447 1447 I HidlServiceManagement: getService: Trying again for android.frameworks.sensorservice@1.0::ISensorManager/default...
01-01 11:58:04.500 506 2474 W libc : Unable to set property "ctl.interface_start" to "android.frameworks.sensorservice@1.0::ISensorManager/default": error code: 0x20
01-01 11:58:04.500 506 2474 I hwservicemanager: Tried to start android.frameworks.sensorservice@1.0::ISensorManager/default as a lazy service, but was unable to. Usually this happens when a service is not installed, but if the service is intended to be used as a lazy service, then it may be configured incorrectly.
01-01 11:58:04.523 0 0 D : mv2112_read_status
01-01 11:58:04.523 0 0 D mv2112_update_link: 3.0x901(1G): 0x84
01-01 11:58:04.523 0 0 D mv2112_update_link: 3.0x8109(100M): 0xc
01-01 11:58:04.523 0 0 D mv2112_update_link: link 0x4
01-01 11:58:04.523 0 0 D mv2112_read_status: autoneg is disabled
01-01 11:58:04.762 1464 1464 I update_engine: [INFO:cleanup_previous_update_action.cc(112)] Executing task 41
01-01 11:58:04.762 1464 1464 I update_engine: [INFO:cleanup_previous_update_action.cc(124)] CleanupPreviousUpdateAction scheduled task ID 42 for WaitBootCompleted
01-01 11:58:04.896 2363 2363 W ServiceManager: Waited one second for android.hardware.light.ILights/default (is service started? are binder threads started and available?)
01-01 11:58:04.896 505 505 I servicemanager: Since 'android.hardware.light.ILights/default' could not be found, trying to start it as a lazy AIDL service
01-01 11:58:04.898 505 2475 W libc : Unable to set property "ctl.interface_start" to "aidl/android.hardware.light.ILights/default": error code: 0x20
01-01 11:58:04.898 505 2475 I servicemanager: Tried to start aidl service android.hardware.light.ILights/default as a lazy service, but was unable to. Usually this happens when a service is not installed, but if the service is intended to be used as a lazy service, then it may be configured incorrectly.
01-01 11:58:05.137 655 668 I mpu_uart: [MSG-P:RECV]:No message received in 1000 ms
01-01 11:58:05.483 1447 1486 W HidlServiceManagement: Waited one second for android.frameworks.sensorservice@1.0::ISensorManager/default
01-01 11:58:05.483 506 506 I hwservicemanager: Since android.frameworks.sensorservice@1.0::ISensorManager/default is not registered, trying to start it as a lazy HAL.
01-01 11:58:05.484 1447 1486 I HidlServiceManagement: getService: Trying again for android.frameworks.sensorservice@1.0::ISensorManager/default...
01-01 11:58:05.485 506 2476 W libc : Unable to set property "ctl.interface_start" to "android.frameworks.sensorservice@1.0::ISensorManager/default": error code: 0x20
01-01 11:58:05.486 506 2476 I hwservicemanager: Tried to start android.frameworks.sensorservice@1.0::ISensorManager/default as a lazy service, but was unable to. Usually this happens when a service is not installed, but if the service is intended to be used as a lazy service, then it may be configured incorrectly.
01-01 11:58:05.499 1447 1447 W HidlServiceManagement: Waited one second for android.frameworks.sensorservice@1.0::ISensorManager/default
