01-01 11:56:43.248 1310 1310 W android.hardware.media.omx@1.0-service: libminijail[1310]: allowing syscall: connect
01-01 11:56:43.248 1310 1310 W android.hardware.media.omx@1.0-service: libminijail[1310]: allowing syscall: fcntl64
01-01 11:56:43.248 1310 1310 W android.hardware.media.omx@1.0-service: libminijail[1310]: allowing syscall: socket
01-01 11:56:43.248 1310 1310 W android.hardware.media.omx@1.0-service: libminijail[1310]: allowing syscall: writev
01-01 11:56:43.250 1310 1310 W android.hardware.media.omx@1.0-service: libminijail[1310]: compile_file: (80): nonexistent syscall 'ueventd'
01-01 11:56:43.250 1310 1310 W android.hardware.media.omx@1.0-service: libminijail[1310]: logging seccomp filter failures
01-01 11:56:43.263 1310 1310 I SoftOMXPlugin: createOMXPlugin
01-01 11:56:43.263 1310 1310 D MediaCodecsXmlParser: parsing /vendor/etc/media_codecs_kona.xml...
01-01 11:56:43.270 1261 1261 D ProcessState: Binder ioctl to enable oneway spam detection failed: Invalid argument
01-01 11:56:43.270 0 0 I binder : 1261:1261 ioctl 40046210 fff61fe8 returned -22
01-01 11:56:43.271 1298 1298 E wfdhdcphal: wfdhdcphalservice starting...
01-01 11:56:43.274 1298 1298 W wfdhdcphalservice: libminijail[1298]: failed to get path of fd 4: No such file or directory
01-01 11:56:43.275 1298 1298 W wfdhdcphalservice: libminijail[1298]: allowing syscall: clock_gettime
01-01 11:56:43.275 1298 1298 W wfdhdcphalservice: libminijail[1298]: allowing syscall: connect
01-01 11:56:43.275 1298 1298 W wfdhdcphalservice: libminijail[1298]: allowing syscall: fcntl64
01-01 11:56:43.275 1298 1298 W wfdhdcphalservice: libminijail[1298]: allowing syscall: socket
01-01 11:56:43.275 1298 1298 W wfdhdcphalservice: libminijail[1298]: allowing syscall: writev
01-01 11:56:43.276 1298 1298 W wfdhdcphalservice: libminijail[1298]: logging seccomp filter failures
01-01 11:56:43.278 1310 1310 D MediaCodecsXmlParser: parsing /vendor/etc/media_codecs_google_audio.xml...
01-01 11:56:43.282 1310 1310 D MediaCodecsXmlParser: parsing /vendor/etc/media_codecs_vendor_audio.xml...
01-01 11:56:43.284 1310 1310 D MediaCodecsXmlParser: parsing /vendor/etc/media_codecs_google_telephony.xml...
01-01 11:56:43.287 1298 1298 I HidlServiceManagement: Registered android.hardware.drm@1.3::IDrmFactory/wfdhdcp (start delay of 312ms)
01-01 11:56:43.290 1298 1298 I HidlServiceManagement: Registered android.hardware.drm@1.3::ICryptoFactory/wfdhdcp (start delay of 315ms)
01-01 11:56:43.316 1310 1310 D MediaCodecsXmlParser: parsing /vendor/etc/media_codecs_google_video.xml...
01-01 11:56:43.317 1261 1261 I mediaserver: ServiceManager: 0xf4481530
01-01 11:56:43.318 1261 1261 W BatteryNotifier: batterystats service unavailable!
01-01 11:56:43.319 1310 1310 D MediaCodecsXmlParser: parsing /vendor/etc/media_codecs_performance_kona.xml...
01-01 11:56:43.320 1310 1310 D MediaCodecsXmlParser: MediaCodec: cannot update non-existing codec at line 74 of /vendor/etc/media_codecs_performance_kona.xml
01-01 11:56:43.320 1310 1310 D MediaCodecsXmlParser: MediaCodec: cannot update non-existing codec at line 80 of /vendor/etc/media_codecs_performance_kona.xml
01-01 11:56:43.320 1310 1310 D MediaCodecsXmlParser: MediaCodec: cannot update non-existing codec at line 83 of /vendor/etc/media_codecs_performance_kona.xml
01-01 11:56:43.320 1310 1310 D MediaCodecsXmlParser: MediaCodec: cannot update non-existing codec at line 86 of /vendor/etc/media_codecs_performance_kona.xml
01-01 11:56:43.320 1310 1310 D MediaCodecsXmlParser: MediaCodec: cannot update non-existing codec at line 92 of /vendor/etc/media_codecs_performance_kona.xml
01-01 11:56:43.321 1310 1310 D MediaCodecsXmlParser: MediaCodec: cannot update non-existing codec at line 97 of /vendor/etc/media_codecs_performance_kona.xml
01-01 11:56:43.321 1310 1310 D MediaCodecsXmlParser: MediaCodec: cannot update non-existing codec at line 174 of /vendor/etc/media_codecs_performance_kona.xml
01-01 11:56:43.321 1310 1310 D MediaCodecsXmlParser: MediaCodec: cannot update non-existing codec at line 180 of /vendor/etc/media_codecs_performance_kona.xml
01-01 11:56:43.321 1310 1310 D MediaCodecsXmlParser: MediaCodec: cannot update non-existing codec at line 187 of /vendor/etc/media_codecs_performance_kona.xml
01-01 11:56:43.321 1310 1310 D MediaCodecsXmlParser: MediaCodec: cannot update non-existing codec at line 190 of /vendor/etc/media_codecs_performance_kona.xml
01-01 11:56:43.321 1310 1310 D MediaCodecsXmlParser: MediaCodec: cannot update non-existing codec at line 194 of /vendor/etc/media_codecs_performance_kona.xml
01-01 11:56:43.321 1310 1310 D MediaCodecsXmlParser: MediaCodec: cannot update non-existing codec at line 200 of /vendor/etc/media_codecs_performance_kona.xml
01-01 11:56:43.321 1310 1310 D MediaCodecsXmlParser: Cannot find /data/misc/media/media_codecs_profiling_results.xml
01-01 11:56:43.322 1261 1261 W BatteryNotifier: batterystats service unavailable!
01-01 11:56:43.325 1310 1310 I HidlServiceManagement: Registered android.hardware.media.omx@1.0::IOmx/default (start delay of 289ms)
01-01 11:56:43.325 1310 1310 I HidlServiceManagement: Removing namespace from process name android.hardware.media.omx@1.0-service to omx@1.0-service.
01-01 11:56:43.326 1310 1310 I android.hardware.media.omx@1.0-service: IOmx HAL service created.
01-01 11:56:43.326 1261 1261 D hw-ProcessState: Binder ioctl to enable oneway spam detection failed: Invalid argument
01-01 11:56:43.326 1310 1310 I OmxStore: omx common prefix: 'OMX.'
01-01 11:56:43.326 1310 1310 D MediaCodecsXmlParser: parsing /vendor/etc/media_codecs_kona.xml...
01-01 11:56:43.326 1310 1310 D MediaCodecsXmlParser: parsing /vendor/etc/media_codecs_google_audio.xml...
01-01 11:56:43.327 1310 1310 D MediaCodecsXmlParser: parsing /vendor/etc/media_codecs_vendor_audio.xml...
01-01 11:56:43.327 1310 1310 D MediaCodecsXmlParser: parsing /vendor/etc/media_codecs_google_telephony.xml...
01-01 11:56:43.327 1310 1310 D MediaCodecsXmlParser: parsing /vendor/etc/media_codecs_google_video.xml...
01-01 11:56:43.328 1310 1310 D MediaCodecsXmlParser: parsing /vendor/etc/media_codecs_performance_kona.xml...
01-01 11:56:43.328 1310 1310 D MediaCodecsXmlParser: MediaCodec: cannot update non-existing codec at line 74 of /vendor/etc/media_codecs_performance_kona.xml
01-01 11:56:43.328 1310 1310 D MediaCodecsXmlParser: MediaCodec: cannot update non-existing codec at line 80 of /vendor/etc/media_codecs_performance_kona.xml
01-01 11:56:43.328 1310 1310 D MediaCodecsXmlParser: MediaCodec: cannot update non-existing codec at line 83 of /vendor/etc/media_codecs_performance_kona.xml
01-01 11:56:43.328 1310 1310 D MediaCodecsXmlParser: MediaCodec: cannot update non-existing codec at line 86 of /vendor/etc/media_codecs_performance_kona.xml
01-01 11:56:43.328 1310 1310 D MediaCodecsXmlParser: MediaCodec: cannot update non-existing codec at line 92 of /vendor/etc/media_codecs_performance_kona.xml
01-01 11:56:43.328 1310 1310 D MediaCodecsXmlParser: MediaCodec: cannot update non-existing codec at line 97 of /vendor/etc/media_codecs_performance_kona.xml
01-01 11:56:43.328 1310 1310 D MediaCodecsXmlParser: MediaCodec: cannot update non-existing codec at line 174 of /vendor/etc/media_codecs_performance_kona.xml
01-01 11:56:43.328 1310 1310 D MediaCodecsXmlParser: MediaCodec: cannot update non-existing codec at line 180 of /vendor/etc/media_codecs_performance_kona.xml
01-01 11:56:43.328 1310 1310 D MediaCodecsXmlParser: MediaCodec: cannot update non-existing codec at line 187 of /vendor/etc/media_codecs_performance_kona.xml
01-01 11:56:43.329 1310 1310 D MediaCodecsXmlParser: MediaCodec: cannot update non-existing codec at line 190 of /vendor/etc/media_codecs_performance_kona.xml
01-01 11:56:43.329 1310 1310 D MediaCodecsXmlParser: MediaCodec: cannot update non-existing codec at line 194 of /vendor/etc/media_codecs_performance_kona.xml
01-01 11:56:43.329 1310 1310 D MediaCodecsXmlParser: MediaCodec: cannot update non-existing codec at line 200 of /vendor/etc/media_codecs_performance_kona.xml
01-01 11:56:43.329 1310 1310 D MediaCodecsXmlParser: Cannot find /data/misc/media/media_codecs_profiling_results.xml
01-01 11:56:43.342 1310 1310 I HidlServiceManagement: Registered android.hardware.media.omx@1.0::IOmxStore/default (start delay of 307ms)
01-01 11:56:43.342 1310 1310 I HidlServiceManagement: Removing namespace from process name android.hardware.media.omx@1.0-service to omx@1.0-service.
01-01 11:56:43.314 0 0 I lan743x 0001: 01:00.0 eth0: using MSIX interrupts, number of vectors = 6
01-01 11:56:43.326 0 0 I binder : 1261:1261 ioctl 40046210 fff61fd0 returned -22
01-01 11:56:43.349 0 0 I mv2112_config_aneg: autoneg 1
01-01 11:56:43.349 0 0 I : mv2112_restart_aneg
01-01 11:56:43.350 0 0 D : mv2112_read_status
01-01 11:56:43.350 0 0 D mv2112_update_link: 3.0x901(1G): 0x880
01-01 11:56:43.350 0 0 D mv2112_update_link: 3.0x8109(100M): 0x0
01-01 11:56:43.350 0 0 D mv2112_update_link: link 0x0
01-01 11:56:43.355 1325 1325 E Diag_Lib: qpLogDiagInit <== result : 1
01-01 11:56:43.356 1325 1325 E Diag_Lib: QMID : gIsQXDMDisabled 0, gIsADBDisabled 1, gIsDebugDisabled 0, gIsIMSLogsDisabled 0
01-01 11:56:43.356 1325 1325 E Diag_Lib: [IMS_QMID] |imsqmiserver.c | 541 | QMID#$$#0#QMI DAEMON STARTED
01-01 11:56:43.356 1329 1329 I imsrcsd : Uce Service HAL is starting up...
01-01 11:56:43.358 1329 1329 I imsrcsd : Uce Service HAL loading imsrcsbaseimpl
01-01 11:56:43.370 1253 1262 V installd: DexInv: --- END '/apex/com.android.appsearch/javalib/service-appsearch.jar' (success) ---
01-01 11:56:43.374 0 0 I lan743x 0001: 01:00.0 eth0: successfully registered ptp clock
01-01 11:56:43.378 1253 1262 V installd: DexInv: --- BEGIN '/apex/com.android.media/javalib/service-media-s.jar' ---
01-01 11:56:43.378 1253 1262 V installd: Running /apex/com.android.art/bin/dex2oat64 in=service-media-s.jar out=/data/dalvik-cache/arm64/apex@com.android.media@javalib@service-media-s.jar@classes.dex
01-01 11:56:43.386 1314 1314 E QCNEA : Cne Version 4.9
01-01 11:56:43.440 1331 1331 I ThermalEngine: Thermal daemon started
01-01 11:56:43.454 0 0 W swr-wcd rx_swr_ctrl: DMA mask not set
01-01 11:56:43.472 0 0 I IPv6 : ADDRCONF(NETDEV_UP): eth0: link is not ready
01-01 11:56:43.443 1331 1331 E ThermalEngine: Unknown target identified with soc id 481
01-01 11:56:43.444 1331 1331 I ThermalEngine: No target config file, falling back to '/vendor/etc/thermal-engine.conf'
01-01 11:56:43.456 1339 1339 W dex2oat64: Mismatch between dex2oat instruction set features to use (ISA: Arm64 Feature string: a53,crc,-lse,-fp16,-dotprod,-sve) and those from CPP defines (ISA: Arm64 Feature string: -a53,-crc,-lse,-fp16,-dotprod,-sve) for the command line:
01-01 11:56:43.456 1339 1339 W dex2oat64: /apex/com.android.art/bin/dex2oat64 --zip-fd=6 --zip-location=service-media-s.jar --oat-fd=7 --oat-location=/data/dalvik-cache/arm64/apex@com.android.media@javalib@service-media-s.jar@classes.dex --input-vdex-fd=-1 --output-vdex-fd=8 --swap-fd=9 --classpath-dir=/apex/com.android.media/javalib --class-loader-context=PCL[/system/framework/com.android.location.provider.jar:/system/framework/services.jar:/system/framework/ethernet-service.jar:/apex/com.android.appsearch/javalib/service-appsearch.jar] --compact-dex-level=none --instruction-set=arm64 --instruction-set-features=default --instruction-set-variant=generic --compiler-filter=verify --compilation-reason=server-dexopt --max-image-block-size=524288 --resolve-startup-const-strings=true --generate-mini-debug-info --runtime-arg -Xdeny-art-apex-data-files --runtime-arg -Xms64m --runtime-arg -Xmx512m
01-01 11:56:43.456 1339 1339 I dex2oat64: /apex/com.android.art/bin/dex2oat64 --input-vdex-fd=-1 --output-vdex-fd=8 --classpath-dir=/apex/com.android.media/javalib --class-loader-context=PCL[/system/framework/com.android.location.provider.jar:/system/framework/services.jar:/system/framework/ethernet-service.jar:/apex/com.android.appsearch/javalib/service-appsearch.jar] --compact-dex-level=none --compiler-filter=verify --compilation-reason=server-dexopt --max-image-block-size=524288 --resolve-startup-const-strings=true --generate-mini-debug-info
01-01 11:56:43.464 1339 1339 W dex2oat64: ART APEX data files are untrusted.
01-01 11:56:43.515 1323 1323 W ims_rtp_daemon: libminijail[1323]: failed to get path of fd 3: No such file or directory
01-01 11:56:43.516 1323 1323 W ims_rtp_daemon: libminijail[1323]: allowing syscall: connect
01-01 11:56:43.516 1323 1323 W ims_rtp_daemon: libminijail[1323]: allowing syscall: fcntl
01-01 11:56:43.516 1323 1323 W ims_rtp_daemon: libminijail[1323]: allowing syscall: sendto
01-01 11:56:43.516 1323 1323 W ims_rtp_daemon: libminijail[1323]: allowing syscall: socket
01-01 11:56:43.516 1323 1323 W ims_rtp_daemon: libminijail[1323]: allowing syscall: writev
01-01 11:56:43.516 1323 1323 W ims_rtp_daemon: libminijail[1323]: compile_file: (95): nonexistent syscall 'sigreturn'
01-01 11:56:43.516 1323 1323 W ims_rtp_daemon: libminijail[1323]: logging seccomp filter failures
01-01 11:56:43.519 0 0 W F2FS-fs (dm-10): Unexpected flush for atomic writes: ino=394, npages=4
01-01 11:56:43.521 1323 1323 E Diag_Lib: qpLogDiagInit <== result : 1;
01-01 11:56:43.521 1323 1323 E VIMSVT : VT-Vendor:: enableImsADB 0, log_priority value 240
01-01 11:56:43.521 1323 1323 E Diag_Lib: [IMS_AP_RTP]"RTPService callback Registraton"
01-01 11:56:43.536 0 0 W F2FS-fs (dm-10): Unexpected flush for atomic writes: ino=396, npages=3
01-01 11:56:43.559 1314 1314 I HidlServiceManagement: Registered vendor.qti.hardware.mwqemadapter@1.0::IMwqemAdapter/MwqemAdapter (start delay of 464ms)
01-01 11:56:43.566 1314 1314 I HidlServiceManagement: Registered vendor.qti.hardware.data.latency@1.0::ILinkLatency/default (start delay of 471ms)
01-01 11:56:43.571 1323 1323 I HidlServiceManagement: Registered vendor.qti.imsrtpservice@3.0::IRTPService/imsrtpservice (start delay of 335ms)
01-01 11:56:43.574 506 506 I hwservicemanager: getTransport: Cannot find entry vendor.qti.data.factory@2.3::IFactory/default in either framework or device VINTF manifest.
01-01 11:56:43.575 1314 1314 E HidlServiceManagement: Service vendor.qti.data.factory@2.3::IFactory/default must be in VINTF manifest in order to register/get.
01-01 11:56:43.577 1319 1319 E wifidisplayhal-service: Setup minijail
01-01 11:56:43.552 0 0 E swr-wcd rx_swr_ctrl: swrm_get_logical_dev_num: device 0xd01170224 is not ready
01-01 11:56:43.571 0 0 E swr_get_logical_dev_num: Error -22 to get logical addr for device d01170224
01-01 11:56:43.582 1314 1314 I HidlServiceManagement: Registered vendor.qti.data.factory@2.2::IFactory/default (start delay of 487ms)
01-01 11:56:43.587 0 0 E swr-wcd rx_swr_ctrl: swrm_get_logical_dev_num: device 0xd01170224 is not ready
01-01 11:56:43.597 1329 1329 I imsrcsd : Starting Service for First Time imsbaseimpl
01-01 11:56:43.598 1329 1329 E imsrcsd : [IMS_COM] |ImsCom.cpp | 57 | | 1329 |Com Fd: 6
01-01 11:56:43.598 1329 1329 E imsrcsd : [IMS_COM] |ImsCom.cpp | 167 | | 1329 |ImsCom::addComEventHandler(int 6, ComEventCallback 0x769065ede8, void* 0x0, ComCloseCallback 0x0, events 17) EX
01-01 11:56:43.598 1329 1329 E imsrcsd : [IMS_COM] |ImsCom.cpp | 179 | | 1329 |ImsCom::addComEventHandler epoll_ctl returns: 0
01-01 11:56:43.598 1329 1329 E imsrcsd : [IMS_COM] |ImsCom.cpp | 60 | | 1329 |ImsCom is ready. epollFd:5
01-01 11:56:43.599 1319 1319 W wifidisplayhalservice: libminijail[1319]: failed to get path of fd 4: No such file or directory
01-01 11:56:43.600 1319 1319 W wifidisplayhalservice: libminijail[1319]: allowing syscall: clock_gettime
01-01 11:56:43.600 1319 1319 W wifidisplayhalservice: libminijail[1319]: allowing syscall: connect
01-01 11:56:43.600 1319 1319 W wifidisplayhalservice: libminijail[1319]: allowing syscall: fcntl64
01-01 11:56:43.600 1319 1319 W wifidisplayhalservice: libminijail[1319]: allowing syscall: socket
01-01 11:56:43.600 1319 1319 W wifidisplayhalservice: libminijail[1319]: allowing syscall: writev
01-01 11:56:43.600 1319 1319 W wifidisplayhalservice: libminijail[1319]: logging seccomp filter failures
01-01 11:56:43.601 1319 1319 E wifidisplayhal-service: Start with vendor binder
01-01 11:56:43.602 1319 1319 E wifidisplayhal-service: Registering wifidisplay session hal service...
01-01 11:56:43.610 1319 1319 I HidlServiceManagement: Registered vendor.qti.hardware.wifidisplaysession@1.0::IWifiDisplaySession/wifidisplaysession (start delay of 435ms)
01-01 11:56:43.610 1319 1319 E wifidisplayhal-service: Registering wifidisplay video track hal service...
01-01 11:56:43.631 1329 1329 I imsrcsd : Interface com.qualcomm.qti.uceservice@2.3::IUceService com.qualcomm.qti.uceservice is found in manifest
01-01 11:56:43.603 0 0 E swr_get_logical_dev_num: Error -22 to get logical addr for device d01170224
01-01 11:56:43.625 0 0 E swr-wcd rx_swr_ctrl: swrm_get_logical_dev_num: device 0xd01170224 is not ready
01-01 11:56:43.625 0 0 I : ip (1349) used greatest stack depth: 9848 bytes left
01-01 11:56:43.636 1319 1319 I HidlServiceManagement: Registered vendor.qti.hardware.wifidisplaysession@1.0::IWifiDisplaySessionVideoTrack/wifidisplaysessionvideotrack (start delay of 460ms)
01-01 11:56:43.636 1319 1319 E wifidisplayhal-service: Registering wifidisplay video track hal service...
01-01 11:56:43.640 1359 1359 E adsprpcd: vendor/qcom/proprietary/adsprpc/src/adsprpcd.c:36:adsp daemon starting
01-01 11:56:43.645 1329 1329 I HidlServiceManagement: Registered com.qualcomm.qti.uceservice@2.3::IUceService/com.qualcomm.qti.uceservice (start delay of 370ms)
01-01 11:56:43.647 1319 1319 I HidlServiceManagement: Registered vendor.qti.hardware.wifidisplaysession@1.0::IWifiDisplaySessionAudioTrack/wifidisplaysessionaudiotrack (start delay of 471ms)
01-01 11:56:43.647 1319 1319 E wifidisplayhal-service: Registering wifidisplay image track hal service...
01-01 11:56:43.649 1319 1319 I HidlServiceManagement: Registered vendor.qti.hardware.wifidisplaysession@1.0::IWifiDisplaySessionImageTrack/wifidisplaysessionimagetrack (start delay of 473ms)
01-01 11:56:43.649 1329 1329 I imsrcsd : Interface com.qualcomm.qti.imscmservice@2.2::IImsCmService qti.ims.connectionmanagerservice is found in manifest
01-01 11:56:43.643 0 0 E swr_get_logical_dev_num: Error -22 to get logical addr for device d01170224
01-01 11:56:43.656 1352 1352 E adsprpcd: vendor/qcom/proprietary/adsprpc/src/adsprpcd.c:36:adsp daemon starting
01-01 11:56:43.657 1329 1329 I HidlServiceManagement: Registered com.qualcomm.qti.imscmservice@2.2::IImsCmService/qti.ims.connectionmanagerservice (start delay of 382ms)
01-01 11:56:43.659 1329 1329 I imsrcsd : Interface vendor.qti.ims.factory@1.1::IImsFactory default is not found in manifest
01-01 11:56:43.660 1329 1329 I imsrcsd : Interface vendor.qti.ims.factory@1.0::IImsFactory default is found in manifest
01-01 11:56:43.661 1329 1329 I HidlServiceManagement: Registered vendor.qti.ims.factory@1.0::IImsFactory/default (start delay of 386ms)
01-01 11:56:43.663 0 0 E swr-wcd rx_swr_ctrl: swrm_get_logical_dev_num: device 0xd01170224 is not ready
01-01 11:56:43.663 1329 1329 I imsrcsd : Interface vendor.qti.ims.callinfo@1.0::IService default is found in manifest
01-01 11:56:43.663 1329 1329 E imsrcsd : [IMS_COM] |ImsQmiSvc.cpp | 38 | | 1329 |ImsQmiSvc[ImsQmiPrivate]:
01-01 11:56:43.663 1329 1329 E imsrcsd : [IMS_COM] |ImsQmiSvc.cpp | 42 | | 1329 |ImsQmiSvc: qmiimssvcfd : 8 svcObj[x90668568]
01-01 11:56:43.663 1329 1329 E imsrcsd : [IMS_COM] |ImsCom.cpp | 167 | | 1329 |ImsCom::addComEventHandler(int 8, ComEventCallback 0x769065edf0, void* 0xb400007775f732c0, ComCloseCallback 0x0, events 1) EX
01-01 11:56:43.663 1329 1329 E imsrcsd : [IMS_COM] |ImsCom.cpp | 179 | | 1329 |ImsCom::addComEventHandler epoll_ctl returns: 0
01-01 11:56:43.667 1329 1329 E imsrcsd : [IMS_COM] |ImsQmiSvc.cpp | 122 | | 1329 |ImsQmiSvc[ImsQmiPrivate]: registerForQmiSvcUp
01-01 11:56:43.667 1329 1329 E imsrcsd : [IMS_COM] |ImsQmiPrivate.cpp | 120 | | 1329 |ImsQmiPrivate Xtor
01-01 11:56:43.667 1329 1329 E imsrcsd : [IMS_COM] |ImsCom.cpp | 167 | | 1329 |ImsCom::addComEventHandler(int 12, ComEventCallback 0x769065edec, void* 0xb400007775f732c0, ComCloseCallback 0x0, events 1) EX
01-01 11:56:43.667 1329 1329 E imsrcsd : [IMS_COM] |ImsCom.cpp | 179 | | 1329 |ImsCom::addComEventHandler epoll_ctl returns: 0
01-01 11:56:43.667 1329 1329 I imsrcsd : ImsCallInfoService: Ctor[f5f7a1d0]
01-01 11:56:43.667 1329 1329 E imsrcsd : [IMS_COM] |ImsQmiPrivate.cpp | 232 | | 1329 |QMI IMS Private listener added 0xb4000076f5f7a1d0
01-01 11:56:43.667 1329 1329 I imsrcsd : ImsCallInfoService - registerServiceImpl: Registering for vendor.qti.ims.callinfo
01-01 11:56:43.669 1329 1329 I HidlServiceManagement: Registered vendor.qti.ims.callinfo@1.0::IService/default (start delay of 394ms)
01-01 11:56:43.669 1329 1329 I imsrcsd : ImsRcsBaseImpl ImsCallInfo After Registering Service
01-01 11:56:43.676 1339 1339 I dex2oat64: dex2oat took 222.007ms (128.329ms cpu) (threads: 8) arena alloc=0B (0B) java alloc=32KB (33104B) native alloc=882KB (904032B) free=2722KB (2787392B)
01-01 11:56:43.687 1359 1359 I adsprpcd: vendor/qcom/proprietary/adsprpc/src/rpcmem_android.c:159: rpcmem_init_internal: opened ION device fd 4, configured heap IDs: system (0x2000000), contig (0x400000), secure (0x200), secure flags (0x80080000)
01-01 11:56:43.689 1361 1361 E cdsprpcd: vendor/qcom/proprietary/adsprpc/src/cdsprpcd.c:35:cdsp daemon starting
01-01 11:56:43.685 0 0 E swr_get_logical_dev_num: Error -22 to get logical addr for device d01170224
01-01 11:56:43.687 1359 1359 I adsprpcd: vendor/qcom/proprietary/adsprpc/src/fastrpc_apps_user.c:3087: fastrpc_apps_user_init done with default domain:0 and &fastrpc_trace:0x7c81188fa0
01-01 11:56:43.691 1359 1359 I adsprpcd: vendor/qcom/proprietary/adsprpc/src/fastrpc_apps_user.c:1345: remote_handle_open: Successfully opened handle 0x0 for '":;./\createstaticpd:audiopd on domain 0
01-01 11:56:43.692 1359 1359 E ion : ioctl c0044901 failed with code -1: Inappropriate ioctl for device
01-01 11:56:43.693 1352 1352 I adsprpcd: vendor/qcom/proprietary/adsprpc/src/rpcmem_android.c:159: rpcmem_init_internal: opened ION device fd 4, configured heap IDs: system (0x2000000), contig (0x400000), secure (0x200), secure flags (0x80080000)
01-01 11:56:43.693 1352 1352 I adsprpcd: vendor/qcom/proprietary/adsprpc/src/fastrpc_apps_user.c:3087: fastrpc_apps_user_init done with default domain:0 and &fastrpc_trace:0x70034ddfa0
01-01 11:56:43.693 1352 1352 I adsprpcd: vendor/qcom/proprietary/adsprpc/src/fastrpc_apps_user.c:1345: remote_handle_open: Successfully opened handle 0x0 for '":;./\attachguestos on domain 0
01-01 11:56:43.713 1361 1361 I cdsprpcd: vendor/qcom/proprietary/adsprpc/src/rpcmem_android.c:159: rpcmem_init_internal: opened ION device fd 4, configured heap IDs: system (0x2000000), contig (0x400000), secure (0x200), secure flags (0x80080000)
01-01 11:56:43.714 1361 1361 I cdsprpcd: vendor/qcom/proprietary/adsprpc/src/fastrpc_apps_user.c:3087: fastrpc_apps_user_init done with default domain:3 and &fastrpc_trace:0x7128d3efa0
01-01 11:56:43.714 1361 1361 I cdsprpcd: vendor/qcom/proprietary/adsprpc/src/fastrpc_apps_user.c:1345: remote_handle_open: Successfully opened handle 0x0 for '":;./\attachguestos on domain 3
01-01 11:56:43.721 1300 1300 W libc : Unable to set property "ctl.stop" to "vendor.ril-daemon": error code: 0x20
01-01 11:56:43.711 0 0 E swr-wcd rx_swr_ctrl: swrm_get_logical_dev_num: device 0xd01170224 is not ready
01-01 11:56:43.725 1352 1377 I adsprpcd: vendor/qcom/proprietary/adsprpc/src/log_config.c:345: file_watcher_thread starting for domain 0
01-01 11:56:43.725 1352 1377 E adsprpcd: vendor/qcom/proprietary/adsprpc/src/log_config.c:268:Error 0x200: fopen failed for /vendor/lib/rfsa/adsp/adsprpcd.farf. (No such file or directory)
01-01 11:56:43.726 1352 1376 I adsprpcd: vendor/qcom/proprietary/adsprpc/src/listener_android.c:111: listener thread starting
01-01 11:56:43.726 1352 1377 E adsprpcd: vendor/qcom/proprietary/adsprpc/src/log_config.c:268:Error 0x200: fopen failed for /vendor/dsp/adsp/adsprpcd.farf. (No such file or directory)
01-01 11:56:43.726 1352 1377 E adsprpcd: vendor/qcom/proprietary/adsprpc/src/log_config.c:268:Error 0x200: fopen failed for /vendor/dsp/adsprpcd.farf. (No such file or directory)
01-01 11:56:43.726 1352 1376 E ion : ioctl c0044901 failed with code -1: Inappropriate ioctl for device
01-01 11:56:43.726 1361 1378 I cdsprpcd: vendor/qcom/proprietary/adsprpc/src/listener_android.c:111: listener thread starting
01-01 11:56:43.727 0 0 E swr_get_logical_dev_num: Error -22 to get logical addr for device d01170224
01-01 11:56:43.727 1361 1378 E ion : ioctl c0044901 failed with code -1: Inappropriate ioctl for device
01-01 11:56:43.728 1361 1378 I cdsprpcd: vendor/qcom/proprietary/adsprpc/src/mod_table.c:687: open_mod_table_open_from_static: reverse module apps_mem opened with handle 0x28d419e8 (idx 0)
01-01 11:56:43.728 1352 1376 I adsprpcd: vendor/qcom/proprietary/adsprpc/src/mod_table.c:687: open_mod_table_open_from_static: reverse module apps_mem opened with handle 0x34e09e8 (idx 0)
01-01 11:56:43.729 1361 1379 I cdsprpcd: vendor/qcom/proprietary/adsprpc/src/log_config.c:345: file_watcher_thread starting for domain 3
01-01 11:56:43.729 1361 1379 E cdsprpcd: vendor/qcom/proprietary/adsprpc/src/log_config.c:268:Error 0x200: fopen failed for /vendor/lib/rfsa/adsp/cdsprpcd.farf. (No such file or directory)
01-01 11:56:43.729 1361 1379 E cdsprpcd: vendor/qcom/proprietary/adsprpc/src/log_config.c:268:Error 0x200: fopen failed for /vendor/dsp/cdsp/cdsprpcd.farf. (No such file or directory)
01-01 11:56:43.729 1361 1379 E cdsprpcd: vendor/qcom/proprietary/adsprpc/src/log_config.c:268:Error 0x200: fopen failed for /vendor/dsp/cdsprpcd.farf. (No such file or directory)
01-01 11:56:43.733 1253 1262 V installd: DexInv: --- END '/apex/com.android.media/javalib/service-media-s.jar' (success) ---
01-01 11:56:43.735 1361 1361 I cdsprpcd: vendor/qcom/proprietary/adsprpc/src/fastrpc_perf.c:273: fastrpc_perf_init: enabled systrace 0x0 and RPC traces (kernel 0, dsp 0) with frequency 1000
01-01 11:56:43.735 1361 1361 I cdsprpcd: vendor/qcom/proprietary/adsprpc/src/fastrpc_apps_user.c:1345: remote_handle_open: Successfully opened handle 0xc0534d50 for adsp_default_listener on domain 3
01-01 11:56:43.736 1361 1361 I cdsprpcd: vendor/qcom/proprietary/adsprpc/src/fastrpc_apps_user.c:1345: remote_handle_open: Successfully opened handle 0xc0534e20 for adsp_default_listener on domain 3
01-01 11:56:43.736 1361 1361 I cdsprpcd: vendor/qcom/proprietary/adsprpc/src/fastrpc_apps_user.c:1345: remote_handle_open: Successfully opened handle 0x6 for '":;./\geteventfd on domain 3
01-01 11:56:43.737 1361 1378 I cdsprpcd: vendor/qcom/proprietary/adsprpc/src/mod_table.c:687: open_mod_table_open_from_static: reverse module apps_std opened with handle 0x28d41ae8 (idx 1)
01-01 11:56:43.737 1352 1352 I adsprpcd: vendor/qcom/proprietary/adsprpc/src/fastrpc_perf.c:273: fastrpc_perf_init: enabled systrace 0x0 and RPC traces (kernel 0, dsp 0) with frequency 1000
01-01 11:56:43.738 1352 1352 I adsprpcd: vendor/qcom/proprietary/adsprpc/src/fastrpc_apps_user.c:1345: remote_handle_open: Successfully opened handle 0xf07b07e0 for adsp_default_listener on domain 0
01-01 11:56:43.738 1352 1352 I adsprpcd: vendor/qcom/proprietary/adsprpc/src/fastrpc_apps_user.c:1345: remote_handle_open: Successfully opened handle 0xf07b08b0 for adsp_default_listener on domain 0
01-01 11:56:43.739 1352 1352 I adsprpcd: vendor/qcom/proprietary/adsprpc/src/fastrpc_apps_user.c:1345: remote_handle_open: Successfully opened handle 0x6 for '":;./\geteventfd on domain 0
01-01 11:56:43.739 1253 1262 V installd: DexInv: --- BEGIN '/apex/com.android.permission/javalib/service-permission.jar' ---
01-01 11:56:43.739 1253 1262 V installd: Running /apex/com.android.art/bin/dex2oat64 in=service-permission.jar out=/data/dalvik-cache/arm64/apex@com.android.permission@javalib@service-permission.jar@classes.dex
01-01 11:56:43.747 0 0 E wcd938x_codec wcd938x-codec: wcd938x_bind: Slave bind failed, ret = -517
01-01 11:56:43.770 1002 1002 I vppservice: vendor/qcom/proprietary/adsprpc/src/fastrpc_apps_user.c:1401: remote_handle64_open: Successfully opened handle 0xd9c218d0 for file:///libvpp_svc_skel.so?vpp_svc_skel_handle_invoke&_modver=1.0&_dom=cdsp on domain 3
01-01 11:56:43.805 1370 1370 W wfdvnd-service: Setup minijail
01-01 11:56:43.815 1002 1022 I vppservice: vendor/qcom/proprietary/adsprpc/src/apps_std_imp.c:848: Successfully opened file /vendor/dsp/cdsp/libvpp_mcnr.so
01-01 11:56:43.819 1370 1370 W wfdvndservice: libminijail[1370]: failed to get path of fd 4: No such file or directory
01-01 11:56:43.820 1370 1370 W wfdvndservice: libminijail[1370]: allowing syscall: clock_gettime
01-01 11:56:43.820 1370 1370 W wfdvndservice: libminijail[1370]: allowing syscall: connect
01-01 11:56:43.820 1370 1370 W wfdvndservice: libminijail[1370]: allowing syscall: fcntl64
01-01 11:56:43.820 1370 1370 W wfdvndservice: libminijail[1370]: allowing syscall: socket
01-01 11:56:43.820 1370 1370 W wfdvndservice: libminijail[1370]: allowing syscall: writev
01-01 11:56:43.820 1370 1370 W wfdvndservice: libminijail[1370]: logging seccomp filter failures
01-01 11:56:43.821 1370 1370 W wfdvnd-service: Start wfdvndservice
01-01 11:56:43.821 1370 1370 W BnHDCPFactoryImp: BnHDCPFactoryImp :: Start
01-01 11:56:43.833 1244 1244 D hw-ProcessState: Binder ioctl to enable oneway spam detection failed: Invalid argument
01-01 11:56:43.833 0 0 I binder : 1244:1244 ioctl 40046210 7fde280a64 returned -22
01-01 11:56:43.835 1244 1244 D ProcessState: Binder ioctl to enable oneway spam detection failed: Invalid argument
01-01 11:56:43.835 0 0 I binder : 1244:1244 ioctl 40046210 7fde280a84 returned -22
01-01 11:56:43.845 1244 1244 I cameraserver: ServiceManager: 0xb400006f2fab5d30
01-01 11:56:43.845 1244 1244 I CameraService: CameraService started (pid=1244)
01-01 11:56:43.846 1244 1244 I CameraService: CameraService process starting
01-01 11:56:43.846 1244 1244 W BatteryNotifier: batterystats service unavailable!
01-01 11:56:43.847 1244 1244 W BatteryNotifier: batterystats service unavailable!
01-01 11:56:43.857 506 506 I hwservicemanager: Since android.hardware.camera.provider@2.4::ICameraProvider/legacy/0 is not registered, trying to start it as a lazy HAL.
01-01 11:56:43.858 1244 1244 W CameraProviderManager: tryToInitializeProviderLocked: Camera provider HAL 'legacy/0' is not actually available
01-01 11:56:43.863 1244 1244 I cameraserver: Waiting for activity service
01-01 11:56:43.890 1014 1028 E ion : ioctl c0044901 failed with code -1: Inappropriate ioctl for device
01-01 11:56:43.892 1014 1028 I sscrpcd : vendor/qcom/proprietary/adsprpc/src/mod_table.c:687: open_mod_table_open_from_static: reverse module apps_std opened with handle 0x33369e8 (idx 0)
01-01 11:56:43.894 1014 1028 W sscrpcd : vendor/qcom/proprietary/adsprpc/src/apps_std_imp.c:881: Warning: apps_std_fopen_with_env failed with 0x2 for .//lowi//lowi_lp.conf (No such file or directory)
01-01 11:56:43.903 1331 1331 I ThermalEngine: devices_manager_init: Init
01-01 11:56:43.903 1331 1331 I ThermalEngine: Number of gpus :1
01-01 11:56:43.904 1331 1331 I ThermalEngine: Number of cpus :8
01-01 11:56:43.907 1331 1331 I ThermalEngine: update_cpu_topology: Cluster info node not found/sys/module/msm_thermal/cluster_info
01-01 11:56:43.912 1383 1383 W dex2oat64: Mismatch between dex2oat instruction set features to use (ISA: Arm64 Feature string: a53,crc,-lse,-fp16,-dotprod,-sve) and those from CPP defines (ISA: Arm64 Feature string: -a53,-crc,-lse,-fp16,-dotprod,-sve) for the command line:
01-01 11:56:43.912 1383 1383 W dex2oat64: /apex/com.android.art/bin/dex2oat64 --zip-fd=6 --zip-location=service-permission.jar --oat-fd=7 --oat-location=/data/dalvik-cache/arm64/apex@com.android.permission@javalib@service-permission.jar@classes.dex --input-vdex-fd=-1 --output-vdex-fd=8 --swap-fd=9 --classpath-dir=/apex/com.android.permission/javalib --class-loader-context=PCL[/system/framework/com.android.location.provider.jar:/system/framework/services.jar:/system/framework/ethernet-service.jar:/apex/com.android.appsearch/javalib/service-appsearch.jar:/apex/com.android.media/javalib/service-media-s.jar] --compact-dex-level=none --instruction-set=arm64 --instruction-set-features=default --instruction-set-variant=generic --compiler-filter=verify --compilation-reason=server-dexopt --max-image-block-size=524288 --resolve-startup-const-strings=true --generate-mini-debug-info --runtime-arg -Xdeny-art-apex-data-files --runtime-arg -Xms64m --runtime-arg -Xmx512m
01-01 11:56:43.913 1002 1022 I vppservice: vendor/qcom/proprietary/adsprpc/src/apps_std_imp.c:848: Successfully opened file /vendor/dsp/cdsp/ubwcdma_dynlib.so
01-01 11:56:43.913 1383 1383 I dex2oat64: /apex/com.android.art/bin/dex2oat64 --input-vdex-fd=-1 --output-vdex-fd=8 --classpath-dir=/apex/com.android.permission/javalib --class-loader-context=PCL[/system/framework/com.android.location.provider.jar:/system/framework/services.jar:/system/framework/ethernet-service.jar:/apex/com.android.appsearch/javalib/service-appsearch.jar:/apex/com.android.media/javalib/service-media-s.jar] --compact-dex-level=none --compiler-filter=verify --compilation-reason=server-dexopt --max-image-block-size=524288 --resolve-startup-const-strings=true --generate-mini-debug-info
01-01 11:56:43.913 1331 1331 E ThermalEngine: tmd_add_cpufreq_dev_data: Invalid or no boost freqs
01-01 11:56:43.935 1383 1383 W dex2oat64: ART APEX data files are untrusted.
01-01 11:56:43.937 1331 1331 E ThermalEngine: tmd_add_cpufreq_dev_data: Invalid or no boost freqs
01-01 11:56:43.947 809 809 D audio_hw_utils: audio_extn_utils_open_snd_mixer: retry, retry_num 5
01-01 11:56:43.952 1331 1331 E ThermalEngine: tmd_add_cpufreq_dev_data: Invalid or no boost freqs
01-01 11:56:43.971 0 0 E bolero-codec soc: qcom,msm-audio-apr:qcom,q6core-audio:bolero-cdc: ASoC: unknown pin WSA AIF VI
01-01 11:56:43.974 0 0 I cnss-daemon: interop issues ap: read_iot_ap_file: No such file /data/vendor/wifi/iotap_ps.bin
01-01 11:56:43.970 1389 1389 I CLD80211: cnss-daemon: initialized exit socket pair
01-01 11:56:43.974 0 0 I cnss-daemon: interop issues ap: read_iot_ap_ps_from_file, read file error
01-01 11:56:43.971 1389 1389 I CLD80211: cnss-daemon: nlctrl family id: 16 group: svc_msgs mcast_id: 19
01-01 11:56:43.974 1389 1389 E cnss-daemon: interop issues ap: read_iot_ap_file: No such file /data/vendor/wifi/iotap_ps.bin
01-01 11:56:43.980 1002 1022 I vppservice: vendor/qcom/proprietary/adsprpc/src/apps_std_imp.c:868: Successfully opened file /vendor/lib/rfsa/adsp/libcvpdsp_skel.so
01-01 11:56:43.981 1389 1389 E cnss-daemon: interop issues ap: read_iot_ap_ps_from_file, read file error
01-01 11:56:43.982 1389 1389 I cnss-daemon: interop issues ap init successfully
01-01 11:56:43.982 1389 1389 I cnss-daemon: cnss hang event handler init successfully
01-01 11:56:43.983 1331 1331 I ThermalEngine: tmd_init_cluster_devs: No clusters found
01-01 11:56:43.975 1392 1392 I ssgqmigd: socket ANDROID_SOCKET_ssgqmig open success
01-01 11:56:43.984 1392 1392 I ssgqmigd: ssgqmigd uses 42
01-01 11:56:43.986 1389 1404 I cnss-daemon: wlan_service_request: Start the pthread
01-01 11:56:44.001 1331 1331 E ThermalEngine: devices_init: Init NPU TMD failed 5
01-01 11:56:44.017 1331 1331 I ThermalEngine: vdd_rstr_init: Could not read /sys/module/msm_thermal/vdd_restriction/enabled
01-01 11:56:44.021 1375 1375 I mediaswcodec: media swcodec service starting
01-01 11:56:44.024 1331 1331 E ThermalEngine: Error reading /sys/class/leds/lcd-backlight/max_brightness
01-01 11:56:44.024 1331 1331 E ThermalEngine: open/sys/class/power_supply/battery/system_temp_level failed2
01-01 11:56:44.024 1331 1331 E ThermalEngine: Unable to init battery charging mitigation to 0
01-01 11:56:44.035 1375 1375 W mediaswcodec: Could not read additional policy file '/vendor/etc/seccomp_policy/mediaswcodec.policy'
01-01 11:56:44.036 1375 1375 W mediaswcodec: libminijail[1375]: failed to get path of fd 4: No such file or directory
01-01 11:56:44.036 1375 1375 W mediaswcodec: libminijail[1375]: allowing syscall: connect
01-01 11:56:44.036 1375 1375 W mediaswcodec: libminijail[1375]: allowing syscall: fcntl
01-01 11:56:44.036 1375 1375 W mediaswcodec: libminijail[1375]: allowing syscall: sendto
01-01 11:56:44.036 1375 1375 W mediaswcodec: libminijail[1375]: allowing syscall: socket
01-01 11:56:44.036 1375 1375 W mediaswcodec: libminijail[1375]: allowing syscall: writev
01-01 11:56:44.037 1375 1375 W mediaswcodec: libminijail[1375]: compile_file: (75): syscall munmap redefined here
01-01 11:56:44.037 1375 1375 W mediaswcodec: libminijail[1375]: compile_file: (39): previous definition here
01-01 11:56:44.009 0 0 W swr-wcd wsa_swr_ctrl: DMA mask not set
01-01 11:56:44.038 1331 1331 I ThermalEngine: sensors_manager_init: Init
01-01 11:56:44.042 1389 1389 E cnss-daemon: NL group_id 10, cnss_nl.family_id 28
01-01 11:56:44.043 0 0 I cnss-daemon: NL group_id 10, cnss_nl.family_id 28
01-01 11:56:44.043 0 0 I cnss-daemon: wlfw_start: Starting
01-01 11:56:44.050 1375 1375 W mediaswcodec: libminijail[1375]: logging seccomp filter failures
01-01 11:56:44.051 0 0 I binder : 1375:1375 ioctl 40046210 7feddb8984 returned -22
01-01 11:56:44.078 0 0 E swr-wcd wsa_swr_ctrl: swrm_get_logical_dev_num: device 0x1020170211 is not ready
01-01 11:56:44.051 1375 1375 D hw-ProcessState: Binder ioctl to enable oneway spam detection failed: Invalid argument
01-01 11:56:44.088 0 0 E swr_get_logical_dev_num: Error -22 to get logical addr for device 1020170211
01-01 11:56:44.051 1375 1375 I CodecServiceRegistrant: Creating software Codec2 service...
01-01 11:56:44.043 1389 1389 I cnss-daemon: wlfw_start: Starting
01-01 11:56:44.067 1331 1398 I ThermalEngine: ADSP thermal mitigation available.
01-01 11:56:44.068 1375 1375 I HidlServiceManagement: Registered android.hardware.media.c2@1.2::IComponentStore/software
01-01 11:56:44.068 1331 1398 I ThermalEngine: Mitigation:vdd_restriction[ADSP]:0 pending QMI request succeded
01-01 11:56:44.070 1375 1375 I CodecServiceRegistrant: Preferred Codec2 store is set to "default".
01-01 11:56:44.070 1375 1375 I CodecServiceRegistrant: Software Codec2 service created and registered.
01-01 11:56:44.071 1331 1411 E ThermalEngine: socket creation success
01-01 11:56:44.079 1002 1022 I vppservice: vendor/qcom/proprietary/adsprpc/src/apps_std_imp.c:848: Successfully opened file /vendor/dsp/cdsp/libvpp_frc.so
01-01 11:56:44.102 809 879 D audio_hw_utils: audio_extn_utils_open_snd_mixer: retry, retry_num 1
01-01 11:56:44.111 655 668 I mpu_uart: [MSG-P:RECV]:No message received in 1000 ms
01-01 11:56:44.124 1389 1389 E cnss-daemon: no interop issues ap currently
01-01 11:56:44.124 0 0 I cnss-daemon: no interop issues ap currently
01-01 11:56:44.127 0 0 W wsa881x : probe of wsa881x.1020170211 failed with error -22
01-01 11:56:44.130 1389 1432 I cnss-daemon: wlfw_service_request: Start the pthread: 0x0K
01-01 11:56:44.146 1402 1433 E loc_launcher: cannot open file:/data/vendor/location/gps.prop
01-01 11:56:44.147 1402 1433 D QCALOG : [location-mq] SRV Socket-Opend
01-01 11:56:44.150 1389 1431 E cnss-daemon: ro.baseband : [apq]
01-01 11:56:44.130 0 0 I cnss-daemon: wlfw_service_request: Start the pthread: 0x0K
01-01 11:56:44.145 0 0 E kona-asoc-snd soc: qcom,msm-audio-apr:qcom,q6core-audio:sound: ASoC: no source widget found for MIC BIAS1
01-01 11:56:44.150 0 0 I cnss-daemon: ro.baseband : [apq]
01-01 11:56:44.150 0 0 I cnss-daemon: Hardware supports external modem
01-01 11:56:44.157 0 0 I cnss-daemon: pm_release_vote: pm_handle is NULL
01-01 11:56:44.157 0 0 I cnss-daemon: pm_release_vote: pm_handle is NULL
01-01 11:56:44.166 0 0 E kona-asoc-snd soc: qcom,msm-audio-apr:qcom,q6core-audio:sound: ASoC: Failed to add route MIC BIAS1 -> direct -> AMIC1
01-01 11:56:44.154 1389 1432 I cnss-daemon: WLFW service connected
01-01 11:56:44.157 1389 1432 E cnss-daemon: pm_release_vote: pm_handle is NULL
01-01 11:56:44.157 1389 1432 E cnss-daemon: pm_release_vote: pm_handle is NULL
01-01 11:56:44.157 1389 1432 I cnss-daemon: cnss_plat_read_file: No such file /data/vendor/wifi/wlfw_cal_00.bin
01-01 11:56:44.157 1389 1432 E cnss-daemon: wlfw_build_cal_table: not read /data/vendor/wifi/wlfw_cal_00.bin
01-01 11:56:44.157 1389 1432 I cnss-daemon: cnss_plat_read_file: No such file /data/vendor/wifi/wlfw_cal_01.bin
01-01 11:56:44.157 1389 1432 E cnss-daemon: wlfw_build_cal_table: not read /data/vendor/wifi/wlfw_cal_01.bin
01-01 11:56:44.157 1389 1432 I cnss-daemon: cnss_plat_read_file: No such file /data/vendor/wifi/wlfw_cal_02.bin
01-01 11:56:44.157 1389 1432 E cnss-daemon: wlfw_build_cal_table: not read /data/vendor/wifi/wlfw_cal_02.bin
01-01 11:56:44.157 1389 1432 I cnss-daemon: cnss_plat_read_file: No such file /data/vendor/wifi/wlfw_cal_03.bin
01-01 11:56:44.157 1389 1432 E cnss-daemon: wlfw_build_cal_table: not read /data/vendor/wifi/wlfw_cal_03.bin
01-01 11:56:44.157 1389 1432 I cnss-daemon: cnss_plat_read_file: No such file /data/vendor/wifi/wlfw_cal_04.bin
01-01 11:56:44.157 1389 1432 E cnss-daemon: wlfw_build_cal_table: not read /data/vendor/wifi/wlfw_cal_04.bin
01-01 11:56:44.171 1389 1432 I cnss-daemon: FW status: 0x0
01-01 11:56:44.175 1389 1431 E cnss-daemon: Hardware supports external modem
01-01 11:56:44.167 0 0 D cnss : Received QMI WLFW request memory indication
01-01 11:56:44.178 0 0 E swr-wcd wsa_swr_ctrl: swrm_get_logical_dev_num: device 0x1020170212 is not ready
01-01 11:56:44.187 0 0 E kona-asoc-snd soc: qcom,msm-audio-apr:qcom,q6core-audio:sound: ASoC: no sink widget found for MIC BIAS1
01-01 11:56:44.198 0 0 D cnss : FW requests for memory, size: 0x5e0000, type: 1
01-01 11:56:44.198 0 0 D cnss : FW requests for memory, size: 0xd8000, type: 4
01-01 11:56:44.198 0 0 D cnss : Posting event: REQUEST_MEM(2), state: 0x9 flags: 0x0
01-01 11:56:44.198 0 0 D cnss : PM stay awake, state: 0x9, count: 1
01-01 11:56:44.198 0 0 D cnss : PM stay awake, state: 0x9, count: 1
01-01 11:56:44.198 0 0 D cnss : Processing driver event: REQUEST_MEM(2), state: 0x9
01-01 11:56:44.198 0 0 E swr_get_logical_dev_num: Error -22 to get logical addr for device 1020170212
01-01 11:56:44.199 0 0 D cnss : PM relax, state: 0x9, count: 0
01-01 11:56:44.207 0 0 E kona-asoc-snd soc: qcom,msm-audio-apr:qcom,q6core-audio:sound: ASoC: Failed to add route Analog Mic1 -> direct -> MIC BIAS1
01-01 11:56:44.220 0 0 W wsa881x : probe of wsa881x.1020170212 failed with error -22
01-01 11:56:44.237 1002 1002 E vpp-tunings: u32VppTunings_ReadExternalTunings (337): unable to open file: /mnt/vendor/persist/vpp/tunings.txt, err=2 (No such file or directory)
01-01 11:56:44.241 1002 1002 I vppservice: vendor/qcom/proprietary/adsprpc/src/fastrpc_apps_user.c:1426: remote_handle_close: closed handle 0x2580d5a0
01-01 11:56:44.226 0 0 E kona-asoc-snd soc: qcom,msm-audio-apr:qcom,q6core-audio:sound: ASoC: no source widget found for MIC BIAS2
01-01 11:56:44.237 0 0 E swr-wcd wsa_swr_ctrl: swrm_get_logical_dev_num: device 0x1021170213 is not ready
01-01 11:56:44.246 0 0 E kona-asoc-snd soc: qcom,msm-audio-apr:qcom,q6core-audio:sound: ASoC: Failed to add route MIC BIAS2 -> direct -> AMIC2
01-01 11:56:44.242 1002 1022 E vppservice: vendor/qcom/proprietary/adsprpc/src/fastrpc_apps_user.c:1200: Error 0x4e: remote_handle_invoke failed for handle 0x3, method 4 on domain 3 (sc 0x4020200) (errno Success)
01-01 11:56:44.242 1002 1022 E vppservice: vendor/qcom/proprietary/adsprpc/src/fastrpc_apps_user.c:1200: Error 0x8000040d: remote_handle_invoke failed for handle 0x3, method 4 on domain 3 (sc 0x4020200) (errno Success)
01-01 11:56:44.242 1002 1022 E vppservice: vendor/qcom/proprietary/adsprpc/src/listener_android.c:221:Error 0x8000040d: listener response with result 0x0 for ctx 0xe8, handle 0xc68979e8, sc 0xffffffff failed : listener thread exited (errno Success)
01-01 11:56:44.243 1002 1022 E vppservice: vendor/qcom/proprietary/adsprpc/src/fastrpc_apps_user.c:1222: Error 0x8000040d: remote_handle64_invoke failed for handle 0xd9c218d0, method 3 on domain 3 (sc 0x3000000) (errno Success)
01-01 11:56:44.243 1002 1023 W vppservice: vendor/qcom/proprietary/adsprpc/src/log_config.c:361:Warning: file_watcher_thread received exit for domain 3, file vppservice.farf
01-01 11:56:44.243 1002 1023 I vppservice: vendor/qcom/proprietary/adsprpc/src/log_config.c:408: file_watcher_thread exiting for domain 3
01-01 11:56:44.248 1383 1383 I dex2oat64: dex2oat took 342.232ms (132.166ms cpu) (threads: 8) arena alloc=0B (0B) java alloc=146KB (150128B) native alloc=1274KB (1305504B) free=2589KB (2651424B)
01-01 11:56:44.249 1002 1002 I vppservice: vendor/qcom/proprietary/adsprpc/src/mod_table.c:772: open_mod_table_close: closed reverse module apps_std with handle 0xc68979e8
01-01 11:56:44.249 1002 1002 E vppservice: vendor/qcom/proprietary/adsprpc/src/listener_android.c:64::error: 512: AEE_SUCCESS == (nErr = mod_table_close(handle, errStr, errStrLen, dlErr))
01-01 11:56:44.249 1002 1002 E vppservice: vendor/qcom/proprietary/adsprpc/src/listener_android.c:64::error: 512: AEE_SUCCESS == (nErr = mod_table_close(handle, errStr, errStrLen, dlErr))
01-01 11:56:44.258 1002 1002 I vppservice: vendor/qcom/proprietary/adsprpc/src/fastrpc_apps_user.c:1469: remote_handle64_close: closed handle 0xb400006fd9c218d0
01-01 11:56:44.258 0 0 E swr_get_logical_dev_num: Error -22 to get logical addr for device 1021170213
01-01 11:56:44.267 0 0 E kona-asoc-snd soc: qcom,msm-audio-apr:qcom,q6core-audio:sound: ASoC: no sink widget found for MIC BIAS2
01-01 11:56:44.279 0 0 W wsa881x : probe of wsa881x.1021170213 failed with error -22
01-01 11:56:44.279 1441 1441 W tlogd : [ConfigLoader](ConfigLoader) using default config.xml.
01-01 11:56:44.281 1441 1441 D tlogd : [TzLogger](main) tlog prepare OK!
01-01 11:56:44.288 1441 1466 E tlogd : [TzLogger](isPathReadable) file /sys/kernel/debug/tzdbg/qsee_log isn't exist or no permission, err: Permission denied
01-01 11:56:44.288 1441 1466 E tlogd : [TzLogger](saveTzlogAsync) /sys/kernel/debug/tzdbg/qsee_log can not read.
01-01 11:56:44.288 1441 1466 E tlogd : [TzLogger](isPathReadable) file /sys/kernel/debug/tzdbg/log isn't exist or no permission, err: Permission denied
01-01 11:56:44.288 1441 1466 E tlogd : [TzLogger](saveTzlogAsync) /sys/kernel/debug/tzdbg/log can not read.
01-01 11:56:44.284 1441 1441 I auditd : type=1400 audit(0.0:36): avc: denied { read } for comm="tzlog" name="qsee_log" dev="debugfs" ino=18474 scontext=u:r:np_thundercomm_tlog:s0 tcontext=u:object_r:debugfs:s0 tclass=file permissive=0
01-01 11:56:44.284 1441 1441 W tzlog : type=1400 audit(0.0:36): avc: denied { read } for name="qsee_log" dev="debugfs" ino=18474 scontext=u:r:np_thundercomm_tlog:s0 tcontext=u:object_r:debugfs:s0 tclass=file permissive=0
01-01 11:56:44.284 1441 1441 I auditd : type=1400 audit(0.0:37): avc: denied { read } for comm="tzlog" name="log" dev="debugfs" ino=18473 scontext=u:r:np_thundercomm_tlog:s0 tcontext=u:object_r:debugfs:s0 tclass=file permissive=0
01-01 11:56:44.284 1441 1441 W tzlog : type=1400 audit(0.0:37): avc: denied { read } for name="log" dev="debugfs" ino=18473 scontext=u:r:np_thundercomm_tlog:s0 tcontext=u:object_r:debugfs:s0 tclass=file permissive=0
01-01 11:56:44.288 1002 1002 I vppservice: vendor/qcom/proprietary/adsprpc/src/fastrpc_apps_user.c:2636: Successfully opened /vendor/dsp/cdsp/fastrpc_shell_33
01-01 11:56:44.288 1002 1002 I vppservice: vendor/qcom/proprietary/adsprpc/src/fastrpc_config.c:200: Reading configuration file: vppservice.debugconfig
01-01 11:56:44.284 0 0 E kona-asoc-snd soc: qcom,msm-audio-apr:qcom,q6core-audio:sound: ASoC: Failed to add route Analog Mic2 -> direct -> MIC BIAS2
01-01 11:56:44.297 0 0 E swr-wcd wsa_swr_ctrl: swrm_get_logical_dev_num: device 0x1021170214 is not ready
01-01 11:56:44.304 1425 1425 I gatekeeperd: Starting gatekeeperd...
01-01 11:56:44.305 0 0 I binder : 1425:1425 ioctl 40046210 7ffe237094 returned -22
01-01 11:56:44.306 1425 1425 D ProcessState: Binder ioctl to enable oneway spam detection failed: Invalid argument
01-01 11:56:44.306 0 0 E kona-asoc-snd soc: qcom,msm-audio-apr:qcom,q6core-audio:sound: ASoC: no source widget found for MIC BIAS3
01-01 11:56:44.318 0 0 E swr_get_logical_dev_num: Error -22 to get logical addr for device 1021170214
01-01 11:56:44.327 1002 1002 I vppservice: vendor/qcom/proprietary/adsprpc/src/fastrpc_apps_user.c:2843: Created user PD on domain 3 (attrs 0x0, debug_trace 0x0)
01-01 11:56:44.328 1002 1002 I vppservice: vendor/qcom/proprietary/adsprpc/src/fastrpc_perf.c:273: fastrpc_perf_init: enabled systrace 0x0 and RPC traces (kernel 0, dsp 0) with frequency 1000
01-01 11:56:44.334 0 0 W : ------------[ cut here ]------------
01-01 11:56:44.334 0 0 W : Unbalanced enable for IRQ 400
01-01 11:56:44.334 0 0 W : WARNING: CPU: 3 PID: 445 at kernel/irq/manage.c:621 enable_irq+0x98/0xf0
01-01 11:56:44.334 0 0 I : Modules linked in: wlan(O+) tsnv(O) machine_dlkm(O) wcd938x_slave_dlkm(O) wcd938x_dlkm(O) wcd9xxx_dlkm(O) mbhc_dlkm(O) tx_macro_dlkm(O) rx_macro_dlkm(O) va_macro_dlkm(O) wsa_macro_dlkm(O) swr_ctrl_dlkm(O) bolero_cdc_dlkm(O) wsa881x_dlkm(O) wcd_core_dlkm(O) stub_dlkm(O) hdmi_dlkm(O) swr_dlkm(O) pinctrl_lpi_dlkm(O) pinctrl_wcd_dlkm(O) usf_dlkm(O) native_dlkm(O) platform_dlkm(O) q6_dlkm(O) adsp_loader_dlkm(O) apr_dlkm(O) snd_event_dlkm(O) q6_notifier_dlkm(O) q6_pdr_dlkm(O) msm_11ad_proxy
01-01 11:56:44.334 0 0 I : CPU: 3 PID: 445 Comm: kworker/3:3 Tainted: G S O 4.19.157+ #1
01-01 11:56:44.334 0 0 I Hardware name: Qualcomm Technologies, Inc. kona MTP-RmPM8150b. VX1(MCE) EVT2 (DT)
01-01 11:56:44.334 0 0 I Workqueue: pm pm_runtime_work
01-01 11:56:44.334 0 0 I pstate : 60c00085 (nZCv daIf +PAN +UAO)
01-01 11:56:44.335 0 0 I pc : enable_irq+0x98/0xf0
01-01 11:56:44.335 0 0 I lr : enable_irq+0x98/0xf0
01-01 11:56:44.335 0 0 I sp : ffffff801c02baf0
01-01 11:56:44.335 0 0 I : x29: ffffff801c02bb00 x28: 0000000000000002
01-01 11:56:44.335 0 0 I : x27: 0000000000000000 x26: ffffffe110bafbfd
