01-01 11:56:36.244 670 670 W LibBpfLoader: 48: (69) r2 = *(u16 *)(r9 +14)
01-01 11:56:36.244 670 670 W LibBpfLoader: 49: (69) r3 = *(u16 *)(r9 +16)
01-01 11:56:36.244 670 670 W LibBpfLoader: 50: (bf) r5 = r3
01-01 11:56:36.244 670 670 W LibBpfLoader: 51: (0f) r5 += r2
01-01 11:56:36.244 670 670 W LibBpfLoader: 52: (69) r2 = *(u16 *)(r9 +18)
01-01 11:56:36.244 670 670 W LibBpfLoader: 53: (0f) r5 += r2
01-01 11:56:36.244 670 670 W LibBpfLoader: 54: (69) r4 = *(u16 *)(r9 +20)
01-01 11:56:36.244 670 670 W LibBpfLoader: 55: (0f) r5 += r4
01-01 11:56:36.244 670 670 W LibBpfLoader: 56: (69) r2 = *(u16 *)(r9 +22)
01-01 11:56:36.244 670 670 W LibBpfLoader: 57: (0f) r5 += r2
01-01 11:56:36.244 670 670 W LibBpfLoader: 58: (69) r0 = *(u16 *)(r9 +24)
01-01 11:56:36.244 670 670 W LibBpfLoader: 59: (0f) r5 += r0
01-01 11:56:36.244 670 670 W LibBpfLoader: 60: (69) r0 = *(u16 *)(r9 +26)
01-01 11:56:36.244 670 670 W LibBpfLoader: 61: (0f) r5 += r0
01-01 11:56:36.244 670 670 W LibBpfLoader: 62: (69) r0 = *(u16 *)(r9 +28)
01-01 11:56:36.244 670 670 W LibBpfLoader: 63: (0f) r5 += r0
01-01 11:56:36.244 670 670 W LibBpfLoader: 64: (69) r0 = *(u16 *)(r9 +30)
01-01 11:56:36.244 670 670 W LibBpfLoader: 65: (0f) r5 += r0
01-01 11:56:36.244 670 670 W LibBpfLoader: 66: (69) r0 = *(u16 *)(r9 +32)
01-01 11:56:36.244 670 670 W LibBpfLoader: 67: (0f) r5 += r0
01-01 11:56:36.244 670 670 W LibBpfLoader: 68: (18) r0 = 0xffff0000
01-01 11:56:36.244 670 670 W LibBpfLoader: 70: (bf) r8 = r5
01-01 11:56:36.244 670 670 W LibBpfLoader: 71: (5f) r8 &= r0
01-01 11:56:36.244 670 670 W LibBpfLoader: 72: (57) r5 &= 65535
01-01 11:56:36.244 670 670 W LibBpfLoader: 73: (77) r8 >>= 16
01-01 11:56:36.244 670 670 W LibBpfLoader: 74: (0f) r5 += r8
01-01 11:56:36.244 670 670 W LibBpfLoader: 75: (bf) r0 = r5
01-01 11:56:36.244 670 670 W LibBpfLoader: 76: (77) r0 >>= 16
01-01 11:56:36.244 670 670 W LibBpfLoader: 77: (57) r5 &= 65535
01-01 11:56:36.244 670 670 W LibBpfLoader: 78: (0f) r5 += r0
01-01 11:56:36.244 670 670 W LibBpfLoader: 79: (15) if r5 == 0xffff goto pc+1
01-01 11:56:36.244 670 670 W LibBpfLoader: R0=inv(id=0,umax_value=1,var_off=(0x0; 0x1)) R1=pkt_end(id=0,off=0,imm=0) R2=inv(id=0,umax_value=65535,var_off=(0x0; 0xffff)) R3=inv(id=0,umax_value=65535,var_off=(0x0; 0xffff)) R4=inv(id=0,umax_value=65535,var_off=(0x0; 0xffff)) R5=inv(id=0,umax_value=65536,var_off=(0x0; 0x1ffff)) R6=ctx(id=0,off=0,imm=0) R7=inv0 R8=inv(id=0,umax_value=9,var_off=(0x0; 0xf)) R9=pkt(id=0,off=0,r=34,imm=0) R10=fp0,call_-1
01-01 11:56:36.244 670 670 W LibBpfLoader: 80: (05) goto pc+20
01-01 11:56:36.244 670 670 W LibBpfLoader: 101: (b7) r1 = 16
01-01 11:56:36.244 670 670 W LibBpfLoader: 102: (63) *(u32 *)(r10 -24) = r1
01-01 11:56:36.244 670 670 W LibBpfLoader: 103: (bf) r2 = r10
01-01 11:56:36.244 670 670 W LibBpfLoader: 104: (07) r2 += -24
01-01 11:56:36.244 670 670 W LibBpfLoader: 105: (18) r1 = 0xffffffe138485a80
01-01 11:56:36.244 670 670 W LibBpfLoader: 107: (85) call bpf_map_lookup_elem#1
01-01 11:56:36.244 670 670 W LibBpfLoader: 108: (15) if r0 == 0x0 goto pc-65
01-01 11:56:36.244 585 585 I sscrpcd : vendor/qcom/proprietary/adsprpc/src/rpcmem_android.c:159: rpcmem_init_internal: opened ION device fd 4, configured heap IDs: system (0x2000000), contig (0x400000), secure (0x200), secure flags (0x80080000)
01-01 11:56:36.244 670 670 W LibBpfLoader: R0=map_value(id=0,off=0,ks=4,vs=4,imm=0) R6=ctx(id=0,off=0,imm=0) R7=inv0 R8=inv(id=0,umax_value=9,var_off=(0x0; 0xf)) R9=pkt(id=0,off=0,r=34,imm=0) R10=fp0,call_-1
01-01 11:56:36.244 670 670 W LibBpfLoader: 109: (05) goto pc-68
01-01 11:56:36.244 585 585 I sscrpcd : vendor/qcom/proprietary/adsprpc/src/fastrpc_apps_user.c:3087: fastrpc_apps_user_init done with default domain:2 and &fastrpc_trace:0x7bd4cd1fa0
01-01 11:56:36.244 670 670 W LibBpfLoader: 42: (b7) r1 = 1
01-01 11:56:36.244 670 670 W LibBpfLoader: 43: (c3) lock *(u32 *)(r0 +0) += r1
01-01 11:56:36.244 670 670 W LibBpfLoader: R0=map_value(id=0,off=0,ks=4,vs=4,imm=0) R1_w=inv1 R6=ctx(id=0,off=0,imm=0) R7=inv0 R8=inv(id=0,umax_value=9,var_off=(0x0; 0xf)) R9=pkt(id=0,off=0,r=34,imm=0) R10=fp0,call_-1
01-01 11:56:36.244 670 670 W LibBpfLoader: R0=map_value(id=0,off=0,ks=4,vs=4,imm=0) R1_w=inv1 R6=ctx(id=0,off=0,imm=0) R7=inv0 R8=inv(id=0,umax_value=9,var_off=(0x0; 0xf)) R9=pkt(id=0,off=0,r=34,imm=0) R10=fp0,call_-1
01-01 11:56:36.244 670 670 W LibBpfLoader: 44: safe
01-01 11:56:36.244 585 585 E sscrpcd : vendor/qcom/proprietary/sensors-see/sscrpcd/src/sscrpcd.cpp:94:adsp_default_listener_start called for [sensorspd]
01-01 11:56:36.244 670 670 W LibBpfLoader:
01-01 11:56:36.244 670 670 W LibBpfLoader: from 108 to 44: safe
01-01 11:56:36.244 670 670 W LibBpfLoader:
01-01 11:56:36.244 670 670 W LibBpfLoader: from 79 to 81: R0=inv(id=0,umax_value=1,var_off=(0x0; 0x1)) R1=pkt_end(id=0,off=0,imm=0) R2=inv(id=0,umax_value=65535,var_off=(0x0; 0xffff)) R3=inv(id=0,umax_value=65535,var_off=(0x0; 0xffff)) R4=inv(id=0,umax_value=65535,var_off=(0x0; 0xffff)) R5=inv65535 R6=ctx(id=0,off=0,imm=0) R7=inv0 R8=inv(id=0,umax_value=9,var_off=(0x0; 0xf)) R9=pkt(id=0,off=0,r=34,imm=0) R10=fp0,call_-1
01-01 11:56:36.244 670 670 W LibBpfLoader: 81: (dc) r3 = be16 r3
01-01 11:56:36.244 670 670 W LibBpfLoader: 82: (25) if r3 > 0x13 goto pc+27
01-01 11:56:36.244 670 670 W LibBpfLoader: R0=inv(id=0,umax_value=1,var_off=(0x0; 0x1)) R1=pkt_end(id=0,off=0,imm=0) R2=inv(id=0,umax_value=65535,var_off=(0x0; 0xffff)) R3=inv(id=0,umax_value=19,var_off=(0x0; 0x1f)) R4=inv(id=0,umax_value=65535,var_off=(0x0; 0xffff)) R5=inv65535 R6=ctx(id=0,off=0,imm=0) R7=inv0 R8=inv(id=0,umax_value=9,var_off=(0x0; 0xf)) R9=pkt(id=0,off=0,r=34,imm=0) R10=fp0,call_-1
01-01 11:56:36.244 670 670 W LibBpfLoader: 83: (b7) r1 = 23
01-01 11:56:36.244 670 670 W LibBpfLoader: 84: (63) *(u32 *)(r10 -24) = r1
01-01 11:56:36.244 670 670 W LibBpfLoader: 85: (bf) r2 = r10
01-01 11:56:36.244 670 670 W LibBpfLoader: 86: (07) r2 += -24
01-01 11:56:36.244 670 670 W LibBpfLoader: 87: (18) r1 = 0xffffffe138485a80
01-01 11:56:36.244 670 670 W LibBpfLoader: 89: (85) call bpf_map_lookup_elem#1
01-01 11:56:36.244 585 585 I sscrpcd : vendor/qcom/proprietary/adsprpc/src/fastrpc_pm.c:85: fastrpc_wake_lock_init done for sscrpcd:585
01-01 11:56:36.244 670 670 W LibBpfLoader: 90: (15) if r0 == 0x0 goto pc-47
01-01 11:56:36.244 670 670 W LibBpfLoader: R0=map_value(id=0,off=0,ks=4,vs=4,imm=0) R6=ctx(id=0,off=0,imm=0) R7=inv0 R8=inv(id=0,umax_value=9,var_off=(0x0; 0xf)) R9=pkt(id=0,off=0,r=34,imm=0) R10=fp0,call_-1
01-01 11:56:36.244 585 585 I sscrpcd : vendor/qcom/proprietary/adsprpc/src/fastrpc_apps_user.c:1733: wakelock_control: enabled wakelock control for domain 2
01-01 11:56:36.245 670 670 W LibBpfLoader: 91: (05) goto pc-50
01-01 11:56:36.245 585 585 E sscrpcd : vendor/qcom/proprietary/sensors-see/sscrpcd/src/sscrpcd.cpp:65:fastrpc wakelock control is enabled
01-01 11:56:36.245 670 670 W LibBpfLoader: 42: (b7) r1 = 1
01-01 11:56:36.245 670 670 W LibBpfLoader: 43: (c3) lock *(u32 *)(r0 +0) += r1
01-01 11:56:36.245 585 585 I sscrpcd : vendor/qcom/proprietary/adsprpc/src/fastrpc_apps_user.c:1345: remote_handle_open: Successfully opened handle 0x0 for '":;./\createstaticpd:sensorspd on domain 2
01-01 11:56:36.245 670 670 W LibBpfLoader: R0=map_value(id=0,off=0,ks=4,vs=4,imm=0) R1_w=inv1 R6=ctx(id=0,off=0,imm=0) R7=inv0 R8=inv(id=0,umax_value=9,var_off=(0x0; 0xf)) R9=pkt(id=0,off=0,r=34,imm=0) R10=fp0,call_-1
01-01 11:56:36.245 670 670 W LibBpfLoader: R0=map_value(id=0,off=0,ks=4,vs=4,imm=0) R1_w=inv1 R6=ctx(id=0,off=0,imm=0) R7=inv0 R8=inv(id=0,umax_value=9,var_off=(0x0; 0xf)) R9=pkt(id=0,off=0,r=34,imm=0) R10=fp0,call_-1
01-01 11:56:36.245 670 670 W LibBpfLoader: 44: safe
01-01 11:56:36.245 670 670 W LibBpfLoader:
01-01 11:56:36.245 670 670 W LibBpfLoader: from 90 to 44: safe
01-01 11:56:36.245 670 670 W LibBpfLoader:
01-01 11:56:36.245 670 670 W LibBpfLoader: from 82 to 110: R0=inv(id=0,umax_value=1,var_off=(0x0; 0x1)) R1=pkt_end(id=0,off=0,imm=0) R2=inv(id=0,umax_value=65535,var_off=(0x0; 0xffff)) R3=inv(id=0,umin_value=20) R4=inv(id=0,umax_value=65535,var_off=(0x0; 0xffff)) R5=inv65535 R6=ctx(id=0,off=0,imm=0) R7=inv0 R8=inv(id=0,umax_value=9,var_off=(0x0; 0xf)) R9=pkt(id=0,off=0,r=34,imm=0) R10=fp0,call_-1
01-01 11:56:36.245 670 670 W LibBpfLoader: 110: (57) r4 &= 65471
01-01 11:56:36.245 670 670 W LibBpfLoader: 111: (15) if r4 == 0x0 goto pc+9
01-01 11:56:36.245 670 670 W LibBpfLoader: R0=inv(id=0,umax_value=1,var_off=(0x0; 0x1)) R1=pkt_end(id=0,off=0,imm=0) R2=inv(id=0,umax_value=65535,var_off=(0x0; 0xffff)) R3=inv(id=0,umin_value=20) R4=inv(id=0,umax_value=65471,var_off=(0x0; 0xffbf)) R5=inv65535 R6=ctx(id=0,off=0,imm=0) R7=inv0 R8=inv(id=0,umax_value=9,var_off=(0x0; 0xf)) R9=pkt(id=0,off=0,r=34,imm=0) R10=fp0,call_-1
01-01 11:56:36.245 670 670 W LibBpfLoader: 112: (b7) r1 = 15
01-01 11:56:36.245 670 670 W LibBpfLoader: 113: (63) *(u32 *)(r10 -24) = r1
01-01 11:56:36.245 670 670 W LibBpfLoader: 114: (bf) r2 = r10
01-01 11:56:36.245 585 585 E sscrpcd : vendor/qcom/proprietary/adsprpc/src/fastrpc_apps_user.c:2870: Error 0x200: apps_dev_init failed for domain 2, errno Transport endpoint is not connected
01-01 11:56:36.245 670 670 W LibBpfLoader: 115: (07) r2 += -24
01-01 11:56:36.245 670 670 W LibBpfLoader: 116: (18) r1 = 0xffffffe138485a80
01-01 11:56:36.245 585 585 E sscrpcd : vendor/qcom/proprietary/adsprpc/src/fastrpc_apps_user.c:2968: Error 0x200: open_dev (-1) failed for domain 2 (errno Transport endpoint is not connected)
01-01 11:56:36.245 670 670 W LibBpfLoader: 118: (85) call bpf_map_lookup_elem#1
01-01 11:56:36.245 670 670 W LibBpfLoader: 119: (15) if r0 == 0x0 goto pc-76
01-01 11:56:36.245 670 670 W LibBpfLoader: R0=map_value(id=0,off=0,ks=4,vs=4,imm=0) R6=ctx(id=0,off=0,imm=0) R7=inv0 R8=inv(id=0,umax_value=9,var_off=(0x0; 0xf)) R9=pkt(id=0,off=0,r=34,imm=0) R10=fp0,call_-1
01-01 11:56:36.245 670 670 W LibBpfLoader: 120: (05) goto pc-79
01-01 11:56:36.245 670 670 W LibBpfLoader: 42: (b7) r1 = 1
01-01 11:56:36.245 670 670 W LibBpfLoader: 43: (c3) lock *(u32 *)(r0 +0) += r1
01-01 11:56:36.245 670 670 W LibBpfLoader: R0=map_value(id=0,off=0,ks=4,vs=4,imm=0) R1_w=inv1 R6=ctx(id=0,off=0,imm=0) R7=inv0 R8=inv(id=0,umax_value=9,var_off=(0x0; 0xf)) R9=pkt(id=0,off=0,r=34,imm=0) R10=fp0,call_-1
01-01 11:56:36.245 670 670 W LibBpfLoader: R0=map_value(id=0,off=0,ks=4,vs=4,imm=0) R1_w=inv1 R6=ctx(id=0,off=0,imm=0) R7=inv0 R8=inv(id=0,umax_value=9,var_off=(0x0; 0xf)) R9=pkt(id=0,off=0,r=34,imm=0) R10=fp0,call_-1
01-01 11:56:36.245 585 585 E sscrpcd : vendor/qcom/proprietary/adsprpc/src/fastrpc_apps_user.c:1348: Error 0x200: remote_handle_open failed for adsp_default_listener (errno Success)
01-01 11:56:36.245 670 670 W LibBpfLoader: 44: safe
01-01 11:56:36.245 670 670 W LibBpfLoader:
01-01 11:56:36.245 585 585 E sscrpcd : vendor/qcom/proprietary/sensors-see/sscrpcd/src/sscrpcd.cpp:98:listener exits
01-01 11:56:36.245 670 670 W LibBpfLoader: from 119 to 44: safe
01-01 11:56:36.245 670 670 W LibBpfLoader:
01-01 11:56:36.245 670 670 W LibBpfLoader: from 111 to 121: R0=inv(id=0,umax_value=1,var_off=(0x0; 0x1)) R1=pkt_end(id=0,off=0,imm=0) R2=inv(id=0,umax_value=65535,var_off=(0x0; 0xffff)) R3=inv(id=0,umin_value=20) R4=inv0 R5=inv65535 R6=ctx(id=0,off=0,imm=0) R7=inv0 R8=inv(id=0,umax_value=9,var_off=(0x0; 0xf)) R9=pkt(id=0,off=0,r=34,imm=0) R10=fp0,call_-1
01-01 11:56:36.245 670 670 W LibBpfLoader: 121: (57) r2 &= 255
01-01 11:56:36.245 670 670 W LibBpfLoader: 122: (25) if r2 > 0x1 goto pc+10
01-01 11:56:36.245 585 585 I sscrpcd : vendor/qcom/proprietary/adsprpc/src/rpcmem_android.c:192: rpcmem_deinit_internal: closed ION fd 4
01-01 11:56:36.245 670 670 W LibBpfLoader: R0=inv(id=0,umax_value=1,var_off=(0x0; 0x1)) R1=pkt_end(id=0,off=0,imm=0) R2=inv(id=0,umax_value=1,var_off=(0x0; 0x1)) R3=inv(id=0,umin_value=20) R4=inv0 R5=inv65535 R6=ctx(id=0,off=0,imm=0) R7=inv0 R8=inv(id=0,umax_value=9,var_off=(0x0; 0xf)) R9=pkt(id=0,off=0,r=34,imm=0) R10=fp0,call_-1
01-01 11:56:36.245 670 670 W LibBpfLoader: 123: (b7) r6 = 1
01-01 11:56:36.245 670 670 W LibBpfLoader: 124: (63) *(u32 *)(r10 -24) = r6
01-01 11:56:36.245 585 585 I sscrpcd : vendor/qcom/proprietary/adsprpc/src/fastrpc_pm.c:116: fastrpc_wake_lock_deinit done
01-01 11:56:36.245 670 670 W LibBpfLoader: 125: (bf) r2 = r10
01-01 11:56:36.245 670 670 W LibBpfLoader: 126: (07) r2 += -24
01-01 11:56:36.245 585 585 I sscrpcd : vendor/qcom/proprietary/adsprpc/src/fastrpc_apps_user.c:3019: fastrpc_apps_user_deinit done
01-01 11:56:36.245 670 670 W LibBpfLoader: 127: (18) r1 = 0xffffffe138485a80
01-01 11:56:36.245 670 670 W LibBpfLoader: 129: (85) call bpf_map_lookup_elem#1
01-01 11:56:36.245 670 670 W LibBpfLoader: 130: (15) if r0 == 0x0 goto pc-87
01-01 11:56:36.245 670 670 W LibBpfLoader: R0=map_value(id=0,off=0,ks=4,vs=4,imm=0) R6=inv1 R7=inv0 R8=inv(id=0,umax_value=9,var_off=(0x0; 0xf)) R9=pkt(id=0,off=0,r=34,imm=0) R10=fp0,call_-1
01-01 11:56:36.245 670 670 W LibBpfLoader: 131: (c3) lock *(u32 *)(r0 +0) += r6
01-01 11:56:36.245 670 670 W LibBpfLoader: R0=map_value(id=0,off=0,ks=4,vs=4,imm=0) R6=inv1 R7=inv0 R8=inv(id=0,umax_value=9,var_off=(0x0; 0xf)) R9=pkt(id=0,off=0,r=34,imm=0) R10=fp0,call_-1
01-01 11:56:36.245 670 670 W LibBpfLoader: R0=map_value(id=0,off=0,ks=4,vs=4,imm=0) R6=inv1 R7=inv0 R8=inv(id=0,umax_value=9,var_off=(0x0; 0xf)) R9=pkt(id=0,off=0,r=34,imm=0) R10=fp0,call_-1
01-01 11:56:36.245 670 670 W LibBpfLoader: 132: (05) goto pc-89
01-01 11:56:36.245 670 670 W LibBpfLoader: 44: safe
01-01 11:56:36.245 670 670 W LibBpfLoader:
01-01 11:56:36.245 670 670 W LibBpfLoader: from 130 to 44: safe
01-01 11:56:36.245 670 670 W LibBpfLoader:
01-01 11:56:36.245 670 670 W LibBpfLoader: from 122 to 133: R0=inv(id=0,umax_value=1,var_off=(0x0; 0x1)) R1=pkt_end(id=0,off=0,imm=0) R2=inv(id=0,umin_value=2,umax_value=255,var_off=(0x0; 0xff)) R3=inv(id=0,umin_value=20) R4=inv0 R5=inv65535 R6=ctx(id=0,off=0,imm=0) R7=inv0 R8=inv(id=0,umax_value=9,var_off=(0x0; 0xf)) R9=pkt(id=0,off=0,r=34,imm=0) R10=fp0,call_-1
01-01 11:56:36.245 670 670 W LibBpfLoader: 133: (71) r2 = *(u8 *)(r9 +23)
01-01 11:56:36.245 670 670 W LibBpfLoader: 134: (15) if r2 == 0x6 goto pc+10
01-01 11:56:36.245 670 670 W LibBpfLoader: R0=inv(id=0,umax_value=1,var_off=(0x0; 0x1)) R1=pkt_end(id=0,off=0,imm=0) R2=inv(id=0,umax_value=255,var_off=(0x0; 0xff)) R3=inv(id=0,umin_value=20) R4=inv0 R5=inv65535 R6=ctx(id=0,off=0,imm=0) R7=inv0 R8=inv(id=0,umax_value=9,var_off=(0x0; 0xf)) R9=pkt(id=0,off=0,r=34,imm=0) R10=fp0,call_-1
01-01 11:56:36.245 670 670 W LibBpfLoader: 135: (15) if r2 == 0x11 goto pc+9
01-01 11:56:36.245 670 670 W LibBpfLoader: R0=inv(id=0,umax_value=1,var_off=(0x0; 0x1)) R1=pkt_end(id=0,off=0,imm=0) R2=inv(id=0,umax_value=255,var_off=(0x0; 0xff)) R3=inv(id=0,umin_value=20) R4=inv0 R5=inv65535 R6=ctx(id=0,off=0,imm=0) R7=inv0 R8=inv(id=0,umax_value=9,var_off=(0x0; 0xf)) R9=pkt(id=0,off=0,r=34,imm=0) R10=fp0,call_-1
01-01 11:56:36.245 670 670 W LibBpfLoader: 136: (b7) r1 = 17
01-01 11:56:36.245 670 670 W LibBpfLoader: 137: (63) *(u32 *)(r10 -24) = r1
01-01 11:56:36.245 670 670 W LibBpfLoader: 138: (bf) r2 = r10
01-01 11:56:36.245 670 670 W LibBpfLoader: 139: (07) r2 += -24
01-01 11:56:36.245 670 670 W LibBpfLoader: 140: (18) r1 = 0xffffffe138485a80
01-01 11:56:36.245 670 670 W LibBpfLoader: 142: (85) call bpf_map_lookup_elem#1
01-01 11:56:36.245 670 670 W LibBpfLoader: 143: (15) if r0 == 0x0 goto pc-100
01-01 11:56:36.245 670 670 W LibBpfLoader: R0=map_value(id=0,off=0,ks=4,vs=4,imm=0) R6=ctx(id=0,off=0,imm=0) R7=inv0 R8=inv(id=0,umax_value=9,var_off=(0x0; 0xf)) R9=pkt(id=0,off=0,r=34,imm=0) R10=fp0,call_-1
01-01 11:56:36.245 670 670 W LibBpfLoader: 144: (05) goto pc-103
01-01 11:56:36.245 670 670 W LibBpfLoader: 42: (b7) r1 = 1
01-01 11:56:36.245 670 670 W LibBpfLoader: 43: (c3) lock *(u32 *)(r0 +0) += r1
01-01 11:56:36.245 670 670 W LibBpfLoader: R0=map_value(id=0,off=0,ks=4,vs=4,imm=0) R1_w=inv1 R6=ctx(id=0,off=0,imm=0) R7=inv0 R8=inv(id=0,umax_value=9,var_off=(0x0; 0xf)) R9=pkt(id=0,off=0,r=34,imm=0) R10=fp0,call_-1
01-01 11:56:36.245 670 670 W LibBpfLoader: R0=map_value(id=0,off=0,ks=4,vs=4,imm=0) R1_w=inv1 R6=ctx(id=0,off=0,imm=0) R7=inv0 R8=inv(id=0,umax_value=9,var_off=(0x0; 0xf)) R9=pkt(id=0,off=0,r=34,imm=0) R10=fp0,call_-1
01-01 11:56:36.245 670 670 W LibBpfLoader: 44: safe
01-01 11:56:36.245 670 670 W LibBpfLoader:
01-01 11:56:36.245 670 670 W LibBpfLoader: from 143 to 44: safe
01-01 11:56:36.246 670 670 W LibBpfLoader:
01-01 11:56:36.246 670 670 W LibBpfLoader: from 135 to 145: R0=inv(id=0,umax_value=1,var_off=(0x0; 0x1)) R1=pkt_end(id=0,off=0,imm=0) R2=inv17 R3=inv(id=0,umin_value=20) R4=inv0 R5=inv65535 R6=ctx(id=0,off=0,imm=0) R7=inv0 R8=inv(id=0,umax_value=9,var_off=(0x0; 0xf)) R9=pkt(id=0,off=0,r=34,imm=0) R10=fp0,call_-1
01-01 11:56:36.246 670 670 W LibBpfLoader: 145: (bf) r3 = r9
01-01 11:56:36.246 670 670 W LibBpfLoader: 146: (07) r3 += 42
01-01 11:56:36.246 670 670 W LibBpfLoader: 147: (3d) if r1 >= r3 goto pc+9
01-01 11:56:36.246 670 670 W LibBpfLoader: R0=inv(id=0,umax_value=1,var_off=(0x0; 0x1)) R1=pkt_end(id=0,off=0,imm=0) R2=inv17 R3=pkt(id=0,off=42,r=34,imm=0) R4=inv0 R5=inv65535 R6=ctx(id=0,off=0,imm=0) R7=inv0 R8=inv(id=0,umax_value=9,var_off=(0x0; 0xf)) R9=pkt(id=0,off=0,r=34,imm=0) R10=fp0,call_-1
01-01 11:56:36.246 670 670 W LibBpfLoader: 148: (b7) r1 = 19
01-01 11:56:36.246 670 670 W LibBpfLoader: 149: (63) *(u32 *)(r10 -24) = r1
01-01 11:56:36.246 670 670 W LibBpfLoader: 150: (bf) r2 = r10
01-01 11:56:36.246 670 670 W LibBpfLoader: 151: (07) r2 += -24
01-01 11:56:36.246 585 585 E sscrpcd : vendor/qcom/proprietary/sensors-see/sscrpcd/src/sscrpcd.cpp:109:sscrpcd daemon will restart after 25ms...
01-01 11:56:36.246 670 670 W LibBpfLoader: 152: (18) r1 = 0xffffffe138485a80
01-01 11:56:36.246 670 670 W LibBpfLoader: 154: (85) call bpf_map_lookup_elem#1
01-01 11:56:36.246 670 670 W LibBpfLoader: 155: (15) if r0 == 0x0 goto pc-112
01-01 11:56:36.246 670 670 W LibBpfLoader: R0=map_value(id=0,off=0,ks=4,vs=4,imm=0) R6=ctx(id=0,off=0,imm=0) R7=inv0 R8=inv(id=0,umax_value=9,var_off=(0x0; 0xf)) R9=pkt(id=0,off=0,r=34,imm=0) R10=fp0,call_-1
01-01 11:56:36.246 670 670 W LibBpfLoader: 156: (05) goto pc-115
01-01 11:56:36.246 670 670 W LibBpfLoader: 42: (b7) r1 = 1
01-01 11:56:36.246 670 670 W LibBpfLoader: 43: (c3) lock *(u32 *)(r0 +0) += r1
01-01 11:56:36.246 670 670 W LibBpfLoader: R0=map_value(id=0,off=0,ks=4,vs=4,imm=0) R1_w=inv1 R6=ctx(id=0,off=0,imm=0) R7=inv0 R8=inv(id=0,umax_value=9,var_off=(0x0; 0xf)) R9=pkt(id=0,off=0,r=34,imm=0) R10=fp0,call_-1
01-01 11:56:36.246 670 670 W LibBpfLoader: R0=map_value(id=0,off=0,ks=4,vs=4,imm=0) R1_w=inv1 R6=ctx(id=0,off=0,imm=0) R7=inv0 R8=inv(id=0,umax_value=9,var_off=(0x0; 0xf)) R9=pkt(id=0,off=0,r=34,imm=0) R10=fp0,call_-1
01-01 11:56:36.246 670 670 W LibBpfLoader: 44: safe
01-01 11:56:36.246 670 670 W LibBpfLoader:
01-01 11:56:36.246 670 670 W LibBpfLoader: from 155 to 44: safe
01-01 11:56:36.246 670 670 W LibBpfLoader:
01-01 11:56:36.246 670 670 W LibBpfLoader: from 147 to 157: R0=inv(id=0,umax_value=1,var_off=(0x0; 0x1)) R1=pkt_end(id=0,off=0,imm=0) R2=inv17 R3=pkt(id=0,off=42,r=42,imm=0) R4=inv0 R5=inv65535 R6=ctx(id=0,off=0,imm=0) R7=inv0 R8=inv(id=0,umax_value=9,var_off=(0x0; 0xf)) R9=pkt(id=0,off=0,r=42,imm=0) R10=fp0,call_-1
01-01 11:56:36.246 670 670 W LibBpfLoader: 157: (bf) r8 = r9
01-01 11:56:36.246 670 670 W LibBpfLoader: 158: (07) r8 += 34
01-01 11:56:36.246 670 670 W LibBpfLoader: 159: (55) if r2 != 0x6 goto pc+12
01-01 11:56:36.246 670 670 W LibBpfLoader: 172: (b7) r7 = 0
01-01 11:56:36.246 670 670 W LibBpfLoader: 173: (69) r3 = *(u16 *)(r9 +40)
01-01 11:56:36.246 670 670 W LibBpfLoader: 174: (bf) r1 = r8
01-01 11:56:36.246 670 670 W LibBpfLoader: 175: (b7) r4 = 0
01-01 11:56:36.246 670 670 W LibBpfLoader: 176: (55) if r3 != 0x0 goto pc+8
01-01 11:56:36.246 670 670 W LibBpfLoader: R0=inv(id=0,umax_value=1,var_off=(0x0; 0x1)) R1=pkt(id=0,off=34,r=42,imm=0) R2=inv17 R3=inv0 R4=inv0 R5=inv65535 R6=ctx(id=0,off=0,imm=0) R7=inv0 R8=pkt(id=0,off=34,r=42,imm=0) R9=pkt(id=0,off=0,r=42,imm=0) R10=fp0,call_-1
01-01 11:56:36.246 670 670 W LibBpfLoader: 177: (b7) r7 = 0
01-01 11:56:36.246 670 670 W LibBpfLoader: 178: (bf) r1 = r6
01-01 11:56:36.246 670 670 W LibBpfLoader: 179: (b7) r2 = 0
01-01 11:56:36.246 670 670 W LibBpfLoader: 180: (85) call bpf_csum_update#40
01-01 11:56:36.246 670 670 W LibBpfLoader: 181: (65) if r0 s> 0xffffffff goto pc+82
01-01 11:56:36.246 670 670 W LibBpfLoader: R0=inv(id=0,umin_value=9223372036854775808,var_off=(0x8000000000000000; 0x7fffffffffffffff)) R6=ctx(id=0,off=0,imm=0) R7=inv0 R8=pkt(id=0,off=34,r=42,imm=0) R9=pkt(id=0,off=0,r=42,imm=0) R10=fp0,call_-1
01-01 11:56:36.246 670 670 W LibBpfLoader: 182: (71) r2 = *(u8 *)(r9 +23)
01-01 11:56:36.246 670 670 W LibBpfLoader: 183: (bf) r1 = r8
01-01 11:56:36.246 670 670 W LibBpfLoader: 184: (b7) r4 = 0
01-01 11:56:36.246 670 670 W LibBpfLoader: 185: (61) r3 = *(u32 *)(r6 +40)
01-01 11:56:36.246 670 670 W LibBpfLoader: 186: (63) *(u32 *)(r10 -24) = r3
01-01 11:56:36.246 670 670 W LibBpfLoader: 187: (b7) r3 = 0
01-01 11:56:36.246 670 670 W LibBpfLoader: 188: (63) *(u32 *)(r10 -20) = r3
01-01 11:56:36.246 670 670 W LibBpfLoader: 189: (6b) *(u16 *)(r10 -16) = r3
01-01 11:56:36.246 670 670 W LibBpfLoader: 190: (57) r2 &= 255
01-01 11:56:36.246 670 670 W LibBpfLoader: 191: (6b) *(u16 *)(r10 -14) = r2
01-01 11:56:36.246 670 670 W LibBpfLoader: 192: (61) r2 = *(u32 *)(r9 +26)
01-01 11:56:36.246 670 670 W LibBpfLoader: 193: (63) *(u32 *)(r10 -12) = r2
01-01 11:56:36.246 670 670 W LibBpfLoader: 194: (61) r2 = *(u32 *)(r9 +30)
01-01 11:56:36.246 670 670 W LibBpfLoader: 195: (63) *(u32 *)(r10 -8) = r2
01-01 11:56:36.246 670 670 W LibBpfLoader: 196: (bf) r2 = r10
01-01 11:56:36.246 670 670 W LibBpfLoader: 197: (07) r2 += -20
01-01 11:56:36.246 670 670 W LibBpfLoader: 198: (7b) *(u64 *)(r10 -48) = r4
01-01 11:56:36.246 670 670 W LibBpfLoader: 199: (55) if r4 != 0x0 goto pc+1
01-01 11:56:36.246 670 670 W LibBpfLoader: 200: (05) goto pc+5
01-01 11:56:36.246 670 670 W LibBpfLoader: 206: (69) r3 = *(u16 *)(r1 +0)
01-01 11:56:36.246 670 670 W LibBpfLoader: 207: (6b) *(u16 *)(r10 -4) = r3
01-01 11:56:36.246 670 670 W LibBpfLoader: 208: (07) r1 += 2
01-01 11:56:36.246 670 670 W LibBpfLoader: 209: (69) r1 = *(u16 *)(r1 +0)
01-01 11:56:36.246 670 670 W LibBpfLoader: 210: (6b) *(u16 *)(r10 -2) = r1
01-01 11:56:36.246 670 670 W LibBpfLoader: 211: (71) r1 = *(u8 *)(r9 +5)
01-01 11:56:36.246 670 670 W LibBpfLoader: 212: (73) *(u8 *)(r2 +5) = r1
01-01 11:56:36.246 670 670 W LibBpfLoader: 213: (71) r1 = *(u8 *)(r9 +4)
01-01 11:56:36.246 670 670 W LibBpfLoader: 214: (73) *(u8 *)(r2 +4) = r1
01-01 11:56:36.246 670 670 W LibBpfLoader: 215: (71) r1 = *(u8 *)(r9 +3)
01-01 11:56:36.246 670 670 W LibBpfLoader: 216: (73) *(u8 *)(r2 +3) = r1
01-01 11:56:36.246 670 670 W LibBpfLoader: 217: (71) r1 = *(u8 *)(r9 +2)
01-01 11:56:36.246 670 670 W LibBpfLoader: 218: (73) *(u8 *)(r2 +2) = r1
01-01 11:56:36.246 670 670 W LibBpfLoader: 219: (71) r1 = *(u8 *)(r9 +1)
01-01 11:56:36.246 670 670 W LibBpfLoader: 220: (73) *(u8 *)(r2 +1) = r1
01-01 11:56:36.246 670 670 W LibBpfLoader: 221: (71) r1 = *(u8 *)(r9 +0)
01-01 11:56:36.246 670 670 W LibBpfLoader: 222: (73) *(u8 *)(r2 +0) = r1
01-01 11:56:36.247 670 670 W LibBpfLoader: 223: (bf) r2 = r10
01-01 11:56:36.247 670 670 W LibBpfLoader: 224: (07) r2 += -24
01-01 11:56:36.247 670 670 W LibBpfLoader: 225: (18) r1 = 0xffffffe138583680
01-01 11:56:36.247 670 670 W LibBpfLoader: 227: (85) call bpf_map_lookup_elem#1
01-01 11:56:36.247 670 670 W LibBpfLoader: 228: (bf) r8 = r0
01-01 11:56:36.247 670 670 W LibBpfLoader: 229: (b7) r7 = 0
01-01 11:56:36.247 670 670 W LibBpfLoader: 230: (15) if r8 == 0x0 goto pc-187
01-01 11:56:36.247 670 670 W LibBpfLoader: R0=map_value(id=0,off=0,ks=24,vs=64,imm=0) R6=ctx(id=0,off=0,imm=0) R7=inv0 R8=map_value(id=0,off=0,ks=24,vs=64,imm=0) R9=pkt(id=0,off=0,r=42,imm=0) R10=fp0,call_-1 fp-48=0
01-01 11:56:36.247 670 670 W LibBpfLoader: 231: (61) r1 = *(u32 *)(r8 +0)
01-01 11:56:36.247 670 670 W LibBpfLoader: R0=map_value(id=0,off=0,ks=24,vs=64,imm=0) R6=ctx(id=0,off=0,imm=0) R7=inv0 R8=map_value(id=0,off=0,ks=24,vs=64,imm=0) R9=pkt(id=0,off=0,r=42,imm=0) R10=fp0,call_-1 fp-48=0
01-01 11:56:36.247 670 670 W LibBpfLoader: 232: (63) *(u32 *)(r10 -28) = r1
01-01 11:56:36.247 670 670 W LibBpfLoader: 233: (bf) r2 = r10
01-01 11:56:36.247 670 670 W LibBpfLoader: 234: (07) r2 += -28
01-01 11:56:36.247 670 670 W LibBpfLoader: 235: (18) r1 = 0xffffffe138487280
01-01 11:56:36.247 670 670 W LibBpfLoader: 237: (85) call bpf_map_lookup_elem#1
01-01 11:56:36.247 670 670 W LibBpfLoader: 238: (bf) r7 = r0
01-01 11:56:36.247 670 670 W LibBpfLoader: 239: (55) if r7 != 0x0 goto pc+9
01-01 11:56:36.247 670 670 W LibBpfLoader: R0=inv0 R6=ctx(id=0,off=0,imm=0) R7=inv0 R8=map_value(id=0,off=0,ks=24,vs=64,imm=0) R9=pkt(id=0,off=0,r=42,imm=0) R10=fp0,call_-1 fp-48=0
01-01 11:56:36.247 670 670 W LibBpfLoader: 240: (b7) r1 = 7
01-01 11:56:36.247 670 670 W LibBpfLoader: 241: (63) *(u32 *)(r10 -32) = r1
01-01 11:56:36.247 670 670 W LibBpfLoader: 242: (bf) r2 = r10
01-01 11:56:36.247 670 670 W LibBpfLoader: 243: (07) r2 += -32
01-01 11:56:36.247 670 670 W LibBpfLoader: 244: (18) r1 = 0xffffffe138485a80
01-01 11:56:36.247 670 670 W LibBpfLoader: 246: (85) call bpf_map_lookup_elem#1
01-01 11:56:36.247 670 670 W LibBpfLoader: 247: (15) if r0 == 0x0 goto pc+90
01-01 11:56:36.247 670 670 W LibBpfLoader: R0=map_value(id=0,off=0,ks=4,vs=4,imm=0) R6=ctx(id=0,off=0,imm=0) R7=inv0 R8=map_value(id=0,off=0,ks=24,vs=64,imm=0) R9=pkt(id=0,off=0,r=42,imm=0) R10=fp0,call_-1 fp-48=0
01-01 11:56:36.247 670 670 W LibBpfLoader: 248: (05) goto pc+87
01-01 11:56:36.247 670 670 W LibBpfLoader: 336: (b7) r1 = 1
01-01 11:56:36.247 670 670 W LibBpfLoader: 337: (c3) lock *(u32 *)(r0 +0) += r1
01-01 11:56:36.247 670 670 W LibBpfLoader: R0=map_value(id=0,off=0,ks=4,vs=4,imm=0) R1_w=inv1 R6=ctx(id=0,off=0,imm=0) R7=inv0 R8=map_value(id=0,off=0,ks=24,vs=64,imm=0) R9=pkt(id=0,off=0,r=42,imm=0) R10=fp0,call_-1 fp-48=0
01-01 11:56:36.247 670 670 W LibBpfLoader: R0=map_value(id=0,off=0,ks=4,vs=4,imm=0) R1_w=inv1 R6=ctx(id=0,off=0,imm=0) R7=inv0 R8=map_value(id=0,off=0,ks=24,vs=64,imm=0) R9=pkt(id=0,off=0,r=42,imm=0) R10=fp0,call_-1 fp-48=0
01-01 11:56:36.247 670 670 W LibBpfLoader: 338: (b7) r7 = 0
01-01 11:56:36.247 670 670 W LibBpfLoader: 339: (05) goto pc-296
01-01 11:56:36.247 670 670 W LibBpfLoader: 44: safe
01-01 11:56:36.247 670 670 W LibBpfLoader:
01-01 11:56:36.247 670 670 W LibBpfLoader: from 247 to 338: safe
01-01 11:56:36.247 670 670 W LibBpfLoader:
01-01 11:56:36.247 670 670 W LibBpfLoader: from 239 to 249: R0=map_value(id=0,off=0,ks=4,vs=48,imm=0) R6=ctx(id=0,off=0,imm=0) R7=map_value(id=0,off=0,ks=4,vs=48,imm=0) R8=map_value(id=0,off=0,ks=24,vs=64,imm=0) R9=pkt(id=0,off=0,r=42,imm=0) R10=fp0,call_-1 fp-48=0
01-01 11:56:36.247 670 670 W LibBpfLoader: 249: (bf) r2 = r10
01-01 11:56:36.247 670 670 W LibBpfLoader: 250: (07) r2 += -28
01-01 11:56:36.247 670 670 W LibBpfLoader: 251: (18) r1 = 0xffffffe138486680
01-01 11:56:36.247 670 670 W LibBpfLoader: 253: (85) call bpf_map_lookup_elem#1
01-01 11:56:36.247 670 670 W LibBpfLoader: 254: (55) if r0 != 0x0 goto pc+18
01-01 11:56:36.247 670 670 W LibBpfLoader: R0=inv0 R6=ctx(id=0,off=0,imm=0) R7=map_value(id=0,off=0,ks=4,vs=48,imm=0) R8=map_value(id=0,off=0,ks=24,vs=64,imm=0) R9=pkt(id=0,off=0,r=42,imm=0) R10=fp0,call_-1 fp-48=0
01-01 11:56:36.247 670 670 W LibBpfLoader: 255: (b7) r1 = 8
01-01 11:56:36.247 670 670 W LibBpfLoader: 256: (63) *(u32 *)(r10 -32) = r1
01-01 11:56:36.247 670 670 W LibBpfLoader: 257: (bf) r2 = r10
01-01 11:56:36.247 670 670 W LibBpfLoader: 258: (07) r2 += -32
01-01 11:56:36.247 670 670 W LibBpfLoader: 259: (18) r1 = 0xffffffe138485a80
01-01 11:56:36.247 670 670 W LibBpfLoader: 261: (85) call bpf_map_lookup_elem#1
01-01 11:56:36.247 670 670 W LibBpfLoader: 262: (15) if r0 == 0x0 goto pc+75
01-01 11:56:36.247 670 670 W LibBpfLoader: R0=map_value(id=0,off=0,ks=4,vs=4,imm=0) R6=ctx(id=0,off=0,imm=0) R7=map_value(id=0,off=0,ks=4,vs=48,imm=0) R8=map_value(id=0,off=0,ks=24,vs=64,imm=0) R9=pkt(id=0,off=0,r=42,imm=0) R10=fp0,call_-1 fp-48=0
01-01 11:56:36.247 670 670 W LibBpfLoader: 263: (05) goto pc+72
01-01 11:56:36.247 670 670 W LibBpfLoader: 336: (b7) r1 = 1
01-01 11:56:36.247 670 670 W LibBpfLoader: 337: (c3) lock *(u32 *)(r0 +0) += r1
01-01 11:56:36.247 670 670 W LibBpfLoader: R0=map_value(id=0,off=0,ks=4,vs=4,imm=0) R1_w=inv1 R6=ctx(id=0,off=0,imm=0) R7=map_value(id=0,off=0,ks=4,vs=48,imm=0) R8=map_value(id=0,off=0,ks=24,vs=64,imm=0) R9=pkt(id=0,off=0,r=42,imm=0) R10=fp0,call_-1 fp-48=0
01-01 11:56:36.247 670 670 W LibBpfLoader: R0=map_value(id=0,off=0,ks=4,vs=4,imm=0) R1_w=inv1 R6=ctx(id=0,off=0,imm=0) R7=map_value(id=0,off=0,ks=4,vs=48,imm=0) R8=map_value(id=0,off=0,ks=24,vs=64,imm=0) R9=pkt(id=0,off=0,r=42,imm=0) R10=fp0,call_-1 fp-48=0
01-01 11:56:36.247 670 670 W LibBpfLoader: 338: safe
01-01 11:56:36.247 670 670 W LibBpfLoader:
01-01 11:56:36.247 670 670 W LibBpfLoader: from 262 to 338: safe
01-01 11:56:36.247 670 670 W LibBpfLoader:
01-01 11:56:36.247 670 670 W LibBpfLoader: from 254 to 273: R0=map_value(id=0,off=0,ks=4,vs=8,imm=0) R6=ctx(id=0,off=0,imm=0) R7=map_value(id=0,off=0,ks=4,vs=48,imm=0) R8=map_value(id=0,off=0,ks=24,vs=64,imm=0) R9=pkt(id=0,off=0,r=42,imm=0) R10=fp0,call_-1 fp-48=0
01-01 11:56:36.247 670 670 W LibBpfLoader: 273: (69) r1 = *(u16 *)(r8 +18)
01-01 11:56:36.247 670 670 W LibBpfLoader: R0=map_value(id=0,off=0,ks=4,vs=8,imm=0) R6=ctx(id=0,off=0,imm=0) R7=map_value(id=0,off=0,ks=4,vs=48,imm=0) R8=map_value(id=0,off=0,ks=24,vs=64,imm=0) R9=pkt(id=0,off=0,r=42,imm=0) R10=fp0,call_-1 fp-48=0
01-01 11:56:36.247 670 670 W LibBpfLoader: 274: (25) if r1 > 0x43 goto pc+9
01-01 11:56:36.247 670 670 W LibBpfLoader: R0=map_value(id=0,off=0,ks=4,vs=8,imm=0) R1=inv(id=0,umax_value=67,var_off=(0x0; 0x7f)) R6=ctx(id=0,off=0,imm=0) R7=map_value(id=0,off=0,ks=4,vs=48,imm=0) R8=map_value(id=0,off=0,ks=24,vs=64,imm=0) R9=pkt(id=0,off=0,r=42,imm=0) R10=fp0,call_-1 fp-48=0
01-01 11:56:36.247 670 670 W LibBpfLoader: 275: (b7) r1 = 9
01-01 11:56:36.247 670 670 W LibBpfLoader: 276: (63) *(u32 *)(r10 -32) = r1
01-01 11:56:36.247 670 670 W LibBpfLoader: 277: (bf) r2 = r10
01-01 11:56:36.247 670 670 W LibBpfLoader: 278: (07) r2 += -32
01-01 11:56:36.247 670 670 W LibBpfLoader: 279: (18) r1 = 0xffffffe138485a80
01-01 11:56:36.247 670 670 W LibBpfLoader: 281: (85) call bpf_map_lookup_elem#1
01-01 11:56:36.247 670 670 W LibBpfLoader: 282: (15) if r0 == 0x0 goto pc+55
01-01 11:56:36.247 670 670 W LibBpfLoader: R0=map_value(id=0,off=0,ks=4,vs=4,imm=0) R6=ctx(id=0,off=0,imm=0) R7=map_value(id=0,off=0,ks=4,vs=48,imm=0) R8=map_value(id=0,off=0,ks=24,vs=64,imm=0) R9=pkt(id=0,off=0,r=42,imm=0) R10=fp0,call_-1 fp-48=0
01-01 11:56:36.247 670 670 W LibBpfLoader: 283: (05) goto pc+52
01-01 11:56:36.247 670 670 W LibBpfLoader: 336: (b7) r1 = 1
01-01 11:56:36.247 670 670 W LibBpfLoader: 337: (c3) lock *(u32 *)(r0 +0) += r1
01-01 11:56:36.247 670 670 W LibBpfLoader: R0=map_value(id=0,off=0,ks=4,vs=4,imm=0) R1_w=inv1 R6=ctx(id=0,off=0,imm=0) R7=map_value(id=0,off=0,ks=4,vs=48,imm=0) R8=map_value(id=0,off=0,ks=24,vs=64,imm=0) R9=pkt(id=0,off=0,r=42,imm=0) R10=fp0,call_-1 fp-48=0
01-01 11:56:36.247 670 670 W LibBpfLoader: R0=map_value(id=0,off=0,ks=4,vs=4,imm=0) R1_w=inv1 R6=ctx(id=0,off=0,imm=0) R7=map_value(id=0,off=0,ks=4,vs=48,imm=0) R8=map_value(id=0,off=0,ks=24,vs=64,imm=0) R9=pkt(id=0,off=0,r=42,imm=0) R10=fp0,call_-1 fp-48=0
01-01 11:56:36.248 670 670 W LibBpfLoader: 338: safe
01-01 11:56:36.248 670 670 W LibBpfLoader:
01-01 11:56:36.248 670 670 W LibBpfLoader: from 282 to 338: safe
01-01 11:56:36.248 670 670 W LibBpfLoader:
01-01 11:56:36.248 670 670 W LibBpfLoader: from 274 to 284: R0=map_value(id=0,off=0,ks=4,vs=8,imm=0) R1=inv(id=0,umin_value=68,umax_value=65535,var_off=(0x0; 0xffff)) R6=ctx(id=0,off=0,imm=0) R7=map_value(id=0,off=0,ks=4,vs=48,imm=0) R8=map_value(id=0,off=0,ks=24,vs=64,imm=0) R9=pkt(id=0,off=0,r=42,imm=0) R10=fp0,call_-1 fp-48=0
01-01 11:56:36.248 670 670 W LibBpfLoader: 284: (b7) r2 = 1
01-01 11:56:36.248 670 670 W LibBpfLoader: 285: (7b) *(u64 *)(r10 -64) = r2
01-01 11:56:36.248 670 670 W LibBpfLoader: 286: (61) r2 = *(u32 *)(r6 +0)
01-01 11:56:36.248 670 670 W LibBpfLoader: 287: (7b) *(u64 *)(r10 -56) = r2
01-01 11:56:36.248 670 670 W LibBpfLoader: 288: (3d) if r1 >= r2 goto pc+16
01-01 11:56:36.248 670 670 W LibBpfLoader: R0=map_value(id=0,off=0,ks=4,vs=8,imm=0) R1=inv(id=0,umin_value=68,umax_value=65535,var_off=(0x0; 0xffff)) R2=inv(id=0,umax_value=4294967295,var_off=(0x0; 0xffffffff)) R6=ctx(id=0,off=0,imm=0) R7=map_value(id=0,off=0,ks=4,vs=48,imm=0) R8=map_value(id=0,off=0,ks=24,vs=64,imm=0) R9=pkt(id=0,off=0,r=42,imm=0) R10=fp0,call_-1 fp-48=0
01-01 11:56:36.248 670 670 W LibBpfLoader: 289: (18) r2 = 0xffffffcc
01-01 11:56:36.248 670 670 W LibBpfLoader: 291: (0f) r1 += r2
01-01 11:56:36.248 670 670 W LibBpfLoader: 292: (67) r1 <<= 32
01-01 11:56:36.248 670 670 W LibBpfLoader: 293: (77) r1 >>= 32
01-01 11:56:36.248 670 670 W LibBpfLoader: 294: (79) r2 = *(u64 *)(r10 -56)
01-01 11:56:36.248 670 670 W LibBpfLoader: 295: (07) r2 += -52
01-01 11:56:36.248 670 670 W LibBpfLoader: 296: (bf) r3 = r1
01-01 11:56:36.248 670 670 W LibBpfLoader: 297: (0f) r3 += r2
01-01 11:56:36.248 670 670 W LibBpfLoader: 298: (07) r3 += -1
01-01 11:56:36.248 670 670 W LibBpfLoader: 299: (3f) r3 /= r1
01-01 11:56:36.248 670 670 W LibBpfLoader: 300: (7b) *(u64 *)(r10 -64) = r3
01-01 11:56:36.248 670 670 W LibBpfLoader: 301: (bf) r1 = r3
01-01 11:56:36.248 670 670 W LibBpfLoader: 302: (27) r1 *= 52
01-01 11:56:36.248 670 670 W LibBpfLoader: 303: (0f) r1 += r2
01-01 11:56:36.248 670 670 W LibBpfLoader: 304: (7b) *(u64 *)(r10 -56) = r1
01-01 11:56:36.248 670 670 W LibBpfLoader: 305: (79) r1 = *(u64 *)(r7 +8)
01-01 11:56:36.248 670 670 W LibBpfLoader: R0=map_value(id=0,off=0,ks=4,vs=8,imm=0) R1_w=inv(id=0) R2=inv(id=0) R3=inv(id=0) R6=ctx(id=0,off=0,imm=0) R7=map_value(id=0,off=0,ks=4,vs=48,imm=0) R8=map_value(id=0,off=0,ks=24,vs=64,imm=0) R9=pkt(id=0,off=0,r=42,imm=0) R10=fp0,call_-1 fp-48=0
01-01 11:56:36.248 670 670 W LibBpfLoader: 306: (79) r2 = *(u64 *)(r10 -56)
01-01 11:56:36.248 670 670 W LibBpfLoader: 307: (0f) r1 += r2
01-01 11:56:36.248 670 670 W LibBpfLoader: 308: (79) r2 = *(u64 *)(r7 +32)
01-01 11:56:36.248 670 670 W LibBpfLoader: R0=map_value(id=0,off=0,ks=4,vs=8,imm=0) R1_w=inv(id=0) R2_w=inv(id=0) R3=inv(id=0) R6=ctx(id=0,off=0,imm=0) R7=map_value(id=0,off=0,ks=4,vs=48,imm=0) R8=map_value(id=0,off=0,ks=24,vs=64,imm=0) R9=pkt(id=0,off=0,r=42,imm=0) R10=fp0,call_-1 fp-48=0
01-01 11:56:36.248 670 670 W LibBpfLoader: 309: (0f) r1 += r2
01-01 11:56:36.248 670 670 W LibBpfLoader: 310: (79) r2 = *(u64 *)(r0 +0)
01-01 11:56:36.248 670 670 W LibBpfLoader: R0=map_value(id=0,off=0,ks=4,vs=8,imm=0) R1_w=inv(id=0) R2_w=inv(id=0) R3=inv(id=0) R6=ctx(id=0,off=0,imm=0) R7=map_value(id=0,off=0,ks=4,vs=48,imm=0) R8=map_value(id=0,off=0,ks=24,vs=64,imm=0) R9=pkt(id=0,off=0,r=42,imm=0) R10=fp0,call_-1 fp-48=0
01-01 11:56:36.248 670 670 W LibBpfLoader: 311: (3d) if r2 >= r1 goto pc+28
01-01 11:56:36.248 670 670 W LibBpfLoader: R0=map_value(id=0,off=0,ks=4,vs=8,imm=0) R1=inv(id=0) R2=inv(id=0) R3=inv(id=0) R6=ctx(id=0,off=0,imm=0) R7=map_value(id=0,off=0,ks=4,vs=48,imm=0) R8=map_value(id=0,off=0,ks=24,vs=64,imm=0) R9=pkt(id=0,off=0,r=42,imm=0) R10=fp0,call_-1 fp-48=0
01-01 11:56:36.248 670 670 W LibBpfLoader: 312: (b7) r1 = 11
01-01 11:56:36.248 670 670 W LibBpfLoader: 313: (63) *(u32 *)(r10 -32) = r1
01-01 11:56:36.248 670 670 W LibBpfLoader: 314: (bf) r2 = r10
01-01 11:56:36.248 670 670 W LibBpfLoader: 315: (07) r2 += -32
01-01 11:56:36.248 670 670 W LibBpfLoader: 316: (18) r1 = 0xffffffe138485a80
01-01 11:56:36.248 670 670 W LibBpfLoader: 318: (85) call bpf_map_lookup_elem#1
01-01 11:56:36.248 670 670 W LibBpfLoader: 319: (15) if r0 == 0x0 goto pc+18
01-01 11:56:36.248 670 670 W LibBpfLoader: R0=map_value(id=0,off=0,ks=4,vs=4,imm=0) R6=ctx(id=0,off=0,imm=0) R7=map_value(id=0,off=0,ks=4,vs=48,imm=0) R8=map_value(id=0,off=0,ks=24,vs=64,imm=0) R9=pkt(id=0,off=0,r=42,imm=0) R10=fp0,call_-1 fp-48=0
01-01 11:56:36.248 670 670 W LibBpfLoader: 320: (05) goto pc+15
01-01 11:56:36.248 670 670 W LibBpfLoader: 336: (b7) r1 = 1
01-01 11:56:36.248 670 670 W LibBpfLoader: 337: (c3) lock *(u32 *)(r0 +0) += r1
01-01 11:56:36.248 670 670 W LibBpfLoader: R0=map_value(id=0,off=0,ks=4,vs=4,imm=0) R1_w=inv1 R6=ctx(id=0,off=0,imm=0) R7=map_value(id=0,off=0,ks=4,vs=48,imm=0) R8=map_value(id=0,off=0,ks=24,vs=64,imm=0) R9=pkt(id=0,off=0,r=42,imm=0) R10=fp0,call_-1 fp-48=0
01-01 11:56:36.248 670 670 W LibBpfLoader: R0=map_value(id=0,off=0,ks=4,vs=4,imm=0) R1_w=inv1 R6=ctx(id=0,off=0,imm=0) R7=map_value(id=0,off=0,ks=4,vs=48,imm=0) R8=map_value(id=0,off=0,ks=24,vs=64,imm=0) R9=pkt(id=0,off=0,r=42,imm=0) R10=fp0,call_-1 fp-48=0
01-01 11:56:36.248 670 670 W LibBpfLoader: 338: safe
01-01 11:56:36.248 670 670 W LibBpfLoader:
01-01 11:56:36.248 670 670 W LibBpfLoader: from 319 to 338: safe
01-01 11:56:36.248 670 670 W LibBpfLoader:
01-01 11:56:36.248 670 670 W LibBpfLoader: from 311 to 340: R0=map_value(id=0,off=0,ks=4,vs=8,imm=0) R1=inv(id=0) R2=inv(id=0) R3=inv(id=0) R6=ctx(id=0,off=0,imm=0) R7=map_value(id=0,off=0,ks=4,vs=48,imm=0) R8=map_value(id=0,off=0,ks=24,vs=64,imm=0) R9=pkt(id=0,off=0,r=42,imm=0) R10=fp0,call_-1 fp-48=0
01-01 11:56:36.248 670 670 W LibBpfLoader: 340: (71) r1 = *(u8 *)(r8 +17)
01-01 11:56:36.248 670 670 W LibBpfLoader: R0=map_value(id=0,off=0,ks=4,vs=8,imm=0) R1_w=inv(id=0) R2=inv(id=0) R3=inv(id=0) R6=ctx(id=0,off=0,imm=0) R7=map_value(id=0,off=0,ks=4,vs=48,imm=0) R8=map_value(id=0,off=0,ks=24,vs=64,imm=0) R9=pkt(id=0,off=0,r=42,imm=0) R10=fp0,call_-1 fp-48=0
01-01 11:56:36.248 670 670 W LibBpfLoader: 341: (73) *(u8 *)(r9 +13) = r1
01-01 11:56:36.248 670 670 W LibBpfLoader: 342: (71) r1 = *(u8 *)(r8 +16)
01-01 11:56:36.248 670 670 W LibBpfLoader: R0=map_value(id=0,off=0,ks=4,vs=8,imm=0) R1_w=inv(id=0,umax_value=255,var_off=(0x0; 0xff)) R2=inv(id=0) R3=inv(id=0) R6=ctx(id=0,off=0,imm=0) R7=map_value(id=0,off=0,ks=4,vs=48,imm=0) R8=map_value(id=0,off=0,ks=24,vs=64,imm=0) R9=pkt(id=0,off=0,r=42,imm=0) R10=fp0,call_-1 fp-48=0
01-01 11:56:36.248 670 670 W LibBpfLoader: 343: (73) *(u8 *)(r9 +12) = r1
01-01 11:56:36.248 670 670 W LibBpfLoader: 344: (71) r1 = *(u8 *)(r8 +15)
01-01 11:56:36.248 670 670 W LibBpfLoader: R0=map_value(id=0,off=0,ks=4,vs=8,imm=0) R1_w=inv(id=0,umax_value=255,var_off=(0x0; 0xff)) R2=inv(id=0) R3=inv(id=0) R6=ctx(id=0,off=0,imm=0) R7=map_value(id=0,off=0,ks=4,vs=48,imm=0) R8=map_value(id=0,off=0,ks=24,vs=64,imm=0) R9=pkt(id=0,off=0,r=42,imm=0) R10=fp0,call_-1 fp-48=0
01-01 11:56:36.248 670 670 W LibBpfLoader: 345: (73) *(u8 *)(r9 +11) = r1
01-01 11:56:36.248 670 670 W LibBpfLoader: 346: (71) r1 = *(u8 *)(r8 +14)
01-01 11:56:36.248 670 670 W LibBpfLoader: R0=map_value(id=0,off=0,ks=4,vs=8,imm=0) R1_w=inv(id=0,umax_value=255,var_off=(0x0; 0xff)) R2=inv(id=0) R3=inv(id=0) R6=ctx(id=0,off=0,imm=0) R7=map_value(id=0,off=0,ks=4,vs=48,imm=0) R8=map_value(id=0,off=0,ks=24,vs=64,imm=0) R9=pkt(id=0,off=0,r=42,imm=0) R10=fp0,call_-1 fp-48=0
01-01 11:56:36.248 670 670 W LibBpfLoader: 347: (73) *(u8 *)(r9 +10) = r1
01-01 11:56:36.248 670 670 W LibBpfLoader: 348: (71) r1 = *(u8 *)(r8 +13)
01-01 11:56:36.248 670 670 W LibBpfLoader: R0=map_value(id=0,off=0,ks=4,vs=8,imm=0) R1_w=inv(id=0,umax_value=255,var_off=(0x0; 0xff)) R2=inv(id=0) R3=inv(id=0) R6=ctx(id=0,off=0,imm=0) R7=map_value(id=0,off=0,ks=4,vs=48,imm=0) R8=map_value(id=0,off=0,ks=24,vs=64,imm=0) R9=pkt(id=0,off=0,r=42,imm=0) R10=fp0,call_-1 fp-48=0
01-01 11:56:36.248 670 670 W LibBpfLoader: 349: (73) *(u8 *)(r9 +9) = r1
01-01 11:56:36.248 670 670 W LibBpfLoader: 350: (71) r1 = *(u8 *)(r8 +12)
01-01 11:56:36.248 670 670 W LibBpfLoader: R0=map_value(id=0,off=0,ks=4,vs=8,imm=0) R1_w=inv(id=0,umax_value=255,var_off=(0x0; 0xff)) R2=inv(id=0) R3=inv(id=0) R6=ctx(id=0,off=0,imm=0) R7=map_value(id=0,off=0,ks=4,vs=48,imm=0) R8=map_value(id=0,off=0,ks=24,vs=64,imm=0) R9=pkt(id=0,off=0,r=42,imm=0) R10=fp0,call_-1 fp-48=0
01-01 11:56:36.248 670 670 W LibBpfLoader: 351: (73) *(u8 *)(r9 +8) = r1
01-01 11:56:36.248 670 670 W LibBpfLoader: 352: (71) r1 = *(u8 *)(r8 +11)
01-01 11:56:36.248 670 670 W LibBpfLoader: R0=map_value(id=0,off=0,ks=4,vs=8,imm=0) R1_w=inv(id=0,umax_value=255,var_off=(0x0; 0xff)) R2=inv(id=0) R3=inv(id=0) R6=ctx(id=0,off=0,imm=0) R7=map_value(id=0,off=0,ks=4,vs=48,imm=0) R8=map_value(id=0,off=0,ks=24,vs=64,imm=0) R9=pkt(id=0,off=0,r=42,imm=0) R10=fp0,call_-1 fp-48=0
01-01 11:56:36.248 670 670 W LibBpfLoader: 353: (73) *(u8 *)(r9 +7) = r1
01-01 11:56:36.248 670 670 W LibBpfLoader: 354: (71) r1 = *(u8 *)(r8 +10)
01-01 11:56:36.248 670 670 W LibBpfLoader: R0=map_value(id=0,off=0,ks=4,vs=8,imm=0) R1_w=inv(id=0,umax_value=255,var_off=(0x0; 0xff)) R2=inv(id=0) R3=inv(id=0) R6=ctx(id=0,off=0,imm=0) R7=map_value(id=0,off=0,ks=4,vs=48,imm=0) R8=map_value(id=0,off=0,ks=24,vs=64,imm=0) R9=pkt(id=0,off=0,r=42,imm=0) R10=fp0,call_-1 fp-48=0
01-01 11:56:36.248 670 670 W LibBpfLoader: 355: (73) *(u8 *)(r9 +6) = r1
01-01 11:56:36.249 670 670 W LibBpfLoader: 356: (71) r1 = *(u8 *)(r8 +9)
01-01 11:56:36.249 670 670 W LibBpfLoader: R0=map_value(id=0,off=0,ks=4,vs=8,imm=0) R1_w=inv(id=0,umax_value=255,var_off=(0x0; 0xff)) R2=inv(id=0) R3=inv(id=0) R6=ctx(id=0,off=0,imm=0) R7=map_value(id=0,off=0,ks=4,vs=48,imm=0) R8=map_value(id=0,off=0,ks=24,vs=64,imm=0) R9=pkt(id=0,off=0,r=42,imm=0) R10=fp0,call_-1 fp-48=0
01-01 11:56:36.249 670 670 W LibBpfLoader: 357: (73) *(u8 *)(r9 +5) = r1
01-01 11:56:36.249 670 670 W LibBpfLoader: 358: (71) r1 = *(u8 *)(r8 +8)
01-01 11:56:36.249 670 670 W LibBpfLoader: R0=map_value(id=0,off=0,ks=4,vs=8,imm=0) R1_w=inv(id=0,umax_value=255,var_off=(0x0; 0xff)) R2=inv(id=0) R3=inv(id=0) R6=ctx(id=0,off=0,imm=0) R7=map_value(id=0,off=0,ks=4,vs=48,imm=0) R8=map_value(id=0,off=0,ks=24,vs=64,imm=0) R9=pkt(id=0,off=0,r=42,imm=0) R10=fp0,call_-1 fp-48=0
01-01 11:56:36.249 670 670 W LibBpfLoader: 359: (73) *(u8 *)(r9 +4) = r1
01-01 11:56:36.249 670 670 W LibBpfLoader: 360: (71) r1 = *(u8 *)(r8 +7)
01-01 11:56:36.249 670 670 W LibBpfLoader: R0=map_value(id=0,off=0,ks=4,vs=8,imm=0) R1_w=inv(id=0,umax_value=255,var_off=(0x0; 0xff)) R2=inv(id=0) R3=inv(id=0) R6=ctx(id=0,off=0,imm=0) R7=map_value(id=0,off=0,ks=4,vs=48,imm=0) R8=map_value(id=0,off=0,ks=24,vs=64,imm=0) R9=pkt(id=0,off=0,r=42,imm=0) R10=fp0,call_-1 fp-48=0
01-01 11:56:36.249 670 670 W LibBpfLoader: 361: (73) *(u8 *)(r9 +3) = r1
01-01 11:56:36.249 670 670 W LibBpfLoader: 362: (71) r1 = *(u8 *)(r8 +6)
01-01 11:56:36.249 670 670 W LibBpfLoader: R0=map_value(id=0,off=0,ks=4,vs=8,imm=0) R1_w=inv(id=0,umax_value=255,var_off=(0x0; 0xff)) R2=inv(id=0) R3=inv(id=0) R6=ctx(id=0,off=0,imm=0) R7=map_value(id=0,off=0,ks=4,vs=48,imm=0) R8=map_value(id=0,off=0,ks=24,vs=64,imm=0) R9=pkt(id=0,off=0,r=42,imm=0) R10=fp0,call_-1 fp-48=0
01-01 11:56:36.249 670 670 W LibBpfLoader: 363: (73) *(u8 *)(r9 +2) = r1
01-01 11:56:36.249 670 670 W LibBpfLoader: 364: (71) r1 = *(u8 *)(r8 +5)
01-01 11:56:36.249 670 670 W LibBpfLoader: R0=map_value(id=0,off=0,ks=4,vs=8,imm=0) R1_w=inv(id=0,umax_value=255,var_off=(0x0; 0xff)) R2=inv(id=0) R3=inv(id=0) R6=ctx(id=0,off=0,imm=0) R7=map_value(id=0,off=0,ks=4,vs=48,imm=0) R8=map_value(id=0,off=0,ks=24,vs=64,imm=0) R9=pkt(id=0,off=0,r=42,imm=0) R10=fp0,call_-1 fp-48=0
01-01 11:56:36.249 670 670 W LibBpfLoader: 365: (73) *(u8 *)(r9 +1) = r1
01-01 11:56:36.249 670 670 W LibBpfLoader: 366: (71) r1 = *(u8 *)(r8 +4)
01-01 11:56:36.249 670 670 W LibBpfLoader: R0=map_value(id=0,off=0,ks=4,vs=8,imm=0) R1_w=inv(id=0,umax_value=255,var_off=(0x0; 0xff)) R2=inv(id=0) R3=inv(id=0) R6=ctx(id=0,off=0,imm=0) R7=map_value(id=0,off=0,ks=4,vs=48,imm=0) R8=map_value(id=0,off=0,ks=24,vs=64,imm=0) R9=pkt(id=0,off=0,r=42,imm=0) R10=fp0,call_-1 fp-48=0
01-01 11:56:36.249 670 670 W LibBpfLoader: 367: (73) *(u8 *)(r9 +0) = r1
01-01 11:56:36.249 670 670 W LibBpfLoader: 368: (69) r3 = *(u16 *)(r9 +22)
01-01 11:56:36.249 670 670 W LibBpfLoader: 369: (bf) r4 = r3
01-01 11:56:36.249 670 670 W LibBpfLoader: 370: (07) r4 += -1
01-01 11:56:36.249 670 670 W LibBpfLoader: 371: (6b) *(u16 *)(r10 -34) = r4
01-01 11:56:36.249 670 670 W LibBpfLoader: 372: (57) r4 &= 65535
01-01 11:56:36.249 670 670 W LibBpfLoader: 373: (bf) r1 = r6
01-01 11:56:36.249 670 670 W LibBpfLoader: 374: (b7) r2 = 24
01-01 11:56:36.249 670 670 W LibBpfLoader: 375: (b7) r5 = 2
01-01 11:56:36.249 670 670 W LibBpfLoader: 376: (85) call bpf_l3_csum_replace#10
01-01 11:56:36.249 670 670 W LibBpfLoader: 377: (bf) r3 = r10
01-01 11:56:36.249 670 670 W LibBpfLoader: 378: (07) r3 += -34
01-01 11:56:36.249 670 670 W LibBpfLoader: 379: (bf) r1 = r6
01-01 11:56:36.249 670 670 W LibBpfLoader: 380: (b7) r2 = 22
01-01 11:56:36.249 670 670 W LibBpfLoader: 381: (b7) r4 = 2
01-01 11:56:36.249 670 670 W LibBpfLoader: 382: (b7) r5 = 0
01-01 11:56:36.249 670 670 W LibBpfLoader: 383: (85) call bpf_skb_store_bytes#9
01-01 11:56:36.249 670 670 W LibBpfLoader: 384: (b7) r2 = 50
01-01 11:56:36.249 670 670 W LibBpfLoader: 385: (79) r1 = *(u64 *)(r10 -48)
01-01 11:56:36.249 670 670 W LibBpfLoader: 386: (55) if r1 != 0x0 goto pc+1
01-01 11:56:36.249 670 670 W LibBpfLoader: 387: (b7) r2 = 40
01-01 11:56:36.249 670 670 W LibBpfLoader: 388: (b7) r4 = 0
01-01 11:56:36.249 670 670 W LibBpfLoader: 389: (79) r1 = *(u64 *)(r10 -48)
01-01 11:56:36.249 670 670 W LibBpfLoader: 390: (55) if r1 != 0x0 goto pc+1
01-01 11:56:36.249 670 670 W LibBpfLoader: 391: (b7) r4 = 32
01-01 11:56:36.249 670 670 W LibBpfLoader: 392: (61) r1 = *(u32 *)(r10 -12)
01-01 11:56:36.249 670 670 W LibBpfLoader: 393: (7b) *(u64 *)(r10 -88) = r1
01-01 11:56:36.249 670 670 W LibBpfLoader: 394: (61) r3 = *(u32 *)(r10 -8)
01-01 11:56:36.249 670 670 W LibBpfLoader: 395: (7b) *(u64 *)(r10 -104) = r3
01-01 11:56:36.249 670 670 W LibBpfLoader: 396: (61) r9 = *(u32 *)(r8 +48)
01-01 11:56:36.249 670 670 W LibBpfLoader: R0=inv(id=0) R1_w=inv(id=0,umax_value=4294967295,var_off=(0x0; 0xffffffff)) R2=inv40 R3_w=inv(id=0,umax_value=4294967295,var_off=(0x0; 0xffffffff)) R4=inv32 R6=ctx(id=0,off=0,imm=0) R7=map_value(id=0,off=0,ks=4,vs=48,imm=0) R8=map_value(id=0,off=0,ks=24,vs=64,imm=0) R9_w=inv(id=0) R10=fp0,call_-1 fp-48=0
01-01 11:56:36.249 670 670 W LibBpfLoader: 397: (63) *(u32 *)(r10 -32) = r9
01-01 11:56:36.249 670 670 W LibBpfLoader: 398: (61) r1 = *(u32 *)(r8 +32)
01-01 11:56:36.249 670 670 W LibBpfLoader: R0=inv(id=0) R1_w=inv(id=0,umax_value=4294967295,var_off=(0x0; 0xffffffff)) R2=inv40 R3_w=inv(id=0,umax_value=4294967295,var_off=(0x0; 0xffffffff)) R4=inv32 R6=ctx(id=0,off=0,imm=0) R7=map_value(id=0,off=0,ks=4,vs=48,imm=0) R8=map_value(id=0,off=0,ks=24,vs=64,imm=0) R9_w=inv(id=0,umax_value=4294967295,var_off=(0x0; 0xffffffff)) R10=fp0,call_-1 fp-48=0
01-01 11:56:36.249 670 670 W LibBpfLoader: 399: (7b) *(u64 *)(r10 -48) = r1
01-01 11:56:36.249 670 670 W LibBpfLoader: 400: (63) *(u32 *)(r10 -40) = r1
01-01 11:56:36.249 670 670 W LibBpfLoader: 401: (7b) *(u64 *)(r10 -80) = r4
01-01 11:56:36.249 670 670 W LibBpfLoader: 402: (bf) r5 = r4
01-01 11:56:36.249 670 670 W LibBpfLoader: 403: (47) r5 |= 20
01-01 11:56:36.249 670 670 W LibBpfLoader: 404: (7b) *(u64 *)(r10 -96) = r5
01-01 11:56:36.249 670 670 W LibBpfLoader: 405: (bf) r1 = r6
01-01 11:56:36.249 670 670 W LibBpfLoader: 406: (7b) *(u64 *)(r10 -72) = r2
01-01 11:56:36.249 670 670 W LibBpfLoader: 407: (bf) r4 = r9
01-01 11:56:36.249 670 670 W LibBpfLoader: 408: (85) call bpf_l4_csum_replace#11
01-01 11:56:36.249 670 670 W LibBpfLoader: 409: (bf) r1 = r6
01-01 11:56:36.249 670 670 W LibBpfLoader: 410: (b7) r2 = 24
01-01 11:56:36.249 670 670 W LibBpfLoader: 411: (79) r3 = *(u64 *)(r10 -104)
01-01 11:56:36.249 670 670 W LibBpfLoader: 412: (bf) r4 = r9
01-01 11:56:36.249 670 670 W LibBpfLoader: 413: (b7) r5 = 4
01-01 11:56:36.249 670 670 W LibBpfLoader: 414: (85) call bpf_l3_csum_replace#10
01-01 11:56:36.249 670 670 W LibBpfLoader: 415: (bf) r3 = r10
01-01 11:56:36.249 670 670 W LibBpfLoader: 416: (07) r3 += -32
01-01 11:56:36.249 670 670 W LibBpfLoader: 417: (bf) r1 = r6
01-01 11:56:36.249 670 670 W LibBpfLoader: 418: (b7) r2 = 30
01-01 11:56:36.249 670 670 W LibBpfLoader: 419: (b7) r4 = 4
01-01 11:56:36.249 670 670 W LibBpfLoader: 420: (b7) r5 = 0
01-01 11:56:36.249 670 670 W LibBpfLoader: 421: (85) call bpf_skb_store_bytes#9
01-01 11:56:36.249 670 670 W LibBpfLoader: 422: (bf) r1 = r6
01-01 11:56:36.249 670 670 W LibBpfLoader: 423: (79) r2 = *(u64 *)(r10 -72)
01-01 11:56:36.249 670 670 W LibBpfLoader: 424: (79) r9 = *(u64 *)(r10 -88)
01-01 11:56:36.249 670 670 W LibBpfLoader: 425: (bf) r3 = r9
01-01 11:56:36.249 670 670 W LibBpfLoader: 426: (79) r4 = *(u64 *)(r10 -48)
01-01 11:56:36.249 670 670 W LibBpfLoader: 427: (79) r5 = *(u64 *)(r10 -96)
01-01 11:56:36.249 670 670 W LibBpfLoader: 428: (85) call bpf_l4_csum_replace#11
01-01 11:56:36.250 670 670 W LibBpfLoader: 429: (bf) r1 = r6
01-01 11:56:36.250 670 670 W LibBpfLoader: 430: (b7) r2 = 24
01-01 11:56:36.250 670 670 W LibBpfLoader: 431: (bf) r3 = r9
01-01 11:56:36.250 670 670 W LibBpfLoader: 432: (79) r4 = *(u64 *)(r10 -48)
01-01 11:56:36.250 670 670 W LibBpfLoader: 433: (b7) r5 = 4
01-01 11:56:36.250 670 670 W LibBpfLoader: 434: (85) call bpf_l3_csum_replace#10
01-01 11:56:36.250 670 670 W LibBpfLoader: 435: (bf) r3 = r10
01-01 11:56:36.250 670 670 W LibBpfLoader: 436: (07) r3 += -40
01-01 11:56:36.250 670 670 W LibBpfLoader: 437: (bf) r1 = r6
01-01 11:56:36.250 670 670 W LibBpfLoader: 438: (b7) r2 = 26
01-01 11:56:36.250 670 670 W LibBpfLoader: 439: (b7) r4 = 4
01-01 11:56:36.250 670 670 W LibBpfLoader: 440: (b7) r5 = 0
01-01 11:56:36.250 670 670 W LibBpfLoader: 441: (85) call bpf_skb_store_bytes#9
01-01 11:56:36.250 670 670 W LibBpfLoader: 442: (79) r9 = *(u64 *)(r10 -80)
01-01 11:56:36.250 670 670 W LibBpfLoader: 443: (47) r9 |= 2
01-01 11:56:36.250 670 670 W LibBpfLoader: 444: (69) r4 = *(u16 *)(r8 +52)
