01-01 11:56:47.419 1447 1486 I HidlServiceManagement: getService: Trying again for android.frameworks.sensorservice@1.0::ISensorManager/default...
01-01 11:56:47.420 1447 1447 W HidlServiceManagement: Waited one second for android.frameworks.sensorservice@1.0::ISensorManager/default
01-01 11:56:47.423 506 506 I hwservicemanager: Since android.frameworks.sensorservice@1.0::ISensorManager/default is not registered, trying to start it as a lazy HAL.
01-01 11:56:47.424 506 1704 W libc : Unable to set property "ctl.interface_start" to "android.frameworks.sensorservice@1.0::ISensorManager/default": error code: 0x20
01-01 11:56:47.425 1447 1447 I HidlServiceManagement: getService: Trying again for android.frameworks.sensorservice@1.0::ISensorManager/default...
01-01 11:56:47.426 506 1704 I hwservicemanager: Tried to start android.frameworks.sensorservice@1.0::ISensorManager/default as a lazy service, but was unable to. Usually this happens when a service is not installed, but if the service is intended to be used as a lazy service, then it may be configured incorrectly.
01-01 11:56:47.429 506 1705 W libc : Unable to set property "ctl.interface_start" to "android.frameworks.sensorservice@1.0::ISensorManager/default": error code: 0x20
01-01 11:56:47.430 506 1705 I hwservicemanager: Tried to start android.frameworks.sensorservice@1.0::ISensorManager/default as a lazy service, but was unable to. Usually this happens when a service is not installed, but if the service is intended to be used as a lazy service, then it may be configured incorrectly.
01-01 11:56:47.482 1444 1475 D LOWI-9.0.0.87.a: [LOWINetlinkSocketReceiver] unpackRTMLinkMessage: RTM_NEWLINK - ifname vlan4, flags 0x1003 ([UP])
01-01 11:56:47.489 0 0 I IPv6 : ADDRCONF(NETDEV_UP): vlan4: link is not ready
01-01 11:56:47.576 1706 1706 I auditd : type=1400 audit(0.0:95): avc: denied { read } for comm="ip" name="rt_tables" dev="dm-10" ino=352 scontext=u:r:ethernet:s0 tcontext=u:object_r:net_data_file:s0 tclass=file permissive=0
01-01 11:56:47.576 1706 1706 W ip : type=1400 audit(0.0:95): avc: denied { read } for name="rt_tables" dev="dm-10" ino=352 scontext=u:r:ethernet:s0 tcontext=u:object_r:net_data_file:s0 tclass=file permissive=0
01-01 11:56:47.636 1218 1218 W ServiceManager: Service package_native didn't start. Returning NULL
01-01 11:56:47.636 1218 1218 E iorapd : Cannot get package manager service!
01-01 11:56:47.672 1707 1707 I auditd : type=1400 audit(0.0:96): avc: denied { read } for comm="ip" name="rt_tables" dev="dm-10" ino=352 scontext=u:r:ethernet:s0 tcontext=u:object_r:net_data_file:s0 tclass=file permissive=0
01-01 11:56:47.672 1707 1707 W ip : type=1400 audit(0.0:96): avc: denied { read } for name="rt_tables" dev="dm-10" ino=352 scontext=u:r:ethernet:s0 tcontext=u:object_r:net_data_file:s0 tclass=file permissive=0
01-01 11:56:47.732 1151 1151 W ServiceManager: Waited one second for android.hardware.light.ILights/default (is service started? are binder threads started and available?)
01-01 11:56:47.732 505 505 I servicemanager: Since 'android.hardware.light.ILights/default' could not be found, trying to start it as a lazy AIDL service
01-01 11:56:47.732 0 0 W mv2112_read_status: autoneg not complete
01-01 11:56:47.732 0 0 I : mv2112_disable_aneg
01-01 11:56:47.733 0 0 I : mv2112_setup_forced
01-01 11:56:47.733 0 0 I lan743x 0001: 01:00.0 eth0: Link is Down
01-01 11:56:47.735 505 1709 W libc : Unable to set property "ctl.interface_start" to "aidl/android.hardware.light.ILights/default": error code: 0x20
01-01 11:56:47.735 505 1709 I servicemanager: Tried to start aidl service android.hardware.light.ILights/default as a lazy service, but was unable to. Usually this happens when a service is not installed, but if the service is intended to be used as a lazy service, then it may be configured incorrectly.
01-01 11:56:47.760 1444 1475 D LOWI-9.0.0.87.a: [LOWINetlinkSocketReceiver] unpackRTMLinkMessage: RTM_NEWLINK - ifname eth0, flags 0x1003 ([UP])
01-01 11:56:47.762 1444 1475 D LOWI-9.0.0.87.a: [LOWINetlinkSocketReceiver] unpackRTMLinkMessage: RTM_NEWLINK - ifname vlan8, flags 0x1002 ()
01-01 11:56:47.867 0 0 E : msm_qti_pp_get_rms_value_control, back not active to query rms be_idx:3
01-01 11:56:47.905 0 0 I core_get_license_status: cmdrsp_license_result.result = 0x15 for module 0x131ff
01-01 11:56:47.908 0 0 E msm_ext_disp_update_audio_ops: Display not found (EXT_DISPLAY_TYPE_DP) ctld (0) stream (0)
01-01 11:56:47.918 0 0 E msm_ext_disp_update_audio_ops: Display not found (EXT_DISPLAY_TYPE_HDMI) ctld (0) stream (0)
01-01 11:56:47.927 1049 1104 D RenderEngine: Shader cache generated 90 shaders in 1455.104736 ms
01-01 11:56:47.929 0 0 E msm_ext_disp_update_audio_ops: Display not found (EXT_DISPLAY_TYPE_DP) ctld (0) stream (0)
01-01 11:56:47.948 1258 1274 W ServiceManager: Service package_native didn't start. Returning NULL
01-01 11:56:47.948 1258 1274 E ServiceUtilities: getInfo: Cannot find package_native
01-01 11:56:47.948 1258 1274 W AudioAnalytics: (key=audio.flinger) Audioflinger constructor event detected
01-01 11:56:47.940 0 0 E msm_ext_disp_update_audio_ops: Display not found (EXT_DISPLAY_TYPE_DP) ctld (0) stream (0)
01-01 11:56:47.950 0 0 E msm_ext_disp_update_audio_ops: Display not found (EXT_DISPLAY_TYPE_DP) ctld (0) stream (0)
01-01 11:56:47.960 0 0 E msm-ext-disp-audio-codec-rx soc: qcom,msm-ext-disp:qcom,msm-ext-disp-audio-codec-rx: msm_ext_disp_audio_type_get: get_audio_edid_blk() or get_intf_id is NULL
01-01 11:56:47.977 0 0 E msm_ext_disp_update_audio_ops: Display not found (EXT_DISPLAY_TYPE_DP) ctld (0) stream (0)
01-01 11:56:47.986 0 0 E msm-ext-disp-audio-codec-rx soc: qcom,msm-ext-disp:qcom,msm-ext-disp-audio-codec-rx: msm_ext_disp_audio_type_get: get_audio_edid_blk() or get_intf_id is NULL
01-01 11:56:48.002 0 0 E msm_ext_disp_update_audio_ops: Display not found (EXT_DISPLAY_TYPE_DP) ctld (0) stream (0)
01-01 11:56:48.019 1444 1475 D LOWI-9.0.0.87.a: [LOWINetlinkSocketReceiver] unpackRTMLinkMessage: RTM_NEWLINK - ifname vlan8, flags 0x1003 ([UP])
01-01 11:56:48.012 0 0 E msm-ext-disp-audio-codec-rx soc: qcom,msm-ext-disp:qcom,msm-ext-disp-audio-codec-rx: msm_ext_disp_audio_type_get: get_audio_edid_blk() or get_intf_id is NULL
01-01 11:56:48.022 0 0 I IPv6 : ADDRCONF(NETDEV_UP): vlan8: link is not ready
01-01 11:56:48.030 0 0 E msm-ext-disp-audio-codec-rx soc: qcom,msm-ext-disp:qcom,msm-ext-disp-audio-codec-rx: msm_ext_disp_audio_device_get: invalid dai id: 4
01-01 11:56:48.040 1721 1721 I auditd : type=1400 audit(0.0:97): avc: denied { read } for comm="ip" name="rt_tables" dev="dm-10" ino=352 scontext=u:r:ethernet:s0 tcontext=u:object_r:net_data_file:s0 tclass=file permissive=0
01-01 11:56:48.040 1721 1721 W ip : type=1400 audit(0.0:97): avc: denied { read } for name="rt_tables" dev="dm-10" ino=352 scontext=u:r:ethernet:s0 tcontext=u:object_r:net_data_file:s0 tclass=file permissive=0
01-01 11:56:48.064 1722 1722 I auditd : type=1400 audit(0.0:98): avc: denied { read } for comm="ip" name="rt_tables" dev="dm-10" ino=352 scontext=u:r:ethernet:s0 tcontext=u:object_r:net_data_file:s0 tclass=file permissive=0
01-01 11:56:48.064 1722 1722 W ip : type=1400 audit(0.0:98): avc: denied { read } for name="rt_tables" dev="dm-10" ino=352 scontext=u:r:ethernet:s0 tcontext=u:object_r:net_data_file:s0 tclass=file permissive=0
01-01 11:56:48.083 1444 1475 D LOWI-9.0.0.87.a: [LOWINetlinkSocketReceiver] unpackRTMLinkMessage: RTM_NEWLINK - ifname vlan8, flags 0x1003 ([UP])
01-01 11:56:48.091 655 667 I mpu_uart: [MSG-P:R]:recv sync frame timeout
01-01 11:56:48.095 1444 1475 D LOWI-9.0.0.87.a: [LOWINetlinkSocketReceiver] unpackRTMLinkMessage: RTM_NEWLINK - ifname eth0, flags 0x1003 ([UP])
01-01 11:56:48.095 1444 1475 D LOWI-9.0.0.87.a: [LOWINetlinkSocketReceiver] unpackRTMLinkMessage: RTM_NEWLINK - ifname vlan11, flags 0x1002 ()
01-01 11:56:48.112 655 668 I mpu_uart: [MSG-P:RECV]:No message received in 1000 ms
01-01 11:56:48.114 0 0 E : msm_pcm_volume_ctl_get substream not found
01-01 11:56:48.194 1267 1267 W ServiceManager: Service package_native didn't start. Returning NULL
01-01 11:56:48.194 1267 1267 E storaged: getService package_native failed
01-01 11:56:48.201 1267 1730 I storaged: storaged: Start
01-01 11:56:48.202 1267 1730 I ServiceManager: Waiting for service 'package_native' on '/dev/binder'...
01-01 11:56:48.318 1444 1475 D LOWI-9.0.0.87.a: [LOWINetlinkSocketReceiver] unpackRTMLinkMessage: RTM_NEWLINK - ifname vlan11, flags 0x1003 ([UP])
01-01 11:56:48.321 0 0 I IPv6 : ADDRCONF(NETDEV_UP): vlan11: link is not ready
01-01 11:56:48.336 1738 1738 I auditd : type=1400 audit(0.0:99): avc: denied { read } for comm="ip" name="rt_tables" dev="dm-10" ino=352 scontext=u:r:ethernet:s0 tcontext=u:object_r:net_data_file:s0 tclass=file permissive=0
01-01 11:56:48.336 1738 1738 W ip : type=1400 audit(0.0:99): avc: denied { read } for name="rt_tables" dev="dm-10" ino=352 scontext=u:r:ethernet:s0 tcontext=u:object_r:net_data_file:s0 tclass=file permissive=0
01-01 11:56:48.356 1739 1739 I auditd : type=1400 audit(0.0:100): avc: denied { read } for comm="ip" name="rt_tables" dev="dm-10" ino=352 scontext=u:r:ethernet:s0 tcontext=u:object_r:net_data_file:s0 tclass=file permissive=0
01-01 11:56:48.356 1739 1739 W ip : type=1400 audit(0.0:100): avc: denied { read } for name="rt_tables" dev="dm-10" ino=352 scontext=u:r:ethernet:s0 tcontext=u:object_r:net_data_file:s0 tclass=file permissive=0
01-01 11:56:48.356 1320 1320 I auditd : type=1400 audit(0.0:101): avc: denied { write } for comm="sh" name="ip_forward" dev="proc" ino=3052 scontext=u:r:ethernet:s0 tcontext=u:object_r:proc_net:s0 tclass=file permissive=0
01-01 11:56:48.356 1320 1320 W sh : type=1400 audit(0.0:101): avc: denied { write } for name="ip_forward" dev="proc" ino=3052 scontext=u:r:ethernet:s0 tcontext=u:object_r:proc_net:s0 tclass=file permissive=0
01-01 11:56:48.360 1320 1320 I auditd : type=1400 audit(0.0:102): avc: denied { write } for comm="sh" name="ip_default_ttl" dev="proc" ino=53287 scontext=u:r:ethernet:s0 tcontext=u:object_r:proc_net:s0 tclass=file permissive=0
01-01 11:56:48.360 1320 1320 W sh : type=1400 audit(0.0:102): avc: denied { write } for name="ip_default_ttl" dev="proc" ino=53287 scontext=u:r:ethernet:s0 tcontext=u:object_r:proc_net:s0 tclass=file permissive=0
01-01 11:56:48.360 1320 1320 I auditd : type=1400 audit(0.0:103): avc: denied { write } for comm="sh" name="tcp_keepalive_probes" dev="proc" ino=53288 scontext=u:r:ethernet:s0 tcontext=u:object_r:proc_net:s0 tclass=file permissive=0
01-01 11:56:48.360 1320 1320 W sh : type=1400 audit(0.0:103): avc: denied { write } for name="tcp_keepalive_probes" dev="proc" ino=53288 scontext=u:r:ethernet:s0 tcontext=u:object_r:proc_net:s0 tclass=file permissive=0
01-01 11:56:48.360 1320 1320 I auditd : type=1400 audit(0.0:104): avc: denied { write } for comm="sh" name="tcp_keepalive_intvl" dev="proc" ino=53289 scontext=u:r:ethernet:s0 tcontext=u:object_r:proc_net:s0 tclass=file permissive=0
01-01 11:56:48.360 1320 1320 W sh : type=1400 audit(0.0:104): avc: denied { write } for name="tcp_keepalive_intvl" dev="proc" ino=53289 scontext=u:r:ethernet:s0 tcontext=u:object_r:proc_net:s0 tclass=file permissive=0
01-01 11:56:48.360 1320 1320 I auditd : type=1400 audit(0.0:105): avc: denied { write } for comm="sh" name="tcp_keepalive_time" dev="proc" ino=53290 scontext=u:r:ethernet:s0 tcontext=u:object_r:proc_net:s0 tclass=file permissive=0
01-01 11:56:48.360 1320 1320 W sh : type=1400 audit(0.0:105): avc: denied { write } for name="tcp_keepalive_time" dev="proc" ino=53290 scontext=u:r:ethernet:s0 tcontext=u:object_r:proc_net:s0 tclass=file permissive=0
01-01 11:56:48.360 1320 1320 I auditd : type=1400 audit(0.0:106): avc: denied { write } for comm="sh" name="tcp_rmem" dev="proc" ino=53291 scontext=u:r:ethernet:s0 tcontext=u:object_r:proc_net:s0 tclass=file permissive=0
01-01 11:56:48.360 1320 1320 W sh : type=1400 audit(0.0:106): avc: denied { write } for name="tcp_rmem" dev="proc" ino=53291 scontext=u:r:ethernet:s0 tcontext=u:object_r:proc_net:s0 tclass=file permissive=0
01-01 11:56:48.360 1320 1320 I auditd : type=1400 audit(0.0:107): avc: denied { write } for comm="sh" name="tcp_wmem" dev="proc" ino=53292 scontext=u:r:ethernet:s0 tcontext=u:object_r:proc_net:s0 tclass=file permissive=0
01-01 11:56:48.360 1320 1320 W sh : type=1400 audit(0.0:107): avc: denied { write } for name="tcp_wmem" dev="proc" ino=53292 scontext=u:r:ethernet:s0 tcontext=u:object_r:proc_net:s0 tclass=file permissive=0
01-01 11:56:48.360 1320 1320 I auditd : type=1400 audit(0.0:108): avc: denied { write } for comm="sh" name="tcp_synack_retries" dev="proc" ino=43755 scontext=u:r:ethernet:s0 tcontext=u:object_r:proc_net:s0 tclass=file permissive=0
01-01 11:56:48.360 1320 1320 W sh : type=1400 audit(0.0:108): avc: denied { write } for name="tcp_synack_retries" dev="proc" ino=43755 scontext=u:r:ethernet:s0 tcontext=u:object_r:proc_net:s0 tclass=file permissive=0
01-01 11:56:48.360 1320 1320 I auditd : type=1400 audit(0.0:109): avc: denied { write } for comm="sh" name="tcp_syn_retries" dev="proc" ino=43754 scontext=u:r:ethernet:s0 tcontext=u:object_r:proc_net:s0 tclass=file permissive=0
01-01 11:56:48.360 1320 1320 W sh : type=1400 audit(0.0:109): avc: denied { write } for name="tcp_syn_retries" dev="proc" ino=43754 scontext=u:r:ethernet:s0 tcontext=u:object_r:proc_net:s0 tclass=file permissive=0
01-01 11:56:48.360 1320 1320 I auditd : type=1400 audit(0.0:110): avc: denied { write } for comm="sh" name="tcp_max_tw_buckets" dev="proc" ino=53293 scontext=u:r:ethernet:s0 tcontext=u:object_r:proc_net:s0 tclass=file permissive=0
01-01 11:56:48.360 1320 1320 W sh : type=1400 audit(0.0:110): avc: denied { write } for name="tcp_max_tw_buckets" dev="proc" ino=53293 scontext=u:r:ethernet:s0 tcontext=u:object_r:proc_net:s0 tclass=file permissive=0
01-01 11:56:48.360 1320 1320 I auditd : type=1400 audit(0.0:111): avc: denied { write } for comm="sh" name="tcp_retries2" dev="proc" ino=43757 scontext=u:r:ethernet:s0 tcontext=u:object_r:proc_net:s0 tclass=file permissive=0
01-01 11:56:48.360 1320 1320 W sh : type=1400 audit(0.0:111): avc: denied { write } for name="tcp_retries2" dev="proc" ino=43757 scontext=u:r:ethernet:s0 tcontext=u:object_r:proc_net:s0 tclass=file permissive=0
01-01 11:56:48.360 1320 1320 I auditd : type=1400 audit(0.0:112): avc: denied { write } for comm="sh" name="icmp_echo_ignore_all" dev="proc" ino=53294 scontext=u:r:ethernet:s0 tcontext=u:object_r:proc_net:s0 tclass=file permissive=0
01-01 11:56:48.360 1320 1320 W sh : type=1400 audit(0.0:112): avc: denied { write } for name="icmp_echo_ignore_all" dev="proc" ino=53294 scontext=u:r:ethernet:s0 tcontext=u:object_r:proc_net:s0 tclass=file permissive=0
01-01 11:56:48.360 1320 1320 I auditd : type=1400 audit(0.0:113): avc: denied { write } for comm="sh" name="icmp_echo_ignore_broadcasts" dev="proc" ino=53295 scontext=u:r:ethernet:s0 tcontext=u:object_r:proc_net:s0 tclass=file permissive=0
01-01 11:56:48.360 1320 1320 W sh : type=1400 audit(0.0:113): avc: denied { write } for name="icmp_echo_ignore_broadcasts" dev="proc" ino=53295 scontext=u:r:ethernet:s0 tcontext=u:object_r:proc_net:s0 tclass=file permissive=0
01-01 11:56:48.360 1320 1320 I auditd : type=1400 audit(0.0:114): avc: denied { write } for comm="sh" name="tcp_window_scaling" dev="proc" ino=53296 scontext=u:r:ethernet:s0 tcontext=u:object_r:proc_net:s0 tclass=file permissive=0
01-01 11:56:48.360 1320 1320 W sh : type=1400 audit(0.0:114): avc: denied { write } for name="tcp_window_scaling" dev="proc" ino=53296 scontext=u:r:ethernet:s0 tcontext=u:object_r:proc_net:s0 tclass=file permissive=0
01-01 11:56:48.360 1320 1320 I auditd : type=1400 audit(0.0:115): avc: denied { write } for comm="sh" name="drop_gratuitous_arp" dev="proc" ino=53297 scontext=u:r:ethernet:s0 tcontext=u:object_r:proc_net:s0 tclass=file permissive=0
01-01 11:56:48.360 1320 1320 W sh : type=1400 audit(0.0:115): avc: denied { write } for name="drop_gratuitous_arp" dev="proc" ino=53297 scontext=u:r:ethernet:s0 tcontext=u:object_r:proc_net:s0 tclass=file permissive=0
01-01 11:56:48.360 1320 1320 I auditd : type=1400 audit(0.0:116): avc: denied { write } for comm="sh" name="arp_accept" dev="proc" ino=53298 scontext=u:r:ethernet:s0 tcontext=u:object_r:proc_net:s0 tclass=file permissive=0
01-01 11:56:48.360 1320 1320 W sh : type=1400 audit(0.0:116): avc: denied { write } for name="arp_accept" dev="proc" ino=53298 scontext=u:r:ethernet:s0 tcontext=u:object_r:proc_net:s0 tclass=file permissive=0
01-01 11:56:48.360 1320 1320 I auditd : type=1400 audit(0.0:117): avc: denied { write } for comm="sh" name="arp_notify" dev="proc" ino=53299 scontext=u:r:ethernet:s0 tcontext=u:object_r:proc_net:s0 tclass=file permissive=0
01-01 11:56:48.360 1320 1320 W sh : type=1400 audit(0.0:117): avc: denied { write } for name="arp_notify" dev="proc" ino=53299 scontext=u:r:ethernet:s0 tcontext=u:object_r:proc_net:s0 tclass=file permissive=0
01-01 11:56:48.360 1320 1320 I auditd : type=1400 audit(0.0:118): avc: denied { write } for comm="sh" name="arp_ignore" dev="proc" ino=53300 scontext=u:r:ethernet:s0 tcontext=u:object_r:proc_net:s0 tclass=file permissive=0
01-01 11:56:48.360 1320 1320 W sh : type=1400 audit(0.0:118): avc: denied { write } for name="arp_ignore" dev="proc" ino=53300 scontext=u:r:ethernet:s0 tcontext=u:object_r:proc_net:s0 tclass=file permissive=0
01-01 11:56:48.368 0 0 E : msm_qti_pp_get_rms_value_control, back not active to query rms be_idx:3
01-01 11:56:48.394 0 0 I core_get_license_status: cmdrsp_license_result.result = 0x15 for module 0x131ff
01-01 11:56:48.395 0 0 E msm_ext_disp_update_audio_ops: Display not found (EXT_DISPLAY_TYPE_DP) ctld (0) stream (0)
01-01 11:56:48.404 809 809 E audio_route: Control 'ADC2_MIXER Switch' doesn't exist - skipping
01-01 11:56:48.404 809 809 E audio_route: Control 'ADC2 Volume' doesn't exist - skipping
01-01 11:56:48.404 809 809 E audio_route: Control 'ADC2_BCS Disable' doesn't exist - skipping
01-01 11:56:48.405 809 809 E audio_route: Control 'ADC2_BCS Disable' doesn't exist - skipping
01-01 11:56:48.405 809 809 E audio_route: Control 'ADC2_BCS Disable' doesn't exist - skipping
01-01 11:56:48.405 809 809 E audio_route: Control 'ADC2_BCS Disable' doesn't exist - skipping
01-01 11:56:48.405 809 809 E audio_route: Control 'ADC2_BCS Disable' doesn't exist - skipping
01-01 11:56:48.405 809 809 E audio_route: Control 'ADC2_BCS Disable' doesn't exist - skipping
01-01 11:56:48.405 809 809 E audio_route: Control 'ADC2_BCS Disable' doesn't exist - skipping
01-01 11:56:48.405 809 809 E audio_route: Control 'ADC2_BCS Disable' doesn't exist - skipping
01-01 11:56:48.405 809 809 E audio_route: Control 'ADC2_BCS Disable' doesn't exist - skipping
01-01 11:56:48.405 809 809 E audio_route: Control 'ADC2_BCS Disable' doesn't exist - skipping
01-01 11:56:48.405 809 809 E audio_route: Control 'ADC2_BCS Disable' doesn't exist - skipping
01-01 11:56:48.405 809 809 E audio_route: Control 'ADC2_BCS Disable' doesn't exist - skipping
01-01 11:56:48.405 809 809 E audio_route: Control 'ADC2_BCS Disable' doesn't exist - skipping
01-01 11:56:48.405 809 809 E audio_route: Control 'ADC2_BCS Disable' doesn't exist - skipping
01-01 11:56:48.405 809 809 E audio_route: Control 'ADC2_BCS Disable' doesn't exist - skipping
01-01 11:56:48.405 809 809 E audio_route: Control 'ADC2_BCS Disable' doesn't exist - skipping
01-01 11:56:48.405 809 809 E audio_route: Control 'ADC2_BCS Disable' doesn't exist - skipping
01-01 11:56:48.406 809 809 E audio_route: Control 'ADC2_MIXER Switch' doesn't exist - skipping
01-01 11:56:48.406 809 809 E audio_route: Control 'ADC2 MUX' doesn't exist - skipping
01-01 11:56:48.419 1447 1486 W HidlServiceManagement: Waited one second for android.frameworks.sensorservice@1.0::ISensorManager/default
01-01 11:56:48.420 506 506 I hwservicemanager: Since android.frameworks.sensorservice@1.0::ISensorManager/default is not registered, trying to start it as a lazy HAL.
01-01 11:56:48.420 1447 1486 I HidlServiceManagement: getService: Trying again for android.frameworks.sensorservice@1.0::ISensorManager/default...
01-01 11:56:48.421 506 1740 W libc : Unable to set property "ctl.interface_start" to "android.frameworks.sensorservice@1.0::ISensorManager/default": error code: 0x20
01-01 11:56:48.421 506 1740 I hwservicemanager: Tried to start android.frameworks.sensorservice@1.0::ISensorManager/default as a lazy service, but was unable to. Usually this happens when a service is not installed, but if the service is intended to be used as a lazy service, then it may be configured incorrectly.
01-01 11:56:48.406 0 0 E msm_ext_disp_update_audio_ops: Display not found (EXT_DISPLAY_TYPE_HDMI) ctld (0) stream (0)
01-01 11:56:48.416 0 0 E msm_ext_disp_update_audio_ops: Display not found (EXT_DISPLAY_TYPE_DP) ctld (0) stream (0)
01-01 11:56:48.425 1447 1447 W HidlServiceManagement: Waited one second for android.frameworks.sensorservice@1.0::ISensorManager/default
01-01 11:56:48.426 506 506 I hwservicemanager: Since android.frameworks.sensorservice@1.0::ISensorManager/default is not registered, trying to start it as a lazy HAL.
01-01 11:56:48.426 1447 1447 I HidlServiceManagement: getService: Trying again for android.frameworks.sensorservice@1.0::ISensorManager/default...
01-01 11:56:48.427 506 1741 W libc : Unable to set property "ctl.interface_start" to "android.frameworks.sensorservice@1.0::ISensorManager/default": error code: 0x20
01-01 11:56:48.427 506 1741 I hwservicemanager: Tried to start android.frameworks.sensorservice@1.0::ISensorManager/default as a lazy service, but was unable to. Usually this happens when a service is not installed, but if the service is intended to be used as a lazy service, then it may be configured incorrectly.
01-01 11:56:48.425 0 0 E msm_ext_disp_update_audio_ops: Display not found (EXT_DISPLAY_TYPE_DP) ctld (0) stream (0)
01-01 11:56:48.436 0 0 E msm_ext_disp_update_audio_ops: Display not found (EXT_DISPLAY_TYPE_DP) ctld (0) stream (0)
01-01 11:56:48.445 0 0 E msm-ext-disp-audio-codec-rx soc: qcom,msm-ext-disp:qcom,msm-ext-disp-audio-codec-rx: msm_ext_disp_audio_type_get: get_audio_edid_blk() or get_intf_id is NULL
01-01 11:56:48.448 809 809 I audio_hw_extn: audio_extn_set_snd_card_split: snd_card_name(kona-mtp-snd-card) device(kona) snd_card(mtp) form_factor(snd)
01-01 11:56:48.450 809 809 E platform_info: param tag only supported with CONFIG_PARAMS section
01-01 11:56:48.450 809 809 E platform_info: param tag only supported with CONFIG_PARAMS section
01-01 11:56:48.450 809 809 E platform_info: param tag only supported with CONFIG_PARAMS section
01-01 11:56:48.450 809 809 E platform_info: param tag only supported with CONFIG_PARAMS section
01-01 11:56:48.450 809 809 E platform_info: param tag only supported with CONFIG_PARAMS section
01-01 11:56:48.450 809 809 E platform_info: param tag only supported with CONFIG_PARAMS section
01-01 11:56:48.450 809 809 E platform_info: param tag only supported with CONFIG_PARAMS section
01-01 11:56:48.450 809 809 E platform_info: param tag only supported with CONFIG_PARAMS section
01-01 11:56:48.451 809 809 D ACDB-LOADER: ACDB: board_type = MTP
01-01 11:56:48.452 809 809 D ACDB-LOADER: ACDB -> No .acdb files found in /vendor/etc/acdbdata!
01-01 11:56:48.452 809 809 D ACDB-LOADER: ACDB -> found 0 form factor & soundcard independant files
01-01 11:56:48.459 809 809 D ACDB-LOADER: ACDB -> Load file: /vendor/etc/acdbdata/MTP/MTP_General_cal.acdb
01-01 11:56:48.459 809 809 D ACDB-LOADER: ACDB -> Load file: /vendor/etc/acdbdata/MTP/MTP_Handset_cal.acdb
01-01 11:56:48.459 809 809 D ACDB-LOADER: ACDB -> Load file: /vendor/etc/acdbdata/MTP/MTP_Hdmi_cal.acdb
01-01 11:56:48.459 809 809 D ACDB-LOADER: ACDB -> Load file: /vendor/etc/acdbdata/MTP/MTP_Global_cal.acdb
01-01 11:56:48.459 809 809 D ACDB-LOADER: ACDB -> Load file: /vendor/etc/acdbdata/MTP/MTP_Bluetooth_cal.acdb
01-01 11:56:48.459 809 809 D ACDB-LOADER: ACDB -> Load file: /vendor/etc/acdbdata/MTP/MTP_Speaker_cal.acdb
01-01 11:56:48.459 809 809 D ACDB-LOADER: ACDB -> Load file: /vendor/etc/acdbdata/MTP/MTP_Headset_cal.acdb
01-01 11:56:48.459 809 809 D ACDB-LOADER: ACDB -> Load file: /vendor/etc/acdbdata/MTP/MTP_workspaceFile.qwsp
01-01 11:56:48.459 809 809 D ACDB-LOADER: ACDB -> ACDB_CMD_INITIALIZE_V2
01-01 11:56:48.460 809 809 D android.hardware.audio.service: [ACDB Command]->SW Minor/Major/Revision version info for /vendor/etc/acdbdata/MTP/MTP_General_cal.acdb
01-01 11:56:48.460 809 809 D android.hardware.audio.service: [ACDB Command]->ACDB Sw Major = 10, ACDB Sw Minor = 0, ACDB Sw Revision = 17, ACDB Sw Cpl Number = 0
01-01 11:56:48.460 809 809 D android.hardware.audio.service: [ACDB Command]->ACDB File Major = 12, ACDB File Minor = 0, ACDB File Revision = 4, ACDB File Cpl Number = 0
01-01 11:56:48.468 809 809 D android.hardware.audio.service: [ACDB Command]->SW Minor/Major/Revision version info for /vendor/etc/acdbdata/MTP/MTP_Handset_cal.acdb
01-01 11:56:48.468 809 809 D android.hardware.audio.service: [ACDB Command]->ACDB Sw Major = 10, ACDB Sw Minor = 0, ACDB Sw Revision = 17, ACDB Sw Cpl Number = 0
01-01 11:56:48.468 809 809 D android.hardware.audio.service: [ACDB Command]->ACDB File Major = 12, ACDB File Minor = 0, ACDB File Revision = 4, ACDB File Cpl Number = 0
01-01 11:56:48.462 0 0 E msm_ext_disp_update_audio_ops: Display not found (EXT_DISPLAY_TYPE_DP) ctld (0) stream (0)
01-01 11:56:48.471 0 0 E msm-ext-disp-audio-codec-rx soc: qcom,msm-ext-disp:qcom,msm-ext-disp-audio-codec-rx: msm_ext_disp_audio_type_get: get_audio_edid_blk() or get_intf_id is NULL
01-01 11:56:48.471 809 809 D android.hardware.audio.service: [ACDB Command]->SW Minor/Major/Revision version info for /vendor/etc/acdbdata/MTP/MTP_Hdmi_cal.acdb
01-01 11:56:48.471 809 809 D android.hardware.audio.service: [ACDB Command]->ACDB Sw Major = 10, ACDB Sw Minor = 0, ACDB Sw Revision = 17, ACDB Sw Cpl Number = 0
01-01 11:56:48.471 809 809 D android.hardware.audio.service: [ACDB Command]->ACDB File Major = 12, ACDB File Minor = 0, ACDB File Revision = 4, ACDB File Cpl Number = 0
01-01 11:56:48.474 809 809 D android.hardware.audio.service: [ACDB Command]->SW Minor/Major/Revision version info for /vendor/etc/acdbdata/MTP/MTP_Global_cal.acdb
01-01 11:56:48.474 809 809 D android.hardware.audio.service: [ACDB Command]->ACDB Sw Major = 10, ACDB Sw Minor = 0, ACDB Sw Revision = 17, ACDB Sw Cpl Number = 0
01-01 11:56:48.474 809 809 D android.hardware.audio.service: [ACDB Command]->ACDB File Major = 12, ACDB File Minor = 0, ACDB File Revision = 4, ACDB File Cpl Number = 0
01-01 11:56:48.479 809 809 D android.hardware.audio.service: [ACDB Command]->SW Minor/Major/Revision version info for /vendor/etc/acdbdata/MTP/MTP_Bluetooth_cal.acdb
01-01 11:56:48.479 809 809 D android.hardware.audio.service: [ACDB Command]->ACDB Sw Major = 10, ACDB Sw Minor = 0, ACDB Sw Revision = 17, ACDB Sw Cpl Number = 0
01-01 11:56:48.479 809 809 D android.hardware.audio.service: [ACDB Command]->ACDB File Major = 12, ACDB File Minor = 0, ACDB File Revision = 4, ACDB File Cpl Number = 0
01-01 11:56:48.487 809 809 D android.hardware.audio.service: [ACDB Command]->SW Minor/Major/Revision version info for /vendor/etc/acdbdata/MTP/MTP_Speaker_cal.acdb
01-01 11:56:48.487 809 809 D android.hardware.audio.service: [ACDB Command]->ACDB Sw Major = 10, ACDB Sw Minor = 0, ACDB Sw Revision = 17, ACDB Sw Cpl Number = 0
01-01 11:56:48.487 809 809 D android.hardware.audio.service: [ACDB Command]->ACDB File Major = 12, ACDB File Minor = 0, ACDB File Revision = 4, ACDB File Cpl Number = 0
01-01 11:56:48.491 809 809 D android.hardware.audio.service: [ACDB Command]->SW Minor/Major/Revision version info for /vendor/etc/acdbdata/MTP/MTP_Headset_cal.acdb
01-01 11:56:48.491 809 809 D android.hardware.audio.service: [ACDB Command]->ACDB Sw Major = 10, ACDB Sw Minor = 0, ACDB Sw Revision = 17, ACDB Sw Cpl Number = 0
01-01 11:56:48.491 809 809 D android.hardware.audio.service: [ACDB Command]->ACDB File Major = 12, ACDB File Minor = 0, ACDB File Revision = 4, ACDB File Cpl Number = 0
01-01 11:56:48.494 809 809 D android.hardware.audio.service: [ACDB Command]->SW Minor/Major/Revision version info for /vendor/etc/acdbdata/MTP/MTP_workspaceFile.qwsp
01-01 11:56:48.494 809 809 D android.hardware.audio.service: [ACDB Command]->ACDB Sw Major = 10, ACDB Sw Minor = 0, ACDB Sw Revision = 17, ACDB Sw Cpl Number = 0
01-01 11:56:48.494 809 809 D android.hardware.audio.service: [ACDB Command]->ACDB File Major = 0, ACDB File Minor = 0, ACDB File Revision = 0
01-01 11:56:48.495 809 809 D ACDB-LOADER: get_acdb_sw_major_version: ACDB SW Major version: 10
01-01 11:56:48.495 809 809 D ACDB-LOADER: get_instance_id_support: ACDB file instance ID support info:1
01-01 11:56:48.495 809 809 D ACDB-LOADER: acdb_loader_init_v4: snd_card_name:kona-mtp-snd-card, cvd_version:2.4, instance_id_supported:1
01-01 11:56:48.495 809 809 D ACDB-LOADER: ACDB -> ACPH INIT
01-01 11:56:48.495 809 809 D android.hardware.audio.service: [ACPH]->Online service registered with ACPH
01-01 11:56:48.497 809 809 D android.hardware.audio.service: [ACPH]->ACPH init success
01-01 11:56:48.497 809 809 D ACDB-LOADER: ACDB -> RTAC INIT
01-01 11:56:48.497 809 809 D android.hardware.audio.service: [ACPH]->DSP RTC service registered with ACPH
01-01 11:56:48.497 809 809 D ACDB-LOADER: ACDB -> MCS, FTS INIT
01-01 11:56:48.497 809 809 D android.hardware.audio.service: [ACPH]->MCS RTC service registered with ACPH
01-01 11:56:48.498 809 809 D android.hardware.audio.service: [ACPH]->FTS RTC service registered with ACPH
01-01 11:56:48.498 809 809 D ACDB-LOADER: ACDB -> ADIE RTAC INIT
01-01 11:56:48.498 809 809 D android.hardware.audio.service: [ACPH]->ADIE RTC service registered with ACPH
01-01 11:56:48.498 809 809 D ACDB-LOADER: ACDB -> ACDB_CMD_GET_VOC_PROC_DYNAMIC_TABLE_SIZE
01-01 11:56:48.499 809 809 E ion : ioctl c0044901 failed with code -1: Inappropriate ioctl for device
01-01 11:56:48.488 0 0 E msm_ext_disp_update_audio_ops: Display not found (EXT_DISPLAY_TYPE_DP) ctld (0) stream (0)
01-01 11:56:48.497 0 0 E msm-ext-disp-audio-codec-rx soc: qcom,msm-ext-disp:qcom,msm-ext-disp-audio-codec-rx: msm_ext_disp_audio_type_get: get_audio_edid_blk() or get_intf_id is NULL
01-01 11:56:48.517 809 809 D ACDB-LOADER: ACDB -> send_common_custom_topology
01-01 11:56:48.517 809 809 D ACDB-LOADER: ACDB -> ACDB_CMD_GET_AVCS_CUSTOM_TOPO_INFO_SIZE_V3
01-01 11:56:48.517 809 809 D ACDB-LOADER: ACDB -> ACDB_CMD_GET_AVCS_CUSTOM_TOPO_INFO_V3
01-01 11:56:48.517 809 809 D ACDB-LOADER: ACDB -> ACDB_CMD_GET_AVCS_CUSTOM_TOPO_INFO_V3: size:0xed4 ret=0
01-01 11:56:48.517 809 809 D ACDB-LOADER: ACDB -> CORE_CUSTOM_TOPOLOGIES
01-01 11:56:48.524 809 809 D ACDB-LOADER: ACDB -> acdb_loader_send_common_custom_topology: Common custom topology in use
01-01 11:56:48.524 809 809 D ACDB-LOADER: ACDB -> init done!
01-01 11:56:48.524 809 809 D audio_hw_acdb: acdb_init_v2: ACDB Instance ID support after ACDB init:1
01-01 11:56:48.524 809 809 D audio_hw_acdb: check_and_set_instance_id_support: Final Instance ID support:1
01-01 11:56:48.525 809 809 D sound_trigger_platform: platform_stdev_init Opening device /dev/snd/hwC0D1002 for vad hwdep config
01-01 11:56:48.525 809 809 D sound_trigger_platform: platform_stdev_init: cannot open device '/dev/snd/hwC0D1002', error:No such file or directory
01-01 11:56:48.525 809 809 D sound_trigger_platform: get_codec_version: codec version
01-01 11:56:48.525 809 809 D sound_trigger_platform: platform_stdev_reset_backend_cfg: Setting VA_CDC_DMA_TX_0 TX island to false
01-01 11:56:48.526 809 809 I sound_trigger_hw: get_base_properties: enter
01-01 11:56:48.526 809 809 I SoundTriggerHw: onFirstRef() mModuleName primary mHwDevice 0xf21029c0
01-01 11:56:48.527 809 809 I HidlServiceManagement: Registered android.hardware.soundtrigger@2.3::ISoundTriggerHw/default (start delay of 10222ms)
01-01 11:56:48.527 809 809 I LegacySupport: Registration complete for android.hardware.soundtrigger@2.3::ISoundTriggerHw/default.
01-01 11:56:48.516 0 0 E msm-ext-disp-audio-codec-rx soc: qcom,msm-ext-disp:qcom,msm-ext-disp-audio-codec-rx: msm_ext_disp_audio_device_get: invalid dai id: 4
01-01 11:56:48.537 809 809 I BTAudioProviderA2dpSoftware: A2dpSoftwareAudioProvider - size of audio buffer 7168 byte(s)
01-01 11:56:48.538 809 809 I BTAudioProviderHearingAid: HearingAidAudioProvider - size of audio buffer 3584 byte(s)
01-01 11:56:48.539 1054 1066 I sensors.qti: diag_mdlog_capture:337, before poll - for modify event
01-01 11:56:48.540 809 809 I HidlServiceManagement: Registered android.hardware.bluetooth.audio@2.0::IBluetoothAudioProvidersFactory/default (start delay of 10235ms)
01-01 11:56:48.540 809 809 I LegacySupport: Registration complete for android.hardware.bluetooth.audio@2.0::IBluetoothAudioProvidersFactory/default.
01-01 11:56:48.541 506 506 I hwservicemanager: getTransport: Cannot find entry android.hardware.bluetooth.a2dp@1.0::IBluetoothAudioOffload/default in either framework or device VINTF manifest.
01-01 11:56:48.543 809 809 E LegacySupport: Could not get passthrough implementation for android.hardware.bluetooth.a2dp@1.0::IBluetoothAudioOffload/default.
01-01 11:56:48.543 809 809 W audiohalservice: Could not register Bluetooth Audio Offload API
01-01 11:56:48.595 0 0 E : msm_pcm_volume_ctl_get substream not found
01-01 11:56:48.636 1218 1218 W iorapd : Reconnect to package manager service: 2 times
01-01 11:56:48.636 1218 1218 I ServiceManager: Waiting for service 'package_native' on '/dev/binder'...
01-01 11:56:48.682 1464 1464 I update_engine: [INFO:cleanup_previous_update_action.cc(112)] Executing task 3
01-01 11:56:48.682 1464 1464 I update_engine: [INFO:cleanup_previous_update_action.cc(124)] CleanupPreviousUpdateAction scheduled task ID 4 for WaitBootCompleted
01-01 11:56:48.733 1151 1151 W ServiceManager: Waited one second for android.hardware.light.ILights/default (is service started? are binder threads started and available?)
01-01 11:56:48.733 505 505 I servicemanager: Since 'android.hardware.light.ILights/default' could not be found, trying to start it as a lazy AIDL service
01-01 11:56:48.735 505 1744 W libc : Unable to set property "ctl.interface_start" to "aidl/android.hardware.light.ILights/default": error code: 0x20
01-01 11:56:48.735 505 1744 I servicemanager: Tried to start aidl service android.hardware.light.ILights/default as a lazy service, but was unable to. Usually this happens when a service is not installed, but if the service is intended to be used as a lazy service, then it may be configured incorrectly.
01-01 11:56:48.748 0 0 D : mv2112_read_status
01-01 11:56:48.748 0 0 D mv2112_update_link: 3.0x901(1G): 0x80
01-01 11:56:48.749 0 0 D mv2112_update_link: 3.0x8109(100M): 0xc
01-01 11:56:48.749 0 0 D mv2112_update_link: link 0x4
01-01 11:56:48.749 0 0 D mv2112_read_status: autoneg is disabled
01-01 11:56:48.749 0 0 I lan743x 0001: 01:00.0 eth0: Link is Up - 100Mbps/Full - flow control off
01-01 11:56:48.751 0 0 I IPv6 : ADDRCONF(NETDEV_CHANGE): eth0: link becomes ready
01-01 11:56:48.753 1444 1475 D LOWI-9.0.0.87.a: [LOWINetlinkSocketReceiver] unpackRTMLinkMessage: RTM_NEWLINK - ifname vlan11, flags 0x1003 ([UP])
01-01 11:56:48.754 1444 1475 D LOWI-9.0.0.87.a: [LOWINetlinkSocketReceiver] unpackRTMLinkMessage: RTM_NEWLINK - ifname eth0, flags 0x11043 ([UP][RUNNING])
01-01 11:56:48.760 1444 1475 D LOWI-9.0.0.87.a: [LOWINetlinkSocketReceiver] unpackRTMLinkMessage: RTM_NEWLINK - ifname vlan0, flags 0x11043 ([UP][RUNNING])
01-01 11:56:48.762 1444 1475 D LOWI-9.0.0.87.a: [LOWINetlinkSocketReceiver] unpackRTMLinkMessage: RTM_NEWLINK - ifname vlan1, flags 0x11043 ([UP][RUNNING])
01-01 11:56:48.759 0 0 I IPv6 : ADDRCONF(NETDEV_CHANGE): vlan0: link becomes ready
01-01 11:56:48.761 0 0 I IPv6 : ADDRCONF(NETDEV_CHANGE): vlan1: link becomes ready
01-01 11:56:48.762 0 0 I IPv6 : ADDRCONF(NETDEV_CHANGE): vlan2: link becomes ready
01-01 11:56:48.764 1444 1475 D LOWI-9.0.0.87.a: [LOWINetlinkSocketReceiver] unpackRTMLinkMessage: RTM_NEWLINK - ifname vlan2, flags 0x11043 ([UP][RUNNING])
01-01 11:56:48.765 1444 1475 D LOWI-9.0.0.87.a: [LOWINetlinkSocketReceiver] unpackRTMLinkMessage: RTM_NEWLINK - ifname vlan4, flags 0x11043 ([UP][RUNNING])
01-01 11:56:48.767 1444 1475 D LOWI-9.0.0.87.a: [LOWINetlinkSocketReceiver] unpackRTMLinkMessage: RTM_NEWLINK - ifname vlan8, flags 0x11043 ([UP][RUNNING])
01-01 11:56:48.764 0 0 I IPv6 : ADDRCONF(NETDEV_CHANGE): vlan4: link becomes ready
01-01 11:56:48.766 0 0 I IPv6 : ADDRCONF(NETDEV_CHANGE): vlan8: link becomes ready
01-01 11:56:48.769 1444 1475 D LOWI-9.0.0.87.a: [LOWINetlinkSocketReceiver] unpackRTMLinkMessage: RTM_NEWLINK - ifname vlan11, flags 0x11043 ([UP][RUNNING])
01-01 11:56:48.768 0 0 I IPv6 : ADDRCONF(NETDEV_CHANGE): vlan11: link becomes ready
01-01 11:56:48.852 809 879 E audio_route: unknown enum value string UNPACKED for ctl WSA_CDC_DMA_RX_0 Format
01-01 11:56:48.852 809 879 E audio_route: Control 'WSA_CDC_DMA_TX_0 Format' doesn't exist - skipping
01-01 11:56:48.852 809 879 E audio_route: Control 'RX_CDC_DMA_RX_0 Format' doesn't exist - skipping
01-01 11:56:48.852 809 879 E audio_route: unknown enum value string UNPACKED for ctl TX_CDC_DMA_TX_3 Format
01-01 11:56:48.852 809 879 E audio_route: Control 'WSA_CDC_DMA_RX_0 Port Mixer SLIM_7_TX' doesn't exist - skipping
01-01 11:56:48.852 809 879 E audio_route: Control 'RX_CDC_DMA_RX_0 Port Mixer SLIM_7_TX' doesn't exist - skipping
01-01 11:56:48.853 809 879 E audio_route: Control 'SpkrLeft COMP Switch' doesn't exist - skipping
01-01 11:56:48.853 809 879 E audio_route: Control 'SpkrRight COMP Switch' doesn't exist - skipping
01-01 11:56:48.853 809 879 E audio_route: Control 'SpkrLeft BOOST Switch' doesn't exist - skipping
01-01 11:56:48.853 809 879 E audio_route: Control 'SpkrRight BOOST Switch' doesn't exist - skipping
01-01 11:56:48.853 809 879 E audio_route: Control 'SpkrLeft VISENSE Switch' doesn't exist - skipping
01-01 11:56:48.854 809 879 E audio_route: Control 'SpkrRight VISENSE Switch' doesn't exist - skipping
01-01 11:56:48.854 809 879 E audio_route: Control 'SpkrLeft SWR DAC_Port Switch' doesn't exist - skipping
01-01 11:56:48.854 809 879 E audio_route: Control 'SpkrRight SWR DAC_Port Switch' doesn't exist - skipping
01-01 11:56:48.854 809 879 E audio_route: Control 'HPHL_COMP Switch' doesn't exist - skipping
01-01 11:56:48.854 809 879 E audio_route: Control 'HPHR_COMP Switch' doesn't exist - skipping
01-01 11:56:48.854 809 879 E audio_route: Control 'EAR_RDAC Switch' doesn't exist - skipping
01-01 11:56:48.854 809 879 E audio_route: Control 'HPHL_RDAC Switch' doesn't exist - skipping
01-01 11:56:48.854 809 879 E audio_route: Control 'HPHR_RDAC Switch' doesn't exist - skipping
01-01 11:56:48.854 809 879 E audio_route: Control 'AUX_RDAC Switch' doesn't exist - skipping
01-01 11:56:48.854 809 879 E audio_route: Control 'RDAC3_MUX' doesn't exist - skipping
01-01 11:56:48.854 809 879 E audio_route: Control 'ADC2_MIXER Switch' doesn't exist - skipping
01-01 11:56:48.854 809 879 E audio_route: Control 'HPHL Volume' doesn't exist - skipping
01-01 11:56:48.854 809 879 E audio_route: Control 'HPHR Volume' doesn't exist - skipping
01-01 11:56:48.854 809 879 E audio_route: Control 'ADC1 Volume' doesn't exist - skipping
01-01 11:56:48.854 809 879 E audio_route: Control 'ADC2 Volume' doesn't exist - skipping
01-01 11:56:48.855 809 879 E audio_route: Control 'ADC3 Volume' doesn't exist - skipping
01-01 11:56:48.855 809 879 E audio_route: Control 'COMP7 Switch' doesn't exist - skipping
01-01 11:56:48.855 809 879 E audio_route: Control 'COMP8 Switch' doesn't exist - skipping
01-01 11:56:48.855 809 879 E audio_route: Control 'RX HPH Mode' doesn't exist - skipping
01-01 11:56:48.855 809 879 E audio_route: Control 'MultiMedia16 Mixer SLIM_7_TX' doesn't exist - skipping
01-01 11:56:48.855 809 879 E audio_route: Control 'MultiMedia16 Mixer TERT_MI2S_TX' doesn't exist - skipping
01-01 11:56:48.856 809 879 E audio_route: Control 'MultiMedia5_RX QOS Vote' doesn't exist - skipping
01-01 11:56:48.858 809 879 E audio_route: Control 'MultiMedia8 Mixer TERT_MI2S_TX' doesn't exist - skipping
01-01 11:56:48.859 809 879 E audio_route: Control 'DISPLAY_PORT1_RX_Voice Mixer VoiceMMode1' doesn't exist - skipping
01-01 11:56:48.859 809 879 E audio_route: Control 'DISPLAY_PORT1_RX_Voice Mixer VoiceMMode1' doesn't exist - skipping
01-01 11:56:48.860 809 879 E audio_route: Control 'DISPLAY_PORT1_RX_Voice Mixer VoiceMMode2' doesn't exist - skipping
01-01 11:56:48.860 809 879 E audio_route: Control 'DISPLAY_PORT1_RX_Voice Mixer VoiceMMode2' doesn't exist - skipping
01-01 11:56:48.860 809 879 E audio_route: Control 'ADC2_MIXER Switch' doesn't exist - skipping
01-01 11:56:48.860 809 879 E audio_route: Control 'ADC2 MUX' doesn't exist - skipping
01-01 11:56:48.861 809 879 E audio_route: Control 'SpkrLeft COMP Switch' doesn't exist - skipping
01-01 11:56:48.861 809 879 E audio_route: Control 'SpkrLeft BOOST Switch' doesn't exist - skipping
01-01 11:56:48.861 809 879 E audio_route: Control 'SpkrLeft VISENSE Switch' doesn't exist - skipping
01-01 11:56:48.861 809 879 E audio_route: Control 'SpkrLeft SWR DAC_Port Switch' doesn't exist - skipping
01-01 11:56:48.861 809 879 E audio_route: Control 'SpkrRight COMP Switch' doesn't exist - skipping
01-01 11:56:48.861 809 879 E audio_route: Control 'SpkrRight BOOST Switch' doesn't exist - skipping
01-01 11:56:48.861 809 879 E audio_route: Control 'SpkrRight VISENSE Switch' doesn't exist - skipping
01-01 11:56:48.861 809 879 E audio_route: Control 'SpkrRight SWR DAC_Port Switch' doesn't exist - skipping
01-01 11:56:48.862 809 879 E audio_route: Control 'SpkrLeft COMP Switch' doesn't exist - skipping
01-01 11:56:48.862 809 879 E audio_route: Control 'SpkrLeft BOOST Switch' doesn't exist - skipping
01-01 11:56:48.862 809 879 E audio_route: Control 'SpkrLeft VISENSE Switch' doesn't exist - skipping
01-01 11:56:48.862 809 879 E audio_route: Control 'SpkrLeft SWR DAC_Port Switch' doesn't exist - skipping
01-01 11:56:48.862 809 879 E audio_route: Control 'HPHL_COMP Switch' doesn't exist - skipping
01-01 11:56:48.862 809 879 E audio_route: Control 'HPHR_COMP Switch' doesn't exist - skipping
01-01 11:56:48.862 809 879 E audio_route: Control 'HPHL_RDAC Switch' doesn't exist - skipping
01-01 11:56:48.862 809 879 E audio_route: Control 'HPHR_RDAC Switch' doesn't exist - skipping
01-01 11:56:48.863 809 879 E audio_route: unknown enum value string DEC7 for ctl IIR0 INP0 MUX
01-01 11:56:48.863 809 879 E audio_route: Control 'HPHL_COMP Switch' doesn't exist - skipping
01-01 11:56:48.863 809 879 E audio_route: Control 'HPHL_RDAC Switch' doesn't exist - skipping
01-01 11:56:48.863 809 879 E audio_route: Control 'ADC2 Volume' doesn't exist - skipping
01-01 11:56:48.864 809 879 E audio_route: Control 'ADC2_MIXER Switch' doesn't exist - skipping
01-01 11:56:48.864 809 879 E audio_route: Control 'ADC2 MUX' doesn't exist - skipping
01-01 11:56:48.864 809 879 E audio_route: Control 'MultiMedia16 Mixer SLIM_7_TX' doesn't exist - skipping
01-01 11:56:48.864 809 879 E audio_route: Control 'MultiMedia16 Mixer TERT_MI2S_TX' doesn't exist - skipping
01-01 11:56:48.865 809 879 E audio_route: Path name 'incall_music_uplink afe-proxy' already exists
01-01 11:56:48.865 809 879 E audio_route: path created failed, please check the path if existed
01-01 11:56:48.865 809 879 E audio_route: Path name 'incall_music_uplink2 afe-proxy' already exists
01-01 11:56:48.865 809 879 E audio_route: path created failed, please check the path if existed
01-01 11:56:49.024 809 879 E audio_hw_extn: audio_extn_perf_lock_release: Perf lock release error
01-01 11:56:49.024 809 879 E msm8974_platform: platform_init: soundcard: kona-mtp-snd-card supports only default sample rate
01-01 11:56:49.024 809 879 I audio_hw_extn: audio_extn_set_snd_card_split: snd_card_name(kona-mtp-snd-card) device(kona) snd_card(mtp) form_factor(snd)
01-01 11:56:49.025 809 879 E platform_info: param tag only supported with CONFIG_PARAMS section
01-01 11:56:49.025 809 879 E platform_info: param tag only supported with CONFIG_PARAMS section
01-01 11:56:49.025 809 879 E platform_info: param tag only supported with CONFIG_PARAMS section
01-01 11:56:49.025 809 879 E platform_info: param tag only supported with CONFIG_PARAMS section
01-01 11:56:49.025 809 879 E platform_info: param tag only supported with CONFIG_PARAMS section
01-01 11:56:49.025 809 879 E platform_info: param tag only supported with CONFIG_PARAMS section
01-01 11:56:49.025 809 879 E platform_info: param tag only supported with CONFIG_PARAMS section
01-01 11:56:49.025 809 879 E platform_info: param tag only supported with CONFIG_PARAMS section
01-01 11:56:49.026 809 879 D ACDB-LOADER: ACDB -> already initialized, exit
01-01 11:56:49.026 809 879 D audio_hw_acdb: acdb_init_v2: ACDB Instance ID support after ACDB init:1
01-01 11:56:49.026 809 879 D audio_hw_acdb: check_and_set_instance_id_support: Final Instance ID support:1
01-01 11:56:49.026 809 879 D msm8974_platform: ACDB initialized
01-01 11:56:49.026 809 879 D msm8974_platform: hw_util_open Opening device /dev/snd/hwC0D1000
01-01 11:56:49.026 809 879 E msm8974_platform: hw_util_open: cannot open device '/dev/snd/hwC0D1000'
01-01 11:56:49.026 809 879 E msm8974_platform: audio_hwdep_send_cal error open
01-01 11:56:49.026 809 879 E keep_alive: keep alive disabled
01-01 11:56:49.027 809 879 D audio_log_utils: read_module
01-01 11:56:49.027 809 879 D audio_log_utils: read_module: calling parse module xml file
01-01 11:56:49.027 809 879 D audio_log_utils: parse_module_xml_file: parse hal log mask
01-01 11:56:49.027 809 879 D log_xml_parser: parse_log_xml: Failed to open file /data/vendor/audio/audio_dynamic_log.xml
01-01 11:56:49.027 809 879 E audio_log_utils: parse_module_xml_file: could not parse hal logmask
01-01 11:56:49.027 809 879 D audio_log_utils: parse_module_xml_file: exit
01-01 11:56:49.027 809 1745 D audio_log_utils: monitor_mod_file_change
01-01 11:56:49.027 809 879 W msm8974_platform: init_be_dai_name_table: sound device has no hw interface set
01-01 11:56:49.027 809 879 W msm8974_platform: init_be_dai_name_table: sound device headphones-and-haptics has no hw interface set
01-01 11:56:49.027 809 879 W msm8974_platform: init_be_dai_name_table: sound device speaker-and-haptics has no hw interface set
01-01 11:56:49.027 809 879 W msm8974_platform: init_be_dai_name_table: sound device (null) has no hw interface set
01-01 11:56:49.027 809 879 D msm8974_platform: init_be_dai_name_table: sound device speaker-and-headphones does not have a valid hw interface set (disregard for combo devices) WSA_CDC_DMA_RX_0-and-RX_CDC_DMA_RX_0
01-01 11:56:49.027 809 879 D msm8974_platform: init_be_dai_name_table: sound device speaker-and-headphones-hifi-filter does not have a valid hw interface set (disregard for combo devices) WSA_CDC_DMA_RX_0-and-RX_CDC_DMA_RX_0
01-01 11:56:49.027 809 879 D msm8974_platform: init_be_dai_name_table: sound device speaker-safe-and-headphones does not have a valid hw interface set (disregard for combo devices) SLIMBUS_0_RX-and-SLIMBUS_6_RX
01-01 11:56:49.027 809 879 W msm8974_platform: init_be_dai_name_table: sound device speaker-headphones-and-haptics has no hw interface set
01-01 11:56:49.027 809 879 W msm8974_platform: init_be_dai_name_table: sound device (null) has no hw interface set
01-01 11:56:49.027 809 879 D msm8974_platform: init_be_dai_name_table: sound device speaker-and-line does not have a valid hw interface set (disregard for combo devices) WSA_CDC_DMA_RX_0-and-RX_CDC_DMA_RX_0
01-01 11:56:49.027 809 879 D msm8974_platform: init_be_dai_name_table: sound device speaker-safe-and-line does not have a valid hw interface set (disregard for combo devices) SLIMBUS_0_RX-and-SLIMBUS_6_RX
01-01 11:56:49.027 809 879 D msm8974_platform: init_be_dai_name_table: sound device speaker-and-headphones-ext-1 does not have a valid hw interface set (disregard for combo devices) WSA_CDC_DMA_RX_0-and-RX_CDC_DMA_RX_0
01-01 11:56:49.027 809 879 D msm8974_platform: init_be_dai_name_table: sound device speaker-and-headphones-ext-2 does not have a valid hw interface set (disregard for combo devices) WSA_CDC_DMA_RX_0-and-RX_CDC_DMA_RX_0
01-01 11:56:49.027 809 879 D msm8974_platform: init_be_dai_name_table: sound device speaker-and-hdmi does not have a valid hw interface set (disregard for combo devices) WSA_CDC_DMA_RX_0-and-HDMI
01-01 11:56:49.027 809 879 D msm8974_platform: init_be_dai_name_table: sound device speaker-and-display-port does not have a valid hw interface set (disregard for combo devices) WSA_CDC_DMA_RX_0-and-DISPLAY_PORT
01-01 11:56:49.027 809 879 D msm8974_platform: init_be_dai_name_table: sound device speaker-and-display-port1 does not have a valid hw interface set (disregard for combo devices) SLIMBUS_0_RX-and-DISPLAY_PORT1
01-01 11:56:49.027 809 879 W msm8974_platform: init_be_dai_name_table: sound device (null) has no hw interface set
01-01 11:56:49.027 809 879 W msm8974_platform: init_be_dai_name_table: sound device (null) has no hw interface set
01-01 11:56:49.028 809 879 D msm8974_platform: init_be_dai_name_table: sound device speaker-and-bt-a2dp does not have a valid hw interface set (disregard for combo devices) WSA_CDC_DMA_RX_0-and-SLIMBUS_7_RX
01-01 11:56:49.028 809 879 D msm8974_platform: init_be_dai_name_table: sound device speaker-safe-and-bt-a2dp does not have a valid hw interface set (disregard for combo devices) SLIMBUS_0_RX-and-SLIMBUS_7_RX
01-01 11:56:49.028 809 879 W msm8974_platform: init_be_dai_name_table: sound device speaker-bt-a2dp-and-haptics has no hw interface set
01-01 11:56:49.028 809 879 W msm8974_platform: init_be_dai_name_table: sound device speaker-safe-bt-a2dp-and-haptics has no hw interface set
01-01 11:56:49.028 809 879 D msm8974_platform: init_be_dai_name_table: sound device speaker-and-bt-sco does not have a valid hw interface set (disregard for combo devices) WSA_CDC_DMA_RX_0-and-SLIMBUS_7_RX
