01-01 11:58:18.907 505 2517 I servicemanager: Tried to start aidl service android.hardware.light.ILights/default as a lazy service, but was unable to. Usually this happens when a service is not installed, but if the service is intended to be used as a lazy service, then it may be configured incorrectly.
01-01 11:58:18.954 1218 1218 W iorapd : Reconnect to package manager service: 17 times
01-01 11:58:18.954 1218 1218 I ServiceManager: Waiting for service 'package_native' on '/dev/binder'...
01-01 11:58:19.140 655 668 I mpu_uart: [MSG-P:RECV]:No message received in 1000 ms
01-01 11:58:19.494 1447 1486 W HidlServiceManagement: Waited one second for android.frameworks.sensorservice@1.0::ISensorManager/default
01-01 11:58:19.494 506 506 I hwservicemanager: Since android.frameworks.sensorservice@1.0::ISensorManager/default is not registered, trying to start it as a lazy HAL.
01-01 11:58:19.495 1447 1486 I HidlServiceManagement: getService: Trying again for android.frameworks.sensorservice@1.0::ISensorManager/default...
01-01 11:58:19.496 506 2518 W libc : Unable to set property "ctl.interface_start" to "android.frameworks.sensorservice@1.0::ISensorManager/default": error code: 0x20
01-01 11:58:19.497 506 2518 I hwservicemanager: Tried to start android.frameworks.sensorservice@1.0::ISensorManager/default as a lazy service, but was unable to. Usually this happens when a service is not installed, but if the service is intended to be used as a lazy service, then it may be configured incorrectly.
01-01 11:58:19.512 1447 1447 W HidlServiceManagement: Waited one second for android.frameworks.sensorservice@1.0::ISensorManager/default
01-01 11:58:19.512 506 506 I hwservicemanager: Since android.frameworks.sensorservice@1.0::ISensorManager/default is not registered, trying to start it as a lazy HAL.
01-01 11:58:19.513 1447 1447 I HidlServiceManagement: getService: Trying again for android.frameworks.sensorservice@1.0::ISensorManager/default...
01-01 11:58:19.514 506 2519 W libc : Unable to set property "ctl.interface_start" to "android.frameworks.sensorservice@1.0::ISensorManager/default": error code: 0x20
01-01 11:58:19.514 506 2519 I hwservicemanager: Tried to start android.frameworks.sensorservice@1.0::ISensorManager/default as a lazy service, but was unable to. Usually this happens when a service is not installed, but if the service is intended to be used as a lazy service, then it may be configured incorrectly.
01-01 11:58:19.883 0 0 D : mv2112_read_status
01-01 11:58:19.883 0 0 D mv2112_update_link: 3.0x901(1G): 0x84
01-01 11:58:19.883 0 0 D mv2112_update_link: 3.0x8109(100M): 0xc
01-01 11:58:19.883 0 0 D mv2112_update_link: link 0x4
01-01 11:58:19.883 0 0 D mv2112_read_status: autoneg is disabled
01-01 11:58:19.906 2363 2363 W ServiceManager: Waited one second for android.hardware.light.ILights/default (is service started? are binder threads started and available?)
01-01 11:58:19.906 505 505 I servicemanager: Since 'android.hardware.light.ILights/default' could not be found, trying to start it as a lazy AIDL service
01-01 11:58:19.907 505 2520 W libc : Unable to set property "ctl.interface_start" to "aidl/android.hardware.light.ILights/default": error code: 0x20
01-01 11:58:19.907 505 2520 I servicemanager: Tried to start aidl service android.hardware.light.ILights/default as a lazy service, but was unable to. Usually this happens when a service is not installed, but if the service is intended to be used as a lazy service, then it may be configured incorrectly.
01-01 11:58:20.140 655 668 I mpu_uart: [MSG-P:RECV]:No message received in 1000 ms
01-01 11:58:20.495 1447 1486 W HidlServiceManagement: Waited one second for android.frameworks.sensorservice@1.0::ISensorManager/default
01-01 11:58:20.495 506 506 I hwservicemanager: Since android.frameworks.sensorservice@1.0::ISensorManager/default is not registered, trying to start it as a lazy HAL.
01-01 11:58:20.496 1447 1486 I HidlServiceManagement: getService: Trying again for android.frameworks.sensorservice@1.0::ISensorManager/default...
01-01 11:58:20.497 506 2521 W libc : Unable to set property "ctl.interface_start" to "android.frameworks.sensorservice@1.0::ISensorManager/default": error code: 0x20
01-01 11:58:20.497 506 2521 I hwservicemanager: Tried to start android.frameworks.sensorservice@1.0::ISensorManager/default as a lazy service, but was unable to. Usually this happens when a service is not installed, but if the service is intended to be used as a lazy service, then it may be configured incorrectly.
01-01 11:58:20.513 1447 1447 W HidlServiceManagement: Waited one second for android.frameworks.sensorservice@1.0::ISensorManager/default
01-01 11:58:20.513 506 506 I hwservicemanager: Since android.frameworks.sensorservice@1.0::ISensorManager/default is not registered, trying to start it as a lazy HAL.
01-01 11:58:20.513 1447 1447 I HidlServiceManagement: getService: Trying again for android.frameworks.sensorservice@1.0::ISensorManager/default...
01-01 11:58:20.514 0 0 E init : Control message: Could not find 'android.frameworks.sensorservice@1.0::ISensorManager/default' for ctl.interface_start from pid: 506 (/system/bin/hwservicemanager)
01-01 11:58:20.531 506 2522 W libc : Unable to set property "ctl.interface_start" to "android.frameworks.sensorservice@1.0::ISensorManager/default": error code: 0x20
01-01 11:58:20.531 506 2522 I hwservicemanager: Tried to start android.frameworks.sensorservice@1.0::ISensorManager/default as a lazy service, but was unable to. Usually this happens when a service is not installed, but if the service is intended to be used as a lazy service, then it may be configured incorrectly.
01-01 11:58:20.779 1464 1464 I update_engine: [INFO:cleanup_previous_update_action.cc(112)] Executing task 49
01-01 11:58:20.779 1464 1464 I update_engine: [INFO:cleanup_previous_update_action.cc(124)] CleanupPreviousUpdateAction scheduled task ID 50 for WaitBootCompleted
01-01 11:58:20.906 2363 2363 W ServiceManager: Waited one second for android.hardware.light.ILights/default (is service started? are binder threads started and available?)
01-01 11:58:20.907 505 505 I servicemanager: Since 'android.hardware.light.ILights/default' could not be found, trying to start it as a lazy AIDL service
01-01 11:58:20.907 0 0 D : mv2112_read_status
01-01 11:58:20.907 0 0 D mv2112_update_link: 3.0x901(1G): 0x84
01-01 11:58:20.907 0 0 D mv2112_update_link: 3.0x8109(100M): 0xc
01-01 11:58:20.907 0 0 D mv2112_update_link: link 0x4
01-01 11:58:20.907 0 0 D mv2112_read_status: autoneg is disabled
01-01 11:58:20.907 0 0 E init : Control message: Could not find 'aidl/android.hardware.light.ILights/default' for ctl.interface_start from pid: 505 (/system/bin/servicemanager)
01-01 11:58:20.923 505 2523 W libc : Unable to set property "ctl.interface_start" to "aidl/android.hardware.light.ILights/default": error code: 0x20
01-01 11:58:20.923 505 2523 I servicemanager: Tried to start aidl service android.hardware.light.ILights/default as a lazy service, but was unable to. Usually this happens when a service is not installed, but if the service is intended to be used as a lazy service, then it may be configured incorrectly.
01-01 11:58:21.140 655 668 I mpu_uart: [MSG-P:RECV]:No message received in 1000 ms
01-01 11:58:21.176 655 667 I mpu_uart: [MSG-P:R]:recv sync frame timeout
01-01 11:58:21.496 1447 1486 W HidlServiceManagement: Waited one second for android.frameworks.sensorservice@1.0::ISensorManager/default
01-01 11:58:21.496 506 506 I hwservicemanager: Since android.frameworks.sensorservice@1.0::ISensorManager/default is not registered, trying to start it as a lazy HAL.
01-01 11:58:21.496 1447 1486 I HidlServiceManagement: getService: Trying again for android.frameworks.sensorservice@1.0::ISensorManager/default...
01-01 11:58:21.497 0 0 E init : Control message: Could not find 'android.frameworks.sensorservice@1.0::ISensorManager/default' for ctl.interface_start from pid: 506 (/system/bin/hwservicemanager)
01-01 11:58:21.514 1447 1447 W HidlServiceManagement: Waited one second for android.frameworks.sensorservice@1.0::ISensorManager/default
01-01 11:58:21.514 506 506 I hwservicemanager: Since android.frameworks.sensorservice@1.0::ISensorManager/default is not registered, trying to start it as a lazy HAL.
01-01 11:58:21.514 506 2524 W libc : Unable to set property "ctl.interface_start" to "android.frameworks.sensorservice@1.0::ISensorManager/default": error code: 0x20
01-01 11:58:21.514 506 2524 I hwservicemanager: Tried to start android.frameworks.sensorservice@1.0::ISensorManager/default as a lazy service, but was unable to. Usually this happens when a service is not installed, but if the service is intended to be used as a lazy service, then it may be configured incorrectly.
01-01 11:58:21.514 1447 1447 I HidlServiceManagement: getService: Trying again for android.frameworks.sensorservice@1.0::ISensorManager/default...
01-01 11:58:21.515 0 0 E init : Control message: Could not find 'android.frameworks.sensorservice@1.0::ISensorManager/default' for ctl.interface_start from pid: 506 (/system/bin/hwservicemanager)
01-01 11:58:21.532 506 2525 W libc : Unable to set property "ctl.interface_start" to "android.frameworks.sensorservice@1.0::ISensorManager/default": error code: 0x20
01-01 11:58:21.532 506 2525 I hwservicemanager: Tried to start android.frameworks.sensorservice@1.0::ISensorManager/default as a lazy service, but was unable to. Usually this happens when a service is not installed, but if the service is intended to be used as a lazy service, then it may be configured incorrectly.
01-01 11:58:21.907 2363 2363 W ServiceManager: Waited one second for android.hardware.light.ILights/default (is service started? are binder threads started and available?)
01-01 11:58:21.907 505 505 I servicemanager: Since 'android.hardware.light.ILights/default' could not be found, trying to start it as a lazy AIDL service
01-01 11:58:21.908 0 0 E init : Control message: Could not find 'aidl/android.hardware.light.ILights/default' for ctl.interface_start from pid: 505 (/system/bin/servicemanager)
01-01 11:58:21.923 505 2526 W libc : Unable to set property "ctl.interface_start" to "aidl/android.hardware.light.ILights/default": error code: 0x20
01-01 11:58:21.924 505 2526 I servicemanager: Tried to start aidl service android.hardware.light.ILights/default as a lazy service, but was unable to. Usually this happens when a service is not installed, but if the service is intended to be used as a lazy service, then it may be configured incorrectly.
01-01 11:58:21.931 0 0 D : mv2112_read_status
01-01 11:58:21.931 0 0 D mv2112_update_link: 3.0x901(1G): 0x84
01-01 11:58:21.931 0 0 D mv2112_update_link: 3.0x8109(100M): 0xc
01-01 11:58:21.931 0 0 D mv2112_update_link: link 0x4
01-01 11:58:21.931 0 0 D mv2112_read_status: autoneg is disabled
01-01 11:58:22.141 655 668 I mpu_uart: [MSG-P:RECV]:No message received in 1000 ms
01-01 11:58:22.497 1447 1486 W HidlServiceManagement: Waited one second for android.frameworks.sensorservice@1.0::ISensorManager/default
01-01 11:58:22.497 506 506 I hwservicemanager: Since android.frameworks.sensorservice@1.0::ISensorManager/default is not registered, trying to start it as a lazy HAL.
01-01 11:58:22.497 1447 1486 I HidlServiceManagement: getService: Trying again for android.frameworks.sensorservice@1.0::ISensorManager/default...
01-01 11:58:22.514 1447 1447 W HidlServiceManagement: Waited one second for android.frameworks.sensorservice@1.0::ISensorManager/default
01-01 11:58:22.515 506 506 I hwservicemanager: Since android.frameworks.sensorservice@1.0::ISensorManager/default is not registered, trying to start it as a lazy HAL.
01-01 11:58:22.515 1447 1447 I HidlServiceManagement: getService: Trying again for android.frameworks.sensorservice@1.0::ISensorManager/default...
01-01 11:58:22.498 0 0 E init : Control message: Could not find 'android.frameworks.sensorservice@1.0::ISensorManager/default' for ctl.interface_start from pid: 506 (/system/bin/hwservicemanager)
01-01 11:58:22.515 506 2527 W libc : Unable to set property "ctl.interface_start" to "android.frameworks.sensorservice@1.0::ISensorManager/default": error code: 0x20
01-01 11:58:22.515 506 2527 I hwservicemanager: Tried to start android.frameworks.sensorservice@1.0::ISensorManager/default as a lazy service, but was unable to. Usually this happens when a service is not installed, but if the service is intended to be used as a lazy service, then it may be configured incorrectly.
01-01 11:58:22.536 506 2528 W libc : Unable to set property "ctl.interface_start" to "android.frameworks.sensorservice@1.0::ISensorManager/default": error code: 0x20
01-01 11:58:22.536 506 2528 I hwservicemanager: Tried to start android.frameworks.sensorservice@1.0::ISensorManager/default as a lazy service, but was unable to. Usually this happens when a service is not installed, but if the service is intended to be used as a lazy service, then it may be configured incorrectly.
01-01 11:58:22.519 0 0 E init : Control message: Could not find 'android.frameworks.sensorservice@1.0::ISensorManager/default' for ctl.interface_start from pid: 506 (/system/bin/hwservicemanager)
01-01 11:58:22.781 1464 1464 I update_engine: [INFO:cleanup_previous_update_action.cc(112)] Executing task 50
01-01 11:58:22.782 1464 1464 I update_engine: [INFO:cleanup_previous_update_action.cc(124)] CleanupPreviousUpdateAction scheduled task ID 51 for WaitBootCompleted
01-01 11:58:22.908 2363 2363 W ServiceManager: Waited one second for android.hardware.light.ILights/default (is service started? are binder threads started and available?)
01-01 11:58:22.908 505 505 I servicemanager: Since 'android.hardware.light.ILights/default' could not be found, trying to start it as a lazy AIDL service
01-01 11:58:22.909 0 0 E init : Control message: Could not find 'aidl/android.hardware.light.ILights/default' for ctl.interface_start from pid: 505 (/system/bin/servicemanager)
01-01 11:58:22.924 505 2529 W libc : Unable to set property "ctl.interface_start" to "aidl/android.hardware.light.ILights/default": error code: 0x20
01-01 11:58:22.924 505 2529 I servicemanager: Tried to start aidl service android.hardware.light.ILights/default as a lazy service, but was unable to. Usually this happens when a service is not installed, but if the service is intended to be used as a lazy service, then it may be configured incorrectly.
01-01 11:58:22.955 0 0 D : mv2112_read_status
01-01 11:58:22.955 0 0 D mv2112_update_link: 3.0x901(1G): 0x84
01-01 11:58:22.955 0 0 D mv2112_update_link: 3.0x8109(100M): 0xc
01-01 11:58:22.955 0 0 D mv2112_update_link: link 0x4
01-01 11:58:22.955 0 0 D mv2112_read_status: autoneg is disabled
01-01 11:58:23.141 655 668 I mpu_uart: [MSG-P:RECV]:No message received in 1000 ms
01-01 11:58:23.497 1447 1486 W HidlServiceManagement: Waited one second for android.frameworks.sensorservice@1.0::ISensorManager/default
01-01 11:58:23.498 506 506 I hwservicemanager: Since android.frameworks.sensorservice@1.0::ISensorManager/default is not registered, trying to start it as a lazy HAL.
01-01 11:58:23.498 1447 1486 I HidlServiceManagement: getService: Trying again for android.frameworks.sensorservice@1.0::ISensorManager/default...
01-01 11:58:23.515 1447 1447 W HidlServiceManagement: Waited one second for android.frameworks.sensorservice@1.0::ISensorManager/default
01-01 11:58:23.499 0 0 E init : Control message: Could not find 'android.frameworks.sensorservice@1.0::ISensorManager/default' for ctl.interface_start from pid: 506 (/system/bin/hwservicemanager)
01-01 11:58:23.515 506 506 I hwservicemanager: Since android.frameworks.sensorservice@1.0::ISensorManager/default is not registered, trying to start it as a lazy HAL.
01-01 11:58:23.516 506 2530 W libc : Unable to set property "ctl.interface_start" to "android.frameworks.sensorservice@1.0::ISensorManager/default": error code: 0x20
01-01 11:58:23.516 1447 1447 I HidlServiceManagement: getService: Trying again for android.frameworks.sensorservice@1.0::ISensorManager/default...
01-01 11:58:23.516 506 2530 I hwservicemanager: Tried to start android.frameworks.sensorservice@1.0::ISensorManager/default as a lazy service, but was unable to. Usually this happens when a service is not installed, but if the service is intended to be used as a lazy service, then it may be configured incorrectly.
01-01 11:58:23.535 506 2531 W libc : Unable to set property "ctl.interface_start" to "android.frameworks.sensorservice@1.0::ISensorManager/default": error code: 0x20
01-01 11:58:23.535 506 2531 I hwservicemanager: Tried to start android.frameworks.sensorservice@1.0::ISensorManager/default as a lazy service, but was unable to. Usually this happens when a service is not installed, but if the service is intended to be used as a lazy service, then it may be configured incorrectly.
01-01 11:58:23.518 0 0 E init : Control message: Could not find 'android.frameworks.sensorservice@1.0::ISensorManager/default' for ctl.interface_start from pid: 506 (/system/bin/hwservicemanager)
01-01 11:58:23.908 2363 2363 W ServiceManager: Waited one second for android.hardware.light.ILights/default (is service started? are binder threads started and available?)
01-01 11:58:23.908 505 505 I servicemanager: Since 'android.hardware.light.ILights/default' could not be found, trying to start it as a lazy AIDL service
01-01 11:58:23.910 505 2532 W libc : Unable to set property "ctl.interface_start" to "aidl/android.hardware.light.ILights/default": error code: 0x20
01-01 11:58:23.910 505 2532 I servicemanager: Tried to start aidl service android.hardware.light.ILights/default as a lazy service, but was unable to. Usually this happens when a service is not installed, but if the service is intended to be used as a lazy service, then it may be configured incorrectly.
01-01 11:58:23.971 1218 1218 W ServiceManager: Service package_native didn't start. Returning NULL
01-01 11:58:23.971 1218 1218 E iorapd : Cannot get package manager service!
01-01 11:58:23.979 0 0 D : mv2112_read_status
01-01 11:58:23.979 0 0 D mv2112_update_link: 3.0x901(1G): 0x84
01-01 11:58:23.979 0 0 D mv2112_update_link: 3.0x8109(100M): 0xc
01-01 11:58:23.979 0 0 D mv2112_update_link: link 0x4
01-01 11:58:23.979 0 0 D mv2112_read_status: autoneg is disabled
01-01 11:58:24.141 655 668 I mpu_uart: [MSG-P:RECV]:No message received in 1000 ms
01-01 11:58:24.179 655 667 I mpu_uart: [MSG-P:R]:recv sync frame timeout
01-01 11:58:24.498 1447 1486 W HidlServiceManagement: Waited one second for android.frameworks.sensorservice@1.0::ISensorManager/default
01-01 11:58:24.499 506 506 I hwservicemanager: Since android.frameworks.sensorservice@1.0::ISensorManager/default is not registered, trying to start it as a lazy HAL.
01-01 11:58:24.499 1447 1486 I HidlServiceManagement: getService: Trying again for android.frameworks.sensorservice@1.0::ISensorManager/default...
01-01 11:58:24.500 506 2533 W libc : Unable to set property "ctl.interface_start" to "android.frameworks.sensorservice@1.0::ISensorManager/default": error code: 0x20
01-01 11:58:24.500 506 2533 I hwservicemanager: Tried to start android.frameworks.sensorservice@1.0::ISensorManager/default as a lazy service, but was unable to. Usually this happens when a service is not installed, but if the service is intended to be used as a lazy service, then it may be configured incorrectly.
01-01 11:58:24.516 1447 1447 W HidlServiceManagement: Waited one second for android.frameworks.sensorservice@1.0::ISensorManager/default
01-01 11:58:24.516 506 506 I hwservicemanager: Since android.frameworks.sensorservice@1.0::ISensorManager/default is not registered, trying to start it as a lazy HAL.
01-01 11:58:24.516 1447 1447 I HidlServiceManagement: getService: Trying again for android.frameworks.sensorservice@1.0::ISensorManager/default...
01-01 11:58:24.517 506 2534 W libc : Unable to set property "ctl.interface_start" to "android.frameworks.sensorservice@1.0::ISensorManager/default": error code: 0x20
01-01 11:58:24.517 506 2534 I hwservicemanager: Tried to start android.frameworks.sensorservice@1.0::ISensorManager/default as a lazy service, but was unable to. Usually this happens when a service is not installed, but if the service is intended to be used as a lazy service, then it may be configured incorrectly.
01-01 11:58:24.784 1464 1464 I update_engine: [INFO:cleanup_previous_update_action.cc(112)] Executing task 51
01-01 11:58:24.784 1464 1464 I update_engine: [INFO:cleanup_previous_update_action.cc(124)] CleanupPreviousUpdateAction scheduled task ID 52 for WaitBootCompleted
01-01 11:58:24.909 2363 2363 W ServiceManager: Waited one second for android.hardware.light.ILights/default (is service started? are binder threads started and available?)
01-01 11:58:24.909 505 505 I servicemanager: Since 'android.hardware.light.ILights/default' could not be found, trying to start it as a lazy AIDL service
01-01 11:58:24.910 505 2535 W libc : Unable to set property "ctl.interface_start" to "aidl/android.hardware.light.ILights/default": error code: 0x20
01-01 11:58:24.910 505 2535 I servicemanager: Tried to start aidl service android.hardware.light.ILights/default as a lazy service, but was unable to. Usually this happens when a service is not installed, but if the service is intended to be used as a lazy service, then it may be configured incorrectly.
01-01 11:58:24.972 1218 1218 W iorapd : Reconnect to package manager service: 18 times
01-01 11:58:24.972 1218 1218 I ServiceManager: Waiting for service 'package_native' on '/dev/binder'...
01-01 11:58:25.003 0 0 D : mv2112_read_status
01-01 11:58:25.003 0 0 D mv2112_update_link: 3.0x901(1G): 0x84
01-01 11:58:25.003 0 0 D mv2112_update_link: 3.0x8109(100M): 0xc
01-01 11:58:25.003 0 0 D mv2112_update_link: link 0x4
01-01 11:58:25.003 0 0 D mv2112_read_status: autoneg is disabled
01-01 11:58:25.141 655 668 I mpu_uart: [MSG-P:RECV]:No message received in 1000 ms
01-01 11:58:25.499 1447 1486 W HidlServiceManagement: Waited one second for android.frameworks.sensorservice@1.0::ISensorManager/default
01-01 11:58:25.499 506 506 I hwservicemanager: Since android.frameworks.sensorservice@1.0::ISensorManager/default is not registered, trying to start it as a lazy HAL.
01-01 11:58:25.500 1447 1486 I HidlServiceManagement: getService: Trying again for android.frameworks.sensorservice@1.0::ISensorManager/default...
01-01 11:58:25.502 506 2536 W libc : Unable to set property "ctl.interface_start" to "android.frameworks.sensorservice@1.0::ISensorManager/default": error code: 0x20
01-01 11:58:25.502 506 2536 I hwservicemanager: Tried to start android.frameworks.sensorservice@1.0::ISensorManager/default as a lazy service, but was unable to. Usually this happens when a service is not installed, but if the service is intended to be used as a lazy service, then it may be configured incorrectly.
01-01 11:58:25.517 1447 1447 W HidlServiceManagement: Waited one second for android.frameworks.sensorservice@1.0::ISensorManager/default
01-01 11:58:25.517 506 506 I hwservicemanager: Since android.frameworks.sensorservice@1.0::ISensorManager/default is not registered, trying to start it as a lazy HAL.
01-01 11:58:25.517 1447 1447 I HidlServiceManagement: getService: Trying again for android.frameworks.sensorservice@1.0::ISensorManager/default...
01-01 11:58:25.518 0 0 E init : Control message: Could not find 'android.frameworks.sensorservice@1.0::ISensorManager/default' for ctl.interface_start from pid: 506 (/system/bin/hwservicemanager)
01-01 11:58:25.535 506 2537 W libc : Unable to set property "ctl.interface_start" to "android.frameworks.sensorservice@1.0::ISensorManager/default": error code: 0x20
01-01 11:58:25.535 506 2537 I hwservicemanager: Tried to start android.frameworks.sensorservice@1.0::ISensorManager/default as a lazy service, but was unable to. Usually this happens when a service is not installed, but if the service is intended to be used as a lazy service, then it may be configured incorrectly.
01-01 11:58:25.909 2363 2363 W ServiceManager: Waited one second for android.hardware.light.ILights/default (is service started? are binder threads started and available?)
01-01 11:58:25.910 505 505 I servicemanager: Since 'android.hardware.light.ILights/default' could not be found, trying to start it as a lazy AIDL service
01-01 11:58:25.926 505 2538 W libc : Unable to set property "ctl.interface_start" to "aidl/android.hardware.light.ILights/default": error code: 0x20
01-01 11:58:25.926 505 2538 I servicemanager: Tried to start aidl service android.hardware.light.ILights/default as a lazy service, but was unable to. Usually this happens when a service is not installed, but if the service is intended to be used as a lazy service, then it may be configured incorrectly.
01-01 11:58:25.911 0 0 E init : Control message: Could not find 'aidl/android.hardware.light.ILights/default' for ctl.interface_start from pid: 505 (/system/bin/servicemanager)
01-01 11:58:26.027 0 0 D : mv2112_read_status
01-01 11:58:26.027 0 0 D mv2112_update_link: 3.0x901(1G): 0x84
01-01 11:58:26.027 0 0 D mv2112_update_link: 3.0x8109(100M): 0xc
01-01 11:58:26.027 0 0 D mv2112_update_link: link 0x4
01-01 11:58:26.027 0 0 D mv2112_read_status: autoneg is disabled
01-01 11:58:26.141 655 668 I mpu_uart: [MSG-P:RECV]:No message received in 1000 ms
01-01 11:58:26.500 1447 1486 W HidlServiceManagement: Waited one second for android.frameworks.sensorservice@1.0::ISensorManager/default
01-01 11:58:26.500 506 506 I hwservicemanager: Since android.frameworks.sensorservice@1.0::ISensorManager/default is not registered, trying to start it as a lazy HAL.
01-01 11:58:26.501 1447 1486 I HidlServiceManagement: getService: Trying again for android.frameworks.sensorservice@1.0::ISensorManager/default...
01-01 11:58:26.518 1447 1447 W HidlServiceManagement: Waited one second for android.frameworks.sensorservice@1.0::ISensorManager/default
01-01 11:58:26.518 506 506 I hwservicemanager: Since android.frameworks.sensorservice@1.0::ISensorManager/default is not registered, trying to start it as a lazy HAL.
01-01 11:58:26.518 506 2539 W libc : Unable to set property "ctl.interface_start" to "android.frameworks.sensorservice@1.0::ISensorManager/default": error code: 0x20
01-01 11:58:26.501 0 0 E init : Control message: Could not find 'android.frameworks.sensorservice@1.0::ISensorManager/default' for ctl.interface_start from pid: 506 (/system/bin/hwservicemanager)
01-01 11:58:26.518 1447 1447 I HidlServiceManagement: getService: Trying again for android.frameworks.sensorservice@1.0::ISensorManager/default...
01-01 11:58:26.519 506 2539 I hwservicemanager: Tried to start android.frameworks.sensorservice@1.0::ISensorManager/default as a lazy service, but was unable to. Usually this happens when a service is not installed, but if the service is intended to be used as a lazy service, then it may be configured incorrectly.
01-01 11:58:26.519 0 0 E init : Control message: Could not find 'android.frameworks.sensorservice@1.0::ISensorManager/default' for ctl.interface_start from pid: 506 (/system/bin/hwservicemanager)
01-01 11:58:26.536 506 2540 W libc : Unable to set property "ctl.interface_start" to "android.frameworks.sensorservice@1.0::ISensorManager/default": error code: 0x20
01-01 11:58:26.536 506 2540 I hwservicemanager: Tried to start android.frameworks.sensorservice@1.0::ISensorManager/default as a lazy service, but was unable to. Usually this happens when a service is not installed, but if the service is intended to be used as a lazy service, then it may be configured incorrectly.
01-01 11:58:26.786 1464 1464 I update_engine: [INFO:cleanup_previous_update_action.cc(112)] Executing task 52
01-01 11:58:26.786 1464 1464 I update_engine: [INFO:cleanup_previous_update_action.cc(124)] CleanupPreviousUpdateAction scheduled task ID 53 for WaitBootCompleted
01-01 11:58:26.910 2363 2363 W ServiceManager: Waited one second for android.hardware.light.ILights/default (is service started? are binder threads started and available?)
01-01 11:58:26.910 505 505 I servicemanager: Since 'android.hardware.light.ILights/default' could not be found, trying to start it as a lazy AIDL service
01-01 11:58:26.911 0 0 E init : Control message: Could not find 'aidl/android.hardware.light.ILights/default' for ctl.interface_start from pid: 505 (/system/bin/servicemanager)
01-01 11:58:26.926 505 2541 W libc : Unable to set property "ctl.interface_start" to "aidl/android.hardware.light.ILights/default": error code: 0x20
01-01 11:58:26.926 505 2541 I servicemanager: Tried to start aidl service android.hardware.light.ILights/default as a lazy service, but was unable to. Usually this happens when a service is not installed, but if the service is intended to be used as a lazy service, then it may be configured incorrectly.
01-01 11:58:27.051 0 0 D : mv2112_read_status
01-01 11:58:27.051 0 0 D mv2112_update_link: 3.0x901(1G): 0x84
01-01 11:58:27.051 0 0 D mv2112_update_link: 3.0x8109(100M): 0xc
01-01 11:58:27.051 0 0 D mv2112_update_link: link 0x4
01-01 11:58:27.051 0 0 D mv2112_read_status: autoneg is disabled
01-01 11:58:27.141 655 668 I mpu_uart: [MSG-P:RECV]:No message received in 1000 ms
01-01 11:58:27.182 655 667 I mpu_uart: [MSG-P:R]:recv sync frame timeout
01-01 11:58:27.501 1447 1486 W HidlServiceManagement: Waited one second for android.frameworks.sensorservice@1.0::ISensorManager/default
01-01 11:58:27.501 506 506 I hwservicemanager: Since android.frameworks.sensorservice@1.0::ISensorManager/default is not registered, trying to start it as a lazy HAL.
01-01 11:58:27.501 1447 1486 I HidlServiceManagement: getService: Trying again for android.frameworks.sensorservice@1.0::ISensorManager/default...
01-01 11:58:27.519 1447 1447 W HidlServiceManagement: Waited one second for android.frameworks.sensorservice@1.0::ISensorManager/default
01-01 11:58:27.519 506 506 I hwservicemanager: Since android.frameworks.sensorservice@1.0::ISensorManager/default is not registered, trying to start it as a lazy HAL.
01-01 11:58:27.519 506 2542 W libc : Unable to set property "ctl.interface_start" to "android.frameworks.sensorservice@1.0::ISensorManager/default": error code: 0x20
01-01 11:58:27.502 0 0 E init : Control message: Could not find 'android.frameworks.sensorservice@1.0::ISensorManager/default' for ctl.interface_start from pid: 506 (/system/bin/hwservicemanager)
01-01 11:58:27.519 1447 1447 I HidlServiceManagement: getService: Trying again for android.frameworks.sensorservice@1.0::ISensorManager/default...
01-01 11:58:27.519 506 2542 I hwservicemanager: Tried to start android.frameworks.sensorservice@1.0::ISensorManager/default as a lazy service, but was unable to. Usually this happens when a service is not installed, but if the service is intended to be used as a lazy service, then it may be configured incorrectly.
01-01 11:58:27.520 0 0 E init : Control message: Could not find 'android.frameworks.sensorservice@1.0::ISensorManager/default' for ctl.interface_start from pid: 506 (/system/bin/hwservicemanager)
01-01 11:58:27.531 2363 2388 I Watchdog: WAITED_HALF
01-01 11:58:27.533 2363 2388 I android_os_HwBinder: HwBinder: Starting thread pool for getting: android.hidl.manager@1.0::IServiceManager/default
01-01 11:58:27.537 506 2543 W libc : Unable to set property "ctl.interface_start" to "android.frameworks.sensorservice@1.0::ISensorManager/default": error code: 0x20
01-01 11:58:27.537 506 2543 I hwservicemanager: Tried to start android.frameworks.sensorservice@1.0::ISensorManager/default as a lazy service, but was unable to. Usually this happens when a service is not installed, but if the service is intended to be used as a lazy service, then it may be configured incorrectly.
01-01 11:58:27.576 2363 2388 I ActivityManager: dumpStackTraces pids=null nativepids=[1504, 576, 577, 1217, 2307, 995, 551, 679, 1255, 2311, 1258, 2314, 2316, 2317, 942, 819, 884, 920, 1049, 861, 958, 1310, 1375]
01-01 11:58:27.578 2363 2388 I ActivityManager: Dumping to /data/anr/anr_1970-01-01-11-58-27-577
01-01 11:58:27.578 2363 2388 I ActivityManager: Collecting stacks for pid 2363
01-01 11:58:27.583 2363 2388 I system_server: libdebuggerd_client: started dumping process 2363
01-01 11:58:27.584 637 637 I tombstoned: registered intercept for pid 2363 and type kDebuggerdJavaBacktrace
01-01 11:58:27.584 2363 2369 I system_server: Thread[2,tid=2369,WaitingInMainSignalCatcherLoop,Thread*=0xb400006f58d93f50,peer=0x13980550,"Signal Catcher"]: reacting to signal 3
01-01 11:58:27.584 2363 2369 I system_server:
01-01 11:58:27.647 637 637 I tombstoned: received crash request for pid 2363
01-01 11:58:27.647 637 637 I tombstoned: found intercept fd 512 for pid 2363 and type kDebuggerdJavaBacktrace
01-01 11:58:27.647 2363 2369 I system_server: Wrote stack traces to tombstoned
01-01 11:58:27.647 637 637 W tombstoned: missing output fd
01-01 11:58:27.648 2363 2388 I system_server: libdebuggerd_client: done dumping process 2363
01-01 11:58:27.648 2363 2388 I ActivityManager: Collecting stacks for native pid 1504
01-01 11:58:27.649 2363 2388 I system_server: libdebuggerd_client: started dumping process 1504
01-01 11:58:27.649 637 637 I tombstoned: registered intercept for pid 1504 and type kDebuggerdNativeBacktrace
01-01 11:58:27.650 1504 1504 I libc : Requested dump for tid 1504 (qfp-daemon)
01-01 11:58:27.685 2546 2546 I crash_dump64: obtaining output fd from tombstoned, type: kDebuggerdNativeBacktrace
01-01 11:58:27.686 637 637 I tombstoned: received crash request for pid 1504
01-01 11:58:27.686 637 637 I tombstoned: found intercept fd 512 for pid 1504 and type kDebuggerdNativeBacktrace
01-01 11:58:27.686 2546 2546 I crash_dump64: performing dump of process 1504 (target tid = 1504)
01-01 11:58:27.695 2363 2388 I system_server: libdebuggerd_client: done dumping process 1504
01-01 11:58:27.695 637 637 W tombstoned: missing output fd
01-01 11:58:27.695 2363 2388 I ActivityManager: Collecting stacks for native pid 576
01-01 11:58:27.696 2363 2388 I system_server: libdebuggerd_client: started dumping process 576
01-01 11:58:27.696 637 637 I tombstoned: registered intercept for pid 576 and type kDebuggerdNativeBacktrace
01-01 11:58:27.697 576 576 I libc : Requested dump for tid 576 (suspend@1.0-ser)
01-01 11:58:27.698 0 0 I init : Untracked pid 2546 exited with status 0
01-01 11:58:27.701 0 0 I init : Untracked pid 2548 exited with status 0
01-01 11:58:27.731 2552 2552 I crash_dump64: obtaining output fd from tombstoned, type: kDebuggerdNativeBacktrace
01-01 11:58:27.732 637 637 I tombstoned: received crash request for pid 576
01-01 11:58:27.732 637 637 I tombstoned: found intercept fd 512 for pid 576 and type kDebuggerdNativeBacktrace
01-01 11:58:27.732 2552 2552 I crash_dump64: performing dump of process 576 (target tid = 576)
01-01 11:58:27.743 2363 2388 I system_server: libdebuggerd_client: done dumping process 576
01-01 11:58:27.743 637 637 W tombstoned: missing output fd
01-01 11:58:27.743 2363 2388 I ActivityManager: Collecting stacks for native pid 577
01-01 11:58:27.744 2363 2388 I system_server: libdebuggerd_client: started dumping process 577
01-01 11:58:27.745 637 637 I tombstoned: registered intercept for pid 577 and type kDebuggerdNativeBacktrace
01-01 11:58:27.745 577 577 I libc : Requested dump for tid 577 (Binder:577_2)
01-01 11:58:27.748 0 0 I init : Untracked pid 2552 exited with status 0
01-01 11:58:27.789 2557 2557 I crash_dump64: obtaining output fd from tombstoned, type: kDebuggerdNativeBacktrace
01-01 11:58:27.790 637 637 I tombstoned: received crash request for pid 577
01-01 11:58:27.790 637 637 I tombstoned: found intercept fd 512 for pid 577 and type kDebuggerdNativeBacktrace
01-01 11:58:27.790 2557 2557 I crash_dump64: performing dump of process 577 (target tid = 577)
01-01 11:58:27.804 2363 2388 I system_server: libdebuggerd_client: done dumping process 577
01-01 11:58:27.804 637 637 W tombstoned: missing output fd
01-01 11:58:27.804 2363 2388 I ActivityManager: Collecting stacks for native pid 1217
01-01 11:58:27.805 2363 2388 I system_server: libdebuggerd_client: started dumping process 1217
01-01 11:58:27.805 637 637 I tombstoned: registered intercept for pid 1217 and type kDebuggerdNativeBacktrace
01-01 11:58:27.808 1217 1217 I libc : Requested dump for tid 1217 (drmserver)
01-01 11:58:27.844 2562 2562 I crash_dump32: obtaining output fd from tombstoned, type: kDebuggerdNativeBacktrace
01-01 11:58:27.846 637 637 I tombstoned: received crash request for pid 1217
01-01 11:58:27.846 637 637 I tombstoned: found intercept fd 512 for pid 1217 and type kDebuggerdNativeBacktrace
01-01 11:58:27.847 2562 2562 I crash_dump32: performing dump of process 1217 (target tid = 1217)
01-01 11:58:27.859 2363 2388 I system_server: libdebuggerd_client: done dumping process 1217
01-01 11:58:27.860 637 637 W tombstoned: missing output fd
01-01 11:58:27.860 2363 2388 I ActivityManager: Collecting stacks for native pid 2307
01-01 11:58:27.861 2363 2388 I system_server: libdebuggerd_client: started dumping process 2307
01-01 11:58:27.862 637 637 I tombstoned: registered intercept for pid 2307 and type kDebuggerdNativeBacktrace
01-01 11:58:27.863 2307 2307 I libc : Requested dump for tid 2307 (audio.service)
01-01 11:58:27.911 2363 2363 W ServiceManager: Waited one second for android.hardware.light.ILights/default (is service started? are binder threads started and available?)
01-01 11:58:27.911 505 505 I servicemanager: Since 'android.hardware.light.ILights/default' could not be found, trying to start it as a lazy AIDL service
01-01 11:58:27.914 505 2570 W libc : Unable to set property "ctl.interface_start" to "aidl/android.hardware.light.ILights/default": error code: 0x20
01-01 11:58:27.914 505 2570 I servicemanager: Tried to start aidl service android.hardware.light.ILights/default as a lazy service, but was unable to. Usually this happens when a service is not installed, but if the service is intended to be used as a lazy service, then it may be configured incorrectly.
01-01 11:58:27.927 2569 2569 I crash_dump32: obtaining output fd from tombstoned, type: kDebuggerdNativeBacktrace
01-01 11:58:27.927 637 637 I tombstoned: received crash request for pid 2307
01-01 11:58:27.927 637 637 I tombstoned: found intercept fd 512 for pid 2307 and type kDebuggerdNativeBacktrace
01-01 11:58:27.928 2569 2569 I crash_dump32: performing dump of process 2307 (target tid = 2307)
01-01 11:58:27.961 2363 2388 I system_server: libdebuggerd_client: done dumping process 2307
01-01 11:58:27.961 637 637 W tombstoned: missing output fd
01-01 11:58:27.961 2363 2388 I ActivityManager: Collecting stacks for native pid 995
01-01 11:58:27.962 2363 2388 I system_server: libdebuggerd_client: started dumping process 995
01-01 11:58:27.962 637 637 I tombstoned: registered intercept for pid 995 and type kDebuggerdNativeBacktrace
01-01 11:58:27.963 637 637 I tombstoned: received crash request for pid 995
01-01 11:58:27.963 637 637 I tombstoned: found intercept fd 512 for pid 995 and type kDebuggerdNativeBacktrace
01-01 11:58:28.052 637 637 W tombstoned: missing output fd
01-01 11:58:28.052 2363 2388 I system_server: libdebuggerd_client: done dumping process 995
01-01 11:58:28.052 2363 2388 I ActivityManager: Collecting stacks for native pid 551
01-01 11:58:28.053 2363 2388 I system_server: libdebuggerd_client: started dumping process 551
01-01 11:58:28.054 637 637 I tombstoned: registered intercept for pid 551 and type kDebuggerdNativeBacktrace
01-01 11:58:28.055 551 551 I libc : Requested dump for tid 551 (Binder:551_2)
01-01 11:58:28.075 0 0 D : mv2112_read_status
01-01 11:58:28.075 0 0 D mv2112_update_link: 3.0x901(1G): 0x84
01-01 11:58:28.075 0 0 D mv2112_update_link: 3.0x8109(100M): 0xc
01-01 11:58:28.075 0 0 D mv2112_update_link: link 0x4
01-01 11:58:28.075 0 0 D mv2112_read_status: autoneg is disabled
01-01 11:58:28.099 2575 2575 I crash_dump64: obtaining output fd from tombstoned, type: kDebuggerdNativeBacktrace
01-01 11:58:28.099 637 637 I tombstoned: received crash request for pid 551
01-01 11:58:28.099 637 637 I tombstoned: found intercept fd 512 for pid 551 and type kDebuggerdNativeBacktrace
01-01 11:58:28.099 2575 2575 I crash_dump64: performing dump of process 551 (target tid = 551)
01-01 11:58:28.115 2363 2388 I system_server: libdebuggerd_client: done dumping process 551
01-01 11:58:28.115 637 637 W tombstoned: missing output fd
01-01 11:58:28.115 2363 2388 I ActivityManager: Collecting stacks for native pid 679
01-01 11:58:28.116 2363 2388 I system_server: libdebuggerd_client: started dumping process 679
01-01 11:58:28.116 637 637 I tombstoned: registered intercept for pid 679 and type kDebuggerdNativeBacktrace
01-01 11:58:28.117 679 679 I libc : Requested dump for tid 679 (Binder:679_2)
01-01 11:58:28.142 655 668 I mpu_uart: [MSG-P:RECV]:No message received in 1000 ms
01-01 11:58:28.150 2580 2580 I crash_dump64: obtaining output fd from tombstoned, type: kDebuggerdNativeBacktrace
01-01 11:58:28.150 637 637 I tombstoned: received crash request for pid 679
01-01 11:58:28.150 637 637 I tombstoned: found intercept fd 512 for pid 679 and type kDebuggerdNativeBacktrace
01-01 11:58:28.151 2580 2580 I crash_dump64: performing dump of process 679 (target tid = 679)
01-01 11:58:28.165 2363 2388 I system_server: libdebuggerd_client: done dumping process 679
01-01 11:58:28.165 637 637 W tombstoned: missing output fd
01-01 11:58:28.165 2363 2388 I ActivityManager: Collecting stacks for native pid 1255
01-01 11:58:28.166 2363 2388 I system_server: libdebuggerd_client: started dumping process 1255
01-01 11:58:28.167 637 637 I tombstoned: registered intercept for pid 1255 and type kDebuggerdNativeBacktrace
01-01 11:58:28.167 637 637 I tombstoned: received crash request for pid 1255
01-01 11:58:28.167 637 637 I tombstoned: found intercept fd 512 for pid 1255 and type kDebuggerdNativeBacktrace
01-01 11:58:28.205 637 637 W tombstoned: missing output fd
01-01 11:58:28.205 2363 2388 I system_server: libdebuggerd_client: done dumping process 1255
01-01 11:58:28.206 2363 2388 I ActivityManager: Collecting stacks for native pid 2311
01-01 11:58:28.208 2363 2388 I system_server: libdebuggerd_client: started dumping process 2311
01-01 11:58:28.209 637 637 I tombstoned: registered intercept for pid 2311 and type kDebuggerdNativeBacktrace
01-01 11:58:28.210 2311 2311 I libc : Requested dump for tid 2311 (audioserver)
01-01 11:58:28.290 2586 2586 I crash_dump64: obtaining output fd from tombstoned, type: kDebuggerdNativeBacktrace
01-01 11:58:28.290 637 637 I tombstoned: received crash request for pid 2311
01-01 11:58:28.290 637 637 I tombstoned: found intercept fd 512 for pid 2311 and type kDebuggerdNativeBacktrace
01-01 11:58:28.290 2586 2586 I crash_dump64: performing dump of process 2311 (target tid = 2311)
01-01 11:58:28.316 637 637 W tombstoned: missing output fd
01-01 11:58:28.316 2363 2388 I system_server: libdebuggerd_client: done dumping process 2311
01-01 11:58:28.316 2363 2388 I ActivityManager: Collecting stacks for native pid 1258
01-01 11:58:28.318 2363 2388 I system_server: libdebuggerd_client: started dumping process 1258
01-01 11:58:28.318 637 637 I tombstoned: registered intercept for pid 1258 and type kDebuggerdNativeBacktrace
01-01 11:58:28.319 1258 1258 I libc : Requested dump for tid 1258 (mediametrics)
01-01 11:58:28.358 2591 2591 I crash_dump64: obtaining output fd from tombstoned, type: kDebuggerdNativeBacktrace
01-01 11:58:28.358 637 637 I tombstoned: received crash request for pid 1258
01-01 11:58:28.358 637 637 I tombstoned: found intercept fd 512 for pid 1258 and type kDebuggerdNativeBacktrace
01-01 11:58:28.359 2591 2591 I crash_dump64: performing dump of process 1258 (target tid = 1258)
01-01 11:58:28.374 2363 2388 I system_server: libdebuggerd_client: done dumping process 1258
01-01 11:58:28.374 637 637 W tombstoned: missing output fd
01-01 11:58:28.374 2363 2388 I ActivityManager: Collecting stacks for native pid 2314
01-01 11:58:28.375 2363 2388 I system_server: libdebuggerd_client: started dumping process 2314
01-01 11:58:28.375 637 637 I tombstoned: registered intercept for pid 2314 and type kDebuggerdNativeBacktrace
01-01 11:58:28.376 2314 2314 I libc : Requested dump for tid 2314 (cameraserver)
01-01 11:58:28.502 1447 1486 W HidlServiceManagement: Waited one second for android.frameworks.sensorservice@1.0::ISensorManager/default
01-01 11:58:28.502 506 506 I hwservicemanager: Since android.frameworks.sensorservice@1.0::ISensorManager/default is not registered, trying to start it as a lazy HAL.
01-01 11:58:28.502 1447 1486 I HidlServiceManagement: getService: Trying again for android.frameworks.sensorservice@1.0::ISensorManager/default...
01-01 11:58:28.503 506 2597 W libc : Unable to set property "ctl.interface_start" to "android.frameworks.sensorservice@1.0::ISensorManager/default": error code: 0x20
01-01 11:58:28.504 506 2597 I hwservicemanager: Tried to start android.frameworks.sensorservice@1.0::ISensorManager/default as a lazy service, but was unable to. Usually this happens when a service is not installed, but if the service is intended to be used as a lazy service, then it may be configured incorrectly.
01-01 11:58:28.519 1447 1447 W HidlServiceManagement: Waited one second for android.frameworks.sensorservice@1.0::ISensorManager/default
01-01 11:58:28.520 506 506 I hwservicemanager: Since android.frameworks.sensorservice@1.0::ISensorManager/default is not registered, trying to start it as a lazy HAL.
01-01 11:58:28.520 1447 1447 I HidlServiceManagement: getService: Trying again for android.frameworks.sensorservice@1.0::ISensorManager/default...
01-01 11:58:28.521 506 2598 W libc : Unable to set property "ctl.interface_start" to "android.frameworks.sensorservice@1.0::ISensorManager/default": error code: 0x20
01-01 11:58:28.521 506 2598 I hwservicemanager: Tried to start android.frameworks.sensorservice@1.0::ISensorManager/default as a lazy service, but was unable to. Usually this happens when a service is not installed, but if the service is intended to be used as a lazy service, then it may be configured incorrectly.
01-01 11:58:28.666 2599 2599 I crash_dump64: obtaining output fd from tombstoned, type: kDebuggerdNativeBacktrace
01-01 11:58:28.667 637 637 I tombstoned: received crash request for pid 2314
01-01 11:58:28.667 637 637 I tombstoned: found intercept fd 512 for pid 2314 and type kDebuggerdNativeBacktrace
01-01 11:58:28.668 2599 2599 I crash_dump64: performing dump of process 2314 (target tid = 2314)
01-01 11:58:28.707 2363 2388 I system_server: libdebuggerd_client: done dumping process 2314
01-01 11:58:28.707 2363 2388 I ActivityManager: Collecting stacks for native pid 2316
01-01 11:58:28.707 637 637 W tombstoned: missing output fd
01-01 11:58:28.707 2363 2388 I system_server: libdebuggerd_client: started dumping process 2316
01-01 11:58:28.708 637 637 I tombstoned: registered intercept for pid 2316 and type kDebuggerdNativeBacktrace
01-01 11:58:28.709 2316 2316 I libc : Requested dump for tid 2316 (mediaserver)
01-01 11:58:28.765 2605 2605 I crash_dump32: obtaining output fd from tombstoned, type: kDebuggerdNativeBacktrace
01-01 11:58:28.766 637 637 I tombstoned: received crash request for pid 2316
01-01 11:58:28.766 637 637 I tombstoned: found intercept fd 512 for pid 2316 and type kDebuggerdNativeBacktrace
01-01 11:58:28.766 2605 2605 I crash_dump32: performing dump of process 2316 (target tid = 2316)
01-01 11:58:28.782 2363 2388 I system_server: libdebuggerd_client: done dumping process 2316
01-01 11:58:28.782 637 637 W tombstoned: missing output fd
01-01 11:58:28.782 2363 2388 I ActivityManager: Collecting stacks for native pid 2317
01-01 11:58:28.784 2363 2388 I system_server: libdebuggerd_client: started dumping process 2317
01-01 11:58:28.785 637 637 I tombstoned: registered intercept for pid 2317 and type kDebuggerdNativeBacktrace
01-01 11:58:28.785 2317 2317 I libc : Requested dump for tid 2317 (Binder:2317_4)
01-01 11:58:28.787 1464 1464 I update_engine: [INFO:cleanup_previous_update_action.cc(112)] Executing task 53
01-01 11:58:28.787 1464 1464 I update_engine: [INFO:cleanup_previous_update_action.cc(124)] CleanupPreviousUpdateAction scheduled task ID 54 for WaitBootCompleted
01-01 11:58:28.834 2611 2611 I crash_dump64: obtaining output fd from tombstoned, type: kDebuggerdNativeBacktrace
01-01 11:58:28.835 637 637 I tombstoned: received crash request for pid 2317
01-01 11:58:28.835 637 637 I tombstoned: found intercept fd 512 for pid 2317 and type kDebuggerdNativeBacktrace
01-01 11:58:28.835 2611 2611 I crash_dump64: performing dump of process 2317 (target tid = 2317)
01-01 11:58:28.857 637 637 W tombstoned: missing output fd
01-01 11:58:28.857 2363 2388 I system_server: libdebuggerd_client: done dumping process 2317
01-01 11:58:28.857 2363 2388 I ActivityManager: Collecting stacks for native pid 942
01-01 11:58:28.858 2363 2388 I system_server: libdebuggerd_client: started dumping process 942
01-01 11:58:28.859 637 637 I tombstoned: registered intercept for pid 942 and type kDebuggerdNativeBacktrace
01-01 11:58:28.860 942 942 I libc : Requested dump for tid 942 (sensors@2.0-ser)
01-01 11:58:28.900 2616 2616 I crash_dump64: obtaining output fd from tombstoned, type: kDebuggerdNativeBacktrace
01-01 11:58:28.901 637 637 I tombstoned: received crash request for pid 942
01-01 11:58:28.901 637 637 I tombstoned: found intercept fd 512 for pid 942 and type kDebuggerdNativeBacktrace
01-01 11:58:28.901 2616 2616 I crash_dump64: performing dump of process 942 (target tid = 942)
01-01 11:58:28.912 2363 2363 W ServiceManager: Waited one second for android.hardware.light.ILights/default (is service started? are binder threads started and available?)
01-01 11:58:28.912 505 505 I servicemanager: Since 'android.hardware.light.ILights/default' could not be found, trying to start it as a lazy AIDL service
01-01 11:58:28.913 2363 2388 I system_server: libdebuggerd_client: done dumping process 942
