01-01 11:56:39.445 585 946 I sscrpcd : vendor/qcom/proprietary/adsprpc/src/apps_std_imp.c:848: Successfully opened file /vendor/etc/sensors/config/sns_smd.json
01-01 11:56:39.445 920 920 I HidlServiceManagement: Registered android.hardware.neuralnetworks@1.3::IDevice/qti-gpu (start delay of 730ms)
01-01 11:56:39.446 920 920 I HidlServiceManagement: Removing namespace from process name android.hardware.neuralnetworks@1.3-service-qti to neuralnetworks@1.3-service-qti.
01-01 11:56:39.446 585 946 I sscrpcd : vendor/qcom/proprietary/adsprpc/src/apps_std_imp.c:848: Successfully opened file /vendor/etc/sensors/config/sns_smd.json
01-01 11:56:39.450 920 920 I HidlServiceManagement: Registered android.hardware.neuralnetworks@1.3::IDevice/qti-dsp (start delay of 735ms)
01-01 11:56:39.450 920 920 I HidlServiceManagement: Removing namespace from process name android.hardware.neuralnetworks@1.3-service-qti to neuralnetworks@1.3-service-qti.
01-01 11:56:39.710 0 0 I init : starting service 'vendor.servicetracker-1-2'...
01-01 11:56:39.457 585 946 I sscrpcd : vendor/qcom/proprietary/adsprpc/src/apps_std_imp.c:848: Successfully opened file /vendor/etc/sensors/config/sns_tilt_to_wake.json
01-01 11:56:39.457 920 920 I HidlServiceManagement: Registered android.hardware.neuralnetworks@1.3::IDevice/qti-hta (start delay of 742ms)
01-01 11:56:39.458 920 920 I HidlServiceManagement: Removing namespace from process name android.hardware.neuralnetworks@1.3-service-qti to neuralnetworks@1.3-service-qti.
01-01 11:56:39.460 585 946 I sscrpcd : vendor/qcom/proprietary/adsprpc/src/apps_std_imp.c:848: Successfully opened file /vendor/etc/sensors/config/sns_tilt_to_wake.json
01-01 11:56:39.464 972 972 I HidlServiceManagement: Registered vendor.qti.hardware.perf@2.2::IPerf/default (start delay of 178ms)
01-01 11:56:39.464 972 972 I HidlServiceManagement: Removing namespace from process name vendor.qti.hardware.perf@2.2-service to perf@2.2-service.
01-01 11:56:39.465 972 972 E vendor.qti.hardware.perf@2.2-service: Registered IPerf HAL service success!
01-01 11:56:39.476 861 861 I LocSvc_HIDL_HidlGnss: try getting IGnss from android.hardware.gnss@2.1-impl-qti.so
01-01 11:56:39.476 861 861 I LocSvc_GnssInterface: ===> HIDL_FETCH_IGnss line 787
01-01 11:56:39.476 861 861 I LocSvc_GnssInterface: ===> Gnss line 101
01-01 11:56:39.478 861 952 I Xt_Adapter: createXtAdapterInstance()
01-01 11:56:39.480 585 946 I sscrpcd : vendor/qcom/proprietary/adsprpc/src/apps_std_imp.c:848: Successfully opened file /vendor/etc/sensors/config/kona_amd_sw_disabled.json
01-01 11:56:39.481 861 861 I HidlServiceManagement: Registered vendor.qti.gnss@4.0::ILocHidlGnss/gnss_vendor (start delay of 906ms)
01-01 11:56:39.481 585 946 I sscrpcd : vendor/qcom/proprietary/adsprpc/src/apps_std_imp.c:848: Successfully opened file /vendor/etc/sensors/config/kona_amd_sw_disabled.json
01-01 11:56:39.481 861 861 I LegacySupport: Registration complete for vendor.qti.gnss@4.0::ILocHidlGnss/gnss_vendor.
01-01 11:56:39.486 585 946 I sscrpcd : vendor/qcom/proprietary/adsprpc/src/apps_std_imp.c:848: Successfully opened file /vendor/etc/sensors/config/sns_distance_bound.json
01-01 11:56:39.488 585 946 I sscrpcd : vendor/qcom/proprietary/adsprpc/src/apps_std_imp.c:848: Successfully opened file /vendor/etc/sensors/config/sns_distance_bound.json
01-01 11:56:39.755 0 0 I init : starting service 'soter-1-0'...
01-01 11:56:39.503 585 946 I sscrpcd : vendor/qcom/proprietary/adsprpc/src/apps_std_imp.c:848: Successfully opened file /vendor/etc/sensors/config/sns_cm.json
01-01 11:56:39.505 585 946 I sscrpcd : vendor/qcom/proprietary/adsprpc/src/apps_std_imp.c:848: Successfully opened file /vendor/etc/sensors/config/sns_cm.json
01-01 11:56:39.520 585 946 I sscrpcd : vendor/qcom/proprietary/adsprpc/src/apps_std_imp.c:848: Successfully opened file /vendor/etc/sensors/config/sns_dae.json
01-01 11:56:39.521 585 946 I sscrpcd : vendor/qcom/proprietary/adsprpc/src/apps_std_imp.c:848: Successfully opened file /vendor/etc/sensors/config/sns_dae.json
01-01 11:56:39.786 0 0 I init : starting service 'tui_comm-1-0'...
01-01 11:56:39.526 976 976 I HidlServiceManagement: Registered vendor.qti.hardware.qteeconnector@1.0::IAppConnector/default (start delay of 161ms)
01-01 11:56:39.527 976 976 I HidlServiceManagement: Removing namespace from process name vendor.qti.hardware.qteeconnector@1.0-service to qteeconnector@1.0-service.
01-01 11:56:39.529 585 946 I sscrpcd : vendor/qcom/proprietary/adsprpc/src/apps_std_imp.c:848: Successfully opened file /vendor/etc/sensors/config/sns_tilt_sw_disabled.json
01-01 11:56:39.531 585 946 I sscrpcd : vendor/qcom/proprietary/adsprpc/src/apps_std_imp.c:848: Successfully opened file /vendor/etc/sensors/config/sns_tilt_sw_disabled.json
01-01 11:56:39.534 978 978 I HidlServiceManagement: Registered vendor.qti.hardware.sensorscalibrate@1.0::ISensorsCalibrate/default (start delay of 119ms)
01-01 11:56:39.536 978 978 I HidlServiceManagement: Removing namespace from process name vendor.qti.hardware.sensorscalibrate@1.0-service to sensorscalibrate@1.0-service.
01-01 11:56:39.536 978 978 I LegacySupport: Registration complete for vendor.qti.hardware.sensorscalibrate@1.0::ISensorsCalibrate/default.
01-01 11:56:39.537 976 976 I HidlServiceManagement: Registered vendor.qti.hardware.qteeconnector@1.0::IGPAppConnector/default (start delay of 172ms)
01-01 11:56:39.537 585 946 I sscrpcd : vendor/qcom/proprietary/adsprpc/src/apps_std_imp.c:848: Successfully opened file /vendor/etc/sensors/config/sns_basic_gestures.json
01-01 11:56:39.538 976 976 I HidlServiceManagement: Removing namespace from process name vendor.qti.hardware.qteeconnector@1.0-service to qteeconnector@1.0-service.
01-01 11:56:39.538 585 946 I sscrpcd : vendor/qcom/proprietary/adsprpc/src/apps_std_imp.c:848: Successfully opened file /vendor/etc/sensors/config/sns_basic_gestures.json
01-01 11:56:39.555 976 976 D UIDLookupListener: start
01-01 11:56:39.555 976 976 D QSEECOMAPI: QSEECom_register_listener 8194 sb_length = 0x14
01-01 11:56:39.556 976 976 E ion : ioctl c0044901 failed with code -1: Inappropriate ioctl for device
01-01 11:56:39.811 0 0 I init : starting service 'vendor.qti.vibrator'...
01-01 11:56:39.560 585 946 I sscrpcd : vendor/qcom/proprietary/adsprpc/src/apps_std_imp.c:848: Successfully opened file /vendor/etc/sensors/config/sns_wrist_pedo.json
01-01 11:56:39.561 585 946 I sscrpcd : vendor/qcom/proprietary/adsprpc/src/apps_std_imp.c:848: Successfully opened file /vendor/etc/sensors/config/sns_wrist_pedo.json
01-01 11:56:39.568 976 976 D UIDLookupListener: registering listener to QSEECom is done!
01-01 11:56:39.568 976 976 D UIDLookupListener: begin to create a thread!
01-01 11:56:39.568 976 976 D vendor.qti.hardware.qteeconnector@1.0-service: UIDLookupListener is running.
01-01 11:56:39.571 585 946 I sscrpcd : vendor/qcom/proprietary/adsprpc/src/apps_std_imp.c:848: Successfully opened file /vendor/etc/sensors/config/sns_rmd.json
01-01 11:56:39.571 585 946 I sscrpcd : vendor/qcom/proprietary/adsprpc/src/apps_std_imp.c:848: Successfully opened file /vendor/etc/sensors/config/sns_rmd.json
01-01 11:56:39.585 585 946 I sscrpcd : vendor/qcom/proprietary/adsprpc/src/apps_std_imp.c:848: Successfully opened file /vendor/etc/sensors/config/sns_ccd.json
01-01 11:56:39.586 585 946 I sscrpcd : vendor/qcom/proprietary/adsprpc/src/apps_std_imp.c:848: Successfully opened file /vendor/etc/sensors/config/sns_ccd.json
01-01 11:56:39.591 983 983 I HidlServiceManagement: Registered vendor.qti.hardware.servicetracker@1.2::IServicetracker/default (start delay of 125ms)
01-01 11:56:39.592 983 983 I HidlServiceManagement: Removing namespace from process name vendor.qti.hardware.servicetracker@1.2-service to servicetracker@1.2-service.
01-01 11:56:39.593 983 983 I LegacySupport: Registration complete for vendor.qti.hardware.servicetracker@1.2::IServicetracker/default.
01-01 11:56:39.595 958 958 I SDM : HWCSession::Register: Set uevent listener = 0xb40000712ac53040
01-01 11:56:39.596 681 681 D MtpDeviceJNI: register_android_mtp_MtpDevice
01-01 11:56:39.596 958 958 I SDM : HWCSession::Init: builtin_powermode_override: 0
01-01 11:56:39.596 958 958 I SDM : HWCSession::Init: async_vds_creation: 0
01-01 11:56:39.598 987 987 D vendor.qti.hardware.tui_comm@1.0-service-qti: tui_comm: svc service starting :)
01-01 11:56:39.867 0 0 I init : starting service 'vendor-qti-media-c2-hal-1-0'...
01-01 11:56:39.605 987 987 I HidlServiceManagement: Registered vendor.qti.hardware.tui_comm@1.0::ITuiComm/default (start delay of 69ms)
01-01 11:56:39.605 984 984 D QSEECOMAPI: QSEECom_get_handle sb_length = 0x2800
01-01 11:56:39.606 984 984 D QSEECOMAPI: App is not loaded in QSEE
01-01 11:56:39.606 987 987 I HidlServiceManagement: Removing namespace from process name vendor.qti.hardware.tui_comm@1.0-service-qti to tui_comm@1.0-service-qti.
01-01 11:56:39.607 585 946 I sscrpcd : vendor/qcom/proprietary/adsprpc/src/apps_std_imp.c:848: Successfully opened file /vendor/etc/sensors/config/sns_rotv.json
01-01 11:56:39.607 987 987 E vendor.qti.hardware.tui_comm@1.0-service-qti: Registered ITuiComm HAL service success!
01-01 11:56:39.607 984 984 D QSEECOMAPI: app_arch = 2, total_files = 9
01-01 11:56:39.608 585 946 I sscrpcd : vendor/qcom/proprietary/adsprpc/src/apps_std_imp.c:848: Successfully opened file /vendor/etc/sensors/config/sns_rotv.json
01-01 11:56:39.609 984 984 E ion : ioctl c0044901 failed with code -1: Inappropriate ioctl for device
01-01 11:56:39.617 585 946 I sscrpcd : vendor/qcom/proprietary/adsprpc/src/apps_std_imp.c:848: Successfully opened file /vendor/etc/sensors/config/kona_power_0.json
01-01 11:56:39.619 585 946 I sscrpcd : vendor/qcom/proprietary/adsprpc/src/apps_std_imp.c:848: Successfully opened file /vendor/etc/sensors/config/kona_power_0.json
01-01 11:56:39.630 681 835 I zygote64: Background concurrent copying GC freed 83650(3141KB) AllocSpace objects, 2(44KB) LOS objects, 49% free, 10MB/20MB, paused 48us,24us total 110.895ms
01-01 11:56:39.632 585 946 I sscrpcd : vendor/qcom/proprietary/adsprpc/src/apps_std_imp.c:848: Successfully opened file /vendor/etc/sensors/config/sns_mag_cal.json
01-01 11:56:39.633 585 946 I sscrpcd : vendor/qcom/proprietary/adsprpc/src/apps_std_imp.c:848: Successfully opened file /vendor/etc/sensors/config/sns_mag_cal.json
01-01 11:56:39.638 585 946 I sscrpcd : vendor/qcom/proprietary/adsprpc/src/apps_std_imp.c:848: Successfully opened file /vendor/etc/sensors/config/kona_qrd_lsm6dst_0.json
01-01 11:56:39.897 0 0 W QSEECOM : qseecom_load_app: App (soter64) does'nt exist, loading apps for first time
01-01 11:56:39.903 0 0 I init : starting service 'pasr-hal-1-0'...
01-01 11:56:39.639 585 946 I sscrpcd : vendor/qcom/proprietary/adsprpc/src/apps_std_imp.c:848: Successfully opened file /vendor/etc/sensors/config/kona_qrd_lsm6dst_0.json
01-01 11:56:39.918 0 0 W QSEECOM : qseecom_load_app: App with id 4 (soter64) now loaded
01-01 11:56:39.656 984 984 D QSEECOMAPI: Loaded image: APP id = 4
01-01 11:56:39.666 585 946 I sscrpcd : vendor/qcom/proprietary/adsprpc/src/apps_std_imp.c:848: Successfully opened file /vendor/etc/sensors/config/kona_hdk_lsm6dst_0.json
01-01 11:56:39.667 585 946 I sscrpcd : vendor/qcom/proprietary/adsprpc/src/apps_std_imp.c:848: Successfully opened file /vendor/etc/sensors/config/kona_hdk_lsm6dst_0.json
01-01 11:56:39.931 0 0 I binder : 990:990 ioctl 40046210 7fe4bbb704 returned -22
01-01 11:56:39.935 0 0 I init : starting service 'qspmhal'...
01-01 11:56:39.668 990 990 D ProcessState: Binder ioctl to enable oneway spam detection failed: Invalid argument
01-01 11:56:39.669 990 990 D vendor.qti.vibrator: not a qcom/qti haptics device
01-01 11:56:39.674 990 990 D vendor.qti.vibrator: not a qcom/qti haptics device
01-01 11:56:39.674 990 990 D vendor.qti.vibrator: not a qcom/qti haptics device
01-01 11:56:39.675 990 990 D vendor.qti.vibrator: not a qcom/qti haptics device
01-01 11:56:39.676 990 990 E vendor.qti.vibrator: open /sys/class/leds/vibrator/activate failed, errno = 2
01-01 11:56:39.679 505 505 I servicemanager: Found android.hardware.vibrator.IVibrator/default in device VINTF manifest.
01-01 11:56:39.692 585 946 I sscrpcd : vendor/qcom/proprietary/adsprpc/src/apps_std_imp.c:848: Successfully opened file /vendor/etc/sensors/config/kona_lps22hh_0.json
01-01 11:56:39.694 585 946 I sscrpcd : vendor/qcom/proprietary/adsprpc/src/apps_std_imp.c:848: Successfully opened file /vendor/etc/sensors/config/kona_lps22hh_0.json
01-01 11:56:39.957 0 0 I init : starting service 'secureelement-hal_1_2'...
01-01 11:56:39.702 958 958 I SDM : HWInfoDRM::GetHWPlanesInfo: Adding VIG Pipe : Id 55, master_pipe_id : Id 0 block_sec_ui: 1
01-01 11:56:39.702 958 958 I SDM : HWInfoDRM::GetHWPlanesInfo: Adding VIG Pipe : Id 76, master_pipe_id : Id 0 block_sec_ui: 1
01-01 11:56:39.702 958 958 I SDM : HWInfoDRM::GetHWPlanesInfo: Adding VIG Pipe : Id 79, master_pipe_id : Id 0 block_sec_ui: 1
01-01 11:56:39.702 958 958 I SDM : HWInfoDRM::GetHWPlanesInfo: Adding VIG Pipe : Id 82, master_pipe_id : Id 0 block_sec_ui: 1
01-01 11:56:39.702 958 958 I SDM : HWInfoDRM::GetHWPlanesInfo: Adding DMA Pipe : Id 85, master_pipe_id : Id 0 block_sec_ui: 0
01-01 11:56:39.702 958 958 I SDM : HWInfoDRM::GetHWPlanesInfo: Adding DMA Pipe : Id 91, master_pipe_id : Id 0 block_sec_ui: 1
01-01 11:56:39.702 958 958 I SDM : HWInfoDRM::GetHWPlanesInfo: Adding DMA Pipe : Id 94, master_pipe_id : Id 0 block_sec_ui: 1
01-01 11:56:39.702 958 958 I SDM : HWInfoDRM::GetHWPlanesInfo: Adding DMA Pipe : Id 97, master_pipe_id : Id 0 block_sec_ui: 1
01-01 11:56:39.702 958 958 I SDM : HWInfoDRM::GetHWPlanesInfo: Adding DMA Pipe : Id 100, master_pipe_id : Id 85 block_sec_ui: 0
01-01 11:56:39.702 958 958 I SDM : HWInfoDRM::GetHWPlanesInfo: Adding DMA Pipe : Id 104, master_pipe_id : Id 91 block_sec_ui: 1
01-01 11:56:39.702 958 958 I SDM : HWInfoDRM::GetHWPlanesInfo: Adding DMA Pipe : Id 107, master_pipe_id : Id 94 block_sec_ui: 1
01-01 11:56:39.702 958 958 I SDM : HWInfoDRM::GetHWPlanesInfo: Adding DMA Pipe : Id 110, master_pipe_id : Id 97 block_sec_ui: 1
01-01 11:56:39.702 958 958 I SDM : HWInfoDRM::GetHWPlanesInfo: Adding DMA Pipe : Id 113, master_pipe_id : Id 55 block_sec_ui: 1
01-01 11:56:39.702 958 958 I SDM : HWInfoDRM::GetHWPlanesInfo: Adding DMA Pipe : Id 116, master_pipe_id : Id 76 block_sec_ui: 1
01-01 11:56:39.703 958 958 I SDM : HWInfoDRM::GetHWPlanesInfo: Adding DMA Pipe : Id 119, master_pipe_id : Id 79 block_sec_ui: 1
01-01 11:56:39.703 958 958 I SDM : HWInfoDRM::GetHWPlanesInfo: Adding DMA Pipe : Id 122, master_pipe_id : Id 82 block_sec_ui: 1
01-01 11:56:39.705 958 958 I SDM : HWInfoDRM::GetHWResourceInfo: Destination scaler found. Block count = 2.
01-01 11:56:39.705 958 958 I SDM : HWInfoDRM::GetHWResourceInfo: Max plane width = 4096
01-01 11:56:39.705 958 958 I SDM : HWInfoDRM::GetHWResourceInfo: Max cursor width = 128
01-01 11:56:39.705 958 958 I SDM : HWInfoDRM::GetHWResourceInfo: Max plane upscale = 20
01-01 11:56:39.705 958 958 I SDM : HWInfoDRM::GetHWResourceInfo: Max plane downscale = 4
01-01 11:56:39.705 958 958 I SDM : HWInfoDRM::GetHWResourceInfo: Has Decimation = 0
01-01 11:56:39.705 958 958 I SDM : HWInfoDRM::GetHWResourceInfo: Max Blending Stages = 11
01-01 11:56:39.705 958 958 I SDM : HWInfoDRM::GetHWResourceInfo: Has Source Split = 1
01-01 11:56:39.705 958 958 I SDM : HWInfoDRM::GetHWResourceInfo: Has QSEED3 = 1
01-01 11:56:39.705 958 958 I SDM : HWInfoDRM::GetHWResourceInfo: Has UBWC = 1
01-01 11:56:39.705 958 958 I SDM : HWInfoDRM::GetHWResourceInfo: Has Micro Idle = 1
01-01 11:56:39.705 958 958 I SDM : HWInfoDRM::GetHWResourceInfo: Has Concurrent Writeback = 1
01-01 11:56:39.705 958 958 I SDM : HWInfoDRM::GetHWResourceInfo: Has Src Tonemap = 6
01-01 11:56:39.705 958 958 I SDM : HWInfoDRM::GetHWResourceInfo: Max Low Bw = 13700000
01-01 11:56:39.705 958 958 I SDM : HWInfoDRM::GetHWResourceInfo: Max High Bw = 16600000
01-01 11:56:39.705 958 958 I SDM : HWInfoDRM::GetHWResourceInfo: Max Pipe Bw = 4400000 KBps
01-01 11:56:39.705 958 958 I SDM : HWInfoDRM::GetHWResourceInfo: Max Pipe Bw High= 5300000 KBps
01-01 11:56:39.705 958 958 I SDM : HWInfoDRM::GetHWResourceInfo: MaxSDEClock = 460000000 Hz
01-01 11:56:39.705 958 958 I SDM : HWInfoDRM::GetHWResourceInfo: Clock Fudge Factor = 1.050000
01-01 11:56:39.705 958 958 I SDM : HWInfoDRM::GetHWResourceInfo: Prefill factors:
01-01 11:56:39.705 958 958 I SDM : HWInfoDRM::GetHWResourceInfo: Tiled_NV12 = 8
01-01 11:56:39.705 958 958 I SDM : HWInfoDRM::GetHWResourceInfo: Tiled = 4
01-01 11:56:39.705 958 958 I SDM : HWInfoDRM::GetHWResourceInfo: Linear = 1
01-01 11:56:39.706 958 958 I SDM : HWInfoDRM::GetHWResourceInfo: Scale = 1
01-01 11:56:39.706 958 958 I SDM : HWInfoDRM::GetHWResourceInfo: Fudge_factor = 2
01-01 11:56:39.706 958 958 I SDM : HWInfoDRM::GetHWResourceInfo: ib_fudge_factor = 6.000000
01-01 11:56:39.710 585 946 I sscrpcd : vendor/qcom/proprietary/adsprpc/src/apps_std_imp.c:848: Successfully opened file /vendor/etc/sensors/config/kona_dynamic_sensors.json
01-01 11:56:39.711 585 946 I sscrpcd : vendor/qcom/proprietary/adsprpc/src/apps_std_imp.c:848: Successfully opened file /vendor/etc/sensors/config/kona_dynamic_sensors.json
01-01 11:56:39.713 585 946 I sscrpcd : vendor/qcom/proprietary/adsprpc/src/apps_std_imp.c:848: Successfully opened file /mnt/vendor/persist/sensors/registry/registry/../temp.json
01-01 11:56:39.713 958 958 I SDM : HWInfoDRM::GetHWRotatorInfo: V4L2 Rotator: Count = 0, Downscale = 0, Min_downscale = 2.000000,Downscale_compression = 0, Max_line_width = 0
01-01 11:56:39.713 958 958 I SDM : HWInfoDRM::GetHWResourceInfo: Has Support for multiple bw limits shown below
01-01 11:56:39.713 958 958 I SDM : HWInfoDRM::GetHWResourceInfo: Mode-index=0 total_bw_limit=16600000 and pipe_bw_limit=5300000
01-01 11:56:39.713 958 958 I SDM : HWInfoDRM::GetHWResourceInfo: Mode-index=1 total_bw_limit=13700000 and pipe_bw_limit=4400000
01-01 11:56:39.714 958 958 I SDM : PipeAllocDrm::Init: Smart DMA: Enabled
01-01 11:56:39.714 958 958 I SDM : PipeAllocDrm::Init: Pipe Priority Order: Disabled
01-01 11:56:39.714 958 958 I SDM : PipeAllocDrm::Init: Prefer multirect Disabled
01-01 11:56:39.714 958 958 I SDM : PipeAllocDrm::Init: pipe->type = 1 Real pipe_id = 55 priority = 0 tonemap = 1
01-01 11:56:39.714 958 958 I SDM : PipeAllocDrm::Init: pipe->type = 1 Real pipe_id = 76 priority = 1 tonemap = 1
01-01 11:56:39.714 958 958 I SDM : PipeAllocDrm::Init: pipe->type = 1 Real pipe_id = 79 priority = 2 tonemap = 1
01-01 11:56:39.714 958 958 I SDM : PipeAllocDrm::Init: pipe->type = 1 Real pipe_id = 82 priority = 3 tonemap = 1
01-01 11:56:39.714 958 958 I SDM : PipeAllocDrm::Init: pipe->type = 3 Real pipe_id = 85 priority = 4 tonemap = 2
01-01 11:56:39.714 958 958 I SDM : PipeAllocDrm::Init: pipe->type = 3 Real pipe_id = 91 priority = 5 tonemap = 2
01-01 11:56:39.714 958 958 I SDM : PipeAllocDrm::Init: pipe->type = 3 Real pipe_id = 94 priority = 6 tonemap = 2
01-01 11:56:39.714 958 958 I SDM : PipeAllocDrm::Init: pipe->type = 3 Real pipe_id = 97 priority = 7 tonemap = 2
01-01 11:56:39.714 958 958 I SDM : PipeAllocDrm::Init: pipe->type = 3 Virtual pipe_id = 100 priority = 8 tonemap = 2
01-01 11:56:39.714 958 958 I SDM : PipeAllocDrm::Init: pipe->type = 3 Virtual pipe_id = 104 priority = 9 tonemap = 2
01-01 11:56:39.714 958 958 I SDM : PipeAllocDrm::Init: pipe->type = 3 Virtual pipe_id = 107 priority = 10 tonemap = 2
01-01 11:56:39.714 958 958 I SDM : PipeAllocDrm::Init: pipe->type = 3 Virtual pipe_id = 110 priority = 11 tonemap = 2
01-01 11:56:39.714 958 958 I SDM : PipeAllocDrm::Init: pipe->type = 3 Virtual pipe_id = 113 priority = 12 tonemap = 0
01-01 11:56:39.714 958 958 I SDM : PipeAllocDrm::Init: pipe->type = 3 Virtual pipe_id = 116 priority = 13 tonemap = 0
01-01 11:56:39.714 958 958 I SDM : PipeAllocDrm::Init: pipe->type = 3 Virtual pipe_id = 119 priority = 14 tonemap = 0
01-01 11:56:39.714 958 958 I SDM : PipeAllocDrm::Init: pipe->type = 3 Virtual pipe_id = 122 priority = 15 tonemap = 0
01-01 11:56:39.718 996 996 D PASR-HAL: Initialize implementation
01-01 11:56:39.719 996 996 E PASR-HAL: /sys/devices/system/memory/memory0/valid_zones: No such file or directory
01-01 11:56:39.720 996 996 E PASR-HAL: /sys/devices/system/memory/memory0/removable: No such file or directory
01-01 11:56:39.720 996 996 E PASR-HAL: /sys/devices/system/memory/memory1/valid_zones: No such file or directory
01-01 11:56:39.720 996 996 E PASR-HAL: /sys/devices/system/memory/memory1/removable: No such file or directory
01-01 11:56:39.721 996 996 E PASR-HAL: /sys/devices/system/memory/memory2/valid_zones: No such file or directory
01-01 11:56:39.722 996 996 E PASR-HAL: /sys/devices/system/memory/memory2/removable: No such file or directory
01-01 11:56:39.722 996 996 E PASR-HAL: /sys/devices/system/memory/memory3/valid_zones: No such file or directory
01-01 11:56:39.722 996 996 E PASR-HAL: /sys/devices/system/memory/memory3/removable: No such file or directory
01-01 11:56:39.724 681 681 I zygote64: Thread[1,tid=681,Native,Thread*=0xb400007c000e1380,peer=0x12ec0078,"main"] recursive attempt to load library "librtp_jni.so"
01-01 11:56:39.726 996 996 D PASR-HAL: /sys/devices/system/memory/memory4/valid_zones: Normal
01-01 11:56:39.987 0 0 I init : starting service 'tsnv-1-0'...
01-01 11:56:39.727 996 996 D PASR-HAL: /sys/devices/system/memory/memory4/removable: 0
01-01 11:56:39.728 958 958 I SDM : PipeAllocDrm::Init: Registered Total Pipes = 16 SDma/virtual_pipes = 8
01-01 11:56:39.728 958 958 I SDM : PipeAllocDrm::Init: pipe->type=3 Real pipe_id =97
01-01 11:56:39.728 958 958 I SDM : PipeAllocDrm::Init: pipe->type=3 Real pipe_id =94
01-01 11:56:39.728 958 958 I SDM : PipeAllocDrm::Init: pipe->type=3 Real pipe_id =91
01-01 11:56:39.728 958 958 I SDM : PipeAllocDrm::Init: pipe->type=3 Real pipe_id =85
01-01 11:56:39.728 958 958 I SDM : PipeAllocDrm::Init: pipe->type=1 Real pipe_id =82
01-01 11:56:39.728 958 958 I SDM : PipeAllocDrm::Init: pipe->type=1 Real pipe_id =79
01-01 11:56:39.728 958 958 I SDM : PipeAllocDrm::Init: pipe->type=1 Real pipe_id =76
01-01 11:56:39.728 958 958 I SDM : PipeAllocDrm::Init: pipe->type=1 Real pipe_id =55
01-01 11:56:39.728 958 958 I SDM : PipeAllocDrm::Init: pipe->type=3 Virtual pipe_id =100
01-01 11:56:39.728 958 958 I SDM : PipeAllocDrm::Init: pipe->type=3 Virtual pipe_id =104
01-01 11:56:39.728 958 958 I SDM : PipeAllocDrm::Init: pipe->type=3 Virtual pipe_id =107
01-01 11:56:39.728 958 958 I SDM : PipeAllocDrm::Init: pipe->type=3 Virtual pipe_id =110
01-01 11:56:39.728 958 958 I SDM : PipeAllocDrm::Init: pipe->type=3 Virtual pipe_id =113
01-01 11:56:39.728 958 958 I SDM : PipeAllocDrm::Init: pipe->type=3 Virtual pipe_id =116
01-01 11:56:39.728 958 958 I SDM : PipeAllocDrm::Init: pipe->type=3 Virtual pipe_id =119
01-01 11:56:39.728 958 958 I SDM : PipeAllocDrm::Init: pipe->type=3 Virtual pipe_id =122
01-01 11:56:39.729 996 996 D PASR-HAL: /sys/devices/system/memory/memory5/valid_zones: Normal
01-01 11:56:39.730 996 996 D PASR-HAL: /sys/devices/system/memory/memory5/removable: 0
01-01 11:56:39.731 996 996 D PASR-HAL: /sys/devices/system/memory/memory6/valid_zones: Normal
01-01 11:56:39.732 996 996 D PASR-HAL: /sys/devices/system/memory/memory6/removable: 1
01-01 11:56:39.733 996 996 D PASR-HAL: /sys/devices/system/memory/memory7/valid_zones: Normal
01-01 11:56:39.733 996 996 D PASR-HAL: /sys/devices/system/memory/memory7/removable: 0
01-01 11:56:39.734 996 996 D PASR-HAL: /sys/devices/system/memory/memory8/valid_zones: Normal
01-01 11:56:39.735 996 996 D PASR-HAL: /sys/devices/system/memory/memory8/removable: 1
01-01 11:56:39.736 996 996 D PASR-HAL: /sys/devices/system/memory/memory9/valid_zones: Normal
01-01 11:56:39.736 585 946 I sscrpcd : vendor/qcom/proprietary/adsprpc/src/apps_std_imp.c:848: Successfully opened file /vendor/etc/sensors/config/kona_qrd_sx932x_0.json
01-01 11:56:39.737 585 946 I sscrpcd : vendor/qcom/proprietary/adsprpc/src/apps_std_imp.c:848: Successfully opened file /vendor/etc/sensors/config/kona_qrd_sx932x_0.json
01-01 11:56:39.737 996 996 D PASR-HAL: /sys/devices/system/memory/memory9/removable: 1
01-01 11:56:39.738 996 996 D PASR-HAL: /sys/devices/system/memory/memory10/valid_zones: Normal
01-01 11:56:39.738 996 996 D PASR-HAL: /sys/devices/system/memory/memory10/removable: 1
01-01 11:56:39.739 958 958 I SDM : CpuHintsInterface::Init: cpu hint init done 1
01-01 11:56:39.739 958 958 D SDM : ToneMapConfigFactory::Create: Creating ToneMapConfigImpl
01-01 11:56:39.739 958 958 I SDM : CpuHintsInterface::Init: cpu hint init done 1
01-01 11:56:39.739 996 996 D PASR-HAL: /sys/devices/system/memory/memory11/valid_zones: Normal
01-01 11:56:39.740 996 996 D PASR-HAL: /sys/devices/system/memory/memory11/removable: 1
01-01 11:56:39.741 996 996 D PASR-HAL: /sys/devices/system/memory/memory12/valid_zones: Normal
01-01 11:56:39.741 958 958 I SDM : HWInfoDRM::GetDisplaysStatus: display: 29-0, connected: true, primary: true
01-01 11:56:39.741 958 958 I SDM : HWInfoDRM::GetDisplaysStatus: display: 46-2, connected: true, primary: false
01-01 11:56:39.741 958 958 I SDM : CoreInterface::CreateCore: Open interface handle = 0xb40000712ac53d20
01-01 11:56:39.741 996 996 D PASR-HAL: /sys/devices/system/memory/memory12/removable: 0
01-01 11:56:39.742 996 996 D PASR-HAL: /sys/devices/system/memory/memory13/valid_zones: Normal
01-01 11:56:39.743 958 958 I SDM : HWInfoDRM::GetMaxDisplaysSupported: Max 2 concurrent displays.
01-01 11:56:39.743 996 996 D PASR-HAL: /sys/devices/system/memory/memory13/removable: 0
01-01 11:56:39.743 958 958 I SDM : HWInfoDRM::GetMaxDisplaysSupported: Max 1 concurrent displays of type 0 (BuiltIn).
01-01 11:56:39.743 958 958 I SDM : HWInfoDRM::GetMaxDisplaysSupported: Max 0 concurrent displays of type 1 (Pluggable).
01-01 11:56:39.743 958 958 I SDM : HWInfoDRM::GetMaxDisplaysSupported: Max 1 concurrent displays of type 2 (Virtual).
01-01 11:56:39.744 996 996 D PASR-HAL: /sys/devices/system/memory/memory14/valid_zones: Normal
01-01 11:56:39.744 996 996 D PASR-HAL: /sys/devices/system/memory/memory14/removable: 0
01-01 11:56:39.745 996 996 D PASR-HAL: /sys/devices/system/memory/memory15/valid_zones: Normal
01-01 11:56:39.746 996 996 D PASR-HAL: /sys/devices/system/memory/memory15/removable: 0
01-01 11:56:39.746 958 958 I SDM : CPUHint::Init: Invalid CPU Hint Pre-enable Window -1
01-01 11:56:39.746 996 996 D PASR-HAL: /sys/devices/system/memory/memory16/valid_zones: Movable
01-01 11:56:39.747 958 958 I SDM : HWDeviceDRM::InitializeConfigs: Updating current display mode 0 to preferred mode 0.
01-01 11:56:39.747 958 958 W SDM : HWDeviceDRM::PopulateDisplayAttributes: Driver doesn't report panel physical width and height - defaulting to 320dpi
01-01 11:56:39.747 958 958 I SDM : HWDeviceDRM::PopulateDisplayAttributes: Display attributes[0]: WxH: 2380x1020, DPI: 319.851837x319.851837, FPS: 60, LM_SPLIT: 0, V_BACK_PORCH: 15, V_FRONT_PORCH: 15, V_PULSE_WIDTH: 10, V_TOTAL: 1060, H_TOTAL: 2500, CLK: 159000KHZ, TOPOLOGY: 1, HW_SPLIT: 0
01-01 11:56:39.748 984 984 D vendor.qti.hardware.soter@1.0-service: soter: svc service starting.
01-01 11:56:39.748 958 958 I SDM : HWDeviceDRM::UpdateMixerAttributes: Mixer WxH 2380x1020-0 for Peripheral
01-01 11:56:39.748 958 958 I SDM : ColorManager::CreateColorManagerProxy: PAV2 version is versions = 11, version = 11
01-01 11:56:39.750 996 996 D PASR-HAL: /sys/devices/system/memory/memory16/removable: 1
01-01 11:56:39.751 996 996 D PASR-HAL: /sys/devices/system/memory/memory17/valid_zones: Movable
01-01 11:56:39.752 984 984 I HidlServiceManagement: Registered vendor.qti.hardware.soter@1.0::ISoter/default (start delay of 256ms)
01-01 11:56:39.752 996 996 D PASR-HAL: /sys/devices/system/memory/memory17/removable: 1
01-01 11:56:39.752 996 996 D PASR-HAL: /sys/devices/system/memory/memory18/valid_zones: Movable
01-01 11:56:39.753 984 984 I HidlServiceManagement: Removing namespace from process name vendor.qti.hardware.soter@1.0-service to soter@1.0-service.
01-01 11:56:39.753 958 958 W SDM : ColorManager::Init: STC library is not present
01-01 11:56:39.753 958 958 W SDM : ColorManager::CreateColorManagerProxy: Failed to init StcInterface
01-01 11:56:39.754 996 996 D PASR-HAL: /sys/devices/system/memory/memory18/removable: 1
01-01 11:56:39.754 984 984 E vendor.qti.hardware.soter@1.0-service: Registered SOTER HAL service success
01-01 11:56:39.754 996 996 D PASR-HAL: /sys/devices/system/memory/memory19/valid_zones: Movable
01-01 11:56:39.755 958 958 W SDM : DisplayBase::Init: InitColorModes failed for display 29-0
01-01 11:56:39.755 884 884 E android.hardware.health@2.1-service.qti: Cannot open battery/capacity, fd=-1
01-01 11:56:39.760 585 946 I sscrpcd : vendor/qcom/proprietary/adsprpc/src/apps_std_imp.c:848: Successfully opened file /vendor/etc/sensors/config/sns_mag_cal_legacy.json
01-01 11:56:40.025 0 0 W healthd : No battery devices found
01-01 11:56:39.761 585 946 I sscrpcd : vendor/qcom/proprietary/adsprpc/src/apps_std_imp.c:848: Successfully opened file /vendor/etc/sensors/config/sns_mag_cal_legacy.json
01-01 11:56:39.762 884 884 I android.hardware.health@2.1-service: default instance initializing with healthd_config...
01-01 11:56:39.766 996 996 D PASR-HAL: /sys/devices/system/memory/memory19/removable: 1
01-01 11:56:39.766 996 996 E PASR-HAL: /sys/devices/system/memory/memory20/valid_zones: No such file or directory
01-01 11:56:39.767 996 996 E PASR-HAL: /sys/devices/system/memory/memory20/removable: No such file or directory
01-01 11:56:39.767 996 996 E PASR-HAL: /sys/devices/system/memory/memory21/valid_zones: No such file or directory
01-01 11:56:39.768 996 996 E PASR-HAL: /sys/devices/system/memory/memory21/removable: No such file or directory
01-01 11:56:39.768 996 996 E PASR-HAL: /sys/devices/system/memory/memory22/valid_zones: No such file or directory
01-01 11:56:39.769 996 996 E PASR-HAL: /sys/devices/system/memory/memory22/removable: No such file or directory
01-01 11:56:39.769 996 996 E PASR-HAL: /sys/devices/system/memory/memory23/valid_zones: No such file or directory
01-01 11:56:39.769 996 996 E PASR-HAL: /sys/devices/system/memory/memory23/removable: No such file or directory
01-01 11:56:39.770 996 996 E PASR-HAL: /sys/devices/system/memory/memory24/valid_zones: No such file or directory
01-01 11:56:39.770 996 996 E PASR-HAL: /sys/devices/system/memory/memory24/removable: No such file or directory
01-01 11:56:39.770 996 996 E PASR-HAL: /sys/devices/system/memory/memory25/valid_zones: No such file or directory
01-01 11:56:39.770 958 958 I SDM : Hdr10PlusModule():37 in the HDR10 Plus module
01-01 11:56:39.770 996 996 E PASR-HAL: /sys/devices/system/memory/memory25/removable: No such file or directory
01-01 11:56:39.771 996 996 E PASR-HAL: /sys/devices/system/memory/memory26/valid_zones: No such file or directory
01-01 11:56:39.771 958 958 I SDM : InitHDRinterface():127 HDR init done
01-01 11:56:39.771 996 996 E PASR-HAL: /sys/devices/system/memory/memory26/removable: No such file or directory
01-01 11:56:39.772 958 958 I SDM : HDRIntfClient::GetParameter: Version info is: 2.0
01-01 11:56:39.772 996 996 E PASR-HAL: /sys/devices/system/memory/memory27/valid_zones: No such file or directory
01-01 11:56:39.772 958 958 I SDM : StrategyImpl::InitializeHdrInfo: HDRLib version = 2.0
01-01 11:56:39.772 958 958 I SDM : Deinit():195 HDR De-init done
01-01 11:56:39.772 996 996 E PASR-HAL: /sys/devices/system/memory/memory27/removable: No such file or directory
01-01 11:56:39.772 996 996 E PASR-HAL: /sys/devices/system/memory/memory28/valid_zones: No such file or directory
01-01 11:56:39.752 884 884 I auditd : type=1400 audit(0.0:14): avc: denied { read } for comm="android.hardwar" name="type" dev="sysfs" ino=68304 scontext=u:r:hal_health_default:s0 tcontext=u:object_r:sysfs:s0 tclass=file permissive=0
01-01 11:56:39.752 884 884 W android.hardwar: type=1400 audit(0.0:14): avc: denied { read } for name="type" dev="sysfs" ino=68304 scontext=u:r:hal_health_default:s0 tcontext=u:object_r:sysfs:s0 tclass=file permissive=0
01-01 11:56:39.773 958 958 I SDM : ColorIntfClient::Init: Init successful
01-01 11:56:39.773 884 884 I HidlServiceManagement: Registered android.hardware.health@2.1::IHealth/default (start delay of 1158ms)
01-01 11:56:39.773 996 996 E PASR-HAL: /sys/devices/system/memory/memory28/removable: No such file or directory
01-01 11:56:39.773 958 958 I SDM : StrategyImpl::InitLayerStitch: disable_layer_stitch: 1
01-01 11:56:39.773 958 958 I SDM : ResourceImpl::RegisterDisplay: Registering display 29-0 with hw_block 29-0
01-01 11:56:39.773 996 996 E PASR-HAL: /sys/devices/system/memory/memory29/valid_zones: No such file or directory
01-01 11:56:39.774 996 996 E PASR-HAL: /sys/devices/system/memory/memory29/removable: No such file or directory
01-01 11:56:39.774 884 884 I HidlServiceManagement: Removing namespace from process name android.hardware.health@2.1-service to health@2.1-service.
01-01 11:56:39.774 996 996 E PASR-HAL: /sys/devices/system/memory/memory30/valid_zones: No such file or directory
01-01 11:56:39.774 996 996 E PASR-HAL: /sys/devices/system/memory/memory30/removable: No such file or directory
01-01 11:56:39.774 996 996 D PASR-HAL: Init complete: validzones_blocks: 0xF0000, removable_blocks: 0xF0F40, offlineable_blocks: 0xF0000
01-01 11:56:39.775 884 884 I android.hardware.health@2.1-service: default: Hal init done
01-01 11:56:39.775 958 958 I SDM : Hdr10PlusModule():37 in the HDR10 Plus module
01-01 11:56:39.776 958 958 I SDM : InitHDRinterface():127 HDR init done
01-01 11:56:39.776 958 958 I SDM : HDRIntfClient::GetParameter: Version info is: 2.0
01-01 11:56:39.777 958 958 I SDM : ColorIntfClient::Init: Init successful
01-01 11:56:39.777 958 958 I SDM : DisplayBase::Init: disable_hw_recovery_dump_ set to 0
01-01 11:56:39.777 958 958 I SDM : HWEventsDRM::Init: Setup event handler for display 29-0, CRTC 125, Connector 29
01-01 11:56:39.778 958 958 I SDM : HWEventsDRM::RegisterIdlePowerCollapse: idle power collapse is not supported event
01-01 11:56:39.778 958 958 I SDM : HWEventsDRM::Init: disable_hw_recovery_ set to 0
01-01 11:56:39.779 958 958 I SDM : HWEventsDRM::Init: enable_hist_interrupt_ set to 0
01-01 11:56:39.779 958 958 I SDM : HWCDisplay::UpdateConfigs: num_configs = 1
01-01 11:56:39.780 958 958 I SDM : ColorManager::ColorIntfGameEnhancementSupported: Game feature supported 0
01-01 11:56:39.780 958 958 I SDM : HWCDisplay::Init: Display created with id: 0, game_supported_: 0
01-01 11:56:39.780 958 958 W SDM : HWCDisplay::PopulateColorModes: GetColorModeCount failed, use native color mode
01-01 11:56:39.780 958 958 I SDM : HWCDisplayBuiltIn::Init: Drop redundant drawcycles 0
01-01 11:56:39.780 958 958 I SDM : HWCDisplayBuiltIn::Init: Window rect : [0.000000 0.000000 0.000000 0.000000]
01-01 11:56:39.780 958 958 I SDM : HWCDisplayBuiltIn::Init: active_refresh_rate: 60
01-01 11:56:39.781 958 958 I SDM : DisplayBase::SetFrameBufferConfig: New framebuffer resolution (2380x1020)
01-01 11:56:39.781 958 958 I SDM : HWCDisplay::SetFrameBufferConfig: New framebuffer resolution (2380x1020)
01-01 11:56:39.782 585 946 I sscrpcd : vendor/qcom/proprietary/adsprpc/src/apps_std_imp.c:848: Successfully opened file /vendor/etc/sensors/config/kona_lsm6dst_1.json
01-01 11:56:39.785 0 0 W healthd : battery none chg=
01-01 11:56:39.785 585 946 I sscrpcd : vendor/qcom/proprietary/adsprpc/src/apps_std_imp.c:848: Successfully opened file /vendor/etc/sensors/config/kona_lsm6dst_1.json
01-01 11:56:39.786 996 996 I HidlServiceManagement: Registered vendor.qti.power.pasrmanager@1.0::IPasrManager/default (start delay of 131ms)
01-01 11:56:39.786 996 996 I HidlServiceManagement: Removing namespace from process name vendor.qti.power.pasrmanager@1.0-service to pasrmanager@1.0-service.
01-01 11:56:39.787 996 996 D vendor.qti.power.pasrmanager@1.0-service: Registered IPasrManager HAL service success!
01-01 11:56:39.793 506 506 I hw-BpHwBinder: onLastStrongRef automatically unlinking death recipients
01-01 11:56:39.794 861 963 I LocSvc_BatteryListener: init:110] Get health service in 0 tries
01-01 11:56:39.796 861 963 W LocSvc_BatteryListener: init:124] batterylistener: init: invalid battery status
01-01 11:56:39.797 681 681 W Zygote : Class not found for preloading: android.view.SurfaceView$2
01-01 11:56:39.800 997 997 W vendor.qti.qspmhal@1.0-service: libminijail[997]: failed to get path of fd 3: No such file or directory
01-01 11:56:39.800 997 997 W vendor.qti.qspmhal@1.0-service: libminijail[997]: allowing syscall: connect
01-01 11:56:39.801 506 965 W libc : Unable to set property "ctl.interface_start" to "android.hardware.health@2.1::IHealth/default": error code: 0x20
01-01 11:56:39.801 506 965 I hwservicemanager: Tried to start android.hardware.health@2.1::IHealth/default as a lazy service, but was unable to. Usually this happens when a service is not installed, but if the service is intended to be used as a lazy service, then it may be configured incorrectly.
01-01 11:56:39.802 997 997 W vendor.qti.qspmhal@1.0-service: libminijail[997]: allowing syscall: fcntl
01-01 11:56:39.803 997 997 W vendor.qti.qspmhal@1.0-service: libminijail[997]: allowing syscall: sendto
01-01 11:56:39.804 997 997 W vendor.qti.qspmhal@1.0-service: libminijail[997]: allowing syscall: socket
01-01 11:56:39.804 997 997 W vendor.qti.qspmhal@1.0-service: libminijail[997]: allowing syscall: writev
01-01 11:56:39.805 997 997 W vendor.qti.qspmhal@1.0-service: libminijail[997]: compile_file: (69): nonexistent syscall 'sigreturn'
01-01 11:56:39.806 997 997 W vendor.qti.qspmhal@1.0-service: libminijail[997]: compile_file: (75): nonexistent syscall 'geteuid32'
01-01 11:56:39.806 997 997 W vendor.qti.qspmhal@1.0-service: libminijail[997]: compile_file: (76): nonexistent syscall 'getgid32'
01-01 11:56:39.807 997 997 W vendor.qti.qspmhal@1.0-service: libminijail[997]: compile_file: (77): nonexistent syscall 'getegid32'
01-01 11:56:39.808 997 997 W vendor.qti.qspmhal@1.0-service: libminijail[997]: compile_file: (78): nonexistent syscall 'getgroups32'
01-01 11:56:39.808 585 946 I sscrpcd : vendor/qcom/proprietary/adsprpc/src/apps_std_imp.c:848: Successfully opened file /vendor/etc/sensors/config/kona_bu52053nvx_0.json
01-01 11:56:39.808 997 997 W vendor.qti.qspmhal@1.0-service: libminijail[997]: logging seccomp filter failures
01-01 11:56:39.809 585 946 I sscrpcd : vendor/qcom/proprietary/adsprpc/src/apps_std_imp.c:848: Successfully opened file /vendor/etc/sensors/config/kona_bu52053nvx_0.json
01-01 11:56:39.813 958 958 I SDM : HWCSession::CreatePrimaryDisplay: Created primary display type = 0, sdm id = 29, client id = 0
01-01 11:56:39.819 997 997 I HidlServiceManagement: Registered vendor.qti.qspmhal@1.0::IQspmhal/default (start delay of 144ms)
01-01 11:56:39.820 958 958 I SDM : HWCColorManager::CreateColorManager: Successfully loaded libsdm-disp-vndapis.so
01-01 11:56:39.821 997 997 I HidlServiceManagement: Removing namespace from process name vendor.qti.qspmhal@1.0-service to qspmhal@1.0-service.
01-01 11:56:39.824 585 946 I sscrpcd : vendor/qcom/proprietary/adsprpc/src/apps_std_imp.c:848: Successfully opened file /vendor/etc/sensors/config/kona_hdk_ak991x_0.json
01-01 11:56:39.825 585 946 I sscrpcd : vendor/qcom/proprietary/adsprpc/src/apps_std_imp.c:848: Successfully opened file /vendor/etc/sensors/config/kona_hdk_ak991x_0.json
01-01 11:56:39.834 998 998 D GPTEE : [TEE_client_api.cpp:42 initTEEC] initTEEC
01-01 11:56:39.835 998 998 E GPQeSE-HAL: vendor::qti::secure_element V1.2 service starts
01-01 11:56:39.835 958 958 I SDM : HWCColorManager::CreateColorManager: Successfully loaded libsdm-disp-vndapis.so and libsdm-diag.so and diag_init'ed
01-01 11:56:39.838 585 946 I sscrpcd : vendor/qcom/proprietary/adsprpc/src/apps_std_imp.c:848: Successfully opened file /vendor/etc/sensors/config/wigig_sensing_0.json
01-01 11:56:39.837 999 999 I HidlServiceManagement: Registered vendor.thundercomm.hardware.tsnv@1.0::ITsnv/default (start delay of 112ms)
01-01 11:56:39.838 999 999 I HidlServiceManagement: Removing namespace from process name vendor.thundercomm.hardware.tsnv@1.0-service to tsnv@1.0-service.
01-01 11:56:39.838 958 958 I HidlServiceManagement: Registered vendor.display.config@2.0::IDisplayConfig/default (start delay of 713ms)
01-01 11:56:39.839 958 958 I SDM : HWCSession::StartServices: IDisplayConfig service registration completed.
01-01 11:56:39.839 958 958 I SDM : HWCDisplayBuiltIn::InitLayerStitch: Layer Stitch Disabled !!!
01-01 11:56:39.839 585 946 I sscrpcd : vendor/qcom/proprietary/adsprpc/src/apps_std_imp.c:848: Successfully opened file /vendor/etc/sensors/config/wigig_sensing_0.json
01-01 11:56:39.840 958 958 I HidlServiceManagement: Registered vendor.qti.hardware.display.composer@2.1::IQtiComposer/default (start delay of 715ms)
01-01 11:56:39.840 958 958 I HidlServiceManagement: Removing namespace from process name vendor.qti.hardware.display.composer-service to composer-service.
01-01 11:56:39.843 958 958 I SDM : Initialized qti-composer
01-01 11:56:39.844 585 946 I sscrpcd : vendor/qcom/proprietary/adsprpc/src/apps_std_imp.c:848: Successfully opened file /vendor/etc/sensors/config/kona_lsm6dst_0.json
01-01 11:56:39.845 585 946 I sscrpcd : vendor/qcom/proprietary/adsprpc/src/apps_std_imp.c:848: Successfully opened file /vendor/etc/sensors/config/kona_lsm6dst_0.json
01-01 11:56:39.848 998 998 I HidlServiceManagement: Registered android.hardware.secure_element@1.2::ISecureElement/eSE1 (start delay of 143ms)
01-01 11:56:39.865 585 946 I sscrpcd : vendor/qcom/proprietary/adsprpc/src/apps_std_imp.c:848: Successfully opened file /vendor/etc/sensors/config/sns_facing.json
01-01 11:56:39.867 585 946 I sscrpcd : vendor/qcom/proprietary/adsprpc/src/apps_std_imp.c:848: Successfully opened file /vendor/etc/sensors/config/sns_facing.json
01-01 11:56:39.878 585 946 I sscrpcd : vendor/qcom/proprietary/adsprpc/src/apps_std_imp.c:848: Successfully opened file /vendor/etc/sensors/config/sns_device_orient.json
01-01 11:56:39.880 585 946 I sscrpcd : vendor/qcom/proprietary/adsprpc/src/apps_std_imp.c:848: Successfully opened file /vendor/etc/sensors/config/sns_device_orient.json
01-01 11:56:39.888 585 946 I sscrpcd : vendor/qcom/proprietary/adsprpc/src/apps_std_imp.c:848: Successfully opened file /vendor/etc/sensors/config/sns_dpc.json
01-01 11:56:39.889 585 946 I sscrpcd : vendor/qcom/proprietary/adsprpc/src/apps_std_imp.c:848: Successfully opened file /vendor/etc/sensors/config/sns_dpc.json
01-01 11:56:39.903 585 946 I sscrpcd : vendor/qcom/proprietary/adsprpc/src/apps_std_imp.c:848: Successfully opened file /vendor/etc/sensors/config/sns_tilt.json
01-01 11:56:39.903 585 946 I sscrpcd : vendor/qcom/proprietary/adsprpc/src/apps_std_imp.c:848: Successfully opened file /vendor/etc/sensors/config/sns_tilt.json
01-01 11:56:39.910 585 946 I sscrpcd : vendor/qcom/proprietary/adsprpc/src/apps_std_imp.c:848: Successfully opened file /vendor/etc/sensors/config/sns_amd.json
01-01 11:56:39.911 585 946 I sscrpcd : vendor/qcom/proprietary/adsprpc/src/apps_std_imp.c:848: Successfully opened file /vendor/etc/sensors/config/sns_amd.json
01-01 11:56:39.914 942 957 E QMI_FW : ctrl_msg_reader_thread: control thread received ENETRESET 102
01-01 11:56:39.914 942 942 E QMI_FW : xport_lookup: No RX for lookup -1
01-01 11:56:39.914 861 964 E QMI_FW : ctrl_msg_reader_thread: control thread received ENETRESET 102
01-01 11:56:39.915 653 653 E QMI_FW : xport_lookup: No RX for lookup -1
01-01 11:56:39.916 653 653 D QC-time-services: Daemon:genoff_modem_qmi_init: Initializing QMI
01-01 11:56:39.916 861 959 E QMI_FW : xport_lookup: No RX for lookup -1
01-01 11:56:39.922 653 656 E QMI_FW : ctrl_msg_reader_thread: control thread received ENETRESET 102
01-01 11:56:39.925 585 946 I sscrpcd : vendor/qcom/proprietary/adsprpc/src/apps_std_imp.c:848: Successfully opened file /vendor/etc/sensors/config/sns_heart_rate.json
01-01 11:56:39.925 585 946 I sscrpcd : vendor/qcom/proprietary/adsprpc/src/apps_std_imp.c:848: Successfully opened file /vendor/etc/sensors/config/sns_heart_rate.json
01-01 11:56:39.940 653 1019 D QC-time-services: Daemon: Time-services: All initializations done
01-01 11:56:39.941 653 1019 E QC-time-services: Daemon: Time-services: Waiting to acceptconnection
01-01 11:56:39.943 809 809 D audio_hw_utils: audio_extn_utils_open_snd_mixer: retry, retry_num 1
01-01 11:56:39.944 585 946 I sscrpcd : vendor/qcom/proprietary/adsprpc/src/apps_std_imp.c:848: Successfully opened file /vendor/etc/sensors/config/sns_direct_channel.json
01-01 11:56:39.945 585 946 I sscrpcd : vendor/qcom/proprietary/adsprpc/src/apps_std_imp.c:848: Successfully opened file /vendor/etc/sensors/config/sns_direct_channel.json
01-01 11:56:39.949 585 946 I sscrpcd : vendor/qcom/proprietary/adsprpc/src/apps_std_imp.c:848: Successfully opened file /mnt/vendor/persist/sensors/registry/registry/../temp.json
01-01 11:56:39.951 1002 1002 I vppservice: vendor/qcom/proprietary/adsprpc/src/rpcmem_android.c:159: rpcmem_init_internal: opened ION device fd 3, configured heap IDs: system (0x2000000), contig (0x400000), secure (0x200), secure flags (0x80080000)
01-01 11:56:39.951 1002 1002 I vppservice: vendor/qcom/proprietary/adsprpc/src/fastrpc_apps_user.c:3087: fastrpc_apps_user_init done with default domain:3 and &fastrpc_trace:0x72c6894fa0
01-01 11:56:39.951 1002 1002 I vpp-ipc_service: Starting vppservice...
01-01 11:56:39.954 1002 1002 I vppservice: vendor/qcom/proprietary/adsprpc/src/fastrpc_apps_user.c:2636: Successfully opened /vendor/dsp/cdsp/fastrpc_shell_33
01-01 11:56:39.954 1002 1002 I vppservice: vendor/qcom/proprietary/adsprpc/src/fastrpc_config.c:200: Reading configuration file: vppservice.debugconfig
01-01 11:56:39.954 1002 1002 E ion : ioctl c0044901 failed with code -1: Inappropriate ioctl for device
01-01 11:56:39.956 585 946 I sscrpcd : vendor/qcom/proprietary/adsprpc/src/apps_std_imp.c:848: Successfully opened file /vendor/etc/sensors/config/kona_sx932x_0.json
01-01 11:56:39.943 0 0 I sysmon-qmi: ssctl_new_server: Connection established between QMI handle and slpi's SSCTL service
01-01 11:56:39.959 585 946 I sscrpcd : vendor/qcom/proprietary/adsprpc/src/apps_std_imp.c:848: Successfully opened file /vendor/etc/sensors/config/kona_sx932x_0.json
01-01 11:56:39.965 1011 1011 I irsc_util: Starting irsc tool
01-01 11:56:39.970 1011 1011 I irsc_util: Num of entries:298
01-01 11:56:39.970 1011 1011 E irsc_util: irsc_feed_config: Security config ioctl failed
01-01 11:56:39.970 1011 1011 I irsc_util: Ending irsc tool
01-01 11:56:39.983 1002 1002 I vppservice: vendor/qcom/proprietary/adsprpc/src/fastrpc_apps_user.c:2843: Created user PD on domain 3 (attrs 0x0, debug_trace 0x0)
01-01 11:56:39.984 585 946 I sscrpcd : vendor/qcom/proprietary/adsprpc/src/apps_std_imp.c:848: Successfully opened file /vendor/etc/sensors/config/sns_ccd_v3_1_walk.json
01-01 11:56:39.986 1002 1002 I vppservice: vendor/qcom/proprietary/adsprpc/src/fastrpc_perf.c:273: fastrpc_perf_init: enabled systrace 0x0 and RPC traces (kernel 0, dsp 0) with frequency 1000
01-01 11:56:39.986 1002 1023 I vppservice: vendor/qcom/proprietary/adsprpc/src/log_config.c:345: file_watcher_thread starting for domain 3
01-01 11:56:39.986 1002 1023 E vppservice: vendor/qcom/proprietary/adsprpc/src/log_config.c:268:Error 0x200: fopen failed for /vendor/lib/rfsa/adsp/vppservice.farf. (No such file or directory)
01-01 11:56:39.987 1002 1023 E vppservice: vendor/qcom/proprietary/adsprpc/src/log_config.c:268:Error 0x200: fopen failed for /vendor/dsp/cdsp/vppservice.farf. (No such file or directory)
01-01 11:56:39.987 1002 1023 E vppservice: vendor/qcom/proprietary/adsprpc/src/log_config.c:268:Error 0x200: fopen failed for /vendor/dsp/vppservice.farf. (No such file or directory)
01-01 11:56:39.980 0 0 E diag : In diag_send_feature_mask_update, control channel is not open, p: 3, ffffff93435d7d80
01-01 11:56:40.000 0 0 E diag : In diag_send_peripheral_buffering_mode, buffering flag not set for 3
01-01 11:56:39.988 1002 1022 I vppservice: vendor/qcom/proprietary/adsprpc/src/listener_android.c:111: listener thread starting
01-01 11:56:39.991 585 946 I sscrpcd : vendor/qcom/proprietary/adsprpc/src/apps_std_imp.c:848: Successfully opened file /vendor/etc/sensors/config/sns_ccd_v3_1_walk.json
01-01 11:56:40.001 585 946 I sscrpcd : vendor/qcom/proprietary/adsprpc/src/apps_std_imp.c:848: Successfully opened file /vendor/etc/sensors/config/sns_multishake.json
01-01 11:56:40.002 585 946 I sscrpcd : vendor/qcom/proprietary/adsprpc/src/apps_std_imp.c:848: Successfully opened file /vendor/etc/sensors/config/sns_multishake.json
01-01 11:56:40.015 1002 1022 I vppservice: vendor/qcom/proprietary/adsprpc/src/mod_table.c:687: open_mod_table_open_from_static: reverse module apps_std opened with handle 0xc68979e8 (idx 0)
01-01 11:56:40.018 1002 1022 I vppservice: vendor/qcom/proprietary/adsprpc/src/mod_table.c:464: is_reverse_handle_opened: reverse module apps_std already found with handle 0xc68979e8 (idx 0)
01-01 11:56:40.018 1002 1022 I vppservice: vendor/qcom/proprietary/adsprpc/src/mod_table.c:687: open_mod_table_open_from_static: reverse module apps_std opened with handle 0xc68979e8 (idx 0)
01-01 11:56:40.021 585 946 I sscrpcd : vendor/qcom/proprietary/adsprpc/src/apps_std_imp.c:848: Successfully opened file /vendor/etc/sensors/config/sns_fmv.json
01-01 11:56:40.022 1002 1022 E vppservice: vendor/qcom/proprietary/adsprpc/src/listener_android.c:64::error: 512: AEE_SUCCESS == (nErr = mod_table_close(handle, errStr, errStrLen, dlErr))
01-01 11:56:40.022 585 946 I sscrpcd : vendor/qcom/proprietary/adsprpc/src/apps_std_imp.c:848: Successfully opened file /vendor/etc/sensors/config/sns_fmv.json
01-01 11:56:40.023 1002 1022 I vppservice: vendor/qcom/proprietary/adsprpc/src/apps_std_imp.c:848: Successfully opened file /vendor/dsp/cdsp/libvpp_svc_skel.so
01-01 11:56:40.029 585 946 I sscrpcd : vendor/qcom/proprietary/adsprpc/src/apps_std_imp.c:848: Successfully opened file /vendor/etc/sensors/config/sns_diag_filter.json
