01-01 11:56:44.335 0 0 I : x25: 0000000000000000 x24: ffffff933fb6f098
01-01 11:56:44.335 0 0 I : x23: ffffffe110badf59 x22: ffffffe110baf9c8
01-01 11:56:44.335 0 0 I : x21: ffffffe1137c3c90 x20: 0000000000000190
01-01 11:56:44.335 0 0 I : x19: ffffffe0fe98f280 x18: 0000000000000030
01-01 11:56:44.335 0 0 I : x17: ffffff9342d3e000 x16: 00000000fffcc234
01-01 11:56:44.335 0 0 I : x15: 00000000000cc234 x14: 0000000000000086
01-01 11:56:44.335 0 0 I : x13: 0000000000000000 x12: 00000000000000e0
01-01 11:56:44.335 0 0 I : x11: 0000000000000000 x10: 0000000000000001
01-01 11:56:44.335 0 0 I : x9 : a4366b010963e300 x8 : a4366b010963e300
01-01 11:56:44.335 0 0 I : x7 : ffffff933f3826c0 x6 : 0000000000000000
01-01 11:56:44.335 0 0 I : x5 : 0000000000000080 x4 : 0000000000000001
01-01 11:56:44.335 0 0 I : x3 : 0000000000000000 x2 : 0000000000000007
01-01 11:56:44.335 0 0 I : x1 : 0000000000000007 x0 : 000000000000001d
01-01 11:56:44.335 0 0 I Call trace:
01-01 11:56:44.335 0 0 I : enable_irq+0x98/0xf0
01-01 11:56:44.335 0 0 I : swrm_runtime_suspend+0x480/0x608 [swr_ctrl_dlkm]
01-01 11:56:44.335 0 0 I : pm_generic_runtime_suspend+0x34/0x48
01-01 11:56:44.335 0 0 I : __rpm_callback+0x128/0x230
01-01 11:56:44.335 0 0 I : rpm_suspend+0x468/0x820
01-01 11:56:44.335 0 0 I : rpm_idle+0x5bc/0x600
01-01 11:56:44.335 0 0 I : pm_runtime_work+0x7c/0xa8
01-01 11:56:44.335 0 0 I : process_one_work+0x38c/0x660
01-01 11:56:44.335 0 0 I : worker_thread+0x268/0x4b8
01-01 11:56:44.335 0 0 I : kthread+0x140/0x150
01-01 11:56:44.335 0 0 I : ret_from_fork+0x10/0x1c
01-01 11:56:44.335 0 0 I : irq event stamp: 2738
01-01 11:56:44.335 0 0 I : hardirqs last enabled at (2737): [] _raw_spin_unlock_irqrestore+0x44/0x88
01-01 11:56:44.335 0 0 I : hardirqs last disabled at (2738): [] _raw_spin_lock_irqsave+0x28/0x98
01-01 11:56:44.335 0 0 I : softirqs last enabled at (1794): [] __do_softirq+0x50c/0x554
01-01 11:56:44.335 0 0 I : softirqs last disabled at (1781): [] irq_exit+0xfc/0x120
01-01 11:56:44.335 0 0 W : ---[ end trace 657f62798700190d ]---
01-01 11:56:44.335 0 0 I binder : 1425:1425 ioctl 40046210 7ffe236ec4 returned -22
01-01 11:56:44.336 0 0 E kona-asoc-snd soc: qcom,msm-audio-apr:qcom,q6core-audio:sound: ASoC: Failed to add route MIC BIAS3 -> direct -> AMIC3
01-01 11:56:44.349 0 0 W wsa881x : probe of wsa881x.1021170214 failed with error -22
01-01 11:56:44.331 1444 1444 I LOWI-9.0.0.87.a: [MessageQ_Client] connecting to server [/dev/socket/location/mq/location-mq-s]
01-01 11:56:44.332 1444 1444 I LOWI-9.0.0.87.a: [MessageQ_Client] connected
01-01 11:56:44.332 1002 1474 I vppservice: vendor/qcom/proprietary/adsprpc/src/log_config.c:345: file_watcher_thread starting for domain 3
01-01 11:56:44.332 1002 1474 E vppservice: vendor/qcom/proprietary/adsprpc/src/log_config.c:268:Error 0x200: fopen failed for /vendor/lib/rfsa/adsp/vppservice.farf. (No such file or directory)
01-01 11:56:44.332 1444 1444 I LOWI-9.0.0.87.a: [LOWIController] loadConfigItems: Log level = 4, Cache Records = 100, max queue size = 255, fresh scan threshold = 500
01-01 11:56:44.332 1002 1474 E vppservice: vendor/qcom/proprietary/adsprpc/src/log_config.c:268:Error 0x200: fopen failed for /vendor/dsp/cdsp/vppservice.farf. (No such file or directory)
01-01 11:56:44.332 1002 1474 E vppservice: vendor/qcom/proprietary/adsprpc/src/log_config.c:268:Error 0x200: fopen failed for /vendor/dsp/vppservice.farf. (No such file or directory)
01-01 11:56:44.333 1002 1472 I vppservice: vendor/qcom/proprietary/adsprpc/src/listener_android.c:111: listener thread starting
01-01 11:56:44.334 1444 1444 I LOWI-9.0.0.87.a: [LOWIControllerExtn] use lowi lp = 0, lowi lp ranging = 0 USE_ONLY_PSC_6GHZ_CHANNEL drv_v2 = 0
01-01 11:56:44.335 1425 1425 D hw-ProcessState: Binder ioctl to enable oneway spam detection failed: Invalid argument
01-01 11:56:44.342 1002 1472 I vppservice: vendor/qcom/proprietary/adsprpc/src/mod_table.c:687: open_mod_table_open_from_static: reverse module apps_std opened with handle 0xc68979e8 (idx 0)
01-01 11:56:44.343 1002 1472 I vppservice: vendor/qcom/proprietary/adsprpc/src/mod_table.c:464: is_reverse_handle_opened: reverse module apps_std already found with handle 0xc68979e8 (idx 0)
01-01 11:56:44.343 1002 1472 I vppservice: vendor/qcom/proprietary/adsprpc/src/mod_table.c:687: open_mod_table_open_from_static: reverse module apps_std opened with handle 0xc68979e8 (idx 0)
01-01 11:56:44.356 1002 1472 E vppservice: vendor/qcom/proprietary/adsprpc/src/listener_android.c:64::error: 512: AEE_SUCCESS == (nErr = mod_table_close(handle, errStr, errStrLen, dlErr))
01-01 11:56:44.357 0 0 E kona-asoc-snd soc: qcom,msm-audio-apr:qcom,q6core-audio:sound: ASoC: no sink widget found for MIC BIAS3
01-01 11:56:44.368 0 0 E kona-asoc-snd soc: qcom,msm-audio-apr:qcom,q6core-audio:sound: ASoC: Failed to add route Analog Mic3 -> direct -> MIC BIAS3
01-01 11:56:44.381 0 0 E kona-asoc-snd soc: qcom,msm-audio-apr:qcom,q6core-audio:sound: ASoC: no source widget found for MIC BIAS3
01-01 11:56:44.392 0 0 E kona-asoc-snd soc: qcom,msm-audio-apr:qcom,q6core-audio:sound: ASoC: Failed to add route MIC BIAS3 -> direct -> AMIC4
01-01 11:56:44.359 1444 1444 D LOWI-9.0.0.87.a: [LOWIControllerExtn] BackgroundScanMgr created successfully
01-01 11:56:44.359 1444 1444 D LOWI-9.0.0.87.a: [LOWIController] isWifiEnabled: mNlWifiStatus -1 mWifiStateEnabled 0
01-01 11:56:44.360 1002 1472 I vppservice: vendor/qcom/proprietary/adsprpc/src/apps_std_imp.c:848: Successfully opened file /vendor/dsp/cdsp/libvpp_svc_skel.so
01-01 11:56:44.361 1444 1444 D LOWI-9.0.0.87.a: [LOWIWifiDriverUtils] getInterfaceState - ioctl(GET_IFFLAGS) returned: -1, Errno: No such device(19)
01-01 11:56:44.366 1444 1482 I LOWI-9.0.0.87.a: [LOWIController] Client controller entering event loop
01-01 11:56:44.371 1444 1481 D LOWI-9.0.0.87.a: [MqClientIpcReciver] FROM: LOCATION-MQ
01-01 11:56:44.371 1444 1481 D LOWI-9.0.0.87.a: [MqClientIpcReciver] INFO: REGISTER-EVENT
01-01 11:56:44.371 1444 1481 D LOWI-9.0.0.87.a: [MqClientIpcReciver] TX-ID: 1
01-01 11:56:44.373 1444 1482 D LOWI-9.0.0.87.a: [LOWIEventReceiver] handleEvent:FROM:LOCATION-MQ, TO:LOWI-SERVER, REQ:NA, IREQ:NA, REQ_ID:0, RESP:NA, INFO:REGISTER-EVENT
01-01 11:56:44.373 1444 1482 D LOWI-9.0.0.87.a: [LOWIEventReceiver] Info to [REGISTER-EVENT]
01-01 11:56:44.381 1002 1002 I vppservice: vendor/qcom/proprietary/adsprpc/src/fastrpc_apps_user.c:1401: remote_handle64_open: Successfully opened handle 0xd9c21590 for file:///libvpp_svc_skel.so?vpp_svc_skel_handle_invoke&_modver=1.0&_dom=cdsp on domain 3
01-01 11:56:44.382 1002 1472 I vppservice: vendor/qcom/proprietary/adsprpc/src/apps_std_imp.c:848: Successfully opened file /vendor/dsp/cdsp/libvpp_mcnr.so
01-01 11:56:44.383 1447 1447 D LocSvc_LBSProxy: checkIfLocationExtendedClientExists] File does not Exist
01-01 11:56:44.396 1447 1447 E slim_daemon: cannot open file:/data/vendor/location/gps.prop
01-01 11:56:44.407 506 506 I hwservicemanager: Since android.frameworks.sensorservice@1.0::ISensorManager/default is not registered, trying to start it as a lazy HAL.
01-01 11:56:44.409 506 506 I hwservicemanager: Since android.frameworks.sensorservice@1.0::ISensorManager/default is not registered, trying to start it as a lazy HAL.
01-01 11:56:44.411 506 506 I hwservicemanager: Since android.frameworks.sensorservice@1.0::ISensorManager/default is not registered, trying to start it as a lazy HAL.
01-01 11:56:44.412 1447 1486 I HidlServiceManagement: getService: Trying again for android.frameworks.sensorservice@1.0::ISensorManager/default...
01-01 11:56:44.404 0 0 E kona-asoc-snd soc: qcom,msm-audio-apr:qcom,q6core-audio:sound: ASoC: no sink widget found for MIC BIAS3
01-01 11:56:44.415 0 0 E kona-asoc-snd soc: qcom,msm-audio-apr:qcom,q6core-audio:sound: ASoC: Failed to add route Analog Mic4 -> direct -> MIC BIAS3
01-01 11:56:44.415 506 506 I hwservicemanager: Since android.frameworks.sensorservice@1.0::ISensorManager/default is not registered, trying to start it as a lazy HAL.
01-01 11:56:44.416 1447 1447 I HidlServiceManagement: getService: Trying again for android.frameworks.sensorservice@1.0::ISensorManager/default...
01-01 11:56:44.428 0 0 E kona-asoc-snd soc: qcom,msm-audio-apr:qcom,q6core-audio:sound: ASoC: no source widget found for MIC BIAS4
01-01 11:56:44.428 0 0 I binder : 1477:1477 ioctl 40046210 7fc4f54be4 returned -22
01-01 11:56:44.429 0 0 I init : starting service 'qfp-daemon'...
01-01 11:56:44.433 1002 1472 I vppservice: vendor/qcom/proprietary/adsprpc/src/apps_std_imp.c:848: Successfully opened file /vendor/dsp/cdsp/ubwcdma_dynlib.so
01-01 11:56:44.433 1456 1456 D LocSvc_LBSProxy: checkIfLocationExtendedClientExists] File does not Exist
01-01 11:56:44.439 0 0 E kona-asoc-snd soc: qcom,msm-audio-apr:qcom,q6core-audio:sound: ASoC: Failed to add route MIC BIAS4 -> direct -> AMIC5
01-01 11:56:44.450 1477 1477 D hw-ProcessState: Binder ioctl to enable oneway spam detection failed: Invalid argument
01-01 11:56:44.455 506 506 I hwservicemanager: getTransport: Cannot find entry android.hardware.usb.gadget@1.0::IUsbGadget/default in either framework or device VINTF manifest.
01-01 11:56:44.459 1456 1456 E xtra-daemon: cannot open file:/data/vendor/location/gps.prop
01-01 11:56:44.460 1477 1477 I usbd : Usb HAL not found
01-01 11:56:44.460 1253 1262 V installd: DexInv: --- END '/apex/com.android.permission/javalib/service-permission.jar' (success) ---
01-01 11:56:44.464 1151 1151 I SystemServerTiming: InitBeforeStartServices
01-01 11:56:44.467 1002 1472 I vppservice: vendor/qcom/proprietary/adsprpc/src/apps_std_imp.c:868: Successfully opened file /vendor/lib/rfsa/adsp/libcvpdsp_skel.so
01-01 11:56:44.452 0 0 E kona-asoc-snd soc: qcom,msm-audio-apr:qcom,q6core-audio:sound: ASoC: no sink widget found for MIC BIAS4
01-01 11:56:44.462 0 0 E kona-asoc-snd soc: qcom,msm-audio-apr:qcom,q6core-audio:sound: ASoC: Failed to add route Analog Mic5 -> direct -> MIC BIAS4
01-01 11:56:44.476 0 0 E kona-asoc-snd soc: qcom,msm-audio-apr:qcom,q6core-audio:sound: ASoC: no source widget found for MIC BIAS3
01-01 11:56:44.484 1444 1481 D LOWI-9.0.0.87.a: [MqClientIpcReciver] FROM: LOCATION-MQ
01-01 11:56:44.484 1444 1481 D LOWI-9.0.0.87.a: [MqClientIpcReciver] INFO: REGISTER-EVENT
01-01 11:56:44.484 1444 1481 D LOWI-9.0.0.87.a: [MqClientIpcReciver] TX-ID: 3
01-01 11:56:44.484 861 952 E IzatSvc_QNP: Exiting with error getInstance line 284 2
01-01 11:56:44.485 861 952 W IzatSvc_ComboNetworkProvider: Failed to initialize to NLP_MODE_QNP_ONLY for Emergency mode
01-01 11:56:44.485 1444 1482 D LOWI-9.0.0.87.a: [LOWIEventReceiver] handleEvent:FROM:LOCATION-MQ, TO:LOWI-SERVER, REQ:NA, IREQ:NA, REQ_ID:0, RESP:NA, INFO:REGISTER-EVENT
01-01 11:56:44.485 1444 1482 D LOWI-9.0.0.87.a: [LOWIEventReceiver] Info to [REGISTER-EVENT]
01-01 11:56:44.485 861 952 I LocSvc_SystemStatusOsObserver: proc:70] SetSubsObj::enter
01-01 11:56:44.485 861 952 E Subscription: sSubscriptionCb NULL !
01-01 11:56:44.485 861 952 E Subscription: sSubscriptionCb NULL !
01-01 11:56:44.485 861 952 I LocSvc_SystemStatusOsObserver: proc:80] SetSubsObj::exit
01-01 11:56:44.485 861 952 E Subscription: sSubscriptionCb NULL !
01-01 11:56:44.486 861 952 E Subscription: sSubscriptionCb NULL !
01-01 11:56:44.486 1456 1502 I LocSvc_api_v02: locClientOpen:2253]: Service instance id is -1
01-01 11:56:44.487 0 0 E kona-asoc-snd soc: qcom,msm-audio-apr:qcom,q6core-audio:sound: ASoC: Failed to add route MIC BIAS3 -> direct -> TX DMIC0
01-01 11:56:44.486 1456 1502 I LocSvc_api_v02: ---> locClientOpenInstance line 2128 loc client open
01-01 11:56:44.486 1444 1481 D LOWI-9.0.0.87.a: [MqClientIpcReciver] FROM: LOCATION-MQ
01-01 11:56:44.486 1444 1481 D LOWI-9.0.0.87.a: [MqClientIpcReciver] INFO: REGISTER-EVENT
01-01 11:56:44.486 1444 1481 D LOWI-9.0.0.87.a: [MqClientIpcReciver] TX-ID: 5
01-01 11:56:44.486 1444 1481 D LOWI-9.0.0.87.a: [MqClientIpcReciver] FROM: LOCATION-MQ
01-01 11:56:44.486 1444 1481 D LOWI-9.0.0.87.a: [MqClientIpcReciver] INFO: REGISTER-EVENT
01-01 11:56:44.486 1444 1481 D LOWI-9.0.0.87.a: [MqClientIpcReciver] TX-ID: 7
01-01 11:56:44.486 1444 1482 D LOWI-9.0.0.87.a: [LOWIEventReceiver] handleEvent:FROM:LOCATION-MQ, TO:LOWI-SERVER, REQ:NA, IREQ:NA, REQ_ID:0, RESP:NA, INFO:REGISTER-EVENT
01-01 11:56:44.487 1444 1482 D LOWI-9.0.0.87.a: [LOWIEventReceiver] Info to [REGISTER-EVENT]
01-01 11:56:44.487 1444 1482 D LOWI-9.0.0.87.a: [LOWIEventReceiver] handleEvent:FROM:LOCATION-MQ, TO:LOWI-SERVER, REQ:NA, IREQ:NA, REQ_ID:0, RESP:NA, INFO:REGISTER-EVENT
01-01 11:56:44.487 861 1509 E IPCMessagingProxy: Exiting with error _process line 159 "3"
01-01 11:56:44.487 1444 1482 D LOWI-9.0.0.87.a: [LOWIEventReceiver] Info to [REGISTER-EVENT]
01-01 11:56:44.487 861 1509 E IzatSvc_IzatManager: Exiting with error handleMsg line 569 "3"
01-01 11:56:44.487 1444 1481 D LOWI-9.0.0.87.a: [MqClientIpcReciver] FROM: LOCATION-MQ
01-01 11:56:44.487 1444 1481 D LOWI-9.0.0.87.a: [MqClientIpcReciver] INFO: REGISTER-EVENT
01-01 11:56:44.487 1444 1481 D LOWI-9.0.0.87.a: [MqClientIpcReciver] TX-ID: 9
01-01 11:56:44.487 1444 1482 D LOWI-9.0.0.87.a: [LOWIEventReceiver] handleEvent:FROM:LOCATION-MQ, TO:LOWI-SERVER, REQ:NA, IREQ:NA, REQ_ID:0, RESP:NA, INFO:REGISTER-EVENT
01-01 11:56:44.487 1444 1482 D LOWI-9.0.0.87.a: [LOWIEventReceiver] Info to [REGISTER-EVENT]
01-01 11:56:44.487 1444 1481 D LOWI-9.0.0.87.a: [MqClientIpcReciver] FROM: FreeWifiScanObserver
01-01 11:56:44.487 1444 1481 D LOWI-9.0.0.87.a: [MqClientIpcReciver] REQ: LOWI_ASYNC_DISCOVERY_SCAN_RESULTS
01-01 11:56:44.487 1444 1482 D LOWI-9.0.0.87.a: [LOWIEventReceiver] handleEvent:FROM:FreeWifiScanObserver, TO:LOWI-SERVER, REQ:LOWI_ASYNC_DISCOVERY_SCAN_RESULTS, IREQ:NA, REQ_ID:0, RESP:NA, INFO:NA
01-01 11:56:44.487 861 1509 E IzatSvc_IzatManager: Exiting with error handleMsg line 569 "3"
01-01 11:56:44.488 861 1509 E IzatSvc_IzatManager: Exiting with error handleMsg line 569 "3"
01-01 11:56:44.488 1444 1482 I LOWI-9.0.0.87.a: [LOWIUtils] inPostcardToRequest - FROM: FreeWifiScanObserver, TO: LOWI-SERVER, REQ: LOWI_ASYNC_DISCOVERY_SCAN_RESULTS
01-01 11:56:44.488 1444 1482 D LOWI-9.0.0.87.a: [LOWIUtils] inPostcardToRequest - Request id(0) REQ_TIMEOUT(14400)
01-01 11:56:44.488 1444 1482 D LOWI-9.0.0.87.a: [LOWIController] _process: Request FreeWifiScanObserver_0 received, type(ASYNC_DISCOVERY_SCAN_RESULTS)
01-01 11:56:44.488 1444 1482 I LOWI-9.0.0.87.a: [LOWIDiagLog] is Logging Enabled for LOWI log code? :0
01-01 11:56:44.488 1444 1482 D LOWI-9.0.0.87.a: [LOWIBackgroundScanMgr] isReqForBgScanMgr: ASYNC_DISCOVERY_SCAN_RESULTS - not handled
01-01 11:56:44.488 1444 1482 D LOWI-9.0.0.87.a: [LOWIScheduler] manageMsg: Request: ASYNC_DISCOVERY_SCAN_RESULTS -- not handled
01-01 11:56:44.488 1444 1482 D LOWI-9.0.0.87.a: [LOWIController] addRequestToAsyncScanRequestList: Add request FreeWifiScanObserver_0 timeout(ms) = 28604488
01-01 11:56:44.488 1444 1482 D LOWI-9.0.0.87.a: [LOWIController] processRequest: Request FreeWifiScanObserver_0 added to async scan list
01-01 11:56:44.491 1151 1151 I system_server_start: [1,39588,39588]
01-01 11:56:44.491 1151 1151 I SystemServer: Entered the Android system server!
01-01 11:56:44.492 1151 1151 I boot_progress_system_run: 39616
01-01 11:56:44.514 1489 1489 D qcc-trd : ro.product.manufacturer = TC
01-01 11:56:44.515 1489 1489 I qcc-trd : isRunWithVndEhcFwk: isRunningWithVendorEnhancedFramework 1
01-01 11:56:44.515 1489 1489 I qcc-trd : isRunWithVndEhcFwk: 1
01-01 11:56:44.516 1489 1489 I qcc-trd : property_set vendor.qti.qdma.enabled 1
01-01 11:56:44.532 1002 1472 I vppservice: vendor/qcom/proprietary/adsprpc/src/apps_std_imp.c:848: Successfully opened file /vendor/dsp/cdsp/libvpp_frc.so
01-01 11:56:44.499 0 0 E kona-asoc-snd soc: qcom,msm-audio-apr:qcom,q6core-audio:sound: ASoC: no sink widget found for MIC BIAS3
01-01 11:56:44.506 0 0 I init : starting service 'vendor.tlocd'...
01-01 11:56:44.510 0 0 E kona-asoc-snd soc: qcom,msm-audio-apr:qcom,q6core-audio:sound: ASoC: Failed to add route Digital Mic0 -> direct -> MIC BIAS3
01-01 11:56:44.523 0 0 E kona-asoc-snd soc: qcom,msm-audio-apr:qcom,q6core-audio:sound: ASoC: no source widget found for MIC BIAS3
01-01 11:56:44.534 0 0 E kona-asoc-snd soc: qcom,msm-audio-apr:qcom,q6core-audio:sound: ASoC: Failed to add route MIC BIAS3 -> direct -> TX DMIC1
01-01 11:56:44.547 0 0 E kona-asoc-snd soc: qcom,msm-audio-apr:qcom,q6core-audio:sound: ASoC: no sink widget found for MIC BIAS3
01-01 11:56:44.558 0 0 E kona-asoc-snd soc: qcom,msm-audio-apr:qcom,q6core-audio:sound: ASoC: Failed to add route Digital Mic1 -> direct -> MIC BIAS3
01-01 11:56:44.571 0 0 E kona-asoc-snd soc: qcom,msm-audio-apr:qcom,q6core-audio:sound: ASoC: no source widget found for MIC BIAS1
01-01 11:56:44.582 0 0 E kona-asoc-snd soc: qcom,msm-audio-apr:qcom,q6core-audio:sound: ASoC: Failed to add route MIC BIAS1 -> direct -> TX DMIC2
01-01 11:56:44.598 1002 1002 E vpp-tunings: u32VppTunings_ReadExternalTunings (337): unable to open file: /mnt/vendor/persist/vpp/tunings.txt, err=2 (No such file or directory)
01-01 11:56:44.602 1002 1002 I vppservice: vendor/qcom/proprietary/adsprpc/src/fastrpc_apps_user.c:1426: remote_handle_close: closed handle 0xbb40d5a0
01-01 11:56:44.602 1002 1472 E vppservice: vendor/qcom/proprietary/adsprpc/src/fastrpc_apps_user.c:1200: Error 0x4e: remote_handle_invoke failed for handle 0x3, method 4 on domain 3 (sc 0x4020200) (errno Operation not permitted)
01-01 11:56:44.603 1002 1472 E vppservice: vendor/qcom/proprietary/adsprpc/src/fastrpc_apps_user.c:1200: Error 0x8000040d: remote_handle_invoke failed for handle 0x3, method 4 on domain 3 (sc 0x4020200) (errno Success)
01-01 11:56:44.604 1002 1472 E vppservice: vendor/qcom/proprietary/adsprpc/src/listener_android.c:221:Error 0x8000040d: listener response with result 0x0 for ctx 0x30e7, handle 0xc68979e8, sc 0xffffffff failed : listener thread exited (errno Success)
01-01 11:56:44.604 1002 1472 E vppservice: vendor/qcom/proprietary/adsprpc/src/fastrpc_apps_user.c:1222: Error 0x8000040d: remote_handle64_invoke failed for handle 0xd9c21590, method 3 on domain 3 (sc 0x3000000) (errno Success)
01-01 11:56:44.595 0 0 E kona-asoc-snd soc: qcom,msm-audio-apr:qcom,q6core-audio:sound: ASoC: no sink widget found for MIC BIAS1
01-01 11:56:44.605 0 0 E kona-asoc-snd soc: qcom,msm-audio-apr:qcom,q6core-audio:sound: ASoC: Failed to add route Digital Mic2 -> direct -> MIC BIAS1
01-01 11:56:44.605 1002 1474 W vppservice: vendor/qcom/proprietary/adsprpc/src/log_config.c:361:Warning: file_watcher_thread received exit for domain 3, file vppservice.farf
01-01 11:56:44.605 1002 1474 I vppservice: vendor/qcom/proprietary/adsprpc/src/log_config.c:408: file_watcher_thread exiting for domain 3
01-01 11:56:44.609 1002 1002 I vppservice: vendor/qcom/proprietary/adsprpc/src/mod_table.c:772: open_mod_table_close: closed reverse module apps_std with handle 0xc68979e8
01-01 11:56:44.609 1002 1002 E vppservice: vendor/qcom/proprietary/adsprpc/src/listener_android.c:64::error: 512: AEE_SUCCESS == (nErr = mod_table_close(handle, errStr, errStrLen, dlErr))
01-01 11:56:44.609 1002 1002 E vppservice: vendor/qcom/proprietary/adsprpc/src/listener_android.c:64::error: 512: AEE_SUCCESS == (nErr = mod_table_close(handle, errStr, errStrLen, dlErr))
01-01 11:56:44.622 1464 1464 I update_engine: [INFO:main.cc(55)] A/B Update Engine starting
01-01 11:56:44.626 1002 1002 I vppservice: vendor/qcom/proprietary/adsprpc/src/fastrpc_apps_user.c:1469: remote_handle64_close: closed handle 0xb400006fd9c21590
01-01 11:56:44.628 1002 1002 E vpp-tunings: u32VppTunings_ReadExternalTunings (337): unable to open file: /mnt/vendor/persist/vpp/tunings.txt, err=2 (No such file or directory)
01-01 11:56:44.628 1002 1002 E vpp-hcp : u32VppIpHcp_BootModule (4187): unable to initialize tunings
01-01 11:56:44.619 0 0 E kona-asoc-snd soc: qcom,msm-audio-apr:qcom,q6core-audio:sound: ASoC: no source widget found for MIC BIAS1
01-01 11:56:44.630 0 0 E kona-asoc-snd soc: qcom,msm-audio-apr:qcom,q6core-audio:sound: ASoC: Failed to add route MIC BIAS1 -> direct -> TX DMIC3
01-01 11:56:44.631 1002 1528 I vppservice: vendor/qcom/proprietary/adsprpc/src/fastrpc_apps_user.c:2636: Successfully opened /vendor/dsp/cdsp/fastrpc_shell_33
01-01 11:56:44.631 1002 1528 I vppservice: vendor/qcom/proprietary/adsprpc/src/fastrpc_config.c:200: Reading configuration file: vppservice.debugconfig
01-01 11:56:44.639 1517 1517 I TLOC : [main ]"TLOC DAEMON main thread"
01-01 11:56:44.640 1517 1517 D TLOC : [TLOCDaemon ]"---------- TLOC Daemon Starts ----------"
01-01 11:56:44.640 1517 1517 D TLOC : [TLOCChannel]"The channel was initialized successfully for TLOCD"
01-01 11:56:44.641 1517 1517 D TLOC : [TLOCChannel]"The channel was initialized successfully for TLOCL"
01-01 11:56:44.641 1517 1517 D TLOC : [TLOCChannel]"The channel was initialized successfully for MODEM"
01-01 11:56:44.641 1517 1517 D TLOC : [TLOCChannel]"TLOCChannel was initialized successfully"
01-01 11:56:44.641 1517 1517 D TLOC : [TLOCChannel] "TLOCChannel is already initialized"
01-01 11:56:44.641 1517 1517 E tloc_daemon: cannot open file:/data/vendor/location/gps.prop
01-01 11:56:44.642 1517 1517 W tloc_daemon: HAL: loc_get_target returned 4
01-01 11:56:44.642 1517 1517 I LocSvc_api_v02: locClientOpen:2253]: Service instance id is -1
01-01 11:56:44.642 1517 1517 I LocSvc_api_v02: ---> locClientOpenInstance line 2128 loc client open
01-01 11:56:44.653 1464 1464 D ProcessState: Binder ioctl to enable oneway spam detection failed: Invalid argument
01-01 11:56:44.654 1464 1464 D hw-ProcessState: Binder ioctl to enable oneway spam detection failed: Invalid argument
01-01 11:56:44.644 0 0 E kona-asoc-snd soc: qcom,msm-audio-apr:qcom,q6core-audio:sound: ASoC: no sink widget found for MIC BIAS1
01-01 11:56:44.645 0 0 I init : starting service 'vendor-sensor-sh'...
01-01 11:56:44.653 0 0 I binder : 1464:1464 ioctl 40046210 7fdb178344 returned -22
01-01 11:56:44.654 0 0 I binder : 1464:1464 ioctl 40046210 7fdb177f44 returned -22
01-01 11:56:44.655 0 0 E kona-asoc-snd soc: qcom,msm-audio-apr:qcom,q6core-audio:sound: ASoC: Failed to add route Digital Mic3 -> direct -> MIC BIAS1
01-01 11:56:44.657 1464 1464 I update_engine: [INFO:boot_control_android.cc(68)] Loaded boot control hidl hal.
01-01 11:56:44.658 1002 1528 I vppservice: vendor/qcom/proprietary/adsprpc/src/fastrpc_apps_user.c:2843: Created user PD on domain 3 (attrs 0x0, debug_trace 0x0)
01-01 11:56:44.660 1002 1528 I vppservice: vendor/qcom/proprietary/adsprpc/src/fastrpc_perf.c:273: fastrpc_perf_init: enabled systrace 0x0 and RPC traces (kernel 0, dsp 0) with frequency 1000
01-01 11:56:44.660 1002 1533 I vppservice: vendor/qcom/proprietary/adsprpc/src/log_config.c:345: file_watcher_thread starting for domain 3
01-01 11:56:44.660 1002 1533 E vppservice: vendor/qcom/proprietary/adsprpc/src/log_config.c:268:Error 0x200: fopen failed for /vendor/lib/rfsa/adsp/vppservice.farf. (No such file or directory)
01-01 11:56:44.660 1002 1533 E vppservice: vendor/qcom/proprietary/adsprpc/src/log_config.c:268:Error 0x200: fopen failed for /vendor/dsp/cdsp/vppservice.farf. (No such file or directory)
01-01 11:56:44.662 1002 1533 E vppservice: vendor/qcom/proprietary/adsprpc/src/log_config.c:268:Error 0x200: fopen failed for /vendor/dsp/vppservice.farf. (No such file or directory)
01-01 11:56:44.663 1464 1464 I update_engine: [INFO:daemon_state_android.cc(44)] Booted in dev mode.
01-01 11:56:44.663 1002 1532 I vppservice: vendor/qcom/proprietary/adsprpc/src/listener_android.c:111: listener thread starting
01-01 11:56:44.668 0 0 E kona-asoc-snd soc: qcom,msm-audio-apr:qcom,q6core-audio:sound: ASoC: no source widget found for MIC BIAS4
01-01 11:56:44.679 0 0 E kona-asoc-snd soc: qcom,msm-audio-apr:qcom,q6core-audio:sound: ASoC: Failed to add route MIC BIAS4 -> direct -> TX DMIC4
01-01 11:56:44.675 1002 1532 I vppservice: vendor/qcom/proprietary/adsprpc/src/mod_table.c:687: open_mod_table_open_from_static: reverse module apps_std opened with handle 0xc68979e8 (idx 0)
01-01 11:56:44.675 1002 1532 I vppservice: vendor/qcom/proprietary/adsprpc/src/mod_table.c:464: is_reverse_handle_opened: reverse module apps_std already found with handle 0xc68979e8 (idx 0)
01-01 11:56:44.675 1002 1532 I vppservice: vendor/qcom/proprietary/adsprpc/src/mod_table.c:687: open_mod_table_open_from_static: reverse module apps_std opened with handle 0xc68979e8 (idx 0)
01-01 11:56:44.676 1464 1464 I update_engine: [INFO:update_attempter_android.cc(1070)] Scheduling CleanupPreviousUpdateAction.
01-01 11:56:44.676 1464 1464 I update_engine: [INFO:action_processor.cc(51)] ActionProcessor: starting CleanupPreviousUpdateAction
01-01 11:56:44.676 1464 1464 I update_engine: [INFO:cleanup_previous_update_action.cc(149)] Starting/resuming CleanupPreviousUpdateAction
01-01 11:56:44.676 1464 1464 I update_engine: [INFO:cleanup_previous_update_action.cc(124)] CleanupPreviousUpdateAction scheduled task ID 1 for WaitBootCompleted
01-01 11:56:44.687 1002 1532 E vppservice: vendor/qcom/proprietary/adsprpc/src/listener_android.c:64::error: 512: AEE_SUCCESS == (nErr = mod_table_close(handle, errStr, errStrLen, dlErr))
01-01 11:56:44.688 1002 1532 I vppservice: vendor/qcom/proprietary/adsprpc/src/apps_std_imp.c:848: Successfully opened file /vendor/dsp/cdsp/libhcp_rpc_skel.so
01-01 11:56:44.687 0 0 I init : Command 'class_start late_start' action=nonencrypted (/system/etc/init/hw/init.rc:1119) took 956ms and succeeded
01-01 11:56:44.692 0 0 I init : Service 'nqnfcinfo' (pid 1384) exited with status 1 oneshot service took 0.941000 seconds in background
01-01 11:56:44.692 0 0 I init : Sending signal 9 to service 'nqnfcinfo' (pid 1384) process group...
01-01 11:56:44.692 0 0 E kona-asoc-snd soc: qcom,msm-audio-apr:qcom,q6core-audio:sound: ASoC: no sink widget found for MIC BIAS4
01-01 11:56:44.692 0 0 I libprocessgroup: Successfully killed process cgroup uid 1000 pid 1384 in 0ms
01-01 11:56:44.703 0 0 E kona-asoc-snd soc: qcom,msm-audio-apr:qcom,q6core-audio:sound: ASoC: Failed to add route Digital Mic4 -> direct -> MIC BIAS4
01-01 11:56:44.713 1002 1528 I vppservice: vendor/qcom/proprietary/adsprpc/src/fastrpc_apps_user.c:1401: remote_handle64_open: Successfully opened handle 0xd9c213d0 for file:///libhcp_rpc_skel.so?hcp_rpc_skel_handle_invoke&_modver=1.0&_dom=cdsp on domain 3
01-01 11:56:44.714 1002 1528 E vpp-hcp : u32VppIpHcp_TuningLoad (522): pstGlobal->pvTunings is null. Returning: VPP_OK
01-01 11:56:44.715 1002 1528 E vpp-hcp : bVppIpHcp_IsTuningLoadComplete (666): pstGlobal->pvTunings is null. Returning: VPP_TRUE
01-01 11:56:44.706 0 0 I init : Service 'usbd' (pid 1477) exited with status 0 oneshot service took 0.366000 seconds in background
01-01 11:56:44.715 1331 1331 E ThermalEngine: thermal_monitor_init_data: ERROR Uknown device
01-01 11:56:44.716 1331 1331 E ThermalEngine: ss_init_data: ERROR Uknown device
01-01 11:56:44.716 1331 1331 I ThermalEngine: Loading config file for virtual sensor
01-01 11:56:44.716 1331 1331 I ThermalEngine: Loading configuration file /vendor/etc/thermal-engine.conf
01-01 11:56:44.716 1504 1504 I QFP : printVersionString: Last commit timestamp: 211.226.114.456.aa15b1a
01-01 11:56:44.716 0 0 E kona-asoc-snd soc: qcom,msm-audio-apr:qcom,q6core-audio:sound: ASoC: no source widget found for MIC BIAS4
01-01 11:56:44.716 1504 1504 I QFP : printVersionString: QFP HLOS VERSION 011.003.P00.002.028.211.226.114.456.aa15b1a
01-01 11:56:44.716 1504 1504 I QFP : printVersionString: using vendor code 0 and sub vendor code 0
01-01 11:56:44.716 1504 1504 I QFP : getPersistPropVal: persist.vendor.qfp = true (default false)
01-01 11:56:44.717 1504 1504 I QFP : getPersistPropVal: persist.vendor.qfp.enable_ntz = 0 (default 0)
01-01 11:56:44.717 1504 1504 I QFP : getPersistPropVal: persist.vendor.qfp.def_act_con = 1 (default 1)
01-01 11:56:44.717 1504 1504 I QFP : getPersistPropVal: persist.vendor.qfp.force_num_con = 0 (default 0)
01-01 11:56:44.717 1504 1504 I QFP : initContainers: init containers, vendorcode 0 numContainers 1 numHandles 1
01-01 11:56:44.717 1504 1504 I QFP : getPersistPropVal: persist.vendor.qfp.enable_ipc = 1 (default 1)
01-01 11:56:44.717 1504 1504 I QFP : instantiate: enabling ipc irq
01-01 11:56:44.717 1504 1504 I QFP : enableIPCIrq: entry with enable 1 and mIpcEnable 0
01-01 11:56:44.717 1504 1504 I QFP : getPersistPropVal: persist.vendor.qfp.qbt_fd_name = /dev/qbt_fd (default /dev/qbt_fd)
01-01 11:56:44.717 1504 1504 I QFP : getPersistPropVal: persist.vendor.qfp.qbt_ipc_name = /dev/qbt_ipc (default /dev/qbt_ipc)
01-01 11:56:44.717 1504 1504 E QFP : Dropping unsupported QBT command
01-01 11:56:44.718 1504 1504 I QFP : enableFDIrq: entry with enable 0 and mFdEnable 0
01-01 11:56:44.718 1504 1504 I QFP : getPersistPropVal: persist.vendor.qfp.force_num_con = 0 (default 0)
01-01 11:56:44.718 1504 1504 I QFP : notifyPowerState: 2
01-01 11:56:44.718 1504 1504 I QFP : notifyPowerState: 2
01-01 11:56:44.718 1504 1504 I QFP : notifyPowerState: 2
01-01 11:56:44.718 1504 1504 I QFP : notifyPowerState: screen state 2
01-01 11:56:44.721 1331 1331 I ThermalEngine: Parsing section global
01-01 11:56:44.721 1331 1331 E ThermalEngine: virtual_sensors_init: Error getting virtual sensors set
01-01 11:56:44.721 1331 1331 I ThermalEngine: Loading configuration file /vendor/etc/thermal-engine.conf
01-01 11:56:44.721 1331 1331 I ThermalEngine: Parsing section global
01-01 11:56:44.722 1331 1331 E ThermalEngine: Failed to setup at least one sensor for monitoring
01-01 11:56:44.722 1331 1331 I ThermalEngine: ss_algo_init: No SS's configured.
01-01 11:56:44.722 1331 1331 E ThermalEngine: open/sys/module/msm_thermal/parameters/enabled failed2
01-01 11:56:44.724 1331 1545 I ThermalEngine: limits_write_data_to_partition: thread exit
01-01 11:56:44.727 1504 1543 I QFP : Initializing QFP framework, container 0 handle 0
01-01 11:56:44.728 1504 1543 D QSEECOMAPI: QSEECom_get_handle sb_length = 0x40000
01-01 11:56:44.716 0 0 I init : Sending signal 9 to service 'usbd' (pid 1477) process group...
01-01 11:56:44.729 1504 1543 D QSEECOMAPI: App is not loaded in QSEE
01-01 11:56:44.717 0 0 D qbt : qbt_open: entry minor_no=0 fd_available=1
01-01 11:56:44.717 0 0 D qbt : qbt_open: exit : 0 fd_available=0
01-01 11:56:44.729 1002 1002 I HidlServiceManagement: Registered vendor.qti.hardware.vpp@1.3::IHidlVppService/vppService (start delay of 4954ms)
01-01 11:56:44.717 0 0 D qbt : qbt_open: entry minor_no=1 fd_available=0
01-01 11:56:44.717 0 0 D qbt : qbt_open: exit : 0 fd_available=0
01-01 11:56:44.733 1002 1002 I vpp-ipc_service: dynamic hal is disabled
01-01 11:56:44.717 0 0 D qbt : qbt_ioctl: cmd received 102
01-01 11:56:44.718 0 0 D qbt : qbt_ioctl: qbt_ioctl: QBT_ENABLE_IPC
01-01 11:56:44.739 1504 1543 D QSEECOMAPI: app_arch = 2, total_files = 9
01-01 11:56:44.740 1504 1543 E ion : ioctl c0044901 failed with code -1: Inappropriate ioctl for device
01-01 11:56:44.726 0 0 E kona-asoc-snd soc: qcom,msm-audio-apr:qcom,q6core-audio:sound: ASoC: Failed to add route MIC BIAS4 -> direct -> TX DMIC5
01-01 11:56:44.727 0 0 I libprocessgroup: Successfully killed process cgroup uid 0 pid 1477 in 0ms
01-01 11:56:44.727 0 0 D qbt : qbt_ioctl: cmd received 107
01-01 11:56:44.727 0 0 D qbt : qbt_ioctl: Acquiring wakelock
01-01 11:56:44.739 0 0 E kona-asoc-snd soc: qcom,msm-audio-apr:qcom,q6core-audio:sound: ASoC: no sink widget found for MIC BIAS4
01-01 11:56:44.744 506 1393 W libc : Unable to set property "ctl.interface_start" to "android.hardware.camera.provider@2.4::ICameraProvider/legacy/0": error code: 0x20
01-01 11:56:44.745 506 1393 I hwservicemanager: Tried to start android.hardware.camera.provider@2.4::ICameraProvider/legacy/0 as a lazy service, but was unable to. Usually this happens when a service is not installed, but if the service is intended to be used as a lazy service, then it may be configured incorrectly.
01-01 11:56:44.750 0 0 E kona-asoc-snd soc: qcom,msm-audio-apr:qcom,q6core-audio:sound: ASoC: Failed to add route Digital Mic5 -> direct -> MIC BIAS4
01-01 11:56:44.781 1382 1382 W libc : Unable to set property "ctl.stop" to "vendor.qcrild": error code: 0x20
01-01 11:56:44.785 506 1490 W libc : Unable to set property "ctl.interface_start" to "android.frameworks.sensorservice@1.0::ISensorManager/default": error code: 0x20
01-01 11:56:44.763 0 0 E kona-asoc-snd soc: qcom,msm-audio-apr:qcom,q6core-audio:sound: ASoC: no sink widget found for IN1_HPHL
01-01 11:56:44.774 0 0 E kona-asoc-snd soc: qcom,msm-audio-apr:qcom,q6core-audio:sound: ASoC: Failed to add route HPHL_OUT -> direct -> IN1_HPHL
01-01 11:56:44.785 506 1490 I hwservicemanager: Tried to start android.frameworks.sensorservice@1.0::ISensorManager/default as a lazy service, but was unable to. Usually this happens when a service is not installed, but if the service is intended to be used as a lazy service, then it may be configured incorrectly.
01-01 11:56:44.789 506 1492 W libc : Unable to set property "ctl.interface_start" to "android.frameworks.sensorservice@1.0::ISensorManager/default": error code: 0x20
01-01 11:56:44.789 506 1492 I hwservicemanager: Tried to start android.frameworks.sensorservice@1.0::ISensorManager/default as a lazy service, but was unable to. Usually this happens when a service is not installed, but if the service is intended to be used as a lazy service, then it may be configured incorrectly.
01-01 11:56:44.792 506 1493 W libc : Unable to set property "ctl.interface_start" to "android.frameworks.sensorservice@1.0::ISensorManager/default": error code: 0x20
01-01 11:56:44.792 506 1493 I hwservicemanager: Tried to start android.frameworks.sensorservice@1.0::ISensorManager/default as a lazy service, but was unable to. Usually this happens when a service is not installed, but if the service is intended to be used as a lazy service, then it may be configured incorrectly.
01-01 11:56:44.794 506 1495 W libc : Unable to set property "ctl.interface_start" to "android.frameworks.sensorservice@1.0::ISensorManager/default": error code: 0x20
01-01 11:56:44.787 0 0 E kona-asoc-snd soc: qcom,msm-audio-apr:qcom,q6core-audio:sound: ASoC: no sink widget found for IN2_HPHR
01-01 11:56:44.794 506 1495 I hwservicemanager: Tried to start android.frameworks.sensorservice@1.0::ISensorManager/default as a lazy service, but was unable to. Usually this happens when a service is not installed, but if the service is intended to be used as a lazy service, then it may be configured incorrectly.
01-01 11:56:44.797 0 0 E kona-asoc-snd soc: qcom,msm-audio-apr:qcom,q6core-audio:sound: ASoC: Failed to add route HPHR_OUT -> direct -> IN2_HPHR
01-01 11:56:44.810 0 0 E kona-asoc-snd soc: qcom,msm-audio-apr:qcom,q6core-audio:sound: ASoC: no sink widget found for IN3_AUX
01-01 11:56:44.821 0 0 E kona-asoc-snd soc: qcom,msm-audio-apr:qcom,q6core-audio:sound: ASoC: Failed to add route AUX_OUT -> direct -> IN3_AUX
01-01 11:56:44.841 1550 1550 I adbd : persist.adb.watchdog set to ''
01-01 11:56:44.842 1550 1550 I adbd : persist.sys.test_harness set to ''
01-01 11:56:44.842 1550 1550 I adbd : adb watchdog timeout set to 600 seconds
01-01 11:56:44.834 0 0 E kona-asoc-snd soc: qcom,msm-audio-apr:qcom,q6core-audio:sound: ASoC: no source widget found for ADC1_OUTPUT
01-01 11:56:44.845 0 0 E kona-asoc-snd soc: qcom,msm-audio-apr:qcom,q6core-audio:sound: ASoC: Failed to add route ADC1_OUTPUT -> direct -> TX SWR_ADC0
01-01 11:56:44.847 1550 1550 I adbd : adbd started
01-01 11:56:44.847 1550 1560 I adbd : opening control endpoint /dev/usb-ffs/adb/ep0
01-01 11:56:44.853 1550 1558 I adbd : Waiting for persist.adb.tls_server.enable=1
01-01 11:56:44.848 0 0 I : read descriptors
01-01 11:56:44.858 0 0 E kona-asoc-snd soc: qcom,msm-audio-apr:qcom,q6core-audio:sound: ASoC: no source widget found for ADC2_OUTPUT
01-01 11:56:44.869 0 0 E kona-asoc-snd soc: qcom,msm-audio-apr:qcom,q6core-audio:sound: ASoC: Failed to add route ADC2_OUTPUT -> direct -> TX SWR_ADC1
01-01 11:56:44.875 0 0 I : read strings
01-01 11:56:44.883 0 0 E kona-asoc-snd soc: qcom,msm-audio-apr:qcom,q6core-audio:sound: ASoC: no source widget found for ADC3_OUTPUT
01-01 11:56:44.883 0 0 I capability: warning: `msm_irqbalance' uses 32-bit capabilities (legacy support in use)
01-01 11:56:44.894 0 0 E kona-asoc-snd soc: qcom,msm-audio-apr:qcom,q6core-audio:sound: ASoC: Failed to add route ADC3_OUTPUT -> direct -> TX SWR_ADC2
01-01 11:56:44.906 1444 1475 D LOWI-9.0.0.87.a: [LOWINetlinkSocketReceiver] unpackRTMLinkMessage: RTM_NEWLINK - ifname vlan0, flags 0x1003 ([UP])
01-01 11:56:44.906 1550 1560 I adbd : UsbFfsConnection constructed
01-01 11:56:44.905 0 0 I IPv6 : ADDRCONF(NETDEV_UP): vlan0: link is not ready
01-01 11:56:44.907 0 0 E kona-asoc-snd soc: qcom,msm-audio-apr:qcom,q6core-audio:sound: ASoC: no source widget found for ADC4_OUTPUT
01-01 11:56:44.913 1554 1554 I MSM-irqbalance: msm-irq_balance (1.3) initialized
01-01 11:56:44.913 1554 1554 I MSM-irqbalance: Configuration
01-01 11:56:44.913 1554 1554 I MSM-irqbalance: Rate: 0.2 Hz
01-01 11:56:44.913 1554 1554 I MSM-irqbalance: Decay Factor: 75.0
01-01 11:56:44.913 1554 1554 I MSM-irqbalance: Balancing Factor: 0.1
01-01 11:56:44.913 1554 1554 I MSM-irqbalance: Debug Log: OFF
01-01 11:56:44.913 1554 1554 I MSM-irqbalance: Cfg file: /system/vendor/etc/msm_irqbalance.conf
01-01 11:56:44.913 1554 1554 I MSM-irqbalance: CPU PRIO: CPU0: 1 CPU1: 1 CPU2: 1 CPU3: 1 CPU4: 0 CPU5: 0 CPU6: 0 CPU7: 0
01-01 11:56:44.913 1554 1554 I MSM-irqbalance: Ignored IRQs: 3 7 5
01-01 11:56:44.919 0 0 I : ip (1555) used greatest stack depth: 9736 bytes left
01-01 11:56:44.919 0 0 E kona-asoc-snd soc: qcom,msm-audio-apr:qcom,q6core-audio:sound: ASoC: Failed to add route ADC4_OUTPUT -> direct -> TX SWR_ADC3
01-01 11:56:44.927 1550 1567 I adbd : UsbFfs-monitor thread spawned
01-01 11:56:44.935 1550 1567 I adbd : USB event: FUNCTIONFS_BIND
01-01 11:56:44.949 809 809 D audio_hw_utils: audio_extn_utils_open_snd_mixer: retry, retry_num 6
01-01 11:56:44.932 0 0 E kona-asoc-snd soc: qcom,msm-audio-apr:qcom,q6core-audio:sound: ASoC: no source widget found for DMIC1_OUTPUT
01-01 11:56:44.943 0 0 E kona-asoc-snd soc: qcom,msm-audio-apr:qcom,q6core-audio:sound: ASoC: Failed to add route DMIC1_OUTPUT -> direct -> TX SWR_DMIC0
01-01 11:56:44.940 1568 1568 I auditd : type=1400 audit(0.0:38): avc: denied { read } for comm="ip" name="rt_tables" dev="dm-10" ino=352 scontext=u:r:ethernet:s0 tcontext=u:object_r:net_data_file:s0 tclass=file permissive=0
01-01 11:56:44.940 1568 1568 W ip : type=1400 audit(0.0:38): avc: denied { read } for name="rt_tables" dev="dm-10" ino=352 scontext=u:r:ethernet:s0 tcontext=u:object_r:net_data_file:s0 tclass=file permissive=0
01-01 11:56:44.965 1561 1561 E Diag_Lib: qpLogDiagInit <== result : 1
01-01 11:56:44.966 1561 1561 E Diag_Lib: DATAD : gIsQXDMDisabled 0, gIsADBDisabled 1, gIsDebugDisabled 0, gIsIMSLogsDisabled 0
01-01 11:56:44.966 1561 1561 E Diag_Lib: [IMS_DataD] imsdatad.c | 5463 | | 1561 |DATAD#$$#0#DATAD STARTED
01-01 11:56:44.957 0 0 E kona-asoc-snd soc: qcom,msm-audio-apr:qcom,q6core-audio:sound: ASoC: no source widget found for DMIC2_OUTPUT
01-01 11:56:44.973 1565 1565 I livelock: started
01-01 11:56:44.968 0 0 E kona-asoc-snd soc: qcom,msm-audio-apr:qcom,q6core-audio:sound: ASoC: Failed to add route DMIC2_OUTPUT -> direct -> TX SWR_DMIC1
01-01 11:56:44.982 0 0 E kona-asoc-snd soc: qcom,msm-audio-apr:qcom,q6core-audio:sound: ASoC: no source widget found for DMIC3_OUTPUT
01-01 11:56:44.984 1565 1565 W livelock: [khungtaskd] not configurable
01-01 11:56:44.988 1565 1565 I livelock: ro.config.low_ram=false
01-01 11:56:44.988 1565 1565 I livelock: ro.llk.sysrq_t=true
01-01 11:56:44.988 1565 1565 I livelock: ro.llk.enable=true
01-01 11:56:44.988 1565 1565 I livelock: ro.khungtask.enable=true
01-01 11:56:44.988 1565 1565 I livelock: ro.llk.mlockall=true
01-01 11:56:44.988 1565 1565 I livelock: ro.llk.killtest=true
01-01 11:56:44.988 1565 1565 I livelock: ro.khungtask.timeout=720s
01-01 11:56:44.988 1565 1565 I livelock: ro.llk.timeout_ms=600.000s
01-01 11:56:44.988 1565 1565 I livelock: ro.llk.D.timeout_ms=600.000s
01-01 11:56:44.988 1565 1565 I livelock: ro.llk.Z.timeout_ms=600.000s
01-01 11:56:44.988 1565 1565 I livelock: ro.llk.stack.timeout_ms=600.000s
01-01 11:56:44.988 1565 1565 I livelock: ro.llk.check_ms=120.000s
01-01 11:56:44.988 1565 1565 I livelock: ro.llk.stack=wait_on_page_bit_killable,bit_wait_io,__get_user_pages,cma_alloc
01-01 11:56:44.988 1565 1565 I livelock: ro.llk.ignorelist.process.stack=apexd,ueventd,keystore2,llkd,lmkd.llkd,keystore,init
01-01 11:56:44.988 1565 1565 I livelock: ro.llk.ignorelist.process=[watchdog/5],[watchdog/3],[watchdog/2],[watchdog/6],[watchdogd/0],2,[watchdogd],watchdogd,[watchdog/4],llkd,lmkd,[kthreadd],init,[khungtaskd],[watchdog/1],1565,1,[watchdog/7],0
01-01 11:56:44.988 1565 1565 I livelock: ro.llk.ignorelist.parent=[kthreadd],2,0,adbd&[setsid]
01-01 11:56:44.988 1565 1565 I livelock: ro.llk.ignorelist.uid=
01-01 11:56:44.993 0 0 E kona-asoc-snd soc: qcom,msm-audio-apr:qcom,q6core-audio:sound: ASoC: Failed to add route DMIC3_OUTPUT -> direct -> TX SWR_DMIC2
01-01 11:56:44.988 1570 1570 I auditd : type=1400 audit(0.0:39): avc: denied { read } for comm="ip" name="rt_tables" dev="dm-10" ino=352 scontext=u:r:ethernet:s0 tcontext=u:object_r:net_data_file:s0 tclass=file permissive=0
01-01 11:56:44.988 1570 1570 W ip : type=1400 audit(0.0:39): avc: denied { read } for name="rt_tables" dev="dm-10" ino=352 scontext=u:r:ethernet:s0 tcontext=u:object_r:net_data_file:s0 tclass=file permissive=0
01-01 11:56:45.007 0 0 E kona-asoc-snd soc: qcom,msm-audio-apr:qcom,q6core-audio:sound: ASoC: no source widget found for DMIC4_OUTPUT
01-01 11:56:45.013 0 0 I android_work: did not send uevent (0 0 0000000000000000)
01-01 11:56:45.018 0 0 E kona-asoc-snd soc: qcom,msm-audio-apr:qcom,q6core-audio:sound: ASoC: Failed to add route DMIC4_OUTPUT -> direct -> TX SWR_DMIC3
01-01 11:56:45.029 1151 1151 E UsbAlsaJackDetectorJNI: Can't register UsbAlsaJackDetector native methods
01-01 11:56:45.031 0 0 E kona-asoc-snd soc: qcom,msm-audio-apr:qcom,q6core-audio:sound: ASoC: no source widget found for DMIC5_OUTPUT
01-01 11:56:45.043 0 0 E kona-asoc-snd soc: qcom,msm-audio-apr:qcom,q6core-audio:sound: ASoC: Failed to add route DMIC5_OUTPUT -> direct -> TX SWR_DMIC4
01-01 11:56:45.052 1151 1151 I SystemServerInitThreadPool: Creating instance with 8 threads
01-01 11:56:45.056 1444 1475 D LOWI-9.0.0.87.a: [LOWINetlinkSocketReceiver] unpackRTMLinkMessage: RTM_NEWLINK - ifname eth0, flags 0x1003 ([UP])
01-01 11:56:45.057 1444 1475 D LOWI-9.0.0.87.a: [LOWINetlinkSocketReceiver] unpackRTMLinkMessage: RTM_NEWLINK - ifname vlan1, flags 0x1002 ()
01-01 11:56:45.056 0 0 E kona-asoc-snd soc: qcom,msm-audio-apr:qcom,q6core-audio:sound: ASoC: no source widget found for DMIC6_OUTPUT
01-01 11:56:45.068 0 0 E kona-asoc-snd soc: qcom,msm-audio-apr:qcom,q6core-audio:sound: ASoC: Failed to add route DMIC6_OUTPUT -> direct -> TX SWR_DMIC5
01-01 11:56:45.087 655 667 I mpu_uart: [MSG-P:R]:recv sync frame timeout
01-01 11:56:45.081 0 0 E kona-asoc-snd soc: qcom,msm-audio-apr:qcom,q6core-audio:sound: ASoC: no source widget found for DMIC7_OUTPUT
01-01 11:56:45.092 0 0 E kona-asoc-snd soc: qcom,msm-audio-apr:qcom,q6core-audio:sound: ASoC: Failed to add route DMIC7_OUTPUT -> direct -> TX SWR_DMIC6
01-01 11:56:45.103 809 879 D audio_hw_utils: audio_extn_utils_open_snd_mixer: retry, retry_num 2
01-01 11:56:45.111 655 668 I mpu_uart: [MSG-P:RECV]:No message received in 1000 ms
01-01 11:56:45.106 0 0 E kona-asoc-snd soc: qcom,msm-audio-apr:qcom,q6core-audio:sound: ASoC: no source widget found for DMIC8_OUTPUT
01-01 11:56:45.114 0 0 E msm-dwc3 a600000.ssusb: Could not get usb psy
01-01 11:56:45.117 0 0 E kona-asoc-snd soc: qcom,msm-audio-apr:qcom,q6core-audio:sound: ASoC: Failed to add route DMIC8_OUTPUT -> direct -> TX SWR_DMIC7
01-01 11:56:45.137 0 0 E kona-asoc-snd soc: qcom,msm-audio-apr:qcom,q6core-audio:sound: ASoC: no sink widget found for SpkrLeft IN
01-01 11:56:45.148 0 0 E kona-asoc-snd soc: qcom,msm-audio-apr:qcom,q6core-audio:sound: ASoC: Failed to add route WSA_SPK1 OUT -> direct -> SpkrLeft IN
01-01 11:56:45.161 0 0 E kona-asoc-snd soc: qcom,msm-audio-apr:qcom,q6core-audio:sound: ASoC: no sink widget found for SpkrRight IN
01-01 11:56:45.172 0 0 E kona-asoc-snd soc: qcom,msm-audio-apr:qcom,q6core-audio:sound: ASoC: Failed to add route WSA_SPK2 OUT -> direct -> SpkrRight IN
01-01 11:56:45.186 0 0 E kona-asoc-snd soc: qcom,msm-audio-apr:qcom,q6core-audio:sound: ASoC: no sink widget found for VA MIC BIAS3
01-01 11:56:45.197 0 0 E kona-asoc-snd soc: qcom,msm-audio-apr:qcom,q6core-audio:sound: ASoC: Failed to add route Digital Mic0 -> direct -> VA MIC BIAS3
01-01 11:56:45.209 0 0 E msm-dwc3 a600000.ssusb: Could not get usb psy
01-01 11:56:45.210 0 0 E kona-asoc-snd soc: qcom,msm-audio-apr:qcom,q6core-audio:sound: ASoC: no sink widget found for VA MIC BIAS3
01-01 11:56:45.226 0 0 E kona-asoc-snd soc: qcom,msm-audio-apr:qcom,q6core-audio:sound: ASoC: Failed to add route Digital Mic1 -> direct -> VA MIC BIAS3
01-01 11:56:45.240 0 0 E kona-asoc-snd soc: qcom,msm-audio-apr:qcom,q6core-audio:sound: ASoC: no sink widget found for VA MIC BIAS4
01-01 11:56:45.251 0 0 E kona-asoc-snd soc: qcom,msm-audio-apr:qcom,q6core-audio:sound: ASoC: Failed to add route Digital Mic4 -> direct -> VA MIC BIAS4
01-01 11:56:45.264 0 0 E kona-asoc-snd soc: qcom,msm-audio-apr:qcom,q6core-audio:sound: ASoC: no sink widget found for VA MIC BIAS4
01-01 11:56:45.264 0 0 I android_work: sent uevent USB_STATE=CONNECTED
01-01 11:56:45.275 0 0 E kona-asoc-snd soc: qcom,msm-audio-apr:qcom,q6core-audio:sound: ASoC: Failed to add route Digital Mic5 -> direct -> VA MIC BIAS4
01-01 11:56:45.278 1550 1562 I adbd : jdwp connection from 1151
01-01 11:56:45.288 0 0 E kona-asoc-snd soc: qcom,msm-audio-apr:qcom,q6core-audio:sound: ASoC: no source widget found for VA MIC BIAS3
01-01 11:56:45.292 0 0 I configfs-gadget gadget: high-speed config #1: b
01-01 11:56:45.300 0 0 E kona-asoc-snd soc: qcom,msm-audio-apr:qcom,q6core-audio:sound: ASoC: Failed to add route VA MIC BIAS3 -> direct -> VA DMIC0
01-01 11:56:45.302 1550 1567 I adbd : USB event: FUNCTIONFS_ENABLE
01-01 11:56:45.309 1550 1588 I adbd : UsbFfs-worker thread spawned
01-01 11:56:45.303 0 0 E msm-dwc3 a600000.ssusb: Could not get usb psy
01-01 11:56:45.313 0 0 E kona-asoc-snd soc: qcom,msm-audio-apr:qcom,q6core-audio:sound: ASoC: no source widget found for VA MIC BIAS3
01-01 11:56:45.320 0 0 I android_work: sent uevent USB_STATE=CONFIGURED
01-01 11:56:45.329 0 0 E kona-asoc-snd soc: qcom,msm-audio-apr:qcom,q6core-audio:sound: ASoC: Failed to add route VA MIC BIAS3 -> direct -> VA DMIC1
01-01 11:56:45.342 0 0 E kona-asoc-snd soc: qcom,msm-audio-apr:qcom,q6core-audio:sound: ASoC: no source widget found for VA MIC BIAS4
01-01 11:56:45.354 0 0 E kona-asoc-snd soc: qcom,msm-audio-apr:qcom,q6core-audio:sound: ASoC: Failed to add route VA MIC BIAS4 -> direct -> VA DMIC4
01-01 11:56:45.367 0 0 E kona-asoc-snd soc: qcom,msm-audio-apr:qcom,q6core-audio:sound: ASoC: no source widget found for VA MIC BIAS4
01-01 11:56:45.378 0 0 E kona-asoc-snd soc: qcom,msm-audio-apr:qcom,q6core-audio:sound: ASoC: Failed to add route VA MIC BIAS4 -> direct -> VA DMIC5
01-01 11:56:45.412 1447 1486 W HidlServiceManagement: Waited one second for android.frameworks.sensorservice@1.0::ISensorManager/default
01-01 11:56:45.413 506 506 I hwservicemanager: Since android.frameworks.sensorservice@1.0::ISensorManager/default is not registered, trying to start it as a lazy HAL.
01-01 11:56:45.413 1447 1486 I HidlServiceManagement: getService: Trying again for android.frameworks.sensorservice@1.0::ISensorManager/default...
01-01 11:56:45.391 0 0 E kona-asoc-snd soc: qcom,msm-audio-apr:qcom,q6core-audio:sound: ASoC: no source widget found for ADC1_OUTPUT
01-01 11:56:45.402 0 0 E kona-asoc-snd soc: qcom,msm-audio-apr:qcom,q6core-audio:sound: ASoC: Failed to add route ADC1_OUTPUT -> direct -> VA SWR_ADC0
01-01 11:56:45.416 1447 1447 W HidlServiceManagement: Waited one second for android.frameworks.sensorservice@1.0::ISensorManager/default
01-01 11:56:45.416 506 506 I hwservicemanager: Since android.frameworks.sensorservice@1.0::ISensorManager/default is not registered, trying to start it as a lazy HAL.
01-01 11:56:45.417 1447 1447 I HidlServiceManagement: getService: Trying again for android.frameworks.sensorservice@1.0::ISensorManager/default...
01-01 11:56:45.418 506 1594 W libc : Unable to set property "ctl.interface_start" to "android.frameworks.sensorservice@1.0::ISensorManager/default": error code: 0x20
01-01 11:56:45.418 506 1594 I hwservicemanager: Tried to start android.frameworks.sensorservice@1.0::ISensorManager/default as a lazy service, but was unable to. Usually this happens when a service is not installed, but if the service is intended to be used as a lazy service, then it may be configured incorrectly.
01-01 11:56:45.418 506 1595 W libc : Unable to set property "ctl.interface_start" to "android.frameworks.sensorservice@1.0::ISensorManager/default": error code: 0x20
01-01 11:56:45.419 506 1595 I hwservicemanager: Tried to start android.frameworks.sensorservice@1.0::ISensorManager/default as a lazy service, but was unable to. Usually this happens when a service is not installed, but if the service is intended to be used as a lazy service, then it may be configured incorrectly.
01-01 11:56:45.416 0 0 E kona-asoc-snd soc: qcom,msm-audio-apr:qcom,q6core-audio:sound: ASoC: no source widget found for ADC2_OUTPUT
01-01 11:56:45.427 0 0 E kona-asoc-snd soc: qcom,msm-audio-apr:qcom,q6core-audio:sound: ASoC: Failed to add route ADC2_OUTPUT -> direct -> VA SWR_ADC1
01-01 11:56:45.440 0 0 E kona-asoc-snd soc: qcom,msm-audio-apr:qcom,q6core-audio:sound: ASoC: no source widget found for ADC3_OUTPUT
01-01 11:56:45.451 0 0 E kona-asoc-snd soc: qcom,msm-audio-apr:qcom,q6core-audio:sound: ASoC: Failed to add route ADC3_OUTPUT -> direct -> VA SWR_ADC2
