01-01 11:56:24.828 0 0 I NET : Registered protocol family 17
01-01 11:56:24.832 0 0 I NET : Registered protocol family 15
01-01 11:56:24.837 0 0 I can : controller area network core (rev 20170425 abi 9)
01-01 11:56:24.844 0 0 I NET : Registered protocol family 29
01-01 11:56:24.849 0 0 I can : raw protocol (rev 20170425)
01-01 11:56:24.853 0 0 I can : broadcast manager protocol (rev 20170425 t)
01-01 11:56:24.859 0 0 I can : netlink gateway (rev 20170425) max_hops=1
01-01 11:56:24.865 0 0 I l2tp_core: L2TP core driver, V2.0
01-01 11:56:24.870 0 0 I l2tp_ppp: PPPoL2TP kernel driver, V2.0
01-01 11:56:24.875 0 0 I l2tp_ip : L2TP IP encapsulation support (L2TPv3)
01-01 11:56:24.881 0 0 I l2tp_netlink: L2TP netlink interface
01-01 11:56:24.885 0 0 I l2tp_eth: L2TP ethernet pseudowire support (L2TPv3)
01-01 11:56:24.892 0 0 I l2tp_debugfs: L2TP debugfs support
01-01 11:56:24.896 0 0 I l2tp_ip6: L2TP IP encapsulation support for IPv6 (L2TPv3)
01-01 11:56:24.903 0 0 I 8021q : 802.1Q VLAN Support v1.8
01-01 11:56:24.908 0 0 I sctp : Hash tables configured (bind 32/46)
01-01 11:56:24.914 0 0 I : Key type dns_resolver registered
01-01 11:56:24.920 0 0 E register_client_adhoc: find path.src 1 dest 589
01-01 11:56:24.920 0 0 E register_client_adhoc: Failed to find path.src 1 dest 589
01-01 11:56:24.928 0 0 E : minidump-id not found for npu
01-01 11:56:24.939 0 0 I subsys-pil-tz 9800000.qcom,npu: for npu segments only will be dumped.
01-01 11:56:24.947 0 0 I subsys-pil-tz 9800000.qcom,npu: for md_npu segments only will be dumped.
01-01 11:56:24.959 0 0 I platform 3d6a000.qcom,gmu: Linked as a consumer to regulator.69
01-01 11:56:24.967 0 0 I platform 3d6a000.qcom,gmu: Linked as a consumer to regulator.70
01-01 11:56:24.975 0 0 I platform 3d6a000.qcom,gmu: gmu_user: Linked as a consumer to 3da0000.kgsl-smmu
01-01 11:56:24.984 0 0 I iommu : Adding device 3d6a000.qcom,gmu:gmu_user to group 31
01-01 11:56:24.992 0 0 W NPU_WARN: npu_bridge_mbox_work: 1216 NPU fw is not loaded
01-01 11:56:24.999 0 0 I platform 3d6a000.qcom,gmu: gmu_kernel: Linked as a consumer to 3da0000.kgsl-smmu
01-01 11:56:25.008 0 0 I iommu : Adding device 3d6a000.qcom,gmu:gmu_kernel to group 32
01-01 11:56:25.017 0 0 E register_client_adhoc: find path.src 26 dest 512
01-01 11:56:25.018 0 0 E register_client_adhoc: Client handle 50 grp3d
01-01 11:56:25.024 0 0 E register_client_adhoc: find path.src 26 dest 10036
01-01 11:56:25.030 0 0 E register_client_adhoc: Client handle 52 cnoc
01-01 11:56:25.036 0 0 E query_client_usecase_all: query_start
01-01 11:56:25.041 0 0 E query_client_usecase_all: query_start
01-01 11:56:25.047 0 0 I kgsl-3d 3d00000.qcom,kgsl-3d0: Linked as a consumer to regulator.69
01-01 11:56:25.060 0 0 I kgsl-3d 3d00000.qcom,kgsl-3d0: Linked as a consumer to regulator.70
01-01 11:56:25.069 0 0 I platform 3da0000.qcom,kgsl-iommu: gfx3d_user: Linked as a consumer to 3da0000.kgsl-smmu
01-01 11:56:25.078 0 0 I iommu : Adding device 3da0000.qcom,kgsl-iommu:gfx3d_user to group 33
01-01 11:56:25.087 0 0 I platform 3da0000.qcom,kgsl-iommu: gfx3d_secure: Linked as a consumer to 3da0000.kgsl-smmu
01-01 11:56:25.096 0 0 I iommu : Adding device 3da0000.qcom,kgsl-iommu:gfx3d_secure to group 34
01-01 11:56:25.168 0 0 E register_client_adhoc: find path.src 1 dest 589
01-01 11:56:25.168 0 0 E register_client_adhoc: Failed to find path.src 1 dest 589
01-01 11:56:25.175 0 0 I core_ctl: Creating CPU group 0
01-01 11:56:25.186 0 0 I core_ctl: Init CPU0 state
01-01 11:56:25.189 0 0 I core_ctl: Init CPU1 state
01-01 11:56:25.193 0 0 I core_ctl: Init CPU2 state
01-01 11:56:25.197 0 0 I core_ctl: Init CPU3 state
01-01 11:56:25.202 0 0 I core_ctl: Creating CPU group 4
01-01 11:56:25.206 0 0 I core_ctl: Init CPU4 state
01-01 11:56:25.210 0 0 I core_ctl: Init CPU5 state
01-01 11:56:25.214 0 0 I core_ctl: Init CPU6 state
01-01 11:56:25.218 0 0 I core_ctl: Creating CPU group 7
01-01 11:56:25.222 0 0 I core_ctl: Init CPU7 state
01-01 11:56:25.228 0 0 I : registered taskstats version 1
01-01 11:56:25.232 0 0 I : Loading compiled-in X.509 certificates
01-01 11:56:25.240 0 0 I : Key type ._fscrypt registered
01-01 11:56:25.244 0 0 I : Key type .fscrypt registered
01-01 11:56:25.248 0 0 I : Key type fscrypt-provisioning registered
01-01 11:56:25.254 0 0 I pstore : Using compression: deflate
01-01 11:56:25.273 0 0 E : Please check if `measure` clk is registered.
01-01 11:56:25.367 0 0 I spss_utils [spss_parse_dt]: iar_buf_addr [0x8bef0000].
01-01 11:56:25.374 0 0 I spss_utils [spss_probe]: Initialization completed ok, firmware_name [spss2p].
01-01 11:56:25.391 0 0 I fastrpc soc: qcom,msm-adsprpc-mem: for adsp_rh segments only will be dumped.
01-01 11:56:25.399 0 0 I adsprpc : init_secure_vmid_list: secure VMID = 22
01-01 11:56:25.405 0 0 I adsprpc : init_secure_vmid_list: secure VMID = 37
01-01 11:56:25.412 0 0 I adsprpc : fastrpc_probe: service location enabled for avs/audio (audio_pdr_adsprpc)
01-01 11:56:25.421 0 0 I adsprpc : fastrpc_probe: service location enabled for tms/servreg (sensors_pdr_adsprpc)
01-01 11:56:25.431 0 0 I fastrpc soc: qcom,msm_fastrpc:qcom,msm_fastrpc_compute_cb1: Linked as a consumer to 15000000.apps-smmu
01-01 11:56:25.442 0 0 I iommu : Adding device soc:qcom,msm_fastrpc:qcom,msm_fastrpc_compute_cb1 to group 35
01-01 11:56:25.452 0 0 I fastrpc soc: qcom,msm_fastrpc:qcom,msm_fastrpc_compute_cb2: Linked as a consumer to 15000000.apps-smmu
01-01 11:56:25.464 0 0 I iommu : Adding device soc:qcom,msm_fastrpc:qcom,msm_fastrpc_compute_cb2 to group 36
01-01 11:56:25.473 0 0 W : Error: swapper/0: fastrpc_cb_probe: failed to create debugfs global file
01-01 11:56:25.482 0 0 I fastrpc soc: qcom,msm_fastrpc:qcom,msm_fastrpc_compute_cb3: Linked as a consumer to 15000000.apps-smmu
01-01 11:56:25.493 0 0 I iommu : Adding device soc:qcom,msm_fastrpc:qcom,msm_fastrpc_compute_cb3 to group 37
01-01 11:56:25.503 0 0 W : Error: swapper/0: fastrpc_cb_probe: failed to create debugfs global file
01-01 11:56:25.511 0 0 I fastrpc soc: qcom,msm_fastrpc:qcom,msm_fastrpc_compute_cb4: Linked as a consumer to 15000000.apps-smmu
01-01 11:56:25.523 0 0 I iommu : Adding device soc:qcom,msm_fastrpc:qcom,msm_fastrpc_compute_cb4 to group 38
01-01 11:56:25.532 0 0 W : Error: swapper/0: fastrpc_cb_probe: failed to create debugfs global file
01-01 11:56:25.541 0 0 I fastrpc soc: qcom,msm_fastrpc:qcom,msm_fastrpc_compute_cb5: Linked as a consumer to 15000000.apps-smmu
01-01 11:56:25.552 0 0 I iommu : Adding device soc:qcom,msm_fastrpc:qcom,msm_fastrpc_compute_cb5 to group 39
01-01 11:56:25.562 0 0 W : Error: swapper/0: fastrpc_cb_probe: failed to create debugfs global file
01-01 11:56:25.570 0 0 I fastrpc soc: qcom,msm_fastrpc:qcom,msm_fastrpc_compute_cb6: Linked as a consumer to 15000000.apps-smmu
01-01 11:56:25.582 0 0 I iommu : Adding device soc:qcom,msm_fastrpc:qcom,msm_fastrpc_compute_cb6 to group 40
01-01 11:56:25.591 0 0 W : Error: swapper/0: fastrpc_cb_probe: failed to create debugfs global file
01-01 11:56:25.599 0 0 I fastrpc soc: qcom,msm_fastrpc:qcom,msm_fastrpc_compute_cb7: Linked as a consumer to 15000000.apps-smmu
01-01 11:56:25.611 0 0 I iommu : Adding device soc:qcom,msm_fastrpc:qcom,msm_fastrpc_compute_cb7 to group 41
01-01 11:56:25.620 0 0 W : Error: swapper/0: fastrpc_cb_probe: failed to create debugfs global file
01-01 11:56:25.629 0 0 I fastrpc soc: qcom,msm_fastrpc:qcom,msm_fastrpc_compute_cb8: Linked as a consumer to 15000000.apps-smmu
01-01 11:56:25.640 0 0 I iommu : Adding device soc:qcom,msm_fastrpc:qcom,msm_fastrpc_compute_cb8 to group 42
01-01 11:56:25.650 0 0 W : Error: swapper/0: fastrpc_cb_probe: failed to create debugfs global file
01-01 11:56:25.658 0 0 I fastrpc soc: qcom,msm_fastrpc:qcom,msm_fastrpc_compute_cb9: Linked as a consumer to 15000000.apps-smmu
01-01 11:56:25.670 0 0 I iommu : Adding device soc:qcom,msm_fastrpc:qcom,msm_fastrpc_compute_cb9 to group 43
01-01 11:56:25.679 0 0 W : Error: swapper/0: fastrpc_cb_probe: failed to create debugfs global file
01-01 11:56:25.688 0 0 I fastrpc soc: qcom,msm_fastrpc:qcom,msm_fastrpc_compute_cb10: Linked as a consumer to 15000000.apps-smmu
01-01 11:56:25.700 0 0 I iommu : Adding device soc:qcom,msm_fastrpc:qcom,msm_fastrpc_compute_cb10 to group 44
01-01 11:56:25.709 0 0 W : Error: swapper/0: fastrpc_cb_probe: failed to create debugfs global file
01-01 11:56:25.717 0 0 I fastrpc soc: qcom,msm_fastrpc:qcom,msm_fastrpc_compute_cb11: Linked as a consumer to 15000000.apps-smmu
01-01 11:56:25.729 0 0 I iommu : Adding device soc:qcom,msm_fastrpc:qcom,msm_fastrpc_compute_cb11 to group 45
01-01 11:56:25.739 0 0 W : Error: swapper/0: fastrpc_cb_probe: failed to create debugfs global file
01-01 11:56:25.747 0 0 I fastrpc soc: qcom,msm_fastrpc:qcom,msm_fastrpc_compute_cb12: Linked as a consumer to 15000000.apps-smmu
01-01 11:56:25.759 0 0 I iommu : Adding device soc:qcom,msm_fastrpc:qcom,msm_fastrpc_compute_cb12 to group 46
01-01 11:56:25.768 0 0 W : Error: swapper/0: fastrpc_cb_probe: failed to create debugfs global file
01-01 11:56:25.777 0 0 I fastrpc soc: qcom,msm_fastrpc:qcom,msm_fastrpc_compute_cb13: Linked as a consumer to 15000000.apps-smmu
01-01 11:56:25.789 0 0 I iommu : Adding device soc:qcom,msm_fastrpc:qcom,msm_fastrpc_compute_cb13 to group 47
01-01 11:56:25.798 0 0 W : Error: swapper/0: fastrpc_cb_probe: failed to create debugfs global file
01-01 11:56:25.807 0 0 I fastrpc soc: qcom,msm_fastrpc:qcom,msm_fastrpc_compute_cb14: Linked as a consumer to 15000000.apps-smmu
01-01 11:56:25.818 0 0 I iommu : Adding device soc:qcom,msm_fastrpc:qcom,msm_fastrpc_compute_cb14 to group 48
01-01 11:56:25.828 0 0 W : Error: swapper/0: fastrpc_cb_probe: failed to create debugfs global file
01-01 11:56:25.836 0 0 I fastrpc soc: qcom,msm_fastrpc:qcom,msm_fastrpc_compute_cb15: Linked as a consumer to 15000000.apps-smmu
01-01 11:56:25.848 0 0 I iommu : Adding device soc:qcom,msm_fastrpc:qcom,msm_fastrpc_compute_cb15 to group 49
01-01 11:56:25.857 0 0 W : Error: swapper/0: fastrpc_cb_probe: failed to create debugfs global file
01-01 11:56:25.867 0 0 I adsprpc : fastrpc_device_init: SSR notifier registered for adsp
01-01 11:56:25.874 0 0 I adsprpc : fastrpc_device_init: SSR notifier registered for modem
01-01 11:56:25.881 0 0 I adsprpc : fastrpc_device_init: SSR notifier registered for slpi
01-01 11:56:25.888 0 0 I adsprpc : fastrpc_device_init: SSR notifier registered for cdsp
01-01 11:56:25.896 0 0 E register_client_adhoc: find path.src 1 dest 589
01-01 11:56:25.896 0 0 E register_client_adhoc: Failed to find path.src 1 dest 589
01-01 11:56:25.903 0 0 E register_client_adhoc: find path.src 1 dest 589
01-01 11:56:25.910 0 0 E register_client_adhoc: Failed to find path.src 1 dest 589
01-01 11:56:25.916 0 0 I ngd_msm_ctrl 3ac0000.slim: Linked as a consumer to 15000000.apps-smmu
01-01 11:56:25.931 0 0 I iommu : Adding device 3ac0000.slim to group 50
01-01 11:56:25.941 0 0 E register_client_adhoc: find path.src 1 dest 589
01-01 11:56:25.941 0 0 E register_client_adhoc: Failed to find path.src 1 dest 589
01-01 11:56:25.946 0 0 I input : gpio-keys as /devices/platform/soc/soc:gpio_keys/input/input3
01-01 11:56:25.962 0 0 E register_client_adhoc: find path.src 1 dest 589
01-01 11:56:25.962 0 0 E register_client_adhoc: Failed to find path.src 1 dest 589
01-01 11:56:25.964 0 0 E : [NVT-ts] nvt_driver_init 1962: start
01-01 11:56:25.979 0 0 E : [NVT-ts] nvt_driver_init 1970: finished
01-01 11:56:25.986 0 0 E register_client_adhoc: find path.src 1 dest 589
01-01 11:56:25.986 0 0 E register_client_adhoc: Failed to find path.src 1 dest 589
01-01 11:56:25.999 0 0 E register_client_adhoc: find path.src 1 dest 589
01-01 11:56:26.006 0 0 E register_client_adhoc: Failed to find path.src 1 dest 589
01-01 11:56:26.013 0 0 E register_client_adhoc: find path.src 1 dest 589
01-01 11:56:26.013 0 0 I : rmnet_ipa3 started initialization
01-01 11:56:26.019 0 0 E register_client_adhoc: Failed to find path.src 1 dest 589
01-01 11:56:26.031 0 0 I : RNDIS_IPA module is loaded.
01-01 11:56:26.043 0 0 E register_client_adhoc: find path.src 1 dest 589
01-01 11:56:26.043 0 0 E register_client_adhoc: Failed to find path.src 1 dest 589
01-01 11:56:26.049 0 0 E : [drm:dp_display_init_aux_switch][msm-dp-err][1 ]failed to register notifier (-22)
01-01 11:56:26.066 0 0 I : msm notifier probed successfully
01-01 11:56:26.071 0 0 E register_client_adhoc: find path.src 1 dest 589
01-01 11:56:26.072 0 0 E register_client_adhoc: Failed to find path.src 1 dest 589
01-01 11:56:26.073 0 0 I cfg80211: Loading compiled-in X.509 certificates for regulatory database
01-01 11:56:26.078 0 0 E : [drm:dp_display_init_aux_switch][msm-dp-err][421 ]failed to register notifier (-22)
01-01 11:56:26.087 0 0 I : cryptomgr_probe (443) used greatest stack depth: 13400 bytes left
01-01 11:56:26.087 0 0 I cfg80211: Loaded X.509 cert 'sforshee: 00b28ddf47aef9cea7'
01-01 11:56:26.090 0 0 E msm_bus_late_init: Remove handoff bw requests
01-01 11:56:26.091 0 0 I regulator_proxy_consumer_remove_all: removing regulator proxy consumer requests
01-01 11:56:26.093 0 0 I : ALSA device list:
01-01 11:56:26.132 0 0 I : No soundcards found.
01-01 11:56:26.155 0 0 I : Freeing unused kernel memory: 9216K
01-01 11:56:26.160 0 0 I : Run /init as init process
01-01 11:56:26.169 0 0 I init : init first stage started!
01-01 11:56:26.175 0 0 I init : Unable to open /lib/modules, skipping module loading.
01-01 11:56:26.183 0 0 I init : [libfs_mgr]dt_fstab: Skip disabled entry for partition vendor
01-01 11:56:26.191 0 0 I init : [libfs_mgr]ReadFstabFromDt(): failed to read fstab from dt
01-01 11:56:26.199 0 0 I init : [libfs_mgr]dt_fstab: Skip disabled entry for partition vendor
01-01 11:56:26.208 0 0 I init : Using Android DT directory /proc/device-tree/firmware/android/
01-01 11:56:26.413 0 0 I init : [libfs_mgr]superblock s_max_mnt_count:65535,/dev/block/by-name/metadata
01-01 11:56:26.421 0 0 I init : [libfs_mgr]check_fs(): mount(/dev/block/by-name/metadata,/metadata,ext4)=-1: No such file or directory
01-01 11:56:26.433 0 0 I init : [libfs_mgr]Running /system/bin/e2fsck on /dev/block/sda11
01-01 11:56:26.442 0 0 E logwrapper: Cannot log to file /dev/fscklogs/log
01-01 11:56:26.455 0 0 I e2fsck : e2fsck 1.45.4 (23-Sep-2019)
01-01 11:56:26.471 0 0 I e2fsck : Pass 1: Checking inodes, blocks, and sizes
01-01 11:56:26.478 0 0 I e2fsck : Pass 2: Checking directory structure
01-01 11:56:26.485 0 0 I e2fsck : Pass 3: Checking directory connectivity
01-01 11:56:26.491 0 0 I e2fsck : Pass 4: Checking reference counts
01-01 11:56:26.496 0 0 I e2fsck : Pass 5: Checking group summary information
01-01 11:56:26.498 0 0 I : e2fsck (446) used greatest stack depth: 11560 bytes left
01-01 11:56:26.502 0 0 I e2fsck : /dev/block/by-name/metadata: 33/4096 files (0.0% non-contiguous), 1197/4096 blocks
01-01 11:56:26.511 0 0 I EXT4-fs (sda11): mounted filesystem with ordered data mode. Opts: discard
01-01 11:56:26.561 0 0 I device-mapper: verity: sha256 using implementation "sha256-ce"
01-01 11:56:26.594 0 0 W EXT4-fs (dm-5): mounting with "discard" option, but the device does not support discard
01-01 11:56:26.604 0 0 I EXT4-fs (dm-5): mounted filesystem without journal. Opts: barrier=1,discard
01-01 11:56:26.637 0 0 I device-mapper: verity: sha256 using implementation "sha256-ce"
01-01 11:56:26.663 0 0 W EXT4-fs (dm-6): mounting with "discard" option, but the device does not support discard
01-01 11:56:26.672 0 0 I EXT4-fs (dm-6): mounted filesystem without journal. Opts: barrier=1,discard
01-01 11:56:26.684 0 0 I device-mapper: verity: sha256 using implementation "sha256-ce"
01-01 11:56:26.709 0 0 W EXT4-fs (dm-7): mounting with "discard" option, but the device does not support discard
01-01 11:56:26.719 0 0 I EXT4-fs (dm-7): mounted filesystem without journal. Opts: barrier=1,discard
01-01 11:56:26.731 0 0 I device-mapper: verity: sha1 using implementation "sha1-ce"
01-01 11:56:26.757 0 0 W EXT4-fs (dm-8): mounting with "discard" option, but the device does not support discard
01-01 11:56:26.766 0 0 I EXT4-fs (dm-8): mounted filesystem without journal. Opts: barrier=1,discard
01-01 11:56:26.779 0 0 I device-mapper: verity: sha1 using implementation "sha1-ce"
01-01 11:56:26.798 0 0 W EXT4-fs (dm-9): mounting with "discard" option, but the device does not support discard
01-01 11:56:26.808 0 0 I EXT4-fs (dm-9): mounted filesystem without journal. Opts: barrier=1,discard
01-01 11:56:26.869 0 0 W init : 34 output lines suppressed due to ratelimiting
01-01 11:56:27.282 0 0 I init : [libfs_mgr]dt_fstab: Skip disabled entry for partition vendor
01-01 11:56:27.290 0 0 I init : [libfs_mgr]GetFstabPath()fstab_path:/odm/etc/fstab.default
01-01 11:56:27.299 0 0 I init : [libfs_mgr]GetFstabPath()fstab_path:/vendor/etc/fstab.default
01-01 11:56:27.311 0 0 I init : [libfs_mgr]GetFstabPath()fstab_path:/system/etc/fstab.default
01-01 11:56:27.318 0 0 I init : [libfs_mgr]GetFstabPath()fstab_path:/first_stage_ramdisk/system/etc/fstab.default
01-01 11:56:27.328 0 0 I init : [libfs_mgr]GetFstabPath()fstab_path:/fstab.default
01-01 11:56:27.334 0 0 I init : [libfs_mgr]GetFstabPath()fstab_path:/first_stage_ramdisk/fstab.default
01-01 11:56:27.343 0 0 I init : [libfs_mgr]GetFstabPath()fstab_path:/odm/etc/fstab.qcom
01-01 11:56:27.350 0 0 I init : [libfs_mgr]GetFstabPath()fstab_path:/vendor/etc/fstab.qcom
01-01 11:56:27.361 0 0 I init : [libfs_mgr]GetFstabPath()fstab_path.c_str():/vendor/etc/fstab.qcom
01-01 11:56:28.864 0 0 I : secilc (471) used greatest stack depth: 10584 bytes left
01-01 11:56:29.223 0 0 I SELinux : policy capability network_peer_controls=1
01-01 11:56:29.229 0 0 I SELinux : policy capability open_perms=1
01-01 11:56:29.234 0 0 I SELinux : policy capability extended_socket_class=1
01-01 11:56:29.240 0 0 I SELinux : policy capability always_check_network=0
01-01 11:56:29.246 0 0 I SELinux : policy capability cgroup_seclabel=0
01-01 11:56:29.252 0 0 I SELinux : policy capability nnp_nosuid_transition=1
01-01 11:56:29.551 503 503 I auditd : type=1403 audit(0.0:2): auid=4294967295 ses=4294967295 lsm=selinux res=1
01-01 11:56:29.551 503 503 I auditd : type=1404 audit(0.0:3): enforcing=1 old_enforcing=0 auid=4294967295 ses=4294967295 enabled=1 old-enabled=1 lsm=selinux res=1
01-01 11:56:29.580 0 0 W init : 8 output lines suppressed due to ratelimiting
01-01 11:56:29.612 0 0 I init : init second stage started!
01-01 11:56:29.694 0 0 I init : Using Android DT directory /proc/device-tree/firmware/android/
01-01 11:56:29.712 0 0 W init : Overriding previous property 'persist.sys.usb.config':'adb' with new value 'none'
01-01 11:56:29.726 0 0 E init : Do not have permissions to set 'persist.backup.ntpServer' to '0.pool.ntp.org' in property file '/vendor/build.prop': SELinux permission check failed
01-01 11:56:29.742 0 0 W init : Overriding previous property 'dalvik.vm.heapsize':'36m' with new value '512m'
01-01 11:56:29.751 0 0 E init : Do not have permissions to set 'persist.vendor.bt.a2dp_offload_cap' to 'sbc-aptx-aptxtws-aptxhd-aac-ldac' in property file '/vendor/build.prop': SELinux permission check failed
01-01 11:56:29.770 0 0 E init : Do not have permissions to set 'vendor.mm.enable.qcom_parser' to '16777215' in property file '/vendor/build.prop': SELinux permission check failed
01-01 11:56:29.785 0 0 E init : Do not have permissions to set 'persist.demo.hdmirotationlock' to 'false' in property file '/vendor/build.prop': SELinux permission check failed
01-01 11:56:29.803 0 0 W init : Couldn't load property file '/vendor_dlkm/etc/build.prop': open() failed: No such file or directory: No such file or directory
01-01 11:56:29.819 0 0 W init : Couldn't load property file '/odm_dlkm/etc/build.prop': open() failed: No such file or directory: No such file or directory
01-01 11:56:29.947 1 1 I auditd : type=1107 audit(0.0:4): uid=0 auid=4294967295 ses=4294967295 subj=u:r:init:s0 msg='avc: denied { read } for property=persist.debug.trace pid=0 uid=0 gid=0 scontext=u:r:vendor_init:s0 tcontext=u:object_r:persist_debug_prop:s0 tclass=file permissive=0'
01-01 11:56:30.332 0 0 I : linkerconfig (474) used greatest stack depth: 10288 bytes left
01-01 11:56:30.450 0 0 I ueventd : ueventd started!
01-01 11:56:30.457 0 0 I selinux : SELinux: Loaded file_contexts
01-01 11:56:30.462 0 0 I selinux :
01-01 11:56:30.465 0 0 I ueventd : Parsing file /system/etc/ueventd.rc...
01-01 11:56:30.472 0 0 I ueventd : Added '/vendor/etc/ueventd.rc' to import list
01-01 11:56:30.478 0 0 I ueventd : Added '/odm/etc/ueventd.rc' to import list
01-01 11:56:30.485 0 0 I ueventd : Parsing file /vendor/etc/ueventd.rc...
01-01 11:56:30.490 0 0 I ueventd : Unable to read config file '/vendor/etc/ueventd.rc': open() failed: No such file or directory
01-01 11:56:30.501 0 0 I ueventd : Parsing file /odm/etc/ueventd.rc...
01-01 11:56:30.507 0 0 I ueventd : Unable to read config file '/odm/etc/ueventd.rc': open() failed: No such file or directory
01-01 11:56:30.781 0 0 W is_dc_online: 3 callbacks suppressed
01-01 11:56:30.781 0 0 E HL6111R : is_dc_online: DC psy unavailable
01-01 11:56:30.791 0 0 E HL6111R : is_dc_online: DC psy unavailable
01-01 11:56:30.796 0 0 E HL6111R : is_dc_online: DC psy unavailable
01-01 11:56:30.801 0 0 E HL6111R : is_dc_online: DC psy unavailable
01-01 11:56:30.806 0 0 E HL6111R : is_dc_online: DC psy unavailable
01-01 11:56:30.812 0 0 E HL6111R : is_dc_online: DC psy unavailable
01-01 11:56:30.817 0 0 E HL6111R : is_dc_online: DC psy unavailable
01-01 11:56:30.823 0 0 E HL6111R : is_dc_online: DC psy unavailable
01-01 11:56:30.828 0 0 E HL6111R : is_dc_online: DC psy unavailable
01-01 11:56:30.833 0 0 E HL6111R : is_dc_online: DC psy unavailable
01-01 11:56:30.915 1 1 I auditd : type=1400 audit(0.0:5): avc: denied { mounton } for comm="init" path="/sys/kernel/tracing" dev="tracefs" ino=1 scontext=u:r:init:s0 tcontext=u:object_r:debugfs_tracing_debug:s0 tclass=dir permissive=0
01-01 11:56:31.051 0 0 W msm_11ad soc: qcom,wil6210: GPIO not found, dc GPIO not used
01-01 11:56:31.059 0 0 W msm_11ad soc: qcom,wil6210: GPIO not found, enable GPIO not used
01-01 11:56:31.068 0 0 W msm_11ad soc: qcom,wil6210: GPIO not found, sleep clock not used
01-01 11:56:31.077 0 0 W msm_11ad soc: qcom,wil6210: soc:qcom,wil6210 supply vdd not found, using dummy regulator
01-01 11:56:31.087 0 0 I msm_11ad soc: qcom,wil6210: Linked as a consumer to regulator.0
01-01 11:56:31.094 0 0 I msm_11ad soc: qcom,wil6210: Linked as a consumer to regulator.8
01-01 11:56:31.102 0 0 I msm_11ad soc: qcom,wil6210: Linked as a consumer to regulator.26
01-01 11:56:31.110 0 0 E msm_pcie_enumerate: PCIe: RC1: has already been enumerated.
01-01 11:56:31.117 0 0 E msm_11ad soc: qcom,wil6210: Wigig device not found
01-01 11:56:31.123 0 0 I msm_11ad soc: qcom,wil6210: Dropping the link to regulator.26
01-01 11:56:31.130 0 0 I msm_11ad soc: qcom,wil6210: Dropping the link to regulator.0
01-01 11:56:31.137 0 0 I msm_11ad soc: qcom,wil6210: Dropping the link to regulator.8
01-01 11:56:31.204 0 0 W q6_pdr_dlkm: loading out-of-tree module taints kernel.
01-01 11:56:31.337 0 0 W apr_dlkm: no symbol version for snd_event_notify
01-01 11:56:31.358 0 0 E register_client_adhoc: find path.src 1 dest 589
01-01 11:56:31.359 0 0 E register_client_adhoc: Failed to find path.src 1 dest 589
01-01 11:56:31.371 0 0 E : [drm:dp_display_init_aux_switch][msm-dp-err][359 ]failed to register notifier (-22)
01-01 11:56:31.392 0 0 E register_client_adhoc: find path.src 1 dest 589
01-01 11:56:31.393 0 0 E register_client_adhoc: Failed to find path.src 1 dest 589
01-01 11:56:31.393 0 0 W : **********************************************************
01-01 11:56:31.412 0 0 W : ** NOTICE NOTICE NOTICE NOTICE NOTICE NOTICE NOTICE **
01-01 11:56:31.419 0 0 W : ** **
01-01 11:56:31.425 0 0 W : ** trace_printk() being used. Allocating extra memory. **
01-01 11:56:31.432 0 0 W : ** **
01-01 11:56:31.439 0 0 W : ** This means that this is a DEBUG kernel and it is **
01-01 11:56:31.446 0 0 W : ** unsafe for production use. **
01-01 11:56:31.452 0 0 W : ** **
01-01 11:56:31.459 0 0 W : ** If you see this message and you are not debugging **
01-01 11:56:31.466 0 0 W : ** the kernel, report this immediately to your vendor! **
01-01 11:56:31.472 0 0 W : ** **
01-01 11:56:31.479 0 0 W : ** NOTICE NOTICE NOTICE NOTICE NOTICE NOTICE NOTICE **
01-01 11:56:31.486 0 0 W : **********************************************************
01-01 11:56:31.527 0 0 E : [drm:dp_display_init_aux_switch][msm-dp-err][77 ]failed to register notifier (-22)
01-01 11:56:31.537 0 0 E register_client_adhoc: find path.src 1 dest 589
01-01 11:56:31.537 0 0 E register_client_adhoc: Failed to find path.src 1 dest 589
01-01 11:56:31.590 0 0 E : [drm:dp_display_init_aux_switch][msm-dp-err][490 ]failed to register notifier (-22)
01-01 11:56:31.607 0 0 E register_client_adhoc: find path.src 1 dest 589
01-01 11:56:31.607 0 0 E register_client_adhoc: Failed to find path.src 1 dest 589
01-01 11:56:31.614 0 0 E : [drm:dp_display_init_aux_switch][msm-dp-err][490 ]failed to register notifier (-22)
01-01 11:56:31.631 0 0 E register_client_adhoc: find path.src 1 dest 589
01-01 11:56:31.631 0 0 E register_client_adhoc: Failed to find path.src 1 dest 589
01-01 11:56:31.638 0 0 E : [drm:dp_display_init_aux_switch][msm-dp-err][490 ]failed to register notifier (-22)
01-01 11:56:31.655 0 0 E register_client_adhoc: find path.src 1 dest 589
01-01 11:56:31.655 0 0 E register_client_adhoc: Failed to find path.src 1 dest 589
01-01 11:56:31.662 0 0 E : [drm:dp_display_init_aux_switch][msm-dp-err][490 ]failed to register notifier (-22)
01-01 11:56:31.679 0 0 E register_client_adhoc: find path.src 1 dest 589
01-01 11:56:31.679 0 0 E register_client_adhoc: Failed to find path.src 1 dest 589
01-01 11:56:31.686 0 0 E : [drm:dp_display_init_aux_switch][msm-dp-err][490 ]failed to register notifier (-22)
01-01 11:56:31.702 0 0 E register_client_adhoc: find path.src 1 dest 589
01-01 11:56:31.703 0 0 E register_client_adhoc: Failed to find path.src 1 dest 589
01-01 11:56:31.711 0 0 E : [drm:dp_display_init_aux_switch][msm-dp-err][490 ]failed to register notifier (-22)
01-01 11:56:31.749 0 0 E register_client_adhoc: find path.src 1 dest 589
01-01 11:56:31.749 0 0 E register_client_adhoc: Failed to find path.src 1 dest 589
01-01 11:56:31.757 0 0 E : [drm:dp_display_init_aux_switch][msm-dp-err][77 ]failed to register notifier (-22)
01-01 11:56:31.767 0 0 E kona-pinctrl f000000.pinctrl: invalid function func2 in map table
01-01 11:56:31.780 0 0 E kona-pinctrl f000000.pinctrl: invalid function func2 in map table
01-01 11:56:31.788 0 0 E kona-pinctrl f000000.pinctrl: invalid function func2 in map table
01-01 11:56:31.795 0 0 E kona-pinctrl f000000.pinctrl: invalid function func2 in map table
01-01 11:56:31.803 0 0 E register_client_adhoc: find path.src 1 dest 589
01-01 11:56:31.804 0 0 E register_client_adhoc: Failed to find path.src 1 dest 589
01-01 11:56:31.812 0 0 E : [drm:dp_display_init_aux_switch][msm-dp-err][77 ]failed to register notifier (-22)
01-01 11:56:31.878 0 0 E register_client_adhoc: find path.src 1 dest 589
01-01 11:56:31.878 0 0 E register_client_adhoc: Failed to find path.src 1 dest 589
01-01 11:56:31.887 0 0 E : [drm:dp_display_init_aux_switch][msm-dp-err][77 ]failed to register notifier (-22)
01-01 11:56:31.904 0 0 E register_client_adhoc: find path.src 1 dest 589
01-01 11:56:31.904 0 0 E register_client_adhoc: Failed to find path.src 1 dest 589
01-01 11:56:31.912 0 0 E : [drm:dp_display_init_aux_switch][msm-dp-err][77 ]failed to register notifier (-22)
01-01 11:56:32.146 0 0 E : Trying to create more than 6 SchedTune boosting groups
01-01 11:56:32.153 0 0 E : Trying to create more than 6 SchedTune boosting groups
01-01 11:56:32.205 0 0 I : Registered swp emulation handler
01-01 11:56:32.275 0 0 I logd.auditd: start
01-01 11:56:32.305 505 505 I snet_event_log: [121035042,-1,]
01-01 11:56:32.316 505 505 I auditd : SELinux: Loaded service_contexts from:
01-01 11:56:32.316 505 505 I auditd : /system/etc/selinux/plat_service_contexts
01-01 11:56:32.316 505 505 I auditd : /system_ext/etc/selinux/system_ext_service_contexts
01-01 11:56:32.316 505 505 I auditd : /product/etc/selinux/product_service_contexts
01-01 11:56:32.316 505 505 I auditd : /vendor/etc/selinux/vendor_service_contexts
01-01 11:56:32.297 0 0 I binder : 505:505 ioctl 40046210 7fe9c6c954 returned -22
01-01 11:56:32.299 0 0 I binder : 506:506 ioctl 40046210 7fd39ad5e4 returned -22
01-01 11:56:32.337 507 507 I snet_event_log: [121035042,-1,]
01-01 11:56:32.363 0 0 I binder : 504:504 ioctl 40046210 7fc8bb38d4 returned -22
01-01 11:56:32.559 0 0 I init : wait for '/dev/block/platform/soc/1d84000.ufshc' took 0ms
01-01 11:56:32.911 0 0 I : tsnv tsnv_init register TSNV Driver v0.01
01-01 11:56:32.918 0 0 I init : wait for '/dev/qseecom' took 0ms
01-01 11:56:32.992 0 0 I EXT4-fs (sda2): mounted filesystem with ordered data mode. Opts: barrier=1
01-01 11:56:33.004 0 0 E FAT-fs (sde51): bogus number of reserved sectors
01-01 11:56:33.010 0 0 I FAT-fs (sde51): Can't find a valid FAT filesystem --------- beginning of system
01-01 11:56:33.049 551 551 I vold : Vold 3.0 (the awakening) firing up
01-01 11:56:33.049 551 551 D vold : Detected support for: ext4 f2fs vfat
01-01 11:56:33.054 551 551 D vold : Found unmanaged dm device named system_ext_a
01-01 11:56:33.054 551 551 D vold : Found unmanaged dm device named odm_a
01-01 11:56:33.054 551 551 D vold : Found unmanaged dm device named system_a
01-01 11:56:33.054 551 551 D vold : Found unmanaged dm device named vendor-verity
01-01 11:56:33.054 551 551 D vold : Found unmanaged dm device named vendor_a
01-01 11:56:33.054 551 551 D vold : Found unmanaged dm device named system_ext-verity
01-01 11:56:33.054 551 551 D vold : Found unmanaged dm device named odm-verity
01-01 11:56:33.054 551 551 D vold : Found unmanaged dm device named product-verity
01-01 11:56:33.054 551 551 D vold : Found unmanaged dm device named system-verity
01-01 11:56:33.054 551 551 D vold : Found unmanaged dm device named product_a
01-01 11:56:33.058 551 551 I vold : [libfs_mgr]dt_fstab: Skip disabled entry for partition vendor
01-01 11:56:33.058 551 551 I vold : [libfs_mgr]GetFstabPath()fstab_path:/odm/etc/fstab.default
01-01 11:56:33.058 551 551 I vold : [libfs_mgr]GetFstabPath()fstab_path:/vendor/etc/fstab.default
01-01 11:56:33.058 551 551 I vold : [libfs_mgr]GetFstabPath()fstab_path:/system/etc/fstab.default
01-01 11:56:33.058 551 551 I vold : [libfs_mgr]GetFstabPath()fstab_path:/first_stage_ramdisk/system/etc/fstab.default
01-01 11:56:33.058 551 551 I vold : [libfs_mgr]GetFstabPath()fstab_path:/fstab.default
01-01 11:56:33.058 551 551 I vold : [libfs_mgr]GetFstabPath()fstab_path:/first_stage_ramdisk/fstab.default
01-01 11:56:33.059 551 551 I vold : [libfs_mgr]GetFstabPath()fstab_path:/odm/etc/fstab.qcom
01-01 11:56:33.059 551 551 I vold : [libfs_mgr]GetFstabPath()fstab_path:/vendor/etc/fstab.qcom
01-01 11:56:33.059 551 551 I vold : [libfs_mgr]GetFstabPath()fstab_path.c_str():/vendor/etc/fstab.qcom
01-01 11:56:33.039 558 558 I auditd : type=1400 audit(0.0:6): avc: denied { read write } for comm="fsck_msdos" name="sde51" dev="tmpfs" ino=2313 scontext=u:r:fsck:s0 tcontext=u:object_r:block_device:s0 tclass=blk_file permissive=0
01-01 11:56:33.064 0 0 I fsck_msdos: ** /dev/block/bootdevice/by-name/spunvm
01-01 11:56:33.069 551 551 D vold : VoldNativeService::start() completed OK
01-01 11:56:33.065 0 0 I binder : 551:551 ioctl 40046210 7fd5a226d4 returned -22
01-01 11:56:33.065 0 0 I binder : 551:551 ioctl 40046210 7fd5a22674 returned -22
01-01 11:56:33.039 558 558 I auditd : type=1400 audit(0.0:7): avc: denied { read } for comm="fsck_msdos" name="sde51" dev="tmpfs" ino=2313 scontext=u:r:fsck:s0 tcontext=u:object_r:block_device:s0 tclass=blk_file permissive=0
01-01 11:56:33.070 0 0 I fsck_msdos: Can't open `/dev/block/bootdevice/by-name/spunvm'
01-01 11:56:33.043 558 558 I auditd : type=1400 audit(0.0:8): avc: denied { kill } for comm="fsck_msdos" capability=5 scontext=u:r:fsck:s0 tcontext=u:r:fsck:s0 tclass=capability permissive=0
01-01 11:56:33.095 0 0 I fsck_msdos: fsck_msdos terminated by exit(8)
01-01 11:56:33.143 549 567 I QISL : QSEE Interrupt Service Listener Thread is started
01-01 11:56:33.135 0 0 E FAT-fs (sde51): bogus number of reserved sectors
01-01 11:56:33.141 0 0 I FAT-fs (sde51): Can't find a valid FAT filesystem
01-01 11:56:33.149 549 567 I QISL : QSEE Interrupt Service Listener was activated successfully
01-01 11:56:33.151 549 549 D SPL : Call QSEECom_register_listener()
01-01 11:56:33.153 549 549 D SPL : Registered listener sucessfully!
01-01 11:56:33.153 549 549 D SPL : pipe read-fd [32] write-fd [33]
01-01 11:56:33.153 549 549 D SPL : Create thread
01-01 11:56:33.154 549 549 D SPL : Thread created sucessfully.
01-01 11:56:33.154 549 568 D SPL : spl_dispatch() started
01-01 11:56:33.154 549 568 D SPL : ==== Wait For Request ======
01-01 11:56:33.163 0 0 I EXT4-fs (sde9): mounted filesystem with ordered data mode. Opts: barrier=1
01-01 11:56:33.240 0 0 I binder : 573:573 ioctl 40046210 7fe9143b74 returned -22
01-01 11:56:33.246 0 0 D ProcessState: Binder ioctl to enable oneway spam detection failed: Invalid argument
01-01 11:56:33.247 0 0 D vdc : Waited 0ms for vold
01-01 11:56:33.295 0 0 W subsys-pil-tz soc: qcom,ipa_fws: Falling back to syfs fallback for: ipa_fws.mdt
01-01 11:56:33.307 0 0 I init : wait for '/mnt/vendor/spunvm' took 0ms
01-01 11:56:33.372 575 575 D spdaemon: Firmware Name [spss2p].
01-01 11:56:33.374 575 575 D spdaemon: Prod FW.
01-01 11:56:33.374 575 575 D spdaemon: firmware_type [p].
01-01 11:56:33.375 575 575 D spdaemon: open() file [/sys/devices/soc0/machine] Failed, ret =-1.
01-01 11:56:33.375 575 575 D spdaemon: soc_type 1048576
01-01 11:56:33.375 575 575 E iardb : [iar_db_get_iar_state] failed to open file /mnt/vendor/spunvm/iar_db/iar_state.bin [13] [Permission denied]
01-01 11:56:33.375 575 575 D iarlib : [iar_get_state] Can't get iar_state, return DISABLED
01-01 11:56:33.375 575 575 I spdaemon: IAR is not activated
01-01 11:56:33.375 575 575 D spdaemon: ------ going to start SP From kernel ------
01-01 11:56:33.375 575 575 I spcomlib: [spcom_restart_sp_subsystem] restart_sp starts
01-01 11:56:33.376 575 575 D spcomlib: [spcom_restart_sp_subsystem] restart_sp - Send PIL request [1]
01-01 11:56:33.371 0 0 I binder : 576:576 ioctl 40046210 7fc37ea174 returned -22
01-01 11:56:33.376 0 0 I : SW_INIT_DONE - 2nd phase loading [spss] completed ok
01-01 11:56:33.378 0 0 I binder : 576:576 ioctl 40046210 7fc37ea0b4 returned -22
01-01 11:56:33.385 0 0 I : PBL_DONE - 1st phase loading [spss] completed ok
01-01 11:56:33.396 575 575 D spcomlib: [spcom_restart_sp_subsystem] restart_sp - Restart SP command ok.
01-01 11:56:33.396 575 575 D spcomlib: [spcom_signal_event] event [0] [pil_called] EVENT_STATUS_SIGNALED
01-01 11:56:33.396 575 575 I spcomlib: [spcom_reset_all_app_loaded_prop] start reset all spcomlib apploaded props.
01-01 11:56:33.398 0 0 E register_client_adhoc: find path.src 1 dest 589
01-01 11:56:33.398 0 0 E register_client_adhoc: Failed to find path.src 1 dest 589
01-01 11:56:33.407 0 0 E : [drm:dp_display_init_aux_switch][msm-dp-err][76 ]failed to register notifier (-22)
01-01 11:56:33.546 0 0 I subsys-pil-tz soc: qcom,ipa_fws: ipa_fws: loading from 0x0000000086810000 to 0x0000000086819000
01-01 11:56:33.549 0 0 I wait_for_keymaster: Waiting for Keymaster device
01-01 11:56:33.563 0 0 I binder : 587:587 ioctl 40046210 7ff92a2f44 returned -22
01-01 11:56:33.565 0 0 I binder : 577:577 ioctl 40046210 7fe85f2f84 returned -22
01-01 11:56:33.566 0 0 W subsys-pil-tz soc: qcom,ipa_fws: Falling back to syfs fallback for: ipa_fws.b03
01-01 11:56:33.566 0 0 W subsys-pil-tz soc: qcom,ipa_fws: Falling back to syfs fallback for: ipa_fws.b02
01-01 11:56:33.567 0 0 W subsys-pil-tz soc: qcom,ipa_fws: Falling back to syfs fallback for: ipa_fws.b04
01-01 11:56:33.570 0 0 D ProcessState: Binder ioctl to enable oneway spam detection failed: Invalid argument
01-01 11:56:33.583 0 0 I binder : 577:577 ioctl 40046210 7fe85f24e4 returned -22
01-01 11:56:33.607 0 0 I subsys-pil-tz soc: qcom,ipa_fws: ipa_fws: Brought out of reset
01-01 11:56:33.616 0 0 I : IPA FW loaded successfully
01-01 11:56:33.631 0 0 E gsi soc : qcom,msm_gsi: gsi_register_device:1203 GSI irq is wake enabled 34
01-01 11:56:33.660 0 0 I : rmnet_ipa3 started initialization
01-01 11:56:33.665 0 0 I : IPA SSR support = True
01-01 11:56:33.666 0 0 I : IPA driver initialization was successful.
01-01 11:56:33.669 0 0 I : IPA SG support = True
01-01 11:56:33.669 0 0 I : IPA Napi Enable = True
01-01 11:56:33.669 0 0 I : using default for wan-rx-desc-size = 256
01-01 11:56:33.678 0 0 E ipa-wan ipa3_wwan_probe: 2530 rmnet_ipa completed initialization
01-01 11:56:33.681 0 0 W subsys-pil-tz soc: qcom,ipa_uc: Falling back to syfs fallback for: ipa_uc.mdt
01-01 11:56:33.691 0 0 I subsys-pil-tz soc: qcom,ipa_uc: ipa_uc: loading from 0x0000000086800000 to 0x0000000086810000
01-01 11:56:33.714 0 0 W subsys-pil-tz soc: qcom,ipa_uc: Falling back to syfs fallback for: ipa_uc.b02
01-01 11:56:33.734 0 0 I subsys-pil-tz soc: qcom,ipa_uc: ipa_uc: Brought out of reset
01-01 11:56:33.735 0 0 E ipa3_uc_wdi_event_log_info_handler: 351 WDI protocol missing 0x21
01-01 11:56:33.749 0 0 E ipa3_uc_ntn_event_log_info_handler: 34 NTN stats ofst=0x500e0
01-01 11:56:34.586 0 0 W ServiceManager: Waited one second for android.system.keystore2.IKeystoreService/default (is service started? are binder threads started and available?)
01-01 11:56:34.603 0 0 I wait_for_keymaster: Keymaster device ready
01-01 11:56:34.612 0 0 I binder : undelivered transaction 224, process died.
01-01 11:56:34.643 0 0 I binder : 618:618 ioctl 40046210 7fd9175a64 returned -22
01-01 11:56:34.649 0 0 D ProcessState: Binder ioctl to enable oneway spam detection failed: Invalid argument
01-01 11:56:34.650 0 0 D vdc : Waited 0ms for vold
01-01 11:56:34.655 618 618 I auditd : type=1400 audit(0.0:9): avc: denied { kill } for comm="vdc" capability=5 scontext=u:r:vdc:s0 tcontext=u:r:vdc:s0 tclass=capability permissive=0
01-01 11:56:34.658 0 0 I vdc : vdc terminated by exit(1)
01-01 11:56:34.677 0 0 I vdc :
01-01 11:56:34.681 0 0 I init : [libfs_mgr]Invalid f2fs superblock on '/dev/block/bootdevice/by-name/userdata'
01-01 11:56:34.691 0 0 E init : [libfs_mgr]mount_with_alternatives(): skipping mount due to invalid magic, mountpoint=/data blk_dev=/dev/block/sda15 rec[6].fs_type=f2fs
01-01 11:56:34.706 0 0 I init : Calling: /system/bin/vdc cryptfs mountFstab /dev/block/bootdevice/by-name/userdata /data
01-01 11:56:34.739 0 0 I binder : 619:619 ioctl 40046210 7fdc73fcb4 returned -22
01-01 11:56:34.746 0 0 D ProcessState: Binder ioctl to enable oneway spam detection failed: Invalid argument
01-01 11:56:34.747 0 0 D vdc : Waited 0ms for vold
01-01 11:56:34.747 551 551 D vold : fscrypt_mount_metadata_encrypted: /data encrypt: 0 format: 0 with null
01-01 11:56:34.747 551 551 D vold : metadata_key_dir/key: /metadata/vold/metadata_encryption/key
01-01 11:56:34.748 551 551 D vold : Key exists, using: /metadata/vold/metadata_encryption/key
01-01 11:56:34.755 577 594 I auditd : SELinux: Loaded keystore2_key_contexts from:
01-01 11:56:34.755 577 594 I auditd : /system/etc/selinux/plat_keystore2_key_contexts
01-01 11:56:34.771 551 551 D vold : Mounting metadata-encrypted filesystem:/data
01-01 11:56:34.776 551 551 I vold : [libfs_mgr]Running /system/bin/fsck.f2fs -a -c 10000 --debug-cache /dev/block/dm-10
01-01 11:56:34.804 0 0 I fsck.f2fs: Info: Fix the reported corruption.
01-01 11:56:34.810 0 0 I fsck.f2fs: Info: No support kernel version!
01-01 11:56:34.815 0 0 I fsck.f2fs: Info: Segments per section = 1
01-01 11:56:34.820 0 0 I fsck.f2fs: Info: Sections per zone = 1
01-01 11:56:34.826 0 0 I fsck.f2fs: Info: sector size = 4096
01-01 11:56:34.830 0 0 I fsck.f2fs: Info: total sectors = 28958163 (113117 MB)
01-01 11:56:34.837 0 0 I fsck.f2fs: Info: MKFS version
01-01 11:56:34.841 0 0 I fsck.f2fs: "4.15.0-192-generic #203-Ubuntu SMP Wed Aug 10 17:40:03 UTC 2022"
01-01 11:56:34.849 0 0 I fsck.f2fs: Info: FSCK version
01-01 11:56:34.854 0 0 I fsck.f2fs: from "4.19.157+"
01-01 11:56:34.887 620 620 I auditd : type=1400 audit(0.0:10): avc: denied { kill } for comm="fsck.f2fs" capability=5 scontext=u:r:fsck:s0 tcontext=u:r:fsck:s0 tclass=capability permissive=0
01-01 11:56:34.903 0 0 I F2FS-fs (dm-10): Reduce reserved blocks for root = 22993
01-01 11:56:35.163 0 0 W F2FS-fs (dm-10): Start checkpoint disabled!
01-01 11:56:35.174 0 0 I F2FS-fs (dm-10): Mounted with checkpoint version = 182607e5
01-01 11:56:35.183 551 551 I vold : [libfs_mgr]__mount(source=/dev/block/dm-10,target=/data,type=f2fs)=0: Success
01-01 11:56:35.184 551 551 D vold : Mounted /data
01-01 11:56:35.184 551 564 D vold : Disk at 252:10 changed
01-01 11:56:35.183 619 619 I auditd : type=1400 audit(0.0:11): avc: denied { kill } for comm="vdc" capability=5 scontext=u:r:vdc:s0 tcontext=u:r:vdc:s0 tclass=capability permissive=0
01-01 11:56:35.202 0 0 I init : Userdata mounted using /vendor/etc/fstab.qcom result : 7
01-01 11:56:35.209 0 0 I init : Keyring created with id 231051282 in process 1
01-01 11:56:35.216 0 0 I init : Command 'mount_all /vendor/etc/fstab.qcom --late' action=late-fs (/vendor/etc/init/hw/init.target.rc:69) took 601ms and succeeded
01-01 11:56:35.231 0 0 I init : processing action (late-fs) from (/vendor/etc/init/keymasterd.rc:5)
01-01 11:56:35.240 0 0 I init : starting service 'vendor.keymasterd'...
01-01 11:56:35.280 0 0 I binder : 626:626 ioctl 40046210 7fd82fe494 returned -22
01-01 11:56:35.287 0 0 D ProcessState: Binder ioctl to enable oneway spam detection failed: Invalid argument
01-01 11:56:35.288 0 0 D vdc : Waited 0ms for vold
01-01 11:56:35.288 551 551 I Checkpoint: cp_prepareCheckpoint called
01-01 11:56:35.315 625 627 D spcomlib: [spcom_register_service] spcom_register_service() name [sp_keymaster_ssr] pid [474127187120]
01-01 11:56:35.315 625 627 D spcomlib: [spcom_open] ch [sp_keymaster_ssr] doesn't exist, create it.
01-01 11:56:35.315 625 627 D spcomlib: [spcom_create_channel] Create Channel [sp_keymaster_ssr].
01-01 11:56:35.330 625 627 D spcomlib: [add_ssr_cb] ssr cb added!
01-01 11:56:35.330 625 627 D spcomlib: [start_ssr_thread] ch [spcom] ready!
01-01 11:56:35.330 625 627 D spcomlib: [start_ssr_thread] main pthread self_id [0x642ebcb0].
01-01 11:56:35.330 625 627 D spcomlib: [start_ssr_thread] pthread_create() ret [0] thread-id [0x631edcb0].
01-01 11:56:35.330 625 627 D spcomlib: [start_ssr_thread] Wait for SSR thread to run.
01-01 11:56:35.330 625 630 D spcomlib: [notify_ssr_thread] SSR pthread self_id [0x631edcb0].
01-01 11:56:35.330 625 627 D spcomlib: [start_ssr_thread] pthread_cond_wait() ret [0].
01-01 11:56:35.330 625 627 D spcomlib: [start_ssr_thread] done.
01-01 11:56:35.331 625 627 D spcomlib: [add_ch] add ch [sp_keymaster_ssr].
01-01 11:56:35.331 625 627 D spcomlib: [spcom_register_service] spcom_register_service() name [sp_keymaster_ssr] pid [474127187120] done
01-01 11:56:35.325 0 0 I binder : 629:629 ioctl 40046210 7fd6bbb174 returned -22
01-01 11:56:35.331 0 0 D ProcessState: Binder ioctl to enable oneway spam detection failed: Invalid argument
01-01 11:56:35.332 0 0 D vdc : Waited 0ms for vold
01-01 11:56:35.332 551 551 I vold : fscrypt_initialize_systemwide_keys
01-01 11:56:35.332 551 551 I vold : Creating new key in /data/unencrypted/key
01-01 11:56:35.332 551 551 D vold : Generating wrapped storage key
01-01 11:56:35.335 551 551 E vold : keystore2 Keystore generateKey returned service specific error: -67
01-01 11:56:35.335 551 551 W vold : Failed to generate rollback-resistant key. This is expected if keymaster doesn't support rollback resistance. Falling back to non-rollback-resistant key.
01-01 11:56:35.343 551 551 D vold : Generating "key storage" key
01-01 11:56:35.345 551 551 E vold : keystore2 Keystore generateKey returned service specific error: -67
01-01 11:56:35.345 551 551 W vold : Failed to generate rollback-resistant key. This is expected if keymaster doesn't support rollback resistance. Falling back to non-rollback-resistant key.
01-01 11:56:35.355 551 551 D vold : Created key: /data/unencrypted/key
01-01 11:56:35.363 551 551 D vold : Installed fscrypt key with ref 854da886dd14e27ef1793969e1d62bec to /data
01-01 11:56:35.363 551 551 D vold : Added fscrypt-provisioning key for 854da886dd14e27ef1793969e1d62bec to session keyring
01-01 11:56:35.363 551 551 I vold : Wrote system DE key reference to:/data/unencrypted/ref
01-01 11:56:35.363 551 551 D vold : Generating wrapped storage key
01-01 11:56:35.365 551 551 E vold : keystore2 Keystore generateKey returned service specific error: -67
01-01 11:56:35.366 551 551 W vold : Failed to generate rollback-resistant key. This is expected if keymaster doesn't support rollback resistance. Falling back to non-rollback-resistant key.
01-01 11:56:35.374 551 551 D vold : Installed fscrypt key with ref 4551094644171c4cb421ea119f3a89ec to /data
01-01 11:56:35.374 551 551 D vold : Added fscrypt-provisioning key for 4551094644171c4cb421ea119f3a89ec to session keyring
01-01 11:56:35.375 551 551 I vold : Wrote per boot key reference to:/data/unencrypted/per_boot_ref
01-01 11:56:35.382 0 0 I fscrypt : AES-256-CTS-CBC using implementation "cts(cbc-aes-ce)"
01-01 11:56:35.438 0 0 I binder : 638:638 ioctl 40046210 7fea415ea4 returned -22
01-01 11:56:35.444 0 0 D ProcessState: Binder ioctl to enable oneway spam detection failed: Invalid argument
01-01 11:56:35.445 0 0 D vdc : Waited 0ms for vold
01-01 11:56:35.445 551 551 I incfs : Initial API level of the device: 30
01-01 11:56:35.445 551 551 I incfs : ro.incremental.enable: 1
01-01 11:56:35.445 551 551 I incfs : isFsAvailable: true
01-01 11:56:35.446 551 551 I incfs : isFsAvailable: true
01-01 11:56:35.446 551 551 I incfs : IncFs_Features: v1
01-01 11:56:35.461 0 0 W F2FS-fs (dm-10): Unexpected flush for atomic writes: ino=40, npages=19
01-01 11:56:35.482 551 551 E vold : keystore2 Keystore earlyBootEnded returned service specific error: -68
01-01 11:56:35.525 0 0 I apexd : This device does not support updatable APEX. Exiting
01-01 11:56:35.532 0 0 I apexd : Marking APEXd as activated
01-01 11:56:35.693 0 0 I binder : 644:644 ioctl 40046210 7fdcef0fd4 returned -22
01-01 11:56:35.700 0 0 D ProcessState: Binder ioctl to enable oneway spam detection failed: Invalid argument
01-01 11:56:35.701 0 0 D vdc : Waited 0ms for vold
01-01 11:56:35.701 551 551 D vold : fscrypt_init_user0
01-01 11:56:35.701 551 551 D vold : Preparing: /data/misc/vold/user_keys
01-01 11:56:35.701 551 551 D vold : Preparing: /data/misc/vold/user_keys/ce
01-01 11:56:35.702 551 551 D vold : Preparing: /data/misc/vold/user_keys/de
01-01 11:56:35.702 551 551 D vold : Generating wrapped storage key
01-01 11:56:35.705 551 551 E vold : keystore2 Keystore generateKey returned service specific error: -67
01-01 11:56:35.705 551 551 W vold : Failed to generate rollback-resistant key. This is expected if keymaster doesn't support rollback resistance. Falling back to non-rollback-resistant key.
01-01 11:56:35.708 551 551 D vold : Generating wrapped storage key
01-01 11:56:35.711 551 551 E vold : keystore2 Keystore generateKey returned service specific error: -67
01-01 11:56:35.711 551 551 W vold : Failed to generate rollback-resistant key. This is expected if keymaster doesn't support rollback resistance. Falling back to non-rollback-resistant key.
01-01 11:56:35.714 551 551 D vold : Preparing: /data/misc/vold/user_keys/ce/0
01-01 11:56:35.717 551 551 D vold : Generating "key storage" key
01-01 11:56:35.719 551 551 E vold : keystore2 Keystore generateKey returned service specific error: -67
01-01 11:56:35.719 551 551 W vold : Failed to generate rollback-resistant key. This is expected if keymaster doesn't support rollback resistance. Falling back to non-rollback-resistant key.
01-01 11:56:35.728 551 551 D vold : Created key: /data/misc/vold/user_keys/ce/0/current
01-01 11:56:35.731 551 551 D vold : Generating "key storage" key
01-01 11:56:35.733 551 551 E vold : keystore2 Keystore generateKey returned service specific error: -67
01-01 11:56:35.733 551 551 W vold : Failed to generate rollback-resistant key. This is expected if keymaster doesn't support rollback resistance. Falling back to non-rollback-resistant key.
01-01 11:56:35.741 551 551 D vold : Created key: /data/misc/vold/user_keys/de/0
01-01 11:56:35.747 551 551 D vold : Installed fscrypt key with ref 49186652b94cb02ea7a411e38078b29f to /data
01-01 11:56:35.747 551 551 D vold : Added fscrypt-provisioning key for 49186652b94cb02ea7a411e38078b29f to session keyring
01-01 11:56:35.753 551 551 D vold : Installed fscrypt key with ref 84c9567ada6b44f9999b5211afd8693e to /data
01-01 11:56:35.753 551 551 D vold : Added fscrypt-provisioning key for 84c9567ada6b44f9999b5211afd8693e to session keyring
01-01 11:56:35.753 551 551 D vold : Created keys for user 0
01-01 11:56:35.765 551 551 D vold : Installed fscrypt key with ref 49186652b94cb02ea7a411e38078b29f to /data
01-01 11:56:35.765 551 551 D vold : Added fscrypt-provisioning key for 49186652b94cb02ea7a411e38078b29f to session keyring
01-01 11:56:35.765 551 551 D vold : Installed de key for user 0
01-01 11:56:35.765 551 551 D vold : fscrypt_prepare_user_storage for volume null, user 0, serial 0, flags 1
01-01 11:56:35.765 551 551 D vold : Preparing: /data/system/users/0
01-01 11:56:35.766 551 551 D vold : Preparing: /data/misc/profiles/cur/0
01-01 11:56:35.766 551 551 D vold : Preparing: /data/system_de/0
01-01 11:56:35.766 551 551 D vold : Preparing: /data/misc_de/0
01-01 11:56:35.766 551 551 D vold : Preparing: /data/vendor_de/0
01-01 11:56:35.766 551 551 D vold : Preparing: /data/user_de/0
01-01 11:56:35.767 551 551 I vold : Encryption policy of /data/system_de/0 set to 49186652b94cb02ea7a411e38078b29f v2 modes 1/4 flags 0xa
01-01 11:56:35.767 551 551 I vold : Encryption policy of /data/misc_de/0 set to 49186652b94cb02ea7a411e38078b29f v2 modes 1/4 flags 0xa
