01-01 11:57:48.461 637 637 I tombstoned: found intercept fd 512 for pid 1888 and type kDebuggerdNativeBacktrace
01-01 11:57:48.461 2180 2180 I crash_dump32: performing dump of process 1888 (target tid = 1888)
01-01 11:57:48.466 1447 1486 W HidlServiceManagement: Waited one second for android.frameworks.sensorservice@1.0::ISensorManager/default
01-01 11:57:48.466 506 506 I hwservicemanager: Since android.frameworks.sensorservice@1.0::ISensorManager/default is not registered, trying to start it as a lazy HAL.
01-01 11:57:48.467 1447 1486 I HidlServiceManagement: getService: Trying again for android.frameworks.sensorservice@1.0::ISensorManager/default...
01-01 11:57:48.483 1447 1447 W HidlServiceManagement: Waited one second for android.frameworks.sensorservice@1.0::ISensorManager/default
01-01 11:57:48.484 506 506 I hwservicemanager: Since android.frameworks.sensorservice@1.0::ISensorManager/default is not registered, trying to start it as a lazy HAL.
01-01 11:57:48.484 1447 1447 I HidlServiceManagement: getService: Trying again for android.frameworks.sensorservice@1.0::ISensorManager/default...
01-01 11:57:48.469 0 0 E init : Control message: Could not find 'android.frameworks.sensorservice@1.0::ISensorManager/default' for ctl.interface_start from pid: 506 (/system/bin/hwservicemanager)
01-01 11:57:48.486 506 2183 W libc : Unable to set property "ctl.interface_start" to "android.frameworks.sensorservice@1.0::ISensorManager/default": error code: 0x20
01-01 11:57:48.486 506 2183 I hwservicemanager: Tried to start android.frameworks.sensorservice@1.0::ISensorManager/default as a lazy service, but was unable to. Usually this happens when a service is not installed, but if the service is intended to be used as a lazy service, then it may be configured incorrectly.
01-01 11:57:48.487 506 2184 W libc : Unable to set property "ctl.interface_start" to "android.frameworks.sensorservice@1.0::ISensorManager/default": error code: 0x20
01-01 11:57:48.487 506 2184 I hwservicemanager: Tried to start android.frameworks.sensorservice@1.0::ISensorManager/default as a lazy service, but was unable to. Usually this happens when a service is not installed, but if the service is intended to be used as a lazy service, then it may be configured incorrectly.
01-01 11:57:48.493 1151 1621 I system_server: libdebuggerd_client: done dumping process 1888
01-01 11:57:48.493 637 637 W tombstoned: missing output fd
01-01 11:57:48.493 1151 1621 I ActivityManager: Collecting stacks for native pid 1504
01-01 11:57:48.494 1151 1621 I system_server: libdebuggerd_client: started dumping process 1504
01-01 11:57:48.494 637 637 I tombstoned: registered intercept for pid 1504 and type kDebuggerdNativeBacktrace
01-01 11:57:48.495 1504 1504 I libc : Requested dump for tid 1504 (qfp-daemon)
01-01 11:57:48.527 2187 2187 I crash_dump64: obtaining output fd from tombstoned, type: kDebuggerdNativeBacktrace
01-01 11:57:48.528 637 637 I tombstoned: received crash request for pid 1504
01-01 11:57:48.528 637 637 I tombstoned: found intercept fd 512 for pid 1504 and type kDebuggerdNativeBacktrace
01-01 11:57:48.528 2187 2187 I crash_dump64: performing dump of process 1504 (target tid = 1504)
01-01 11:57:48.537 1151 1621 I system_server: libdebuggerd_client: done dumping process 1504
01-01 11:57:48.537 637 637 W tombstoned: missing output fd
01-01 11:57:48.537 1151 1621 I ActivityManager: Collecting stacks for native pid 576
01-01 11:57:48.538 1151 1621 I system_server: libdebuggerd_client: started dumping process 576
01-01 11:57:48.538 637 637 I tombstoned: registered intercept for pid 576 and type kDebuggerdNativeBacktrace
01-01 11:57:48.539 576 576 I libc : Requested dump for tid 576 (suspend@1.0-ser)
01-01 11:57:48.571 2192 2192 I crash_dump64: obtaining output fd from tombstoned, type: kDebuggerdNativeBacktrace
01-01 11:57:48.572 637 637 I tombstoned: received crash request for pid 576
01-01 11:57:48.572 637 637 I tombstoned: found intercept fd 512 for pid 576 and type kDebuggerdNativeBacktrace
01-01 11:57:48.572 2192 2192 I crash_dump64: performing dump of process 576 (target tid = 576)
01-01 11:57:48.582 1151 1621 I system_server: libdebuggerd_client: done dumping process 576
01-01 11:57:48.582 637 637 W tombstoned: missing output fd
01-01 11:57:48.582 1151 1621 I ActivityManager: Collecting stacks for native pid 577
01-01 11:57:48.583 1151 1621 I system_server: libdebuggerd_client: started dumping process 577
01-01 11:57:48.584 637 637 I tombstoned: registered intercept for pid 577 and type kDebuggerdNativeBacktrace
01-01 11:57:48.584 577 577 I libc : Requested dump for tid 577 (Binder:577_2)
01-01 11:57:48.627 2197 2197 I crash_dump64: obtaining output fd from tombstoned, type: kDebuggerdNativeBacktrace
01-01 11:57:48.627 637 637 I tombstoned: received crash request for pid 577
01-01 11:57:48.628 637 637 I tombstoned: found intercept fd 512 for pid 577 and type kDebuggerdNativeBacktrace
01-01 11:57:48.628 2197 2197 I crash_dump64: performing dump of process 577 (target tid = 577)
01-01 11:57:48.641 1151 1621 I system_server: libdebuggerd_client: done dumping process 577
01-01 11:57:48.642 637 637 W tombstoned: missing output fd
01-01 11:57:48.642 1151 1621 I ActivityManager: Collecting stacks for native pid 1217
01-01 11:57:48.642 1151 1621 I system_server: libdebuggerd_client: started dumping process 1217
01-01 11:57:48.643 637 637 I tombstoned: registered intercept for pid 1217 and type kDebuggerdNativeBacktrace
01-01 11:57:48.644 1217 1217 I libc : Requested dump for tid 1217 (drmserver)
01-01 11:57:48.678 2202 2202 I crash_dump32: obtaining output fd from tombstoned, type: kDebuggerdNativeBacktrace
01-01 11:57:48.679 637 637 I tombstoned: received crash request for pid 1217
01-01 11:57:48.679 637 637 I tombstoned: found intercept fd 512 for pid 1217 and type kDebuggerdNativeBacktrace
01-01 11:57:48.679 2202 2202 I crash_dump32: performing dump of process 1217 (target tid = 1217)
01-01 11:57:48.695 1151 1621 I system_server: libdebuggerd_client: done dumping process 1217
01-01 11:57:48.695 1151 1621 I ActivityManager: Collecting stacks for native pid 1889
01-01 11:57:48.697 1151 1621 I system_server: libdebuggerd_client: started dumping process 1889
01-01 11:57:48.697 637 637 W tombstoned: missing output fd
01-01 11:57:48.698 637 637 I tombstoned: registered intercept for pid 1889 and type kDebuggerdNativeBacktrace
01-01 11:57:48.698 1889 1889 I libc : Requested dump for tid 1889 (audioserver)
01-01 11:57:48.745 1464 1464 I update_engine: [INFO:cleanup_previous_update_action.cc(112)] Executing task 33
01-01 11:57:48.746 1464 1464 I update_engine: [INFO:cleanup_previous_update_action.cc(124)] CleanupPreviousUpdateAction scheduled task ID 34 for WaitBootCompleted
01-01 11:57:48.773 1151 1151 W ServiceManager: Waited one second for android.hardware.light.ILights/default (is service started? are binder threads started and available?)
01-01 11:57:48.773 505 505 I servicemanager: Since 'android.hardware.light.ILights/default' could not be found, trying to start it as a lazy AIDL service
01-01 11:57:48.774 505 2209 W libc : Unable to set property "ctl.interface_start" to "aidl/android.hardware.light.ILights/default": error code: 0x20
01-01 11:57:48.775 505 2209 I servicemanager: Tried to start aidl service android.hardware.light.ILights/default as a lazy service, but was unable to. Usually this happens when a service is not installed, but if the service is intended to be used as a lazy service, then it may be configured incorrectly.
01-01 11:57:48.777 2207 2207 I crash_dump64: obtaining output fd from tombstoned, type: kDebuggerdNativeBacktrace
01-01 11:57:48.777 637 637 I tombstoned: received crash request for pid 1889
01-01 11:57:48.777 637 637 I tombstoned: found intercept fd 512 for pid 1889 and type kDebuggerdNativeBacktrace
01-01 11:57:48.778 2207 2207 I crash_dump64: performing dump of process 1889 (target tid = 1889)
01-01 11:57:48.804 1151 1621 I system_server: libdebuggerd_client: done dumping process 1889
01-01 11:57:48.804 637 637 W tombstoned: missing output fd
01-01 11:57:48.804 1151 1621 I ActivityManager: Collecting stacks for native pid 995
01-01 11:57:48.805 1151 1621 I system_server: libdebuggerd_client: started dumping process 995
01-01 11:57:48.806 637 637 I tombstoned: registered intercept for pid 995 and type kDebuggerdNativeBacktrace
01-01 11:57:48.806 637 637 I tombstoned: received crash request for pid 995
01-01 11:57:48.807 637 637 I tombstoned: found intercept fd 512 for pid 995 and type kDebuggerdNativeBacktrace
01-01 11:57:48.835 1218 1218 W iorapd : Reconnect to package manager service: 12 times
01-01 11:57:48.835 1218 1218 I ServiceManager: Waiting for service 'package_native' on '/dev/binder'...
01-01 11:57:48.889 1151 1621 I system_server: libdebuggerd_client: done dumping process 995
01-01 11:57:48.889 1151 1621 I ActivityManager: Collecting stacks for native pid 551
01-01 11:57:48.890 1151 1621 I system_server: libdebuggerd_client: started dumping process 551
01-01 11:57:48.891 637 637 W tombstoned: missing output fd
01-01 11:57:48.891 637 637 I tombstoned: registered intercept for pid 551 and type kDebuggerdNativeBacktrace
01-01 11:57:48.892 551 551 I libc : Requested dump for tid 551 (Binder:551_2)
01-01 11:57:48.933 2213 2213 I crash_dump64: obtaining output fd from tombstoned, type: kDebuggerdNativeBacktrace
01-01 11:57:48.934 637 637 I tombstoned: received crash request for pid 551
01-01 11:57:48.934 637 637 I tombstoned: found intercept fd 512 for pid 551 and type kDebuggerdNativeBacktrace
01-01 11:57:48.934 2213 2213 I crash_dump64: performing dump of process 551 (target tid = 551)
01-01 11:57:48.950 1151 1621 I system_server: libdebuggerd_client: done dumping process 551
01-01 11:57:48.950 637 637 W tombstoned: missing output fd
01-01 11:57:48.950 1151 1621 I ActivityManager: Collecting stacks for native pid 679
01-01 11:57:48.951 1151 1621 I system_server: libdebuggerd_client: started dumping process 679
01-01 11:57:48.951 637 637 I tombstoned: registered intercept for pid 679 and type kDebuggerdNativeBacktrace
01-01 11:57:48.952 679 679 I libc : Requested dump for tid 679 (Binder:679_2)
01-01 11:57:48.985 2218 2218 I crash_dump64: obtaining output fd from tombstoned, type: kDebuggerdNativeBacktrace
01-01 11:57:48.986 637 637 I tombstoned: received crash request for pid 679
01-01 11:57:48.986 637 637 I tombstoned: found intercept fd 512 for pid 679 and type kDebuggerdNativeBacktrace
01-01 11:57:48.986 2218 2218 I crash_dump64: performing dump of process 679 (target tid = 679)
01-01 11:57:49.001 1151 1621 I system_server: libdebuggerd_client: done dumping process 679
01-01 11:57:49.001 637 637 W tombstoned: missing output fd
01-01 11:57:49.001 1151 1621 I ActivityManager: Collecting stacks for native pid 1255
01-01 11:57:49.002 1151 1621 I system_server: libdebuggerd_client: started dumping process 1255
01-01 11:57:49.003 637 637 I tombstoned: registered intercept for pid 1255 and type kDebuggerdNativeBacktrace
01-01 11:57:49.003 637 637 I tombstoned: received crash request for pid 1255
01-01 11:57:49.003 637 637 I tombstoned: found intercept fd 512 for pid 1255 and type kDebuggerdNativeBacktrace
01-01 11:57:49.042 637 637 W tombstoned: missing output fd
01-01 11:57:49.042 1151 1621 I system_server: libdebuggerd_client: done dumping process 1255
01-01 11:57:49.042 1151 1621 I ActivityManager: Collecting stacks for native pid 680
01-01 11:57:49.044 1151 1621 I system_server: libdebuggerd_client: started dumping process 680
01-01 11:57:49.045 637 637 I tombstoned: registered intercept for pid 680 and type kDebuggerdNativeBacktrace
01-01 11:57:49.045 680 680 I libc : Requested dump for tid 680 (Binder:680_3)
01-01 11:57:49.089 2223 2223 I crash_dump64: obtaining output fd from tombstoned, type: kDebuggerdNativeBacktrace
01-01 11:57:49.090 637 637 I tombstoned: received crash request for pid 680
01-01 11:57:49.090 637 637 I tombstoned: found intercept fd 512 for pid 680 and type kDebuggerdNativeBacktrace
01-01 11:57:49.090 2223 2223 I crash_dump64: performing dump of process 680 (target tid = 680)
01-01 11:57:49.116 637 637 W tombstoned: missing output fd
01-01 11:57:49.116 1151 1621 I system_server: libdebuggerd_client: done dumping process 680
01-01 11:57:49.116 1151 1621 I ActivityManager: Collecting stacks for native pid 1258
01-01 11:57:49.117 1151 1621 I system_server: libdebuggerd_client: started dumping process 1258
01-01 11:57:49.118 637 637 I tombstoned: registered intercept for pid 1258 and type kDebuggerdNativeBacktrace
01-01 11:57:49.119 1258 1258 I libc : Requested dump for tid 1258 (mediametrics)
01-01 11:57:49.123 655 668 I mpu_uart: [MSG-P:RECV]:No message received in 1000 ms
01-01 11:57:49.157 2229 2229 I crash_dump64: obtaining output fd from tombstoned, type: kDebuggerdNativeBacktrace
01-01 11:57:49.158 637 637 I tombstoned: received crash request for pid 1258
01-01 11:57:49.158 637 637 I tombstoned: found intercept fd 512 for pid 1258 and type kDebuggerdNativeBacktrace
01-01 11:57:49.158 2229 2229 I crash_dump64: performing dump of process 1258 (target tid = 1258)
01-01 11:57:49.163 0 0 D : mv2112_read_status
01-01 11:57:49.163 0 0 D mv2112_update_link: 3.0x901(1G): 0x84
01-01 11:57:49.163 0 0 D mv2112_update_link: 3.0x8109(100M): 0xc
01-01 11:57:49.163 0 0 D mv2112_update_link: link 0x4
01-01 11:57:49.163 0 0 D mv2112_read_status: autoneg is disabled
01-01 11:57:49.171 637 637 W tombstoned: missing output fd
01-01 11:57:49.175 1151 1621 I system_server: libdebuggerd_client: done dumping process 1258
01-01 11:57:49.175 1151 1621 I ActivityManager: Collecting stacks for native pid 1261
01-01 11:57:49.177 1151 1621 I system_server: libdebuggerd_client: started dumping process 1261
01-01 11:57:49.177 637 637 I tombstoned: registered intercept for pid 1261 and type kDebuggerdNativeBacktrace
01-01 11:57:49.178 1261 1261 I libc : Requested dump for tid 1261 (mediaserver)
01-01 11:57:49.242 2236 2236 I crash_dump32: obtaining output fd from tombstoned, type: kDebuggerdNativeBacktrace
01-01 11:57:49.243 637 637 I tombstoned: received crash request for pid 1261
01-01 11:57:49.243 637 637 I tombstoned: found intercept fd 512 for pid 1261 and type kDebuggerdNativeBacktrace
01-01 11:57:49.243 2236 2236 I crash_dump32: performing dump of process 1261 (target tid = 1261)
01-01 11:57:49.276 637 637 W tombstoned: missing output fd
01-01 11:57:49.277 1151 1621 I system_server: libdebuggerd_client: done dumping process 1261
01-01 11:57:49.277 1151 1621 I ActivityManager: Collecting stacks for native pid 942
01-01 11:57:49.278 1151 1621 I system_server: libdebuggerd_client: started dumping process 942
01-01 11:57:49.278 637 637 I tombstoned: registered intercept for pid 942 and type kDebuggerdNativeBacktrace
01-01 11:57:49.279 942 942 I libc : Requested dump for tid 942 (sensors@2.0-ser)
01-01 11:57:49.318 2241 2241 I crash_dump64: obtaining output fd from tombstoned, type: kDebuggerdNativeBacktrace
01-01 11:57:49.319 637 637 I tombstoned: received crash request for pid 942
01-01 11:57:49.319 637 637 I tombstoned: found intercept fd 512 for pid 942 and type kDebuggerdNativeBacktrace
01-01 11:57:49.319 2241 2241 I crash_dump64: performing dump of process 942 (target tid = 942)
01-01 11:57:49.329 637 637 W tombstoned: missing output fd
01-01 11:57:49.332 1151 1621 I system_server: libdebuggerd_client: done dumping process 942
01-01 11:57:49.332 1151 1621 I ActivityManager: Collecting stacks for native pid 819
01-01 11:57:49.333 1151 1621 I system_server: libdebuggerd_client: started dumping process 819
01-01 11:57:49.333 637 637 I tombstoned: registered intercept for pid 819 and type kDebuggerdNativeBacktrace
01-01 11:57:49.334 819 819 I libc : Requested dump for tid 819 (bluetooth@1.0-s)
01-01 11:57:49.369 2246 2246 I crash_dump64: obtaining output fd from tombstoned, type: kDebuggerdNativeBacktrace
01-01 11:57:49.370 637 637 I tombstoned: received crash request for pid 819
01-01 11:57:49.370 637 637 I tombstoned: found intercept fd 512 for pid 819 and type kDebuggerdNativeBacktrace
01-01 11:57:49.370 2246 2246 I crash_dump64: performing dump of process 819 (target tid = 819)
01-01 11:57:49.378 1151 1621 I system_server: libdebuggerd_client: done dumping process 819
01-01 11:57:49.378 637 637 W tombstoned: missing output fd
01-01 11:57:49.379 1151 1621 I ActivityManager: Collecting stacks for native pid 884
01-01 11:57:49.379 1151 1621 I system_server: libdebuggerd_client: started dumping process 884
01-01 11:57:49.379 637 637 I tombstoned: registered intercept for pid 884 and type kDebuggerdNativeBacktrace
01-01 11:57:49.380 884 884 I libc : Requested dump for tid 884 (health@2.1-serv)
01-01 11:57:49.410 2251 2251 I crash_dump64: obtaining output fd from tombstoned, type: kDebuggerdNativeBacktrace
01-01 11:57:49.411 637 637 I tombstoned: received crash request for pid 884
01-01 11:57:49.411 637 637 I tombstoned: found intercept fd 512 for pid 884 and type kDebuggerdNativeBacktrace
01-01 11:57:49.411 2251 2251 I crash_dump64: performing dump of process 884 (target tid = 884)
01-01 11:57:49.416 1151 1621 I system_server: libdebuggerd_client: done dumping process 884
01-01 11:57:49.417 637 637 W tombstoned: missing output fd
01-01 11:57:49.417 1151 1621 I ActivityManager: Collecting stacks for native pid 920
01-01 11:57:49.417 1151 1621 I system_server: libdebuggerd_client: started dumping process 920
01-01 11:57:49.418 637 637 I tombstoned: registered intercept for pid 920 and type kDebuggerdNativeBacktrace
01-01 11:57:49.418 920 920 I libc : Requested dump for tid 920 (neuralnetworks@)
01-01 11:57:49.464 2256 2256 I crash_dump64: obtaining output fd from tombstoned, type: kDebuggerdNativeBacktrace
01-01 11:57:49.465 637 637 I tombstoned: received crash request for pid 920
01-01 11:57:49.465 637 637 I tombstoned: found intercept fd 512 for pid 920 and type kDebuggerdNativeBacktrace
01-01 11:57:49.465 2256 2256 I crash_dump64: performing dump of process 920 (target tid = 920)
01-01 11:57:49.467 1447 1486 W HidlServiceManagement: Waited one second for android.frameworks.sensorservice@1.0::ISensorManager/default
01-01 11:57:49.467 506 506 I hwservicemanager: Since android.frameworks.sensorservice@1.0::ISensorManager/default is not registered, trying to start it as a lazy HAL.
01-01 11:57:49.468 1447 1486 I HidlServiceManagement: getService: Trying again for android.frameworks.sensorservice@1.0::ISensorManager/default...
01-01 11:57:49.469 506 2259 W libc : Unable to set property "ctl.interface_start" to "android.frameworks.sensorservice@1.0::ISensorManager/default": error code: 0x20
01-01 11:57:49.469 506 2259 I hwservicemanager: Tried to start android.frameworks.sensorservice@1.0::ISensorManager/default as a lazy service, but was unable to. Usually this happens when a service is not installed, but if the service is intended to be used as a lazy service, then it may be configured incorrectly.
01-01 11:57:49.483 1151 1621 I system_server: libdebuggerd_client: done dumping process 920
01-01 11:57:49.483 637 637 W tombstoned: missing output fd
01-01 11:57:49.483 1151 1621 I ActivityManager: Collecting stacks for native pid 1049
01-01 11:57:49.484 1447 1447 W HidlServiceManagement: Waited one second for android.frameworks.sensorservice@1.0::ISensorManager/default
01-01 11:57:49.484 506 506 I hwservicemanager: Since android.frameworks.sensorservice@1.0::ISensorManager/default is not registered, trying to start it as a lazy HAL.
01-01 11:57:49.485 1447 1447 I HidlServiceManagement: getService: Trying again for android.frameworks.sensorservice@1.0::ISensorManager/default...
01-01 11:57:49.485 1151 1621 I system_server: libdebuggerd_client: started dumping process 1049
01-01 11:57:49.485 506 2260 W libc : Unable to set property "ctl.interface_start" to "android.frameworks.sensorservice@1.0::ISensorManager/default": error code: 0x20
01-01 11:57:49.485 637 637 I tombstoned: registered intercept for pid 1049 and type kDebuggerdNativeBacktrace
01-01 11:57:49.485 506 2260 I hwservicemanager: Tried to start android.frameworks.sensorservice@1.0::ISensorManager/default as a lazy service, but was unable to. Usually this happens when a service is not installed, but if the service is intended to be used as a lazy service, then it may be configured incorrectly.
01-01 11:57:49.486 1049 1049 I libc : Requested dump for tid 1049 (surfaceflinger)
01-01 11:57:49.554 2263 2263 I crash_dump64: obtaining output fd from tombstoned, type: kDebuggerdNativeBacktrace
01-01 11:57:49.555 637 637 I tombstoned: received crash request for pid 1049
01-01 11:57:49.555 637 637 I tombstoned: found intercept fd 512 for pid 1049 and type kDebuggerdNativeBacktrace
01-01 11:57:49.555 2263 2263 I crash_dump64: performing dump of process 1049 (target tid = 1049)
01-01 11:57:49.572 637 637 W tombstoned: missing output fd
01-01 11:57:49.576 1151 1621 I system_server: libdebuggerd_client: done dumping process 1049
01-01 11:57:49.576 1151 1621 I ActivityManager: Collecting stacks for native pid 1244
01-01 11:57:49.577 1151 1621 I system_server: libdebuggerd_client: started dumping process 1244
01-01 11:57:49.577 637 637 I tombstoned: registered intercept for pid 1244 and type kDebuggerdNativeBacktrace
01-01 11:57:49.578 1244 1244 I libc : Requested dump for tid 1244 (cameraserver)
01-01 11:57:49.774 1151 1151 W ServiceManager: Waited one second for android.hardware.light.ILights/default (is service started? are binder threads started and available?)
01-01 11:57:49.774 505 505 I servicemanager: Since 'android.hardware.light.ILights/default' could not be found, trying to start it as a lazy AIDL service
01-01 11:57:49.775 505 2270 W libc : Unable to set property "ctl.interface_start" to "aidl/android.hardware.light.ILights/default": error code: 0x20
01-01 11:57:49.775 505 2270 I servicemanager: Tried to start aidl service android.hardware.light.ILights/default as a lazy service, but was unable to. Usually this happens when a service is not installed, but if the service is intended to be used as a lazy service, then it may be configured incorrectly.
01-01 11:57:49.868 2269 2269 I crash_dump64: obtaining output fd from tombstoned, type: kDebuggerdNativeBacktrace
01-01 11:57:49.869 637 637 I tombstoned: received crash request for pid 1244
01-01 11:57:49.870 637 637 I tombstoned: found intercept fd 512 for pid 1244 and type kDebuggerdNativeBacktrace
01-01 11:57:49.870 2269 2269 I crash_dump64: performing dump of process 1244 (target tid = 1244)
01-01 11:57:49.909 1151 1621 I system_server: libdebuggerd_client: done dumping process 1244
01-01 11:57:49.909 1151 1621 I ActivityManager: Collecting stacks for native pid 861
01-01 11:57:49.910 637 637 W tombstoned: missing output fd
01-01 11:57:49.911 1151 1621 I system_server: libdebuggerd_client: started dumping process 861
01-01 11:57:49.911 637 637 I tombstoned: registered intercept for pid 861 and type kDebuggerdNativeBacktrace
01-01 11:57:49.912 861 861 I libc : Requested dump for tid 861 (gnss@2.1-servic)
01-01 11:57:49.956 2275 2275 I crash_dump64: obtaining output fd from tombstoned, type: kDebuggerdNativeBacktrace
01-01 11:57:49.957 637 637 I tombstoned: received crash request for pid 861
01-01 11:57:49.957 637 637 I tombstoned: found intercept fd 512 for pid 861 and type kDebuggerdNativeBacktrace
01-01 11:57:49.957 2275 2275 I crash_dump64: performing dump of process 861 (target tid = 861)
01-01 11:57:49.981 637 637 W tombstoned: missing output fd
01-01 11:57:49.981 1151 1621 I system_server: libdebuggerd_client: done dumping process 861
01-01 11:57:49.982 1151 1621 I ActivityManager: Collecting stacks for native pid 958
01-01 11:57:49.983 1151 1621 I system_server: libdebuggerd_client: started dumping process 958
01-01 11:57:49.984 637 637 I tombstoned: registered intercept for pid 958 and type kDebuggerdNativeBacktrace
01-01 11:57:49.984 958 958 I libc : Requested dump for tid 958 (composer-servic)
01-01 11:57:50.045 2280 2280 I crash_dump64: obtaining output fd from tombstoned, type: kDebuggerdNativeBacktrace
01-01 11:57:50.046 637 637 I tombstoned: received crash request for pid 958
01-01 11:57:50.046 637 637 I tombstoned: found intercept fd 512 for pid 958 and type kDebuggerdNativeBacktrace
01-01 11:57:50.046 2280 2280 I crash_dump64: performing dump of process 958 (target tid = 958)
01-01 11:57:50.071 1151 1621 I system_server: libdebuggerd_client: done dumping process 958
01-01 11:57:50.071 637 637 W tombstoned: missing output fd
01-01 11:57:50.071 1151 1621 I ActivityManager: Collecting stacks for native pid 1310
01-01 11:57:50.072 1151 1621 I system_server: libdebuggerd_client: started dumping process 1310
01-01 11:57:50.073 637 637 I tombstoned: registered intercept for pid 1310 and type kDebuggerdNativeBacktrace
01-01 11:57:50.074 637 637 I tombstoned: received crash request for pid 1310
01-01 11:57:50.074 637 637 I tombstoned: found intercept fd 512 for pid 1310 and type kDebuggerdNativeBacktrace
01-01 11:57:50.123 1151 1621 I system_server: libdebuggerd_client: done dumping process 1310
01-01 11:57:50.123 637 637 W tombstoned: missing output fd
01-01 11:57:50.123 655 668 I mpu_uart: [MSG-P:RECV]:No message received in 1000 ms
01-01 11:57:50.123 1151 1621 I ActivityManager: Collecting stacks for native pid 1375
01-01 11:57:50.124 1151 1621 I system_server: libdebuggerd_client: started dumping process 1375
01-01 11:57:50.125 637 637 I tombstoned: registered intercept for pid 1375 and type kDebuggerdNativeBacktrace
01-01 11:57:50.125 637 637 I tombstoned: received crash request for pid 1375
01-01 11:57:50.125 637 637 I tombstoned: found intercept fd 512 for pid 1375 and type kDebuggerdNativeBacktrace
01-01 11:57:50.156 637 637 W tombstoned: missing output fd
01-01 11:57:50.156 1151 1621 I system_server: libdebuggerd_client: done dumping process 1375
01-01 11:57:50.157 1151 1621 I ActivityManager: Done dumping
01-01 11:57:50.157 1151 1621 I Watchdog: Collecting Binder Transaction Status Information
01-01 11:57:50.157 1151 1621 I Watchdog: Collecting Binder state file from binderfs
01-01 11:57:50.187 0 0 D : mv2112_read_status
01-01 11:57:50.187 0 0 D mv2112_update_link: 3.0x901(1G): 0x84
01-01 11:57:50.187 0 0 D mv2112_update_link: 3.0x8109(100M): 0xc
01-01 11:57:50.187 0 0 D mv2112_update_link: link 0x4
01-01 11:57:50.187 0 0 D mv2112_read_status: autoneg is disabled
01-01 11:57:50.468 1447 1486 W HidlServiceManagement: Waited one second for android.frameworks.sensorservice@1.0::ISensorManager/default
01-01 11:57:50.468 506 506 I hwservicemanager: Since android.frameworks.sensorservice@1.0::ISensorManager/default is not registered, trying to start it as a lazy HAL.
01-01 11:57:50.469 1447 1486 I HidlServiceManagement: getService: Trying again for android.frameworks.sensorservice@1.0::ISensorManager/default...
01-01 11:57:50.486 1447 1447 W HidlServiceManagement: Waited one second for android.frameworks.sensorservice@1.0::ISensorManager/default
01-01 11:57:50.486 506 506 I hwservicemanager: Since android.frameworks.sensorservice@1.0::ISensorManager/default is not registered, trying to start it as a lazy HAL.
01-01 11:57:50.486 506 2283 W libc : Unable to set property "ctl.interface_start" to "android.frameworks.sensorservice@1.0::ISensorManager/default": error code: 0x20
01-01 11:57:50.486 506 2283 I hwservicemanager: Tried to start android.frameworks.sensorservice@1.0::ISensorManager/default as a lazy service, but was unable to. Usually this happens when a service is not installed, but if the service is intended to be used as a lazy service, then it may be configured incorrectly.
01-01 11:57:50.469 0 0 E init : Control message: Could not find 'android.frameworks.sensorservice@1.0::ISensorManager/default' for ctl.interface_start from pid: 506 (/system/bin/hwservicemanager)
01-01 11:57:50.486 1447 1447 I HidlServiceManagement: getService: Trying again for android.frameworks.sensorservice@1.0::ISensorManager/default...
01-01 11:57:50.504 506 2284 W libc : Unable to set property "ctl.interface_start" to "android.frameworks.sensorservice@1.0::ISensorManager/default": error code: 0x20
01-01 11:57:50.504 506 2284 I hwservicemanager: Tried to start android.frameworks.sensorservice@1.0::ISensorManager/default as a lazy service, but was unable to. Usually this happens when a service is not installed, but if the service is intended to be used as a lazy service, then it may be configured incorrectly.
01-01 11:57:50.487 0 0 E init : Control message: Could not find 'android.frameworks.sensorservice@1.0::ISensorManager/default' for ctl.interface_start from pid: 506 (/system/bin/hwservicemanager)
01-01 11:57:50.559 1261 1880 W ServiceManager: Service media.audio_policy didn't start. Returning NULL
01-01 11:57:50.559 1261 1880 W AudioSystem: AudioPolicyService not published, waiting...
01-01 11:57:50.748 1464 1464 I update_engine: [INFO:cleanup_previous_update_action.cc(112)] Executing task 34
01-01 11:57:50.748 1464 1464 I update_engine: [INFO:cleanup_previous_update_action.cc(124)] CleanupPreviousUpdateAction scheduled task ID 35 for WaitBootCompleted
01-01 11:57:50.774 1151 1151 W ServiceManager: Waited one second for android.hardware.light.ILights/default (is service started? are binder threads started and available?)
01-01 11:57:50.774 505 505 I servicemanager: Since 'android.hardware.light.ILights/default' could not be found, trying to start it as a lazy AIDL service
01-01 11:57:50.775 0 0 E init : Control message: Could not find 'aidl/android.hardware.light.ILights/default' for ctl.interface_start from pid: 505 (/system/bin/servicemanager)
01-01 11:57:50.790 505 2285 W libc : Unable to set property "ctl.interface_start" to "aidl/android.hardware.light.ILights/default": error code: 0x20
01-01 11:57:50.791 505 2285 I servicemanager: Tried to start aidl service android.hardware.light.ILights/default as a lazy service, but was unable to. Usually this happens when a service is not installed, but if the service is intended to be used as a lazy service, then it may be configured incorrectly.
01-01 11:57:51.060 1261 1880 I ServiceManager: Waiting for service 'media.audio_policy' on '/dev/binder'...
01-01 11:57:51.123 655 668 I mpu_uart: [MSG-P:RECV]:No message received in 1000 ms
01-01 11:57:51.148 655 667 I mpu_uart: [MSG-P:R]:recv sync frame timeout
01-01 11:57:51.211 0 0 D : mv2112_read_status
01-01 11:57:51.211 0 0 D mv2112_update_link: 3.0x901(1G): 0x84
01-01 11:57:51.211 0 0 D mv2112_update_link: 3.0x8109(100M): 0xc
01-01 11:57:51.211 0 0 D mv2112_update_link: link 0x4
01-01 11:57:51.211 0 0 D mv2112_read_status: autoneg is disabled
01-01 11:57:51.469 1447 1486 W HidlServiceManagement: Waited one second for android.frameworks.sensorservice@1.0::ISensorManager/default
01-01 11:57:51.469 506 506 I hwservicemanager: Since android.frameworks.sensorservice@1.0::ISensorManager/default is not registered, trying to start it as a lazy HAL.
01-01 11:57:51.469 1447 1486 I HidlServiceManagement: getService: Trying again for android.frameworks.sensorservice@1.0::ISensorManager/default...
01-01 11:57:51.470 0 0 E init : Control message: Could not find 'android.frameworks.sensorservice@1.0::ISensorManager/default' for ctl.interface_start from pid: 506 (/system/bin/hwservicemanager)
01-01 11:57:51.487 1447 1447 W HidlServiceManagement: Waited one second for android.frameworks.sensorservice@1.0::ISensorManager/default
01-01 11:57:51.487 506 2286 W libc : Unable to set property "ctl.interface_start" to "android.frameworks.sensorservice@1.0::ISensorManager/default": error code: 0x20
01-01 11:57:51.487 506 506 I hwservicemanager: Since android.frameworks.sensorservice@1.0::ISensorManager/default is not registered, trying to start it as a lazy HAL.
01-01 11:57:51.487 506 2286 I hwservicemanager: Tried to start android.frameworks.sensorservice@1.0::ISensorManager/default as a lazy service, but was unable to. Usually this happens when a service is not installed, but if the service is intended to be used as a lazy service, then it may be configured incorrectly.
01-01 11:57:51.487 1447 1447 I HidlServiceManagement: getService: Trying again for android.frameworks.sensorservice@1.0::ISensorManager/default...
01-01 11:57:51.488 0 0 E init : Control message: Could not find 'android.frameworks.sensorservice@1.0::ISensorManager/default' for ctl.interface_start from pid: 506 (/system/bin/hwservicemanager)
01-01 11:57:51.505 506 2287 W libc : Unable to set property "ctl.interface_start" to "android.frameworks.sensorservice@1.0::ISensorManager/default": error code: 0x20
01-01 11:57:51.505 506 2287 I hwservicemanager: Tried to start android.frameworks.sensorservice@1.0::ISensorManager/default as a lazy service, but was unable to. Usually this happens when a service is not installed, but if the service is intended to be used as a lazy service, then it may be configured incorrectly.
01-01 11:57:51.775 1151 1151 W ServiceManager: Waited one second for android.hardware.light.ILights/default (is service started? are binder threads started and available?)
01-01 11:57:51.775 505 505 I servicemanager: Since 'android.hardware.light.ILights/default' could not be found, trying to start it as a lazy AIDL service
01-01 11:57:51.776 0 0 E init : Control message: Could not find 'aidl/android.hardware.light.ILights/default' for ctl.interface_start from pid: 505 (/system/bin/servicemanager)
01-01 11:57:51.791 505 2288 W libc : Unable to set property "ctl.interface_start" to "aidl/android.hardware.light.ILights/default": error code: 0x20
01-01 11:57:51.791 505 2288 I servicemanager: Tried to start aidl service android.hardware.light.ILights/default as a lazy service, but was unable to. Usually this happens when a service is not installed, but if the service is intended to be used as a lazy service, then it may be configured incorrectly.
01-01 11:57:52.123 655 668 I mpu_uart: [MSG-P:RECV]:No message received in 1000 ms
01-01 11:57:52.235 0 0 D : mv2112_read_status
01-01 11:57:52.235 0 0 D mv2112_update_link: 3.0x901(1G): 0x84
01-01 11:57:52.235 0 0 D mv2112_update_link: 3.0x8109(100M): 0xc
01-01 11:57:52.235 0 0 D mv2112_update_link: link 0x4
01-01 11:57:52.235 0 0 D mv2112_read_status: autoneg is disabled
01-01 11:57:52.469 1447 1486 W HidlServiceManagement: Waited one second for android.frameworks.sensorservice@1.0::ISensorManager/default
01-01 11:57:52.470 506 506 I hwservicemanager: Since android.frameworks.sensorservice@1.0::ISensorManager/default is not registered, trying to start it as a lazy HAL.
01-01 11:57:52.470 1447 1486 I HidlServiceManagement: getService: Trying again for android.frameworks.sensorservice@1.0::ISensorManager/default...
01-01 11:57:52.471 0 0 E init : Control message: Could not find 'android.frameworks.sensorservice@1.0::ISensorManager/default' for ctl.interface_start from pid: 506 (/system/bin/hwservicemanager)
01-01 11:57:52.487 1447 1447 W HidlServiceManagement: Waited one second for android.frameworks.sensorservice@1.0::ISensorManager/default
01-01 11:57:52.488 506 2289 W libc : Unable to set property "ctl.interface_start" to "android.frameworks.sensorservice@1.0::ISensorManager/default": error code: 0x20
01-01 11:57:52.488 506 506 I hwservicemanager: Since android.frameworks.sensorservice@1.0::ISensorManager/default is not registered, trying to start it as a lazy HAL.
01-01 11:57:52.488 506 2289 I hwservicemanager: Tried to start android.frameworks.sensorservice@1.0::ISensorManager/default as a lazy service, but was unable to. Usually this happens when a service is not installed, but if the service is intended to be used as a lazy service, then it may be configured incorrectly.
01-01 11:57:52.488 1447 1447 I HidlServiceManagement: getService: Trying again for android.frameworks.sensorservice@1.0::ISensorManager/default...
01-01 11:57:52.489 0 0 E init : Control message: Could not find 'android.frameworks.sensorservice@1.0::ISensorManager/default' for ctl.interface_start from pid: 506 (/system/bin/hwservicemanager)
01-01 11:57:52.506 506 2290 W libc : Unable to set property "ctl.interface_start" to "android.frameworks.sensorservice@1.0::ISensorManager/default": error code: 0x20
01-01 11:57:52.506 506 2290 I hwservicemanager: Tried to start android.frameworks.sensorservice@1.0::ISensorManager/default as a lazy service, but was unable to. Usually this happens when a service is not installed, but if the service is intended to be used as a lazy service, then it may be configured incorrectly.
01-01 11:57:52.750 1464 1464 I update_engine: [INFO:cleanup_previous_update_action.cc(112)] Executing task 35
01-01 11:57:52.751 1464 1464 I update_engine: [INFO:cleanup_previous_update_action.cc(124)] CleanupPreviousUpdateAction scheduled task ID 36 for WaitBootCompleted
01-01 11:57:52.776 1151 1151 W ServiceManager: Waited one second for android.hardware.light.ILights/default (is service started? are binder threads started and available?)
01-01 11:57:52.776 505 505 I servicemanager: Since 'android.hardware.light.ILights/default' could not be found, trying to start it as a lazy AIDL service
01-01 11:57:52.777 0 0 E init : Control message: Could not find 'aidl/android.hardware.light.ILights/default' for ctl.interface_start from pid: 505 (/system/bin/servicemanager)
01-01 11:57:52.792 505 2291 W libc : Unable to set property "ctl.interface_start" to "aidl/android.hardware.light.ILights/default": error code: 0x20
01-01 11:57:52.792 505 2291 I servicemanager: Tried to start aidl service android.hardware.light.ILights/default as a lazy service, but was unable to. Usually this happens when a service is not installed, but if the service is intended to be used as a lazy service, then it may be configured incorrectly.
01-01 11:57:53.123 655 668 I mpu_uart: [MSG-P:RECV]:No message received in 1000 ms
01-01 11:57:53.259 0 0 D : mv2112_read_status
01-01 11:57:53.259 0 0 D mv2112_update_link: 3.0x901(1G): 0x84
01-01 11:57:53.259 0 0 D mv2112_update_link: 3.0x8109(100M): 0xc
01-01 11:57:53.259 0 0 D mv2112_update_link: link 0x4
01-01 11:57:53.259 0 0 D mv2112_read_status: autoneg is disabled
01-01 11:57:53.470 1447 1486 W HidlServiceManagement: Waited one second for android.frameworks.sensorservice@1.0::ISensorManager/default
01-01 11:57:53.470 506 506 I hwservicemanager: Since android.frameworks.sensorservice@1.0::ISensorManager/default is not registered, trying to start it as a lazy HAL.
01-01 11:57:53.471 1447 1486 I HidlServiceManagement: getService: Trying again for android.frameworks.sensorservice@1.0::ISensorManager/default...
01-01 11:57:53.488 506 2292 W libc : Unable to set property "ctl.interface_start" to "android.frameworks.sensorservice@1.0::ISensorManager/default": error code: 0x20
01-01 11:57:53.488 1447 1447 W HidlServiceManagement: Waited one second for android.frameworks.sensorservice@1.0::ISensorManager/default
01-01 11:57:53.488 506 2292 I hwservicemanager: Tried to start android.frameworks.sensorservice@1.0::ISensorManager/default as a lazy service, but was unable to. Usually this happens when a service is not installed, but if the service is intended to be used as a lazy service, then it may be configured incorrectly.
01-01 11:57:53.488 506 506 I hwservicemanager: Since android.frameworks.sensorservice@1.0::ISensorManager/default is not registered, trying to start it as a lazy HAL.
01-01 11:57:53.489 1447 1447 I HidlServiceManagement: getService: Trying again for android.frameworks.sensorservice@1.0::ISensorManager/default...
01-01 11:57:53.471 0 0 E init : Control message: Could not find 'android.frameworks.sensorservice@1.0::ISensorManager/default' for ctl.interface_start from pid: 506 (/system/bin/hwservicemanager)
01-01 11:57:53.489 506 2293 W libc : Unable to set property "ctl.interface_start" to "android.frameworks.sensorservice@1.0::ISensorManager/default": error code: 0x20
01-01 11:57:53.489 506 2293 I hwservicemanager: Tried to start android.frameworks.sensorservice@1.0::ISensorManager/default as a lazy service, but was unable to. Usually this happens when a service is not installed, but if the service is intended to be used as a lazy service, then it may be configured incorrectly.
01-01 11:57:53.776 1151 1151 W ServiceManager: Waited one second for android.hardware.light.ILights/default (is service started? are binder threads started and available?)
01-01 11:57:53.776 505 505 I servicemanager: Since 'android.hardware.light.ILights/default' could not be found, trying to start it as a lazy AIDL service
01-01 11:57:53.777 505 2294 W libc : Unable to set property "ctl.interface_start" to "aidl/android.hardware.light.ILights/default": error code: 0x20
01-01 11:57:53.778 505 2294 I servicemanager: Tried to start aidl service android.hardware.light.ILights/default as a lazy service, but was unable to. Usually this happens when a service is not installed, but if the service is intended to be used as a lazy service, then it may be configured incorrectly.
01-01 11:57:53.853 1218 1218 W ServiceManager: Service package_native didn't start. Returning NULL
01-01 11:57:53.854 1218 1218 E iorapd : Cannot get package manager service!
01-01 11:57:54.124 655 668 I mpu_uart: [MSG-P:RECV]:No message received in 1000 ms
01-01 11:57:54.151 655 667 I mpu_uart: [MSG-P:R]:recv sync frame timeout
01-01 11:57:54.283 0 0 D : mv2112_read_status
01-01 11:57:54.283 0 0 D mv2112_update_link: 3.0x901(1G): 0x84
01-01 11:57:54.283 0 0 D mv2112_update_link: 3.0x8109(100M): 0xc
01-01 11:57:54.283 0 0 D mv2112_update_link: link 0x4
01-01 11:57:54.283 0 0 D mv2112_read_status: autoneg is disabled
01-01 11:57:54.471 1447 1486 W HidlServiceManagement: Waited one second for android.frameworks.sensorservice@1.0::ISensorManager/default
01-01 11:57:54.471 506 506 I hwservicemanager: Since android.frameworks.sensorservice@1.0::ISensorManager/default is not registered, trying to start it as a lazy HAL.
01-01 11:57:54.472 1447 1486 I HidlServiceManagement: getService: Trying again for android.frameworks.sensorservice@1.0::ISensorManager/default...
01-01 11:57:54.472 506 2295 W libc : Unable to set property "ctl.interface_start" to "android.frameworks.sensorservice@1.0::ISensorManager/default": error code: 0x20
01-01 11:57:54.472 506 2295 I hwservicemanager: Tried to start android.frameworks.sensorservice@1.0::ISensorManager/default as a lazy service, but was unable to. Usually this happens when a service is not installed, but if the service is intended to be used as a lazy service, then it may be configured incorrectly.
01-01 11:57:54.489 1447 1447 W HidlServiceManagement: Waited one second for android.frameworks.sensorservice@1.0::ISensorManager/default
01-01 11:57:54.489 506 506 I hwservicemanager: Since android.frameworks.sensorservice@1.0::ISensorManager/default is not registered, trying to start it as a lazy HAL.
01-01 11:57:54.490 1447 1447 I HidlServiceManagement: getService: Trying again for android.frameworks.sensorservice@1.0::ISensorManager/default...
01-01 11:57:54.490 506 2298 W libc : Unable to set property "ctl.interface_start" to "android.frameworks.sensorservice@1.0::ISensorManager/default": error code: 0x20
01-01 11:57:54.491 506 2298 I hwservicemanager: Tried to start android.frameworks.sensorservice@1.0::ISensorManager/default as a lazy service, but was unable to. Usually this happens when a service is not installed, but if the service is intended to be used as a lazy service, then it may be configured incorrectly.
01-01 11:57:54.512 0 0 I logd : logdr: UID=2000 GID=2000 PID=2296 b tail=0 logMask=bf pid=0 start=0ns deadline=0ns
01-01 11:57:54.751 1464 1464 I update_engine: [INFO:cleanup_previous_update_action.cc(112)] Executing task 36
01-01 11:57:54.751 1464 1464 I update_engine: [INFO:cleanup_previous_update_action.cc(124)] CleanupPreviousUpdateAction scheduled task ID 37 for WaitBootCompleted
01-01 11:57:54.777 1151 1151 W ServiceManager: Waited one second for android.hardware.light.ILights/default (is service started? are binder threads started and available?)
01-01 11:57:54.777 505 505 I servicemanager: Since 'android.hardware.light.ILights/default' could not be found, trying to start it as a lazy AIDL service
01-01 11:57:54.779 505 2300 W libc : Unable to set property "ctl.interface_start" to "aidl/android.hardware.light.ILights/default": error code: 0x20
01-01 11:57:54.779 505 2300 I servicemanager: Tried to start aidl service android.hardware.light.ILights/default as a lazy service, but was unable to. Usually this happens when a service is not installed, but if the service is intended to be used as a lazy service, then it may be configured incorrectly.
01-01 11:57:54.854 1218 1218 W iorapd : Reconnect to package manager service: 13 times
01-01 11:57:54.854 1218 1218 I ServiceManager: Waiting for service 'package_native' on '/dev/binder'...
01-01 11:57:55.124 655 668 I mpu_uart: [MSG-P:RECV]:No message received in 1000 ms
01-01 11:57:55.232 1151 1621 E Watchdog: First set of traces taken from /data/anr/anr_1970-01-01-11-57-16-009
01-01 11:57:55.249 1151 1621 E Watchdog: Second set of traces taken from /data/anr/anr_1970-01-01-11-57-48-334
01-01 11:57:55.266 1151 1621 W Watchdog: *** WATCHDOG KILLING SYSTEM PROCESS: Blocked in handler on main thread (main)
01-01 11:57:55.266 1151 1621 W Watchdog: main annotated stack trace:
01-01 11:57:55.267 1151 1621 W Watchdog: at android.os.ServiceManager.waitForService(Native Method)
01-01 11:57:55.267 1151 1621 W Watchdog: at android.os.ServiceManager.waitForDeclaredService(ServiceManager.java:272)
01-01 11:57:55.267 1151 1621 W Watchdog: at com.android.server.lights.LightsService$VintfHalCache.get(LightsService.java:532)
01-01 11:57:55.267 1151 1621 W Watchdog: - locked <0x09b8a70d> (a com.android.server.lights.LightsService$VintfHalCache)
01-01 11:57:55.267 1151 1621 W Watchdog: at com.android.server.lights.LightsService$VintfHalCache.get(LightsService.java:524)
01-01 11:57:55.267 1151 1621 W Watchdog: at com.android.server.lights.LightsService.(LightsService.java:454)
01-01 11:57:55.267 1151 1621 W Watchdog: at com.android.server.lights.LightsService.(LightsService.java:447)
01-01 11:57:55.267 1151 1621 W Watchdog: at java.lang.reflect.Constructor.newInstance0(Native Method)
01-01 11:57:55.267 1151 1621 W Watchdog: at java.lang.reflect.Constructor.newInstance(Constructor.java:343)
01-01 11:57:55.267 1151 1621 W Watchdog: at com.android.server.SystemServiceManager.startService(SystemServiceManager.java:177)
01-01 11:57:55.267 1151 1621 W Watchdog: at com.android.server.SystemServer.startBootstrapServices(SystemServer.java:1120)
01-01 11:57:55.267 1151 1621 W Watchdog: at com.android.server.SystemServer.run(SystemServer.java:882)
01-01 11:57:55.267 1151 1621 W Watchdog: at com.android.server.SystemServer.main(SystemServer.java:615)
01-01 11:57:55.267 1151 1621 W Watchdog: at java.lang.reflect.Method.invoke(Native Method)
01-01 11:57:55.267 1151 1621 W Watchdog: at com.android.internal.os.RuntimeInit$MethodAndArgsCaller.run(RuntimeInit.java:548)
01-01 11:57:55.267 1151 1621 W Watchdog: at com.android.internal.os.ZygoteInit.main(ZygoteInit.java:987)
01-01 11:57:55.267 1151 1621 W Watchdog: *** GOODBYE!
01-01 11:57:55.268 1151 1621 I Process : Sending signal. PID: 1151 SIG: 9
01-01 11:57:55.307 0 0 D : mv2112_read_status
01-01 11:57:55.307 0 0 D mv2112_update_link: 3.0x901(1G): 0x84
01-01 11:57:55.307 0 0 D mv2112_update_link: 3.0x8109(100M): 0xc
01-01 11:57:55.307 0 0 D mv2112_update_link: link 0x4
01-01 11:57:55.307 0 0 D mv2112_read_status: autoneg is disabled
01-01 11:57:55.337 681 681 E Zygote : Zygote failed to write to system_server FD: Connection refused
01-01 11:57:55.338 681 681 I Zygote : Process 1151 exited due to signal 9 (Killed)
01-01 11:57:55.338 681 681 E Zygote : Exit zygote because system server (pid 1151) has terminated
01-01 11:57:55.332 681 681 I auditd : type=1400 audit(0.0:119): avc: denied { kill } for comm="main" capability=5 scontext=u:r:zygote:s0 tcontext=u:r:zygote:s0 tclass=capability permissive=0
01-01 11:57:55.332 681 681 W main : type=1400 audit(0.0:119): avc: denied { kill } for capability=5 scontext=u:r:zygote:s0 tcontext=u:r:zygote:s0 tclass=capability permissive=0
01-01 11:57:55.417 1888 1975 D audio_hw_primary: adev_close_output_stream: enter:stream_handle(deep-buffer-playback)
01-01 11:57:55.418 1888 1975 D audio_hw_primary: io_streams_map_remove: Removed stream with handle 29
01-01 11:57:55.418 1888 1975 D audio_hw_primary: out_standby: enter: stream (0xe408c970) usecase(0: deep-buffer-playback)
01-01 11:57:55.418 1888 1975 D audio_hw_primary: out_standby: exit
01-01 11:57:55.418 1888 1975 D audio_hw_primary: adev_close_output_stream: enter:stream_handle(afe-proxy-playback)
01-01 11:57:55.418 1888 1888 D audio_hw_primary: adev_close_output_stream: enter:stream_handle(low-latency-playback)
01-01 11:57:55.418 1888 1975 D audio_hw_primary: io_streams_map_remove: Removed stream with handle 61
01-01 11:57:55.418 1888 1975 D audio_hw_primary: out_standby: enter: stream (0xe4088650) usecase(54: afe-proxy-playback)
01-01 11:57:55.418 1888 1888 D audio_hw_primary: io_streams_map_remove: Removed stream with handle 13
01-01 11:57:55.418 1888 1975 D audio_hw_primary: out_standby: exit
01-01 11:57:55.418 1888 1888 D audio_hw_primary: out_standby: enter: stream (0xe4080010) usecase(1: low-latency-playback)
01-01 11:57:55.418 1888 1975 D audio_hw_primary: adev_close_output_stream: enter:stream_handle(incall_music_uplink)
01-01 11:57:55.418 1888 1888 D audio_hw_primary: out_standby: exit
01-01 11:57:55.418 1888 1975 D audio_hw_primary: io_streams_map_remove: Removed stream with handle 77
01-01 11:57:55.418 1888 1975 D audio_hw_primary: out_standby: enter: stream (0xe408eb00) usecase(50: incall_music_uplink)
01-01 11:57:55.418 1888 1888 D audio_hw_primary: adev_close_output_stream: enter:stream_handle(audio-ull-playback)
01-01 11:57:55.418 1888 1975 D audio_hw_primary: out_standby: exit
01-01 11:57:55.418 1888 1888 D audio_hw_primary: io_streams_map_remove: Removed stream with handle 21
