01-01 11:56:41.398 942 942 I sensors-hal: discover_sensors:574, the default sensor of sensor_temperature was not discovered
01-01 11:56:41.399 942 942 I sensors-hal: discover_sensors:574, the default sensor of gyro was not discovered
01-01 11:56:41.399 942 942 I sensors-hal: discover_sensors:574, the default sensor of gyro_cal was not discovered
01-01 11:56:41.399 942 942 I sensors-hal: discover_sensors:574, the default sensor of accel was not discovered
01-01 11:56:41.399 942 942 I sensors-hal: get_qmi_debug_flag:241, support_qmi_debug : false
01-01 11:56:41.409 681 681 I zygote64: Explicit concurrent copying GC freed 2478(130KB) AllocSpace objects, 1(28KB) LOS objects, 49% free, 9026KB/17MB, paused 57us,7us total 35.686ms
01-01 11:56:41.409 681 681 D Zygote64Timing: PostZygoteInitGC took to complete: 89ms
01-01 11:56:41.409 681 681 D Zygote64Timing: ZygoteInit took to complete: 2687ms
01-01 11:56:41.420 1126 1126 D ProcessState: Binder ioctl to enable oneway spam detection failed: Invalid argument
01-01 11:56:41.420 0 0 I binder : 1126:1126 ioctl 40046210 7fc8044d34 returned -22
01-01 11:56:41.424 1126 1126 D BootAnimation: BootAnimationStartTiming start time: 36549ms
01-01 11:56:41.424 1126 1126 D BootAnimation: BootAnimationPreloadTiming start time: 36549ms
01-01 11:56:41.424 1126 1126 D BootAnimation: Animation customzation path:
01-01 11:56:41.427 1126 1126 D BootAnimation: BootAnimationPreloadStopTiming start time: 36552ms
01-01 11:56:41.429 958 1093 I SDM : HWCDisplay::GetColorModeCount: Supported color mode count = 1
01-01 11:56:41.429 958 1093 I SDM : HWCDisplay::GetColorModes: Color mode = 0 is supported
01-01 11:56:41.429 1049 1098 E HWComposer: getSupportedContentTypes: getSupportedContentTypes failed for display 4630946370410392961: Unsupported (8)
01-01 11:56:41.440 1126 1144 D libEGL : loaded /vendor/lib64/egl/libEGL_adreno.so
01-01 11:56:41.454 1126 1144 D libEGL : loaded /vendor/lib64/egl/libGLESv1_CM_adreno.so
01-01 11:56:41.458 1126 1144 D libEGL : loaded /vendor/lib64/egl/libGLESv2_adreno.so
01-01 11:56:41.472 0 0 E msm-pcm-routing soc: qcom,msm-pcm-routing: ASoC: no source widget found for AUDIO_REF_EC_UL30 MUX
01-01 11:56:41.483 0 0 E msm-pcm-routing soc: qcom,msm-pcm-routing: ASoC: Failed to add route AUDIO_REF_EC_UL30 MUX -> direct -> MM_UL30
01-01 11:56:41.496 1126 1144 I AdrenoGLES-0: QUALCOMM build : 47421dbee6, I139f36ad46
01-01 11:56:41.496 1126 1144 I AdrenoGLES-0: Build Date : 02/18/22
01-01 11:56:41.496 1126 1144 I AdrenoGLES-0: OpenGL ES Shader Compiler Version: EV031.32.02.17
01-01 11:56:41.496 1126 1144 I AdrenoGLES-0: Local Branch :
01-01 11:56:41.496 1126 1144 I AdrenoGLES-0: Remote Branch :
01-01 11:56:41.496 1126 1144 I AdrenoGLES-0: Remote Branch :
01-01 11:56:41.496 1126 1144 I AdrenoGLES-0: Reconstruct Branch :
01-01 11:56:41.496 1126 1144 I AdrenoGLES-0: Build Config : S P 10.0.7 AArch64
01-01 11:56:41.496 1126 1144 I AdrenoGLES-0: Driver Path : /vendor/lib64/egl/libGLESv2_adreno.so
01-01 11:56:41.498 506 506 I hwservicemanager: getTransport: Cannot find entry android.hardware.graphics.mapper@4.0::IMapper/default in either framework or device VINTF manifest.
01-01 11:56:41.526 681 681 D Zygote : Forked child process 1151
01-01 11:56:41.505 0 0 E msm-pcm-routing soc: qcom,msm-pcm-routing: ASoC: no source widget found for AUX_PCM_TX
01-01 11:56:41.515 0 0 E msm-pcm-routing soc: qcom,msm-pcm-routing: ASoC: Failed to add route AUX_PCM_TX -> AUX_PCM_UL_TX -> VoLTE Stub Tx Mixer
01-01 11:56:41.528 681 681 I Zygote : System server process 1151 has been created
01-01 11:56:41.530 681 681 I Zygote : Accepting command socket connections
01-01 11:56:41.549 679 679 W ServiceManager: Service statscompanion didn't start. Returning NULL
01-01 11:56:41.550 679 679 I statsd : Statsd starts to listen to socket.
01-01 11:56:41.534 0 0 E msm-pcm-routing soc: qcom,msm-pcm-routing: ASoC: no source widget found for AUX_PCM_RX
01-01 11:56:41.544 0 0 E msm-pcm-routing soc: qcom,msm-pcm-routing: ASoC: Failed to add route AUX_PCM_RX -> direct -> BE_OUT
01-01 11:56:41.570 0 0 W msm-pcm-routing soc: qcom,msm-pcm-routing: ASoC: no dapm match for MM_DL23 --> MultiMedia23 --> QUIN_TDM_RX_1 Audio Mixer
01-01 11:56:41.570 0 0 E msm-pcm-routing soc: qcom,msm-pcm-routing: ASoC: Failed to add route MM_DL23 -> MultiMedia23 -> QUIN_TDM_RX_1 Audio Mixer
01-01 11:56:41.583 0 0 W msm-pcm-routing soc: qcom,msm-pcm-routing: ASoC: no dapm match for MM_DL24 --> MultiMedia24 --> QUIN_TDM_RX_1 Audio Mixer
01-01 11:56:41.583 0 0 E msm-pcm-routing soc: qcom,msm-pcm-routing: ASoC: Failed to add route MM_DL24 -> MultiMedia24 -> QUIN_TDM_RX_1 Audio Mixer
01-01 11:56:41.595 0 0 W msm-pcm-routing soc: qcom,msm-pcm-routing: ASoC: no dapm match for MM_DL25 --> MultiMedia25 --> QUIN_TDM_RX_1 Audio Mixer
01-01 11:56:41.595 0 0 E msm-pcm-routing soc: qcom,msm-pcm-routing: ASoC: Failed to add route MM_DL25 -> MultiMedia25 -> QUIN_TDM_RX_1 Audio Mixer
01-01 11:56:41.684 1094 1094 I auditd : type=1400 audit(0.0:18): avc: denied { write } for comm="init.qcom.usb.s" name="uvc.0" dev="configfs" ino=43510 scontext=u:r:vendor_qti_init_shell:s0 tcontext=u:object_r:configfs:s0 tclass=dir permissive=0
01-01 11:56:41.684 1094 1094 W init.qcom.usb.s: type=1400 audit(0.0:18): avc: denied { write } for name="uvc.0" dev="configfs" ino=43510 scontext=u:r:vendor_qti_init_shell:s0 tcontext=u:object_r:configfs:s0 tclass=dir permissive=0
01-01 11:56:41.675 0 0 E msm-pcm-routing soc: qcom,msm-pcm-routing: ASoC: no source widget found for AUX_PCM_TX
01-01 11:56:41.685 0 0 E msm-pcm-routing soc: qcom,msm-pcm-routing: ASoC: Failed to add route AUX_PCM_TX -> AUX_PCM_UL_TX -> SLIMBUS_0_RX Port Mixer
01-01 11:56:41.684 1094 1094 I auditd : type=1400 audit(0.0:19): avc: denied { write } for comm="init.qcom.usb.s" name="uvc.0" dev="configfs" ino=43510 scontext=u:r:vendor_qti_init_shell:s0 tcontext=u:object_r:configfs:s0 tclass=dir permissive=0
01-01 11:56:41.684 1094 1094 W init.qcom.usb.s: type=1400 audit(0.0:19): avc: denied { write } for name="uvc.0" dev="configfs" ino=43510 scontext=u:r:vendor_qti_init_shell:s0 tcontext=u:object_r:configfs:s0 tclass=dir permissive=0
01-01 11:56:41.698 0 0 E msm-pcm-routing soc: qcom,msm-pcm-routing: ASoC: no source widget found for SEC_AUX_PCM_TX
01-01 11:56:41.707 0 0 E msm-pcm-routing soc: qcom,msm-pcm-routing: ASoC: Failed to add route SEC_AUX_PCM_TX -> SEC_AUX_PCM_UL_TX -> SLIMBUS_0_RX Port Mixer
01-01 11:56:41.720 1167 1167 I auditd : type=1400 audit(0.0:20): avc: denied { write } for comm="mkdir" name="header" dev="configfs" ino=43512 scontext=u:r:vendor_qti_init_shell:s0 tcontext=u:object_r:configfs:s0 tclass=dir permissive=0
01-01 11:56:41.720 1167 1167 W mkdir : type=1400 audit(0.0:20): avc: denied { write } for name="header" dev="configfs" ino=43512 scontext=u:r:vendor_qti_init_shell:s0 tcontext=u:object_r:configfs:s0 tclass=dir permissive=0
01-01 11:56:41.721 0 0 E msm-pcm-routing soc: qcom,msm-pcm-routing: ASoC: no source widget found for TERT_AUX_PCM_TX
01-01 11:56:41.731 0 0 E msm-pcm-routing soc: qcom,msm-pcm-routing: ASoC: Failed to add route TERT_AUX_PCM_TX -> TERT_AUXPCM_UL_TX -> SLIMBUS_0_RX Port Mixer
01-01 11:56:41.731 0 0 E msm-pcm-routing soc: qcom,msm-pcm-routing: ASoC: no source widget found for QUAT_AUX_PCM_TX
01-01 11:56:41.754 0 0 E msm-pcm-routing soc: qcom,msm-pcm-routing: ASoC: Failed to add route QUAT_AUX_PCM_TX -> QUAT_AUXPCM_UL_TX -> SLIMBUS_0_RX Port Mixer
01-01 11:56:41.768 1169 1169 I auditd : type=1400 audit(0.0:21): avc: denied { write } for comm="ln" name="fs" dev="configfs" ino=43521 scontext=u:r:vendor_qti_init_shell:s0 tcontext=u:object_r:configfs:s0 tclass=dir permissive=0
01-01 11:56:41.768 1169 1169 W ln : type=1400 audit(0.0:21): avc: denied { write } for name="fs" dev="configfs" ino=43521 scontext=u:r:vendor_qti_init_shell:s0 tcontext=u:object_r:configfs:s0 tclass=dir permissive=0
01-01 11:56:41.768 0 0 E msm-pcm-routing soc: qcom,msm-pcm-routing: ASoC: no source widget found for QUIN_AUX_PCM_TX
01-01 11:56:41.778 0 0 E msm-pcm-routing soc: qcom,msm-pcm-routing: ASoC: Failed to add route QUIN_AUX_PCM_TX -> QUIN_AUXPCM_UL_TX -> SLIMBUS_0_RX Port Mixer
01-01 11:56:41.783 1151 1151 W system_server: Failed to upload odrefresh metrics: metrics file '/data/misc/odrefresh/odrefresh-metrics.txt' could not be opened: No such file or directory
01-01 11:56:41.787 0 0 E msm-dcc 1023000.dcc_v2: DCC is not ready Disabling DCC...
01-01 11:56:41.791 0 0 E msm-pcm-routing soc: qcom,msm-pcm-routing: ASoC: no source widget found for SEN_AUX_PCM_TX
01-01 11:56:41.796 0 0 I binder : 1151:1151 ioctl 40046210 7fd30b3484 returned -22
01-01 11:56:41.796 1151 1151 D ProcessState: Binder ioctl to enable oneway spam detection failed: Invalid argument
01-01 11:56:41.797 505 505 I servicemanager: Since 'installd' could not be found, trying to start it as a lazy AIDL service
01-01 11:56:41.798 505 1180 W libc : Unable to set property "ctl.interface_start" to "aidl/installd": error code: 0x20
01-01 11:56:41.798 505 1180 I servicemanager: Tried to start aidl service installd as a lazy service, but was unable to. Usually this happens when a service is not installed, but if the service is intended to be used as a lazy service, then it may be configured incorrectly.
01-01 11:56:41.800 1172 1172 I auditd : type=1400 audit(0.0:22): avc: denied { write } for comm="ln" name="ss" dev="configfs" ino=43522 scontext=u:r:vendor_qti_init_shell:s0 tcontext=u:object_r:configfs:s0 tclass=dir permissive=0
01-01 11:56:41.807 0 0 E msm-pcm-routing soc: qcom,msm-pcm-routing: ASoC: Failed to add route SEN_AUX_PCM_TX -> SEN_AUXPCM_UL_TX -> SLIMBUS_0_RX Port Mixer
01-01 11:56:41.800 1172 1172 W ln : type=1400 audit(0.0:22): avc: denied { write } for name="ss" dev="configfs" ino=43522 scontext=u:r:vendor_qti_init_shell:s0 tcontext=u:object_r:configfs:s0 tclass=dir permissive=0
01-01 11:56:41.824 1181 1181 I auditd : type=1400 audit(0.0:23): avc: denied { write } for comm="mkdir" name="uncompressed" dev="configfs" ino=43525 scontext=u:r:vendor_qti_init_shell:s0 tcontext=u:object_r:configfs:s0 tclass=dir permissive=0
01-01 11:56:41.824 1181 1181 W mkdir : type=1400 audit(0.0:23): avc: denied { write } for name="uncompressed" dev="configfs" ino=43525 scontext=u:r:vendor_qti_init_shell:s0 tcontext=u:object_r:configfs:s0 tclass=dir permissive=0
01-01 11:56:41.848 1182 1182 I auditd : type=1400 audit(0.0:24): avc: denied { write } for comm="mkdir" name="uncompressed" dev="configfs" ino=43525 scontext=u:r:vendor_qti_init_shell:s0 tcontext=u:object_r:configfs:s0 tclass=dir permissive=0
01-01 11:56:41.848 1182 1182 W mkdir : type=1400 audit(0.0:24): avc: denied { write } for name="uncompressed" dev="configfs" ino=43525 scontext=u:r:vendor_qti_init_shell:s0 tcontext=u:object_r:configfs:s0 tclass=dir permissive=0
01-01 11:56:41.876 1183 1183 I auditd : type=1400 audit(0.0:25): avc: denied { write } for comm="mkdir" name="mjpeg" dev="configfs" ino=43526 scontext=u:r:vendor_qti_init_shell:s0 tcontext=u:object_r:configfs:s0 tclass=dir permissive=0
01-01 11:56:41.876 1183 1183 W mkdir : type=1400 audit(0.0:25): avc: denied { write } for name="mjpeg" dev="configfs" ino=43526 scontext=u:r:vendor_qti_init_shell:s0 tcontext=u:object_r:configfs:s0 tclass=dir permissive=0
01-01 11:56:41.900 1184 1184 I auditd : type=1400 audit(0.0:26): avc: denied { write } for comm="mkdir" name="mjpeg" dev="configfs" ino=43526 scontext=u:r:vendor_qti_init_shell:s0 tcontext=u:object_r:configfs:s0 tclass=dir permissive=0
01-01 11:56:41.900 1184 1184 W mkdir : type=1400 audit(0.0:26): avc: denied { write } for name="mjpeg" dev="configfs" ino=43526 scontext=u:r:vendor_qti_init_shell:s0 tcontext=u:object_r:configfs:s0 tclass=dir permissive=0
01-01 11:56:41.920 942 942 I sensors-hal: discover_sensors:623, not-default suid discovery time = 0.521444s
01-01 11:56:41.922 942 942 I sensors-hal: discover_sensors:630, suid discovery time = 0.000241s
01-01 11:56:41.923 942 942 I sensors-hal: get_qmi_debug_flag:241, support_qmi_debug : false
01-01 11:56:41.924 1185 1185 I auditd : type=1400 audit(0.0:27): avc: denied { write } for comm="mkdir" name="h264" dev="configfs" ino=43527 scontext=u:r:vendor_qti_init_shell:s0 tcontext=u:object_r:configfs:s0 tclass=dir permissive=0
01-01 11:56:41.924 1185 1185 W mkdir : type=1400 audit(0.0:27): avc: denied { write } for name="h264" dev="configfs" ino=43527 scontext=u:r:vendor_qti_init_shell:s0 tcontext=u:object_r:configfs:s0 tclass=dir permissive=0
01-01 11:56:41.945 809 809 D audio_hw_utils: audio_extn_utils_open_snd_mixer: retry, retry_num 3
01-01 11:56:41.952 1188 1188 I auditd : type=1400 audit(0.0:28): avc: denied { write } for comm="mkdir" name="h264" dev="configfs" ino=43527 scontext=u:r:vendor_qti_init_shell:s0 tcontext=u:object_r:configfs:s0 tclass=dir permissive=0
01-01 11:56:41.952 1188 1188 W mkdir : type=1400 audit(0.0:28): avc: denied { write } for name="h264" dev="configfs" ino=43527 scontext=u:r:vendor_qti_init_shell:s0 tcontext=u:object_r:configfs:s0 tclass=dir permissive=0
01-01 11:56:41.967 942 942 I sensors-hal: get_available_step_detect_sensors:85, step_detect sensor will use pedometer
01-01 11:56:41.967 942 942 I sensors-hal: init_sensors:288, initializing sensors
01-01 11:56:41.967 942 942 I sensors-hal: get_qmi_debug_flag:241, support_qmi_debug : false
01-01 11:56:41.980 942 942 I sensors-hal: init_sensors:346, SSR handler is registered
01-01 11:56:41.980 942 942 I sensors-hal: sensors_hal:196, sensors_hal initialized, init_time = 2.875417s
01-01 11:56:41.980 942 942 I sensors-hal: sensors_hw_module:143, sensors sub-hal instance is created
01-01 11:56:41.980 942 942 I sensors-hal: get_sensors_list:356, num_sensors=0
01-01 11:56:41.976 1189 1189 I auditd : type=1400 audit(0.0:29): avc: denied { write } for comm="mkdir" name="header" dev="configfs" ino=43524 scontext=u:r:vendor_qti_init_shell:s0 tcontext=u:object_r:configfs:s0 tclass=dir permissive=0
01-01 11:56:41.976 1189 1189 W mkdir : type=1400 audit(0.0:29): avc: denied { write } for name="header" dev="configfs" ino=43524 scontext=u:r:vendor_qti_init_shell:s0 tcontext=u:object_r:configfs:s0 tclass=dir permissive=0
01-01 11:56:41.984 942 942 I HidlServiceManagement: Registered android.hardware.sensors@2.0::ISensors/default (start delay of 3188ms)
01-01 11:56:41.984 942 942 I HidlServiceManagement: Removing namespace from process name android.hardware.sensors@2.0-service.multihal to sensors@2.0-service.multihal.
01-01 11:56:41.991 0 0 E msm-dcc 1023000.dcc_v2: DCC list passed 3
01-01 11:56:41.997 0 0 I msm-dcc 1023000.dcc_v2: All values written to enable.
01-01 11:56:41.997 0 0 E msm-dcc 1023000.dcc_v2: DCC list passed 4
01-01 11:56:42.003 0 0 I msm-dcc 1023000.dcc_v2: All values written to enable.
01-01 11:56:42.003 0 0 E msm-dcc 1023000.dcc_v2: DCC list passed 6
01-01 11:56:42.009 0 0 I msm-dcc 1023000.dcc_v2: All values written to enable.
01-01 11:56:42.020 1193 1193 I auditd : type=1400 audit(0.0:30): avc: denied { write } for comm="ln" name="header" dev="configfs" ino=43524 scontext=u:r:vendor_qti_init_shell:s0 tcontext=u:object_r:configfs:s0 tclass=dir permissive=0
01-01 11:56:42.020 1193 1193 W ln : type=1400 audit(0.0:30): avc: denied { write } for name="header" dev="configfs" ino=43524 scontext=u:r:vendor_qti_init_shell:s0 tcontext=u:object_r:configfs:s0 tclass=dir permissive=0
01-01 11:56:42.064 1194 1194 I auditd : type=1400 audit(0.0:31): avc: denied { write } for comm="ln" name="header" dev="configfs" ino=43524 scontext=u:r:vendor_qti_init_shell:s0 tcontext=u:object_r:configfs:s0 tclass=dir permissive=0
01-01 11:56:42.064 1194 1194 W ln : type=1400 audit(0.0:31): avc: denied { write } for name="header" dev="configfs" ino=43524 scontext=u:r:vendor_qti_init_shell:s0 tcontext=u:object_r:configfs:s0 tclass=dir permissive=0
01-01 11:56:42.086 655 667 I mpu_uart: [MSG-P:R]:recv sync frame timeout
01-01 11:56:42.107 655 668 I mpu_uart: [MSG-P:RECV]:No message received in 1000 ms
01-01 11:56:42.104 1195 1195 I auditd : type=1400 audit(0.0:32): avc: denied { write } for comm="ln" name="header" dev="configfs" ino=43524 scontext=u:r:vendor_qti_init_shell:s0 tcontext=u:object_r:configfs:s0 tclass=dir permissive=0
01-01 11:56:42.104 1195 1195 W ln : type=1400 audit(0.0:32): avc: denied { write } for name="header" dev="configfs" ino=43524 scontext=u:r:vendor_qti_init_shell:s0 tcontext=u:object_r:configfs:s0 tclass=dir permissive=0
01-01 11:56:42.148 1196 1196 I auditd : type=1400 audit(0.0:33): avc: denied { write } for comm="ln" name="fs" dev="configfs" ino=43531 scontext=u:r:vendor_qti_init_shell:s0 tcontext=u:object_r:configfs:s0 tclass=dir permissive=0
01-01 11:56:42.148 1196 1196 W ln : type=1400 audit(0.0:33): avc: denied { write } for name="fs" dev="configfs" ino=43531 scontext=u:r:vendor_qti_init_shell:s0 tcontext=u:object_r:configfs:s0 tclass=dir permissive=0
01-01 11:56:42.184 1198 1198 I auditd : type=1400 audit(0.0:34): avc: denied { write } for comm="ln" name="hs" dev="configfs" ino=43532 scontext=u:r:vendor_qti_init_shell:s0 tcontext=u:object_r:configfs:s0 tclass=dir permissive=0
01-01 11:56:42.184 1198 1198 W ln : type=1400 audit(0.0:34): avc: denied { write } for name="hs" dev="configfs" ino=43532 scontext=u:r:vendor_qti_init_shell:s0 tcontext=u:object_r:configfs:s0 tclass=dir permissive=0
01-01 11:56:42.212 1199 1199 I auditd : type=1400 audit(0.0:35): avc: denied { write } for comm="ln" name="ss" dev="configfs" ino=43533 scontext=u:r:vendor_qti_init_shell:s0 tcontext=u:object_r:configfs:s0 tclass=dir permissive=0
01-01 11:56:42.212 1199 1199 W ln : type=1400 audit(0.0:35): avc: denied { write } for name="ss" dev="configfs" ino=43533 scontext=u:r:vendor_qti_init_shell:s0 tcontext=u:object_r:configfs:s0 tclass=dir permissive=0
01-01 11:56:42.259 1200 1200 I modprobe: Loading module /vendor/lib/modules/qca_cld3_qca6390.ko with args ""
01-01 11:56:42.276 1202 1202 E modprobe: LoadWithAliases was unable to load rmnet_ctl
01-01 11:56:42.277 1201 1201 I gsid : no DSU: No such file or directory
01-01 11:56:42.310 1203 1203 E modprobe: LoadWithAliases was unable to load rmnet_core
01-01 11:56:42.340 1204 1204 E modprobe: LoadWithAliases was unable to load rmnet_ctl
01-01 11:56:42.369 1205 1205 E modprobe: LoadWithAliases was unable to load rmnet_core
01-01 11:56:42.460 473 473 W libc : Unable to set property "ro.opengles.version" to "196610": error code: 0xb
01-01 11:56:42.504 1213 1213 E PerMgrProxy: Starting pm-proxy service
01-01 11:56:42.510 0 0 I msm_vidc: err : ffffffff: .....: DBLP Set: status 0
01-01 11:56:42.529 1216 1216 I bootstat: Service started: /system/bin/bootstat --set_system_boot_reason
01-01 11:56:42.537 1216 1216 I bootstat: Canonical boot reason: reboot,shell
01-01 11:56:42.537 1216 1216 I bootstat: Canonical boot reason: reboot,shell
01-01 11:56:42.525 0 0 E wlan : Loading driver v5.2.022.10G +TIMER_MANAGER +MEMORY_DEBUG +PANIC_ON_BUG; 2022-11-03T16:53:31Z; cld:; cmn:;
01-01 11:56:42.540 1216 1216 I bootstat: Last reboot reason read from /metadata/bootstat/persist.sys.boot.reason : reboot,shell. Last reboot reason read from persist.sys.boot.reason :
01-01 11:56:42.541 1216 1216 I bootstat: Normalized last reboot reason : reboot,shell
01-01 11:56:42.561 1217 1217 D ProcessState: Binder ioctl to enable oneway spam detection failed: Invalid argument
01-01 11:56:42.561 0 0 I binder : 1217:1217 ioctl 40046210 ff9b5918 returned -22
01-01 11:56:42.562 0 0 E ipa3_uc_reg_rdyCB: 2973 bad parm. inout=0000000000000000
01-01 11:56:42.568 0 0 I : wlan_hdd_state wlan major(477) initialized
01-01 11:56:42.576 0 0 D cnss : Start to wait for calibration to complete
01-01 11:56:42.591 1218 1218 I iorapd : iorapd (the prefetchening) firing up
01-01 11:56:42.593 1218 1218 E iorapd : SQLite error (14): cannot open file at line 39583 of [bcd014c473]
01-01 11:56:42.593 1218 1218 E iorapd : SQLite error (14): os_unix.c:39583: (2) open(/data/misc/iorapd/sqlite.db) -
01-01 11:56:42.603 1219 1219 I perfetto: probes.cc:84 Starting /system/bin/traced_probes service
01-01 11:56:42.606 1219 1219 I perfetto: probes_producer.cc:129 Disconnected from tracing service
01-01 11:56:42.607 1219 1227 I perfetto: _activity_trigger.cc:71 mm_events ftrace instance not found. Triggering of traces on memory pressure will not be available on this device.
01-01 11:56:42.609 0 0 W F2FS-fs (dm-10): Unexpected flush for atomic writes: ino=378, npages=3
01-01 11:56:42.618 1218 1218 I iorapd : Reinitialized database at '/data/misc/iorapd/sqlite.db'
01-01 11:56:42.619 1218 1218 W iorapd : Reconnect to package manager service: 1 times
01-01 11:56:42.619 1218 1218 D ProcessState: Binder ioctl to enable oneway spam detection failed: Invalid argument
01-01 11:56:42.619 0 0 I binder : 1218:1218 ioctl 40046210 7feff49164 returned -22
01-01 11:56:42.624 1218 1218 I ServiceManager: Waiting for service 'package_native' on '/dev/binder'...
01-01 11:56:42.635 1224 1224 W perfetto: service.cc:207 Started traced, listening on /dev/socket/traced_producer /dev/socket/traced_consumer
01-01 11:56:42.680 1229 1229 D dpmQmiMgr: DPM feature value is 1
01-01 11:56:42.681 1229 1229 I dpmQmiMgr: Registering HAL: com.qualcomm.qti.dpm.api@1.0::IdpmQmi with name: dpmQmiService
01-01 11:56:42.687 1229 1229 I HidlServiceManagement: Registered com.qualcomm.qti.dpm.api@1.0::IdpmQmi/dpmQmiService (start delay of 62ms)
01-01 11:56:42.692 1233 1233 D FEATURE_ENABLER_CLIENT: : Shared buffer size: 1040
01-01 11:56:42.692 1233 1233 D QSEECOMAPI: QSEECom_get_handle sb_length = 0x1040
01-01 11:56:42.693 1233 1233 D QSEECOMAPI: App is not loaded in QSEE
01-01 11:56:42.694 1233 1233 D QSEECOMAPI: app_arch = 2, total_files = 9
01-01 11:56:42.695 1233 1233 E ion : ioctl c0044901 failed with code -1: Inappropriate ioctl for device
01-01 11:56:42.695 1235 1235 D hw-ProcessState: Binder ioctl to enable oneway spam detection failed: Invalid argument
01-01 11:56:42.698 506 506 I hwservicemanager: Notifying com.qualcomm.qti.dpm.api@1.0::IdpmQmi/dpmQmiService they have clients: 1
01-01 11:56:42.695 0 0 I binder : 1235:1235 ioctl 40046210 7fe4f04854 returned -22
01-01 11:56:42.698 1229 1239 I dpmQmiMgr: Process has 1 (of 1 available) client(s) in use after notification com.qualcomm.qti.dpm.api@1.0::IdpmQmi has clients: 1
01-01 11:56:42.723 1234 1234 W qcom-system-daemon: libminijail[1234]: failed to get path of fd 3: No such file or directory
01-01 11:56:42.724 1234 1234 W qcom-system-daemon: libminijail[1234]: allowing syscall: connect
01-01 11:56:42.724 1234 1234 W qcom-system-daemon: libminijail[1234]: allowing syscall: fcntl
01-01 11:56:42.724 1234 1234 W qcom-system-daemon: libminijail[1234]: allowing syscall: sendto
01-01 11:56:42.724 1234 1234 W qcom-system-daemon: libminijail[1234]: allowing syscall: socket
01-01 11:56:42.724 1234 1234 W qcom-system-daemon: libminijail[1234]: allowing syscall: writev
01-01 11:56:42.724 1234 1234 W qcom-system-daemon: libminijail[1234]: logging seccomp filter failures
01-01 11:56:42.725 1234 1234 E QCOMSysDaemon: Can't find/open bootselect node: (No such file or directory)
01-01 11:56:42.725 1234 1234 I QCOMSysDaemon: Starting qcom system daemon
01-01 11:56:42.749 0 0 I binder : 1248:1248 ioctl 40046210 7fce7daa24 returned -22
01-01 11:56:42.749 1248 1248 D ProcessState: Binder ioctl to enable oneway spam detection failed: Invalid argument
01-01 11:56:42.759 1240 1240 I CNSS : Diag LSM init done!
01-01 11:56:42.760 1240 1240 I CLD80211: cnss_diag: initialized exit socket pair
01-01 11:56:42.760 1240 1240 I CNSS : cld80211 ctx init done, proceed to add mcast groups
01-01 11:56:42.760 1240 1240 I CLD80211: cnss_diag: nlctrl family id: 16 group: fw_logs mcast_id: 21
01-01 11:56:42.760 1240 1240 I CLD80211: cnss_diag: nlctrl family id: 16 group: host_logs mcast_id: 20
01-01 11:56:42.761 1240 1240 I CLD80211: cnss_diag: nlctrl family id: 16 group: diag_events mcast_id: 23
01-01 11:56:42.762 1240 1240 I CNSS : cnss_open_log_file: create directory /data/vendor/wifi/wlan_logs/ ret = 0 errno= 2
01-01 11:56:42.762 1240 1240 I CNSS : failed to open file a+ mode or file size 0 is less than max_file_size 31457280
01-01 11:56:42.762 1240 1240 I CNSS : Failed to open file /data/vendor/wifi/wlan_logs/host_driver_logs_current.txt: 13
01-01 11:56:42.774 1249 1249 D ProcessState: Binder ioctl to enable oneway spam detection failed: Invalid argument
01-01 11:56:42.774 0 0 I binder : 1249:1249 ioctl 40046210 7fdb2a8cd4 returned -22
01-01 11:56:42.789 1253 1253 I installd: installd firing up
01-01 11:56:42.789 1253 1253 E cutils : Failed to read /data/misc/installd/layout_version: No such file or directory
01-01 11:56:42.789 1253 1253 D installd: Assuming that device has multi-user storage layout; upgrade no longer supported
01-01 11:56:42.790 1253 1253 D installd: Upgrading to /data/misc/user directories
01-01 11:56:42.791 1253 1253 D ProcessState: Binder ioctl to enable oneway spam detection failed: Invalid argument
01-01 11:56:42.791 0 0 I binder : 1253:1253 ioctl 40046210 7fd2161724 returned -22
01-01 11:56:42.803 1151 1151 W ServiceManager: Waited one second for installd (is service started? are binder threads started and available?)
01-01 11:56:42.804 505 505 I BpBinder: onLastStrongRef automatically unlinking death recipients:
01-01 11:56:42.807 1253 1262 V installd: DexInv: --- BEGIN '/apex/com.android.appsearch/javalib/service-appsearch.jar' ---
01-01 11:56:42.807 1253 1262 V installd: Running /apex/com.android.art/bin/dex2oat64 in=service-appsearch.jar out=/data/dalvik-cache/arm64/apex@com.android.appsearch@javalib@service-appsearch.jar@classes.dex
01-01 11:56:42.813 1219 1219 I perfetto: probes_producer.cc:112 Connected to the service
01-01 11:56:42.873 1258 1258 V MediaUtils: physMem: 8032657408
01-01 11:56:42.873 1258 1258 V MediaUtils: requested limit: 134217728
01-01 11:56:42.874 1258 1258 I libc : malloc_limit: Allocation limit enabled, max size 134217728 bytes
01-01 11:56:42.874 1258 1258 D ProcessState: Binder ioctl to enable oneway spam detection failed: Invalid argument
01-01 11:56:42.874 0 0 I binder : 1258:1258 ioctl 40046210 7fc5d10a64 returned -22
01-01 11:56:42.880 504 504 I lowmemorykiller: lmkd data connection established
01-01 11:56:42.880 1258 1258 D AudioPowerUsage: AudioPowerUsage
01-01 11:56:42.880 1258 1258 D AudioAnalytics: AudioAnalytics
01-01 11:56:42.880 1258 1258 D MediaMetricsService: MediaMetricsService
01-01 11:56:42.889 1263 1263 I selfinstaller: /system/bin/selfinstaller service start ...
01-01 11:56:42.896 1266 1266 W dex2oat64: Mismatch between dex2oat instruction set features to use (ISA: Arm64 Feature string: a53,crc,-lse,-fp16,-dotprod,-sve) and those from CPP defines (ISA: Arm64 Feature string: -a53,-crc,-lse,-fp16,-dotprod,-sve) for the command line:
01-01 11:56:42.896 1266 1266 W dex2oat64: /apex/com.android.art/bin/dex2oat64 --zip-fd=6 --zip-location=service-appsearch.jar --oat-fd=7 --oat-location=/data/dalvik-cache/arm64/apex@com.android.appsearch@javalib@service-appsearch.jar@classes.dex --input-vdex-fd=-1 --output-vdex-fd=8 --swap-fd=9 --classpath-dir=/apex/com.android.appsearch/javalib --class-loader-context=PCL[/system/framework/com.android.location.provider.jar:/system/framework/services.jar:/system/framework/ethernet-service.jar] --compact-dex-level=none --instruction-set=arm64 --instruction-set-features=default --instruction-set-variant=generic --compiler-filter=verify --compilation-reason=server-dexopt --max-image-block-size=524288 --resolve-startup-const-strings=true --generate-mini-debug-info --runtime-arg -Xdeny-art-apex-data-files --runtime-arg -Xms64m --runtime-arg -Xmx512m
01-01 11:56:42.897 1266 1266 I dex2oat64: /apex/com.android.art/bin/dex2oat64 --input-vdex-fd=-1 --output-vdex-fd=8 --classpath-dir=/apex/com.android.appsearch/javalib --class-loader-context=PCL[/system/framework/com.android.location.provider.jar:/system/framework/services.jar:/system/framework/ethernet-service.jar] --compact-dex-level=none --compiler-filter=verify --compilation-reason=server-dexopt --max-image-block-size=524288 --resolve-startup-const-strings=true --generate-mini-debug-info
01-01 11:56:42.883 0 0 E msm-dai-fe soc: qcom,msm-dai-fe: ASoC: no sink widget found for AUXPCM_DL_HL
01-01 11:56:42.891 0 0 E msm-dai-fe soc: qcom,msm-dai-fe: ASoC: Failed to add route AUXPCM_HOSTLESS Playback -> direct -> AUXPCM_DL_HL
01-01 11:56:42.903 0 0 E msm-dai-fe soc: qcom,msm-dai-fe: ASoC: no source widget found for AUXPCM_UL_HL
01-01 11:56:42.911 1266 1266 W dex2oat64: ART APEX data files are untrusted.
01-01 11:56:42.915 1263 1279 I selfinstaller: create socket failed: Network is unreachable 101
01-01 11:56:42.912 0 0 E msm-dai-fe soc: qcom,msm-dai-fe: ASoC: Failed to add route AUXPCM_UL_HL -> direct -> AUXPCM_HOSTLESS Capture
01-01 11:56:42.931 1026 1026 I ServiceManager: Waiting for service 'media.metrics' on '/dev/binder' successful after waiting 2117ms
01-01 11:56:42.932 1026 1026 I AudioFlinger: Using default 3000 mSec as standby time.
01-01 11:56:42.933 1258 1274 I ServiceManager: Waiting for service 'package_native' on '/dev/binder'...
01-01 11:56:42.941 1270 1270 D tlogd : [Main](main) =========tlog start======== u1000, g1000, p1270
01-01 11:56:42.941 1270 1270 D tlogd : [Main](main) current platform word size: 64
01-01 11:56:42.942 1270 1270 W tlogd : [ConfigLoader](ConfigLoader) using default config.xml.
01-01 11:56:42.946 809 809 D audio_hw_utils: audio_extn_utils_open_snd_mixer: retry, retry_num 4
01-01 11:56:42.953 1270 1270 D tlogd : [StorageChecker](startCheck) start check /data/tlog/persist/
01-01 11:56:42.953 1270 1270 D tlogd : [TlogdPersist](persistMain) tlog prepare OK!
01-01 11:56:42.953 1270 1270 D tlogd : [TlogdPersist](persistMain) tlog create server[4] OK!
01-01 11:56:42.959 1026 1026 D APM_EngineLoader: Loaded engine from libaudiopolicyenginedefault.so
01-01 11:56:42.959 1026 1026 D APM::AudioPolicyEngine/Base: loadAudioPolicyEngineConfig: No configuration found, using default matching phone experience.
01-01 11:56:42.962 1261 1261 I mediaserverwrapper: Mediaserver Wrapper Has been started
01-01 11:56:42.941 0 0 E msm-auxpcm-dev soc: qcom,msm-pri-auxpcm: ASoC: no source widget found for AUX_PCM_RX
01-01 11:56:42.950 0 0 E msm-auxpcm-dev soc: qcom,msm-pri-auxpcm: ASoC: Failed to add route AUX_PCM_RX -> direct -> AUX PCM Playback
01-01 11:56:42.962 0 0 E msm-auxpcm-dev soc: qcom,msm-pri-auxpcm: ASoC: no sink widget found for AUX_PCM_TX
01-01 11:56:42.971 0 0 E msm-auxpcm-dev soc: qcom,msm-pri-auxpcm: ASoC: Failed to add route AUX PCM Capture -> direct -> AUX_PCM_TX
01-01 11:56:42.971 1255 1255 I main_extractorservice: enable media.extractor memory limits
01-01 11:56:42.982 0 0 E msm-auxpcm-dev soc: qcom,msm-sec-auxpcm: ASoC: no source widget found for SEC_AUX_PCM_RX
01-01 11:56:42.972 1255 1255 V MediaUtils: physMem: 8032657408
01-01 11:56:42.972 1255 1255 V MediaUtils: requested limit: 1606531480
01-01 11:56:42.972 1255 1255 I libc : malloc_limit: Allocation limit enabled, max size 1606531480 bytes
01-01 11:56:42.974 1026 1026 W APM::AudioPolicyEngine/Base: loadAudioPolicyEngineConfig: No configuration of AUDIO_STREAM_CALL_ASSISTANT found, using default volume configuration
01-01 11:56:42.983 1255 1255 W mediaextractor: Could not read additional policy file '/vendor/etc/seccomp_policy/mediaextractor.policy'
01-01 11:56:42.983 1255 1255 W mediaextractor: libminijail[1255]: failed to get path of fd 4: No such file or directory
01-01 11:56:42.984 1255 1255 W mediaextractor: libminijail[1255]: allowing syscall: connect
01-01 11:56:42.984 1255 1255 W mediaextractor: libminijail[1255]: allowing syscall: fcntl
01-01 11:56:42.984 1255 1255 W mediaextractor: libminijail[1255]: allowing syscall: sendto
01-01 11:56:42.984 1255 1255 W mediaextractor: libminijail[1255]: allowing syscall: socket
01-01 11:56:42.984 1255 1255 W mediaextractor: libminijail[1255]: allowing syscall: writev
01-01 11:56:42.984 1255 1255 W mediaextractor: libminijail[1255]: compile_file: (42): syscall readlinkat redefined here
01-01 11:56:42.984 1255 1255 W mediaextractor: libminijail[1255]: compile_file: (38): previous definition here
01-01 11:56:42.986 809 879 D audio_hw_primary: adev_open: enter
01-01 11:56:42.986 809 879 D audio_log_utils: registered, module hal
01-01 11:56:42.987 1255 1255 W mediaextractor: libminijail[1255]: compile_file: /apex/com.android.media/etc/seccomp_policy/crash_dump.arm64.policy(1): syscall read redefined here
01-01 11:56:42.987 1255 1255 W mediaextractor: libminijail[1255]: compile_file: (18): previous definition here
01-01 11:56:42.987 1255 1255 W mediaextractor: libminijail[1255]: compile_file: /apex/com.android.media/etc/seccomp_policy/crash_dump.arm64.policy(2): syscall write redefined here
01-01 11:56:42.987 1255 1255 W mediaextractor: libminijail[1255]: compile_file: (6): previous definition here
01-01 11:56:42.987 1255 1255 W mediaextractor: libminijail[1255]: compile_file: /apex/com.android.media/etc/seccomp_policy/crash_dump.arm64.policy(3): syscall exit redefined here
01-01 11:56:42.987 1255 1255 W mediaextractor: libminijail[1255]: compile_file: (27): previous definition here
01-01 11:56:42.987 1255 1255 W mediaextractor: libminijail[1255]: compile_file: /apex/com.android.media/etc/seccomp_policy/crash_dump.arm64.policy(4): syscall rt_sigreturn redefined here
01-01 11:56:42.987 1255 1255 W mediaextractor: libminijail[1255]: compile_file: (29): previous definition here
01-01 11:56:42.987 1255 1255 W mediaextractor: libminijail[1255]: compile_file: /apex/com.android.media/etc/seccomp_policy/crash_dump.arm64.policy(5): syscall exit_group redefined here
01-01 11:56:42.988 1255 1255 W mediaextractor: libminijail[1255]: compile_file: (28): previous definition here
01-01 11:56:42.988 1255 1255 W mediaextractor: libminijail[1255]: compile_file: /apex/com.android.media/etc/seccomp_policy/crash_dump.arm64.policy(8): syscall futex redefined here
01-01 11:56:42.988 1255 1255 W mediaextractor: libminijail[1255]: compile_file: (4): previous definition here
01-01 11:56:42.988 1255 1255 W mediaextractor: libminijail[1255]: compile_file: /apex/com.android.media/etc/seccomp_policy/crash_dump.arm64.policy(9): syscall getrandom redefined here
01-01 11:56:42.988 1255 1255 W mediaextractor: libminijail[1255]: compile_file: (32): previous definition here
01-01 11:56:42.988 809 879 W audio_hw_utils: audio_extn_utils_get_vendor_enhanced_info: vendor_enhanced_info 0x3
01-01 11:56:42.988 809 879 D audio_hw_extn: snd_mon_feature_init: Called with feature Enabled
01-01 11:56:42.988 1255 1255 W mediaextractor: libminijail[1255]: compile_file: /apex/com.android.media/etc/seccomp_policy/crash_dump.arm64.policy(14): syscall openat redefined here
01-01 11:56:42.988 1255 1255 W mediaextractor: libminijail[1255]: compile_file: (12): previous definition here
01-01 11:56:42.988 1255 1255 W mediaextractor: libminijail[1255]: compile_file: /apex/com.android.media/etc/seccomp_policy/crash_dump.arm64.policy(15): syscall dup redefined here
01-01 11:56:42.988 1255 1255 W mediaextractor: libminijail[1255]: compile_file: (9): previous definition here
01-01 11:56:42.989 1255 1255 W mediaextractor: libminijail[1255]: compile_file: /apex/com.android.media/etc/seccomp_policy/crash_dump.arm64.policy(16): syscall close redefined here
01-01 11:56:42.989 1255 1255 W mediaextractor: libminijail[1255]: compile_file: (8): previous definition here
01-01 11:56:42.989 1255 1255 W mediaextractor: libminijail[1255]: compile_file: /apex/com.android.media/etc/seccomp_policy/crash_dump.arm64.policy(17): syscall lseek redefined here
01-01 11:56:42.989 1255 1255 W mediaextractor: libminijail[1255]: compile_file: (23): previous definition here
01-01 11:56:42.989 1255 1255 W mediaextractor: libminijail[1255]: compile_file: /apex/com.android.media/etc/seccomp_policy/crash_dump.arm64.policy(18): syscall getdents64 redefined here
01-01 11:56:42.989 1255 1255 W mediaextractor: libminijail[1255]: compile_file: (41): previous definition here
01-01 11:56:42.992 0 0 E msm-auxpcm-dev soc: qcom,msm-sec-auxpcm: ASoC: Failed to add route SEC_AUX_PCM_RX -> direct -> Sec AUX PCM Playback
01-01 11:56:42.989 1255 1255 W mediaextractor: libminijail[1255]: compile_file: /apex/com.android.media/etc/seccomp_policy/crash_dump.arm64.policy(19): syscall faccessat redefined here
01-01 11:56:42.989 1255 1255 W mediaextractor: libminijail[1255]: compile_file: (25): previous definition here
01-01 11:56:42.989 1255 1255 W mediaextractor: libminijail[1255]: compile_file: /apex/com.android.media/etc/seccomp_policy/crash_dump.arm64.policy(27): syscall prctl redefined here
01-01 11:56:42.989 1255 1255 W mediaextractor: libminijail[1255]: compile_file: (5): previous definition here
01-01 11:56:42.990 1255 1255 W mediaextractor: libminijail[1255]: compile_file: /apex/com.android.media/etc/seccomp_policy/crash_dump.arm64.policy(28): syscall madvise redefined here
01-01 11:56:42.990 1255 1255 W mediaextractor: libminijail[1255]: compile_file: (14): previous definition here
01-01 11:56:42.990 1255 1255 W mediaextractor: libminijail[1255]: compile_file: /apex/com.android.media/etc/seccomp_policy/crash_dump.arm64.policy(29): syscall mprotect redefined here
01-01 11:56:42.990 1255 1255 W mediaextractor: libminijail[1255]: compile_file: (13): previous definition here
01-01 11:56:42.990 1255 1255 W mediaextractor: libminijail[1255]: compile_file: /apex/com.android.media/etc/seccomp_policy/crash_dump.arm64.policy(30): syscall munmap redefined here
01-01 11:56:43.004 0 0 E msm-auxpcm-dev soc: qcom,msm-sec-auxpcm: ASoC: no sink widget found for SEC_AUX_PCM_TX
01-01 11:56:43.014 0 0 E msm-auxpcm-dev soc: qcom,msm-sec-auxpcm: ASoC: Failed to add route Sec AUX PCM Capture -> direct -> SEC_AUX_PCM_TX
01-01 11:56:42.990 1255 1255 W mediaextractor: libminijail[1255]: compile_file: (11): previous definition here
01-01 11:56:42.990 1255 1255 W mediaextractor: libminijail[1255]: compile_file: /apex/com.android.media/etc/seccomp_policy/crash_dump.arm64.policy(31): syscall getuid redefined here
01-01 11:56:42.990 1255 1255 W mediaextractor: libminijail[1255]: compile_file: (15): previous definition here
01-01 11:56:42.990 1255 1255 W mediaextractor: libminijail[1255]: compile_file: /apex/com.android.media/etc/seccomp_policy/crash_dump.arm64.policy(32): syscall fstat redefined here
01-01 11:56:42.991 1255 1255 W mediaextractor: libminijail[1255]: compile_file: (16): previous definition here
01-01 11:56:42.991 1255 1255 W mediaextractor: libminijail[1255]: compile_file: /apex/com.android.media/etc/seccomp_policy/crash_dump.arm64.policy(33): syscall mmap redefined here
01-01 11:56:42.991 809 879 D audio_hw_extn: snd_mon_feature_init:: ---- Feature SND_MONITOR is Enabled ----
01-01 11:56:42.991 809 879 W audio_hw_extn: :: compr_cap_feature_init: ---- Feature COMPRESS_CAPTURE is disabled ----
01-01 11:56:42.991 809 879 D audio_hw_extn: dsm_feedback_feature_init: Called with feature NOT Enabled
01-01 11:56:42.991 809 879 W audio_hw_extn: :: dsm_feedback_feature_init: ---- Feature DSM_FEEDBACK is disabled ----
01-01 11:56:42.996 809 879 D audio_hw_extn: ssrec_feature_init:: ---- Feature SSREC is Enabled ----
01-01 11:56:42.996 809 879 D audio_hw_extn: src_trkn_feature_init:: ---- Feature SOURCE_TRACKING is Enabled ----
01-01 11:56:42.996 809 879 D audio_hw_extn: hdmi_edid_feature_init: HDMI_EDID feature Enabled
01-01 11:56:42.998 809 879 D audio_hw_extn: hdmi_edid_feature_init:: ---- Feature HDMI_EDID is Enabled ----
01-01 11:56:42.998 809 879 D audio_hw_extn: :: keep_alive_feature_init: ---- Feature KEEP_ALIVE is ENABLED ----
01-01 11:56:42.998 809 879 D audio_hw_extn: :: hifi_audio_feature_init: ---- Feature HIFI_AUDIO is NOT ENABLED ----
01-01 11:56:42.998 809 879 D audio_hw_extn: :: ras_feature_init: ---- Feature RAS_FEATURE is ENABLED ----
01-01 11:56:42.998 809 879 D audio_hw_extn: :: kpi_optimize_feature_init: ---- Feature KPI_OPTIMIZE is ENABLED ----
01-01 11:56:42.998 809 879 D audio_hw_extn: usb_offload_feature_init: Called with feature Enabled
01-01 11:56:42.998 809 879 D audio_hw_extn: usb_offload_burst_mode_feature_init: Called with feature Enabled
01-01 11:56:42.998 809 879 D audio_hw_extn: usb_offload_sidetone_volume_feature_init: Called with feature NOT Enabled
01-01 11:56:42.998 809 879 D audio_hw_extn: a2dp_offload_feature_init: Called with feature Enabled
01-01 11:56:43.003 1255 1255 W mediaextractor: libminijail[1255]: compile_file: (10): previous definition here
01-01 11:56:43.003 809 879 D audio_hw_extn: a2dp_offload_feature_init:: ---- Feature A2DP_OFFLOAD is Enabled ----
01-01 11:56:43.003 809 879 D audio_hw_extn: :: vbat_feature_init: ---- Feature VBAT is ENABLED ----
01-01 11:56:43.003 809 879 D audio_hw_extn: :: display_port_feature_init: ---- Feature DISPLAY_PORT is ENABLED ----
01-01 11:56:43.003 809 879 D audio_hw_extn: :: fluence_feature_init: ---- Feature FLUENCE is ENABLED ----
01-01 11:56:43.003 809 879 D audio_hw_extn: :: custom_stereo_feature_init: ---- Feature CUSTOM_STEREO is ENABLED ----
01-01 11:56:43.003 809 879 D audio_hw_extn: :: anc_headset_feature_init: ---- Feature ANC_HEADSET is NOT ENABLED----
01-01 11:56:43.003 809 879 D audio_hw_extn: spkr_prot_feature_init: Called with feature Enabled, vendor_enhanced_info 0x3
01-01 11:56:43.007 1255 1255 W mediaextractor: libminijail[1255]: logging seccomp filter failures
01-01 11:56:43.009 809 879 D audio_hw_extn: spkr_prot_feature_init:: ---- Feature SPKR_PROT is Enabled ----
01-01 11:56:43.009 809 879 D audio_hw_extn: fm_feature_init: ---- Feature FM_POWER_OPT is ENABLED----
01-01 11:56:43.009 809 879 D audio_hw_extn: external_qdsp_feature_init: Called with feature NOT Enabled
01-01 11:56:43.023 0 0 I binder : 1255:1255 ioctl 40046210 7fff8497c4 returned -22
01-01 11:56:43.026 0 0 E msm-auxpcm-dev soc: qcom,msm-tert-auxpcm: ASoC: no source widget found for TERT_AUX_PCM_RX
01-01 11:56:43.026 0 0 I binder : 1280:1280 ioctl 40046210 7fc044f1a4 returned -22
01-01 11:56:43.035 0 0 E msm-auxpcm-dev soc: qcom,msm-tert-auxpcm: ASoC: Failed to add route TERT_AUX_PCM_RX -> direct -> Tert AUX PCM Playback
01-01 11:56:43.009 809 879 W audio_hw_extn: :: external_qdsp_feature_init: ---- Feature EXTERNAL_QDSP is disabled ----
01-01 11:56:43.009 809 879 D audio_hw_extn: external_speaker_feature_init: Called with feature NOT Enabled
01-01 11:56:43.009 809 879 W audio_hw_extn: :: external_speaker_feature_init: ---- Feature EXTERNAL_SPKR is disabled ----
01-01 11:56:43.009 809 879 D audio_hw_extn: external_speaker_tfa_feature_init: Called with feature NOT Enabled
01-01 11:56:43.009 809 879 W audio_hw_extn: :: external_speaker_tfa_feature_init: ---- Feature EXTERNAL_SPKR_TFA is disabled ----
01-01 11:56:43.009 809 879 D audio_hw_extn: hwdep_cal_feature_init: Called with feature NOT Enabled
01-01 11:56:43.009 809 879 W audio_hw_extn: :: hwdep_cal_feature_init: ---- Feature HWDEP_CAL is disabled ----
01-01 11:56:43.009 809 879 D audio_hw_extn: hfp_feature_init: Called with feature Enabled
01-01 11:56:43.022 1280 1280 I wificond: wificond is starting up...
01-01 11:56:43.023 809 879 D audio_hw_extn: hfp_feature_init:: ---- Feature HFP is Enabled ----
01-01 11:56:43.023 809 879 D audio_hw_extn: ext_hw_plugin_feature_init: Called with feature NOT Enabled
01-01 11:56:43.023 809 879 W audio_hw_extn: :: ext_hw_plugin_feature_init: ---- Feature EXT_HW_PLUGIN is disabled ----
01-01 11:56:43.023 809 879 D audio_hw_extn: record_play_concurency_feature_init: ---- Feature RECORD_PLAY_CONCURRENCY is NOT ENABLED----
01-01 11:56:43.024 809 879 D audio_hw_extn: hdmi_passthrough_feature_init: Called with feature Enabled
01-01 11:56:43.025 1255 1255 D ProcessState: Binder ioctl to enable oneway spam detection failed: Invalid argument
01-01 11:56:43.034 809 879 E audio_hw_extn: hdmi_passthrough_feature_init: dlsym failed
01-01 11:56:43.035 809 879 W audio_hw_extn: :: hdmi_passthrough_feature_init: ---- Feature HDMI_PASSTHROUGH is disabled ----
01-01 11:56:43.035 809 879 D audio_hw_extn: concurrent_capture_feature_init: ---- Feature CONCURRENT_CAPTURE is ENABLED----
01-01 11:56:43.035 809 879 D audio_hw_extn: compress_in_feature_init: ---- Feature COMPRESS_IN is ENABLED----
01-01 11:56:43.036 1280 1280 D ProcessState: Binder ioctl to enable oneway spam detection failed: Invalid argument
01-01 11:56:43.037 1294 1294 I PerfDaemon: PerfDaemon is starting.
01-01 11:56:43.048 0 0 E msm-auxpcm-dev soc: qcom,msm-tert-auxpcm: ASoC: no sink widget found for TERT_AUX_PCM_TX
01-01 11:56:43.046 1294 1294 W perfservice: libminijail[1294]: failed to get path of fd 4: No such file or directory
01-01 11:56:43.047 1294 1294 W perfservice: libminijail[1294]: allowing syscall: connect
01-01 11:56:43.048 1294 1294 W perfservice: libminijail[1294]: allowing syscall: fcntl
01-01 11:56:43.048 1294 1294 W perfservice: libminijail[1294]: allowing syscall: sendto
01-01 11:56:43.048 1294 1294 W perfservice: libminijail[1294]: allowing syscall: socket
01-01 11:56:43.049 1294 1294 W perfservice: libminijail[1294]: allowing syscall: writev
01-01 11:56:43.049 1294 1294 W perfservice: libminijail[1294]: compile_file: (69): syscall mremap redefined here
01-01 11:56:43.049 1294 1294 W perfservice: libminijail[1294]: compile_file: (33): previous definition here
01-01 11:56:43.050 1294 1294 W perfservice: libminijail[1294]: logging seccomp filter failures
01-01 11:56:43.052 809 879 D audio_hw_extn: battery_listener_feature_init: ---- Feature BATTERY_LISTENER is enabled ----
01-01 11:56:43.052 809 879 D audio_hw_extn: maxx_audio_feature_init: Called with feature NOT Enabled
01-01 11:56:43.053 809 879 W audio_hw_extn: :: maxx_audio_feature_init: ---- Feature MAXX_AUDIO is disabled ----
01-01 11:56:43.053 809 879 D audio_hw_extn: audiozoom_feature_init: Called with feature NOT Enabled
01-01 11:56:43.053 809 879 W audio_hw_extn: :: audiozoom_feature_init: ---- Feature AUDIOZOOM is disabled ----
01-01 11:56:43.053 809 879 D audio_hw_extn: auto_hal_feature_init: Called with feature NOT Enabled
01-01 11:56:43.053 809 879 W audio_hw_extn: :: auto_hal_feature_init: ---- Feature AUTO_HAL is disabled ----
01-01 11:56:43.053 809 879 D voice_extn: :: dynamic_ecns_feature_init: ---- Feature DYNAMIC_ECNS is ENABLED ----
01-01 11:56:43.058 1267 1267 D hw-ProcessState: Binder ioctl to enable oneway spam detection failed: Invalid argument
01-01 11:56:43.081 1267 1267 W storaged: health: invalid battery status
01-01 11:56:43.092 1280 1280 D hw-ProcessState: Binder ioctl to enable oneway spam detection failed: Invalid argument
01-01 11:56:43.095 1280 1280 I HidlServiceManagement: Registered android.system.wifi.keystore@1.0::IKeystore/default
01-01 11:56:43.102 809 879 E audio_hw_extn: audio_extn_perf_lock_init: Perf lock handles Success
01-01 11:56:43.102 1267 1267 D ProcessState: Binder ioctl to enable oneway spam detection failed: Invalid argument
01-01 11:56:43.103 1294 1294 D ProcessState: Binder ioctl to enable oneway spam detection failed: Invalid argument
01-01 11:56:43.104 1267 1267 I ServiceManager: Waiting for service 'package_native' on '/dev/binder'...
01-01 11:56:43.049 0 0 I binder : 1267:1267 ioctl 40046210 7fee5b6ef4 returned -22
01-01 11:56:43.057 0 0 E msm-auxpcm-dev soc: qcom,msm-tert-auxpcm: ASoC: Failed to add route Tert AUX PCM Capture -> direct -> TERT_AUX_PCM_TX
01-01 11:56:43.064 0 0 I binder : 1280:1280 ioctl 40046210 7fc044f124 returned -22
01-01 11:56:43.070 0 0 E msm-auxpcm-dev soc: qcom,msm-quat-auxpcm: ASoC: no source widget found for QUAT_AUX_PCM_RX
01-01 11:56:43.080 0 0 E msm-auxpcm-dev soc: qcom,msm-quat-auxpcm: ASoC: Failed to add route QUAT_AUX_PCM_RX -> direct -> Quat AUX PCM Playback
01-01 11:56:43.080 0 0 I binder : 1294:1294 ioctl 40046210 7ffe686d84 returned -22
01-01 11:56:43.092 0 0 E msm-auxpcm-dev soc: qcom,msm-quat-auxpcm: ASoC: no sink widget found for QUAT_AUX_PCM_TX
01-01 11:56:43.093 0 0 I binder : 1267:1267 ioctl 40046210 7fee5b6e24 returned -22
01-01 11:56:43.102 0 0 E msm-auxpcm-dev soc: qcom,msm-quat-auxpcm: ASoC: Failed to add route Quat AUX PCM Capture -> direct -> QUAT_AUX_PCM_TX
01-01 11:56:43.111 655 668 I mpu_uart: [MSG-P:RECV]:No message received in 1000 ms
01-01 11:56:43.114 0 0 E msm-auxpcm-dev soc: qcom,msm-quin-auxpcm: ASoC: no source widget found for QUIN_AUX_PCM_RX
01-01 11:56:43.124 0 0 E msm-auxpcm-dev soc: qcom,msm-quin-auxpcm: ASoC: Failed to add route QUIN_AUX_PCM_RX -> direct -> Quin AUX PCM Playback
01-01 11:56:43.135 1294 1294 D PerfDaemon: added vendor.perfservice to services and is now running.
01-01 11:56:43.136 0 0 E msm-auxpcm-dev soc: qcom,msm-quin-auxpcm: ASoC: no sink widget found for QUIN_AUX_PCM_TX
01-01 11:56:43.146 0 0 E msm-auxpcm-dev soc: qcom,msm-quin-auxpcm: ASoC: Failed to add route Quin AUX PCM Capture -> direct -> QUIN_AUX_PCM_TX
01-01 11:56:43.158 0 0 E msm-auxpcm-dev soc: qcom,msm-sen-auxpcm: ASoC: no source widget found for SEN_AUX_PCM_RX
01-01 11:56:43.168 0 0 E msm-auxpcm-dev soc: qcom,msm-sen-auxpcm: ASoC: Failed to add route SEN_AUX_PCM_RX -> direct -> Sen AUX PCM Playback
01-01 11:56:43.187 1266 1266 I dex2oat64: dex2oat took 292.917ms (245.103ms cpu) (threads: 8) arena alloc=0B (0B) java alloc=590KB (604160B) native alloc=1875KB (1920640B) free=2669KB (2733952B)
01-01 11:56:43.191 1255 1255 I MediaExtractorFactory: plugin directory not present (/system/lib64/extractors)
01-01 11:56:43.180 0 0 E msm-auxpcm-dev soc: qcom,msm-sen-auxpcm: ASoC: no sink widget found for SEN_AUX_PCM_TX
01-01 11:56:43.190 0 0 E msm-auxpcm-dev soc: qcom,msm-sen-auxpcm: ASoC: Failed to add route Sen AUX PCM Capture -> direct -> SEN_AUX_PCM_TX
01-01 11:56:43.202 0 0 W msm-dai-q6-hdmi soc: qcom,msm-dai-q6-dp: DAI driver id is not set
01-01 11:56:43.239 1310 1310 I android.hardware.media.omx@1.0-service: mediacodecservice starting
01-01 11:56:43.248 1310 1310 W android.hardware.media.omx@1.0-service: libminijail[1310]: failed to get path of fd 4: No such file or directory
01-01 11:56:43.248 1310 1310 W android.hardware.media.omx@1.0-service: libminijail[1310]: allowing syscall: clock_gettime
