01-01 11:56:45.465 0 0 E kona-asoc-snd soc: qcom,msm-audio-apr:qcom,q6core-audio:sound: ASoC: no source widget found for ADC4_OUTPUT
01-01 11:56:45.476 0 0 E kona-asoc-snd soc: qcom,msm-audio-apr:qcom,q6core-audio:sound: ASoC: Failed to add route ADC4_OUTPUT -> direct -> VA SWR_ADC3
01-01 11:56:45.489 0 0 E kona-asoc-snd soc: qcom,msm-audio-apr:qcom,q6core-audio:sound: ASoC: no source widget found for DMIC1_OUTPUT
01-01 11:56:45.500 0 0 E kona-asoc-snd soc: qcom,msm-audio-apr:qcom,q6core-audio:sound: ASoC: Failed to add route DMIC1_OUTPUT -> direct -> VA SWR_MIC0
01-01 11:56:45.514 0 0 E kona-asoc-snd soc: qcom,msm-audio-apr:qcom,q6core-audio:sound: ASoC: no source widget found for DMIC2_OUTPUT
01-01 11:56:45.525 0 0 E kona-asoc-snd soc: qcom,msm-audio-apr:qcom,q6core-audio:sound: ASoC: Failed to add route DMIC2_OUTPUT -> direct -> VA SWR_MIC1
01-01 11:56:45.538 0 0 E kona-asoc-snd soc: qcom,msm-audio-apr:qcom,q6core-audio:sound: ASoC: no source widget found for DMIC3_OUTPUT
01-01 11:56:45.549 0 0 E kona-asoc-snd soc: qcom,msm-audio-apr:qcom,q6core-audio:sound: ASoC: Failed to add route DMIC3_OUTPUT -> direct -> VA SWR_MIC2
01-01 11:56:45.563 0 0 E kona-asoc-snd soc: qcom,msm-audio-apr:qcom,q6core-audio:sound: ASoC: no source widget found for DMIC4_OUTPUT
01-01 11:56:45.574 0 0 E kona-asoc-snd soc: qcom,msm-audio-apr:qcom,q6core-audio:sound: ASoC: Failed to add route DMIC4_OUTPUT -> direct -> VA SWR_MIC3
01-01 11:56:45.587 0 0 E kona-asoc-snd soc: qcom,msm-audio-apr:qcom,q6core-audio:sound: ASoC: no source widget found for DMIC5_OUTPUT
01-01 11:56:45.599 0 0 E kona-asoc-snd soc: qcom,msm-audio-apr:qcom,q6core-audio:sound: ASoC: Failed to add route DMIC5_OUTPUT -> direct -> VA SWR_MIC4
01-01 11:56:45.612 0 0 E kona-asoc-snd soc: qcom,msm-audio-apr:qcom,q6core-audio:sound: ASoC: no source widget found for DMIC6_OUTPUT
01-01 11:56:45.623 0 0 E kona-asoc-snd soc: qcom,msm-audio-apr:qcom,q6core-audio:sound: ASoC: Failed to add route DMIC6_OUTPUT -> direct -> VA SWR_MIC5
01-01 11:56:45.636 0 0 E kona-asoc-snd soc: qcom,msm-audio-apr:qcom,q6core-audio:sound: ASoC: no source widget found for DMIC7_OUTPUT
01-01 11:56:45.648 0 0 E kona-asoc-snd soc: qcom,msm-audio-apr:qcom,q6core-audio:sound: ASoC: Failed to add route DMIC7_OUTPUT -> direct -> VA SWR_MIC6
01-01 11:56:45.661 0 0 E kona-asoc-snd soc: qcom,msm-audio-apr:qcom,q6core-audio:sound: ASoC: no source widget found for DMIC8_OUTPUT
01-01 11:56:45.672 0 0 E kona-asoc-snd soc: qcom,msm-audio-apr:qcom,q6core-audio:sound: ASoC: Failed to add route DMIC8_OUTPUT -> direct -> VA SWR_MIC7
01-01 11:56:45.685 0 0 W kona-asoc-snd soc: qcom,msm-audio-apr:qcom,q6core-audio:sound: ASoC: no DMI vendor name!
01-01 11:56:45.759 1444 1475 D LOWI-9.0.0.87.a: [LOWINetlinkSocketReceiver] unpackRTMLinkMessage: RTM_NEWLINK - ifname vlan1, flags 0x1003 ([UP])
01-01 11:56:45.762 1240 1240 I CNSS : cnss_open_log_file: directory /data/vendor/wifi/wlan_logs/ created
01-01 11:56:45.763 1240 1240 I CNSS : failed to open file a+ mode or file size 0 is less than max_file_size 31457280
01-01 11:56:45.764 1240 1240 I CNSS : cnss_open_log_file: directory /data/vendor/wifi/wlan_logs/ created
01-01 11:56:45.765 1240 1240 I CNSS : failed to open file a+ mode or file size 0 is less than max_file_size 31457280
01-01 11:56:45.765 1240 1240 I CNSS : cnss_open_log_file: directory /data/vendor/wifi/wlan_logs/ created
01-01 11:56:45.766 1240 1240 I CNSS : failed to open file a+ mode or file size 0 is less than max_file_size 31457280
01-01 11:56:45.766 1240 1240 I CNSS : initialize_cnsslog_timer: create cnss log timer
01-01 11:56:45.766 0 0 I IPv6 : ADDRCONF(NETDEV_UP): vlan1: link is not ready
01-01 11:56:45.804 1612 1612 I auditd : type=1400 audit(0.0:40): avc: denied { read } for comm="ip" name="rt_tables" dev="dm-10" ino=352 scontext=u:r:ethernet:s0 tcontext=u:object_r:net_data_file:s0 tclass=file permissive=0
01-01 11:56:45.804 1612 1612 W ip : type=1400 audit(0.0:40): avc: denied { read } for name="rt_tables" dev="dm-10" ino=352 scontext=u:r:ethernet:s0 tcontext=u:object_r:net_data_file:s0 tclass=file permissive=0
01-01 11:56:45.840 0 0 E MAIN_MGR: hvdcp_opti Version: 3:0:0
01-01 11:56:45.848 0 0 E MAIN_MGR: set keepcaps failed!
01-01 11:56:45.849 0 0 E CHG_POLICY_PATH: Failed to get IIO path for MAIN_PSY
01-01 11:56:45.844 1610 1610 I auditd : type=1400 audit(0.0:41): avc: denied { read } for comm="hvdcp_opti" name="devices" dev="sysfs" ino=46971 scontext=u:r:vendor_hvdcp:s0 tcontext=u:object_r:sysfs:s0 tclass=dir permissive=0
01-01 11:56:45.844 1610 1610 W hvdcp_opti: type=1400 audit(0.0:41): avc: denied { read } for name="devices" dev="sysfs" ino=46971 scontext=u:r:vendor_hvdcp:s0 tcontext=u:object_r:sysfs:s0 tclass=dir permissive=0
01-01 11:56:45.880 1613 1613 I auditd : type=1400 audit(0.0:42): avc: denied { read } for comm="ip" name="rt_tables" dev="dm-10" ino=352 scontext=u:r:ethernet:s0 tcontext=u:object_r:net_data_file:s0 tclass=file permissive=0
01-01 11:56:45.880 1613 1613 W ip : type=1400 audit(0.0:42): avc: denied { read } for name="rt_tables" dev="dm-10" ino=352 scontext=u:r:ethernet:s0 tcontext=u:object_r:net_data_file:s0 tclass=file permissive=0
01-01 11:56:45.900 0 0 I kona-asoc-snd soc: qcom,msm-audio-apr:qcom,q6core-audio:sound: msm_asoc_machine_probe: Sound card kona-mtp-snd-card registered
01-01 11:56:45.914 0 0 E : [drm:dp_display_init_aux_switch][msm-dp-err][359 ]failed to register notifier (-22)
01-01 11:56:45.933 1151 1151 D SystemServerTiming: InitBeforeStartServices took to complete: 1469ms
01-01 11:56:45.933 1151 1151 I SystemServerTiming: StartServices
01-01 11:56:45.934 1151 1151 I SystemServerTiming: startBootstrapServices
01-01 11:56:45.934 1151 1151 I SystemServerTiming: StartWatchdog
01-01 11:56:45.930 0 0 E register_client_adhoc: find path.src 1 dest 589
01-01 11:56:45.950 809 809 D audio_hw_utils: audio_extn_utils_open_snd_mixer: retry, retry_num 7
01-01 11:56:45.962 1151 1151 D SystemServerTiming: StartWatchdog took to complete: 28ms
01-01 11:56:45.962 1151 1151 I SystemServer: Reading configuration...
01-01 11:56:45.962 1151 1151 I SystemServerTiming: ReadingSystemConfig
01-01 11:56:45.963 1151 1151 D SystemServerTiming: ReadingSystemConfig took to complete: 0ms
01-01 11:56:45.963 1151 1151 I SystemServerTiming: PlatformCompat
01-01 11:56:45.965 1151 1622 I SystemServerTimingAsync: InitThreadPoolExec:ReadingSystemConfig
01-01 11:56:45.966 1151 1622 D SystemServerInitThreadPool: Started executing ReadingSystemConfig
01-01 11:56:45.970 1444 1475 D LOWI-9.0.0.87.a: [LOWINetlinkSocketReceiver] unpackRTMLinkMessage: RTM_NEWLINK - ifname eth0, flags 0x1003 ([UP])
01-01 11:56:45.972 1444 1475 D LOWI-9.0.0.87.a: [LOWINetlinkSocketReceiver] unpackRTMLinkMessage: RTM_NEWLINK - ifname vlan2, flags 0x1002 ()
01-01 11:56:45.972 1151 1622 I SystemConfig: Reading permissions from /system/etc/sysconfig/preinstalled-packages-platform-full-base.xml
01-01 11:56:45.931 0 0 E register_client_adhoc: Failed to find path.src 1 dest 589
01-01 11:56:45.947 0 0 E swr-wcd rx_swr_ctrl: swrm_get_logical_dev_num: device 0xd01170224 is not ready
01-01 11:56:45.964 0 0 E swr_get_logical_dev_num: Error -22 to get logical addr for device d01170224
01-01 11:56:45.973 0 0 E swr-wcd rx_swr_ctrl: swrm_get_logical_dev_num: device 0xd01170224 is not ready
01-01 11:56:45.973 1151 1151 D CompatConfig: Found a config file: /system/etc/compatconfig/services-platform-compat-config.xml
01-01 11:56:45.976 1151 1622 I incfs : Initial API level of the device: 30
01-01 11:56:45.976 1151 1622 I incfs : ro.incremental.enable: 1
01-01 11:56:45.977 1151 1622 I incfs : isFsAvailable: true
01-01 11:56:45.977 1151 1622 I incfs : isFsAvailable: true
01-01 11:56:45.977 1151 1622 I incfs : IncFs_Features: v1
01-01 11:56:45.978 1151 1622 I SystemConfig: Reading permissions from /system/etc/sysconfig/preinstalled-packages-com.android.providers.media.module.xml
01-01 11:56:45.984 1151 1622 I SystemConfig: Reading permissions from /system/etc/sysconfig/hiddenapi-package-whitelist.xml
01-01 11:56:45.984 1151 1151 D CompatConfig: Adding: com.android.server.compat.config.Change@28b0410
01-01 11:56:45.986 1151 1622 I SystemConfig: Reading permissions from /system/etc/sysconfig/framework-sysconfig.xml
01-01 11:56:45.987 1151 1151 D CompatConfig: Adding: com.android.server.compat.config.Change@172610e
01-01 11:56:45.989 1151 1622 I SystemConfig: Reading permissions from /system/etc/sysconfig/preinstalled-packages-platform.xml
01-01 11:56:45.989 1151 1151 D CompatConfig: Adding: com.android.server.compat.config.Change@104513c
01-01 11:56:45.982 0 0 E swr_get_logical_dev_num: Error -22 to get logical addr for device d01170224
01-01 11:56:45.991 1151 1151 D CompatConfig: Adding: com.android.server.compat.config.Change@fff0ec5
01-01 11:56:45.992 577 599 I keystore2: keystore2::watchdog: Watchdog thread idle -> terminating. Have a great day.
01-01 11:56:45.992 1151 1622 I SystemConfig: Reading permissions from /system/etc/sysconfig/qti_whitelist.xml
01-01 11:56:45.992 1151 1151 D CompatConfig: Adding: com.android.server.compat.config.Change@505a74b
01-01 11:56:45.994 1151 1151 D CompatConfig: Adding: com.android.server.compat.config.Change@b634528
01-01 11:56:45.996 1151 1151 D CompatConfig: Adding: com.android.server.compat.config.Change@d46d241
01-01 11:56:45.998 1151 1151 D CompatConfig: Adding: com.android.server.compat.config.Change@a7d83e6
01-01 11:56:46.001 1151 1151 D CompatConfig: Adding: com.android.server.compat.config.Change@f856d27
01-01 11:56:46.002 1151 1151 D CompatConfig: Adding: com.android.server.compat.config.Change@63b8bd4
01-01 11:56:46.003 1151 1622 I SystemConfig: Reading permissions from /system/etc/permissions/uimremoteclient.xml
01-01 11:56:46.003 1151 1151 D CompatConfig: Adding: com.android.server.compat.config.Change@88df872
01-01 11:56:46.005 1151 1151 D CompatConfig: Adding: com.android.server.compat.config.Change@51b4c3
01-01 11:56:46.006 1151 1151 D CompatConfig: Adding: com.android.server.compat.config.Change@9af9140
01-01 11:56:46.007 1151 1622 I SystemConfig: Reading permissions from /system/etc/permissions/com.android.future.usb.accessory.xml
01-01 11:56:46.008 1151 1151 D CompatConfig: Adding: com.android.server.compat.config.Change@4bf29be
01-01 11:56:46.009 1151 1151 D CompatConfig: Adding: com.android.server.compat.config.Change@b10da1f
01-01 11:56:46.011 1151 1151 D CompatConfig: Adding: com.android.server.compat.config.Change@b9c816c
01-01 11:56:45.995 0 0 E swr-wcd rx_swr_ctrl: swrm_get_logical_dev_num: device 0xd01170224 is not ready
01-01 11:56:46.003 0 0 E swr_get_logical_dev_num: Error -22 to get logical addr for device d01170224
01-01 11:56:46.013 1151 1151 D CompatConfig: Adding: com.android.server.compat.config.Change@69a3335
01-01 11:56:46.012 0 0 E swr-wcd rx_swr_ctrl: swrm_get_logical_dev_num: device 0xd01170224 is not ready
01-01 11:56:46.015 1151 1151 D CompatConfig: Adding: com.android.server.compat.config.Change@b4023ca
01-01 11:56:46.016 1151 1622 I SystemConfig: Reading permissions from /system/etc/permissions/com.android.documentsui.xml
01-01 11:56:46.017 1151 1151 D CompatConfig: Adding: com.android.server.compat.config.Change@864858
01-01 11:56:46.018 1151 1151 D CompatConfig: Adding: com.android.server.compat.config.Change@f47cdb1
01-01 11:56:46.020 1151 1151 D CompatConfig: Adding: com.android.server.compat.config.Change@a24b296
01-01 11:56:46.023 1151 1151 D CompatConfig: Adding: com.android.server.compat.config.Change@60dee17
01-01 11:56:46.023 1151 1622 I SystemConfig: Reading permissions from /system/etc/permissions/com.android.media.remotedisplay.xml
01-01 11:56:46.024 1151 1151 D CompatConfig: Adding: com.android.server.compat.config.Change@95a93ed
01-01 11:56:46.026 1151 1151 D CompatConfig: Adding: com.android.server.compat.config.Change@af16222
01-01 11:56:46.027 1151 1151 D CompatConfig: Adding: com.android.server.compat.config.Change@cf954b3
01-01 11:56:46.029 1151 1151 D CompatConfig: Adding: com.android.server.compat.config.Change@369ca70
01-01 11:56:46.021 0 0 E swr_get_logical_dev_num: Error -22 to get logical addr for device d01170224
01-01 11:56:46.030 1151 1151 D CompatConfig: Adding: com.android.server.compat.config.Change@25981e9
01-01 11:56:46.031 0 0 E swr-wcd rx_swr_ctrl: swrm_get_logical_dev_num: device 0xd01170224 is not ready
01-01 11:56:46.033 1151 1622 I SystemConfig: Reading permissions from /system/etc/permissions/com.android.location.provider.xml
01-01 11:56:46.035 1151 1151 D CompatConfig: Adding: com.android.server.compat.config.Change@a2a890f
01-01 11:56:46.036 1151 1151 D CompatConfig: Adding: com.android.server.compat.config.Change@a791d9c
01-01 11:56:46.038 1151 1151 D CompatConfig: Adding: com.android.server.compat.config.Change@f3f53a5
01-01 11:56:46.039 1151 1151 D CompatConfig: Adding: com.android.server.compat.config.Change@11137a
01-01 11:56:46.041 1151 1151 D CompatConfig: Adding: com.android.server.compat.config.Change@590a72b
01-01 11:56:46.043 1151 1151 D CompatConfig: Adding: com.android.server.compat.config.Change@7c87788
01-01 11:56:46.043 1151 1622 I SystemConfig: Reading permissions from /system/etc/permissions/org.apache.http.legacy.xml
01-01 11:56:46.044 1151 1151 D CompatConfig: Adding: com.android.server.compat.config.Change@10ced46
01-01 11:56:46.046 1151 1151 D CompatConfig: Adding: com.android.server.compat.config.Change@cf08b07
01-01 11:56:46.048 1151 1151 D CompatConfig: Adding: com.android.server.compat.config.Change@b318434
01-01 11:56:46.040 0 0 E swr_get_logical_dev_num: Error -22 to get logical addr for device d01170224
01-01 11:56:46.049 0 0 E wcd938x_codec wcd938x-codec: wcd938x_bind: Slave bind failed, ret = -517
01-01 11:56:46.049 1151 1151 D CompatConfig: Adding: com.android.server.compat.config.Change@e95525d
01-01 11:56:46.050 1151 1622 I SystemConfig: Reading permissions from /system/etc/permissions/android.test.mock.xml
01-01 11:56:46.051 1151 1151 D CompatConfig: Adding: com.android.server.compat.config.Change@b80d0a3
01-01 11:56:46.052 1151 1151 D CompatConfig: Adding: com.android.server.compat.config.Change@67cafa0
01-01 11:56:46.054 1151 1151 D CompatConfig: Adding: com.android.server.compat.config.Change@659b759
01-01 11:56:46.055 1151 1151 D CompatConfig: Adding: com.android.server.compat.config.Change@1e65f1e
01-01 11:56:46.058 1151 1151 D CompatConfig: Adding: com.android.server.compat.config.Change@f45d3ff
01-01 11:56:46.061 1151 1622 I SystemConfig: Reading permissions from /system/etc/permissions/com.thundercomm.tcservice.xml
01-01 11:56:46.061 1151 1151 D CompatConfig: Adding: com.android.server.compat.config.Change@e657015
01-01 11:56:46.063 1151 1151 D CompatConfig: Adding: com.android.server.compat.config.Change@e954f2a
01-01 11:56:46.064 1151 1151 D CompatConfig: Adding: com.android.server.compat.config.Change@82db11b
01-01 11:56:46.065 1151 1151 D CompatConfig: Adding: com.android.server.compat.config.Change@d4cd2b8
01-01 11:56:46.067 1151 1151 D CompatConfig: Adding: com.android.server.compat.config.Change@439f891
01-01 11:56:46.058 0 0 E swr-wcd wsa_swr_ctrl: swrm_runtime_suspend: clk stop mode not supported or SSR entry
01-01 11:56:46.069 1151 1151 D CompatConfig: Adding: com.android.server.compat.config.Change@79133f6
01-01 11:56:46.069 1151 1622 I SystemConfig: Reading permissions from /system/etc/permissions/android.software.webview.xml
01-01 11:56:46.072 1151 1622 I SystemConfig: Reading permissions from /system/etc/permissions/com.android.networkstack.xml
01-01 11:56:46.073 1151 1151 D CompatConfig: Adding: com.android.server.compat.config.Change@1f48ccd
01-01 11:56:46.075 1151 1622 I SystemConfig: Reading permissions from /system/etc/permissions/privapp-permissions-qti.xml
01-01 11:56:46.076 1151 1151 D CompatConfig: Adding: com.android.server.compat.config.Change@1972893
01-01 11:56:46.078 1151 1151 D CompatConfig: Adding: com.android.server.compat.config.Change@6b40d0
01-01 11:56:46.079 1151 1622 I SystemConfig: Reading permissions from /system/etc/permissions/javax.obex.xml
01-01 11:56:46.079 1151 1151 D CompatConfig: Adding: com.android.server.compat.config.Change@876cbce
01-01 11:56:46.082 1151 1622 I SystemConfig: Reading permissions from /system/etc/permissions/uimremoteserver.xml
01-01 11:56:46.084 1151 1151 D CompatConfig: Found a config file: /system/etc/compatconfig/calendar-provider-compat-config.xml
01-01 11:56:46.084 1151 1622 I SystemConfig: Reading permissions from /system/etc/permissions/com.android.nfc_extras.xml
01-01 11:56:46.087 1151 1151 D CompatConfig: Adding: com.android.server.compat.config.Change@37d6da
01-01 11:56:46.088 1151 1622 I SystemConfig: Reading permissions from /system/etc/permissions/privapp-permissions-platform.xml
01-01 11:56:46.089 1151 1151 D CompatConfig: Found a config file: /system/etc/compatconfig/icu4j-platform-compat-config.xml
01-01 11:56:46.091 1151 1151 D CompatConfig: Adding: com.android.server.compat.config.Change@8b92801
01-01 11:56:46.093 1151 1151 D CompatConfig: Found a config file: /system/etc/compatconfig/framework-platform-compat-config.xml
01-01 11:56:46.100 1151 1151 D CompatConfig: Adding: com.android.server.compat.config.Change@c8018e7
01-01 11:56:46.101 1151 1622 I SystemConfig: Reading permissions from /system/etc/permissions/com.thundercomm.mcuupgrade.xml
01-01 11:56:46.102 1151 1151 D CompatConfig: Adding: com.android.server.compat.config.Change@38f433d
01-01 11:56:46.106 809 879 D audio_hw_utils: audio_extn_utils_open_snd_mixer: retry, retry_num 3
01-01 11:56:46.108 1151 1151 D CompatConfig: Adding: com.android.server.compat.config.Change@8aa6732
01-01 11:56:46.109 1151 1622 I SystemConfig: Reading permissions from /system/etc/permissions/android.test.runner.xml
01-01 11:56:46.111 1151 1151 D CompatConfig: Adding: com.android.server.compat.config.Change@5787e00
01-01 11:56:46.112 655 668 I mpu_uart: [MSG-P:RECV]:No message received in 1000 ms
01-01 11:56:46.112 1151 1622 I SystemConfig: Reading permissions from /system/etc/permissions/android.software.freeform_window_management.xml
01-01 11:56:46.113 1151 1151 D CompatConfig: Adding: com.android.server.compat.config.Change@a13c47e
01-01 11:56:46.115 1151 1151 D CompatConfig: Adding: com.android.server.compat.config.Change@7bd3ddf
01-01 11:56:46.115 1151 1622 I SystemConfig: Reading permissions from /system/etc/permissions/android.test.base.xml
01-01 11:56:46.119 1151 1151 D CompatConfig: Adding: com.android.server.compat.config.Change@cd09cf5
01-01 11:56:46.122 1151 1622 I SystemConfig: Reading permissions from /system/etc/permissions/android.software.live_wallpaper.xml
01-01 11:56:46.122 1359 1625 I adsprpcd: vendor/qcom/proprietary/adsprpc/src/listener_android.c:111: listener thread starting
01-01 11:56:46.124 1151 1151 D CompatConfig: Adding: com.android.server.compat.config.Change@e1d8fb
01-01 11:56:46.125 1359 1359 I adsprpcd: vendor/qcom/proprietary/adsprpc/src/fastrpc_perf.c:273: fastrpc_perf_init: enabled systrace 0x0 and RPC traces (kernel 0, dsp 0) with frequency 1000
01-01 11:56:46.126 1359 1359 I adsprpcd: vendor/qcom/proprietary/adsprpc/src/fastrpc_apps_user.c:1345: remote_handle_open: Successfully opened handle 0xb0a96e60 for adsp_default_listener on domain 0
01-01 11:56:46.126 1359 1626 I adsprpcd: vendor/qcom/proprietary/adsprpc/src/log_config.c:345: file_watcher_thread starting for domain 0
01-01 11:56:46.126 1359 1626 E adsprpcd: vendor/qcom/proprietary/adsprpc/src/log_config.c:268:Error 0x200: fopen failed for /vendor/lib/rfsa/adsp/adsprpcd.farf. (No such file or directory)
01-01 11:56:46.126 1359 1626 E adsprpcd: vendor/qcom/proprietary/adsprpc/src/log_config.c:268:Error 0x200: fopen failed for /vendor/dsp/adsp/adsprpcd.farf. (No such file or directory)
01-01 11:56:46.126 1359 1359 I adsprpcd: vendor/qcom/proprietary/adsprpc/src/fastrpc_apps_user.c:1345: remote_handle_open: Successfully opened handle 0xb0a97100 for adsp_default_listener on domain 0
01-01 11:56:46.126 1359 1626 E adsprpcd: vendor/qcom/proprietary/adsprpc/src/log_config.c:268:Error 0x200: fopen failed for /vendor/dsp/adsprpcd.farf. (No such file or directory)
01-01 11:56:46.127 1359 1359 I adsprpcd: vendor/qcom/proprietary/adsprpc/src/fastrpc_apps_user.c:1345: remote_handle_open: Successfully opened handle 0x6 for '":;./\geteventfd on domain 0
01-01 11:56:46.127 1151 1151 D CompatConfig: Adding: com.android.server.compat.config.Change@d680d18
01-01 11:56:46.127 1151 1622 I SystemConfig: Reading permissions from /system/etc/permissions/com.android.networkstack.tethering.xml
01-01 11:56:46.127 0 0 W QSEECOM : qseecom_load_app: App (featenabler) does'nt exist, loading apps for first time
01-01 11:56:46.135 1359 1625 I adsprpcd: vendor/qcom/proprietary/adsprpc/src/mod_table.c:687: open_mod_table_open_from_static: reverse module apps_std opened with handle 0x8118b9e8 (idx 0)
01-01 11:56:46.135 1151 1622 I SystemConfig: Reading permissions from /system/etc/permissions/com.android.mediadrm.signer.xml
01-01 11:56:46.136 1151 1151 D CompatConfig: Adding: com.android.server.compat.config.Change@feb09d7
01-01 11:56:46.138 1151 1151 D CompatConfig: Adding: com.android.server.compat.config.Change@75ce2c4
01-01 11:56:46.136 0 0 D cnss : Sending respond memory message, state: 0x9
01-01 11:56:46.136 0 0 D cnss : Memory for FW, va: 0xffffff80255e4000, pa: 0x00000000a1000000, size: 0x5e0000, type: 1
01-01 11:56:46.136 0 0 D cnss : Memory for FW, va: 0xffffff801d302000, pa: 0x00000000a1600000, size: 0xd8000, type: 4
01-01 11:56:46.141 1151 1151 D CompatConfig: Adding: com.android.server.compat.config.Change@73c75ad
01-01 11:56:46.142 1151 1151 D CompatConfig: Adding: com.android.server.compat.config.Change@bec6c73
01-01 11:56:46.144 0 0 D cnss : PM relax, state: 0x9, count: 0
01-01 11:56:46.144 1389 1434 E cnss-daemon: wlfw_qmi_ind_cb: Receive Ind : 0x37
01-01 11:56:46.145 1151 1622 I SystemConfig: Reading permissions from /system/etc/permissions/platform.xml
01-01 11:56:46.146 1151 1151 D CompatConfig: Adding: com.android.server.compat.config.Change@a76730
01-01 11:56:46.147 1151 1151 D CompatConfig: Adding: com.android.server.compat.config.Change@7d7bfa9
01-01 11:56:46.151 0 0 D cnss : Received QMI WLFW FW memory ready indication
01-01 11:56:46.151 0 0 D cnss : Posting event: FW_MEM_READY(3), state: 0x9 flags: 0x0
01-01 11:56:46.151 0 0 D cnss : PM stay awake, state: 0x9, count: 1
01-01 11:56:46.152 0 0 D cnss : PM relax, state: 0x9, count: 0
01-01 11:56:46.152 0 0 D cnss : PM stay awake, state: 0x9, count: 1
01-01 11:56:46.152 0 0 D cnss : Processing driver event: FW_MEM_READY(3), state: 0x9
01-01 11:56:46.152 0 0 D cnss : Sending target capability message, state: 0xb
01-01 11:56:46.152 1151 1151 D CompatConfig: Adding: com.android.server.compat.config.Change@8f8492e
01-01 11:56:46.154 1151 1151 D CompatConfig: Adding: com.android.server.compat.config.Change@f975ccf
01-01 11:56:46.155 1359 1625 W adsprpcd: vendor/qcom/proprietary/adsprpc/src/apps_std_imp.c:881: Warning: apps_std_fopen_with_env failed with 0x2 for adsp_avs_config.acdb (No such file or directory)
01-01 11:56:46.158 0 0 W QSEECOM : qseecom_load_app: App with id 5 (featenabler) now loaded
01-01 11:56:46.158 1233 1233 D QSEECOMAPI: Loaded image: APP id = 5
01-01 11:56:46.158 1151 1151 D CompatConfig: Adding: com.android.server.compat.config.Change@8d3c65c
01-01 11:56:46.159 1359 1625 I adsprpcd: vendor/qcom/proprietary/adsprpc/src/apps_std_imp.c:848: Successfully opened file /vendor/dsp/adsp/fluence_voiceplus_module.so.1
01-01 11:56:46.161 1359 1625 I adsprpcd: vendor/qcom/proprietary/adsprpc/src/apps_std_imp.c:848: Successfully opened file /vendor/dsp/adsp/mmecns_module.so.1
01-01 11:56:46.162 1151 1151 D CompatConfig: Adding: com.android.server.compat.config.Change@fc3ad65
01-01 11:56:46.162 1233 1233 D FEATURE_ENABLER_CLIENT: : Loading app -featenabler succeded
01-01 11:56:46.162 1233 1233 D FEATURE_ENABLER_CLIENT: : Start app: pass
01-01 11:56:46.164 1151 1151 D CompatConfig: Adding: com.android.server.compat.config.Change@643ca3a
01-01 11:56:46.165 1151 1622 I SystemConfig: Reading permissions from /vendor/etc/permissions/android.hardware.sensor.accelerometer.xml
01-01 11:56:46.165 1151 1151 D CompatConfig: Adding: com.android.server.compat.config.Change@a04ec48
01-01 11:56:46.167 1389 1432 I cnss-daemon: wlfw_send_cap_req: chip_id: 0x0, chip_family 0xb, board_id: 0xff, soc_id: 0xffffffff, fw_version: 0x101a0521, fw_build_timestamp: 2021-12-20 07:54
01-01 11:56:46.168 1151 1622 I SystemConfig: Reading permissions from /vendor/etc/permissions/android.hardware.wifi.direct.xml
01-01 11:56:46.167 0 0 D cnss : Voltage for CPR: 948mV
01-01 11:56:46.167 0 0 D cnss : Got voltage 800mV from i: 0, j: 0
01-01 11:56:46.167 0 0 D cnss : Got voltage 1012mV from i: 4, j: 1
01-01 11:56:46.167 0 0 D cnss : Update TCS CMD data address 0x000000000b2e5844 with voltage 950mV
01-01 11:56:46.167 0 0 D cnss : Device frequency is 24000000 HZ
01-01 11:56:46.167 0 0 D cnss : Target capability: chip_id: 0x0, chip_family: 0xb, board_id: 0xff, soc_id: 0xffffffff, fw_version: 0x101a0521, fw_build_timestamp: 2021-12-20 07:54, fw_build_id: QC_IMAGE_VERSION_STRING=WLAN.HST.1.0.1.r1-01313-QCAHSTSWPL_SILICONZ-1, otp_version: 0x0
01-01 11:56:46.167 0 0 D cnss : Sending BDF download message, state: 0xb, type: 4
01-01 11:56:46.168 0 0 D cnss : FW name added with prefix: qca6390/regdb.bin
01-01 11:56:46.168 0 0 W cnss2 b0000000.qcom,cnss-qca6390: Falling back to syfs fallback for: qca6390/regdb.bin
01-01 11:56:46.171 1233 1233 D FEATURE_ENABLER_CLIENT: : Open PFM object successfully
01-01 11:56:46.173 1151 1151 D CompatConfig: Adding: com.android.server.compat.config.Change@b945006
01-01 11:56:46.174 1151 1622 I SystemConfig: Reading permissions from /vendor/etc/permissions/android.hardware.sensor.ambient_temperature.xml
01-01 11:56:46.174 1233 1631 E SmcInvoke_MinkDescriptor: cbthread[tid 509075061936] exit
01-01 11:56:46.174 1233 1642 E SmcInvoke_MinkDescriptor: cbthread[tid 509013286064] exit
01-01 11:56:46.174 1233 1637 E SmcInvoke_MinkDescriptor: cbthread[tid 509052042416] exit
01-01 11:56:46.174 1151 1151 D CompatConfig: Adding: com.android.server.compat.config.Change@ba084f4
01-01 11:56:46.175 1233 1632 E SmcInvoke_MinkDescriptor: cbthread[tid 509074021552] exit
01-01 11:56:46.175 1233 1633 E SmcInvoke_MinkDescriptor: cbthread[tid 509072981168] exit
01-01 11:56:46.176 1233 1639 E SmcInvoke_MinkDescriptor: cbthread[tid 509033184432] exit
01-01 11:56:46.176 1233 1640 E SmcInvoke_MinkDescriptor: cbthread[tid 509032144048] exit
01-01 11:56:46.176 1233 1641 E SmcInvoke_MinkDescriptor: cbthread[tid 509014326448] exit
01-01 11:56:46.176 1233 1638 E SmcInvoke_MinkDescriptor: cbthread[tid 509034224816] return -1, errno 4: has_response 0, txn_id 0, result 0, cbobj_id 0, op 0x0, counts 0x0,
01-01 11:56:46.176 1233 1638 D SmcInvoke_MinkDescriptor: cbthread[tid 509034224816] continue with errno 4
01-01 11:56:46.177 1233 1638 E SmcInvoke_MinkDescriptor: cbthread[tid 509034224816] exit
01-01 11:56:46.177 1151 1151 D CompatConfig: Adding: com.android.server.compat.config.Change@493241d
01-01 11:56:46.177 1233 1636 E SmcInvoke_MinkDescriptor: cbthread[tid 509053082800] return -1, errno 4: has_response 1, txn_id 1, result 0, cbobj_id -2, op 0x0, counts 0x10,
01-01 11:56:46.177 1233 1636 D SmcInvoke_MinkDescriptor: cbthread[tid 509053082800] continue with errno 4
01-01 11:56:46.177 1233 1636 E SmcInvoke_MinkDescriptor: cbthread[tid 509053082800] exit
01-01 11:56:46.177 1233 1635 E SmcInvoke_MinkDescriptor: cbthread[tid 509070900400] exit
01-01 11:56:46.178 1233 1630 E SmcInvoke_MinkDescriptor: cbthread[tid 509092879536] exit
01-01 11:56:46.178 1151 1151 D CompatConfig: Adding: com.android.server.compat.config.Change@3156692
01-01 11:56:46.182 1151 1151 D CompatConfig: Adding: com.android.server.compat.config.Change@c495863
01-01 11:56:46.182 1233 1634 E SmcInvoke_MinkDescriptor: cbthread[tid 509071940784] return -1, errno 4: has_response 0, txn_id 0, result 0, cbobj_id 0, op 0x0, counts 0x0,
01-01 11:56:46.182 1233 1634 D SmcInvoke_MinkDescriptor: cbthread[tid 509071940784] continue with errno 4
01-01 11:56:46.182 1233 1634 E SmcInvoke_MinkDescriptor: cbthread[tid 509071940784] exit
01-01 11:56:46.186 1151 1622 I SystemConfig: Reading permissions from /vendor/etc/permissions/android.software.ipsec_tunnels.xml
01-01 11:56:46.188 1233 1629 E SmcInvoke_MinkDescriptor: cbthread[tid 509110697136] return -1, errno 4: has_response 0, txn_id 0, result 0, cbobj_id 0, op 0x0, counts 0x0,
01-01 11:56:46.188 1233 1629 D SmcInvoke_MinkDescriptor: cbthread[tid 509110697136] continue with errno 4
01-01 11:56:46.188 1233 1629 E SmcInvoke_MinkDescriptor: cbthread[tid 509110697136] exit
01-01 11:56:46.188 1151 1622 I SystemConfig: Reading permissions from /vendor/etc/permissions/android.software.device_id_attestation.xml
01-01 11:56:46.198 0 0 W subsys-pil-tz soc: qcom,kgsl-hyp: Falling back to syfs fallback for: a650_zap.mdt
01-01 11:56:46.189 1233 1628 E SmcInvoke_MinkDescriptor: cbthread[tid 509111737520] return -1, errno 4: has_response 1, txn_id 2, result 0, cbobj_id -2, op 0x1, counts 0x11,
01-01 11:56:46.208 0 0 I ueventd : firmware: loading 'qca6390/regdb.bin' for '/devices/platform/soc/b0000000.qcom,cnss-qca6390/firmware/qca6390!regdb.bin'
01-01 11:56:46.190 1233 1628 D SmcInvoke_MinkDescriptor: cbthread[tid 509111737520] continue with errno 4
01-01 11:56:46.190 1233 1628 E SmcInvoke_MinkDescriptor: cbthread[tid 509111737520] exit
01-01 11:56:46.190 1233 1627 E SmcInvoke_MinkDescriptor: cbthread[tid 509112777904] return -1, errno 4: has_response 1, txn_id 3, result 0, cbobj_id -2, op 0xffff, counts 0x0,
01-01 11:56:46.190 1233 1627 D SmcInvoke_MinkDescriptor: cbthread[tid 509112777904] continue with errno 4
01-01 11:56:46.190 1233 1627 E SmcInvoke_MinkDescriptor: cbthread[tid 509112777904] exit
01-01 11:56:46.191 1151 1151 D CompatConfig: Adding: com.android.server.compat.config.Change@c1f59de
01-01 11:56:46.192 1151 1622 I SystemConfig: Reading permissions from /vendor/etc/permissions/android.hardware.vulkan.compute-0.xml
01-01 11:56:46.195 1151 1622 I SystemConfig: Reading permissions from /vendor/etc/permissions/android.hardware.sensor.barometer.xml
01-01 11:56:46.198 1151 1622 I SystemConfig: Reading permissions from /vendor/etc/permissions/qti_fingerprint_interface.xml
01-01 11:56:46.198 1233 1233 I feature_enabler_client: adding featenab_client.service succeeded
01-01 11:56:46.198 1233 1233 D FEATURE_ENABLER_CLIENT: : Waiting for composer service init
01-01 11:56:46.200 1151 1622 I SystemConfig: Reading permissions from /vendor/etc/permissions/android.hardware.usb.host.xml
01-01 11:56:46.202 1233 1233 D FEATURE_ENABLER_CLIENT: : Sending command 0
01-01 11:56:46.203 1233 1233 W FEATURE_ENABLER_CLIENT: : Failed to send command 0, ret 10
01-01 11:56:46.203 1151 1151 D CompatConfig: Adding: com.android.server.compat.config.Change@10770db
01-01 11:56:46.203 1151 1622 I SystemConfig: Reading permissions from /vendor/etc/permissions/android.software.vulkan.deqp.level.xml
01-01 11:56:46.205 1151 1622 I SystemConfig: Reading permissions from /vendor/etc/permissions/vendor-qti-hardware-sensorscalibrate.xml
01-01 11:56:46.207 1151 1151 D CompatConfig: Adding: com.android.server.compat.config.Change@316c6b6
01-01 11:56:46.207 1151 1622 I SystemConfig: Reading permissions from /vendor/etc/permissions/android.hardware.sensor.compass.xml
01-01 11:56:46.209 1151 1622 I SystemConfig: Reading permissions from /vendor/etc/permissions/android.hardware.bluetooth.xml
01-01 11:56:46.209 1151 1151 D CompatConfig: Adding: com.android.server.compat.config.Change@6ea4e8d
01-01 11:56:46.210 1151 1622 I SystemConfig: Reading permissions from /vendor/etc/permissions/handheld_core_hardware.xml
01-01 11:56:46.211 1151 1151 D CompatConfig: Adding: com.android.server.compat.config.Change@c712053
01-01 11:56:46.212 1151 1622 I SystemConfig: Reading permissions from /vendor/etc/permissions/android.hardware.sensor.hifi_sensors.xml
01-01 11:56:46.214 1151 1151 D CompatConfig: Adding: com.android.server.compat.config.Change@63a4689
01-01 11:56:46.214 1151 1622 I SystemConfig: Reading permissions from /vendor/etc/permissions/android.hardware.light.xml
01-01 11:56:46.215 1151 1151 D CompatConfig: Adding: com.android.server.compat.config.Change@4e36eaf
01-01 11:56:46.218 1151 1151 D CompatConfig: Adding: com.android.server.compat.config.Change@ae9a2bc
01-01 11:56:46.219 1151 1151 D CompatConfig: Adding: com.android.server.compat.config.Change@e77c245
01-01 11:56:46.220 1151 1151 D CompatConfig: Adding: com.android.server.compat.config.Change@c8ced9a
01-01 11:56:46.215 0 0 E ueventd : firmware: could not find firmware for qca6390/regdb.bin
01-01 11:56:46.215 0 0 I ueventd : firmware: loading 'a650_zap.mdt' for '/devices/platform/soc/soc:qcom,kgsl-hyp/firmware/a650_zap.mdt'
01-01 11:56:46.219 0 0 I qcom_rpmh DRV: apps_rsc TCS Busy, retrying RPMH message send: addr=0x30080
01-01 11:56:46.221 1151 1151 D CompatConfig: Adding: com.android.server.compat.config.Change@78246cb
01-01 11:56:46.221 1233 1233 D FEATURE_ENABLER_CLIENT: : DRM_IOCTL_MSM_POWER_CTRL success for enable_clk
01-01 11:56:46.221 1233 1233 D FEATURE_ENABLER_CLIENT: : Sending command 4
01-01 11:56:46.222 1151 1151 D CompatConfig: Adding: com.android.server.compat.config.Change@c2ea8
01-01 11:56:46.223 549 560 D DrmLibTime: got the req here! ret=0
01-01 11:56:46.223 1151 1622 I SystemConfig: Reading permissions from /vendor/etc/permissions/android.hardware.vulkan.level-1.xml
01-01 11:56:46.223 549 560 D DrmLibTime: command id, time_cmd_id = 770
01-01 11:56:46.223 549 560 D DrmLibTime: time_getutcsec starts!
01-01 11:56:46.223 549 560 D DrmLibTime: QSEE Time Listener: time_getutcsec
01-01 11:56:46.223 549 560 D DrmLibTime: QSEE Time Listener: get_utc_seconds
01-01 11:56:46.223 549 560 D DrmLibTime: QSEE Time Listener: time_get_modem_time
01-01 11:56:46.223 549 560 D DrmLibTime: QSEE Time Listener: Checking if ATS_MODEM is set or not.
01-01 11:56:46.223 549 560 D QC-time-services: Lib:time_genoff_operation: pargs->base = 13
01-01 11:56:46.224 549 560 D QC-time-services: Lib:time_genoff_operation: pargs->operation = 2
01-01 11:56:46.224 549 560 D QC-time-services: Lib:time_genoff_operation: pargs->ts_val = 0
01-01 11:56:46.224 653 1019 D QC-time-services: Daemon: Connection accepted:time_genoff
01-01 11:56:46.224 549 560 D QC-time-services: Lib:time_genoff_operation: Send to server passed!!
01-01 11:56:46.225 653 1646 D QC-time-services: Daemon:Received base = 13, unit = 1, operation = 2,value = 0
01-01 11:56:46.225 653 1646 D QC-time-services: Daemon:genoff_opr: Base = 13, val = 0, operation = 2
01-01 11:56:46.225 653 1646 D QC-time-services: offset is: 0 for base: 13
01-01 11:56:46.226 1151 1622 I SystemConfig: Reading permissions from /vendor/etc/permissions/android.hardware.audio.pro.xml
01-01 11:56:46.226 549 560 E QC-time-services: Receive Passed == base = 13, unit = 1, operation = 2, result = 0
01-01 11:56:46.222 0 0 E ueventd : firmware: attempted /etc/firmware/qca6390/regdb.bin, open failed: No such file or directory
01-01 11:56:46.226 549 560 D DrmLibTime: QSEE Time Listener: ATS_MODEM is not set. Fallback to Android system time.
01-01 11:56:46.226 1151 1151 D CompatConfig: Adding: com.android.server.compat.config.Change@9ec84a7
01-01 11:56:46.226 549 560 D DrmLibTime: QSEE Time Listener: Retrieved Android system time: 14206
01-01 11:56:46.226 549 560 D DrmLibTime: time_getutcsec returns 0, sec = 14206; nsec = 0
01-01 11:56:46.226 549 560 D DrmLibTime: time_getutcsec finished!
01-01 11:56:46.226 549 560 D DrmLibTime: iotcl_continue_command finished! and return 0
01-01 11:56:46.226 549 560 D DrmLibTime: before calling ioctl to read the next time_cmd
01-01 11:56:46.226 653 1019 E QC-time-services: Daemon: Time-services: Waiting to acceptconnection
01-01 11:56:46.227 1151 1622 I SystemConfig: Reading permissions from /vendor/etc/permissions/android.hardware.bluetooth_le.xml
01-01 11:56:46.228 1151 1151 D CompatConfig: Adding: com.android.server.compat.config.Change@d58f4fd
01-01 11:56:46.229 1151 1622 I SystemConfig: Reading permissions from /vendor/etc/permissions/android.hardware.opengles.aep.xml
01-01 11:56:46.229 1151 1151 D CompatConfig: Adding: com.android.server.compat.config.Change@2d2c443
01-01 11:56:46.230 1151 1151 D CompatConfig: Adding: com.android.server.compat.config.Change@a5c2ac0
01-01 11:56:46.230 1151 1622 I SystemConfig: Reading permissions from /vendor/etc/permissions/android.hardware.se.omapi.uicc.xml
01-01 11:56:46.232 1151 1151 D CompatConfig: Adding: com.android.server.compat.config.Change@2e11f3e
01-01 11:56:46.231 0 0 I ueventd : loading /devices/platform/soc/soc:qcom,kgsl-hyp/firmware/a650_zap.mdt took 18ms
01-01 11:56:46.234 1151 1151 D CompatConfig: Adding: com.android.server.compat.config.Change@953619f
01-01 11:56:46.236 0 0 E ueventd : firmware: attempted /odm/firmware/qca6390/regdb.bin, open failed: No such file or directory
01-01 11:56:46.236 1151 1622 I SystemConfig: Reading permissions from /vendor/etc/permissions/android.hardware.sensor.gyroscope.xml
01-01 11:56:46.237 1151 1151 D CompatConfig: Adding: com.android.server.compat.config.Change@466c6b5
01-01 11:56:46.238 1151 1622 I SystemConfig: Reading permissions from /vendor/etc/permissions/android.hardware.fingerprint.xml
01-01 11:56:46.239 1151 1622 I SystemConfig: Reading permissions from /vendor/etc/permissions/android.hardware.wifi.aware.xml
01-01 11:56:46.240 1151 1151 D CompatConfig: Adding: com.android.server.compat.config.Change@3fc91d8
01-01 11:56:46.241 1151 1151 D CompatConfig: Adding: com.android.server.compat.config.Change@c0a1931
01-01 11:56:46.241 1151 1622 I SystemConfig: Reading permissions from /vendor/etc/permissions/android.hardware.touchscreen.multitouch.jazzhand.xml
01-01 11:56:46.242 1151 1151 D CompatConfig: Adding: com.android.server.compat.config.Change@a29e597
01-01 11:56:46.242 1151 1622 I SystemConfig: Reading permissions from /vendor/etc/permissions/android.software.midi.xml
01-01 11:56:46.244 1151 1151 D CompatConfig: Adding: com.android.server.compat.config.Change@ab6176d
01-01 11:56:46.244 1151 1622 I SystemConfig: Reading permissions from /vendor/etc/permissions/android.hardware.se.omapi.ese.xml
01-01 11:56:46.245 1151 1151 D CompatConfig: Adding: com.android.server.compat.config.Change@f9d4433
01-01 11:56:46.246 1151 1151 D CompatConfig: Adding: com.android.server.compat.config.Change@32fc3f0
01-01 11:56:46.246 1151 1622 I SystemConfig: Reading permissions from /vendor/etc/permissions/android.software.verified_boot.xml
01-01 11:56:46.247 1359 1625 W adsprpcd: vendor/qcom/proprietary/adsprpc/src/apps_std_imp.c:881: Warning: apps_std_fopen_with_env failed with 0x2 for custom_sm_ecns_1.so.1 (No such file or directory)
01-01 11:56:46.247 1151 1151 D CompatConfig: Adding: com.android.server.compat.config.Change@c31d3ee
01-01 11:56:46.249 1151 1151 D CompatConfig: Adding: com.android.server.compat.config.Change@7ddf08f
01-01 11:56:46.249 1151 1622 I SystemConfig: Reading permissions from /vendor/etc/permissions/android.hardware.wifi.passpoint.xml
01-01 11:56:46.250 1151 1151 D CompatConfig: Adding: com.android.server.compat.config.Change@917c725
01-01 11:56:46.251 1151 1622 I SystemConfig: Reading permissions from /vendor/etc/permissions/android.hardware.wifi.rtt.xml
01-01 11:56:46.249 0 0 E cnss : Failed to load BDF: qca6390/regdb.bin
01-01 11:56:46.251 1359 1625 W adsprpcd: vendor/qcom/proprietary/adsprpc/src/apps_std_imp.c:881: Warning: apps_std_fopen_with_env failed with 0x2 for custom_sm_ecns_2.so.1 (No such file or directory)
01-01 11:56:46.252 1359 1625 W adsprpcd: vendor/qcom/proprietary/adsprpc/src/apps_std_imp.c:881: Warning: apps_std_fopen_with_env failed with 0x2 for custom_dm_ecns_1.so.1 (No such file or directory)
01-01 11:56:46.252 1151 1151 D CompatConfig: Adding: com.android.server.compat.config.Change@bd306ab
01-01 11:56:46.253 1151 1622 I SystemConfig: Reading permissions from /vendor/etc/permissions/android.hardware.wifi.xml
01-01 11:56:46.256 0 0 D cnss : Sending BDF download message, state: 0xb, type: 1
01-01 11:56:46.256 0 0 D cnss : FW name added with prefix: qca6390/bdwlan.elf
01-01 11:56:46.256 0 0 W cnss2 b0000000.qcom,cnss-qca6390: Falling back to syfs fallback for: qca6390/bdwlan.elf
01-01 11:56:46.261 0 0 W QSEECOM : qseecom_load_app: App (fingerpr) does'nt exist, loading apps for first time
01-01 11:56:46.262 0 0 I subsys-pil-tz soc: qcom,kgsl-hyp: a650_zap: loading from 0x00000000fcf00000 to 0x00000000fcf01000
01-01 11:56:46.258 1359 1625 W adsprpcd: vendor/qcom/proprietary/adsprpc/src/apps_std_imp.c:881: Warning: apps_std_fopen_with_env failed with 0x2 for custom_dm_ecns_2.so.1 (No such file or directory)
01-01 11:56:46.259 1233 1233 D FEATURE_ENABLER_CLIENT: : Command 4 succeeded with (0)
01-01 11:56:46.259 1359 1625 W adsprpcd: vendor/qcom/proprietary/adsprpc/src/apps_std_imp.c:881: Warning: apps_std_fopen_with_env failed with 0x2 for custom_qm_ecns_1.so.1 (No such file or directory)
01-01 11:56:46.260 1151 1151 D CompatConfig: Adding: com.android.server.compat.config.Change@da2b0a1
01-01 11:56:46.262 1359 1625 W adsprpcd: vendor/qcom/proprietary/adsprpc/src/apps_std_imp.c:881: Warning: apps_std_fopen_with_env failed with 0x2 for custom_qm_ecns_2.so.1 (No such file or directory)
01-01 11:56:46.262 1550 1550 I adbd : UsbFfs: already offline
01-01 11:56:46.264 1550 1550 I adbd : authentication not required
01-01 11:56:46.264 1151 1622 I SystemConfig: Reading permissions from /vendor/etc/permissions/android.hardware.usb.accessory.xml
01-01 11:56:46.265 1151 1151 D CompatConfig: Adding: com.android.server.compat.config.Change@1b96287
01-01 11:56:46.266 0 0 I ueventd : firmware: loading 'qca6390/bdwlan.elf' for '/devices/platform/soc/b0000000.qcom,cnss-qca6390/firmware/qca6390!bdwlan.elf'
01-01 11:56:46.267 1151 1622 I SystemConfig: Reading permissions from /vendor/etc/permissions/vendor.qti.hardware.factory.xml
01-01 11:56:46.267 1233 1233 D FEATURE_ENABLER_CLIENT: : DRM_IOCTL_MSM_POWER_CTRL success for disable_clk
01-01 11:56:46.267 1233 1233 D FEATURE_ENABLER_CLIENT: : Starting listener service
01-01 11:56:46.267 1151 1151 D CompatConfig: Adding: com.android.server.compat.config.Change@598b5dd
01-01 11:56:46.269 1151 1151 D CompatConfig: Found a config file: /system/etc/compatconfig/documents-ui-compat-config.xml
01-01 11:56:46.269 1151 1622 I SystemConfig: Reading permissions from /vendor/etc/permissions/android.hardware.audio.low_latency.xml
01-01 11:56:46.270 0 0 I ueventd : loading /devices/platform/soc/b0000000.qcom,cnss-qca6390/firmware/qca6390!bdwlan.elf took 5ms
01-01 11:56:46.271 0 0 D cnss : Downloading BDF: qca6390/bdwlan.elf, size: 57908
01-01 11:56:46.271 1151 1151 D CompatConfig: Adding: com.android.server.compat.config.Change@e740920
01-01 11:56:46.273 1151 1622 I SystemConfig: Reading permissions from /vendor/etc/permissions/android.hardware.sensor.relative_humidity.xml
01-01 11:56:46.274 1151 1151 D CompatConfig: Found a config file: /system/system_ext/etc/compatconfig/settings-platform-compat-config.xml
01-01 11:56:46.274 1151 1622 I SystemConfig: Reading permissions from /vendor/etc/permissions/android.hardware.vulkan.version-1_1.xml
01-01 11:56:46.279 1151 1151 D CompatConfig: Adding: com.android.server.compat.config.Change@360974c
01-01 11:56:46.280 1151 1622 I SystemConfig: Reading permissions from /vendor/etc/permissions/android.hardware.location.gps.xml
01-01 11:56:46.282 1151 1151 D CompatConfig: No directory /apex/com.android.vndk.v30/etc/compatconfig, skipping
01-01 11:56:46.282 1151 1151 D CompatConfig: No directory /apex/com.android.wifi/etc/compatconfig, skipping
01-01 11:56:46.282 1151 1151 D CompatConfig: No directory /apex/com.android.vndk.v31/etc/compatconfig, skipping
01-01 11:56:46.282 1151 1151 D CompatConfig: No directory /apex/com.android.tzdata/etc/compatconfig, skipping
01-01 11:56:46.282 1151 1151 D CompatConfig: No directory /apex/com.android.tethering/etc/compatconfig, skipping
01-01 11:56:46.283 1151 1151 D CompatConfig: No directory /apex/com.android.sdkext/etc/compatconfig, skipping
01-01 11:56:46.283 1151 1151 D CompatConfig: No directory /apex/com.android.scheduling/etc/compatconfig, skipping
01-01 11:56:46.283 1151 1151 D CompatConfig: No directory /apex/com.android.runtime/etc/compatconfig, skipping
01-01 11:56:46.283 1151 1151 D CompatConfig: No directory /apex/com.android.resolv/etc/compatconfig, skipping
01-01 11:56:46.283 1151 1151 D CompatConfig: No directory /apex/com.android.permission/etc/compatconfig, skipping
01-01 11:56:46.283 1151 1151 D CompatConfig: No directory /apex/com.android.os.statsd/etc/compatconfig, skipping
01-01 11:56:46.283 1151 1151 D CompatConfig: No directory /apex/com.android.neuralnetworks/etc/compatconfig, skipping
01-01 11:56:46.283 1151 1622 I SystemConfig: Reading permissions from /product/etc/sysconfig/preinstalled-packages-platform-overlays.xml
01-01 11:56:46.286 1151 1622 I SystemConfig: Reading permissions from /product/etc/sysconfig/preinstalled-packages-platform-handheld-product.xml
01-01 11:56:46.287 1151 1151 D CompatConfig: Found a config file: /apex/com.android.mediaprovider/etc/compatconfig/media-provider-platform-compat-config.xml
01-01 11:56:46.288 1151 1151 D CompatConfig: Adding: com.android.server.compat.config.Change@1080411
01-01 11:56:46.288 1151 1622 I SystemConfig: Reading permissions from /product/etc/permissions/telephony_product_privapp-permissions-qti.xml
01-01 11:56:46.289 1151 1622 I SystemConfig: Reading permissions from /product/etc/permissions/vendor.qti.hardware.data.connection-V1.1-java.xml
01-01 11:56:46.290 1151 1151 D CompatConfig: Adding: com.android.server.compat.config.Change@f883e4
01-01 11:56:46.293 1151 1151 D CompatConfig: Adding: com.android.server.compat.config.Change@7695702
01-01 11:56:46.293 1151 1622 I SystemConfig: Reading permissions from /product/etc/permissions/ims_ext_common.xml
01-01 11:56:46.294 1151 1151 D CompatConfig: Adding: com.android.server.compat.config.Change@de8d813
01-01 11:56:46.295 1151 1151 D CompatConfig: Adding: com.android.server.compat.config.Change@fabfa50
01-01 11:56:46.297 1151 1151 D CompatConfig: Adding: com.android.server.compat.config.Change@c99e14e
01-01 11:56:46.297 1151 1622 I SystemConfig: Reading permissions from /product/etc/permissions/UimService.xml
01-01 11:56:46.298 1151 1151 D CompatConfig: Adding: com.android.server.compat.config.Change@7ee26f
01-01 11:56:46.299 1151 1151 D CompatConfig: No directory /apex/com.android.media.swcodec/etc/compatconfig, skipping
01-01 11:56:46.299 1151 1622 I SystemConfig: Reading permissions from /product/etc/permissions/com.qti.snapdragon.sdk.display.xml
01-01 11:56:46.299 1151 1151 D CompatConfig: No directory /apex/com.android.media/etc/compatconfig, skipping
01-01 11:56:46.299 1151 1151 D CompatConfig: No directory /apex/com.android.ipsec/etc/compatconfig, skipping
01-01 11:56:46.300 1151 1151 D CompatConfig: No directory /apex/com.android.i18n/etc/compatconfig, skipping
01-01 11:56:46.300 1151 1151 D CompatConfig: No directory /apex/com.android.extservices/etc/compatconfig, skipping
01-01 11:56:46.300 1151 1151 D CompatConfig: No directory /apex/com.android.conscrypt/etc/compatconfig, skipping
01-01 11:56:46.301 1151 1622 I SystemConfig: Reading permissions from /product/etc/permissions/privapp-permissions-soundrecorder.xml
01-01 11:56:46.301 1151 1151 D CompatConfig: Found a config file: /apex/com.android.art/etc/compatconfig/libcore-platform-compat-config.xml
01-01 11:56:46.303 1151 1151 D CompatConfig: Adding: com.android.server.compat.config.Change@1c1368b
01-01 11:56:46.303 1151 1622 I SystemConfig: Reading permissions from /product/etc/permissions/com.android.settings.intelligence.xml
01-01 11:56:46.304 1151 1151 D CompatConfig: Adding: com.android.server.compat.config.Change@e11381
01-01 11:56:46.304 1151 1622 I SystemConfig: Reading permissions from /product/etc/permissions/vendor.qti.hardware.data.connection-V1.0-java.xml
01-01 11:56:46.305 1151 1151 D CompatConfig: Adding: com.android.server.compat.config.Change@f8ab067
01-01 11:56:46.306 1151 1151 D CompatConfig: Adding: com.android.server.compat.config.Change@676ae14
01-01 11:56:46.308 0 0 D cnss : FW name added with prefix: qca6390/m3.bin
01-01 11:56:46.308 0 0 W cnss_pci 0000: 01:00.0: Falling back to syfs fallback for: qca6390/m3.bin
01-01 11:56:46.309 1151 1151 D CompatConfig: Adding: com.android.server.compat.config.Change@10a66bd
01-01 11:56:46.309 1151 1622 I SystemConfig: Reading permissions from /system_ext/etc/sysconfig/qti_whitelist_system_ext.xml
01-01 11:56:46.310 1151 1151 D CompatConfig: No directory /apex/com.android.appsearch/etc/compatconfig, skipping
01-01 11:56:46.310 1151 1151 D CompatConfig: No directory /apex/com.android.adbd/etc/compatconfig, skipping
01-01 11:56:46.312 1151 1622 I SystemConfig: Reading permissions from /system_ext/etc/sysconfig/qti_telephony_system_packages_config.xml
01-01 11:56:46.314 1151 1151 D SystemServerTiming: PlatformCompat took to complete: 351ms
01-01 11:56:46.314 1151 1151 I SystemServerTiming: StartFileIntegrityService
01-01 11:56:46.314 1151 1151 I SystemServiceManager: Starting com.android.server.security.FileIntegrityService
01-01 11:56:46.315 1151 1622 I SystemConfig: Reading permissions from /system_ext/etc/permissions/embms-noship_product_privapp_permissions_qti.xml
01-01 11:56:46.317 1151 1622 I SystemConfig: Reading permissions from /system_ext/etc/permissions/com.qualcomm.qti.imscmservice-V2.0-java.xml
01-01 11:56:46.318 1151 1622 I SystemConfig: Reading permissions from /system_ext/etc/permissions/dpmapi.xml
01-01 11:56:46.319 0 0 I ueventd : firmware: loading 'qca6390/m3.bin' for '/devices/platform/soc/1c00000.qcom,pcie/pci0000:00/0000:00:00.0/0000:01:00.0/firmware/qca6390!m3.bin'
01-01 11:56:46.319 1151 1622 I SystemConfig: Reading permissions from /system_ext/etc/permissions/com.android.storagemanager.xml
