01-01 11:57:55.926 2307 2315 D msm8974_platform: platform_set_snd_device_backend: backend_tag_table[speaker-dmic-endfire]: old = null new = (null)
01-01 11:57:55.927 2307 2315 D msm8974_platform: platform_set_snd_device_backend: hw_interface_table[156] = TX_CDC_DMA_TX_3
01-01 11:57:55.927 2307 2315 D msm8974_platform: platform_set_snd_device_backend: backend_tag_table[speaker-dmic-endfire]: old = null new = (null)
01-01 11:57:55.927 2307 2315 D msm8974_platform: platform_set_snd_device_backend: hw_interface_table[157] = TX_CDC_DMA_TX_3
01-01 11:57:55.927 2307 2315 D msm8974_platform: platform_set_snd_device_backend: backend_tag_table[speaker-dmic-endfire]: old = null new = (null)
01-01 11:57:55.927 2307 2315 D msm8974_platform: platform_set_snd_device_backend: hw_interface_table[158] = TX_CDC_DMA_TX_3
01-01 11:57:55.927 2307 2315 D msm8974_platform: platform_set_snd_device_backend: backend_tag_table[speaker-dmic-endfire]: old = null new = (null)
01-01 11:57:55.927 2307 2315 D msm8974_platform: platform_set_snd_device_backend: hw_interface_table[159] = TX_CDC_DMA_TX_3
01-01 11:57:55.927 2307 2315 D msm8974_platform: platform_set_snd_device_backend: backend_tag_table[speaker-dmic-endfire]: old = null new = (null)
01-01 11:57:55.927 2307 2315 D msm8974_platform: platform_set_snd_device_backend: hw_interface_table[160] = TX_CDC_DMA_TX_3
01-01 11:57:55.927 2307 2315 D msm8974_platform: platform_set_snd_device_backend: backend_tag_table[speaker-dmic-endfire]: old = null new = (null)
01-01 11:57:55.927 2307 2315 D msm8974_platform: platform_set_snd_device_backend: hw_interface_table[161] = TX_CDC_DMA_TX_3
01-01 11:57:55.927 2307 2315 D msm8974_platform: platform_set_snd_device_backend: backend_tag_table[speaker-dmic-endfire]: old = null new = (null)
01-01 11:57:55.927 2307 2315 D msm8974_platform: platform_set_snd_device_backend: hw_interface_table[162] = TX_CDC_DMA_TX_3
01-01 11:57:55.927 2307 2315 D msm8974_platform: platform_set_snd_device_backend: backend_tag_table[headset-mic]: old = null new = headset-mic
01-01 11:57:55.927 2307 2315 D msm8974_platform: platform_set_snd_device_backend: hw_interface_table[163] = TX_CDC_DMA_TX_4
01-01 11:57:55.927 2307 2315 D msm8974_platform: platform_set_snd_device_backend: backend_tag_table[headset-mic]: old = null new = headset-mic
01-01 11:57:55.927 2307 2315 D msm8974_platform: platform_set_snd_device_backend: hw_interface_table[165] = TX_CDC_DMA_TX_4
01-01 11:57:55.927 2307 2315 D msm8974_platform: platform_set_snd_device_backend: backend_tag_table[voice-headset-mic]: old = null new = headset-mic
01-01 11:57:55.927 2307 2315 D msm8974_platform: platform_set_snd_device_backend: hw_interface_table[171] = TX_CDC_DMA_TX_4
01-01 11:57:55.927 2307 2315 D msm8974_platform: platform_set_snd_device_backend: backend_tag_table[voice-tty-full-headset-mic]: old = null new = headset-mic
01-01 11:57:55.927 2307 2315 D msm8974_platform: platform_set_snd_device_backend: hw_interface_table[190] = TX_CDC_DMA_TX_4
01-01 11:57:55.927 2307 2315 D msm8974_platform: platform_set_snd_device_backend: backend_tag_table[voice-tty-hco-headset-mic]: old = null new = headset-mic
01-01 11:57:55.927 2307 2315 D msm8974_platform: platform_set_snd_device_backend: hw_interface_table[192] = TX_CDC_DMA_TX_4
01-01 11:57:55.927 2307 2315 D msm8974_platform: platform_set_snd_device_backend: backend_tag_table[unprocessed-headset-mic]: old = null new = headset-mic
01-01 11:57:55.928 2307 2315 D msm8974_platform: platform_set_snd_device_backend: hw_interface_table[246] = TX_CDC_DMA_TX_4
01-01 11:57:55.928 2307 2315 D msm8974_platform: platform_set_snd_device_backend: backend_tag_table[headset-mic]: old = null new = headset-mic
01-01 11:57:55.928 2307 2315 D msm8974_platform: platform_set_snd_device_backend: hw_interface_table[201] = TX_CDC_DMA_TX_4
01-01 11:57:55.928 2307 2315 D msm8974_platform: platform_set_snd_device_backend: backend_tag_table[headset-mic]: old = null new = headset-mic
01-01 11:57:55.928 2307 2315 D msm8974_platform: platform_set_snd_device_backend: hw_interface_table[164] = TX_CDC_DMA_TX_4
01-01 11:57:55.928 2307 2315 D msm8974_platform: platform_set_snd_device_backend: backend_tag_table[headset-mic]: old = headset-mic new = headset-mic
01-01 11:57:55.928 2307 2315 D msm8974_platform: platform_set_snd_device_backend: hw_interface_table[165] = TX_CDC_DMA_TX_4
01-01 11:57:55.928 2307 2315 D msm8974_platform: platform_set_snd_device_backend: backend_tag_table[voice-speaker-mic]: old = null new = (null)
01-01 11:57:55.928 2307 2315 D msm8974_platform: platform_set_snd_device_backend: hw_interface_table[166] = TX_CDC_DMA_TX_3
01-01 11:57:55.928 2307 2315 D msm8974_platform: platform_set_snd_device_backend: backend_tag_table[voice-speaker-mic]: old = null new = (null)
01-01 11:57:55.928 2307 2315 D msm8974_platform: platform_set_snd_device_backend: hw_interface_table[167] = TX_CDC_DMA_TX_3
01-01 11:57:56.006 2308 2308 D zygote64: Time zone APEX ICU file found: /apex/com.android.tzdata/etc/icu/icu_tzdata.dat
01-01 11:57:56.006 2308 2308 D zygote64: I18n APEX ICU file found: /apex/com.android.i18n/etc/icu/icudt68l.dat
01-01 11:57:56.014 2316 2316 D ProcessState: Binder ioctl to enable oneway spam detection failed: Invalid argument
01-01 11:57:56.014 0 0 I binder : 2316:2316 ioctl 40046210 ffef2308 returned -22
01-01 11:57:56.015 2316 2316 I mediaserver: ServiceManager: 0xe7ec1590
01-01 11:57:56.016 2316 2316 W BatteryNotifier: batterystats service unavailable!
01-01 11:57:56.017 2316 2316 W BatteryNotifier: batterystats service unavailable!
01-01 11:57:56.020 0 0 I binder : 2316:2316 ioctl 40046210 ffef22f0 returned -22
01-01 11:57:56.019 2308 2308 I snet_event_log: [200284993,-1,]
01-01 11:57:56.020 2308 2308 I zygote64: Using memfd for future sealing
01-01 11:57:56.020 2316 2316 D hw-ProcessState: Binder ioctl to enable oneway spam detection failed: Invalid argument
01-01 11:57:56.046 2309 2309 D zygote : Time zone APEX ICU file found: /apex/com.android.tzdata/etc/icu/icu_tzdata.dat
01-01 11:57:56.046 2309 2309 D zygote : I18n APEX ICU file found: /apex/com.android.i18n/etc/icu/icudt68l.dat
01-01 11:57:56.050 2308 2308 I boot_progress_preload_start: 111174
01-01 11:57:56.050 2308 2308 D Zygote : begin preload
01-01 11:57:56.050 2308 2308 I Zygote : Calling ZygoteHooks.beginPreload()
01-01 11:57:56.060 2309 2309 I snet_event_log: [200284993,-1,]
01-01 11:57:56.060 2309 2309 I zygote : Using memfd for future sealing
01-01 11:57:56.061 2309 2309 W zygote : Using default instruction set features for ARM CPU variant (cortex-a9) using conservative defaults
01-01 11:57:56.092 2308 2308 D Zygote64Timing: BeginPreload took to complete: 43ms
01-01 11:57:56.092 2308 2308 I Zygote : Preloading classes...
01-01 11:57:56.102 2309 2309 I zygote : Explicit concurrent copying GC freed 380(25KB) AllocSpace objects, 0(0B) LOS objects, 95% free, 70KB/1606KB, paused 100us,648us total 8.056ms
01-01 11:57:56.109 2309 2309 I zygote : Explicit concurrent copying GC freed 58(41KB) AllocSpace objects, 0(0B) LOS objects, 94% free, 93KB/1629KB, paused 73us,53us total 5.843ms
01-01 11:57:56.109 2309 2309 D Zygote32Timing: PostZygoteInitGC took to complete: 16ms
01-01 11:57:56.109 2309 2309 D Zygote32Timing: ZygoteInit took to complete: 21ms
01-01 11:57:56.119 2309 2309 I Zygote : Accepting command socket connections
01-01 11:57:56.124 655 668 I mpu_uart: [MSG-P:RECV]:No message received in 1000 ms
01-01 11:57:56.139 2317 2317 I netd : Creating child chains: 62120us
01-01 11:57:56.139 2317 2317 I netd : Setting up OEM hooks: 202us
01-01 11:57:56.141 2308 2308 I Typeface: Preloading /system/fonts/Roboto-Regular.ttf
01-01 11:57:56.142 2308 2308 I Typeface: Preloading /system/fonts/RobotoStatic-Regular.ttf
01-01 11:57:56.142 2317 2317 I netd : Setting up FirewallController hooks: 3061us
01-01 11:57:56.143 2308 2308 I Typeface: Preloading /system/fonts/MYingHeiPRC-W4.ttf
01-01 11:57:56.143 2308 2308 I Typeface: Preloading /system/fonts/MYingHeiPRC-W7.ttf
01-01 11:57:56.156 2317 2317 I netd : Setting up TetherController hooks: 13272us
01-01 11:57:56.180 2317 2317 I netd : Setting up BandwidthController hooks: 24085us
01-01 11:57:56.180 2317 2317 I netd : Setting up IdletimerController hooks: 355us
01-01 11:57:56.194 2317 2317 I netd : Setting up StrictController hooks: 13911us
01-01 11:57:56.194 2317 2317 I netd : Initializing ClatdController: 195us
01-01 11:57:56.205 2308 2308 E ActivityRecognitionHardware: activity_recognition HAL is deprecated. class_init is effectively a no-op
01-01 11:57:56.206 2317 2317 I netd : Initializing traffic control: 11910us
01-01 11:57:56.231 2317 2317 I netd : Enabling bandwidth control: 24748us
01-01 11:57:56.240 2317 2317 E netd : Error adding route 0.0.0.0/0 -> (null) dummy0 to table 1003: File exists
01-01 11:57:56.243 2317 2317 I netd : Initializing RouteController: 12508us
01-01 11:57:56.244 2317 2317 D XfrmController: XfrmController::ipSecAddXfrmInterface, line=1479
01-01 11:57:56.252 1444 1475 D LOWI-9.0.0.87.a: [LOWINetlinkSocketReceiver] unpackRTMLinkMessage: RTM_NEWLINK - ifname ipsec_test, flags 0x80 ()
01-01 11:57:56.252 2317 2317 D XfrmController: XfrmController::ipSecRemoveTunnelInterface, line=1692
01-01 11:57:56.252 2317 2317 D XfrmController: deviceName=ipsec_test
01-01 11:57:56.262 1444 1475 D LOWI-9.0.0.87.a: [LOWINetlinkSocketReceiver] unpackRTMLinkMessage: RTM_DELLINK - ifname ipsec_test, flags 0x80 ()
01-01 11:57:56.266 0 0 E selinux : SELinux: Could not stat /sys/devices/virtual/net/ipsec_test/queues/tx-0: No such file or directory.
01-01 11:57:56.277 0 0 E selinux :
01-01 11:57:56.300 2317 2317 D XfrmController: Sending Netlink XFRM Message: XFRM_MSG_FLUSHSA
01-01 11:57:56.301 2317 2317 D XfrmController: Sending Netlink XFRM Message: XFRM_MSG_FLUSHPOLICY
01-01 11:57:56.301 2317 2317 I netd : Initializing XfrmController: 57961us
01-01 11:57:56.306 2317 2317 I libnetd_resolv: resolv_init: Initializing resolver
01-01 11:57:56.307 2317 2317 D ProcessState: Binder ioctl to enable oneway spam detection failed: Invalid argument
01-01 11:57:56.310 2317 2317 D MDnsDS : MDnsSdListener::Hander starting up
01-01 11:57:56.307 0 0 I binder : 2317:2317 ioctl 40046210 7fc414d394 returned -22
01-01 11:57:56.313 2317 2350 D MDnsDS : MDnsSdListener starting to monitor
01-01 11:57:56.314 2317 2350 D MDnsDS : Going to poll with pollCount 1
01-01 11:57:56.314 2317 2317 I netd : Registering NetdNativeService: 849us
01-01 11:57:56.315 2317 2317 D hw-ProcessState: Binder ioctl to enable oneway spam detection failed: Invalid argument
01-01 11:57:56.315 0 0 I binder : 2317:2317 ioctl 40046210 7fc414d5a4 returned -22
01-01 11:57:56.318 2317 2317 I HidlServiceManagement: Registered android.system.net.netd@1.1::INetd/default
01-01 11:57:56.318 2317 2317 I netd : Registering NetdHwService: 4712us
01-01 11:57:56.318 2317 2317 I netd : Netd started in 463976us
01-01 11:57:56.331 0 0 D : mv2112_read_status
01-01 11:57:56.331 0 0 D mv2112_update_link: 3.0x901(1G): 0x84
01-01 11:57:56.331 0 0 D mv2112_update_link: 3.0x8109(100M): 0xc
01-01 11:57:56.331 0 0 D mv2112_update_link: link 0x4
01-01 11:57:56.331 0 0 D mv2112_read_status: autoneg is disabled
01-01 11:57:56.348 2314 2314 D hw-ProcessState: Binder ioctl to enable oneway spam detection failed: Invalid argument
01-01 11:57:56.350 2314 2314 D ProcessState: Binder ioctl to enable oneway spam detection failed: Invalid argument
01-01 11:57:56.351 2314 2314 I cameraserver: ServiceManager: 0xb40000708a7870f0
01-01 11:57:56.351 2314 2314 I CameraService: CameraService started (pid=2314)
01-01 11:57:56.351 2314 2314 I CameraService: CameraService process starting
01-01 11:57:56.352 2314 2314 W BatteryNotifier: batterystats service unavailable!
01-01 11:57:56.353 2314 2314 W BatteryNotifier: batterystats service unavailable!
01-01 11:57:56.348 0 0 I binder : 2314:2314 ioctl 40046210 7feb2a1324 returned -22
01-01 11:57:56.350 0 0 I binder : 2314:2314 ioctl 40046210 7feb2a1344 returned -22
01-01 11:57:56.361 506 506 I hwservicemanager: Since android.hardware.camera.provider@2.4::ICameraProvider/legacy/0 is not registered, trying to start it as a lazy HAL.
01-01 11:57:56.361 2314 2314 W CameraProviderManager: tryToInitializeProviderLocked: Camera provider HAL 'legacy/0' is not actually available
01-01 11:57:56.362 2314 2314 I cameraserver: Waiting for activity service
01-01 11:57:56.365 506 2357 W libc : Unable to set property "ctl.interface_start" to "android.hardware.camera.provider@2.4::ICameraProvider/legacy/0": error code: 0x20
01-01 11:57:56.366 506 2357 I hwservicemanager: Tried to start android.hardware.camera.provider@2.4::ICameraProvider/legacy/0 as a lazy service, but was unable to. Usually this happens when a service is not installed, but if the service is intended to be used as a lazy service, then it may be configured incorrectly.
01-01 11:57:56.473 1447 1486 W HidlServiceManagement: Waited one second for android.frameworks.sensorservice@1.0::ISensorManager/default
01-01 11:57:56.473 506 506 I hwservicemanager: Since android.frameworks.sensorservice@1.0::ISensorManager/default is not registered, trying to start it as a lazy HAL.
01-01 11:57:56.474 1447 1486 I HidlServiceManagement: getService: Trying again for android.frameworks.sensorservice@1.0::ISensorManager/default...
01-01 11:57:56.476 2308 2332 I zygote64: Verified 2765 classes from mainline modules in 310.254ms
01-01 11:57:56.479 506 2358 W libc : Unable to set property "ctl.interface_start" to "android.frameworks.sensorservice@1.0::ISensorManager/default": error code: 0x20
01-01 11:57:56.479 506 2358 I hwservicemanager: Tried to start android.frameworks.sensorservice@1.0::ISensorManager/default as a lazy service, but was unable to. Usually this happens when a service is not installed, but if the service is intended to be used as a lazy service, then it may be configured incorrectly.
01-01 11:57:56.491 1447 1447 W HidlServiceManagement: Waited one second for android.frameworks.sensorservice@1.0::ISensorManager/default
01-01 11:57:56.492 506 506 I hwservicemanager: Since android.frameworks.sensorservice@1.0::ISensorManager/default is not registered, trying to start it as a lazy HAL.
01-01 11:57:56.493 1447 1447 I HidlServiceManagement: getService: Trying again for android.frameworks.sensorservice@1.0::ISensorManager/default...
01-01 11:57:56.494 2308 2308 D MtpDeviceJNI: register_android_mtp_MtpDevice
01-01 11:57:56.494 2308 2308 I MediaProfiles: Profiles xml path: /vendor/etc/media_profiles_kona.xml
01-01 11:57:56.496 506 2359 W libc : Unable to set property "ctl.interface_start" to "android.frameworks.sensorservice@1.0::ISensorManager/default": error code: 0x20
01-01 11:57:56.496 506 2359 I hwservicemanager: Tried to start android.frameworks.sensorservice@1.0::ISensorManager/default as a lazy service, but was unable to. Usually this happens when a service is not installed, but if the service is intended to be used as a lazy service, then it may be configured incorrectly.
01-01 11:57:56.503 2309 2337 I zygote : Verified 2765 classes from mainline modules in 381.591ms
01-01 11:57:56.522 2308 2308 I zygote64: Thread[1,tid=2308,Native,Thread*=0xb400006f58d907b0,peer=0x12f401e8,"main"] recursive attempt to load library "librtp_jni.so"
01-01 11:57:56.567 2308 2308 W Zygote : Class not found for preloading: android.view.SurfaceView$2
01-01 11:57:56.752 1464 1464 I update_engine: [INFO:cleanup_previous_update_action.cc(112)] Executing task 37
01-01 11:57:56.753 1464 1464 I update_engine: [INFO:cleanup_previous_update_action.cc(124)] CleanupPreviousUpdateAction scheduled task ID 38 for WaitBootCompleted
01-01 11:57:56.837 2308 2308 W Zygote : Class not found for preloading: com.android.internal.telephony.GsmCdmaPhone$3
01-01 11:57:56.847 2308 2308 W Zygote : Class not found for preloading: com.android.internal.telephony.imsphone.ImsPhone$3
01-01 11:57:56.848 2308 2308 W Zygote : Class not found for preloading: com.android.internal.telephony.imsphone.ImsPhone$4
01-01 11:57:56.891 2308 2308 I Zygote : ...preloaded 13900 classes in 799ms.
01-01 11:57:56.892 2308 2308 D Zygote64Timing: PreloadClasses took to complete: 799ms
01-01 11:57:56.896 2308 2308 D ApplicationLoaders: Created zygote-cached class loader: /system/framework/android.hidl.base-V1.0-java.jar
01-01 11:57:56.900 2308 2308 D ApplicationLoaders: Created zygote-cached class loader: /system/framework/android.hidl.manager-V1.0-java.jar
01-01 11:57:56.903 2308 2308 D ApplicationLoaders: Created zygote-cached class loader: /system/framework/android.test.base.jar
01-01 11:57:56.903 2308 2308 D Zygote64Timing: CacheNonBootClasspathClassLoaders took to complete: 12ms
01-01 11:57:56.903 2308 2308 I Zygote : Preloading resources...
01-01 11:57:56.910 2308 2308 W Resources: Preloaded drawable resource #0x1080285 (android:drawable/dialog_background_material) that varies with configuration!!
01-01 11:57:56.924 2308 2308 I Zygote : ...preloaded 64 resources in 21ms.
01-01 11:57:56.928 2308 2308 I Zygote : ...preloaded 41 resources in 4ms.
01-01 11:57:56.929 2308 2308 D Zygote64Timing: PreloadResources took to complete: 25ms
01-01 11:57:56.956 2308 2308 D libEGL : loaded /vendor/lib64/egl/libEGL_adreno.so
01-01 11:57:56.964 2308 2308 D libEGL : loaded /vendor/lib64/egl/libGLESv1_CM_adreno.so
01-01 11:57:56.968 2308 2308 D libEGL : loaded /vendor/lib64/egl/libGLESv2_adreno.so
01-01 11:57:56.989 2308 2308 I Zygote : Preloading shared libraries...
01-01 11:57:56.996 2308 2308 I Zygote : Called ZygoteHooks.endPreload()
01-01 11:57:56.996 2308 2308 I Zygote : Installed AndroidKeyStoreProvider in 0ms.
01-01 11:57:56.999 2308 2308 I Zygote : Warmed up JCA providers in 3ms.
01-01 11:57:56.999 2308 2308 D Zygote : end preload
01-01 11:57:56.999 2308 2308 I boot_progress_preload_end: 112124
01-01 11:57:56.999 2308 2308 D Zygote64Timing: ZygotePreload took to complete: 950ms
01-01 11:57:57.049 2308 2308 I zygote64: Explicit concurrent copying GC freed 74516(4751KB) AllocSpace objects, 2(32KB) LOS objects, 49% free, 9153KB/17MB, paused 39us,7us total 49.846ms
01-01 11:57:57.043 0 0 E : msm_qti_pp_get_rms_value_control, back not active to query rms be_idx:3
01-01 11:57:57.070 0 0 I core_get_license_status: cmdrsp_license_result.result = 0x15 for module 0x131ff
01-01 11:57:57.088 2308 2308 I zygote64: Explicit concurrent copying GC freed 2478(130KB) AllocSpace objects, 1(28KB) LOS objects, 49% free, 9026KB/17MB, paused 21us,6us total 37.557ms
01-01 11:57:57.088 2308 2308 D Zygote64Timing: PostZygoteInitGC took to complete: 88ms
01-01 11:57:57.088 2308 2308 D Zygote64Timing: ZygoteInit took to complete: 1043ms
01-01 11:57:57.071 0 0 E msm_ext_disp_update_audio_ops: Display not found (EXT_DISPLAY_TYPE_DP) ctld (0) stream (0)
01-01 11:57:57.081 0 0 E msm_ext_disp_update_audio_ops: Display not found (EXT_DISPLAY_TYPE_HDMI) ctld (0) stream (0)
01-01 11:57:57.091 0 0 E msm_ext_disp_update_audio_ops: Display not found (EXT_DISPLAY_TYPE_DP) ctld (0) stream (0)
01-01 11:57:57.101 0 0 E msm_ext_disp_update_audio_ops: Display not found (EXT_DISPLAY_TYPE_DP) ctld (0) stream (0)
01-01 11:57:57.136 655 668 I mpu_uart: [MSG-P:RECV]:No message received in 1000 ms
01-01 11:57:57.111 0 0 E msm_ext_disp_update_audio_ops: Display not found (EXT_DISPLAY_TYPE_DP) ctld (0) stream (0)
01-01 11:57:57.120 0 0 E msm-ext-disp-audio-codec-rx soc: qcom,msm-ext-disp:qcom,msm-ext-disp-audio-codec-rx: msm_ext_disp_audio_type_get: get_audio_edid_blk() or get_intf_id is NULL
01-01 11:57:57.136 0 0 E msm_ext_disp_update_audio_ops: Display not found (EXT_DISPLAY_TYPE_DP) ctld (0) stream (0)
01-01 11:57:57.154 655 667 I mpu_uart: [MSG-P:R]:recv sync frame timeout
01-01 11:57:57.146 0 0 E msm-ext-disp-audio-codec-rx soc: qcom,msm-ext-disp:qcom,msm-ext-disp-audio-codec-rx: msm_ext_disp_audio_type_get: get_audio_edid_blk() or get_intf_id is NULL
01-01 11:57:57.162 0 0 E msm_ext_disp_update_audio_ops: Display not found (EXT_DISPLAY_TYPE_DP) ctld (0) stream (0)
01-01 11:57:57.172 0 0 E msm-ext-disp-audio-codec-rx soc: qcom,msm-ext-disp:qcom,msm-ext-disp-audio-codec-rx: msm_ext_disp_audio_type_get: get_audio_edid_blk() or get_intf_id is NULL
01-01 11:57:57.194 2308 2308 D Zygote : Forked child process 2363
01-01 11:57:57.195 2308 2308 I Zygote : System server process 2363 has been created
01-01 11:57:57.197 2308 2308 I Zygote : Accepting command socket connections
01-01 11:57:57.189 0 0 E msm-ext-disp-audio-codec-rx soc: qcom,msm-ext-disp:qcom,msm-ext-disp-audio-codec-rx: msm_ext_disp_audio_device_get: invalid dai id: 4
01-01 11:57:57.271 0 0 E : msm_pcm_volume_ctl_get substream not found
01-01 11:57:57.285 2363 2363 W system_server: Failed to upload odrefresh metrics: metrics file '/data/misc/odrefresh/odrefresh-metrics.txt' could not be opened: No such file or directory
01-01 11:57:57.290 1550 1562 I adbd : jdwp connection from 2363
01-01 11:57:57.306 2363 2363 D ProcessState: Binder ioctl to enable oneway spam detection failed: Invalid argument
01-01 11:57:57.306 0 0 I binder : 2363:2363 ioctl 40046210 7fd3716224 returned -22
01-01 11:57:57.309 2363 2363 I SystemServerTiming: InitBeforeStartServices
01-01 11:57:57.312 2363 2363 I system_server_start: [2,112433,112433]
01-01 11:57:57.313 2363 2363 I SystemServer: Entered the Android system server!
01-01 11:57:57.313 2363 2363 I boot_progress_system_run: 112438
01-01 11:57:57.355 0 0 D : mv2112_read_status
01-01 11:57:57.355 0 0 D mv2112_update_link: 3.0x901(1G): 0x84
01-01 11:57:57.355 0 0 D mv2112_update_link: 3.0x8109(100M): 0xc
01-01 11:57:57.355 0 0 D mv2112_update_link: link 0x4
01-01 11:57:57.355 0 0 D mv2112_read_status: autoneg is disabled
01-01 11:57:57.360 0 0 E : msm_qti_pp_get_rms_value_control, back not active to query rms be_idx:3
01-01 11:57:57.384 2363 2363 E UsbAlsaJackDetectorJNI: Can't register UsbAlsaJackDetector native methods
01-01 11:57:57.394 2363 2363 I SystemServerInitThreadPool: Creating instance with 8 threads
01-01 11:57:57.388 0 0 I core_get_license_status: cmdrsp_license_result.result = 0x15 for module 0x131ff
01-01 11:57:57.389 0 0 E msm_ext_disp_update_audio_ops: Display not found (EXT_DISPLAY_TYPE_DP) ctld (0) stream (0)
01-01 11:57:57.399 0 0 E msm_ext_disp_update_audio_ops: Display not found (EXT_DISPLAY_TYPE_HDMI) ctld (0) stream (0)
01-01 11:57:57.409 0 0 E msm_ext_disp_update_audio_ops: Display not found (EXT_DISPLAY_TYPE_DP) ctld (0) stream (0)
01-01 11:57:57.418 0 0 E msm_ext_disp_update_audio_ops: Display not found (EXT_DISPLAY_TYPE_DP) ctld (0) stream (0)
01-01 11:57:57.428 0 0 E msm_ext_disp_update_audio_ops: Display not found (EXT_DISPLAY_TYPE_DP) ctld (0) stream (0)
01-01 11:57:57.438 0 0 E msm-ext-disp-audio-codec-rx soc: qcom,msm-ext-disp:qcom,msm-ext-disp-audio-codec-rx: msm_ext_disp_audio_type_get: get_audio_edid_blk() or get_intf_id is NULL
01-01 11:57:57.454 0 0 E msm_ext_disp_update_audio_ops: Display not found (EXT_DISPLAY_TYPE_DP) ctld (0) stream (0)
01-01 11:57:57.464 0 0 E msm-ext-disp-audio-codec-rx soc: qcom,msm-ext-disp:qcom,msm-ext-disp-audio-codec-rx: msm_ext_disp_audio_type_get: get_audio_edid_blk() or get_intf_id is NULL
01-01 11:57:57.474 1447 1486 W HidlServiceManagement: Waited one second for android.frameworks.sensorservice@1.0::ISensorManager/default
01-01 11:57:57.475 506 506 I hwservicemanager: Since android.frameworks.sensorservice@1.0::ISensorManager/default is not registered, trying to start it as a lazy HAL.
01-01 11:57:57.477 1447 1486 I HidlServiceManagement: getService: Trying again for android.frameworks.sensorservice@1.0::ISensorManager/default...
01-01 11:57:57.482 506 2380 W libc : Unable to set property "ctl.interface_start" to "android.frameworks.sensorservice@1.0::ISensorManager/default": error code: 0x20
01-01 11:57:57.483 506 2380 I hwservicemanager: Tried to start android.frameworks.sensorservice@1.0::ISensorManager/default as a lazy service, but was unable to. Usually this happens when a service is not installed, but if the service is intended to be used as a lazy service, then it may be configured incorrectly.
01-01 11:57:57.480 0 0 E msm_ext_disp_update_audio_ops: Display not found (EXT_DISPLAY_TYPE_DP) ctld (0) stream (0)
01-01 11:57:57.489 0 0 E msm-ext-disp-audio-codec-rx soc: qcom,msm-ext-disp:qcom,msm-ext-disp-audio-codec-rx: msm_ext_disp_audio_type_get: get_audio_edid_blk() or get_intf_id is NULL
01-01 11:57:57.493 1447 1447 W HidlServiceManagement: Waited one second for android.frameworks.sensorservice@1.0::ISensorManager/default
01-01 11:57:57.493 506 506 I hwservicemanager: Since android.frameworks.sensorservice@1.0::ISensorManager/default is not registered, trying to start it as a lazy HAL.
01-01 11:57:57.494 1447 1447 I HidlServiceManagement: getService: Trying again for android.frameworks.sensorservice@1.0::ISensorManager/default...
01-01 11:57:57.499 506 2381 W libc : Unable to set property "ctl.interface_start" to "android.frameworks.sensorservice@1.0::ISensorManager/default": error code: 0x20
01-01 11:57:57.499 506 2381 I hwservicemanager: Tried to start android.frameworks.sensorservice@1.0::ISensorManager/default as a lazy service, but was unable to. Usually this happens when a service is not installed, but if the service is intended to be used as a lazy service, then it may be configured incorrectly.
01-01 11:57:57.505 2363 2363 D SystemServerTiming: InitBeforeStartServices took to complete: 196ms
01-01 11:57:57.505 2363 2363 I SystemServerTiming: StartServices
01-01 11:57:57.505 2363 2363 I SystemServerTiming: startBootstrapServices
01-01 11:57:57.505 2363 2363 I SystemServerTiming: StartWatchdog
01-01 11:57:57.513 2363 2363 D SystemServerTiming: StartWatchdog took to complete: 8ms
01-01 11:57:57.513 2363 2363 I SystemServer: Reading configuration...
01-01 11:57:57.513 2363 2363 I SystemServerTiming: ReadingSystemConfig
01-01 11:57:57.514 2363 2363 D SystemServerTiming: ReadingSystemConfig took to complete: 1ms
01-01 11:57:57.514 2363 2363 I SystemServerTiming: PlatformCompat
01-01 11:57:57.514 2363 2363 D CompatConfig: Found a config file: /system/etc/compatconfig/services-platform-compat-config.xml
01-01 11:57:57.516 2363 2363 D CompatConfig: Adding: com.android.server.compat.config.Change@dbb72b3
01-01 11:57:57.516 2363 2389 I SystemServerTimingAsync: InitThreadPoolExec:ReadingSystemConfig
01-01 11:57:57.516 2363 2389 D SystemServerInitThreadPool: Started executing ReadingSystemConfig
01-01 11:57:57.519 2363 2389 I SystemConfig: Reading permissions from /system/etc/sysconfig/preinstalled-packages-platform-full-base.xml
01-01 11:57:57.520 2363 2389 I incfs : Initial API level of the device: 30
01-01 11:57:57.520 2363 2389 I incfs : ro.incremental.enable: 1
01-01 11:57:57.520 2363 2389 I incfs : isFsAvailable: true
01-01 11:57:57.521 2363 2389 I incfs : isFsAvailable: true
01-01 11:57:57.521 2363 2389 I incfs : IncFs_Features: v1
01-01 11:57:57.521 2363 2389 I SystemConfig: Reading permissions from /system/etc/sysconfig/preinstalled-packages-com.android.providers.media.module.xml
01-01 11:57:57.522 2363 2363 D CompatConfig: Adding: com.android.server.compat.config.Change@62eb46e
01-01 11:57:57.507 0 0 E msm-ext-disp-audio-codec-rx soc: qcom,msm-ext-disp:qcom,msm-ext-disp-audio-codec-rx: msm_ext_disp_audio_device_get: invalid dai id: 4
01-01 11:57:57.523 2363 2363 D CompatConfig: Adding: com.android.server.compat.config.Change@7f0870f
01-01 11:57:57.524 2363 2363 D CompatConfig: Adding: com.android.server.compat.config.Change@f2a439c
01-01 11:57:57.524 2363 2363 D CompatConfig: Adding: com.android.server.compat.config.Change@995a97a
01-01 11:57:57.525 2363 2389 I SystemConfig: Reading permissions from /system/etc/sysconfig/hiddenapi-package-whitelist.xml
01-01 11:57:57.525 2363 2363 D CompatConfig: Adding: com.android.server.compat.config.Change@cb8852b
01-01 11:57:57.526 2363 2363 D CompatConfig: Adding: com.android.server.compat.config.Change@d65fd88
01-01 11:57:57.527 2363 2363 D CompatConfig: Adding: com.android.server.compat.config.Change@6dc9321
01-01 11:57:57.527 2363 2363 D CompatConfig: Adding: com.android.server.compat.config.Change@d44e346
01-01 11:57:57.528 2363 2363 D CompatConfig: Adding: com.android.server.compat.config.Change@4216a34
01-01 11:57:57.529 2363 2389 I SystemConfig: Reading permissions from /system/etc/sysconfig/framework-sysconfig.xml
01-01 11:57:57.529 2363 2363 D CompatConfig: Adding: com.android.server.compat.config.Change@8ce405d
01-01 11:57:57.530 2363 2363 D CompatConfig: Adding: com.android.server.compat.config.Change@c5bedd2
01-01 11:57:57.531 2363 2363 D CompatConfig: Adding: com.android.server.compat.config.Change@8066ea3
01-01 11:57:57.532 2363 2389 I SystemConfig: Reading permissions from /system/etc/sysconfig/preinstalled-packages-platform.xml
01-01 11:57:57.532 2363 2363 D CompatConfig: Adding: com.android.server.compat.config.Change@6338559
01-01 11:57:57.532 2363 2363 D CompatConfig: Adding: com.android.server.compat.config.Change@267151e
01-01 11:57:57.533 2363 2389 I SystemConfig: Reading permissions from /system/etc/sysconfig/qti_whitelist.xml
01-01 11:57:57.534 2363 2363 D CompatConfig: Adding: com.android.server.compat.config.Change@bd3cbcc
01-01 11:57:57.534 2363 2363 D CompatConfig: Adding: com.android.server.compat.config.Change@d0e1e15
01-01 11:57:57.535 2363 2363 D CompatConfig: Adding: com.android.server.compat.config.Change@56b652a
01-01 11:57:57.536 2363 2389 I SystemConfig: Reading permissions from /system/etc/permissions/uimremoteclient.xml
01-01 11:57:57.537 2363 2389 I SystemConfig: Reading permissions from /system/etc/permissions/com.android.future.usb.accessory.xml
01-01 11:57:57.537 2363 2389 I SystemConfig: Reading permissions from /system/etc/permissions/com.android.documentsui.xml
01-01 11:57:57.537 2363 2363 D CompatConfig: Adding: com.android.server.compat.config.Change@4b2a9f6
01-01 11:57:57.538 2363 2389 I SystemConfig: Reading permissions from /system/etc/permissions/com.android.media.remotedisplay.xml
01-01 11:57:57.538 2363 2389 I SystemConfig: Reading permissions from /system/etc/permissions/com.android.location.provider.xml
01-01 11:57:57.539 2363 2389 I SystemConfig: Reading permissions from /system/etc/permissions/org.apache.http.legacy.xml
01-01 11:57:57.540 2363 2363 D CompatConfig: Adding: com.android.server.compat.config.Change@8576f82
01-01 11:57:57.541 2363 2389 I SystemConfig: Reading permissions from /system/etc/permissions/android.test.mock.xml
01-01 11:57:57.541 2363 2363 D CompatConfig: Adding: com.android.server.compat.config.Change@d1106d0
01-01 11:57:57.542 2363 2389 I SystemConfig: Reading permissions from /system/etc/permissions/com.thundercomm.tcservice.xml
01-01 11:57:57.543 2363 2389 I SystemConfig: Reading permissions from /system/etc/permissions/android.software.webview.xml
01-01 11:57:57.544 2363 2363 D CompatConfig: Adding: com.android.server.compat.config.Change@89eb8ef
01-01 11:57:57.545 2363 2389 I SystemConfig: Reading permissions from /system/etc/permissions/com.android.networkstack.xml
01-01 11:57:57.545 2363 2363 D CompatConfig: Adding: com.android.server.compat.config.Change@d73b685
01-01 11:57:57.546 2363 2389 I SystemConfig: Reading permissions from /system/etc/permissions/privapp-permissions-qti.xml
01-01 11:57:57.546 2363 2363 D CompatConfig: Adding: com.android.server.compat.config.Change@e47f50b
01-01 11:57:57.548 2363 2363 D CompatConfig: Adding: com.android.server.compat.config.Change@2cedfe8
01-01 11:57:57.548 2363 2389 I SystemConfig: Reading permissions from /system/etc/permissions/javax.obex.xml
01-01 11:57:57.549 2363 2389 I SystemConfig: Reading permissions from /system/etc/permissions/uimremoteserver.xml
01-01 11:57:57.549 2307 2307 I liblog : 104
01-01 11:57:57.549 2307 2307 E audio_route: Control 'ADC2_MIXER Switch' doesn't exist - skipping
01-01 11:57:57.549 2307 2307 E audio_route: Control 'ADC2 Volume' doesn't exist - skipping
01-01 11:57:57.549 2307 2307 E audio_route: Control 'ADC2_BCS Disable' doesn't exist - skipping
01-01 11:57:57.549 2307 2307 E audio_route: Control 'ADC2_BCS Disable' doesn't exist - skipping
01-01 11:57:57.549 2363 2389 I SystemConfig: Reading permissions from /system/etc/permissions/com.android.nfc_extras.xml
01-01 11:57:57.549 2307 2307 E audio_route: Control 'ADC2_BCS Disable' doesn't exist - skipping
01-01 11:57:57.549 2307 2307 E audio_route: Control 'ADC2_BCS Disable' doesn't exist - skipping
01-01 11:57:57.549 2307 2307 E audio_route: Control 'ADC2_BCS Disable' doesn't exist - skipping
01-01 11:57:57.549 2307 2307 E audio_route: Control 'ADC2_BCS Disable' doesn't exist - skipping
01-01 11:57:57.549 2363 2363 D CompatConfig: Adding: com.android.server.compat.config.Change@6a61294
01-01 11:57:57.550 2307 2307 E audio_route: Control 'ADC2_BCS Disable' doesn't exist - skipping
01-01 11:57:57.550 2307 2307 E audio_route: Control 'ADC2_BCS Disable' doesn't exist - skipping
01-01 11:57:57.550 2363 2389 I SystemConfig: Reading permissions from /system/etc/permissions/privapp-permissions-platform.xml
01-01 11:57:57.550 2307 2307 E audio_route: Control 'ADC2_BCS Disable' doesn't exist - skipping
01-01 11:57:57.550 2307 2307 E audio_route: Control 'ADC2_BCS Disable' doesn't exist - skipping
01-01 11:57:57.550 2307 2307 E audio_route: Control 'ADC2_BCS Disable' doesn't exist - skipping
01-01 11:57:57.550 2307 2307 E audio_route: Control 'ADC2_BCS Disable' doesn't exist - skipping
01-01 11:57:57.550 2307 2307 E audio_route: Control 'ADC2_BCS Disable' doesn't exist - skipping
01-01 11:57:57.550 2307 2307 E audio_route: Control 'ADC2_BCS Disable' doesn't exist - skipping
01-01 11:57:57.550 2307 2307 E audio_route: Control 'ADC2_BCS Disable' doesn't exist - skipping
01-01 11:57:57.550 2307 2307 E audio_route: Control 'ADC2_BCS Disable' doesn't exist - skipping
01-01 11:57:57.550 2307 2307 E audio_route: Control 'ADC2_BCS Disable' doesn't exist - skipping
01-01 11:57:57.551 2307 2307 E audio_route: Control 'ADC2_MIXER Switch' doesn't exist - skipping
01-01 11:57:57.551 2307 2307 E audio_route: Control 'ADC2 MUX' doesn't exist - skipping
01-01 11:57:57.551 2363 2363 D CompatConfig: Adding: com.android.server.compat.config.Change@ecebd32
01-01 11:57:57.552 2363 2363 D CompatConfig: Adding: com.android.server.compat.config.Change@257fa83
01-01 11:57:57.554 2363 2363 D CompatConfig: Adding: com.android.server.compat.config.Change@21bc400
01-01 11:57:57.555 2363 2363 D CompatConfig: Adding: com.android.server.compat.config.Change@38aa439
01-01 11:57:57.555 2307 2307 I audio_hw_extn: audio_extn_set_snd_card_split: snd_card_name(kona-mtp-snd-card) device(kona) snd_card(mtp) form_factor(snd)
01-01 11:57:57.555 2307 2307 E platform_info: param tag only supported with CONFIG_PARAMS section
01-01 11:57:57.555 2307 2307 E platform_info: param tag only supported with CONFIG_PARAMS section
01-01 11:57:57.555 2307 2307 E platform_info: param tag only supported with CONFIG_PARAMS section
01-01 11:57:57.555 2363 2389 I SystemConfig: Reading permissions from /system/etc/permissions/com.thundercomm.mcuupgrade.xml
01-01 11:57:57.555 2307 2307 E platform_info: param tag only supported with CONFIG_PARAMS section
01-01 11:57:57.555 2307 2307 E platform_info: param tag only supported with CONFIG_PARAMS section
01-01 11:57:57.555 2307 2307 E platform_info: param tag only supported with CONFIG_PARAMS section
01-01 11:57:57.555 2307 2307 E platform_info: param tag only supported with CONFIG_PARAMS section
01-01 11:57:57.555 2307 2307 E platform_info: param tag only supported with CONFIG_PARAMS section
01-01 11:57:57.556 2363 2363 D CompatConfig: Adding: com.android.server.compat.config.Change@c95bbdf
01-01 11:57:57.556 2307 2307 D ACDB-LOADER: ACDB: board_type = MTP
01-01 11:57:57.556 2363 2389 I SystemConfig: Reading permissions from /system/etc/permissions/android.test.runner.xml
01-01 11:57:57.557 2307 2307 D ACDB-LOADER: ACDB -> No .acdb files found in /vendor/etc/acdbdata!
01-01 11:57:57.557 2307 2307 D ACDB-LOADER: ACDB -> found 0 form factor & soundcard independant files
01-01 11:57:57.557 2363 2363 D CompatConfig: Adding: com.android.server.compat.config.Change@1684af5
01-01 11:57:57.557 2307 2307 D ACDB-LOADER: ACDB -> Load file: /vendor/etc/acdbdata/MTP/MTP_General_cal.acdb
01-01 11:57:57.557 2307 2307 D ACDB-LOADER: ACDB -> Load file: /vendor/etc/acdbdata/MTP/MTP_Handset_cal.acdb
01-01 11:57:57.557 2307 2307 D ACDB-LOADER: ACDB -> Load file: /vendor/etc/acdbdata/MTP/MTP_Hdmi_cal.acdb
01-01 11:57:57.557 2307 2307 D ACDB-LOADER: ACDB -> Load file: /vendor/etc/acdbdata/MTP/MTP_Global_cal.acdb
01-01 11:57:57.557 2307 2307 D ACDB-LOADER: ACDB -> Load file: /vendor/etc/acdbdata/MTP/MTP_Bluetooth_cal.acdb
01-01 11:57:57.557 2307 2307 D ACDB-LOADER: ACDB -> Load file: /vendor/etc/acdbdata/MTP/MTP_Speaker_cal.acdb
01-01 11:57:57.557 2307 2307 D ACDB-LOADER: ACDB -> Load file: /vendor/etc/acdbdata/MTP/MTP_Headset_cal.acdb
01-01 11:57:57.557 2307 2307 D ACDB-LOADER: ACDB -> Load file: /vendor/etc/acdbdata/MTP/MTP_workspaceFile.qwsp
01-01 11:57:57.557 2307 2307 D ACDB-LOADER: ACDB -> ACDB_CMD_INITIALIZE_V2
01-01 11:57:57.557 2307 2307 D android.hardware.audio.service: [ACDB Command]->SW Minor/Major/Revision version info for /vendor/etc/acdbdata/MTP/MTP_General_cal.acdb
01-01 11:57:57.557 2307 2307 D android.hardware.audio.service: [ACDB Command]->ACDB Sw Major = 10, ACDB Sw Minor = 0, ACDB Sw Revision = 17, ACDB Sw Cpl Number = 0
01-01 11:57:57.557 2307 2307 D android.hardware.audio.service: [ACDB Command]->ACDB File Major = 12, ACDB File Minor = 0, ACDB File Revision = 4, ACDB File Cpl Number = 0
01-01 11:57:57.557 2363 2389 I SystemConfig: Reading permissions from /system/etc/permissions/android.software.freeform_window_management.xml
01-01 11:57:57.558 2363 2389 I SystemConfig: Reading permissions from /system/etc/permissions/android.test.base.xml
01-01 11:57:57.558 2363 2363 D CompatConfig: Adding: com.android.server.compat.config.Change@66e1318
01-01 11:57:57.559 2363 2389 I SystemConfig: Reading permissions from /system/etc/permissions/android.software.live_wallpaper.xml
01-01 11:57:57.560 2307 2307 D android.hardware.audio.service: [ACDB Command]->SW Minor/Major/Revision version info for /vendor/etc/acdbdata/MTP/MTP_Handset_cal.acdb
01-01 11:57:57.560 2307 2307 D android.hardware.audio.service: [ACDB Command]->ACDB Sw Major = 10, ACDB Sw Minor = 0, ACDB Sw Revision = 17, ACDB Sw Cpl Number = 0
01-01 11:57:57.560 2307 2307 D android.hardware.audio.service: [ACDB Command]->ACDB File Major = 12, ACDB File Minor = 0, ACDB File Revision = 4, ACDB File Cpl Number = 0
01-01 11:57:57.560 2363 2363 D CompatConfig: Adding: com.android.server.compat.config.Change@3ae5b56
01-01 11:57:57.560 2307 2307 D android.hardware.audio.service: [ACDB Command]->SW Minor/Major/Revision version info for /vendor/etc/acdbdata/MTP/MTP_Hdmi_cal.acdb
01-01 11:57:57.560 2307 2307 D android.hardware.audio.service: [ACDB Command]->ACDB Sw Major = 10, ACDB Sw Minor = 0, ACDB Sw Revision = 17, ACDB Sw Cpl Number = 0
01-01 11:57:57.560 2307 2307 D android.hardware.audio.service: [ACDB Command]->ACDB File Major = 12, ACDB File Minor = 0, ACDB File Revision = 4, ACDB File Cpl Number = 0
01-01 11:57:57.560 2363 2389 I SystemConfig: Reading permissions from /system/etc/permissions/com.android.networkstack.tethering.xml
01-01 11:57:57.560 2307 2307 D android.hardware.audio.service: [ACDB Command]->SW Minor/Major/Revision version info for /vendor/etc/acdbdata/MTP/MTP_Global_cal.acdb
01-01 11:57:57.560 2307 2307 D android.hardware.audio.service: [ACDB Command]->ACDB Sw Major = 10, ACDB Sw Minor = 0, ACDB Sw Revision = 17, ACDB Sw Cpl Number = 0
01-01 11:57:57.560 2307 2307 D android.hardware.audio.service: [ACDB Command]->ACDB File Major = 12, ACDB File Minor = 0, ACDB File Revision = 4, ACDB File Cpl Number = 0
01-01 11:57:57.561 2307 2307 D android.hardware.audio.service: [ACDB Command]->SW Minor/Major/Revision version info for /vendor/etc/acdbdata/MTP/MTP_Bluetooth_cal.acdb
01-01 11:57:57.561 2307 2307 D android.hardware.audio.service: [ACDB Command]->ACDB Sw Major = 10, ACDB Sw Minor = 0, ACDB Sw Revision = 17, ACDB Sw Cpl Number = 0
01-01 11:57:57.561 2307 2307 D android.hardware.audio.service: [ACDB Command]->ACDB File Major = 12, ACDB File Minor = 0, ACDB File Revision = 4, ACDB File Cpl Number = 0
01-01 11:57:57.561 2363 2363 D CompatConfig: Adding: com.android.server.compat.config.Change@1bd48c4
01-01 11:57:57.561 2363 2389 I SystemConfig: Reading permissions from /system/etc/permissions/com.android.mediadrm.signer.xml
01-01 11:57:57.562 2363 2363 D CompatConfig: Adding: com.android.server.compat.config.Change@afc8a73
01-01 11:57:57.562 2363 2389 I SystemConfig: Reading permissions from /system/etc/permissions/platform.xml
01-01 11:57:57.562 2307 2307 D android.hardware.audio.service: [ACDB Command]->SW Minor/Major/Revision version info for /vendor/etc/acdbdata/MTP/MTP_Speaker_cal.acdb
01-01 11:57:57.562 2307 2307 D android.hardware.audio.service: [ACDB Command]->ACDB Sw Major = 10, ACDB Sw Minor = 0, ACDB Sw Revision = 17, ACDB Sw Cpl Number = 0
01-01 11:57:57.562 2307 2307 D android.hardware.audio.service: [ACDB Command]->ACDB File Major = 12, ACDB File Minor = 0, ACDB File Revision = 4, ACDB File Cpl Number = 0
01-01 11:57:57.563 2307 2307 D android.hardware.audio.service: [ACDB Command]->SW Minor/Major/Revision version info for /vendor/etc/acdbdata/MTP/MTP_Headset_cal.acdb
01-01 11:57:57.563 2307 2307 D android.hardware.audio.service: [ACDB Command]->ACDB Sw Major = 10, ACDB Sw Minor = 0, ACDB Sw Revision = 17, ACDB Sw Cpl Number = 0
01-01 11:57:57.563 2307 2307 D android.hardware.audio.service: [ACDB Command]->ACDB File Major = 12, ACDB File Minor = 0, ACDB File Revision = 4, ACDB File Cpl Number = 0
01-01 11:57:57.563 2363 2363 D CompatConfig: Adding: com.android.server.compat.config.Change@7a82d30
01-01 11:57:57.564 2307 2307 D android.hardware.audio.service: [ACDB Command]->SW Minor/Major/Revision version info for /vendor/etc/acdbdata/MTP/MTP_workspaceFile.qwsp
01-01 11:57:57.564 2307 2307 D android.hardware.audio.service: [ACDB Command]->ACDB Sw Major = 10, ACDB Sw Minor = 0, ACDB Sw Revision = 17, ACDB Sw Cpl Number = 0
01-01 11:57:57.564 2307 2307 D android.hardware.audio.service: [ACDB Command]->ACDB File Major = 0, ACDB File Minor = 0, ACDB File Revision = 0
01-01 11:57:57.564 2363 2363 D CompatConfig: Adding: com.android.server.compat.config.Change@3800da9
01-01 11:57:57.565 2307 2307 D ACDB-LOADER: get_acdb_sw_major_version: ACDB SW Major version: 10
01-01 11:57:57.565 2307 2307 D ACDB-LOADER: get_instance_id_support: ACDB file instance ID support info:1
01-01 11:57:57.565 2307 2307 D ACDB-LOADER: acdb_loader_init_v4: snd_card_name:kona-mtp-snd-card, cvd_version:2.4, instance_id_supported:1
01-01 11:57:57.565 2307 2307 D ACDB-LOADER: ACDB -> ACPH INIT
01-01 11:57:57.565 2307 2307 D android.hardware.audio.service: [ACPH]->Online service registered with ACPH
01-01 11:57:57.565 2363 2363 D CompatConfig: Adding: com.android.server.compat.config.Change@b657f2e
01-01 11:57:57.567 2307 2307 D android.hardware.audio.service: [ACPH]->ACPH init success
01-01 11:57:57.567 2363 2389 I SystemConfig: Reading permissions from /vendor/etc/permissions/android.hardware.sensor.accelerometer.xml
01-01 11:57:57.567 2307 2307 D ACDB-LOADER: ACDB -> RTAC INIT
01-01 11:57:57.568 2363 2363 D CompatConfig: Adding: com.android.server.compat.config.Change@61aec5c
01-01 11:57:57.568 2307 2307 D android.hardware.audio.service: [ACPH]->DSP RTC service registered with ACPH
01-01 11:57:57.568 2363 2389 I SystemConfig: Reading permissions from /vendor/etc/permissions/android.hardware.wifi.direct.xml
01-01 11:57:57.568 2307 2307 D ACDB-LOADER: ACDB -> MCS, FTS INIT
01-01 11:57:57.568 2307 2307 D android.hardware.audio.service: [ACPH]->MCS RTC service registered with ACPH
01-01 11:57:57.568 2363 2389 I SystemConfig: Reading permissions from /vendor/etc/permissions/android.hardware.sensor.ambient_temperature.xml
01-01 11:57:57.569 2307 2307 D android.hardware.audio.service: [ACPH]->FTS RTC service registered with ACPH
01-01 11:57:57.569 2307 2307 D ACDB-LOADER: ACDB -> ADIE RTAC INIT
01-01 11:57:57.569 2307 2307 D android.hardware.audio.service: [ACPH]->ADIE RTC service registered with ACPH
01-01 11:57:57.569 2307 2307 D ACDB-LOADER: ACDB -> ACDB_CMD_GET_VOC_PROC_DYNAMIC_TABLE_SIZE
01-01 11:57:57.569 2363 2389 I SystemConfig: Reading permissions from /vendor/etc/permissions/android.software.ipsec_tunnels.xml
01-01 11:57:57.569 2363 2363 D CompatConfig: Adding: com.android.server.compat.config.Change@b987248
01-01 11:57:57.569 2363 2389 I SystemConfig: Reading permissions from /vendor/etc/permissions/android.software.device_id_attestation.xml
01-01 11:57:57.570 2363 2363 D CompatConfig: Adding: com.android.server.compat.config.Change@bb24606
01-01 11:57:57.571 2363 2363 D CompatConfig: Adding: com.android.server.compat.config.Change@9e66af4
01-01 11:57:57.571 2363 2389 I SystemConfig: Reading permissions from /vendor/etc/permissions/android.hardware.vulkan.compute-0.xml
01-01 11:57:57.572 2363 2389 I SystemConfig: Reading permissions from /vendor/etc/permissions/android.hardware.sensor.barometer.xml
01-01 11:57:57.572 2307 2307 E ion : ioctl c0044901 failed with code -1: Inappropriate ioctl for device
01-01 11:57:57.572 2363 2389 I SystemConfig: Reading permissions from /vendor/etc/permissions/qti_fingerprint_interface.xml
01-01 11:57:57.573 2363 2363 D CompatConfig: Adding: com.android.server.compat.config.Change@69cf663
01-01 11:57:57.574 2363 2389 I SystemConfig: Reading permissions from /vendor/etc/permissions/android.hardware.usb.host.xml
01-01 11:57:57.574 2363 2363 D CompatConfig: Adding: com.android.server.compat.config.Change@71ab319
01-01 11:57:57.575 2363 2389 I SystemConfig: Reading permissions from /vendor/etc/permissions/android.software.vulkan.deqp.level.xml
01-01 11:57:57.575 2363 2389 I SystemConfig: Reading permissions from /vendor/etc/permissions/vendor-qti-hardware-sensorscalibrate.xml
01-01 11:57:57.576 2363 2389 I SystemConfig: Reading permissions from /vendor/etc/permissions/android.hardware.sensor.compass.xml
01-01 11:57:57.577 2363 2389 I SystemConfig: Reading permissions from /vendor/etc/permissions/android.hardware.bluetooth.xml
01-01 11:57:57.577 2363 2363 D CompatConfig: Adding: com.android.server.compat.config.Change@270cedb
01-01 11:57:57.578 2363 2389 I SystemConfig: Reading permissions from /vendor/etc/permissions/handheld_core_hardware.xml
01-01 11:57:57.578 2363 2363 D CompatConfig: Adding: com.android.server.compat.config.Change@d26ac51
01-01 11:57:57.579 2363 2389 I SystemConfig: Reading permissions from /vendor/etc/permissions/android.hardware.sensor.hifi_sensors.xml
01-01 11:57:57.580 2363 2389 I SystemConfig: Reading permissions from /vendor/etc/permissions/android.hardware.light.xml
01-01 11:57:57.580 2363 2389 I SystemConfig: Reading permissions from /vendor/etc/permissions/android.hardware.vulkan.level-1.xml
01-01 11:57:57.580 2363 2363 D CompatConfig: Adding: com.android.server.compat.config.Change@d747924
01-01 11:57:57.580 2363 2389 I SystemConfig: Reading permissions from /vendor/etc/permissions/android.hardware.audio.pro.xml
01-01 11:57:57.581 2363 2389 I SystemConfig: Reading permissions from /vendor/etc/permissions/android.hardware.bluetooth_le.xml
01-01 11:57:57.582 2363 2389 I SystemConfig: Reading permissions from /vendor/etc/permissions/android.hardware.opengles.aep.xml
01-01 11:57:57.583 2363 2363 D CompatConfig: Adding: com.android.server.compat.config.Change@2120390
01-01 11:57:57.584 2363 2363 D CompatConfig: Adding: com.android.server.compat.config.Change@219489
01-01 11:57:57.585 2363 2389 I SystemConfig: Reading permissions from /vendor/etc/permissions/android.hardware.se.omapi.uicc.xml
01-01 11:57:57.585 2363 2389 I SystemConfig: Reading permissions from /vendor/etc/permissions/android.hardware.sensor.gyroscope.xml
01-01 11:57:57.586 2363 2389 I SystemConfig: Reading permissions from /vendor/etc/permissions/android.hardware.fingerprint.xml
01-01 11:57:57.586 2363 2363 D CompatConfig: Adding: com.android.server.compat.config.Change@a85f045
01-01 11:57:57.586 2363 2389 I SystemConfig: Reading permissions from /vendor/etc/permissions/android.hardware.wifi.aware.xml
01-01 11:57:57.587 2363 2389 I SystemConfig: Reading permissions from /vendor/etc/permissions/android.hardware.touchscreen.multitouch.jazzhand.xml
01-01 11:57:57.587 2363 2363 D CompatConfig: Adding: com.android.server.compat.config.Change@5dab4a8
01-01 11:57:57.587 2363 2389 I SystemConfig: Reading permissions from /vendor/etc/permissions/android.software.midi.xml
01-01 11:57:57.588 2363 2389 I SystemConfig: Reading permissions from /vendor/etc/permissions/android.hardware.se.omapi.ese.xml
01-01 11:57:57.588 2363 2389 I SystemConfig: Reading permissions from /vendor/etc/permissions/android.software.verified_boot.xml
01-01 11:57:57.588 2363 2363 D CompatConfig: Found a config file: /system/etc/compatconfig/calendar-provider-compat-config.xml
01-01 11:57:57.589 2363 2363 D CompatConfig: Adding: com.android.server.compat.config.Change@b3ee2fd
01-01 11:57:57.589 2363 2389 I SystemConfig: Reading permissions from /vendor/etc/permissions/android.hardware.wifi.passpoint.xml
01-01 11:57:57.589 2363 2389 I SystemConfig: Reading permissions from /vendor/etc/permissions/android.hardware.wifi.rtt.xml
01-01 11:57:57.589 2363 2363 D CompatConfig: Found a config file: /system/etc/compatconfig/icu4j-platform-compat-config.xml
01-01 11:57:57.590 2363 2389 I SystemConfig: Reading permissions from /vendor/etc/permissions/android.hardware.wifi.xml
01-01 11:57:57.590 2363 2363 D CompatConfig: Adding: com.android.server.compat.config.Change@b9ad53e
01-01 11:57:57.590 2363 2389 I SystemConfig: Reading permissions from /vendor/etc/permissions/android.hardware.usb.accessory.xml
01-01 11:57:57.590 2363 2389 I SystemConfig: Reading permissions from /vendor/etc/permissions/vendor.qti.hardware.factory.xml
