01-01 11:56:49.455 809 879 D audio_hw_primary: in_standby: enter: stream (0xf1605410) usecase(23: audio-record)
01-01 11:56:49.455 809 879 D audio_hw_primary: adev_open_input_stream: enter: sample_rate(48000) channel_mask(0xc) devices(0x80000040) stream_handle(0xf1605410) io_handle(38) source(1) format 1
01-01 11:56:49.455 809 879 D audio_hw_primary: io_streams_map_insert: Added stream in io_streams_map with handle 38
01-01 11:56:49.455 809 879 E device_utils: update_device_list: Invalid device: 0
01-01 11:56:49.457 1026 1779 I AudioFlinger: AudioFlinger's thread 0xb400006f361500a0 tid=1779 ready to run
01-01 11:56:49.457 809 879 D audio_hw_primary: in_standby: enter: stream (0xf1605410) usecase(55: afe-proxy-record)
01-01 11:56:49.458 1026 1779 W AudioFlinger: no wake lock to update, system not ready yet
01-01 11:56:49.458 809 879 D audio_hw_primary: in_standby: enter: stream (0xf1605410) usecase(55: afe-proxy-record)
01-01 11:56:49.459 1026 1779 W AudioFlinger: no wake lock to update, system not ready yet
01-01 11:56:49.459 809 879 D audio_hw_primary: adev_close_input_stream: enter:stream_handle(0xf1605410)
01-01 11:56:49.459 809 879 D audio_hw_primary: io_streams_map_remove: Removed stream with handle 38
01-01 11:56:49.459 809 879 D soundtrigger: audio_extn_sound_trigger_check_ec_ref_enable: EC Reference is disabled
01-01 11:56:49.459 809 879 D sound_trigger_hw: handle_audio_ec_ref_enabled: Enter
01-01 11:56:49.459 809 879 D sound_trigger_hw: handle_audio_ec_ref_enabled: Exit audio ec ref=0
01-01 11:56:49.459 809 879 D soundtrigger: audio_extn_sound_trigger_update_ec_ref_status: update audio echo ref status false
01-01 11:56:49.459 809 879 D audio_hw_primary: in_standby: enter: stream (0xf1605410) usecase(55: afe-proxy-record)
01-01 11:56:49.459 809 879 D audio_hw_primary: adev_open_input_stream: enter: sample_rate(48000) channel_mask(0x80000007) devices(0x80000004) stream_handle(0xf1605410) io_handle(46) source(1) format 1
01-01 11:56:49.459 809 879 D audio_hw_primary: io_streams_map_insert: Added stream in io_streams_map with handle 46
01-01 11:56:49.459 809 879 E device_utils: update_device_list: Invalid device: 0
01-01 11:56:49.461 1026 1781 I AudioFlinger: AudioFlinger's thread 0xb400006f361500a0 tid=1781 ready to run
01-01 11:56:49.462 809 879 D audio_hw_primary: in_standby: enter: stream (0xf1605410) usecase(23: audio-record)
01-01 11:56:49.462 1026 1781 W AudioFlinger: no wake lock to update, system not ready yet
01-01 11:56:49.462 809 879 D audio_hw_primary: in_standby: enter: stream (0xf1605410) usecase(23: audio-record)
01-01 11:56:49.463 1026 1781 W AudioFlinger: no wake lock to update, system not ready yet
01-01 11:56:49.463 809 879 D audio_hw_primary: adev_close_input_stream: enter:stream_handle(0xf1605410)
01-01 11:56:49.463 809 879 D audio_hw_primary: io_streams_map_remove: Removed stream with handle 46
01-01 11:56:49.463 809 879 D soundtrigger: audio_extn_sound_trigger_check_ec_ref_enable: EC Reference is disabled
01-01 11:56:49.463 809 879 D sound_trigger_hw: handle_audio_ec_ref_enabled: Enter
01-01 11:56:49.463 809 879 D sound_trigger_hw: handle_audio_ec_ref_enabled: Exit audio ec ref=0
01-01 11:56:49.463 809 879 D soundtrigger: audio_extn_sound_trigger_update_ec_ref_status: update audio echo ref status false
01-01 11:56:49.463 809 879 D audio_hw_primary: in_standby: enter: stream (0xf1605410) usecase(23: audio-record)
01-01 11:56:49.463 1026 1026 V APM_AudioPolicyManager: onNewAudioModulesAvailableInt: Input device list is empty! for profile hifi_input
01-01 11:56:49.463 809 879 D audio_hw_primary: adev_open_input_stream: enter: sample_rate(48000) channel_mask(0xc) devices(0x80000004) stream_handle(0xf1605410) io_handle(54) source(1) format 1
01-01 11:56:49.464 809 879 D audio_hw_primary: io_streams_map_insert: Added stream in io_streams_map with handle 54
01-01 11:56:49.464 809 879 E device_utils: update_device_list: Invalid device: 0
01-01 11:56:49.466 1026 1783 I AudioFlinger: AudioFlinger's thread 0xb400006f361500a0 tid=1783 ready to run
01-01 11:56:49.466 809 879 D audio_hw_primary: in_standby: enter: stream (0xf1605410) usecase(23: audio-record)
01-01 11:56:49.467 1026 1783 W AudioFlinger: no wake lock to update, system not ready yet
01-01 11:56:49.467 809 879 D audio_hw_primary: in_standby: enter: stream (0xf1605410) usecase(23: audio-record)
01-01 11:56:49.467 1026 1783 W AudioFlinger: no wake lock to update, system not ready yet
01-01 11:56:49.467 809 879 D audio_hw_primary: adev_close_input_stream: enter:stream_handle(0xf1605410)
01-01 11:56:49.467 809 879 D audio_hw_primary: io_streams_map_remove: Removed stream with handle 54
01-01 11:56:49.467 809 879 D soundtrigger: audio_extn_sound_trigger_check_ec_ref_enable: EC Reference is disabled
01-01 11:56:49.467 809 879 D sound_trigger_hw: handle_audio_ec_ref_enabled: Enter
01-01 11:56:49.467 809 879 D sound_trigger_hw: handle_audio_ec_ref_enabled: Exit audio ec ref=0
01-01 11:56:49.467 809 879 D soundtrigger: audio_extn_sound_trigger_update_ec_ref_status: update audio echo ref status false
01-01 11:56:49.467 809 879 D audio_hw_primary: in_standby: enter: stream (0xf1605410) usecase(23: audio-record)
01-01 11:56:49.468 809 879 D audio_hw_primary: adev_open_input_stream: enter: sample_rate(48000) channel_mask(0x8000000f) devices(0x80000004) stream_handle(0xf1605410) io_handle(62) source(1) format 1
01-01 11:56:49.468 809 879 D audio_hw_primary: io_streams_map_insert: Added stream in io_streams_map with handle 62
01-01 11:56:49.468 809 879 E device_utils: update_device_list: Invalid device: 0
01-01 11:56:49.470 1026 1785 I AudioFlinger: AudioFlinger's thread 0xb400006f361500a0 tid=1785 ready to run
01-01 11:56:49.470 809 879 D audio_hw_primary: in_standby: enter: stream (0xf1605410) usecase(23: audio-record)
01-01 11:56:49.471 1026 1785 W AudioFlinger: no wake lock to update, system not ready yet
01-01 11:56:49.471 809 879 D audio_hw_primary: in_standby: enter: stream (0xf1605410) usecase(23: audio-record)
01-01 11:56:49.471 1026 1785 W AudioFlinger: no wake lock to update, system not ready yet
01-01 11:56:49.471 809 879 D audio_hw_primary: adev_close_input_stream: enter:stream_handle(0xf1605410)
01-01 11:56:49.471 809 879 D audio_hw_primary: io_streams_map_remove: Removed stream with handle 62
01-01 11:56:49.471 809 879 D soundtrigger: audio_extn_sound_trigger_check_ec_ref_enable: EC Reference is disabled
01-01 11:56:49.471 809 879 D sound_trigger_hw: handle_audio_ec_ref_enabled: Enter
01-01 11:56:49.471 809 879 D sound_trigger_hw: handle_audio_ec_ref_enabled: Exit audio ec ref=0
01-01 11:56:49.472 809 879 D soundtrigger: audio_extn_sound_trigger_update_ec_ref_status: update audio echo ref status false
01-01 11:56:49.472 809 879 D audio_hw_primary: in_standby: enter: stream (0xf1605410) usecase(23: audio-record)
01-01 11:56:49.502 1026 1026 I bt_a2dp_hw: system/bt/audio_a2dp_hw/src/audio_a2dp_hw.cc:1998 adev_open: adev_open: adev_open in A2dp_hw module
01-01 11:56:49.503 1026 1026 I AudioFlinger: loadHwModule() Loaded a2dp audio interface, handle 18
01-01 11:56:49.503 1026 1026 V APM_AudioPolicyManager: onNewAudioModulesAvailableInt: Input device list is empty! for profile a2dp input
01-01 11:56:49.508 1026 1026 I AudioFlinger: loadHwModule() Loaded usb audio interface, handle 26
01-01 11:56:49.512 809 879 I r_submix: adev_open(name=audio_hw_if)
01-01 11:56:49.512 809 879 I r_submix: adev_init_check()
01-01 11:56:49.513 1026 1026 I AudioFlinger: loadHwModule() Loaded r_submix audio interface, handle 34
01-01 11:56:49.513 809 879 D r_submix: adev_open_input_stream(addr=0)
01-01 11:56:49.513 809 879 D r_submix: submix_audio_device_create_pipe_l(addr=0, idx=9)
01-01 11:56:49.513 809 879 D r_submix: now using address 0 for route 9
01-01 11:56:49.516 1026 1787 I AudioFlinger: AudioFlinger's thread 0xb400006f361500a0 tid=1787 ready to run
01-01 11:56:49.516 809 879 I r_submix: in_standby()
01-01 11:56:49.517 1026 1787 W AudioFlinger: no wake lock to update, system not ready yet
01-01 11:56:49.517 809 879 I r_submix: in_standby()
01-01 11:56:49.517 1026 1787 W AudioFlinger: no wake lock to update, system not ready yet
01-01 11:56:49.517 809 879 D r_submix: adev_close_input_stream()
01-01 11:56:49.518 809 879 D r_submix: submix_audio_device_release_pipe_l(idx=9) addr=0
01-01 11:56:49.518 809 879 D r_submix: submix_audio_device_destroy_pipe_l(): pipe destroyed
01-01 11:56:49.521 809 879 D btaudio_offload_qti: is_value_adds_supported: vendor_info = 3
01-01 11:56:49.521 809 879 D btaudio_offload_qti: is_value_adds_supported: Build is running with QC Value-adds for odm
01-01 11:56:49.521 809 879 E btaudio_offload_qti: bt_audio_pre_init_qti: HIDL IBluetoothAudioProvidersFactory already registered
01-01 11:56:49.521 809 879 D btaudio_offload_qti_2_1: is_value_adds_supported: vendor_info = 3
01-01 11:56:49.521 809 879 D btaudio_offload_qti_2_1: is_value_adds_supported: Build is running with QC Value-adds for odm
01-01 11:56:49.521 506 506 I hwservicemanager: getTransport: Cannot find entry vendor.qti.hardware.bluetooth_audio@2.1::IBluetoothAudioProvidersFactory/default in either framework or device VINTF manifest.
01-01 11:56:49.522 506 506 I hwservicemanager: getTransport: Cannot find entry vendor.qti.hardware.bluetooth_audio@2.1::IBluetoothAudioProvidersFactory/default in either framework or device VINTF manifest.
01-01 11:56:49.522 809 879 E HidlServiceManagement: Service vendor.qti.hardware.bluetooth_audio@2.1::IBluetoothAudioProvidersFactory/default must be in VINTF manifest in order to register/get.
01-01 11:56:49.523 809 879 E LegacySupport: Could not register service vendor.qti.hardware.bluetooth_audio@2.1::IBluetoothAudioProvidersFactory/default (-2147483648).
01-01 11:56:49.523 809 879 E btaudio_offload_qti_2_1: bt_audio_pre_init_qti: HIDL IBluetoothAudioProvidersFactory 2.1 registration failed
01-01 11:56:49.524 1026 1026 I AudioFlinger: loadHwModule() Loaded bluetooth_qti audio interface, handle 42
01-01 11:56:49.526 1026 1026 I audioserver: Waiting for activity service
01-01 11:56:49.557 1389 1434 E cnss-daemon: wlfw_qmi_ind_cb: Receive Ind : 0x2a
01-01 11:56:49.734 1151 1151 W ServiceManager: Waited one second for android.hardware.light.ILights/default (is service started? are binder threads started and available?)
01-01 11:56:49.734 505 505 I servicemanager: Since 'android.hardware.light.ILights/default' could not be found, trying to start it as a lazy AIDL service
01-01 11:56:49.557 0 0 I cnss-daemon: wlfw_qmi_ind_cb: Receive Ind : 0x2a
01-01 11:56:49.736 0 0 E init : Control message: Could not find 'aidl/android.hardware.light.ILights/default' for ctl.interface_start from pid: 505 (/system/bin/servicemanager)
01-01 11:56:49.751 505 1790 W libc : Unable to set property "ctl.interface_start" to "aidl/android.hardware.light.ILights/default": error code: 0x20
01-01 11:56:49.751 505 1790 I servicemanager: Tried to start aidl service android.hardware.light.ILights/default as a lazy service, but was unable to. Usually this happens when a service is not installed, but if the service is intended to be used as a lazy service, then it may be configured incorrectly.
01-01 11:56:49.773 0 0 D : mv2112_read_status
01-01 11:56:49.773 0 0 D mv2112_update_link: 3.0x901(1G): 0x84
01-01 11:56:49.774 0 0 D mv2112_update_link: 3.0x8109(100M): 0xc
01-01 11:56:49.774 0 0 D mv2112_update_link: link 0x4
01-01 11:56:49.774 0 0 D mv2112_read_status: autoneg is disabled
01-01 11:56:49.857 1389 1434 E cnss-daemon: wlfw_qmi_ind_cb: Receive Ind : 0x21
01-01 11:56:49.857 0 0 D cnss : Received QMI WLFW pin connect result indication
01-01 11:56:49.857 0 0 D cnss : Pin connect Result: pwr_pin: 0x0 phy_io_pin: 0x0 rf_io_pin: 0x2b
01-01 11:56:49.857 0 0 D cnss : Received QMI WLFW calibration done indication
01-01 11:56:49.857 0 0 D cnss : Posting event: COLD_BOOT_CAL_DONE(6), state: 0xf flags: 0x0
01-01 11:56:49.857 0 0 D cnss : PM stay awake, state: 0xf, count: 1
01-01 11:56:49.857 0 0 D cnss : PM relax, state: 0xf, count: 0
01-01 11:56:49.857 0 0 D cnss : PM stay awake, state: 0xf, count: 1
01-01 11:56:49.857 0 0 D cnss : Received QMI WLFW FW ready indication
01-01 11:56:49.857 0 0 D cnss : Processing driver event: COLD_BOOT_CAL_DONE(6), state: 0xf
01-01 11:56:49.857 0 0 D cnss : Calibration completed successfully
01-01 11:56:49.857 0 0 D cnss : Posting event: COLD_BOOT_CAL_DONE(6), state: 0xf flags: 0x0
01-01 11:56:49.857 0 0 D cnss : Sending mode message, mode: OFF(4), state: 0xf
01-01 11:56:49.857 0 0 I cnss-daemon: wlfw_qmi_ind_cb: Receive Ind : 0x21
01-01 11:56:49.861 0 0 D cnss : Skip driver remove
01-01 11:56:49.861 0 0 D cnss : Read register offset 0x1f8031c, val = 0x2
01-01 11:56:49.861 0 0 D cnss : Write val 0x3 to register offset 0x1f8031c
01-01 11:56:49.861 0 0 D cnss : WLFW server exiting
01-01 11:56:49.861 0 0 D cnss : Posting event: SERVER_EXIT(1), state: 0x2000f flags: 0x0
01-01 11:56:49.864 1389 1434 I cnss-daemon: wlfw_qmi_err_cb: Server disconnect, err -2 client 0x2K
01-01 11:56:49.863 0 0 D cnss : Setting MHI state: POWER_OFF(4)
01-01 11:56:49.866 1389 1432 I cnss-daemon: wlfw_service_request: Pthread exiting
01-01 11:56:49.864 0 0 I cnss-daemon: wlfw_qmi_err_cb: Server disconnect, err -2 client 0x2K
01-01 11:56:49.903 0 0 D cnss : Suspending PCI link
01-01 11:56:49.903 0 0 I msm_pcie_disable: PCIe: Assert the reset of endpoint of RC0.
01-01 11:56:49.904 0 0 D cnss : Setting MHI state: DEINIT(1)
01-01 11:56:49.904 0 0 D cnss : De-assert WLAN_EN GPIO successfully
01-01 11:56:49.904 0 0 D cnss : Regulator vdd-wlan-rfa2 is being disabled
01-01 11:56:49.904 0 0 D cnss : Regulator vdd-wlan-rfa1 is being disabled
01-01 11:56:49.904 0 0 D cnss : Regulator vdd-wlan-dig is being disabled
01-01 11:56:49.904 0 0 D cnss : Regulator vdd-wlan-aon is being disabled
01-01 11:56:49.904 0 0 D cnss : Regulator wlan-ant-switch is being disabled
01-01 11:56:49.904 0 0 D cnss : Regulator vdd-wlan-io is being disabled
01-01 11:56:49.960 0 0 D cnss : Posting event: REGISTER_DRIVER(7)-sync, state: 0x20009 flags: 0x5
01-01 11:56:49.960 0 0 D cnss : Processing driver event: COLD_BOOT_CAL_DONE(6), state: 0x20001
01-01 11:56:49.960 0 0 D cnss : Processing driver event: SERVER_EXIT(1), state: 0x20001
01-01 11:56:49.960 0 0 I cnss : QMI WLFW service disconnected, state: 0x20000
01-01 11:56:49.968 0 0 D cnss : Processing driver event: REGISTER_DRIVER-sync(7), state: 0x0
01-01 11:56:49.968 0 0 D cnss : Regulator vdd-wlan-io is being enabled
01-01 11:56:49.968 0 0 D cnss : Regulator wlan-ant-switch is being enabled
01-01 11:56:49.968 0 0 D cnss : Regulator vdd-wlan-aon is being enabled
01-01 11:56:49.969 0 0 D cnss : Regulator vdd-wlan-dig is being enabled
01-01 11:56:49.969 0 0 D cnss : Regulator vdd-wlan-rfa1 is being enabled
01-01 11:56:49.969 0 0 D cnss : Regulator vdd-wlan-rfa2 is being enabled
01-01 11:56:49.970 0 0 D cnss : BT_EN_GPIO State: Off. Delay WLAN_GPIO enable
01-01 11:56:50.072 0 0 D cnss : Assert WLAN_EN GPIO successfully
01-01 11:56:50.072 0 0 D cnss : Resuming PCI link
01-01 11:56:50.072 0 0 I msm_pcie_enable: PCIe: Assert the reset of endpoint of RC0.
01-01 11:56:50.075 0 0 I msm_pcie_enable: PCIe: RC0: PCIE20_PARF_INT_ALL_MASK: 0x7f80d202
01-01 11:56:50.078 0 0 I pcie_phy_init: PCIe RC0 PHY is ready!
01-01 11:56:50.088 0 0 I msm_pcie_enable: PCIe: Release the reset of endpoint of RC0.
01-01 11:56:50.104 0 0 I msm_pcie_link_train: PCIe RC0 link initialized
01-01 11:56:50.113 655 668 I mpu_uart: [MSG-P:RECV]:No message received in 1000 ms
01-01 11:56:50.119 0 0 I cnss_pci 0000: 01:00.0: enabling device (0000 -> 0002)
01-01 11:56:50.119 0 0 D cnss : Config PCIe remap window register to 0x4000003f
01-01 11:56:50.119 0 0 D cnss : Read register offset 0x1f8031c, val = 0x6
01-01 11:56:50.119 0 0 D cnss : Write val 0x2 to register offset 0x1f8031c
01-01 11:56:50.119 0 0 D cnss : Setting MHI state: INIT(0)
01-01 11:56:50.120 0 0 D cnss : Setting MHI state: POWER_ON(2)
01-01 11:56:50.120 0 0 W cnss_pci 0000: 01:00.0: Falling back to syfs fallback for: qca6390/amss20.bin
01-01 11:56:50.128 0 0 I ueventd : firmware: loading 'qca6390/amss20.bin' for '/devices/platform/soc/1c00000.qcom,pcie/pci0000:00/0000:00:00.0/0000:01:00.0/firmware/qca6390!amss20.bin'
01-01 11:56:50.144 0 0 I ueventd : loading /devices/platform/soc/1c00000.qcom,pcie/pci0000:00/0000:00:00.0/0000:01:00.0/firmware/qca6390!amss20.bin took 15ms
01-01 11:56:50.229 1389 1431 I cnss-daemon: Exit DMS pthread for instance_id 1 ,ret -3
01-01 11:56:50.230 1389 1434 I cnss-daemon: DMS thread joined succesfully
01-01 11:56:50.230 1389 1434 I cnss-daemon: wlfw_stop: Stop done: 0
01-01 11:56:50.230 1389 1434 I cnss-daemon: wlfw_start: Starting
01-01 11:56:50.230 0 0 I cnss-daemon: DMS thread joined succesfully
01-01 11:56:50.230 0 0 I cnss-daemon: wlfw_stop: Stop done: 0
01-01 11:56:50.230 0 0 I cnss-daemon: wlfw_start: Starting
01-01 11:56:50.230 1389 1794 I cnss-daemon: wlfw_service_request: Start the pthread: 0x0K
01-01 11:56:50.233 1389 1793 E cnss-daemon: ro.baseband : [apq]
01-01 11:56:50.233 1389 1793 E cnss-daemon: Hardware supports external modem
01-01 11:56:50.230 0 0 I cnss-daemon: wlfw_service_request: Start the pthread: 0x0K
01-01 11:56:50.233 0 0 I cnss-daemon: ro.baseband : [apq]
01-01 11:56:50.421 1447 1486 W HidlServiceManagement: Waited one second for android.frameworks.sensorservice@1.0::ISensorManager/default
01-01 11:56:50.421 506 506 I hwservicemanager: Since android.frameworks.sensorservice@1.0::ISensorManager/default is not registered, trying to start it as a lazy HAL.
01-01 11:56:50.422 1447 1486 I HidlServiceManagement: getService: Trying again for android.frameworks.sensorservice@1.0::ISensorManager/default...
01-01 11:56:50.427 1447 1447 W HidlServiceManagement: Waited one second for android.frameworks.sensorservice@1.0::ISensorManager/default
01-01 11:56:50.427 506 506 I hwservicemanager: Since android.frameworks.sensorservice@1.0::ISensorManager/default is not registered, trying to start it as a lazy HAL.
01-01 11:56:50.427 1447 1447 I HidlServiceManagement: getService: Trying again for android.frameworks.sensorservice@1.0::ISensorManager/default...
01-01 11:56:50.233 0 0 I cnss-daemon: Hardware supports external modem
01-01 11:56:50.422 0 0 E init : Control message: Could not find 'android.frameworks.sensorservice@1.0::ISensorManager/default' for ctl.interface_start from pid: 506 (/system/bin/hwservicemanager)
01-01 11:56:50.439 506 1795 W libc : Unable to set property "ctl.interface_start" to "android.frameworks.sensorservice@1.0::ISensorManager/default": error code: 0x20
01-01 11:56:50.439 506 1795 I hwservicemanager: Tried to start android.frameworks.sensorservice@1.0::ISensorManager/default as a lazy service, but was unable to. Usually this happens when a service is not installed, but if the service is intended to be used as a lazy service, then it may be configured incorrectly.
01-01 11:56:50.440 0 0 E init : Control message: Could not find 'android.frameworks.sensorservice@1.0::ISensorManager/default' for ctl.interface_start from pid: 506 (/system/bin/hwservicemanager)
01-01 11:56:50.457 506 1796 W libc : Unable to set property "ctl.interface_start" to "android.frameworks.sensorservice@1.0::ISensorManager/default": error code: 0x20
01-01 11:56:50.457 506 1796 I hwservicemanager: Tried to start android.frameworks.sensorservice@1.0::ISensorManager/default as a lazy service, but was unable to. Usually this happens when a service is not installed, but if the service is intended to be used as a lazy service, then it may be configured incorrectly.
01-01 11:56:50.524 1200 1200 I modprobe: Loaded kernel module /vendor/lib/modules/qca_cld3_qca6390.ko
01-01 11:56:50.525 1200 1200 I modprobe: Loading module /vendor/lib/modules/qca_cld3_qca6490.ko with args ""
01-01 11:56:50.523 0 0 D cnss : MHI status cb is called with reason MISSION_MODE(6)
01-01 11:56:50.524 0 0 D cnss : Completed event: REGISTER_DRIVER(7), state: 0x10, ret: 0/0
01-01 11:56:50.524 0 0 D cnss : PM relax, state: 0x10, count: 0
01-01 11:56:50.528 0 0 E : [drm:dp_display_init_aux_switch][msm-dp-err][402 ]failed to register notifier (-22)
01-01 11:56:50.546 0 0 E register_client_adhoc: find path.src 1 dest 589
01-01 11:56:50.546 0 0 E register_client_adhoc: Failed to find path.src 1 dest 589
01-01 11:56:50.565 0 0 E swr-wcd rx_swr_ctrl: swrm_get_logical_dev_num: device 0xd01170224 is not ready
01-01 11:56:50.580 0 0 E swr_get_logical_dev_num: Error -22 to get logical addr for device d01170224
01-01 11:56:50.590 0 0 E swr-wcd rx_swr_ctrl: swrm_get_logical_dev_num: device 0xd01170224 is not ready
01-01 11:56:50.598 0 0 E swr_get_logical_dev_num: Error -22 to get logical addr for device d01170224
01-01 11:56:50.607 0 0 E swr-wcd rx_swr_ctrl: swrm_get_logical_dev_num: device 0xd01170224 is not ready
01-01 11:56:50.622 1389 1794 I cnss-daemon: WLFW service connected
01-01 11:56:50.613 0 0 D cnss : WLFW server arriving: node 7 port 1
01-01 11:56:50.616 0 0 E swr_get_logical_dev_num: Error -22 to get logical addr for device d01170224
01-01 11:56:50.617 0 0 D cnss : Posting event: SERVER_ARRIVE(0), state: 0x10 flags: 0x0
01-01 11:56:50.624 0 0 E swr-wcd rx_swr_ctrl: swrm_get_logical_dev_num: device 0xd01170224 is not ready
01-01 11:56:50.625 0 0 D cnss : PM stay awake, state: 0x10, count: 1
01-01 11:56:50.630 0 0 I cnss-daemon: pm_release_vote: pm_handle is NULL
01-01 11:56:50.633 0 0 E swr_get_logical_dev_num: Error -22 to get logical addr for device d01170224
01-01 11:56:50.630 1389 1794 E cnss-daemon: pm_release_vote: pm_handle is NULL
01-01 11:56:50.630 1389 1794 E cnss-daemon: pm_release_vote: pm_handle is NULL
01-01 11:56:50.630 1389 1794 I cnss-daemon: cnss_plat_read_file: No such file /data/vendor/wifi/wlfw_cal_00.bin
01-01 11:56:50.630 1389 1794 E cnss-daemon: wlfw_build_cal_table: not read /data/vendor/wifi/wlfw_cal_00.bin
01-01 11:56:50.633 1389 1794 I cnss-daemon: cnss_plat_read_file: No such file /data/vendor/wifi/wlfw_cal_02.bin
01-01 11:56:50.633 1389 1794 E cnss-daemon: wlfw_build_cal_table: not read /data/vendor/wifi/wlfw_cal_02.bin
01-01 11:56:50.633 1389 1794 I cnss-daemon: cnss_plat_read_file: No such file /data/vendor/wifi/wlfw_cal_03.bin
01-01 11:56:50.633 1389 1794 E cnss-daemon: wlfw_build_cal_table: not read /data/vendor/wifi/wlfw_cal_03.bin
01-01 11:56:50.633 1389 1794 I cnss-daemon: cnss_plat_read_file: No such file /data/vendor/wifi/wlfw_cal_04.bin
01-01 11:56:50.633 1389 1794 E cnss-daemon: wlfw_build_cal_table: not read /data/vendor/wifi/wlfw_cal_04.bin
01-01 11:56:50.639 1389 1794 I cnss-daemon: FW status: 0x0
01-01 11:56:50.639 0 0 E swr-wcd rx_swr_ctrl: swrm_get_logical_dev_num: device 0xd01170224 is not ready
01-01 11:56:50.641 0 0 D cnss : Processing driver event: SERVER_ARRIVE(0), state: 0x10
01-01 11:56:50.649 0 0 E swr_get_logical_dev_num: Error -22 to get logical addr for device d01170224
01-01 11:56:50.649 0 0 E wcd938x_codec wcd938x-codec: wcd938x_bind: Slave bind failed, ret = -517
01-01 11:56:50.650 0 0 E : [drm:dp_display_init_aux_switch][msm-dp-err][402 ]failed to register notifier (-22)
01-01 11:56:50.658 0 0 I cnss : QMI WLFW service connected, state: 0x11
01-01 11:56:50.675 0 0 D cnss : Sending indication register message, state: 0x11
01-01 11:56:50.680 0 0 D cnss : Sending host capability message, state: 0x11
01-01 11:56:50.680 0 0 D cnss : Number of clients is 2
01-01 11:56:50.680 0 0 D cnss : Assign MSI to user: WAKE, num_vectors: 1, user_base_data: 813, base_vector: 13
01-01 11:56:50.680 0 0 D cnss : WAKE MSI base data is 813
01-01 11:56:50.680 0 0 D cnss : Calibration done is 1
01-01 11:56:50.680 0 0 D cnss : Sending iova starting 0xa0000000 with size 0x10010000
01-01 11:56:50.683 1464 1464 I update_engine: [INFO:cleanup_previous_update_action.cc(112)] Executing task 4
01-01 11:56:50.683 1464 1464 I update_engine: [INFO:cleanup_previous_update_action.cc(124)] CleanupPreviousUpdateAction scheduled task ID 5 for WaitBootCompleted
01-01 11:56:50.683 0 0 D cnss : PM relax, state: 0x11, count: 0
01-01 11:56:50.683 0 0 D cnss : Received QMI WLFW request memory indication
01-01 11:56:50.683 0 0 D cnss : FW requests for memory, size: 0x5e0000, type: 1
01-01 11:56:50.683 0 0 D cnss : FW requests for memory, size: 0xd8000, type: 4
01-01 11:56:50.683 0 0 D cnss : Posting event: REQUEST_MEM(2), state: 0x11 flags: 0x0
01-01 11:56:50.683 0 0 D cnss : PM stay awake, state: 0x11, count: 1
01-01 11:56:50.683 0 0 D cnss : PM relax, state: 0x11, count: 0
01-01 11:56:50.683 0 0 D cnss : PM stay awake, state: 0x11, count: 1
01-01 11:56:50.687 1389 1798 E cnss-daemon: wlfw_qmi_ind_cb: Receive Ind : 0x37
01-01 11:56:50.683 0 0 D cnss : Processing driver event: REQUEST_MEM(2), state: 0x11
01-01 11:56:50.683 0 0 D cnss : Sending respond memory message, state: 0x11
01-01 11:56:50.683 0 0 D cnss : Memory for FW, va: 0xffffff80255e4000, pa: 0x00000000a1000000, size: 0x5e0000, type: 1
01-01 11:56:50.683 0 0 D cnss : Memory for FW, va: 0xffffff801d302000, pa: 0x00000000a1600000, size: 0xd8000, type: 4
01-01 11:56:50.687 0 0 D cnss : PM relax, state: 0x11, count: 0
01-01 11:56:50.690 0 0 D cnss : Received QMI WLFW FW memory ready indication
01-01 11:56:50.690 0 0 D cnss : Posting event: FW_MEM_READY(3), state: 0x11 flags: 0x0
01-01 11:56:50.690 0 0 D cnss : PM stay awake, state: 0x11, count: 1
01-01 11:56:50.690 0 0 D cnss : PM relax, state: 0x11, count: 0
01-01 11:56:50.690 0 0 D cnss : PM stay awake, state: 0x11, count: 1
01-01 11:56:50.690 0 0 D cnss : Processing driver event: FW_MEM_READY(3), state: 0x11
01-01 11:56:50.690 0 0 D cnss : Sending target capability message, state: 0x13
01-01 11:56:50.694 0 0 D cnss : Voltage for CPR: 948mV
01-01 11:56:50.694 0 0 D cnss : Update TCS CMD data address 0x000000000b2e5844 with voltage 950mV
01-01 11:56:50.694 0 0 D cnss : Device frequency is 24000000 HZ
01-01 11:56:50.694 0 0 D cnss : Target capability: chip_id: 0x0, chip_family: 0xb, board_id: 0xff, soc_id: 0xffffffff, fw_version: 0x101a0521, fw_build_timestamp: 2021-12-20 07:54, fw_build_id: QC_IMAGE_VERSION_STRING=WLAN.HST.1.0.1.r1-01313-QCAHSTSWPL_SILICONZ-1, otp_version: 0x0
01-01 11:56:50.694 0 0 D cnss : Sending BDF download message, state: 0x13, type: 4
01-01 11:56:50.694 0 0 D cnss : FW name added with prefix: qca6390/regdb.bin
01-01 11:56:50.694 0 0 W cnss2 b0000000.qcom,cnss-qca6390: Falling back to syfs fallback for: qca6390/regdb.bin
01-01 11:56:50.694 1389 1794 I cnss-daemon: wlfw_send_cap_req: chip_id: 0x0, chip_family 0xb, board_id: 0xff, soc_id: 0xffffffff, fw_version: 0x101a0521, fw_build_timestamp: 2021-12-20 07:54
01-01 11:56:50.701 0 0 I ueventd : firmware: loading 'qca6390/regdb.bin' for '/devices/platform/soc/b0000000.qcom,cnss-qca6390/firmware/qca6390!regdb.bin'
01-01 11:56:50.702 0 0 E ueventd : firmware: could not find firmware for qca6390/regdb.bin
01-01 11:56:50.710 0 0 E cnss : Failed to load BDF: qca6390/regdb.bin
01-01 11:56:50.716 0 0 D cnss : Sending BDF download message, state: 0x13, type: 1
01-01 11:56:50.716 0 0 D cnss : FW name added with prefix: qca6390/bdwlan.elf
01-01 11:56:50.716 0 0 W cnss2 b0000000.qcom,cnss-qca6390: Falling back to syfs fallback for: qca6390/bdwlan.elf
01-01 11:56:50.724 0 0 D cnss : Downloading BDF: qca6390/bdwlan.elf, size: 57908
01-01 11:56:50.735 1151 1151 W ServiceManager: Waited one second for android.hardware.light.ILights/default (is service started? are binder threads started and available?)
01-01 11:56:50.735 505 505 I servicemanager: Since 'android.hardware.light.ILights/default' could not be found, trying to start it as a lazy AIDL service
01-01 11:56:50.752 505 1801 W libc : Unable to set property "ctl.interface_start" to "aidl/android.hardware.light.ILights/default": error code: 0x20
01-01 11:56:50.736 0 0 E init : Control message: Could not find 'aidl/android.hardware.light.ILights/default' for ctl.interface_start from pid: 505 (/system/bin/servicemanager)
01-01 11:56:50.752 505 1801 I servicemanager: Tried to start aidl service android.hardware.light.ILights/default as a lazy service, but was unable to. Usually this happens when a service is not installed, but if the service is intended to be used as a lazy service, then it may be configured incorrectly.
01-01 11:56:50.756 0 0 D cnss : Sending M3 information message, state: 0x13
01-01 11:56:50.756 0 0 D cnss : M3 memory, va: 0xffffff801f631000, pa: 0x00000000a1800000, size: 0x411bc
01-01 11:56:50.759 0 0 D cnss : PM relax, state: 0x13, count: 0
01-01 11:56:50.759 0 0 D cnss : Received QMI WLFW FW initialization done indication
01-01 11:56:50.759 0 0 D cnss : Posting event: FW_READY(4), state: 0x13 flags: 0x0
01-01 11:56:50.759 0 0 D cnss : PM stay awake, state: 0x13, count: 1
01-01 11:56:50.759 0 0 D cnss : PM relax, state: 0x13, count: 0
01-01 11:56:50.759 0 0 D cnss : PM stay awake, state: 0x13, count: 1
01-01 11:56:50.759 0 0 D cnss : Processing driver event: FW_READY(4), state: 0x13
01-01 11:56:50.759 0 0 D cnss : PCIE Gen speed not setup
01-01 11:56:50.762 1240 1240 I CNSS : process_cnss_diag_msg: start cnss log timer
01-01 11:56:50.771 0 0 I init : Service 'exec 23 (/vendor/bin/modprobe -a -d /vendor/lib/modules/ qca_cld3_qca6390 qca_cld3_qca6490)' (pid 1200) exited with status 0 oneshot service took 8.533000 seconds in background
01-01 11:56:50.771 0 0 I init : Sending signal 9 to service 'exec 23 (/vendor/bin/modprobe -a -d /vendor/lib/modules/ qca_cld3_qca6390 qca_cld3_qca6490)' (pid 1200) process group...
01-01 11:56:50.772 0 0 I libprocessgroup: Successfully killed process cgroup uid 0 pid 1200 in 0ms
01-01 11:56:50.795 0 0 D : mv2112_read_status
01-01 11:56:50.795 0 0 D mv2112_update_link: 3.0x901(1G): 0x84
01-01 11:56:50.795 0 0 D mv2112_update_link: 3.0x8109(100M): 0xc
01-01 11:56:50.795 0 0 D mv2112_update_link: link 0x4
01-01 11:56:50.795 0 0 D mv2112_read_status: autoneg is disabled
01-01 11:56:50.826 0 0 W : (NULL device *): Falling back to syfs fallback for: wlan/qca_cld/qca6390/WCNSS_qcom_cfg.ini
01-01 11:56:50.846 0 0 I [kworke][0x3bb7c60f][03:56:50.846076] wlan: [281:I:HDD] hdd_pm_qos_add_request: 9360: Set cpu_mask 0f for affine_cores
01-01 11:56:50.846 0 0 I [kworke][0x3bb7c6d3][03:56:50.846086] wlan: [281:I:HDD] hdd_pm_qos_add_request: 9362: Set cpu_mask 0f for affine_cores
01-01 11:56:50.846 0 0 D cnss : Sending ini sync request, state: 0x17, fw_log_mode: 1
01-01 11:56:50.851 0 0 I [kworke][0x3bb9565a][03:56:50.851414] wlan: [281:I:HIF] Initializing Runtime PM wakelock &sc->prevent_linkdown_lock
01-01 11:56:50.851 0 0 I [kworke][0x3bb958f3][03:56:50.851448] wlan: [281:I:HIF] hif_pci_enable_bus: con_mode = 0x0, WLAN_SOC_device_id = 0x1101
01-01 11:56:50.851 0 0 I [kworke][0x3bb959e9][03:56:50.851461] wlan: [281:I:HIF] hif_pci_enable_bus: hif_enable_pci done
01-01 11:56:50.852 0 0 I [kworke][0x3bb980a2][03:56:50.851977] wlan: [281:I:HIF] *********** QCA6390 *************
01-01 11:56:50.852 0 0 I [kworke][0x3bb98131][03:56:50.851985] wlan: [281:I:HIF] hif_pci_enable_bus: hif_type = 0x12, target_type = 0x17
01-01 11:56:50.852 0 0 I [kworke][0x3bb981bf][03:56:50.851992] wlan: [281:I:HIF] hif_register_tbl_attach: HIF_TYPE_QCA6390
01-01 11:56:50.852 0 0 I [kworke][0x3bb9823f][03:56:50.851999] wlan: [281:I:HIF] hif_target_register_tbl_attach: TARGET_TYPE_QCA6390
01-01 11:56:50.852 0 0 I [kworke][0x3bb982bd][03:56:50.852005] wlan: [281:I:HIF] hif_pci_enable_bus:Skip tgt_wake up for srng devices
01-01 11:56:50.853 0 0 E [kworke][0x3bb9d5a7][03:56:50.853111] wlan: [281:E:TXRX] hif_print_hal_shadow_register_cfg: num_config 28
01-01 11:56:50.864 0 0 I [kworke][0x3bbd0958][03:56:50.864040] wlan: [281:I:TXRX] hif_print_hal_shadow_register_cfg: i 0, val a3b034
01-01 11:56:50.864 0 0 I [kworke][0x3bbd09e0][03:56:50.864047] wlan: [281:I:TXRX] hif_print_hal_shadow_register_cfg: i 1, val a3b03c
01-01 11:56:50.864 0 0 I [kworke][0x3bbd0a5a][03:56:50.864054] wlan: [281:I:TXRX] hif_print_hal_shadow_register_cfg: i 2, val a3b044
01-01 11:56:50.864 0 0 I [kworke][0x3bbd0ad1][03:56:50.864060] wlan: [281:I:TXRX] hif_print_hal_shadow_register_cfg: i 3, val a3b04c
01-01 11:56:50.864 0 0 I [kworke][0x3bbd0b4d][03:56:50.864066] wlan: [281:I:TXRX] hif_print_hal_shadow_register_cfg: i 4, val a3b054
01-01 11:56:50.864 0 0 I [kworke][0x3bbd0bcd][03:56:50.864073] wlan: [281:I:TXRX] hif_print_hal_shadow_register_cfg: i 5, val a3b028
01-01 11:56:50.864 0 0 I [kworke][0x3bbd0c4f][03:56:50.864080] wlan: [281:I:TXRX] hif_print_hal_shadow_register_cfg: i 6, val a3b020
01-01 11:56:50.864 0 0 I [kworke][0x3bbd0ccc][03:56:50.864086] wlan: [281:I:TXRX] hif_print_hal_shadow_register_cfg: i 7, val a3b06c
01-01 11:56:50.864 0 0 I [kworke][0x3bbd0d44][03:56:50.864092] wlan: [281:I:TXRX] hif_print_hal_shadow_register_cfg: i 8, val a46000
01-01 11:56:50.864 0 0 I [kworke][0x3bbd0db8][03:56:50.864098] wlan: [281:I:TXRX] hif_print_hal_shadow_register_cfg: i 9, val a46008
01-01 11:56:50.864 0 0 I [kworke][0x3bbd0e2f][03:56:50.864105] wlan: [281:I:TXRX] hif_print_hal_shadow_register_cfg: i 10, val a46010
01-01 11:56:50.864 0 0 I [kworke][0x3bbd0ea5][03:56:50.864111] wlan: [281:I:TXRX] hif_print_hal_shadow_register_cfg: i 11, val a46018
01-01 11:56:50.864 0 0 I [kworke][0x3bbd0f22][03:56:50.864117] wlan: [281:I:TXRX] hif_print_hal_shadow_register_cfg: i 12, val a46034
01-01 11:56:50.864 0 0 I [kworke][0x3bbd0f9d][03:56:50.864124] wlan: [281:I:TXRX] hif_print_hal_shadow_register_cfg: i 13, val a370b0
01-01 11:56:50.864 0 0 I [kworke][0x3bbd1019][03:56:50.864130] wlan: [281:I:TXRX] hif_print_hal_shadow_register_cfg: i 14, val a37018
01-01 11:56:50.864 0 0 I [kworke][0x3bbd108e][03:56:50.864136] wlan: [281:I:TXRX] hif_print_hal_shadow_register_cfg: i 15, val a370c4
01-01 11:56:50.864 0 0 I [kworke][0x3bbd1103][03:56:50.864142] wlan: [281:I:TXRX] hif_print_hal_shadow_register_cfg: i 16, val a370cc
01-01 11:56:50.864 0 0 I [kworke][0x3bbd1178][03:56:50.864148] wlan: [281:I:TXRX] hif_print_hal_shadow_register_cfg: i 17, val a370d4
01-01 11:56:50.864 0 0 I [kworke][0x3bbd1304][03:56:50.864169] wlan: [281:I:TXRX] hif_print_hal_shadow_register_cfg: i 18, val a370dc
01-01 11:56:50.864 0 0 I [kworke][0x3bbd137b][03:56:50.864175] wlan: [281:I:TXRX] hif_print_hal_shadow_register_cfg: i 19, val a00400
01-01 11:56:50.864 0 0 I [kworke][0x3bbd13f0][03:56:50.864181] wlan: [281:I:TXRX] hif_print_hal_shadow_register_cfg: i 20, val a03400
01-01 11:56:50.864 0 0 I [kworke][0x3bbd1466][03:56:50.864187] wlan: [281:I:TXRX] hif_print_hal_shadow_register_cfg: i 21, val a0340c
01-01 11:56:50.864 0 0 I [kworke][0x3bbd14dd][03:56:50.864194] wlan: [281:I:TXRX] hif_print_hal_shadow_register_cfg: i 22, val a05400
01-01 11:56:50.864 0 0 I [kworke][0x3bbd1552][03:56:50.864200] wlan: [281:I:TXRX] hif_print_hal_shadow_register_cfg: i 23, val a0540c
01-01 11:56:50.864 0 0 I [kworke][0x3bbd15c8][03:56:50.864206] wlan: [281:I:TXRX] hif_print_hal_shadow_register_cfg: i 24, val a06400
01-01 11:56:50.864 0 0 I [kworke][0x3bbd163e][03:56:50.864212] wlan: [281:I:TXRX] hif_print_hal_shadow_register_cfg: i 25, val a08400
01-01 11:56:50.864 0 0 I [kworke][0x3bbd16b2][03:56:50.864218] wlan: [281:I:TXRX] hif_print_hal_shadow_register_cfg: i 26, val a0b400
01-01 11:56:50.864 0 0 I [kworke][0x3bbd1728][03:56:50.864224] wlan: [281:I:TXRX] hif_print_hal_shadow_register_cfg: i 27, val a0b40c
01-01 11:56:50.864 0 0 D cnss : Mode: 0, config: ffffff801a0437b8, host_version: 5.2.022.10G
01-01 11:56:50.864 0 0 D cnss : Sending WLAN config message, state: 0x17
01-01 11:56:50.865 0 0 D cnss : Sending mode message, mode: MISSION(0), state: 0x17
01-01 11:56:50.890 0 0 D cnss : Received QMI WLFW pin connect result indication
01-01 11:56:50.890 0 0 D cnss : Assign MSI to user: CE, num_vectors: 10, user_base_data: 803, base_vector: 3
01-01 11:56:50.890 0 0 D cnss : Pin connect Result: pwr_pin: 0x1 phy_io_pin: 0x0 rf_io_pin: 0x0
01-01 11:56:50.896 0 0 I [kworke][0x3bc6ac2f][03:56:50.896931] wlan: [281:I:HIF] ce_srng_dest_ring_setup: ce_id 1
01-01 11:56:50.896 0 0 D cnss : Assign MSI to user: CE, num_vectors: 10, user_base_data: 803, base_vector: 3
01-01 11:56:50.897 0 0 I [kworke][0x3bc6b7b6][03:56:50.897085] wlan: [281:I:HIF] ce_srng_status_ring_setup: ce_id 1
01-01 11:56:50.897 0 0 D cnss : Assign MSI to user: CE, num_vectors: 10, user_base_data: 803, base_vector: 3
01-01 11:56:50.897 0 0 I [kworke][0x3bc6c183][03:56:50.897216] wlan: [281:I:HIF] ce_srng_dest_ring_setup: ce_id 2
01-01 11:56:50.897 0 0 D cnss : Assign MSI to user: CE, num_vectors: 10, user_base_data: 803, base_vector: 3
01-01 11:56:50.897 0 0 I [kworke][0x3bc6cbde][03:56:50.897354] wlan: [281:I:HIF] ce_srng_status_ring_setup: ce_id 2
01-01 11:56:50.897 0 0 D cnss : Assign MSI to user: CE, num_vectors: 10, user_base_data: 803, base_vector: 3
01-01 11:56:50.897 0 0 D cnss : Assign MSI to user: CE, num_vectors: 10, user_base_data: 803, base_vector: 3
01-01 11:56:50.911 0 0 I [kworke][0x3bcad2c2][03:56:50.911099] wlan: [281:I:HIF] ce_srng_dest_ring_setup: ce_id 5
01-01 11:56:50.911 0 0 D cnss : Assign MSI to user: CE, num_vectors: 10, user_base_data: 803, base_vector: 3
01-01 11:56:50.911 0 0 I [kworke][0x3bcae2ec][03:56:50.911314] wlan: [281:I:HIF] ce_srng_status_ring_setup: ce_id 5
01-01 11:56:50.911 0 0 D cnss : Assign MSI to user: CE, num_vectors: 10, user_base_data: 803, base_vector: 3
01-01 11:56:50.911 0 0 I [kworke][0x3bcaf2cd][03:56:50.911526] wlan: [281:I:HIF] hif_configure_irq: E
01-01 11:56:50.911 0 0 D cnss : Assign MSI to user: WAKE, num_vectors: 1, user_base_data: 813, base_vector: 13
01-01 11:56:50.911 0 0 D cnss : Get IRQ number 364 for vector index 13
01-01 11:56:50.911 0 0 D cnss : Assign MSI to user: CE, num_vectors: 10, user_base_data: 803, base_vector: 3
01-01 11:56:50.911 0 0 D cnss : Get IRQ number 354 for vector index 3
01-01 11:56:50.911 0 0 D cnss : Get IRQ number 355 for vector index 4
01-01 11:56:50.913 0 0 D cnss : Get IRQ number 356 for vector index 5
01-01 11:56:50.913 0 0 D cnss : Get IRQ number 357 for vector index 6
01-01 11:56:50.913 0 0 D cnss : Get IRQ number 359 for vector index 8
01-01 11:56:50.913 0 0 D cnss : Get IRQ number 360 for vector index 9
01-01 11:56:50.914 0 0 D cnss : Get IRQ number 362 for vector index 11
01-01 11:56:50.914 0 0 E [kworke][0x3bcbcdbc][03:56:50.914445] wlan: [281:E:mlme] mlme_init_reg_cfg: 2374: null pdev
01-01 11:56:50.925 0 0 E [kworke][0x3bcf06b8][03:56:50.925445] wlan: [281:E:WMI] WMI handle is NULL
01-01 11:56:50.933 0 0 I [kworke][0x3bd17454][03:56:50.933733] wlan: [281:I:HIF] Initializing Runtime PM wakelock &p2p_soc_obj->roc_runtime_lock
01-01 11:56:50.933 0 0 D cnss : Platform cap_flag is 0x4
01-01 11:56:50.933 0 0 E [kworke][0x3bd17749][03:56:50.933773] wlan: [281:E:QDF] cds_get_context: 1486: Module ID 66 context is Null
01-01 11:56:50.972 0 0 E [kworke][0x3bdcecc0][03:56:50.972885] wlan: [281:E:QDF] cds_get_context: 1486: Module ID 66 context is Null
01-01 11:56:50.998 0 0 I [kworke][0x3be4698f][03:56:50.998443] wlan: [281:I:HIF] Initializing Runtime PM wakelock &psoc_wakelock->wmi_cmd_rsp_runtime_lock
01-01 11:56:51.001 0 0 F [kworke][0x3be53168][03:56:51.001108] wlan: [281:F:WMA] WMA --> wmi_unified_attach - success
01-01 11:56:51.011 0 0 I [kworke][0x3be84780][03:56:51.011642] wlan: [281:I:HIF] Initializing Runtime PM wakelock &vdev->vdev_set_key_runtime_wakelock
01-01 11:56:51.012 0 0 I [kworke][0x3be87cdf][03:56:51.012354] wlan: [281:I:HIF] Initializing Runtime PM wakelock &vdev->vdev_set_key_runtime_wakelock
01-01 11:56:51.012 0 0 I [kworke][0x3be8a0a4][03:56:51.012831] wlan: [281:I:HIF] Initializing Runtime PM wakelock &vdev->vdev_set_key_runtime_wakelock
01-01 11:56:51.013 0 0 I [kworke][0x3be8c8aa][03:56:51.013364] wlan: [281:I:HIF] Initializing Runtime PM wakelock &vdev->vdev_set_key_runtime_wakelock
01-01 11:56:51.013 0 0 I [kworke][0x3be8edb2][03:56:51.013858] wlan: [281:I:HIF] Initializing Runtime PM wakelock &vdev->vdev_set_key_runtime_wakelock
01-01 11:56:51.014 0 0 I [kworke][0x3be91466][03:56:51.014374] wlan: [281:I:HIF] Initializing Runtime PM wakelock &vdev->vdev_set_key_runtime_wakelock
01-01 11:56:51.015 0 0 I [kworke][0x3be95ac9][03:56:51.015313] wlan: [281:I:HIF] Initializing Runtime PM wakelock &wma_handle->wmi_cmd_rsp_runtime_lock
01-01 11:56:51.015 0 0 I [kworke][0x3be95bed][03:56:51.015328] wlan: [281:I:HIF] Initializing Runtime PM wakelock &wma_handle->sap_prevent_runtime_pm_lock
01-01 11:56:51.040 0 0 E [kworke][0x3bf0dc7c][03:56:51.040935] wlan: [281:E:QDF] htc_wait_target: 684: Target Ready! TX resource : 1 size:2176, MaxMsgsPerHTCBundle = 1
01-01 11:56:51.055 0 0 E [kworke][0x3bf5260d][03:56:51.055570] wlan: [281:E:QDF] htc_setup_target_buffer_assignments: 576: SVS Index : 1 TX : 0x100 : alloc:1
01-01 11:56:51.068 0 0 D cnss : Assign MSI to user: DP, num_vectors: 18, user_base_data: 814, base_vector: 14
01-01 11:56:51.070 0 0 I [kworke][0x3bf962df][03:56:51.070034] wlan: [281:I:HIF] +hif_update_pipe_callback pipeid 5
01-01 11:56:51.070 0 0 I [kworke][0x3bf96366][03:56:51.070041] wlan: [281:I:HIF] -hif_update_pipe_callback
01-01 11:56:51.070 0 0 D cnss : Assign MSI to user: DP, num_vectors: 18, user_base_data: 814, base_vector: 14
01-01 11:56:51.072 0 0 E [kworke][0x3bf9f5f2][03:56:51.071995] wlan: [281:E:DP] dp_srng_get_str_from_hal_ring_type: 7726: Invalid ring type
01-01 11:56:51.083 0 0 D cnss : Assign MSI to user: DP, num_vectors: 18, user_base_data: 814, base_vector: 14
01-01 11:56:51.084 0 0 D cnss : Assign MSI to user: DP, num_vectors: 18, user_base_data: 814, base_vector: 14
01-01 11:56:51.084 0 0 D cnss : Assign MSI to user: DP, num_vectors: 18, user_base_data: 814, base_vector: 14
01-01 11:56:51.084 0 0 D cnss : Assign MSI to user: DP, num_vectors: 18, user_base_data: 814, base_vector: 14
01-01 11:56:51.084 0 0 D cnss : Assign MSI to user: DP, num_vectors: 18, user_base_data: 814, base_vector: 14
01-01 11:56:51.084 0 0 D cnss : Assign MSI to user: DP, num_vectors: 18, user_base_data: 814, base_vector: 14
01-01 11:56:51.084 0 0 D cnss : Assign MSI to user: DP, num_vectors: 18, user_base_data: 814, base_vector: 14
01-01 11:56:51.084 0 0 D cnss : Assign MSI to user: DP, num_vectors: 18, user_base_data: 814, base_vector: 14
01-01 11:56:51.084 0 0 I [kworke][0x3bfda8bc][03:56:51.084619] wlan: [281:I:DP] dp_tx_soc_attach Tx Desc Alloc num_pool = 4, descs = 4096
01-01 11:56:51.084 0 0 I [kworke][0x3bfdb886][03:56:51.084829] wlan: [281:I:DP] dp_tx_soc_attach MSDU Ext Desc Alloc 4, descs = 4096
01-01 11:56:51.085 0 0 I [kworke][0x3bfdd1f1][03:56:51.085168] wlan: [281:I:DP] dp_tx_soc_attach HAL Tx init Success
01-01 11:56:51.085 0 0 D cnss : Assign MSI to user: DP, num_vectors: 18, user_base_data: 814, base_vector: 14
01-01 11:56:51.085 0 0 D cnss : Assign MSI to user: DP, num_vectors: 18, user_base_data: 814, base_vector: 14
01-01 11:56:51.085 0 0 I [kworke][0x3bfde477][03:56:51.085415] wlan: [281:I:DP] dp_soc_cmn_setup: 3274: num_reo_dest_rings 4
01-01 11:56:51.085 0 0 D cnss : Assign MSI to user: DP, num_vectors: 18, user_base_data: 814, base_vector: 14
01-01 11:56:51.085 0 0 D cnss : Assign MSI to user: DP, num_vectors: 18, user_base_data: 814, base_vector: 14
01-01 11:56:51.085 0 0 D cnss : Assign MSI to user: DP, num_vectors: 18, user_base_data: 814, base_vector: 14
01-01 11:56:51.085 0 0 D cnss : Assign MSI to user: DP, num_vectors: 18, user_base_data: 814, base_vector: 14
01-01 11:56:51.085 0 0 D cnss : Assign MSI to user: DP, num_vectors: 18, user_base_data: 814, base_vector: 14
01-01 11:56:51.085 0 0 D cnss : Assign MSI to user: DP, num_vectors: 18, user_base_data: 814, base_vector: 14
01-01 11:56:51.085 0 0 D cnss : Assign MSI to user: DP, num_vectors: 18, user_base_data: 814, base_vector: 14
01-01 11:56:51.086 0 0 D cnss : Assign MSI to user: DP, num_vectors: 18, user_base_data: 814, base_vector: 14
01-01 11:56:51.086 0 0 D cnss : Assign MSI to user: DP, num_vectors: 18, user_base_data: 814, base_vector: 14
01-01 11:56:51.086 0 0 D cnss : Assign MSI to user: DP, num_vectors: 18, user_base_data: 814, base_vector: 14
01-01 11:56:51.086 0 0 D cnss : Assign MSI to user: DP, num_vectors: 18, user_base_data: 814, base_vector: 14
01-01 11:56:51.086 0 0 I [kworke][0x3bfe3780][03:56:51.086522] wlan: [281:I:HAL] hal_reo_set_err_dst_remap_6390: 1024: HWIO_REO_R0_ERROR_DESTINATION_MAPPING_IX_0 0x28005b6d
01-01 11:56:51.086 0 0 D cnss : Assign MSI to user: DP, num_vectors: 18, user_base_data: 814, base_vector: 14
01-01 11:56:51.086 0 0 D cnss : Assign MSI to user: DP, num_vectors: 18, user_base_data: 814, base_vector: 14
01-01 11:56:51.086 0 0 D cnss : Assign MSI to user: DP, num_vectors: 18, user_base_data: 814, base_vector: 14
01-01 11:56:51.086 0 0 D cnss : Assign MSI to user: DP, num_vectors: 18, user_base_data: 814, base_vector: 14
01-01 11:56:51.086 0 0 D cnss : Assign MSI to user: DP, num_vectors: 18, user_base_data: 814, base_vector: 14
01-01 11:56:51.086 0 0 D cnss : Assign MSI to user: DP, num_vectors: 18, user_base_data: 814, base_vector: 14
01-01 11:56:51.091 655 667 I mpu_uart: [MSG-P:R]:recv sync frame timeout
01-01 11:56:51.113 655 668 I mpu_uart: [MSG-P:RECV]:No message received in 1000 ms
01-01 11:56:51.225 0 0 I [kworke][0x3c27025d][03:56:51.225760] wlan: [281:I:DP] Peer pool init
01-01 11:56:51.225 0 0 W [kworke][0x3c270de0][03:56:51.225914] wlan: [281:W:DP] dp_rx_pdev_mon_attach: pdev attach id=0
01-01 11:56:51.248 0 0 D cnss : Assign MSI to user: DP, num_vectors: 18, user_base_data: 814, base_vector: 14
01-01 11:56:51.248 0 0 D cnss : Get IRQ number 365 for vector index 14
01-01 11:56:51.248 0 0 D cnss : Assign MSI to user: DP, num_vectors: 18, user_base_data: 814, base_vector: 14
01-01 11:56:51.248 0 0 D cnss : Get IRQ number 366 for vector index 15
01-01 11:56:51.248 0 0 D cnss : Assign MSI to user: DP, num_vectors: 18, user_base_data: 814, base_vector: 14
01-01 11:56:51.248 0 0 D cnss : Get IRQ number 367 for vector index 16
01-01 11:56:51.249 0 0 D cnss : Assign MSI to user: DP, num_vectors: 18, user_base_data: 814, base_vector: 14
01-01 11:56:51.249 0 0 D cnss : Get IRQ number 368 for vector index 17
01-01 11:56:51.249 0 0 D cnss : Assign MSI to user: DP, num_vectors: 18, user_base_data: 814, base_vector: 14
01-01 11:56:51.249 0 0 D cnss : Assign MSI to user: DP, num_vectors: 18, user_base_data: 814, base_vector: 14
01-01 11:56:51.249 0 0 D cnss : Get IRQ number 370 for vector index 19
01-01 11:56:51.249 0 0 D cnss : Assign MSI to user: DP, num_vectors: 18, user_base_data: 814, base_vector: 14
01-01 11:56:51.249 0 0 D cnss : Get IRQ number 371 for vector index 20
01-01 11:56:51.251 0 0 E [kworke][0x3c2e6daf][03:56:51.251085] wlan: [281:E:HIF] hif_pci_ce_irq_set_affinity_hint: 3708: Unable to set cpu mask for offline CPU 0
01-01 11:56:51.267 0 0 I [kworke][0x3c3359ec][03:56:51.267888] wlan: [274:I:WMA] wma_rx_service_ready_event: Firmware build version : 101a0521
01-01 11:56:51.267 0 0 I [kworke][0x3c335b32][03:56:51.267905] wlan: [274:I:WMA] wma_rx_service_ready_event: Board id: 0, Board version: 8 0 0 0 6
01-01 11:56:51.270 0 0 I [kworke][0x3c34261f][03:56:51.270610] wlan: [274:I:WMA] wma_is_dbs_mandatory: 5417: MAC0 does not support both bands 2 DBS is mandatory
01-01 11:56:51.270 0 0 E [kworke][0x3c342ba2][03:56:51.270684] wlan: [274:E:QDF] copy_fw_abi_version_tlv: 6979: copy_fw_abi_version_tlv: INIT_CMD version: 1, 0, 0x5f414351, 0x4c4d, 0x0, 0x0
01-01 11:56:51.422 1447 1486 W HidlServiceManagement: Waited one second for android.frameworks.sensorservice@1.0::ISensorManager/default
01-01 11:56:51.422 506 506 I hwservicemanager: Since android.frameworks.sensorservice@1.0::ISensorManager/default is not registered, trying to start it as a lazy HAL.
01-01 11:56:51.422 1447 1486 I HidlServiceManagement: getService: Trying again for android.frameworks.sensorservice@1.0::ISensorManager/default...
01-01 11:56:51.427 1447 1447 W HidlServiceManagement: Waited one second for android.frameworks.sensorservice@1.0::ISensorManager/default
01-01 11:56:51.428 506 506 I hwservicemanager: Since android.frameworks.sensorservice@1.0::ISensorManager/default is not registered, trying to start it as a lazy HAL.
01-01 11:56:51.428 1447 1447 I HidlServiceManagement: getService: Trying again for android.frameworks.sensorservice@1.0::ISensorManager/default...
01-01 11:56:51.423 0 0 E init : Control message: Could not find 'android.frameworks.sensorservice@1.0::ISensorManager/default' for ctl.interface_start from pid: 506 (/system/bin/hwservicemanager)
01-01 11:56:51.440 506 1808 W libc : Unable to set property "ctl.interface_start" to "android.frameworks.sensorservice@1.0::ISensorManager/default": error code: 0x20
01-01 11:56:51.440 506 1808 I hwservicemanager: Tried to start android.frameworks.sensorservice@1.0::ISensorManager/default as a lazy service, but was unable to. Usually this happens when a service is not installed, but if the service is intended to be used as a lazy service, then it may be configured incorrectly.
01-01 11:56:51.458 506 1809 W libc : Unable to set property "ctl.interface_start" to "android.frameworks.sensorservice@1.0::ISensorManager/default": error code: 0x20
01-01 11:56:51.458 506 1809 I hwservicemanager: Tried to start android.frameworks.sensorservice@1.0::ISensorManager/default as a lazy service, but was unable to. Usually this happens when a service is not installed, but if the service is intended to be used as a lazy service, then it may be configured incorrectly.
01-01 11:56:51.441 0 0 E init : Control message: Could not find 'android.frameworks.sensorservice@1.0::ISensorManager/default' for ctl.interface_start from pid: 506 (/system/bin/hwservicemanager)
01-01 11:56:51.487 1389 1404 I cnss-daemon: WLPS service connected
01-01 11:56:51.480 0 0 E [kworke][0x3c71b1aa][03:56:51.480684] wlan: [274:E:QDF] ready_extract_init_status_tlv: 8884: ready_extract_init_status_tlv:0
01-01 11:56:51.493 0 0 E [kworke][0x3c756925][03:56:51.493371] wlan: [274:E:QDF] cds_get_context: 1486: Module ID 65 context is Null
01-01 11:56:51.504 0 0 F [kworke][0x3c78ad2a][03:56:51.504518] wlan: [274:F:DP] cdp_ipa_set_uc_tx_partition_base invalid instance
