01-01 11:57:57.591 2363 2389 I SystemConfig: Reading permissions from /vendor/etc/permissions/android.hardware.audio.low_latency.xml
01-01 11:57:57.591 2363 2389 I SystemConfig: Reading permissions from /vendor/etc/permissions/android.hardware.sensor.relative_humidity.xml
01-01 11:57:57.592 2363 2363 D CompatConfig: Found a config file: /system/etc/compatconfig/framework-platform-compat-config.xml
01-01 11:57:57.592 2363 2389 I SystemConfig: Reading permissions from /vendor/etc/permissions/android.hardware.vulkan.version-1_1.xml
01-01 11:57:57.592 2363 2389 I SystemConfig: Reading permissions from /vendor/etc/permissions/android.hardware.location.gps.xml
01-01 11:57:57.593 2363 2363 D CompatConfig: Adding: com.android.server.compat.config.Change@45a4e16
01-01 11:57:57.594 2363 2363 D CompatConfig: Adding: com.android.server.compat.config.Change@9422397
01-01 11:57:57.595 2363 2363 D CompatConfig: Adding: com.android.server.compat.config.Change@5cb5984
01-01 11:57:57.595 2363 2389 I SystemConfig: Reading permissions from /product/etc/sysconfig/preinstalled-packages-platform-overlays.xml
01-01 11:57:57.596 2363 2363 D CompatConfig: Adding: com.android.server.compat.config.Change@5a535a2
01-01 11:57:57.597 2363 2389 I SystemConfig: Reading permissions from /product/etc/sysconfig/preinstalled-packages-platform-handheld-product.xml
01-01 11:57:57.597 2363 2363 D CompatConfig: Adding: com.android.server.compat.config.Change@b6689f0
01-01 11:57:57.597 2307 2307 D ACDB-LOADER: ACDB -> send_common_custom_topology
01-01 11:57:57.598 2307 2307 D ACDB-LOADER: ACDB -> ACDB_CMD_GET_AVCS_CUSTOM_TOPO_INFO_SIZE_V3
01-01 11:57:57.598 2307 2307 D ACDB-LOADER: ACDB -> ACDB_CMD_GET_AVCS_CUSTOM_TOPO_INFO_V3
01-01 11:57:57.598 2307 2307 D ACDB-LOADER: ACDB -> ACDB_CMD_GET_AVCS_CUSTOM_TOPO_INFO_V3: size:0xed4 ret=0
01-01 11:57:57.598 2307 2307 D ACDB-LOADER: ACDB -> CORE_CUSTOM_TOPOLOGIES
01-01 11:57:57.598 2363 2389 I SystemConfig: Reading permissions from /product/etc/permissions/telephony_product_privapp-permissions-qti.xml
01-01 11:57:57.599 2363 2389 I SystemConfig: Reading permissions from /product/etc/permissions/vendor.qti.hardware.data.connection-V1.1-java.xml
01-01 11:57:57.599 2363 2389 I SystemConfig: Reading permissions from /product/etc/permissions/ims_ext_common.xml
01-01 11:57:57.599 2363 2389 I SystemConfig: Reading permissions from /product/etc/permissions/UimService.xml
01-01 11:57:57.600 2363 2363 D CompatConfig: Adding: com.android.server.compat.config.Change@bd4f525
01-01 11:57:57.600 2363 2389 I SystemConfig: Reading permissions from /product/etc/permissions/com.qti.snapdragon.sdk.display.xml
01-01 11:57:57.600 2363 2389 I SystemConfig: Reading permissions from /product/etc/permissions/privapp-permissions-soundrecorder.xml
01-01 11:57:57.601 2363 2363 D CompatConfig: Adding: com.android.server.compat.config.Change@bada708
01-01 11:57:57.601 2363 2389 I SystemConfig: Reading permissions from /product/etc/permissions/com.android.settings.intelligence.xml
01-01 11:57:57.601 2363 2389 I SystemConfig: Reading permissions from /product/etc/permissions/vendor.qti.hardware.data.connection-V1.0-java.xml
01-01 11:57:57.602 2363 2389 I SystemConfig: Reading permissions from /system_ext/etc/sysconfig/qti_whitelist_system_ext.xml
01-01 11:57:57.602 2363 2363 D CompatConfig: Adding: com.android.server.compat.config.Change@cfa2bb4
01-01 11:57:57.603 2363 2389 I SystemConfig: Reading permissions from /system_ext/etc/sysconfig/qti_telephony_system_packages_config.xml
01-01 11:57:57.604 2363 2363 D CompatConfig: Adding: com.android.server.compat.config.Change@2e13e23
01-01 11:57:57.604 2363 2389 I SystemConfig: Reading permissions from /system_ext/etc/permissions/embms-noship_product_privapp_permissions_qti.xml
01-01 11:57:57.605 2363 2389 I SystemConfig: Reading permissions from /system_ext/etc/permissions/com.qualcomm.qti.imscmservice-V2.0-java.xml
01-01 11:57:57.605 2307 2307 D ACDB-LOADER: ACDB -> acdb_loader_send_common_custom_topology: Common custom topology in use
01-01 11:57:57.605 2307 2307 D ACDB-LOADER: ACDB -> init done!
01-01 11:57:57.605 2307 2307 D audio_hw_acdb: acdb_init_v2: ACDB Instance ID support after ACDB init:1
01-01 11:57:57.605 2363 2363 D CompatConfig: Adding: com.android.server.compat.config.Change@9c5a0d9
01-01 11:57:57.605 2307 2307 D audio_hw_acdb: check_and_set_instance_id_support: Final Instance ID support:1
01-01 11:57:57.605 2363 2389 I SystemConfig: Reading permissions from /system_ext/etc/permissions/dpmapi.xml
01-01 11:57:57.605 2363 2363 D CompatConfig: Adding: com.android.server.compat.config.Change@3ff997f
01-01 11:57:57.606 2363 2389 I SystemConfig: Reading permissions from /system_ext/etc/permissions/com.android.storagemanager.xml
01-01 11:57:57.606 2307 2307 D sound_trigger_platform: platform_stdev_init Opening device /dev/snd/hwC0D1002 for vad hwdep config
01-01 11:57:57.606 2363 2363 D CompatConfig: Adding: com.android.server.compat.config.Change@a667195
01-01 11:57:57.606 2363 2389 I SystemConfig: Reading permissions from /system_ext/etc/permissions/qti_supplicant_interface.xml
01-01 11:57:57.606 2307 2307 D sound_trigger_platform: platform_stdev_init: cannot open device '/dev/snd/hwC0D1002', error:No such file or directory
01-01 11:57:57.606 2307 2307 D sound_trigger_platform: get_codec_version: codec version
01-01 11:57:57.607 2363 2363 D CompatConfig: Adding: com.android.server.compat.config.Change@27e4e9b
01-01 11:57:57.607 2363 2389 I SystemConfig: Reading permissions from /system_ext/etc/permissions/com.qualcomm.qmapbridge.xml
01-01 11:57:57.607 2363 2389 I SystemConfig: Reading permissions from /system_ext/etc/permissions/com.qti.location.sdk.xml
01-01 11:57:57.608 2363 2363 D CompatConfig: Adding: com.android.server.compat.config.Change@dba8f76
01-01 11:57:57.608 2307 2307 D sound_trigger_platform: platform_stdev_reset_backend_cfg: Setting VA_CDC_DMA_TX_0 TX island to false
01-01 11:57:57.608 2363 2389 I SystemConfig: Reading permissions from /system_ext/etc/permissions/privapp-permissions-aptxals.xml
01-01 11:57:57.609 2363 2363 D CompatConfig: Adding: com.android.server.compat.config.Change@9e43e4d
01-01 11:57:57.609 2363 2389 I SystemConfig: Reading permissions from /system_ext/etc/permissions/qti_libpermissions.xml
01-01 11:57:57.609 2307 2307 I sound_trigger_hw: get_base_properties: enter
01-01 11:57:57.609 2363 2389 I SystemConfig: Reading permissions from /system_ext/etc/permissions/privapp-permissions-com.qualcomm.location.xml
01-01 11:57:57.610 2307 2307 I SoundTriggerHw: onFirstRef() mModuleName primary mHwDevice 0xe63444f0
01-01 11:57:57.610 2363 2389 I SystemConfig: Reading permissions from /system_ext/etc/permissions/izat.xt.srv.xml
01-01 11:57:57.611 2363 2363 D CompatConfig: Adding: com.android.server.compat.config.Change@ebdc050
01-01 11:57:57.611 2363 2389 I SystemConfig: Reading permissions from /system_ext/etc/permissions/com.android.settings.xml
01-01 11:57:57.611 2363 2389 I SystemConfig: Reading permissions from /system_ext/etc/permissions/com.qualcomm.qti.imscmservice-V2.1-java.xml
01-01 11:57:57.612 2363 2363 D CompatConfig: Adding: com.android.server.compat.config.Change@377e06f
01-01 11:57:57.612 2363 2389 I SystemConfig: Reading permissions from /system_ext/etc/permissions/com.android.systemui.xml
01-01 11:57:57.613 2363 2389 I SystemConfig: Reading permissions from /system_ext/etc/permissions/qti_permissions.xml
01-01 11:57:57.613 2307 2307 I HidlServiceManagement: Registered android.hardware.soundtrigger@2.3::ISoundTriggerHw/default (start delay of 2027ms)
01-01 11:57:57.613 2307 2307 I LegacySupport: Registration complete for android.hardware.soundtrigger@2.3::ISoundTriggerHw/default.
01-01 11:57:57.613 2363 2363 D CompatConfig: Adding: com.android.server.compat.config.Change@9ca5a5a
01-01 11:57:57.614 2363 2389 I SystemConfig: Reading permissions from /system_ext/etc/permissions/com.qualcomm.qti.izattools.xml
01-01 11:57:57.614 2363 2389 I SystemConfig: Reading permissions from /system_ext/etc/permissions/android.software.verified_boot.xml
01-01 11:57:57.615 2363 2363 D CompatConfig: Adding: com.android.server.compat.config.Change@b622181
01-01 11:57:57.615 2363 2389 I SystemConfig: Reading permissions from /system_ext/etc/permissions/com.android.provision.xml
01-01 11:57:57.615 2363 2389 I SystemConfig: Reading permissions from /system_ext/etc/permissions/com.qualcomm.qti.imscmservice.xml
01-01 11:57:57.616 2363 2389 I SystemConfig: Reading permissions from /system_ext/etc/permissions/embms.xml
01-01 11:57:57.616 2363 2363 D CompatConfig: Adding: com.android.server.compat.config.Change@d8e54bd
01-01 11:57:57.617 2363 2389 I SystemConfig: Reading permissions from /system_ext/etc/permissions/audiosphere.xml
01-01 11:57:57.617 2363 2389 I SystemConfig: Reading permissions from /system_ext/etc/permissions/com.qti.media.secureprocessor.xml
01-01 11:57:57.618 2363 2389 I SystemConfig: Reading permissions from /system_ext/etc/permissions/com.qualcomm.qti.imscmservice-V2.2-java.xml
01-01 11:57:57.614 0 0 E : msm_pcm_volume_ctl_get substream not found
01-01 11:57:57.618 2363 2389 I SystemConfig: Reading permissions from /system_ext/etc/permissions/telephony_system-ext_privapp-permissions-qti.xml
01-01 11:57:57.618 2363 2363 D CompatConfig: Adding: com.android.server.compat.config.Change@a46effe
01-01 11:57:57.619 2363 2389 I SystemConfig: Reading permissions from /system_ext/etc/permissions/vendor.qti.ims.rcsservice.xml
01-01 11:57:57.619 2307 2307 I BTAudioProviderA2dpSoftware: A2dpSoftwareAudioProvider - size of audio buffer 7168 byte(s)
01-01 11:57:57.620 2363 2389 I SystemConfig: Reading permissions from /system_ext/etc/permissions/com.qualcomm.location.xml
01-01 11:57:57.620 2307 2307 I BTAudioProviderHearingAid: HearingAidAudioProvider - size of audio buffer 3584 byte(s)
01-01 11:57:57.620 2363 2389 I SystemConfig: Reading permissions from /system_ext/etc/permissions/com.android.launcher3.xml
01-01 11:57:57.621 2363 2389 I SystemConfig: Reading permissions from /system_ext/etc/permissions/com.qti.dpmframework.xml
01-01 11:57:57.621 2363 2363 D CompatConfig: Adding: com.android.server.compat.config.Change@ccf367b
01-01 11:57:57.621 2363 2389 I SystemConfig: Reading permissions from /system_ext/etc/permissions/privapp-permissions-qti-system-ext.xml
01-01 11:57:57.622 2363 2389 I SystemConfig: Reading permissions from /system_ext/etc/permissions/com.thundercomm.microsettings.xml
01-01 11:57:57.622 2363 2363 D CompatConfig: Adding: com.android.server.compat.config.Change@b9700d6
01-01 11:57:57.622 2363 2389 I SystemConfig: Reading permissions from /system_ext/etc/permissions/wfd-system-ext-privapp-permissions-qti.xml
01-01 11:57:57.623 2363 2363 D CompatConfig: Adding: com.android.server.compat.config.Change@eb82a44
01-01 11:57:57.623 2363 2389 I SystemConfig: Reading permissions from /system_ext/etc/permissions/com.android.emergency.xml
01-01 11:57:57.623 2307 2307 I HidlServiceManagement: Registered android.hardware.bluetooth.audio@2.0::IBluetoothAudioProvidersFactory/default (start delay of 2038ms)
01-01 11:57:57.624 2307 2307 I LegacySupport: Registration complete for android.hardware.bluetooth.audio@2.0::IBluetoothAudioProvidersFactory/default.
01-01 11:57:57.624 2363 2389 I SystemConfig: Reading permissions from /system_ext/etc/permissions/com.nxp.nfc.nq.xml
01-01 11:57:57.624 2363 2363 D CompatConfig: Adding: com.android.server.compat.config.Change@177f9f3
01-01 11:57:57.624 506 506 I hwservicemanager: getTransport: Cannot find entry android.hardware.bluetooth.a2dp@1.0::IBluetoothAudioOffload/default in either framework or device VINTF manifest.
01-01 11:57:57.625 2307 2307 E LegacySupport: Could not get passthrough implementation for android.hardware.bluetooth.a2dp@1.0::IBluetoothAudioOffload/default.
01-01 11:57:57.625 2307 2307 W audiohalservice: Could not register Bluetooth Audio Offload API
01-01 11:57:57.625 2363 2363 D CompatConfig: Adding: com.android.server.compat.config.Change@32fa6b0
01-01 11:57:57.626 2363 2389 I SystemConfig: Reading permissions from /apex/com.android.ipsec/etc/permissions/android.net.ipsec.ike.xml
01-01 11:57:57.627 2363 2363 D CompatConfig: Adding: com.android.server.compat.config.Change@a0e424f
01-01 11:57:57.628 2363 2363 D CompatConfig: Adding: com.android.server.compat.config.Change@b96cee5
01-01 11:57:57.629 2363 2389 D SystemConfig: readAllPermissions took to complete: 113ms
01-01 11:57:57.629 2363 2389 D SystemServerInitThreadPool: Finished executing ReadingSystemConfig
01-01 11:57:57.629 2363 2389 D SystemServerTimingAsync: InitThreadPoolExec:ReadingSystemConfig took to complete: 113ms
01-01 11:57:57.629 2363 2363 D CompatConfig: Adding: com.android.server.compat.config.Change@e659bc8
01-01 11:57:57.631 2363 2363 D CompatConfig: Adding: com.android.server.compat.config.Change@b6a7461
01-01 11:57:57.632 2363 2363 D CompatConfig: Adding: com.android.server.compat.config.Change@fcf4b86
01-01 11:57:57.633 2363 2363 D CompatConfig: Adding: com.android.server.compat.config.Change@3ea2c47
01-01 11:57:57.634 2363 2363 D CompatConfig: Adding: com.android.server.compat.config.Change@a1cac74
01-01 11:57:57.635 2363 2363 D CompatConfig: Adding: com.android.server.compat.config.Change@78f59d
01-01 11:57:57.636 2363 2363 D CompatConfig: Adding: com.android.server.compat.config.Change@2c49a12
01-01 11:57:57.637 2363 2363 D CompatConfig: Adding: com.android.server.compat.config.Change@9345e3
01-01 11:57:57.638 2363 2363 D CompatConfig: Adding: com.android.server.compat.config.Change@e921be0
01-01 11:57:57.639 2363 2363 D CompatConfig: Adding: com.android.server.compat.config.Change@7f44e99
01-01 11:57:57.640 2363 2363 D CompatConfig: Adding: com.android.server.compat.config.Change@64e455e
01-01 11:57:57.641 2363 2363 D CompatConfig: Adding: com.android.server.compat.config.Change@d2a5d3f
01-01 11:57:57.642 2363 2363 D CompatConfig: Adding: com.android.server.compat.config.Change@12d160c
01-01 11:57:57.643 2363 2363 D CompatConfig: Adding: com.android.server.compat.config.Change@6323b55
01-01 11:57:57.644 2363 2363 D CompatConfig: Adding: com.android.server.compat.config.Change@a35596a
01-01 11:57:57.645 2363 2363 D CompatConfig: Adding: com.android.server.compat.config.Change@bf18e5b
01-01 11:57:57.646 2363 2363 D CompatConfig: Adding: com.android.server.compat.config.Change@49b86f8
01-01 11:57:57.647 2363 2363 D CompatConfig: Adding: com.android.server.compat.config.Change@52837d1
01-01 11:57:57.648 2363 2363 D CompatConfig: Adding: com.android.server.compat.config.Change@fc7a236
01-01 11:57:57.649 2363 2363 D CompatConfig: Adding: com.android.server.compat.config.Change@730b537
01-01 11:57:57.650 2363 2363 D CompatConfig: Adding: com.android.server.compat.config.Change@67e1aa4
01-01 11:57:57.650 2363 2363 D CompatConfig: Adding: com.android.server.compat.config.Change@ea7800d
01-01 11:57:57.652 2363 2363 D CompatConfig: Adding: com.android.server.compat.config.Change@d63abc2
01-01 11:57:57.652 2363 2363 D CompatConfig: Adding: com.android.server.compat.config.Change@bd16dd3
01-01 11:57:57.653 2363 2363 D CompatConfig: Adding: com.android.server.compat.config.Change@bd43d10
01-01 11:57:57.654 2363 2363 D CompatConfig: Adding: com.android.server.compat.config.Change@e591009
01-01 11:57:57.655 2363 2363 D CompatConfig: Adding: com.android.server.compat.config.Change@ec4c20e
01-01 11:57:57.656 2363 2363 D CompatConfig: Adding: com.android.server.compat.config.Change@1bb142f
01-01 11:57:57.657 2363 2363 D CompatConfig: Adding: com.android.server.compat.config.Change@8281a3c
01-01 11:57:57.659 2363 2363 D CompatConfig: Adding: com.android.server.compat.config.Change@779a3c5
01-01 11:57:57.660 2363 2363 D CompatConfig: Found a config file: /system/etc/compatconfig/documents-ui-compat-config.xml
01-01 11:57:57.660 2363 2363 D CompatConfig: Adding: com.android.server.compat.config.Change@deec44b
01-01 11:57:57.662 2363 2363 D CompatConfig: Found a config file: /system/system_ext/etc/compatconfig/settings-platform-compat-config.xml
01-01 11:57:57.662 2363 2363 D CompatConfig: Adding: com.android.server.compat.config.Change@a55b741
01-01 11:57:57.664 2363 2363 D CompatConfig: No directory /apex/com.android.vndk.v30/etc/compatconfig, skipping
01-01 11:57:57.665 2363 2363 D CompatConfig: No directory /apex/com.android.wifi/etc/compatconfig, skipping
01-01 11:57:57.665 2363 2363 D CompatConfig: No directory /apex/com.android.vndk.v31/etc/compatconfig, skipping
01-01 11:57:57.665 2363 2363 D CompatConfig: No directory /apex/com.android.tzdata/etc/compatconfig, skipping
01-01 11:57:57.665 2363 2363 D CompatConfig: No directory /apex/com.android.tethering/etc/compatconfig, skipping
01-01 11:57:57.665 2363 2363 D CompatConfig: No directory /apex/com.android.sdkext/etc/compatconfig, skipping
01-01 11:57:57.665 2363 2363 D CompatConfig: No directory /apex/com.android.scheduling/etc/compatconfig, skipping
01-01 11:57:57.665 2363 2363 D CompatConfig: No directory /apex/com.android.runtime/etc/compatconfig, skipping
01-01 11:57:57.665 2363 2363 D CompatConfig: No directory /apex/com.android.resolv/etc/compatconfig, skipping
01-01 11:57:57.666 2363 2363 D CompatConfig: No directory /apex/com.android.permission/etc/compatconfig, skipping
01-01 11:57:57.666 2363 2363 D CompatConfig: No directory /apex/com.android.os.statsd/etc/compatconfig, skipping
01-01 11:57:57.666 2363 2363 D CompatConfig: No directory /apex/com.android.neuralnetworks/etc/compatconfig, skipping
01-01 11:57:57.666 2363 2363 D CompatConfig: Found a config file: /apex/com.android.mediaprovider/etc/compatconfig/media-provider-platform-compat-config.xml
01-01 11:57:57.666 2363 2363 D CompatConfig: Adding: com.android.server.compat.config.Change@a635a27
01-01 11:57:57.667 2363 2363 D CompatConfig: Adding: com.android.server.compat.config.Change@2ef74d4
01-01 11:57:57.669 2363 2363 D CompatConfig: Adding: com.android.server.compat.config.Change@585867d
01-01 11:57:57.670 2363 2363 D CompatConfig: Adding: com.android.server.compat.config.Change@a828972
01-01 11:57:57.672 2363 2363 D CompatConfig: Adding: com.android.server.compat.config.Change@fa171c3
01-01 11:57:57.673 2363 2363 D CompatConfig: Adding: com.android.server.compat.config.Change@8390a40
01-01 11:57:57.674 2363 2363 D CompatConfig: Adding: com.android.server.compat.config.Change@ee90d79
01-01 11:57:57.675 2363 2363 D CompatConfig: No directory /apex/com.android.media.swcodec/etc/compatconfig, skipping
01-01 11:57:57.676 2363 2363 D CompatConfig: No directory /apex/com.android.media/etc/compatconfig, skipping
01-01 11:57:57.676 2363 2363 D CompatConfig: No directory /apex/com.android.ipsec/etc/compatconfig, skipping
01-01 11:57:57.676 2363 2363 D CompatConfig: No directory /apex/com.android.i18n/etc/compatconfig, skipping
01-01 11:57:57.676 2363 2363 D CompatConfig: No directory /apex/com.android.extservices/etc/compatconfig, skipping
01-01 11:57:57.676 2363 2363 D CompatConfig: No directory /apex/com.android.conscrypt/etc/compatconfig, skipping
01-01 11:57:57.676 2363 2363 D CompatConfig: Found a config file: /apex/com.android.art/etc/compatconfig/libcore-platform-compat-config.xml
01-01 11:57:57.677 2363 2363 D CompatConfig: Adding: com.android.server.compat.config.Change@c1f671f
01-01 11:57:57.678 2363 2363 D CompatConfig: Adding: com.android.server.compat.config.Change@bc48a6c
01-01 11:57:57.679 2363 2363 D CompatConfig: Adding: com.android.server.compat.config.Change@640835
01-01 11:57:57.680 2363 2363 D CompatConfig: Adding: com.android.server.compat.config.Change@315d4ca
01-01 11:57:57.681 2363 2363 D CompatConfig: Adding: com.android.server.compat.config.Change@55d563b
01-01 11:57:57.683 2363 2363 D CompatConfig: No directory /apex/com.android.appsearch/etc/compatconfig, skipping
01-01 11:57:57.683 2363 2363 D CompatConfig: No directory /apex/com.android.adbd/etc/compatconfig, skipping
01-01 11:57:57.686 2363 2363 D SystemServerTiming: PlatformCompat took to complete: 172ms
01-01 11:57:57.687 2363 2363 I SystemServerTiming: StartFileIntegrityService
01-01 11:57:57.687 2363 2363 I SystemServiceManager: Starting com.android.server.security.FileIntegrityService
01-01 11:57:57.691 2363 2363 D SystemServerTiming: StartFileIntegrityService took to complete: 5ms
01-01 11:57:57.691 2363 2363 I SystemServerTiming: StartInstaller
01-01 11:57:57.691 2363 2363 I SystemServiceManager: Starting com.android.server.pm.Installer
01-01 11:57:57.696 1253 1262 D installd: Found quota mount /dev/block/dm-10 at /data
01-01 11:57:57.696 1253 1262 D installd: Found quota mount /dev/block/dm-10 at /data/user/0
01-01 11:57:57.699 2363 2363 D SystemServerTiming: StartInstaller took to complete: 7ms
01-01 11:57:57.699 2363 2363 I SystemServerTiming: DeviceIdentifiersPolicyService
01-01 11:57:57.699 2363 2363 I SystemServiceManager: Starting com.android.server.os.DeviceIdentifiersPolicyService
01-01 11:57:57.700 2363 2363 D SystemServerTiming: DeviceIdentifiersPolicyService took to complete: 2ms
01-01 11:57:57.700 2363 2363 I SystemServerTiming: UriGrantsManagerService
01-01 11:57:57.700 2363 2363 I SystemServiceManager: Starting com.android.server.uri.UriGrantsManagerService$Lifecycle
01-01 11:57:57.702 2363 2363 D SystemServerTiming: UriGrantsManagerService took to complete: 1ms
01-01 11:57:57.702 2363 2363 I SystemServerTiming: StartPowerStatsService
01-01 11:57:57.702 2363 2363 I SystemServiceManager: Starting com.android.server.powerstats.PowerStatsService
01-01 11:57:57.704 505 505 E servicemanager: Could not find android.hardware.power.stats.IPowerStats/default in the VINTF manifest.
01-01 11:57:57.705 0 0 I binder : 2363:2363 ioctl 40046210 7fd3715924 returned -22
01-01 11:57:57.705 2363 2363 D hw-ProcessState: Binder ioctl to enable oneway spam detection failed: Invalid argument
01-01 11:57:57.706 506 506 I hwservicemanager: getTransport: Cannot find entry android.hardware.power.stats@1.0::IPowerStats/default in either framework or device VINTF manifest.
01-01 11:57:57.706 2363 2363 E PowerStatsService: Unable to get power.stats HAL service.
01-01 11:57:57.706 2363 2363 E PowerStatsService: nativeInit failed to connect to power.stats HAL
01-01 11:57:57.707 2363 2363 D SystemServerTiming: StartPowerStatsService took to complete: 4ms
01-01 11:57:57.707 2363 2363 I SystemServerTiming: StartIStatsService
01-01 11:57:57.709 2363 2363 I HidlServiceManagement: Registered android.frameworks.stats@1.0::IStats/default
01-01 11:57:57.710 505 505 I servicemanager: Found android.frameworks.stats.IStats/default in framework VINTF manifest.
01-01 11:57:57.711 2363 2363 D SystemServerTiming: StartIStatsService took to complete: 4ms
01-01 11:57:57.711 2363 2363 I SystemServerTiming: MemtrackProxyService
01-01 11:57:57.713 505 505 E servicemanager: Could not find android.hardware.memtrack.IMemtrack/default in the VINTF manifest.
01-01 11:57:57.713 2363 2363 I Stability: Interface set with vintf stability wire protocol version 1 downgraded to system stability wire protocol version 1 stability
01-01 11:57:57.714 2363 2363 D SystemServerTiming: MemtrackProxyService took to complete: 3ms
01-01 11:57:57.714 2363 2363 I SystemServerTiming: StartActivityManager
01-01 11:57:57.714 2363 2363 I SystemServiceManager: Starting com.android.server.wm.ActivityTaskManagerService$Lifecycle
01-01 11:57:57.718 2363 2363 I SystemServiceManager: Starting com.android.server.am.ActivityManagerService$Lifecycle
01-01 11:57:57.720 2363 2363 I ActivityManager: Memory class: 512
01-01 11:57:57.723 2363 2394 I Binder : Setting heavy hitter watcher config: false, 0, 0.0
01-01 11:57:57.750 2363 2363 D BatteryStatsImpl: Reading daily items from /data/system/batterystats-daily.xml
01-01 11:57:57.754 506 506 I hwservicemanager: getTransport: Cannot find entry android.hardware.power.stats@1.0::IPowerStats/default in either framework or device VINTF manifest.
01-01 11:57:57.757 2363 2401 E BatteryStatsService: Unable to load Power.Stats.HAL. Setting rail availability to false
01-01 11:57:57.758 2363 2401 E BluetoothAdapter: Bluetooth binder is null
01-01 11:57:57.759 2363 2401 I KernelCpuUidFreqTimeReader: mPerClusterTimesAvailable=false
01-01 11:57:57.774 2363 2401 E KernelCpuSpeedReader: Failed to read cpu-freq: /sys/devices/system/cpu/cpu4/cpufreq/stats/time_in_state: open failed: ENOENT (No such file or directory)
01-01 11:57:57.775 2363 2401 E KernelCpuSpeedReader: Failed to read cpu-freq: /sys/devices/system/cpu/cpu0/cpufreq/stats/time_in_state: open failed: ENOENT (No such file or directory)
01-01 11:57:57.778 576 581 E android.system.suspend@1.0-service: Error opening kernel wakelock stats for: wakeup58: Permission denied
01-01 11:57:57.779 576 581 E android.system.suspend@1.0-service: Error opening kernel wakelock stats for: wakeup4: Permission denied
01-01 11:57:57.782 576 581 E android.system.suspend@1.0-service: Error opening kernel wakelock stats for: wakeup38: Permission denied
01-01 11:57:57.783 576 581 E android.system.suspend@1.0-service: Error opening kernel wakelock stats for: wakeup28: Permission denied
01-01 11:57:57.783 576 581 E android.system.suspend@1.0-service: Error opening kernel wakelock stats for: wakeup56: Permission denied
01-01 11:57:57.785 576 581 E android.system.suspend@1.0-service: Error opening kernel wakelock stats for: wakeup2: Permission denied
01-01 11:57:57.787 576 581 E android.system.suspend@1.0-service: Error opening kernel wakelock stats for: wakeup64: Permission denied
01-01 11:57:57.787 576 581 E android.system.suspend@1.0-service: Error opening kernel wakelock stats for: wakeup54: Permission denied
01-01 11:57:57.787 576 581 E android.system.suspend@1.0-service: Error opening kernel wakelock stats for: wakeup82: Permission denied
01-01 11:57:57.787 576 581 E android.system.suspend@1.0-service: Error opening kernel wakelock stats for: wakeup44: Permission denied
01-01 11:57:57.788 576 581 E android.system.suspend@1.0-service: Error opening kernel wakelock stats for: wakeup0: Permission denied
01-01 11:57:57.772 576 576 I auditd : type=1400 audit(0.0:120): avc: denied { read } for comm="Binder:576_1" name="wakeup58" dev="sysfs" ino=77331 scontext=u:r:system_suspend:s0 tcontext=u:object_r:sysfs:s0 tclass=dir permissive=0
01-01 11:57:57.772 576 576 W Binder:576_1: type=1400 audit(0.0:120): avc: denied { read } for name="wakeup58" dev="sysfs" ino=77331 scontext=u:r:system_suspend:s0 tcontext=u:object_r:sysfs:s0 tclass=dir permissive=0
01-01 11:57:57.776 576 576 I auditd : type=1400 audit(0.0:121): avc: denied { read } for comm="Binder:576_1" name="wakeup4" dev="sysfs" ino=47145 scontext=u:r:system_suspend:s0 tcontext=u:object_r:sysfs:s0 tclass=dir permissive=0
01-01 11:57:57.776 576 576 W Binder:576_1: type=1400 audit(0.0:121): avc: denied { read } for name="wakeup4" dev="sysfs" ino=47145 scontext=u:r:system_suspend:s0 tcontext=u:object_r:sysfs:s0 tclass=dir permissive=0
01-01 11:57:57.776 576 576 I auditd : type=1400 audit(0.0:122): avc: denied { read } for comm="Binder:576_1" name="wakeup38" dev="sysfs" ino=66989 scontext=u:r:system_suspend:s0 tcontext=u:object_r:sysfs:s0 tclass=dir permissive=0
01-01 11:57:57.776 576 576 W Binder:576_1: type=1400 audit(0.0:122): avc: denied { read } for name="wakeup38" dev="sysfs" ino=66989 scontext=u:r:system_suspend:s0 tcontext=u:object_r:sysfs:s0 tclass=dir permissive=0
01-01 11:57:57.776 576 576 I auditd : type=1400 audit(0.0:123): avc: denied { read } for comm="Binder:576_1" name="wakeup28" dev="sysfs" ino=56585 scontext=u:r:system_suspend:s0 tcontext=u:object_r:sysfs:s0 tclass=dir permissive=0
01-01 11:57:57.776 576 576 W Binder:576_1: type=1400 audit(0.0:123): avc: denied { read } for name="wakeup28" dev="sysfs" ino=56585 scontext=u:r:system_suspend:s0 tcontext=u:object_r:sysfs:s0 tclass=dir permissive=0
01-01 11:57:57.780 576 576 I auditd : type=1400 audit(0.0:124): avc: denied { read } for comm="Binder:576_1" name="wakeup56" dev="sysfs" ino=77259 scontext=u:r:system_suspend:s0 tcontext=u:object_r:sysfs:s0 tclass=dir permissive=0
01-01 11:57:57.780 576 576 W Binder:576_1: type=1400 audit(0.0:124): avc: denied { read } for name="wakeup56" dev="sysfs" ino=77259 scontext=u:r:system_suspend:s0 tcontext=u:object_r:sysfs:s0 tclass=dir permissive=0
01-01 11:57:57.780 576 576 I auditd : type=1400 audit(0.0:125): avc: denied { read } for comm="Binder:576_1" name="wakeup2" dev="sysfs" ino=46669 scontext=u:r:system_suspend:s0 tcontext=u:object_r:sysfs:s0 tclass=dir permissive=0
01-01 11:57:57.780 576 576 W Binder:576_1: type=1400 audit(0.0:125): avc: denied { read } for name="wakeup2" dev="sysfs" ino=46669 scontext=u:r:system_suspend:s0 tcontext=u:object_r:sysfs:s0 tclass=dir permissive=0
01-01 11:57:57.780 576 576 I auditd : type=1400 audit(0.0:126): avc: denied { read } for comm="Binder:576_1" name="wakeup64" dev="sysfs" ino=77559 scontext=u:r:system_suspend:s0 tcontext=u:object_r:sysfs:s0 tclass=dir permissive=0
01-01 11:57:57.780 576 576 W Binder:576_1: type=1400 audit(0.0:126): avc: denied { read } for name="wakeup64" dev="sysfs" ino=77559 scontext=u:r:system_suspend:s0 tcontext=u:object_r:sysfs:s0 tclass=dir permissive=0
01-01 11:57:57.780 576 576 I auditd : type=1400 audit(0.0:127): avc: denied { read } for comm="Binder:576_1" name="wakeup54" dev="sysfs" ino=77187 scontext=u:r:system_suspend:s0 tcontext=u:object_r:sysfs:s0 tclass=dir permissive=0
01-01 11:57:57.780 576 576 W Binder:576_1: type=1400 audit(0.0:127): avc: denied { read } for name="wakeup54" dev="sysfs" ino=77187 scontext=u:r:system_suspend:s0 tcontext=u:object_r:sysfs:s0 tclass=dir permissive=0
01-01 11:57:57.784 576 576 I auditd : type=1400 audit(0.0:128): avc: denied { read } for comm="Binder:576_1" name="wakeup82" dev="sysfs" ino=83656 scontext=u:r:system_suspend:s0 tcontext=u:object_r:sysfs:s0 tclass=dir permissive=0
01-01 11:57:57.784 576 576 W Binder:576_1: type=1400 audit(0.0:128): avc: denied { read } for name="wakeup82" dev="sysfs" ino=83656 scontext=u:r:system_suspend:s0 tcontext=u:object_r:sysfs:s0 tclass=dir permissive=0
01-01 11:57:57.784 576 576 I auditd : type=1400 audit(0.0:129): avc: denied { read } for comm="Binder:576_1" name="wakeup44" dev="sysfs" ino=71605 scontext=u:r:system_suspend:s0 tcontext=u:object_r:sysfs:s0 tclass=dir permissive=0
01-01 11:57:57.784 576 576 W Binder:576_1: type=1400 audit(0.0:129): avc: denied { read } for name="wakeup44" dev="sysfs" ino=71605 scontext=u:r:system_suspend:s0 tcontext=u:object_r:sysfs:s0 tclass=dir permissive=0
01-01 11:57:57.784 576 576 I auditd : type=1400 audit(0.0:130): avc: denied { read } for comm="Binder:576_1" name="wakeup0" dev="sysfs" ino=43877 scontext=u:r:system_suspend:s0 tcontext=u:object_r:sysfs:s0 tclass=dir permissive=0
01-01 11:57:57.784 576 576 W Binder:576_1: type=1400 audit(0.0:130): avc: denied { read } for name="wakeup0" dev="sysfs" ino=43877 scontext=u:r:system_suspend:s0 tcontext=u:object_r:sysfs:s0 tclass=dir permissive=0
01-01 11:57:57.792 576 581 E android.system.suspend@1.0-service: Error opening kernel wakelock stats for: wakeup62: Permission denied
01-01 11:57:57.788 576 576 I auditd : type=1400 audit(0.0:131): avc: denied { read } for comm="Binder:576_1" name="wakeup62" dev="sysfs" ino=77487 scontext=u:r:system_suspend:s0 tcontext=u:object_r:sysfs:s0 tclass=dir permissive=0
01-01 11:57:57.788 576 576 W Binder:576_1: type=1400 audit(0.0:131): avc: denied { read } for name="wakeup62" dev="sysfs" ino=77487 scontext=u:r:system_suspend:s0 tcontext=u:object_r:sysfs:s0 tclass=dir permissive=0
01-01 11:57:57.796 576 576 I auditd : type=1400 audit(0.0:132): avc: denied { read } for comm="Binder:576_1" name="wakeup52" dev="sysfs" ino=77115 scontext=u:r:system_suspend:s0 tcontext=u:object_r:sysfs:s0 tclass=dir permissive=0
01-01 11:57:57.796 576 576 W Binder:576_1: type=1400 audit(0.0:132): avc: denied { read } for name="wakeup52" dev="sysfs" ino=77115 scontext=u:r:system_suspend:s0 tcontext=u:object_r:sysfs:s0 tclass=dir permissive=0
01-01 11:57:57.801 576 581 E android.system.suspend@1.0-service: Error opening kernel wakelock stats for: wakeup9: Permission denied
01-01 11:57:57.796 576 576 I auditd : type=1400 audit(0.0:133): avc: denied { read } for comm="Binder:576_1" name="wakeup9" dev="sysfs" ino=55569 scontext=u:r:system_suspend:s0 tcontext=u:object_r:sysfs:s0 tclass=dir permissive=0
01-01 11:57:57.796 576 576 W Binder:576_1: type=1400 audit(0.0:133): avc: denied { read } for name="wakeup9" dev="sysfs" ino=55569 scontext=u:r:system_suspend:s0 tcontext=u:object_r:sysfs:s0 tclass=dir permissive=0
01-01 11:57:57.800 576 576 I auditd : type=1400 audit(0.0:134): avc: denied { read } for comm="Binder:576_1" name="wakeup42" dev="sysfs" ino=68323 scontext=u:r:system_suspend:s0 tcontext=u:object_r:sysfs:s0 tclass=dir permissive=0
01-01 11:57:57.800 576 576 W Binder:576_1: type=1400 audit(0.0:134): avc: denied { read } for name="wakeup42" dev="sysfs" ino=68323 scontext=u:r:system_suspend:s0 tcontext=u:object_r:sysfs:s0 tclass=dir permissive=0
01-01 11:57:57.805 576 581 E android.system.suspend@1.0-service: Error opening kernel wakelock stats for: wakeup42: Permission denied
01-01 11:57:57.804 576 576 I auditd : type=1400 audit(0.0:135): avc: denied { read } for comm="Binder:576_1" name="wakeup32" dev="sysfs" ino=57032 scontext=u:r:system_suspend:s0 tcontext=u:object_r:sysfs:s0 tclass=dir permissive=0
01-01 11:57:57.804 576 576 W Binder:576_1: type=1400 audit(0.0:135): avc: denied { read } for name="wakeup32" dev="sysfs" ino=57032 scontext=u:r:system_suspend:s0 tcontext=u:object_r:sysfs:s0 tclass=dir permissive=0
01-01 11:57:57.808 576 581 E android.system.suspend@1.0-service: Error opening kernel wakelock stats for: wakeup32: Permission denied
01-01 11:57:57.808 576 581 E android.system.suspend@1.0-service: Error opening kernel wakelock stats for: wakeup60: Permission denied
01-01 11:57:57.804 576 576 I auditd : type=1400 audit(0.0:136): avc: denied { read } for comm="Binder:576_1" name="wakeup60" dev="sysfs" ino=77415 scontext=u:r:system_suspend:s0 tcontext=u:object_r:sysfs:s0 tclass=dir permissive=0
01-01 11:57:57.804 576 576 W Binder:576_1: type=1400 audit(0.0:136): avc: denied { read } for name="wakeup60" dev="sysfs" ino=77415 scontext=u:r:system_suspend:s0 tcontext=u:object_r:sysfs:s0 tclass=dir permissive=0
01-01 11:57:57.810 2363 2363 I AppOps : No existing app ops /data/system/appops.xml; starting empty
01-01 11:57:57.811 2363 2363 I IntentFirewall: Read new rules (A:0 B:0 S:0)
01-01 11:57:57.812 576 576 I auditd : type=1400 audit(0.0:137): avc: denied { read } for comm="Binder:576_1" name="wakeup7" dev="sysfs" ino=55465 scontext=u:r:system_suspend:s0 tcontext=u:object_r:sysfs:s0 tclass=dir permissive=0
01-01 11:57:57.812 576 576 W Binder:576_1: type=1400 audit(0.0:137): avc: denied { read } for name="wakeup7" dev="sysfs" ino=55465 scontext=u:r:system_suspend:s0 tcontext=u:object_r:sysfs:s0 tclass=dir permissive=0
01-01 11:57:57.812 576 576 I auditd : type=1400 audit(0.0:138): avc: denied { read } for comm="Binder:576_1" name="wakeup79" dev="sysfs" ino=82170 scontext=u:r:system_suspend:s0 tcontext=u:object_r:sysfs:s0 tclass=dir permissive=0
01-01 11:57:57.812 576 576 W Binder:576_1: type=1400 audit(0.0:138): avc: denied { read } for name="wakeup79" dev="sysfs" ino=82170 scontext=u:r:system_suspend:s0 tcontext=u:object_r:sysfs:s0 tclass=dir permissive=0
01-01 11:57:57.816 576 576 I auditd : type=1400 audit(0.0:139): avc: denied { read } for comm="Binder:576_1" name="wakeup40" dev="sysfs" ino=67428 scontext=u:r:system_suspend:s0 tcontext=u:object_r:sysfs:s0 tclass=dir permissive=0
01-01 11:57:57.816 576 576 W Binder:576_1: type=1400 audit(0.0:139): avc: denied { read } for name="wakeup40" dev="sysfs" ino=67428 scontext=u:r:system_suspend:s0 tcontext=u:object_r:sysfs:s0 tclass=dir permissive=0
01-01 11:57:57.818 576 581 E android.system.suspend@1.0-service: Error opening kernel wakelock stats for: wakeup7: Permission denied
01-01 11:57:57.816 576 576 I auditd : type=1400 audit(0.0:140): avc: denied { read } for comm="Binder:576_1" name="wakeup30" dev="sysfs" ino=56800 scontext=u:r:system_suspend:s0 tcontext=u:object_r:sysfs:s0 tclass=dir permissive=0
01-01 11:57:57.816 576 576 W Binder:576_1: type=1400 audit(0.0:140): avc: denied { read } for name="wakeup30" dev="sysfs" ino=56800 scontext=u:r:system_suspend:s0 tcontext=u:object_r:sysfs:s0 tclass=dir permissive=0
01-01 11:57:57.816 576 576 I auditd : type=1400 audit(0.0:141): avc: denied { read } for comm="Binder:576_1" name="wakeup59" dev="sysfs" ino=77367 scontext=u:r:system_suspend:s0 tcontext=u:object_r:sysfs:s0 tclass=dir permissive=0
01-01 11:57:57.816 576 576 W Binder:576_1: type=1400 audit(0.0:141): avc: denied { read } for name="wakeup59" dev="sysfs" ino=77367 scontext=u:r:system_suspend:s0 tcontext=u:object_r:sysfs:s0 tclass=dir permissive=0
01-01 11:57:57.819 576 581 E android.system.suspend@1.0-service: Error opening kernel wakelock stats for: wakeup79: Permission denied
01-01 11:57:57.819 576 581 E android.system.suspend@1.0-service: Error opening kernel wakelock stats for: wakeup40: Permission denied
01-01 11:57:57.820 576 581 E android.system.suspend@1.0-service: Error opening kernel wakelock stats for: wakeup30: Permission denied
01-01 11:57:57.820 576 581 E android.system.suspend@1.0-service: Error opening kernel wakelock stats for: wakeup59: Permission denied
01-01 11:57:57.824 576 576 I auditd : type=1400 audit(0.0:142): avc: denied { read } for comm="Binder:576_1" name="wakeup49" dev="sysfs" ino=72840 scontext=u:r:system_suspend:s0 tcontext=u:object_r:sysfs:s0 tclass=dir permissive=0
01-01 11:57:57.824 576 576 W Binder:576_1: type=1400 audit(0.0:142): avc: denied { read } for name="wakeup49" dev="sysfs" ino=72840 scontext=u:r:system_suspend:s0 tcontext=u:object_r:sysfs:s0 tclass=dir permissive=0
01-01 11:57:57.824 576 576 I auditd : type=1400 audit(0.0:143): avc: denied { read } for comm="Binder:576_1" name="wakeup5" dev="sysfs" ino=47177 scontext=u:r:system_suspend:s0 tcontext=u:object_r:sysfs:s0 tclass=dir permissive=0
01-01 11:57:57.824 576 576 W Binder:576_1: type=1400 audit(0.0:143): avc: denied { read } for name="wakeup5" dev="sysfs" ino=47177 scontext=u:r:system_suspend:s0 tcontext=u:object_r:sysfs:s0 tclass=dir permissive=0
01-01 11:57:57.824 576 576 I auditd : type=1400 audit(0.0:144): avc: denied { read } for comm="Binder:576_1" name="wakeup39" dev="sysfs" ino=67392 scontext=u:r:system_suspend:s0 tcontext=u:object_r:sysfs:s0 tclass=dir permissive=0
01-01 11:57:57.824 576 576 W Binder:576_1: type=1400 audit(0.0:144): avc: denied { read } for name="wakeup39" dev="sysfs" ino=67392 scontext=u:r:system_suspend:s0 tcontext=u:object_r:sysfs:s0 tclass=dir permissive=0
01-01 11:57:57.828 576 581 E android.system.suspend@1.0-service: Error opening kernel wakelock stats for: wakeup49: Permission denied
01-01 11:57:57.828 576 581 E android.system.suspend@1.0-service: Error opening kernel wakelock stats for: wakeup5: Permission denied
01-01 11:57:57.829 576 581 E android.system.suspend@1.0-service: Error opening kernel wakelock stats for: wakeup39: Permission denied
01-01 11:57:57.831 576 581 E android.system.suspend@1.0-service: Error opening kernel wakelock stats for: wakeup29: Permission denied
01-01 11:57:57.831 576 581 E android.system.suspend@1.0-service: Error opening kernel wakelock stats for: wakeup57: Permission denied
01-01 11:57:57.832 2363 2363 D AppOps : AppOpsService published
01-01 11:57:57.824 576 576 I auditd : type=1400 audit(0.0:145): avc: denied { read } for comm="Binder:576_1" name="wakeup29" dev="sysfs" ino=56694 scontext=u:r:system_suspend:s0 tcontext=u:object_r:sysfs:s0 tclass=dir permissive=0
01-01 11:57:57.824 576 576 W Binder:576_1: type=1400 audit(0.0:145): avc: denied { read } for name="wakeup29" dev="sysfs" ino=56694 scontext=u:r:system_suspend:s0 tcontext=u:object_r:sysfs:s0 tclass=dir permissive=0
01-01 11:57:57.824 576 576 I auditd : type=1400 audit(0.0:146): avc: denied { read } for comm="Binder:576_1" name="wakeup57" dev="sysfs" ino=77295 scontext=u:r:system_suspend:s0 tcontext=u:object_r:sysfs:s0 tclass=dir permissive=0
01-01 11:57:57.824 576 576 W Binder:576_1: type=1400 audit(0.0:146): avc: denied { read } for name="wakeup57" dev="sysfs" ino=77295 scontext=u:r:system_suspend:s0 tcontext=u:object_r:sysfs:s0 tclass=dir permissive=0
01-01 11:57:57.833 2363 2363 D SystemServerTiming: StartActivityManager took to complete: 119ms
01-01 11:57:57.832 576 576 I auditd : type=1400 audit(0.0:147): avc: denied { read } for comm="Binder:576_1" name="wakeup19" dev="sysfs" ino=56014 scontext=u:r:system_suspend:s0 tcontext=u:object_r:sysfs:s0 tclass=dir permissive=0
01-01 11:57:57.832 576 576 W Binder:576_1: type=1400 audit(0.0:147): avc: denied { read } for name="wakeup19" dev="sysfs" ino=56014 scontext=u:r:system_suspend:s0 tcontext=u:object_r:sysfs:s0 tclass=dir permissive=0
01-01 11:57:57.834 2363 2363 I SystemServerTiming: StartDataLoaderManagerService
01-01 11:57:57.834 2363 2363 I SystemServiceManager: Starting com.android.server.pm.DataLoaderManagerService
01-01 11:57:57.836 576 581 E android.system.suspend@1.0-service: Error opening kernel wakelock stats for: wakeup19: Permission denied
01-01 11:57:57.838 2363 2363 D SystemServerTiming: StartDataLoaderManagerService took to complete: 4ms
01-01 11:57:57.838 2363 2363 I SystemServerTiming: StartIncrementalService
01-01 11:57:57.836 576 576 I auditd : type=1400 audit(0.0:148): avc: denied { read } for comm="Binder:576_1" name="wakeup37" dev="sysfs" ino=66953 scontext=u:r:system_suspend:s0 tcontext=u:object_r:sysfs:s0 tclass=dir permissive=0
01-01 11:57:57.836 576 576 W Binder:576_1: type=1400 audit(0.0:148): avc: denied { read } for name="wakeup37" dev="sysfs" ino=66953 scontext=u:r:system_suspend:s0 tcontext=u:object_r:sysfs:s0 tclass=dir permissive=0
01-01 11:57:57.844 576 581 E android.system.suspend@1.0-service: Error opening kernel wakelock stats for: wakeup27: Permission denied
01-01 11:57:57.844 576 581 E android.system.suspend@1.0-service: Error opening kernel wakelock stats for: wakeup55: Permission denied
01-01 11:57:57.840 576 576 I auditd : type=1400 audit(0.0:150): avc: denied { read } for comm="Binder:576_1" name="wakeup55" dev="sysfs" ino=77223 scontext=u:r:system_suspend:s0 tcontext=u:object_r:sysfs:s0 tclass=dir permissive=0
01-01 11:57:57.840 576 576 W Binder:576_1: type=1400 audit(0.0:150): avc: denied { read } for name="wakeup55" dev="sysfs" ino=77223 scontext=u:r:system_suspend:s0 tcontext=u:object_r:sysfs:s0 tclass=dir permissive=0
01-01 11:57:57.844 576 576 I auditd : type=1400 audit(0.0:151): avc: denied { read } for comm="Binder:576_1" name="wakeup17" dev="sysfs" ino=55938 scontext=u:r:system_suspend:s0 tcontext=u:object_r:sysfs:s0 tclass=dir permissive=0
01-01 11:57:57.844 576 576 W Binder:576_1: type=1400 audit(0.0:151): avc: denied { read } for name="wakeup17" dev="sysfs" ino=55938 scontext=u:r:system_suspend:s0 tcontext=u:object_r:sysfs:s0 tclass=dir permissive=0
01-01 11:57:57.844 576 576 I auditd : type=1400 audit(0.0:152): avc: denied { read } for comm="Binder:576_1" name="wakeup45" dev="sysfs" ino=71623 scontext=u:r:system_suspend:s0 tcontext=u:object_r:sysfs:s0 tclass=dir permissive=0
01-01 11:57:57.844 576 576 W Binder:576_1: type=1400 audit(0.0:152): avc: denied { read } for name="wakeup45" dev="sysfs" ino=71623 scontext=u:r:system_suspend:s0 tcontext=u:object_r:sysfs:s0 tclass=dir permissive=0
01-01 11:57:57.844 576 576 I auditd : type=1400 audit(0.0:153): avc: denied { read } for comm="Binder:576_1" name="wakeup1" dev="sysfs" ino=43905 scontext=u:r:system_suspend:s0 tcontext=u:object_r:sysfs:s0 tclass=dir permissive=0
01-01 11:57:57.844 576 576 W Binder:576_1: type=1400 audit(0.0:153): avc: denied { read } for name="wakeup1" dev="sysfs" ino=43905 scontext=u:r:system_suspend:s0 tcontext=u:object_r:sysfs:s0 tclass=dir permissive=0
01-01 11:57:57.848 576 576 I auditd : type=1400 audit(0.0:154): avc: denied { read } for comm="Binder:576_1" name="wakeup63" dev="sysfs" ino=77523 scontext=u:r:system_suspend:s0 tcontext=u:object_r:sysfs:s0 tclass=dir permissive=0
01-01 11:57:57.848 576 576 W Binder:576_1: type=1400 audit(0.0:154): avc: denied { read } for name="wakeup63" dev="sysfs" ino=77523 scontext=u:r:system_suspend:s0 tcontext=u:object_r:sysfs:s0 tclass=dir permissive=0
01-01 11:57:57.848 576 576 I auditd : type=1400 audit(0.0:155): avc: denied { read } for comm="Binder:576_1" name="wakeup25" dev="sysfs" ino=56348 scontext=u:r:system_suspend:s0 tcontext=u:object_r:sysfs:s0 tclass=dir permissive=0
01-01 11:57:57.848 576 576 W Binder:576_1: type=1400 audit(0.0:155): avc: denied { read } for name="wakeup25" dev="sysfs" ino=56348 scontext=u:r:system_suspend:s0 tcontext=u:object_r:sysfs:s0 tclass=dir permissive=0
01-01 11:57:57.848 576 576 I auditd : type=1400 audit(0.0:156): avc: denied { read } for comm="Binder:576_1" name="wakeup53" dev="sysfs" ino=77151 scontext=u:r:system_suspend:s0 tcontext=u:object_r:sysfs:s0 tclass=dir permissive=0
01-01 11:57:57.848 576 576 W Binder:576_1: type=1400 audit(0.0:156): avc: denied { read } for name="wakeup53" dev="sysfs" ino=77151 scontext=u:r:system_suspend:s0 tcontext=u:object_r:sysfs:s0 tclass=dir permissive=0
01-01 11:57:57.848 576 576 I auditd : type=1400 audit(0.0:157): avc: denied { read } for comm="Binder:576_1" name="wakeup81" dev="sysfs" ino=82797 scontext=u:r:system_suspend:s0 tcontext=u:object_r:sysfs:s0 tclass=dir permissive=0
01-01 11:57:57.848 576 576 W Binder:576_1: type=1400 audit(0.0:157): avc: denied { read } for name="wakeup81" dev="sysfs" ino=82797 scontext=u:r:system_suspend:s0 tcontext=u:object_r:sysfs:s0 tclass=dir permissive=0
01-01 11:57:57.848 576 576 I auditd : type=1400 audit(0.0:158): avc: denied { read } for comm="Binder:576_1" name="wakeup15" dev="sysfs" ino=55838 scontext=u:r:system_suspend:s0 tcontext=u:object_r:sysfs:s0 tclass=dir permissive=0
01-01 11:57:57.848 576 576 W Binder:576_1: type=1400 audit(0.0:158): avc: denied { read } for name="wakeup15" dev="sysfs" ino=55838 scontext=u:r:system_suspend:s0 tcontext=u:object_r:sysfs:s0 tclass=dir permissive=0
01-01 11:57:57.848 576 581 E android.system.suspend@1.0-service: Error opening kernel wakelock stats for: wakeup17: Permission denied
01-01 11:57:57.848 576 581 E android.system.suspend@1.0-service: Error opening kernel wakelock stats for: wakeup45: Permission denied
01-01 11:57:57.848 576 581 E android.system.suspend@1.0-service: Error opening kernel wakelock stats for: wakeup1: Permission denied
01-01 11:57:57.850 2363 2363 I incfs-mounts: [incfs] Loaded incremental-fs mount info: 0 instances, 0 mount points
01-01 11:57:57.851 2363 2363 D SystemServerTiming: StartIncrementalService took to complete: 13ms
01-01 11:57:57.851 576 581 E android.system.suspend@1.0-service: Error opening kernel wakelock stats for: wakeup63: Permission denied
01-01 11:57:57.851 2363 2363 I SystemServerTiming: StartPowerManager
01-01 11:57:57.851 2363 2363 I SystemServiceManager: Starting com.android.server.power.PowerManagerService
01-01 11:57:57.853 576 581 E android.system.suspend@1.0-service: Error opening kernel wakelock stats for: wakeup25: Permission denied
01-01 11:57:57.853 576 581 E android.system.suspend@1.0-service: Error opening kernel wakelock stats for: wakeup53: Permission denied
01-01 11:57:57.853 576 581 E android.system.suspend@1.0-service: Error opening kernel wakelock stats for: wakeup81: Permission denied
01-01 11:57:57.853 576 581 E android.system.suspend@1.0-service: Error opening kernel wakelock stats for: wakeup15: Permission denied
01-01 11:57:57.855 576 581 E android.system.suspend@1.0-service: Error opening kernel wakelock stats for: wakeup33: Permission denied
01-01 11:57:57.855 576 581 E android.system.suspend@1.0-service: Error opening kernel wakelock stats for: wakeup61: Permission denied
01-01 11:57:57.855 576 581 E android.system.suspend@1.0-service: Error opening kernel wakelock stats for: wakeup23: Permission denied
01-01 11:57:57.856 576 581 E android.system.suspend@1.0-service: Error opening kernel wakelock stats for: wakeup51: Permission denied
01-01 11:57:57.856 576 581 E android.system.suspend@1.0-service: Error opening kernel wakelock stats for: wakeup8: Permission denied
01-01 11:57:57.856 576 581 E android.system.suspend@1.0-service: Error opening kernel wakelock stats for: wakeup13: Permission denied
01-01 11:57:57.856 576 581 E android.system.suspend@1.0-service: Error opening kernel wakelock stats for: wakeup41: Permission denied
01-01 11:57:57.856 576 581 E android.system.suspend@1.0-service: Error opening kernel wakelock stats for: wakeup31: Permission denied
01-01 11:57:57.858 576 581 E android.system.suspend@1.0-service: Error opening kernel wakelock stats for: wakeup21: Permission denied
01-01 11:57:57.858 576 581 E android.system.suspend@1.0-service: Error opening kernel wakelock stats for: wakeup6: Permission denied
01-01 11:57:57.859 576 581 E android.system.suspend@1.0-service: Error opening kernel wakelock stats for: wakeup11: Permission denied
01-01 11:57:57.862 2363 2401 W KernelMemoryBandwidthStats: No kernel memory bandwidth stats available
01-01 11:57:57.848 576 576 I auditd : type=1400 audit(0.0:159): avc: denied { read } for comm="Binder:576_1" name="wakeup33" dev="sysfs" ino=60832 scontext=u:r:system_suspend:s0 tcontext=u:object_r:sysfs:s0 tclass=dir permissive=0
01-01 11:57:57.848 576 576 W Binder:576_1: type=1400 audit(0.0:159): avc: denied { read } for name="wakeup33" dev="sysfs" ino=60832 scontext=u:r:system_suspend:s0 tcontext=u:object_r:sysfs:s0 tclass=dir permissive=0
01-01 11:57:57.852 576 576 I auditd : type=1400 audit(0.0:160): avc: denied { read } for comm="Binder:576_1" name="wakeup61" dev="sysfs" ino=77451 scontext=u:r:system_suspend:s0 tcontext=u:object_r:sysfs:s0 tclass=dir permissive=0
01-01 11:57:57.852 576 576 W Binder:576_1: type=1400 audit(0.0:160): avc: denied { read } for name="wakeup61" dev="sysfs" ino=77451 scontext=u:r:system_suspend:s0 tcontext=u:object_r:sysfs:s0 tclass=dir permissive=0
