01-01 11:58:05.499 506 506 I hwservicemanager: Since android.frameworks.sensorservice@1.0::ISensorManager/default is not registered, trying to start it as a lazy HAL.
01-01 11:58:05.500 1447 1447 I HidlServiceManagement: getService: Trying again for android.frameworks.sensorservice@1.0::ISensorManager/default...
01-01 11:58:05.517 506 2477 W libc : Unable to set property "ctl.interface_start" to "android.frameworks.sensorservice@1.0::ISensorManager/default": error code: 0x20
01-01 11:58:05.518 506 2477 I hwservicemanager: Tried to start android.frameworks.sensorservice@1.0::ISensorManager/default as a lazy service, but was unable to. Usually this happens when a service is not installed, but if the service is intended to be used as a lazy service, then it may be configured incorrectly.
01-01 11:58:05.500 0 0 E init : Control message: Could not find 'android.frameworks.sensorservice@1.0::ISensorManager/default' for ctl.interface_start from pid: 506 (/system/bin/hwservicemanager)
01-01 11:58:05.547 0 0 D : mv2112_read_status
01-01 11:58:05.547 0 0 D mv2112_update_link: 3.0x901(1G): 0x84
01-01 11:58:05.547 0 0 D mv2112_update_link: 3.0x8109(100M): 0xc
01-01 11:58:05.547 0 0 D mv2112_update_link: link 0x4
01-01 11:58:05.547 0 0 D mv2112_read_status: autoneg is disabled
01-01 11:58:05.897 2363 2363 W ServiceManager: Waited one second for android.hardware.light.ILights/default (is service started? are binder threads started and available?)
01-01 11:58:05.897 505 505 I servicemanager: Since 'android.hardware.light.ILights/default' could not be found, trying to start it as a lazy AIDL service
01-01 11:58:05.898 0 0 E init : Control message: Could not find 'aidl/android.hardware.light.ILights/default' for ctl.interface_start from pid: 505 (/system/bin/servicemanager)
01-01 11:58:05.913 505 2478 W libc : Unable to set property "ctl.interface_start" to "aidl/android.hardware.light.ILights/default": error code: 0x20
01-01 11:58:05.913 505 2478 I servicemanager: Tried to start aidl service android.hardware.light.ILights/default as a lazy service, but was unable to. Usually this happens when a service is not installed, but if the service is intended to be used as a lazy service, then it may be configured incorrectly.
01-01 11:58:05.919 1218 1218 W ServiceManager: Service package_native didn't start. Returning NULL
01-01 11:58:05.919 1218 1218 E iorapd : Cannot get package manager service!
01-01 11:58:06.138 655 668 I mpu_uart: [MSG-P:RECV]:No message received in 1000 ms
01-01 11:58:06.163 655 667 I mpu_uart: [MSG-P:R]:recv sync frame timeout
01-01 11:58:06.484 1447 1486 W HidlServiceManagement: Waited one second for android.frameworks.sensorservice@1.0::ISensorManager/default
01-01 11:58:06.484 506 506 I hwservicemanager: Since android.frameworks.sensorservice@1.0::ISensorManager/default is not registered, trying to start it as a lazy HAL.
01-01 11:58:06.485 1447 1486 I HidlServiceManagement: getService: Trying again for android.frameworks.sensorservice@1.0::ISensorManager/default...
01-01 11:58:06.500 1447 1447 W HidlServiceManagement: Waited one second for android.frameworks.sensorservice@1.0::ISensorManager/default
01-01 11:58:06.500 506 506 I hwservicemanager: Since android.frameworks.sensorservice@1.0::ISensorManager/default is not registered, trying to start it as a lazy HAL.
01-01 11:58:06.500 1447 1447 I HidlServiceManagement: getService: Trying again for android.frameworks.sensorservice@1.0::ISensorManager/default...
01-01 11:58:06.486 0 0 E init : Control message: Could not find 'android.frameworks.sensorservice@1.0::ISensorManager/default' for ctl.interface_start from pid: 506 (/system/bin/hwservicemanager)
01-01 11:58:06.504 0 0 E init : Control message: Could not find 'android.frameworks.sensorservice@1.0::ISensorManager/default' for ctl.interface_start from pid: 506 (/system/bin/hwservicemanager)
01-01 11:58:06.503 506 2479 W libc : Unable to set property "ctl.interface_start" to "android.frameworks.sensorservice@1.0::ISensorManager/default": error code: 0x20
01-01 11:58:06.503 506 2479 I hwservicemanager: Tried to start android.frameworks.sensorservice@1.0::ISensorManager/default as a lazy service, but was unable to. Usually this happens when a service is not installed, but if the service is intended to be used as a lazy service, then it may be configured incorrectly.
01-01 11:58:06.520 506 2480 W libc : Unable to set property "ctl.interface_start" to "android.frameworks.sensorservice@1.0::ISensorManager/default": error code: 0x20
01-01 11:58:06.520 506 2480 I hwservicemanager: Tried to start android.frameworks.sensorservice@1.0::ISensorManager/default as a lazy service, but was unable to. Usually this happens when a service is not installed, but if the service is intended to be used as a lazy service, then it may be configured incorrectly.
01-01 11:58:06.571 0 0 D : mv2112_read_status
01-01 11:58:06.571 0 0 D mv2112_update_link: 3.0x901(1G): 0x84
01-01 11:58:06.571 0 0 D mv2112_update_link: 3.0x8109(100M): 0xc
01-01 11:58:06.571 0 0 D mv2112_update_link: link 0x4
01-01 11:58:06.571 0 0 D mv2112_read_status: autoneg is disabled
01-01 11:58:06.764 1464 1464 I update_engine: [INFO:cleanup_previous_update_action.cc(112)] Executing task 42
01-01 11:58:06.765 1464 1464 I update_engine: [INFO:cleanup_previous_update_action.cc(124)] CleanupPreviousUpdateAction scheduled task ID 43 for WaitBootCompleted
01-01 11:58:06.897 2363 2363 W ServiceManager: Waited one second for android.hardware.light.ILights/default (is service started? are binder threads started and available?)
01-01 11:58:06.897 505 505 I servicemanager: Since 'android.hardware.light.ILights/default' could not be found, trying to start it as a lazy AIDL service
01-01 11:58:06.899 0 0 E init : Control message: Could not find 'aidl/android.hardware.light.ILights/default' for ctl.interface_start from pid: 505 (/system/bin/servicemanager)
01-01 11:58:06.914 505 2481 W libc : Unable to set property "ctl.interface_start" to "aidl/android.hardware.light.ILights/default": error code: 0x20
01-01 11:58:06.914 505 2481 I servicemanager: Tried to start aidl service android.hardware.light.ILights/default as a lazy service, but was unable to. Usually this happens when a service is not installed, but if the service is intended to be used as a lazy service, then it may be configured incorrectly.
01-01 11:58:06.919 1218 1218 W iorapd : Reconnect to package manager service: 15 times
01-01 11:58:06.919 1218 1218 I ServiceManager: Waiting for service 'package_native' on '/dev/binder'...
01-01 11:58:07.138 655 668 I mpu_uart: [MSG-P:RECV]:No message received in 1000 ms
01-01 11:58:07.485 1447 1486 W HidlServiceManagement: Waited one second for android.frameworks.sensorservice@1.0::ISensorManager/default
01-01 11:58:07.485 506 506 I hwservicemanager: Since android.frameworks.sensorservice@1.0::ISensorManager/default is not registered, trying to start it as a lazy HAL.
01-01 11:58:07.485 1447 1486 I HidlServiceManagement: getService: Trying again for android.frameworks.sensorservice@1.0::ISensorManager/default...
01-01 11:58:07.500 1447 1447 W HidlServiceManagement: Waited one second for android.frameworks.sensorservice@1.0::ISensorManager/default
01-01 11:58:07.501 506 506 I hwservicemanager: Since android.frameworks.sensorservice@1.0::ISensorManager/default is not registered, trying to start it as a lazy HAL.
01-01 11:58:07.501 1447 1447 I HidlServiceManagement: getService: Trying again for android.frameworks.sensorservice@1.0::ISensorManager/default...
01-01 11:58:07.486 0 0 E init : Control message: Could not find 'android.frameworks.sensorservice@1.0::ISensorManager/default' for ctl.interface_start from pid: 506 (/system/bin/hwservicemanager)
01-01 11:58:07.504 0 0 E init : Control message: Could not find 'android.frameworks.sensorservice@1.0::ISensorManager/default' for ctl.interface_start from pid: 506 (/system/bin/hwservicemanager)
01-01 11:58:07.518 506 2482 W libc : Unable to set property "ctl.interface_start" to "android.frameworks.sensorservice@1.0::ISensorManager/default": error code: 0x20
01-01 11:58:07.518 506 2482 I hwservicemanager: Tried to start android.frameworks.sensorservice@1.0::ISensorManager/default as a lazy service, but was unable to. Usually this happens when a service is not installed, but if the service is intended to be used as a lazy service, then it may be configured incorrectly.
01-01 11:58:07.520 506 2483 W libc : Unable to set property "ctl.interface_start" to "android.frameworks.sensorservice@1.0::ISensorManager/default": error code: 0x20
01-01 11:58:07.521 506 2483 I hwservicemanager: Tried to start android.frameworks.sensorservice@1.0::ISensorManager/default as a lazy service, but was unable to. Usually this happens when a service is not installed, but if the service is intended to be used as a lazy service, then it may be configured incorrectly.
01-01 11:58:07.595 0 0 D : mv2112_read_status
01-01 11:58:07.595 0 0 D mv2112_update_link: 3.0x901(1G): 0x84
01-01 11:58:07.595 0 0 D mv2112_update_link: 3.0x8109(100M): 0xc
01-01 11:58:07.595 0 0 D mv2112_update_link: link 0x4
01-01 11:58:07.595 0 0 D mv2112_read_status: autoneg is disabled
01-01 11:58:07.898 2363 2363 W ServiceManager: Waited one second for android.hardware.light.ILights/default (is service started? are binder threads started and available?)
01-01 11:58:07.898 505 505 I servicemanager: Since 'android.hardware.light.ILights/default' could not be found, trying to start it as a lazy AIDL service
01-01 11:58:07.900 0 0 E init : Control message: Could not find 'aidl/android.hardware.light.ILights/default' for ctl.interface_start from pid: 505 (/system/bin/servicemanager)
01-01 11:58:07.915 505 2484 W libc : Unable to set property "ctl.interface_start" to "aidl/android.hardware.light.ILights/default": error code: 0x20
01-01 11:58:07.915 505 2484 I servicemanager: Tried to start aidl service android.hardware.light.ILights/default as a lazy service, but was unable to. Usually this happens when a service is not installed, but if the service is intended to be used as a lazy service, then it may be configured incorrectly.
01-01 11:58:08.138 655 668 I mpu_uart: [MSG-P:RECV]:No message received in 1000 ms
01-01 11:58:08.485 1447 1486 W HidlServiceManagement: Waited one second for android.frameworks.sensorservice@1.0::ISensorManager/default
01-01 11:58:08.486 506 506 I hwservicemanager: Since android.frameworks.sensorservice@1.0::ISensorManager/default is not registered, trying to start it as a lazy HAL.
01-01 11:58:08.486 1447 1486 I HidlServiceManagement: getService: Trying again for android.frameworks.sensorservice@1.0::ISensorManager/default...
01-01 11:58:08.504 1447 1447 W HidlServiceManagement: Waited one second for android.frameworks.sensorservice@1.0::ISensorManager/default
01-01 11:58:08.487 0 0 E init : Control message: Could not find 'android.frameworks.sensorservice@1.0::ISensorManager/default' for ctl.interface_start from pid: 506 (/system/bin/hwservicemanager)
01-01 11:58:08.504 506 2485 W libc : Unable to set property "ctl.interface_start" to "android.frameworks.sensorservice@1.0::ISensorManager/default": error code: 0x20
01-01 11:58:08.504 506 506 I hwservicemanager: Since android.frameworks.sensorservice@1.0::ISensorManager/default is not registered, trying to start it as a lazy HAL.
01-01 11:58:08.504 506 2485 I hwservicemanager: Tried to start android.frameworks.sensorservice@1.0::ISensorManager/default as a lazy service, but was unable to. Usually this happens when a service is not installed, but if the service is intended to be used as a lazy service, then it may be configured incorrectly.
01-01 11:58:08.505 1447 1447 I HidlServiceManagement: getService: Trying again for android.frameworks.sensorservice@1.0::ISensorManager/default...
01-01 11:58:08.505 0 0 E init : Control message: Could not find 'android.frameworks.sensorservice@1.0::ISensorManager/default' for ctl.interface_start from pid: 506 (/system/bin/hwservicemanager)
01-01 11:58:08.522 506 2486 W libc : Unable to set property "ctl.interface_start" to "android.frameworks.sensorservice@1.0::ISensorManager/default": error code: 0x20
01-01 11:58:08.522 506 2486 I hwservicemanager: Tried to start android.frameworks.sensorservice@1.0::ISensorManager/default as a lazy service, but was unable to. Usually this happens when a service is not installed, but if the service is intended to be used as a lazy service, then it may be configured incorrectly.
01-01 11:58:08.619 0 0 D : mv2112_read_status
01-01 11:58:08.619 0 0 D mv2112_update_link: 3.0x901(1G): 0x84
01-01 11:58:08.619 0 0 D mv2112_update_link: 3.0x8109(100M): 0xc
01-01 11:58:08.619 0 0 D mv2112_update_link: link 0x4
01-01 11:58:08.619 0 0 D mv2112_read_status: autoneg is disabled
01-01 11:58:08.766 1464 1464 I update_engine: [INFO:cleanup_previous_update_action.cc(112)] Executing task 43
01-01 11:58:08.766 1464 1464 I update_engine: [INFO:cleanup_previous_update_action.cc(124)] CleanupPreviousUpdateAction scheduled task ID 44 for WaitBootCompleted
01-01 11:58:08.899 2363 2363 W ServiceManager: Waited one second for android.hardware.light.ILights/default (is service started? are binder threads started and available?)
01-01 11:58:08.899 505 505 I servicemanager: Since 'android.hardware.light.ILights/default' could not be found, trying to start it as a lazy AIDL service
01-01 11:58:08.900 505 2487 W libc : Unable to set property "ctl.interface_start" to "aidl/android.hardware.light.ILights/default": error code: 0x20
01-01 11:58:08.900 505 2487 I servicemanager: Tried to start aidl service android.hardware.light.ILights/default as a lazy service, but was unable to. Usually this happens when a service is not installed, but if the service is intended to be used as a lazy service, then it may be configured incorrectly.
01-01 11:58:09.138 655 668 I mpu_uart: [MSG-P:RECV]:No message received in 1000 ms
01-01 11:58:09.166 655 667 I mpu_uart: [MSG-P:R]:recv sync frame timeout
01-01 11:58:09.486 1447 1486 W HidlServiceManagement: Waited one second for android.frameworks.sensorservice@1.0::ISensorManager/default
01-01 11:58:09.486 506 506 I hwservicemanager: Since android.frameworks.sensorservice@1.0::ISensorManager/default is not registered, trying to start it as a lazy HAL.
01-01 11:58:09.487 1447 1486 I HidlServiceManagement: getService: Trying again for android.frameworks.sensorservice@1.0::ISensorManager/default...
01-01 11:58:09.488 506 2488 W libc : Unable to set property "ctl.interface_start" to "android.frameworks.sensorservice@1.0::ISensorManager/default": error code: 0x20
01-01 11:58:09.488 506 2488 I hwservicemanager: Tried to start android.frameworks.sensorservice@1.0::ISensorManager/default as a lazy service, but was unable to. Usually this happens when a service is not installed, but if the service is intended to be used as a lazy service, then it may be configured incorrectly.
01-01 11:58:09.505 1447 1447 W HidlServiceManagement: Waited one second for android.frameworks.sensorservice@1.0::ISensorManager/default
01-01 11:58:09.505 506 506 I hwservicemanager: Since android.frameworks.sensorservice@1.0::ISensorManager/default is not registered, trying to start it as a lazy HAL.
01-01 11:58:09.505 1447 1447 I HidlServiceManagement: getService: Trying again for android.frameworks.sensorservice@1.0::ISensorManager/default...
01-01 11:58:09.507 506 2489 W libc : Unable to set property "ctl.interface_start" to "android.frameworks.sensorservice@1.0::ISensorManager/default": error code: 0x20
01-01 11:58:09.507 506 2489 I hwservicemanager: Tried to start android.frameworks.sensorservice@1.0::ISensorManager/default as a lazy service, but was unable to. Usually this happens when a service is not installed, but if the service is intended to be used as a lazy service, then it may be configured incorrectly.
01-01 11:58:09.643 0 0 D : mv2112_read_status
01-01 11:58:09.643 0 0 D mv2112_update_link: 3.0x901(1G): 0x84
01-01 11:58:09.643 0 0 D mv2112_update_link: 3.0x8109(100M): 0xc
01-01 11:58:09.643 0 0 D mv2112_update_link: link 0x4
01-01 11:58:09.643 0 0 D mv2112_read_status: autoneg is disabled
01-01 11:58:09.899 2363 2363 W ServiceManager: Waited one second for android.hardware.light.ILights/default (is service started? are binder threads started and available?)
01-01 11:58:09.900 505 505 I servicemanager: Since 'android.hardware.light.ILights/default' could not be found, trying to start it as a lazy AIDL service
01-01 11:58:09.901 505 2490 W libc : Unable to set property "ctl.interface_start" to "aidl/android.hardware.light.ILights/default": error code: 0x20
01-01 11:58:09.901 505 2490 I servicemanager: Tried to start aidl service android.hardware.light.ILights/default as a lazy service, but was unable to. Usually this happens when a service is not installed, but if the service is intended to be used as a lazy service, then it may be configured incorrectly.
01-01 11:58:10.138 655 668 I mpu_uart: [MSG-P:RECV]:No message received in 1000 ms
01-01 11:58:10.487 1447 1486 W HidlServiceManagement: Waited one second for android.frameworks.sensorservice@1.0::ISensorManager/default
01-01 11:58:10.487 506 506 I hwservicemanager: Since android.frameworks.sensorservice@1.0::ISensorManager/default is not registered, trying to start it as a lazy HAL.
01-01 11:58:10.488 1447 1486 I HidlServiceManagement: getService: Trying again for android.frameworks.sensorservice@1.0::ISensorManager/default...
01-01 11:58:10.489 506 2491 W libc : Unable to set property "ctl.interface_start" to "android.frameworks.sensorservice@1.0::ISensorManager/default": error code: 0x20
01-01 11:58:10.489 506 2491 I hwservicemanager: Tried to start android.frameworks.sensorservice@1.0::ISensorManager/default as a lazy service, but was unable to. Usually this happens when a service is not installed, but if the service is intended to be used as a lazy service, then it may be configured incorrectly.
01-01 11:58:10.505 1447 1447 W HidlServiceManagement: Waited one second for android.frameworks.sensorservice@1.0::ISensorManager/default
01-01 11:58:10.506 506 506 I hwservicemanager: Since android.frameworks.sensorservice@1.0::ISensorManager/default is not registered, trying to start it as a lazy HAL.
01-01 11:58:10.506 1447 1447 I HidlServiceManagement: getService: Trying again for android.frameworks.sensorservice@1.0::ISensorManager/default...
01-01 11:58:10.507 0 0 E init : Control message: Could not find 'android.frameworks.sensorservice@1.0::ISensorManager/default' for ctl.interface_start from pid: 506 (/system/bin/hwservicemanager)
01-01 11:58:10.524 506 2492 W libc : Unable to set property "ctl.interface_start" to "android.frameworks.sensorservice@1.0::ISensorManager/default": error code: 0x20
01-01 11:58:10.524 506 2492 I hwservicemanager: Tried to start android.frameworks.sensorservice@1.0::ISensorManager/default as a lazy service, but was unable to. Usually this happens when a service is not installed, but if the service is intended to be used as a lazy service, then it may be configured incorrectly.
01-01 11:58:10.667 0 0 D : mv2112_read_status
01-01 11:58:10.667 0 0 D mv2112_update_link: 3.0x901(1G): 0x84
01-01 11:58:10.667 0 0 D mv2112_update_link: 3.0x8109(100M): 0xc
01-01 11:58:10.667 0 0 D mv2112_update_link: link 0x4
01-01 11:58:10.667 0 0 D mv2112_read_status: autoneg is disabled
01-01 11:58:10.768 1464 1464 I update_engine: [INFO:cleanup_previous_update_action.cc(112)] Executing task 44
01-01 11:58:10.768 1464 1464 I update_engine: [INFO:cleanup_previous_update_action.cc(124)] CleanupPreviousUpdateAction scheduled task ID 45 for WaitBootCompleted
01-01 11:58:10.900 2363 2363 W ServiceManager: Waited one second for android.hardware.light.ILights/default (is service started? are binder threads started and available?)
01-01 11:58:10.900 505 505 I servicemanager: Since 'android.hardware.light.ILights/default' could not be found, trying to start it as a lazy AIDL service
01-01 11:58:10.901 0 0 E init : Control message: Could not find 'aidl/android.hardware.light.ILights/default' for ctl.interface_start from pid: 505 (/system/bin/servicemanager)
01-01 11:58:10.916 505 2493 W libc : Unable to set property "ctl.interface_start" to "aidl/android.hardware.light.ILights/default": error code: 0x20
01-01 11:58:10.916 505 2493 I servicemanager: Tried to start aidl service android.hardware.light.ILights/default as a lazy service, but was unable to. Usually this happens when a service is not installed, but if the service is intended to be used as a lazy service, then it may be configured incorrectly.
01-01 11:58:11.139 655 668 I mpu_uart: [MSG-P:RECV]:No message received in 1000 ms
01-01 11:58:11.488 1447 1486 W HidlServiceManagement: Waited one second for android.frameworks.sensorservice@1.0::ISensorManager/default
01-01 11:58:11.488 506 506 I hwservicemanager: Since android.frameworks.sensorservice@1.0::ISensorManager/default is not registered, trying to start it as a lazy HAL.
01-01 11:58:11.488 1447 1486 I HidlServiceManagement: getService: Trying again for android.frameworks.sensorservice@1.0::ISensorManager/default...
01-01 11:58:11.489 0 0 E init : Control message: Could not find 'android.frameworks.sensorservice@1.0::ISensorManager/default' for ctl.interface_start from pid: 506 (/system/bin/hwservicemanager)
01-01 11:58:11.506 506 2494 W libc : Unable to set property "ctl.interface_start" to "android.frameworks.sensorservice@1.0::ISensorManager/default": error code: 0x20
01-01 11:58:11.506 1447 1447 W HidlServiceManagement: Waited one second for android.frameworks.sensorservice@1.0::ISensorManager/default
01-01 11:58:11.506 506 2494 I hwservicemanager: Tried to start android.frameworks.sensorservice@1.0::ISensorManager/default as a lazy service, but was unable to. Usually this happens when a service is not installed, but if the service is intended to be used as a lazy service, then it may be configured incorrectly.
01-01 11:58:11.506 506 506 I hwservicemanager: Since android.frameworks.sensorservice@1.0::ISensorManager/default is not registered, trying to start it as a lazy HAL.
01-01 11:58:11.507 1447 1447 I HidlServiceManagement: getService: Trying again for android.frameworks.sensorservice@1.0::ISensorManager/default...
01-01 11:58:11.508 0 0 E init : Control message: Could not find 'android.frameworks.sensorservice@1.0::ISensorManager/default' for ctl.interface_start from pid: 506 (/system/bin/hwservicemanager)
01-01 11:58:11.525 506 2495 W libc : Unable to set property "ctl.interface_start" to "android.frameworks.sensorservice@1.0::ISensorManager/default": error code: 0x20
01-01 11:58:11.525 506 2495 I hwservicemanager: Tried to start android.frameworks.sensorservice@1.0::ISensorManager/default as a lazy service, but was unable to. Usually this happens when a service is not installed, but if the service is intended to be used as a lazy service, then it may be configured incorrectly.
01-01 11:58:11.691 0 0 D : mv2112_read_status
01-01 11:58:11.691 0 0 D mv2112_update_link: 3.0x901(1G): 0x84
01-01 11:58:11.691 0 0 D mv2112_update_link: 3.0x8109(100M): 0xc
01-01 11:58:11.691 0 0 D mv2112_update_link: link 0x4
01-01 11:58:11.691 0 0 D mv2112_read_status: autoneg is disabled
01-01 11:58:11.901 2363 2363 W ServiceManager: Waited one second for android.hardware.light.ILights/default (is service started? are binder threads started and available?)
01-01 11:58:11.901 505 505 I servicemanager: Since 'android.hardware.light.ILights/default' could not be found, trying to start it as a lazy AIDL service
01-01 11:58:11.902 0 0 E init : Control message: Could not find 'aidl/android.hardware.light.ILights/default' for ctl.interface_start from pid: 505 (/system/bin/servicemanager)
01-01 11:58:11.917 505 2496 W libc : Unable to set property "ctl.interface_start" to "aidl/android.hardware.light.ILights/default": error code: 0x20
01-01 11:58:11.917 505 2496 I servicemanager: Tried to start aidl service android.hardware.light.ILights/default as a lazy service, but was unable to. Usually this happens when a service is not installed, but if the service is intended to be used as a lazy service, then it may be configured incorrectly.
01-01 11:58:11.936 1218 1218 W ServiceManager: Service package_native didn't start. Returning NULL
01-01 11:58:11.936 1218 1218 E iorapd : Cannot get package manager service!
01-01 11:58:12.139 655 668 I mpu_uart: [MSG-P:RECV]:No message received in 1000 ms
01-01 11:58:12.169 655 667 I mpu_uart: [MSG-P:R]:recv sync frame timeout
01-01 11:58:12.489 1447 1486 W HidlServiceManagement: Waited one second for android.frameworks.sensorservice@1.0::ISensorManager/default
01-01 11:58:12.489 506 506 I hwservicemanager: Since android.frameworks.sensorservice@1.0::ISensorManager/default is not registered, trying to start it as a lazy HAL.
01-01 11:58:12.489 1447 1486 I HidlServiceManagement: getService: Trying again for android.frameworks.sensorservice@1.0::ISensorManager/default...
01-01 11:58:12.507 1447 1447 W HidlServiceManagement: Waited one second for android.frameworks.sensorservice@1.0::ISensorManager/default
01-01 11:58:12.507 506 2497 W libc : Unable to set property "ctl.interface_start" to "android.frameworks.sensorservice@1.0::ISensorManager/default": error code: 0x20
01-01 11:58:12.507 506 506 I hwservicemanager: Since android.frameworks.sensorservice@1.0::ISensorManager/default is not registered, trying to start it as a lazy HAL.
01-01 11:58:12.507 506 2497 I hwservicemanager: Tried to start android.frameworks.sensorservice@1.0::ISensorManager/default as a lazy service, but was unable to. Usually this happens when a service is not installed, but if the service is intended to be used as a lazy service, then it may be configured incorrectly.
01-01 11:58:12.508 1447 1447 I HidlServiceManagement: getService: Trying again for android.frameworks.sensorservice@1.0::ISensorManager/default...
01-01 11:58:12.490 0 0 E init : Control message: Could not find 'android.frameworks.sensorservice@1.0::ISensorManager/default' for ctl.interface_start from pid: 506 (/system/bin/hwservicemanager)
01-01 11:58:12.525 506 2498 W libc : Unable to set property "ctl.interface_start" to "android.frameworks.sensorservice@1.0::ISensorManager/default": error code: 0x20
01-01 11:58:12.525 506 2498 I hwservicemanager: Tried to start android.frameworks.sensorservice@1.0::ISensorManager/default as a lazy service, but was unable to. Usually this happens when a service is not installed, but if the service is intended to be used as a lazy service, then it may be configured incorrectly.
01-01 11:58:12.508 0 0 E init : Control message: Could not find 'android.frameworks.sensorservice@1.0::ISensorManager/default' for ctl.interface_start from pid: 506 (/system/bin/hwservicemanager)
01-01 11:58:12.715 0 0 D : mv2112_read_status
01-01 11:58:12.715 0 0 D mv2112_update_link: 3.0x901(1G): 0x84
01-01 11:58:12.715 0 0 D mv2112_update_link: 3.0x8109(100M): 0xc
01-01 11:58:12.715 0 0 D mv2112_update_link: link 0x4
01-01 11:58:12.715 0 0 D mv2112_read_status: autoneg is disabled
01-01 11:58:12.770 1464 1464 I update_engine: [INFO:cleanup_previous_update_action.cc(112)] Executing task 45
01-01 11:58:12.770 1464 1464 I update_engine: [INFO:cleanup_previous_update_action.cc(124)] CleanupPreviousUpdateAction scheduled task ID 46 for WaitBootCompleted
01-01 11:58:12.901 2363 2363 W ServiceManager: Waited one second for android.hardware.light.ILights/default (is service started? are binder threads started and available?)
01-01 11:58:12.902 505 505 I servicemanager: Since 'android.hardware.light.ILights/default' could not be found, trying to start it as a lazy AIDL service
01-01 11:58:12.903 0 0 E init : Control message: Could not find 'aidl/android.hardware.light.ILights/default' for ctl.interface_start from pid: 505 (/system/bin/servicemanager)
01-01 11:58:12.918 505 2499 W libc : Unable to set property "ctl.interface_start" to "aidl/android.hardware.light.ILights/default": error code: 0x20
01-01 11:58:12.918 505 2499 I servicemanager: Tried to start aidl service android.hardware.light.ILights/default as a lazy service, but was unable to. Usually this happens when a service is not installed, but if the service is intended to be used as a lazy service, then it may be configured incorrectly.
01-01 11:58:12.936 1218 1218 W iorapd : Reconnect to package manager service: 16 times
01-01 11:58:12.937 1218 1218 I ServiceManager: Waiting for service 'package_native' on '/dev/binder'...
01-01 11:58:12.967 1263 1279 I selfinstaller: create socket failed: Network is unreachable 101
01-01 11:58:13.139 655 668 I mpu_uart: [MSG-P:RECV]:No message received in 1000 ms
01-01 11:58:13.489 1447 1486 W HidlServiceManagement: Waited one second for android.frameworks.sensorservice@1.0::ISensorManager/default
01-01 11:58:13.490 506 506 I hwservicemanager: Since android.frameworks.sensorservice@1.0::ISensorManager/default is not registered, trying to start it as a lazy HAL.
01-01 11:58:13.490 1447 1486 I HidlServiceManagement: getService: Trying again for android.frameworks.sensorservice@1.0::ISensorManager/default...
01-01 11:58:13.508 506 2500 W libc : Unable to set property "ctl.interface_start" to "android.frameworks.sensorservice@1.0::ISensorManager/default": error code: 0x20
01-01 11:58:13.508 1447 1447 W HidlServiceManagement: Waited one second for android.frameworks.sensorservice@1.0::ISensorManager/default
01-01 11:58:13.508 506 2500 I hwservicemanager: Tried to start android.frameworks.sensorservice@1.0::ISensorManager/default as a lazy service, but was unable to. Usually this happens when a service is not installed, but if the service is intended to be used as a lazy service, then it may be configured incorrectly.
01-01 11:58:13.508 506 506 I hwservicemanager: Since android.frameworks.sensorservice@1.0::ISensorManager/default is not registered, trying to start it as a lazy HAL.
01-01 11:58:13.508 1447 1447 I HidlServiceManagement: getService: Trying again for android.frameworks.sensorservice@1.0::ISensorManager/default...
01-01 11:58:13.491 0 0 E init : Control message: Could not find 'android.frameworks.sensorservice@1.0::ISensorManager/default' for ctl.interface_start from pid: 506 (/system/bin/hwservicemanager)
01-01 11:58:13.509 0 0 E init : Control message: Could not find 'android.frameworks.sensorservice@1.0::ISensorManager/default' for ctl.interface_start from pid: 506 (/system/bin/hwservicemanager)
01-01 11:58:13.526 506 2501 W libc : Unable to set property "ctl.interface_start" to "android.frameworks.sensorservice@1.0::ISensorManager/default": error code: 0x20
01-01 11:58:13.526 506 2501 I hwservicemanager: Tried to start android.frameworks.sensorservice@1.0::ISensorManager/default as a lazy service, but was unable to. Usually this happens when a service is not installed, but if the service is intended to be used as a lazy service, then it may be configured incorrectly.
01-01 11:58:13.739 0 0 D : mv2112_read_status
01-01 11:58:13.739 0 0 D mv2112_update_link: 3.0x901(1G): 0x84
01-01 11:58:13.739 0 0 D mv2112_update_link: 3.0x8109(100M): 0xc
01-01 11:58:13.739 0 0 D mv2112_update_link: link 0x4
01-01 11:58:13.739 0 0 D mv2112_read_status: autoneg is disabled
01-01 11:58:13.902 2363 2363 W ServiceManager: Waited one second for android.hardware.light.ILights/default (is service started? are binder threads started and available?)
01-01 11:58:13.902 505 505 I servicemanager: Since 'android.hardware.light.ILights/default' could not be found, trying to start it as a lazy AIDL service
01-01 11:58:13.904 505 2502 W libc : Unable to set property "ctl.interface_start" to "aidl/android.hardware.light.ILights/default": error code: 0x20
01-01 11:58:13.904 505 2502 I servicemanager: Tried to start aidl service android.hardware.light.ILights/default as a lazy service, but was unable to. Usually this happens when a service is not installed, but if the service is intended to be used as a lazy service, then it may be configured incorrectly.
01-01 11:58:14.139 655 668 I mpu_uart: [MSG-P:RECV]:No message received in 1000 ms
01-01 11:58:14.490 1447 1486 W HidlServiceManagement: Waited one second for android.frameworks.sensorservice@1.0::ISensorManager/default
01-01 11:58:14.490 506 506 I hwservicemanager: Since android.frameworks.sensorservice@1.0::ISensorManager/default is not registered, trying to start it as a lazy HAL.
01-01 11:58:14.491 1447 1486 I HidlServiceManagement: getService: Trying again for android.frameworks.sensorservice@1.0::ISensorManager/default...
01-01 11:58:14.492 506 2503 W libc : Unable to set property "ctl.interface_start" to "android.frameworks.sensorservice@1.0::ISensorManager/default": error code: 0x20
01-01 11:58:14.492 506 2503 I hwservicemanager: Tried to start android.frameworks.sensorservice@1.0::ISensorManager/default as a lazy service, but was unable to. Usually this happens when a service is not installed, but if the service is intended to be used as a lazy service, then it may be configured incorrectly.
01-01 11:58:14.508 1447 1447 W HidlServiceManagement: Waited one second for android.frameworks.sensorservice@1.0::ISensorManager/default
01-01 11:58:14.509 506 506 I hwservicemanager: Since android.frameworks.sensorservice@1.0::ISensorManager/default is not registered, trying to start it as a lazy HAL.
01-01 11:58:14.509 1447 1447 I HidlServiceManagement: getService: Trying again for android.frameworks.sensorservice@1.0::ISensorManager/default...
01-01 11:58:14.510 506 2504 W libc : Unable to set property "ctl.interface_start" to "android.frameworks.sensorservice@1.0::ISensorManager/default": error code: 0x20
01-01 11:58:14.510 506 2504 I hwservicemanager: Tried to start android.frameworks.sensorservice@1.0::ISensorManager/default as a lazy service, but was unable to. Usually this happens when a service is not installed, but if the service is intended to be used as a lazy service, then it may be configured incorrectly.
01-01 11:58:14.763 0 0 D : mv2112_read_status
01-01 11:58:14.763 0 0 D mv2112_update_link: 3.0x901(1G): 0x84
01-01 11:58:14.763 0 0 D mv2112_update_link: 3.0x8109(100M): 0xc
01-01 11:58:14.763 0 0 D mv2112_update_link: link 0x4
01-01 11:58:14.763 0 0 D mv2112_read_status: autoneg is disabled
01-01 11:58:14.772 1464 1464 I update_engine: [INFO:cleanup_previous_update_action.cc(112)] Executing task 46
01-01 11:58:14.772 1464 1464 I update_engine: [INFO:cleanup_previous_update_action.cc(124)] CleanupPreviousUpdateAction scheduled task ID 47 for WaitBootCompleted
01-01 11:58:14.903 2363 2363 W ServiceManager: Waited one second for android.hardware.light.ILights/default (is service started? are binder threads started and available?)
01-01 11:58:14.903 505 505 I servicemanager: Since 'android.hardware.light.ILights/default' could not be found, trying to start it as a lazy AIDL service
01-01 11:58:14.904 505 2505 W libc : Unable to set property "ctl.interface_start" to "aidl/android.hardware.light.ILights/default": error code: 0x20
01-01 11:58:14.904 505 2505 I servicemanager: Tried to start aidl service android.hardware.light.ILights/default as a lazy service, but was unable to. Usually this happens when a service is not installed, but if the service is intended to be used as a lazy service, then it may be configured incorrectly.
01-01 11:58:15.139 655 668 I mpu_uart: [MSG-P:RECV]:No message received in 1000 ms
01-01 11:58:15.172 655 667 I mpu_uart: [MSG-P:R]:recv sync frame timeout
01-01 11:58:15.491 1447 1486 W HidlServiceManagement: Waited one second for android.frameworks.sensorservice@1.0::ISensorManager/default
01-01 11:58:15.491 506 506 I hwservicemanager: Since android.frameworks.sensorservice@1.0::ISensorManager/default is not registered, trying to start it as a lazy HAL.
01-01 11:58:15.492 1447 1486 I HidlServiceManagement: getService: Trying again for android.frameworks.sensorservice@1.0::ISensorManager/default...
01-01 11:58:15.493 506 2506 W libc : Unable to set property "ctl.interface_start" to "android.frameworks.sensorservice@1.0::ISensorManager/default": error code: 0x20
01-01 11:58:15.493 506 2506 I hwservicemanager: Tried to start android.frameworks.sensorservice@1.0::ISensorManager/default as a lazy service, but was unable to. Usually this happens when a service is not installed, but if the service is intended to be used as a lazy service, then it may be configured incorrectly.
01-01 11:58:15.509 1447 1447 W HidlServiceManagement: Waited one second for android.frameworks.sensorservice@1.0::ISensorManager/default
01-01 11:58:15.509 506 506 I hwservicemanager: Since android.frameworks.sensorservice@1.0::ISensorManager/default is not registered, trying to start it as a lazy HAL.
01-01 11:58:15.510 1447 1447 I HidlServiceManagement: getService: Trying again for android.frameworks.sensorservice@1.0::ISensorManager/default...
01-01 11:58:15.510 0 0 E init : Control message: Could not find 'android.frameworks.sensorservice@1.0::ISensorManager/default' for ctl.interface_start from pid: 506 (/system/bin/hwservicemanager)
01-01 11:58:15.527 506 2507 W libc : Unable to set property "ctl.interface_start" to "android.frameworks.sensorservice@1.0::ISensorManager/default": error code: 0x20
01-01 11:58:15.527 506 2507 I hwservicemanager: Tried to start android.frameworks.sensorservice@1.0::ISensorManager/default as a lazy service, but was unable to. Usually this happens when a service is not installed, but if the service is intended to be used as a lazy service, then it may be configured incorrectly.
01-01 11:58:15.787 0 0 D : mv2112_read_status
01-01 11:58:15.787 0 0 D mv2112_update_link: 3.0x901(1G): 0x84
01-01 11:58:15.787 0 0 D mv2112_update_link: 3.0x8109(100M): 0xc
01-01 11:58:15.787 0 0 D mv2112_update_link: link 0x4
01-01 11:58:15.787 0 0 D mv2112_read_status: autoneg is disabled
01-01 11:58:15.903 2363 2363 W ServiceManager: Waited one second for android.hardware.light.ILights/default (is service started? are binder threads started and available?)
01-01 11:58:15.903 505 505 I servicemanager: Since 'android.hardware.light.ILights/default' could not be found, trying to start it as a lazy AIDL service
01-01 11:58:15.920 505 2508 W libc : Unable to set property "ctl.interface_start" to "aidl/android.hardware.light.ILights/default": error code: 0x20
01-01 11:58:15.920 505 2508 I servicemanager: Tried to start aidl service android.hardware.light.ILights/default as a lazy service, but was unable to. Usually this happens when a service is not installed, but if the service is intended to be used as a lazy service, then it may be configured incorrectly.
01-01 11:58:15.905 0 0 E init : Control message: Could not find 'aidl/android.hardware.light.ILights/default' for ctl.interface_start from pid: 505 (/system/bin/servicemanager)
01-01 11:58:16.139 655 668 I mpu_uart: [MSG-P:RECV]:No message received in 1000 ms
01-01 11:58:16.492 1447 1486 W HidlServiceManagement: Waited one second for android.frameworks.sensorservice@1.0::ISensorManager/default
01-01 11:58:16.492 506 506 I hwservicemanager: Since android.frameworks.sensorservice@1.0::ISensorManager/default is not registered, trying to start it as a lazy HAL.
01-01 11:58:16.492 1447 1486 I HidlServiceManagement: getService: Trying again for android.frameworks.sensorservice@1.0::ISensorManager/default...
01-01 11:58:16.493 0 0 E init : Control message: Could not find 'android.frameworks.sensorservice@1.0::ISensorManager/default' for ctl.interface_start from pid: 506 (/system/bin/hwservicemanager)
01-01 11:58:16.510 1447 1447 W HidlServiceManagement: Waited one second for android.frameworks.sensorservice@1.0::ISensorManager/default
01-01 11:58:16.510 506 506 I hwservicemanager: Since android.frameworks.sensorservice@1.0::ISensorManager/default is not registered, trying to start it as a lazy HAL.
01-01 11:58:16.510 506 2509 W libc : Unable to set property "ctl.interface_start" to "android.frameworks.sensorservice@1.0::ISensorManager/default": error code: 0x20
01-01 11:58:16.510 506 2509 I hwservicemanager: Tried to start android.frameworks.sensorservice@1.0::ISensorManager/default as a lazy service, but was unable to. Usually this happens when a service is not installed, but if the service is intended to be used as a lazy service, then it may be configured incorrectly.
01-01 11:58:16.511 1447 1447 I HidlServiceManagement: getService: Trying again for android.frameworks.sensorservice@1.0::ISensorManager/default...
01-01 11:58:16.513 0 0 E init : Control message: Could not find 'android.frameworks.sensorservice@1.0::ISensorManager/default' for ctl.interface_start from pid: 506 (/system/bin/hwservicemanager)
01-01 11:58:16.530 506 2510 W libc : Unable to set property "ctl.interface_start" to "android.frameworks.sensorservice@1.0::ISensorManager/default": error code: 0x20
01-01 11:58:16.530 506 2510 I hwservicemanager: Tried to start android.frameworks.sensorservice@1.0::ISensorManager/default as a lazy service, but was unable to. Usually this happens when a service is not installed, but if the service is intended to be used as a lazy service, then it may be configured incorrectly.
01-01 11:58:16.774 1464 1464 I update_engine: [INFO:cleanup_previous_update_action.cc(112)] Executing task 47
01-01 11:58:16.774 1464 1464 I update_engine: [INFO:cleanup_previous_update_action.cc(124)] CleanupPreviousUpdateAction scheduled task ID 48 for WaitBootCompleted
01-01 11:58:16.811 0 0 D : mv2112_read_status
01-01 11:58:16.811 0 0 D mv2112_update_link: 3.0x901(1G): 0x84
01-01 11:58:16.811 0 0 D mv2112_update_link: 3.0x8109(100M): 0xc
01-01 11:58:16.811 0 0 D mv2112_update_link: link 0x4
01-01 11:58:16.811 0 0 D mv2112_read_status: autoneg is disabled
01-01 11:58:16.904 2363 2363 W ServiceManager: Waited one second for android.hardware.light.ILights/default (is service started? are binder threads started and available?)
01-01 11:58:16.904 505 505 I servicemanager: Since 'android.hardware.light.ILights/default' could not be found, trying to start it as a lazy AIDL service
01-01 11:58:16.905 0 0 E init : Control message: Could not find 'aidl/android.hardware.light.ILights/default' for ctl.interface_start from pid: 505 (/system/bin/servicemanager)
01-01 11:58:16.920 505 2511 W libc : Unable to set property "ctl.interface_start" to "aidl/android.hardware.light.ILights/default": error code: 0x20
01-01 11:58:16.920 505 2511 I servicemanager: Tried to start aidl service android.hardware.light.ILights/default as a lazy service, but was unable to. Usually this happens when a service is not installed, but if the service is intended to be used as a lazy service, then it may be configured incorrectly.
01-01 11:58:17.140 655 668 I mpu_uart: [MSG-P:RECV]:No message received in 1000 ms
01-01 11:58:17.493 1447 1486 W HidlServiceManagement: Waited one second for android.frameworks.sensorservice@1.0::ISensorManager/default
01-01 11:58:17.493 506 506 I hwservicemanager: Since android.frameworks.sensorservice@1.0::ISensorManager/default is not registered, trying to start it as a lazy HAL.
01-01 11:58:17.493 1447 1486 I HidlServiceManagement: getService: Trying again for android.frameworks.sensorservice@1.0::ISensorManager/default...
01-01 11:58:17.494 0 0 E init : Control message: Could not find 'android.frameworks.sensorservice@1.0::ISensorManager/default' for ctl.interface_start from pid: 506 (/system/bin/hwservicemanager)
01-01 11:58:17.511 1447 1447 W HidlServiceManagement: Waited one second for android.frameworks.sensorservice@1.0::ISensorManager/default
01-01 11:58:17.511 506 506 I hwservicemanager: Since android.frameworks.sensorservice@1.0::ISensorManager/default is not registered, trying to start it as a lazy HAL.
01-01 11:58:17.511 506 2512 W libc : Unable to set property "ctl.interface_start" to "android.frameworks.sensorservice@1.0::ISensorManager/default": error code: 0x20
01-01 11:58:17.511 506 2512 I hwservicemanager: Tried to start android.frameworks.sensorservice@1.0::ISensorManager/default as a lazy service, but was unable to. Usually this happens when a service is not installed, but if the service is intended to be used as a lazy service, then it may be configured incorrectly.
01-01 11:58:17.511 1447 1447 I HidlServiceManagement: getService: Trying again for android.frameworks.sensorservice@1.0::ISensorManager/default...
01-01 11:58:17.512 0 0 E init : Control message: Could not find 'android.frameworks.sensorservice@1.0::ISensorManager/default' for ctl.interface_start from pid: 506 (/system/bin/hwservicemanager)
01-01 11:58:17.529 506 2513 W libc : Unable to set property "ctl.interface_start" to "android.frameworks.sensorservice@1.0::ISensorManager/default": error code: 0x20
01-01 11:58:17.529 506 2513 I hwservicemanager: Tried to start android.frameworks.sensorservice@1.0::ISensorManager/default as a lazy service, but was unable to. Usually this happens when a service is not installed, but if the service is intended to be used as a lazy service, then it may be configured incorrectly.
01-01 11:58:17.835 0 0 D : mv2112_read_status
01-01 11:58:17.835 0 0 D mv2112_update_link: 3.0x901(1G): 0x84
01-01 11:58:17.835 0 0 D mv2112_update_link: 3.0x8109(100M): 0xc
01-01 11:58:17.835 0 0 D mv2112_update_link: link 0x4
01-01 11:58:17.835 0 0 D mv2112_read_status: autoneg is disabled
01-01 11:58:17.904 2363 2363 W ServiceManager: Waited one second for android.hardware.light.ILights/default (is service started? are binder threads started and available?)
01-01 11:58:17.905 505 505 I servicemanager: Since 'android.hardware.light.ILights/default' could not be found, trying to start it as a lazy AIDL service
01-01 11:58:17.906 0 0 E init : Control message: Could not find 'aidl/android.hardware.light.ILights/default' for ctl.interface_start from pid: 505 (/system/bin/servicemanager)
01-01 11:58:17.921 505 2514 W libc : Unable to set property "ctl.interface_start" to "aidl/android.hardware.light.ILights/default": error code: 0x20
01-01 11:58:17.921 505 2514 I servicemanager: Tried to start aidl service android.hardware.light.ILights/default as a lazy service, but was unable to. Usually this happens when a service is not installed, but if the service is intended to be used as a lazy service, then it may be configured incorrectly.
01-01 11:58:17.954 1218 1218 W ServiceManager: Service package_native didn't start. Returning NULL
01-01 11:58:17.954 1218 1218 E iorapd : Cannot get package manager service!
01-01 11:58:18.140 655 668 I mpu_uart: [MSG-P:RECV]:No message received in 1000 ms
01-01 11:58:18.172 655 667 I mpu_uart: [MSG-P:R]:recv sync frame timeout
01-01 11:58:18.493 1447 1486 W HidlServiceManagement: Waited one second for android.frameworks.sensorservice@1.0::ISensorManager/default
01-01 11:58:18.494 506 506 I hwservicemanager: Since android.frameworks.sensorservice@1.0::ISensorManager/default is not registered, trying to start it as a lazy HAL.
01-01 11:58:18.494 1447 1486 I HidlServiceManagement: getService: Trying again for android.frameworks.sensorservice@1.0::ISensorManager/default...
01-01 11:58:18.495 0 0 E init : Control message: Could not find 'android.frameworks.sensorservice@1.0::ISensorManager/default' for ctl.interface_start from pid: 506 (/system/bin/hwservicemanager)
01-01 11:58:18.511 506 2515 W libc : Unable to set property "ctl.interface_start" to "android.frameworks.sensorservice@1.0::ISensorManager/default": error code: 0x20
01-01 11:58:18.512 1447 1447 W HidlServiceManagement: Waited one second for android.frameworks.sensorservice@1.0::ISensorManager/default
01-01 11:58:18.512 506 2515 I hwservicemanager: Tried to start android.frameworks.sensorservice@1.0::ISensorManager/default as a lazy service, but was unable to. Usually this happens when a service is not installed, but if the service is intended to be used as a lazy service, then it may be configured incorrectly.
01-01 11:58:18.512 506 506 I hwservicemanager: Since android.frameworks.sensorservice@1.0::ISensorManager/default is not registered, trying to start it as a lazy HAL.
01-01 11:58:18.512 1447 1447 I HidlServiceManagement: getService: Trying again for android.frameworks.sensorservice@1.0::ISensorManager/default...
01-01 11:58:18.514 0 0 E init : Control message: Could not find 'android.frameworks.sensorservice@1.0::ISensorManager/default' for ctl.interface_start from pid: 506 (/system/bin/hwservicemanager)
01-01 11:58:18.531 506 2516 W libc : Unable to set property "ctl.interface_start" to "android.frameworks.sensorservice@1.0::ISensorManager/default": error code: 0x20
01-01 11:58:18.531 506 2516 I hwservicemanager: Tried to start android.frameworks.sensorservice@1.0::ISensorManager/default as a lazy service, but was unable to. Usually this happens when a service is not installed, but if the service is intended to be used as a lazy service, then it may be configured incorrectly.
01-01 11:58:18.777 1464 1464 I update_engine: [INFO:cleanup_previous_update_action.cc(112)] Executing task 48
01-01 11:58:18.777 1464 1464 I update_engine: [INFO:cleanup_previous_update_action.cc(124)] CleanupPreviousUpdateAction scheduled task ID 49 for WaitBootCompleted
01-01 11:58:18.859 0 0 D : mv2112_read_status
01-01 11:58:18.859 0 0 D mv2112_update_link: 3.0x901(1G): 0x84
01-01 11:58:18.859 0 0 D mv2112_update_link: 3.0x8109(100M): 0xc
01-01 11:58:18.859 0 0 D mv2112_update_link: link 0x4
01-01 11:58:18.859 0 0 D mv2112_read_status: autoneg is disabled
01-01 11:58:18.905 2363 2363 W ServiceManager: Waited one second for android.hardware.light.ILights/default (is service started? are binder threads started and available?)
01-01 11:58:18.905 505 505 I servicemanager: Since 'android.hardware.light.ILights/default' could not be found, trying to start it as a lazy AIDL service
01-01 11:58:18.906 505 2517 W libc : Unable to set property "ctl.interface_start" to "aidl/android.hardware.light.ILights/default": error code: 0x20
