11-11 05:00:13.639 2356 2356 I sysui_multi_action: [757,126,758,1,759,126,927,0,928,1,1593,1]
11-11 05:00:13.639 2356 2356 I sysui_multi_action: [757,113,758,1,759,113,927,1,928,1,1593,1]
11-11 05:00:13.639 2356 2356 I sysui_multi_action: [757,0,758,1,759,0,927,2,928,0,1593,1]
11-11 05:00:13.639 2356 2356 I sysui_multi_action: [757,0,758,1,759,0,927,3,928,0,1593,1]
11-11 05:00:13.639 2356 2356 I sysui_multi_action: [757,491,758,1,759,491,927,4,928,0,1311,-1,1593,0]
11-11 05:00:13.639 2356 2356 I sysui_multi_action: [757,0,758,1,759,0,927,5,928,0,1593,0]
11-11 05:00:13.640 2356 2356 I sysui_multi_action: [757,111,758,1]
11-11 05:00:13.640 2356 2356 I sysui_multi_action: [757,126,758,1,759,126,927,0,928,1,1593,1]
11-11 05:00:13.640 2356 2356 I sysui_multi_action: [757,113,758,1,759,113,927,1,928,1,1593,1]
11-11 05:00:13.640 2356 2356 I sysui_multi_action: [757,0,758,1,759,0,927,2,928,0,1593,1]
11-11 05:00:13.640 2356 2356 I sysui_multi_action: [757,0,758,1,759,0,927,3,928,0,1593,1]
11-11 05:00:13.656 2356 2356 I sysui_multi_action: [757,111,758,2]
11-11 05:00:13.656 1490 1490 I notification_enqueue: [10082,2356,com.android.systemui,2048,NULL,0,Notification(channel=updateNotification shortcut=null contentView=null vibrate=null sound=null defaults=0x0 flags=0x0 color=0x00000000 vis=PRIVATE),1]
11-11 05:00:13.657 2356 2356 I sysui_multi_action: [757,111,758,2]
11-11 05:00:13.668 1490 1635 I input_focus: [Focus request 733447a com.android.settings/com.android.settings.Settings,reason=UpdateInputWindows]
11-11 05:00:13.670 2356 2356 I sysui_multi_action: [757,111,758,1]
11-11 05:00:13.670 2356 2356 I sysui_multi_action: [757,126,758,1,759,126,927,0,928,1,1593,1]
11-11 05:00:13.670 2356 2356 I sysui_multi_action: [757,113,758,1,759,113,927,1,928,1,1593,0]
11-11 05:00:13.670 2356 2356 I sysui_multi_action: [757,0,758,1,759,0,927,2,928,0,1593,0]
11-11 05:00:13.670 2356 2356 I sysui_multi_action: [757,0,758,1,759,0,927,3,928,0,1593,0]
11-11 05:00:13.670 2356 2356 I sysui_multi_action: [757,491,758,1,759,491,927,4,928,0,1311,-1,1593,0]
11-11 05:00:13.670 2356 2356 I sysui_multi_action: [757,0,758,1,759,0,927,5,928,0,1593,0]
11-11 05:00:13.670 2356 2356 I sysui_multi_action: [757,111,758,1]
11-11 05:00:13.670 2356 2356 I sysui_multi_action: [757,126,758,1,759,126,927,0,928,1,1593,1]
11-11 05:00:13.670 2356 2356 I sysui_multi_action: [757,113,758,1,759,113,927,1,928,1,1593,0]
11-11 05:00:13.670 2356 2356 I sysui_multi_action: [757,0,758,1,759,0,927,2,928,0,1593,0]
11-11 05:00:13.670 2356 2356 I sysui_multi_action: [757,0,758,1,759,0,927,3,928,0,1593,0]
11-11 05:00:13.684 1490 5865 I sysui_multi_action: [757,128,758,2,793,503352,794,8293,795,503352,796,26,798,0,806,android,857,DEVELOPER_IMPORTANT,858,4,947,0,1395,2,1500,503149,1688,1]
11-11 05:00:13.684 1490 5865 I notification_visibility: [-1|android|26|null|1000,0,503352,503352,0,0]
11-11 05:00:13.684 1490 5865 I sysui_multi_action: [757,128,758,2,793,807151,794,8292,795,807151,796,32,798,1,806,android,857,USB,858,1,947,0,1395,2,1500,806930,1688,1]
11-11 05:00:13.684 1490 5865 I notification_visibility: [-1|android|32|null|1000,0,807151,807151,0,1]
11-11 05:00:13.685 1490 1490 I notification_enqueue: [10082,2356,com.android.systemui,2048,NULL,0,Notification(channel=updateNotification shortcut=null contentView=null vibrate=null sound=null defaults=0x0 flags=0x0 color=0x00000000 vis=PRIVATE),1]
11-11 05:00:13.685 2356 2356 I sysui_multi_action: [757,111,758,2]
11-11 05:00:13.685 2356 2356 I sysui_multi_action: [757,111,758,2]
11-11 05:00:13.688 1490 6160 I sysui_multi_action: [757,127,758,2]
11-11 05:00:13.688 1490 6160 I notification_panel_hidden:
11-11 05:00:13.695 1490 1992 I input_focus: [Focus leaving 374215a NotificationShade (server),reason=NOT_FOCUSABLE]
11-11 05:00:13.696 1490 1992 I input_focus: [Focus entering 733447a com.android.settings/com.android.settings.Settings (server),reason=setFocusedWindow]
11-11 05:00:13.700 2356 2356 I sysui_multi_action: [757,111,758,1]
11-11 05:00:13.700 2356 2356 I sysui_multi_action: [757,126,758,1,759,126,927,0,928,1,1593,0]
11-11 05:00:13.700 2356 2356 I sysui_multi_action: [757,113,758,1,759,113,927,1,928,1,1593,0]
11-11 05:00:13.700 2356 2356 I sysui_multi_action: [757,0,758,1,759,0,927,2,928,0,1593,0]
11-11 05:00:13.701 2356 2356 I sysui_multi_action: [757,0,758,1,759,0,927,3,928,0,1593,0]
11-11 05:00:13.701 2356 2356 I sysui_multi_action: [757,491,758,1,759,491,927,4,928,0,1311,-1,1593,0]
11-11 05:00:13.701 2356 2356 I sysui_multi_action: [757,0,758,1,759,0,927,5,928,0,1593,0]
11-11 05:00:13.701 2356 2356 I sysui_multi_action: [757,111,758,1]
11-11 05:00:13.701 2356 2356 I sysui_multi_action: [757,126,758,1,759,126,927,0,928,1,1593,1]
11-11 05:00:13.701 2356 2356 I sysui_multi_action: [757,113,758,1,759,113,927,1,928,1,1593,1]
11-11 05:00:13.701 2356 2356 I sysui_multi_action: [757,0,758,1,759,0,927,2,928,0,1593,1]
11-11 05:00:13.701 2356 2356 I sysui_multi_action: [757,0,758,1,759,0,927,3,928,0,1593,1]
11-11 05:00:13.816 1400 9686 I liblog : 2
11-11 05:00:13.817 1400 9686 I liblog : 15
11-11 05:00:13.817 1400 9686 I liblog : 14
11-11 05:00:13.818 1400 9686 I liblog : 14
11-11 05:00:13.820 1400 9686 I liblog : 23
11-11 05:00:13.823 1400 9686 I liblog : 32
11-11 05:00:13.833 1400 1449 I liblog : 125
11-11 05:00:13.833 1400 1449 I liblog : 2
11-11 05:00:13.833 1400 1449 I liblog : 1
11-11 05:00:15.408 1490 1992 I input_interaction: Interaction with: 733447a com.android.settings/com.android.settings.Settings (server), edge-swipe (server), swipe-up (server), PointerEventDispatcher0 (server),
11-11 05:00:15.424 1490 5865 I wm_task_moved: [1,0,0]
11-11 05:00:15.424 1490 5865 I wm_task_moved: [1,0,5]
11-11 05:00:15.449 2824 2824 I wm_on_restart_called: [85671939,com.android.launcher3.uioverrides.QuickstepLauncher,performRestartActivity]
11-11 05:00:15.464 2824 2824 I wm_on_start_called: [85671939,com.android.launcher3.uioverrides.QuickstepLauncher,handleStartActivity]
11-11 05:00:15.473 1490 1641 I am_pss : [4300,1000,com.thundercomm.gamemode,17499136,13627392,0,122429440,0,10,7]
11-11 05:00:15.491 1490 1630 I sysui_multi_action: [319,11,322,62,325,835,757,761,758,9,759,5,806,com.android.launcher3,871,com.android.launcher3.uioverrides.QuickstepLauncher,905,0,1320,4,1321,1]
11-11 05:00:15.537 9262 9262 I view_enqueue_input_event: [Motion - Cancel,com.android.settings/com.android.settings.Settings]
11-11 05:00:15.539 2824 2824 I sysui_latency: [1,65]
11-11 05:00:15.544 1490 1635 I input_focus: [Focus request recents_animation_input_consumer,reason=UpdateInputWindows]
11-11 05:00:15.551 1490 1992 I input_interaction: Interaction with: edge-swipe (server), swipe-up (server), PointerEventDispatcher0 (server),
11-11 05:00:15.564 1490 1992 I input_focus: [Focus leaving 733447a com.android.settings/com.android.settings.Settings (server),reason=NOT_FOCUSABLE]
11-11 05:00:15.564 1490 1992 I input_focus: [Focus entering recents_animation_input_consumer (server),reason=setFocusedWindow]
11-11 05:00:15.669 1490 1745 I commit_sys_config_file: [settings-1-0,7]
11-11 05:00:15.787 1490 1641 I sysui_latency: [8,74]
11-11 05:00:16.324 1490 7175 I wm_task_moved: [1,1,6]
11-11 05:00:16.327 1490 7175 I wm_task_moved: [10,1,2147483647]
11-11 05:00:16.327 1490 7175 I wm_task_to_front: [0,10]
11-11 05:00:16.327 1490 7175 I wm_focused_root_task: [0,0,1,76,RecentsAnimation.onAnimationFinished()]
11-11 05:00:16.327 1490 7175 I wm_set_resumed_activity: [0,com.android.launcher3/.uioverrides.QuickstepLauncher,RecentsAnimation.onAnimationFinished()]
11-11 05:00:16.329 1490 7175 I wm_pause_activity: [0,214719036,com.android.settings/.Settings,userLeaving=true,pauseBackTasks]
11-11 05:00:16.330 9262 9262 I wm_on_top_resumed_lost_called: [214719036,com.android.settings.Settings,topStateChangedWhenResumed]
11-11 05:00:16.331 1490 7175 I wm_add_to_stopping: [0,214719036,com.android.settings/.Settings,makeInvisible]
11-11 05:00:16.332 1490 7175 I wm_set_resumed_activity: [0,com.android.launcher3/.uioverrides.QuickstepLauncher,resumeTopActivityInnerLocked]
11-11 05:00:16.338 1490 7175 I wm_resume_activity: [0,85671939,10,com.android.launcher3/.uioverrides.QuickstepLauncher]
11-11 05:00:16.345 1490 1635 I input_focus: [Focus request 978e85f com.android.launcher3/com.android.launcher3.uioverrides.QuickstepLauncher,reason=UpdateInputWindows]
11-11 05:00:16.346 2824 2824 I wm_on_resume_called: [85671939,com.android.launcher3.uioverrides.QuickstepLauncher,RESUME_ACTIVITY]
11-11 05:00:16.350 1490 1992 I input_focus: [Focus leaving recents_animation_input_consumer (server),reason=NOT_VISIBLE]
11-11 05:00:16.350 2824 2824 I wm_on_top_resumed_gained_called: [85671939,com.android.launcher3.uioverrides.QuickstepLauncher,topStateChangedWhenResumed]
11-11 05:00:16.354 9262 9262 I sysui_multi_action: [757,35,758,2,1089,43879]
11-11 05:00:16.355 9262 9262 I sysui_multi_action: [757,103,758,2,1089,14212]
11-11 05:00:16.357 9262 9262 I wm_on_paused_called: [214719036,com.android.settings.Settings,performPause]
11-11 05:00:16.357 1490 6837 I wm_stop_activity: [0,214719036,com.android.settings/.Settings]
11-11 05:00:16.367 1490 1992 I input_focus: [Focus entering 978e85f com.android.launcher3/com.android.launcher3.uioverrides.QuickstepLauncher (server),reason=setFocusedWindow]
11-11 05:00:16.369 1490 1634 I sysui_multi_action: [757,803,799,window_time_0,802,43]
11-11 05:00:16.371 1490 1634 I sysui_multi_action: [757,803,799,window_time_0,802,0]
11-11 05:00:16.390 9262 9262 I wm_on_stop_called: [214719036,com.android.settings.Settings,STOP_ACTIVITY_ITEM]
11-11 05:00:16.393 1490 1641 I am_pss : [9544,10070,com.android.webview:webview_service,21855232,4988928,0,89161728,0,19,5]
11-11 05:00:16.403 1490 1641 I am_pss : [9283,10069,com.android.gallery3d,7724032,5267456,0,94257152,0,19,6]
11-11 05:00:17.193 1490 1992 I input_interaction: Interaction with: 978e85f com.android.launcher3/com.android.launcher3.uioverrides.QuickstepLauncher (server), f91321f com.android.systemui.ImageWallpaper (server), edge-swipe (server), swipe-up (server), PointerEventDispatcher0 (server),
11-11 05:00:17.315 281 281 I auditd : type=1400 audit(0.0:1351): avc: denied { kill } for comm="kworker/u16:6" capability=5 scontext=u:r:kernel:s0 tcontext=u:r:kernel:s0 tclass=capability permissive=0
11-11 05:00:17.341 2824 2824 I view_enqueue_input_event: [Motion - Cancel,com.android.launcher3/com.android.launcher3.uioverrides.QuickstepLauncher]
11-11 05:00:17.345 1490 1992 I input_interaction: Interaction with: edge-swipe (server), swipe-up (server), PointerEventDispatcher0 (server),
11-11 05:00:17.521 1490 1745 I commit_sys_config_file: [settings-1-0,5]
11-11 05:00:17.899 1490 1745 I commit_sys_config_file: [settings-1-0,5]
11-11 05:00:18.315 764 764 I auditd : type=1400 audit(0.0:1352): avc: denied { kill } for comm="crtc_event:125" capability=5 scontext=u:r:kernel:s0 tcontext=u:r:kernel:s0 tclass=capability permissive=0
11-11 05:00:18.737 1490 1992 I input_interaction: Interaction with: 978e85f com.android.launcher3/com.android.launcher3.uioverrides.QuickstepLauncher (server), f91321f com.android.systemui.ImageWallpaper (server), edge-swipe (server), swipe-up (server), PointerEventDispatcher0 (server),
11-11 05:00:19.315 351 351 I auditd : type=1400 audit(0.0:1353): avc: denied { kill } for comm="irq/382-atmel_m" capability=5 scontext=u:r:kernel:s0 tcontext=u:r:kernel:s0 tclass=capability permissive=0
11-11 05:00:20.315 351 351 I auditd : type=1400 audit(0.0:1354): avc: denied { kill } for comm="irq/382-atmel_m" capability=5 scontext=u:r:kernel:s0 tcontext=u:r:kernel:s0 tclass=capability permissive=0
11-11 05:00:21.315 0 0 I auditd : type=1400 audit(0.0:1355): avc: denied { kill } for comm="swapper/3" capability=5 scontext=u:r:kernel:s0 tcontext=u:r:kernel:s0 tclass=capability permissive=0
11-11 05:00:22.315 0 0 I auditd : type=1400 audit(0.0:1356): avc: denied { kill } for comm="swapper/3" capability=5 scontext=u:r:kernel:s0 tcontext=u:r:kernel:s0 tclass=capability permissive=0
11-11 05:00:23.315 283 283 I auditd : type=1400 audit(0.0:1357): avc: denied { kill } for comm="kworker/u16:7" capability=5 scontext=u:r:kernel:s0 tcontext=u:r:kernel:s0 tclass=capability permissive=0
11-11 05:00:24.315 0 0 I auditd : type=1400 audit(0.0:1358): avc: denied { kill } for comm="swapper/3" capability=5 scontext=u:r:kernel:s0 tcontext=u:r:kernel:s0 tclass=capability permissive=0
11-11 05:00:25.315 0 0 I auditd : type=1400 audit(0.0:1359): avc: denied { kill } for comm="swapper/3" capability=5 scontext=u:r:kernel:s0 tcontext=u:r:kernel:s0 tclass=capability permissive=0
11-11 05:00:26.315 0 0 I auditd : type=1400 audit(0.0:1360): avc: denied { kill } for comm="swapper/3" capability=5 scontext=u:r:kernel:s0 tcontext=u:r:kernel:s0 tclass=capability permissive=0
11-11 05:00:27.315 0 0 I auditd : type=1400 audit(0.0:1361): avc: denied { kill } for comm="swapper/3" capability=5 scontext=u:r:kernel:s0 tcontext=u:r:kernel:s0 tclass=capability permissive=0
11-11 05:00:27.521 1490 7175 I wm_task_moved: [76,1,6]
11-11 05:00:27.521 1490 7175 I wm_task_to_front: [0,76]
11-11 05:00:27.523 1490 7175 I wm_focused_root_task: [0,0,76,1,bringingFoundTaskToFront]
11-11 05:00:27.524 1490 7175 I wm_set_resumed_activity: [0,com.android.settings/.Settings,bringingFoundTaskToFront]
11-11 05:00:27.524 1490 7175 I wm_new_intent: [0,214719036,76,com.android.settings/.Settings,android.intent.action.MAIN,NULL,NULL,270532608]
11-11 05:00:27.527 1490 7175 I wm_pause_activity: [0,85671939,com.android.launcher3/.uioverrides.QuickstepLauncher,userLeaving=true,pauseBackTasks]
11-11 05:00:27.535 2824 2824 I wm_on_top_resumed_lost_called: [85671939,com.android.launcher3.uioverrides.QuickstepLauncher,topStateChangedWhenResumed]
11-11 05:00:27.536 2824 2824 I wm_on_paused_called: [85671939,com.android.launcher3.uioverrides.QuickstepLauncher,performPause]
11-11 05:00:27.543 1490 7426 I wm_set_resumed_activity: [0,com.android.settings/.Settings,resumeTopActivityInnerLocked]
11-11 05:00:27.543 1490 7426 I wm_add_to_stopping: [0,85671939,com.android.launcher3/.uioverrides.QuickstepLauncher,makeInvisible]
11-11 05:00:27.545 1490 7426 I wm_resume_activity: [0,214719036,76,com.android.settings/.Settings]
11-11 05:00:27.554 1490 1634 I sysui_multi_action: [757,803,799,window_time_0,802,12]
11-11 05:00:27.559 1490 1992 I input_focus: [Focus leaving 978e85f com.android.launcher3/com.android.launcher3.uioverrides.QuickstepLauncher (server),reason=NO_WINDOW]
11-11 05:00:27.568 9262 9262 I wm_on_restart_called: [214719036,com.android.settings.Settings,performRestartActivity]
11-11 05:00:27.570 1490 1641 I am_pss : [3877,1000,com.qti.diagservices,5915648,3735552,0,94343168,0,10,6]
11-11 05:00:27.586 9262 9262 I wm_on_start_called: [214719036,com.android.settings.Settings,handleStartActivity]
11-11 05:00:27.587 9262 9262 I snet_event_log: [120484087,-1,]
11-11 05:00:27.588 9262 9262 I wm_on_resume_called: [214719036,com.android.settings.Settings,RESUME_ACTIVITY]
11-11 05:00:27.588 9262 9262 I sysui_multi_action: [757,35,758,1,833,0,1089,0]
11-11 05:00:27.589 9262 9262 I sysui_multi_action: [757,103,758,1,833,0,1089,0]
11-11 05:00:27.591 9262 9262 I wm_on_top_resumed_gained_called: [214719036,com.android.settings.Settings,topWhenResuming]
11-11 05:00:27.598 1490 1635 I input_focus: [Focus request 733447a com.android.settings/com.android.settings.Settings,reason=UpdateInputWindows]
11-11 05:00:27.624 1490 1630 I sysui_multi_action: [319,40,321,36,322,91,325,847,757,761,758,9,759,4,806,com.android.settings,871,com.android.settings.Settings,904,com.android.launcher3,905,0,1320,4,1321,1]
11-11 05:00:27.627 1490 1992 I input_focus: [Focus entering 733447a com.android.settings/com.android.settings.Settings (server),reason=setFocusedWindow]
11-11 05:00:28.104 1490 1634 I wm_stop_activity: [0,85671939,com.android.launcher3/.uioverrides.QuickstepLauncher]
11-11 05:00:28.135 2824 2824 I wm_on_stop_called: [85671939,com.android.launcher3.uioverrides.QuickstepLauncher,STOP_ACTIVITY_ITEM]
11-11 05:00:28.887 1490 1992 I input_interaction: Interaction with: 733447a com.android.settings/com.android.settings.Settings (server), edge-swipe (server), swipe-up (server), PointerEventDispatcher0 (server),
11-11 05:00:29.022 9262 9262 I sysui_multi_action: [757,830,758,4,833,0,854,top_level_connected_devices,1089,0]
11-11 05:00:29.127 9262 9262 I sysui_multi_action: [757,103,758,2,1089,1538]
11-11 05:00:29.197 9262 9262 I sysui_multi_action: [757,747,758,1,833,0,1089,55]
11-11 05:00:29.199 9262 9262 I sysui_multi_action: [757,1729,758,4,854,isParalleledControllers:false,1089,57]
11-11 05:00:29.278 1400 9686 I liblog : 122
11-11 05:00:30.315 0 0 I auditd : type=1400 audit(0.0:1362): avc: denied { kill } for comm="swapper/2" capability=5 scontext=u:r:kernel:s0 tcontext=u:r:kernel:s0 tclass=capability permissive=0
11-11 05:00:30.726 9262 9262 I sysui_multi_action: [757,830,758,4,833,0,854,add_bt_devices,1089,0]
11-11 05:00:30.744 9262 9262 I sysui_multi_action: [757,747,758,2,1089,1546]
11-11 05:00:30.783 9262 9262 I sysui_multi_action: [757,1018,758,1,833,0,1089,33]
11-11 05:00:30.785 9262 9262 I sysui_multi_action: [757,1729,758,4,854,isParalleledControllers:false,1089,35]
11-11 05:00:31.315 0 0 I auditd : type=1400 audit(0.0:1363): avc: denied { kill } for comm="swapper/2" capability=5 scontext=u:r:kernel:s0 tcontext=u:r:kernel:s0 tclass=capability permissive=0
11-11 05:00:32.315 0 0 I auditd : type=1400 audit(0.0:1364): avc: denied { kill } for comm="swapper/2" capability=5 scontext=u:r:kernel:s0 tcontext=u:r:kernel:s0 tclass=capability permissive=0
11-11 05:00:33.315 0 0 I auditd : type=1400 audit(0.0:1365): avc: denied { kill } for comm="swapper/0" capability=5 scontext=u:r:kernel:s0 tcontext=u:r:kernel:s0 tclass=capability permissive=0
11-11 05:00:34.315 0 0 I auditd : type=1400 audit(0.0:1366): avc: denied { kill } for comm="swapper/0" capability=5 scontext=u:r:kernel:s0 tcontext=u:r:kernel:s0 tclass=capability permissive=0
11-11 05:00:34.363 1490 1642 I am_uid_idle: 10070
11-11 05:00:35.315 0 0 I auditd : type=1400 audit(0.0:1367): avc: denied { kill } for comm="swapper/0" capability=5 scontext=u:r:kernel:s0 tcontext=u:r:kernel:s0 tclass=capability permissive=0
11-11 05:00:36.315 0 0 I auditd : type=1400 audit(0.0:1368): avc: denied { kill } for comm="swapper/0" capability=5 scontext=u:r:kernel:s0 tcontext=u:r:kernel:s0 tclass=capability permissive=0
11-11 05:00:38.315 0 0 I auditd : type=1400 audit(0.0:1369): avc: denied { kill } for comm="swapper/1" capability=5 scontext=u:r:kernel:s0 tcontext=u:r:kernel:s0 tclass=capability permissive=0
11-11 05:00:38.461 1490 1642 I am_uid_idle: 10084
11-11 05:00:40.315 9261 9261 I auditd : type=1400 audit(0.0:1370): avc: denied { kill } for comm="kworker/u16:19" capability=5 scontext=u:r:kernel:s0 tcontext=u:r:kernel:s0 tclass=capability permissive=0
11-11 05:00:43.315 0 0 I auditd : type=1400 audit(0.0:1371): avc: denied { kill } for comm="swapper/0" capability=5 scontext=u:r:kernel:s0 tcontext=u:r:kernel:s0 tclass=capability permissive=0
11-11 05:00:44.315 351 351 I auditd : type=1400 audit(0.0:1372): avc: denied { kill } for comm="irq/382-atmel_m" capability=5 scontext=u:r:kernel:s0 tcontext=u:r:kernel:s0 tclass=capability permissive=0
11-11 05:00:46.315 0 0 I auditd : type=1400 audit(0.0:1373): avc: denied { kill } for comm="swapper/1" capability=5 scontext=u:r:kernel:s0 tcontext=u:r:kernel:s0 tclass=capability permissive=0
11-11 05:00:47.315 0 0 I auditd : type=1400 audit(0.0:1374): avc: denied { kill } for comm="swapper/1" capability=5 scontext=u:r:kernel:s0 tcontext=u:r:kernel:s0 tclass=capability permissive=0
11-11 05:00:48.315 0 0 I auditd : type=1400 audit(0.0:1375): avc: denied { kill } for comm="swapper/1" capability=5 scontext=u:r:kernel:s0 tcontext=u:r:kernel:s0 tclass=capability permissive=0
11-11 05:00:50.198 1490 1642 I am_uid_idle: 10094
11-11 05:00:50.315 0 0 I auditd : type=1400 audit(0.0:1376): avc: denied { kill } for comm="swapper/0" capability=5 scontext=u:r:kernel:s0 tcontext=u:r:kernel:s0 tclass=capability permissive=0
11-11 05:00:52.315 0 0 I auditd : type=1400 audit(0.0:1377): avc: denied { kill } for comm="swapper/0" capability=5 scontext=u:r:kernel:s0 tcontext=u:r:kernel:s0 tclass=capability permissive=0
11-11 05:00:52.528 9262 9262 I sysui_multi_action: [757,1018,758,2,1089,21745]
11-11 05:00:52.569 9262 9262 I sysui_multi_action: [757,747,758,1,833,0,1089,0]
11-11 05:00:53.315 0 0 I auditd : type=1400 audit(0.0:1378): avc: denied { kill } for comm="swapper/0" capability=5 scontext=u:r:kernel:s0 tcontext=u:r:kernel:s0 tclass=capability permissive=0
11-11 05:00:53.971 9262 9262 I sysui_multi_action: [757,830,758,4,833,0,854,add_bt_devices,1089,0]
11-11 05:00:53.986 9262 9262 I sysui_multi_action: [757,747,758,2,1089,1416]
11-11 05:00:54.020 9262 9262 I sysui_multi_action: [757,1018,758,1,833,0,1089,30]
11-11 05:00:54.023 9262 9262 I sysui_multi_action: [757,1729,758,4,854,isParalleledControllers:false,1089,33]
11-11 05:00:56.315 32 32 I auditd : type=1400 audit(0.0:1379): avc: denied { kill } for comm="rcuop/2" capability=5 scontext=u:r:kernel:s0 tcontext=u:r:kernel:s0 tclass=capability permissive=0
11-11 05:00:59.315 0 0 I auditd : type=1400 audit(0.0:1380): avc: denied { kill } for comm="swapper/1" capability=5 scontext=u:r:kernel:s0 tcontext=u:r:kernel:s0 tclass=capability permissive=0
11-11 05:01:00.315 0 0 I auditd : type=1400 audit(0.0:1381): avc: denied { kill } for comm="swapper/1" capability=5 scontext=u:r:kernel:s0 tcontext=u:r:kernel:s0 tclass=capability permissive=0
11-11 05:01:02.315 0 0 I auditd : type=1400 audit(0.0:1382): avc: denied { kill } for comm="swapper/2" capability=5 scontext=u:r:kernel:s0 tcontext=u:r:kernel:s0 tclass=capability permissive=0
11-11 05:01:06.315 0 0 I auditd : type=1400 audit(0.0:1383): avc: denied { kill } for comm="swapper/0" capability=5 scontext=u:r:kernel:s0 tcontext=u:r:kernel:s0 tclass=capability permissive=0
11-11 05:01:07.315 0 0 I auditd : type=1400 audit(0.0:1384): avc: denied { kill } for comm="swapper/0" capability=5 scontext=u:r:kernel:s0 tcontext=u:r:kernel:s0 tclass=capability permissive=0
11-11 05:01:08.236 1490 1992 I input_interaction: Interaction with: 733447a com.android.settings/com.android.settings.Settings (server), PointerEventDispatcher0 (server),
11-11 05:01:08.315 0 0 I auditd : type=1400 audit(0.0:1385): avc: denied { kill } for comm="swapper/0" capability=5 scontext=u:r:kernel:s0 tcontext=u:r:kernel:s0 tclass=capability permissive=0
11-11 05:01:09.315 0 0 I auditd : type=1400 audit(0.0:1386): avc: denied { kill } for comm="swapper/0" capability=5 scontext=u:r:kernel:s0 tcontext=u:r:kernel:s0 tclass=capability permissive=0
11-11 05:01:10.315 351 351 I auditd : type=1400 audit(0.0:1387): avc: denied { kill } for comm="irq/382-atmel_m" capability=5 scontext=u:r:kernel:s0 tcontext=u:r:kernel:s0 tclass=capability permissive=0
11-11 05:01:10.641 1490 1992 I input_interaction: Interaction with: 733447a com.android.settings/com.android.settings.Settings (server), edge-swipe (server), swipe-up (server), PointerEventDispatcher0 (server),
11-11 05:01:10.743 9262 9262 I sysui_multi_action: [757,1018,758,2,1089,16722]
11-11 05:01:10.797 9262 9262 I sysui_multi_action: [757,747,758,1,833,0,1089,0]
11-11 05:01:11.315 0 0 I auditd : type=1400 audit(0.0:1388): avc: denied { kill } for comm="swapper/0" capability=5 scontext=u:r:kernel:s0 tcontext=u:r:kernel:s0 tclass=capability permissive=0
11-11 05:01:11.702 9262 9262 I sysui_multi_action: [757,830,758,4,833,0,854,add_bt_devices,1089,0]
11-11 05:01:11.714 9262 9262 I sysui_multi_action: [757,747,758,2,1089,916]
11-11 05:01:11.766 9262 9262 I sysui_multi_action: [757,1018,758,1,833,0,1089,44]
11-11 05:01:11.768 9262 9262 I sysui_multi_action: [757,1729,758,4,854,isParalleledControllers:false,1089,47]
11-11 05:01:12.315 0 0 I auditd : type=1400 audit(0.0:1389): avc: denied { kill } for comm="swapper/0" capability=5 scontext=u:r:kernel:s0 tcontext=u:r:kernel:s0 tclass=capability permissive=0
11-11 05:01:14.315 0 0 I auditd : type=1400 audit(0.0:1390): avc: denied { kill } for comm="swapper/2" capability=5 scontext=u:r:kernel:s0 tcontext=u:r:kernel:s0 tclass=capability permissive=0
11-11 05:01:15.315 351 351 I auditd : type=1400 audit(0.0:1391): avc: denied { kill } for comm="irq/382-atmel_m" capability=5 scontext=u:r:kernel:s0 tcontext=u:r:kernel:s0 tclass=capability permissive=0
11-11 05:01:16.315 0 0 I auditd : type=1400 audit(0.0:1392): avc: denied { kill } for comm="swapper/2" capability=5 scontext=u:r:kernel:s0 tcontext=u:r:kernel:s0 tclass=capability permissive=0
11-11 05:01:20.315 0 0 I auditd : type=1400 audit(0.0:1393): avc: denied { kill } for comm="swapper/3" capability=5 scontext=u:r:kernel:s0 tcontext=u:r:kernel:s0 tclass=capability permissive=0
11-11 05:01:21.315 0 0 I auditd : type=1400 audit(0.0:1394): avc: denied { kill } for comm="swapper/3" capability=5 scontext=u:r:kernel:s0 tcontext=u:r:kernel:s0 tclass=capability permissive=0
11-11 05:01:22.315 0 0 I auditd : type=1400 audit(0.0:1395): avc: denied { kill } for comm="swapper/3" capability=5 scontext=u:r:kernel:s0 tcontext=u:r:kernel:s0 tclass=capability permissive=0
11-11 05:01:25.315 0 0 I auditd : type=1400 audit(0.0:1396): avc: denied { kill } for comm="swapper/0" capability=5 scontext=u:r:kernel:s0 tcontext=u:r:kernel:s0 tclass=capability permissive=0
11-11 05:01:26.315 0 0 I auditd : type=1400 audit(0.0:1397): avc: denied { kill } for comm="swapper/0" capability=5 scontext=u:r:kernel:s0 tcontext=u:r:kernel:s0 tclass=capability permissive=0
11-11 05:01:27.315 0 0 I auditd : type=1400 audit(0.0:1398): avc: denied { kill } for comm="swapper/0" capability=5 scontext=u:r:kernel:s0 tcontext=u:r:kernel:s0 tclass=capability permissive=0
11-11 05:01:28.315 0 0 I auditd : type=1400 audit(0.0:1399): avc: denied { kill } for comm="swapper/0" capability=5 scontext=u:r:kernel:s0 tcontext=u:r:kernel:s0 tclass=capability permissive=0
11-11 05:01:30.282 1490 1641 I am_pss : [9262,1000,com.android.settings,95627264,80547840,0,239865856,0,2,13]
11-11 05:01:30.315 351 351 I auditd : type=1400 audit(0.0:1400): avc: denied { kill } for comm="irq/382-atmel_m" capability=5 scontext=u:r:kernel:s0 tcontext=u:r:kernel:s0 tclass=capability permissive=0
11-11 05:01:31.315 0 0 I auditd : type=1400 audit(0.0:1401): avc: denied { kill } for comm="swapper/0" capability=5 scontext=u:r:kernel:s0 tcontext=u:r:kernel:s0 tclass=capability permissive=0
11-11 05:01:32.315 0 0 I auditd : type=1400 audit(0.0:1402): avc: denied { kill } for comm="swapper/0" capability=5 scontext=u:r:kernel:s0 tcontext=u:r:kernel:s0 tclass=capability permissive=0
11-11 05:01:33.446 9262 9262 I sysui_multi_action: [757,1018,758,2,1089,21681]
11-11 05:01:33.486 9262 9262 I sysui_multi_action: [757,747,758,1,833,0,1089,0]
11-11 05:01:34.187 1490 1642 I am_uid_idle: 10064
11-11 05:01:34.315 0 0 I auditd : type=1400 audit(0.0:1403): avc: denied { kill } for comm="swapper/0" capability=5 scontext=u:r:kernel:s0 tcontext=u:r:kernel:s0 tclass=capability permissive=0
11-11 05:01:34.582 9262 9262 I sysui_multi_action: [757,830,758,4,833,0,854,add_bt_devices,1089,0]
11-11 05:01:34.605 9262 9262 I sysui_multi_action: [757,747,758,2,1089,1119]
11-11 05:01:34.656 9262 9262 I sysui_multi_action: [757,1018,758,1,833,0,1089,44]
11-11 05:01:34.661 9262 9262 I sysui_multi_action: [757,1729,758,4,854,isParalleledControllers:false,1089,49]
11-11 05:01:35.315 351 351 I auditd : type=1400 audit(0.0:1404): avc: denied { kill } for comm="irq/382-atmel_m" capability=5 scontext=u:r:kernel:s0 tcontext=u:r:kernel:s0 tclass=capability permissive=0
11-11 05:01:36.315 0 0 I auditd : type=1400 audit(0.0:1405): avc: denied { kill } for comm="swapper/0" capability=5 scontext=u:r:kernel:s0 tcontext=u:r:kernel:s0 tclass=capability permissive=0
11-11 05:01:36.810 9262 9262 I sysui_multi_action: [757,866,758,4]
11-11 05:01:36.837 1490 1641 I am_pss : [9544,10070,com.android.webview:webview_service,21853184,4988928,0,89161728,0,19,6]
11-11 05:01:37.315 0 0 I auditd : type=1400 audit(0.0:1406): avc: denied { kill } for comm="swapper/0" capability=5 scontext=u:r:kernel:s0 tcontext=u:r:kernel:s0 tclass=capability permissive=0
11-11 05:01:38.315 0 0 I auditd : type=1400 audit(0.0:1407): avc: denied { kill } for comm="swapper/0" capability=5 scontext=u:r:kernel:s0 tcontext=u:r:kernel:s0 tclass=capability permissive=0
11-11 05:01:38.462 1490 6160 I wm_task_created: [77,-1]
11-11 05:01:38.467 1490 6160 I wm_task_moved: [77,1,7]
11-11 05:01:38.467 1490 6160 I wm_task_to_front: [0,77]
11-11 05:01:38.468 1490 6160 I wm_create_task: [0,77]
11-11 05:01:38.468 1490 6160 I wm_create_activity: [0,8040637,77,com.android.settings/.bluetooth.BluetoothPairingDialog,android.bluetooth.device.action.PAIRING_REQUEST,NULL,NULL,276824064]
11-11 05:01:38.468 1490 6160 I wm_task_moved: [77,1,7]
11-11 05:01:38.470 1490 6160 I wm_pause_activity: [0,214719036,com.android.settings/.Settings,userLeaving=true,pauseBackTasks]
11-11 05:01:38.474 9262 9262 I wm_on_top_resumed_lost_called: [214719036,com.android.settings.Settings,topStateChangedWhenResumed]
11-11 05:01:38.478 9262 9262 I sysui_multi_action: [757,35,758,2,1089,70890]
11-11 05:01:38.479 9262 9262 I sysui_multi_action: [757,1018,758,2,1089,3823]
11-11 05:01:38.480 9262 9262 I wm_on_paused_called: [214719036,com.android.settings.Settings,performPause]
11-11 05:01:38.488 1490 6837 I wm_restart_activity: [0,8040637,77,com.android.settings/.bluetooth.BluetoothPairingDialog]
11-11 05:01:38.490 1490 6837 I wm_set_resumed_activity: [0,com.android.settings/.bluetooth.BluetoothPairingDialog,minimalResumeActivityLocked]
11-11 05:01:38.503 1490 1634 I sysui_multi_action: [757,803,799,window_time_0,802,71]
11-11 05:01:38.518 9262 9262 I wm_on_create_called: [8040637,com.android.settings.bluetooth.BluetoothPairingDialog,performCreate]
11-11 05:01:38.554 9262 9262 I wm_on_start_called: [8040637,com.android.settings.bluetooth.BluetoothPairingDialog,handleStartActivity]
11-11 05:01:38.555 9262 9262 I wm_on_resume_called: [8040637,com.android.settings.bluetooth.BluetoothPairingDialog,RESUME_ACTIVITY]
11-11 05:01:38.555 9262 9262 I sysui_multi_action: [757,613,758,1,833,0,1089,33]
11-11 05:01:38.557 9262 9262 I wm_on_top_resumed_gained_called: [8040637,com.android.settings.bluetooth.BluetoothPairingDialog,topStateChangedWhenResumed]
11-11 05:01:38.565 1490 1635 I input_focus: [Focus request e811dac com.android.settings/com.android.settings.bluetooth.BluetoothPairingDialog,reason=UpdateInputWindows]
11-11 05:01:38.582 1490 1992 I input_focus: [Focus leaving 733447a com.android.settings/com.android.settings.Settings (server),reason=Waiting for window because NOT_VISIBLE]
11-11 05:01:38.584 1490 1630 I wm_activity_launch_time: [0,8040637,com.android.settings/.bluetooth.BluetoothPairingDialog,128]
11-11 05:01:38.597 1490 1992 I input_focus: [Focus entering e811dac com.android.settings/com.android.settings.bluetooth.BluetoothPairingDialog (server),reason=Window became focusable. Previous reason: NOT_VISIBLE]
11-11 05:01:38.610 1490 1490 I am_uid_active: 10064
11-11 05:01:39.315 0 0 I auditd : type=1400 audit(0.0:1408): avc: denied { kill } for comm="swapper/0" capability=5 scontext=u:r:kernel:s0 tcontext=u:r:kernel:s0 tclass=capability permissive=0
11-11 05:01:40.315 0 0 I auditd : type=1400 audit(0.0:1409): avc: denied { kill } for comm="swapper/1" capability=5 scontext=u:r:kernel:s0 tcontext=u:r:kernel:s0 tclass=capability permissive=0
11-11 05:01:40.663 1490 1992 I input_interaction: Interaction with: e811dac com.android.settings/com.android.settings.bluetooth.BluetoothPairingDialog (server), edge-swipe (server), swipe-up (server), PointerEventDispatcher0 (server),
11-11 05:01:40.788 1490 6837 I wm_finish_activity: [0,8040637,77,com.android.settings/.bluetooth.BluetoothPairingDialog,app-request]
11-11 05:01:40.789 1490 6837 I wm_task_moved: [76,1,7]
11-11 05:01:40.789 1490 6837 I wm_task_to_front: [0,76]
11-11 05:01:40.795 1490 6837 I wm_focused_root_task: [0,0,76,77,finish-top adjustFocusToNextFocusableTask]
11-11 05:01:40.813 1490 6837 I wm_pause_activity: [0,8040637,com.android.settings/.bluetooth.BluetoothPairingDialog,userLeaving=false,finish]
11-11 05:01:40.820 1490 1635 I input_focus: [Focus request 733447a com.android.settings/com.android.settings.Settings,reason=UpdateInputWindows]
11-11 05:01:40.838 9262 9262 I wm_on_top_resumed_lost_called: [8040637,com.android.settings.bluetooth.BluetoothPairingDialog,topStateChangedWhenResumed]
11-11 05:01:40.840 9262 9262 I sysui_multi_action: [757,613,758,2,1089,2285]
11-11 05:01:40.841 9262 9262 I wm_on_paused_called: [8040637,com.android.settings.bluetooth.BluetoothPairingDialog,performPause]
11-11 05:01:40.846 1490 6835 I wm_set_resumed_activity: [0,com.android.settings/.Settings,resumeTopActivityInnerLocked]
11-11 05:01:40.847 1490 6835 I wm_resume_activity: [0,214719036,76,com.android.settings/.Settings]
11-11 05:01:40.847 1490 1992 I input_focus: [Focus entering 733447a com.android.settings/com.android.settings.Settings (server),reason=setFocusedWindow]
11-11 05:01:40.862 9262 9262 I wm_on_resume_called: [214719036,com.android.settings.Settings,RESUME_ACTIVITY]
11-11 05:01:40.863 9262 9262 I sysui_multi_action: [757,35,758,1,833,0,1089,0]
11-11 05:01:40.865 9262 9262 I sysui_multi_action: [757,1018,758,1,833,0,1089,0]
11-11 05:01:40.867 9262 9262 I wm_on_top_resumed_gained_called: [214719036,com.android.settings.Settings,topWhenResuming]
11-11 05:01:40.868 1490 1634 I sysui_multi_action: [757,803,799,window_time_0,802,2]
11-11 05:01:40.905 1490 6837 I wm_destroy_activity: [0,8040637,77,com.android.settings/.bluetooth.BluetoothPairingDialog,finish-idle]
11-11 05:01:40.905 9262 9262 I wm_on_stop_called: [8040637,com.android.settings.bluetooth.BluetoothPairingDialog,LIFECYCLER_STOP_ACTIVITY]
11-11 05:01:40.906 9262 9262 I wm_on_destroy_called: [8040637,com.android.settings.bluetooth.BluetoothPairingDialog,performDestroy]
11-11 05:01:41.119 1490 1635 I wm_task_removed: [77,removeChild:removeChild last r=ActivityRecord{7ab0bd u0 com.android.settings/.bluetooth.BluetoothPairingDialog t-1 f}} in t=Task{a9e432d #77 type=standard A=1000:.bluetooth.BluetoothPairingDialog U=0 visible=false mode=fullscreen translucent=true sz=0}]
11-11 05:01:41.119 1490 1635 I wm_task_removed: [77,removeChild]
11-11 05:01:41.489 9262 9262 I sysui_multi_action: [757,1018,758,2,1089,622]
11-11 05:01:41.541 9262 9262 I sysui_multi_action: [757,747,758,1,833,0,1089,0]
11-11 05:01:42.044 1490 7448 I stream_devices_changed: [3,2,128]
11-11 05:01:42.060 1490 2301 I volume_changed: [3,13,19,39,onSetA2dpSinkConnectionState]
11-11 05:01:42.108 1490 2301 I stream_devices_changed: [6,1,128]
11-11 05:01:42.133 2356 2771 I sysui_multi_action: [757,210,758,4,759,2]
11-11 05:01:42.231 2356 2771 I sysui_multi_action: [757,210,758,4,759,1]
11-11 05:01:42.276 2356 2771 I sysui_multi_action: [757,210,758,4,759,0]
11-11 05:01:42.320 2356 2771 I sysui_multi_action: [757,210,758,4,759,3]
11-11 05:01:42.378 2356 2771 I sysui_multi_action: [757,210,758,4,759,11]
11-11 05:01:42.417 2356 2771 I sysui_multi_action: [757,210,758,4,759,10]
11-11 05:01:42.471 2356 2771 I sysui_multi_action: [757,210,758,4,759,8]
11-11 05:01:42.522 2356 2771 I sysui_multi_action: [757,210,758,4,759,7]
11-11 05:01:42.564 2356 2771 I sysui_multi_action: [757,210,758,4,759,5]
11-11 05:01:42.600 2356 2771 I sysui_multi_action: [757,210,758,4,759,4]
11-11 05:01:42.601 2356 2771 I sysui_multi_action: [757,210,758,4,759,6]
11-11 05:01:42.809 1490 1745 I commit_sys_config_file: [settings-1-0,8]
11-11 05:01:43.315 0 0 I auditd : type=1400 audit(0.0:1410): avc: denied { kill } for comm="swapper/3" capability=5 scontext=u:r:kernel:s0 tcontext=u:r:kernel:s0 tclass=capability permissive=0
11-11 05:01:44.315 0 0 I auditd : type=1400 audit(0.0:1411): avc: denied { kill } for comm="swapper/3" capability=5 scontext=u:r:kernel:s0 tcontext=u:r:kernel:s0 tclass=capability permissive=0
11-11 05:01:45.037 1490 2281 I netstats_mobile_sample: [0,0,0,0,0,0,0,0,0,0,0,0,1668114105037]
11-11 05:01:45.038 1490 2281 I netstats_wifi_sample: [41033869,45707,6209086,23279,41033869,45707,6209086,23279,42790244,55373,3460421,16781,1668114105037]
11-11 05:01:45.315 0 0 I auditd : type=1400 audit(0.0:1412): avc: denied { kill } for comm="swapper/3" capability=5 scontext=u:r:kernel:s0 tcontext=u:r:kernel:s0 tclass=capability permissive=0
11-11 05:01:46.771 1490 1992 I input_interaction: Interaction with: 733447a com.android.settings/com.android.settings.Settings (server), edge-swipe (server), swipe-up (server), PointerEventDispatcher0 (server),
11-11 05:01:46.793 1490 5865 I wm_task_moved: [1,0,0]
11-11 05:01:46.794 1490 5865 I wm_task_moved: [1,0,5]
11-11 05:01:46.803 2824 2824 I wm_on_restart_called: [85671939,com.android.launcher3.uioverrides.QuickstepLauncher,performRestartActivity]
11-11 05:01:46.826 2824 2824 I wm_on_start_called: [85671939,com.android.launcher3.uioverrides.QuickstepLauncher,handleStartActivity]
11-11 05:01:46.865 1490 1630 I sysui_multi_action: [319,15,322,59,325,926,757,761,758,9,759,5,806,com.android.launcher3,871,com.android.launcher3.uioverrides.QuickstepLauncher,905,0,1320,4,1321,1]
11-11 05:01:46.888 9262 9262 I view_enqueue_input_event: [Motion - Cancel,com.android.settings/com.android.settings.Settings]
11-11 05:01:46.890 2824 2824 I sysui_latency: [1,75]
11-11 05:01:46.891 1490 1992 I input_interaction: Interaction with: edge-swipe (server), swipe-up (server), PointerEventDispatcher0 (server),
11-11 05:01:46.896 2356 2771 I sysui_multi_action: [757,210,758,4,759,-1]
11-11 05:01:46.897 1490 1635 I input_focus: [Focus request recents_animation_input_consumer,reason=UpdateInputWindows]
11-11 05:01:46.916 1490 1992 I input_focus: [Focus leaving 733447a com.android.settings/com.android.settings.Settings (server),reason=NOT_FOCUSABLE]
11-11 05:01:46.917 1490 1992 I input_focus: [Focus entering recents_animation_input_consumer (server),reason=setFocusedWindow]
11-11 05:01:47.036 1490 1745 I commit_sys_config_file: [settings-1-0,12]
11-11 05:01:47.153 1490 1641 I sysui_latency: [8,75]
11-11 05:01:47.235 1490 1745 I commit_sys_config_file: [settings-1-0,8]
11-11 05:01:47.697 1490 6837 I wm_task_moved: [1,1,6]
11-11 05:01:47.702 9262 9262 I wm_on_top_resumed_lost_called: [214719036,com.android.settings.Settings,topStateChangedWhenResumed]
11-11 05:01:47.703 1490 6837 I wm_task_moved: [10,1,2147483647]
11-11 05:01:47.703 1490 6837 I wm_task_to_front: [0,10]
11-11 05:01:47.703 1490 6837 I wm_focused_root_task: [0,0,1,76,RecentsAnimation.onAnimationFinished()]
11-11 05:01:47.703 1490 6837 I wm_set_resumed_activity: [0,com.android.launcher3/.uioverrides.QuickstepLauncher,RecentsAnimation.onAnimationFinished()]
11-11 05:01:47.706 1490 6837 I wm_pause_activity: [0,214719036,com.android.settings/.Settings,userLeaving=true,pauseBackTasks]
11-11 05:01:47.708 1490 6837 I wm_add_to_stopping: [0,214719036,com.android.settings/.Settings,makeInvisible]
11-11 05:01:47.710 1490 6837 I wm_set_resumed_activity: [0,com.android.launcher3/.uioverrides.QuickstepLauncher,resumeTopActivityInnerLocked]
11-11 05:01:47.714 1490 6837 I wm_resume_activity: [0,85671939,10,com.android.launcher3/.uioverrides.QuickstepLauncher]
11-11 05:01:47.715 2824 2824 I wm_on_resume_called: [85671939,com.android.launcher3.uioverrides.QuickstepLauncher,RESUME_ACTIVITY]
11-11 05:01:47.725 1490 1635 I input_focus: [Focus request 978e85f com.android.launcher3/com.android.launcher3.uioverrides.QuickstepLauncher,reason=UpdateInputWindows]
11-11 05:01:47.726 2824 2824 I wm_on_top_resumed_gained_called: [85671939,com.android.launcher3.uioverrides.QuickstepLauncher,topStateChangedWhenResumed]
11-11 05:01:47.728 9262 9262 I sysui_multi_action: [757,35,758,2,1089,6865]
11-11 05:01:47.729 9262 9262 I sysui_multi_action: [757,747,758,2,1089,6188]
11-11 05:01:47.730 9262 9262 I wm_on_paused_called: [214719036,com.android.settings.Settings,performPause]
11-11 05:01:47.732 1490 1634 I wm_stop_activity: [0,214719036,com.android.settings/.Settings]
11-11 05:01:47.732 1490 1634 I sysui_multi_action: [757,803,799,window_time_0,802,7]
11-11 05:01:47.735 1490 1634 I sysui_multi_action: [757,803,799,window_time_0,802,0]
11-11 05:01:47.736 1490 1992 I input_focus: [Focus leaving recents_animation_input_consumer (server),reason=NOT_VISIBLE]
11-11 05:01:47.745 1490 1992 I input_focus: [Focus entering 978e85f com.android.launcher3/com.android.launcher3.uioverrides.QuickstepLauncher (server),reason=setFocusedWindow]
11-11 05:01:47.764 9262 9262 I wm_on_stop_called: [214719036,com.android.settings.Settings,STOP_ACTIVITY_ITEM]
11-11 05:01:48.142 1490 1992 I input_interaction: Interaction with: 978e85f com.android.launcher3/com.android.launcher3.uioverrides.QuickstepLauncher (server), f91321f com.android.systemui.ImageWallpaper (server), edge-swipe (server), swipe-up (server), PointerEventDispatcher0 (server),
11-11 05:01:48.284 1490 7448 I sysui_multi_action: [757,127,758,1]
11-11 05:01:48.284 1490 7448 I sysui_multi_action: [757,804,799,note_load,801,2,802,1]
11-11 05:01:48.285 1490 7448 I notification_panel_revealed: 2
11-11 05:01:48.306 1490 1635 I input_focus: [Focus request 374215a NotificationShade,reason=UpdateInputWindows]
11-11 05:01:48.315 0 0 I auditd : type=1400 audit(0.0:1413): avc: denied { kill } for comm="swapper/1" capability=5 scontext=u:r:kernel:s0 tcontext=u:r:kernel:s0 tclass=capability permissive=0
11-11 05:01:48.323 1490 1992 I input_focus: [Focus leaving 978e85f com.android.launcher3/com.android.launcher3.uioverrides.QuickstepLauncher (server),reason=Waiting for window because NOT_VISIBLE]
11-11 05:01:48.339 1490 1992 I input_focus: [Focus entering 374215a NotificationShade (server),reason=Window became focusable. Previous reason: NOT_VISIBLE]
11-11 05:01:48.340 1490 1992 I input_interaction: Interaction with: 978e85f com.android.launcher3/com.android.launcher3.uioverrides.QuickstepLauncher (server), f91321f com.android.systemui.ImageWallpaper (server), 374215a NotificationShade (server), edge-swipe (server), swipe-up (server), PointerEventDispatcher0 (server),
11-11 05:01:48.340 2824 2824 I view_enqueue_input_event: [Motion - Cancel,com.android.launcher3/com.android.launcher3.uioverrides.QuickstepLauncher]
11-11 05:01:48.343 2356 2356 I sysui_multi_action: [757,803,799,panel_open,802,1]
11-11 05:01:48.343 2356 2356 I sysui_multi_action: [757,1328,758,4,1326,50,1327,30,1329,0]
11-11 05:01:48.356 1490 1992 I input_interaction: Interaction with: f91321f com.android.systemui.ImageWallpaper (server), 374215a NotificationShade (server), edge-swipe (server), swipe-up (server), PointerEventDispatcher0 (server),
11-11 05:01:48.362 2356 2356 I sysui_multi_action: [757,111,758,2]
11-11 05:01:48.362 1490 1490 I notification_enqueue: [10082,2356,com.android.systemui,2048,NULL,0,Notification(channel=updateNotification shortcut=null contentView=null vibrate=null sound=null defaults=0x0 flags=0x0 color=0x00000000 vis=PRIVATE),1]
11-11 05:01:48.362 2356 2356 I sysui_multi_action: [757,111,758,2]
11-11 05:01:48.372 2356 2356 I sysui_multi_action: [757,111,758,1]
11-11 05:01:48.372 2356 2356 I sysui_multi_action: [757,126,758,1,759,126,927,0,928,1,1593,0]
11-11 05:01:48.373 2356 2356 I sysui_multi_action: [757,113,758,1,759,113,927,1,928,1,1593,0]
11-11 05:01:48.373 2356 2356 I sysui_multi_action: [757,0,758,1,759,0,927,2,928,0,1593,0]
11-11 05:01:48.373 2356 2356 I sysui_multi_action: [757,0,758,1,759,0,927,3,928,0,1593,0]
11-11 05:01:48.373 2356 2356 I sysui_multi_action: [757,491,758,1,759,491,927,4,928,0,1311,-1,1593,0]
11-11 05:01:48.373 2356 2356 I sysui_multi_action: [757,0,758,1,759,0,927,5,928,0,1593,0]
11-11 05:01:48.373 2356 2356 I sysui_multi_action: [757,111,758,1]
11-11 05:01:48.373 2356 2356 I sysui_multi_action: [757,126,758,1,759,126,927,0,928,1,1593,0]
11-11 05:01:48.373 2356 2356 I sysui_multi_action: [757,113,758,1,759,113,927,1,928,1,1593,0]
11-11 05:01:48.373 2356 2356 I sysui_multi_action: [757,0,758,1,759,0,927,2,928,0,1593,0]
11-11 05:01:48.373 2356 2356 I sysui_multi_action: [757,0,758,1,759,0,927,3,928,0,1593,0]
11-11 05:01:48.444 1490 1490 I notification_enqueue: [10082,2356,com.android.systemui,2048,NULL,0,Notification(channel=updateNotification shortcut=null contentView=null vibrate=null sound=null defaults=0x0 flags=0x0 color=0x00000000 vis=PRIVATE),1]
11-11 05:01:48.445 2356 2356 I sysui_multi_action: [757,111,758,2]
11-11 05:01:48.445 2356 2356 I sysui_multi_action: [757,111,758,2]
11-11 05:01:48.449 2356 2356 I sysui_multi_action: [757,111,758,1]
11-11 05:01:48.449 2356 2356 I sysui_multi_action: [757,126,758,1,759,126,927,0,928,1,1593,0]
11-11 05:01:48.449 2356 2356 I sysui_multi_action: [757,113,758,1,759,113,927,1,928,1,1593,0]
11-11 05:01:48.449 2356 2356 I sysui_multi_action: [757,0,758,1,759,0,927,2,928,0,1593,0]
11-11 05:01:48.449 2356 2356 I sysui_multi_action: [757,0,758,1,759,0,927,3,928,0,1593,0]
11-11 05:01:48.449 2356 2356 I sysui_multi_action: [757,491,758,1,759,491,927,4,928,0,1311,-1,1593,0]
11-11 05:01:48.449 2356 2356 I sysui_multi_action: [757,0,758,1,759,0,927,5,928,0,1593,0]
11-11 05:01:48.450 2356 2356 I sysui_multi_action: [757,111,758,1]
11-11 05:01:48.450 2356 2356 I sysui_multi_action: [757,126,758,1,759,126,927,0,928,1,1593,0]
11-11 05:01:48.450 2356 2356 I sysui_multi_action: [757,113,758,1,759,113,927,1,928,1,1593,0]
11-11 05:01:48.450 2356 2356 I sysui_multi_action: [757,0,758,1,759,0,927,2,928,0,1593,0]
11-11 05:01:48.450 2356 2356 I sysui_multi_action: [757,0,758,1,759,0,927,3,928,0,1593,0]
11-11 05:01:48.462 2356 2356 I sysui_multi_action: [757,111,758,2]
11-11 05:01:48.462 2356 2356 I sysui_multi_action: [757,111,758,2]
11-11 05:01:48.462 1490 1490 I notification_enqueue: [10082,2356,com.android.systemui,2048,NULL,0,Notification(channel=updateNotification shortcut=null contentView=null vibrate=null sound=null defaults=0x0 flags=0x0 color=0x00000000 vis=PRIVATE),1]
11-11 05:01:48.466 2356 2356 I sysui_multi_action: [757,111,758,1]
11-11 05:01:48.467 2356 2356 I sysui_multi_action: [757,126,758,1,759,126,927,0,928,1,1593,0]
11-11 05:01:48.467 2356 2356 I sysui_multi_action: [757,113,758,1,759,113,927,1,928,1,1593,0]
11-11 05:01:48.467 2356 2356 I sysui_multi_action: [757,0,758,1,759,0,927,2,928,0,1593,0]
11-11 05:01:48.467 2356 2356 I sysui_multi_action: [757,0,758,1,759,0,927,3,928,0,1593,0]
11-11 05:01:48.467 2356 2356 I sysui_multi_action: [757,491,758,1,759,491,927,4,928,0,1311,-1,1593,0]
11-11 05:01:48.467 2356 2356 I sysui_multi_action: [757,0,758,1,759,0,927,5,928,0,1593,0]
11-11 05:01:48.467 2356 2356 I sysui_multi_action: [757,111,758,1]
11-11 05:01:48.467 2356 2356 I sysui_multi_action: [757,126,758,1,759,126,927,0,928,1,1593,0]
11-11 05:01:48.467 2356 2356 I sysui_multi_action: [757,113,758,1,759,113,927,1,928,1,1593,0]
11-11 05:01:48.467 2356 2356 I sysui_multi_action: [757,0,758,1,759,0,927,2,928,0,1593,0]
11-11 05:01:48.467 2356 2356 I sysui_multi_action: [757,0,758,1,759,0,927,3,928,0,1593,0]
11-11 05:01:48.480 2356 2356 I sysui_multi_action: [757,111,758,2]
11-11 05:01:48.480 1490 1490 I notification_enqueue: [10082,2356,com.android.systemui,2048,NULL,0,Notification(channel=updateNotification shortcut=null contentView=null vibrate=null sound=null defaults=0x0 flags=0x0 color=0x00000000 vis=PRIVATE),1]
11-11 05:01:48.481 2356 2356 I sysui_multi_action: [757,111,758,2]
11-11 05:01:48.485 2356 2356 I sysui_multi_action: [757,111,758,1]
11-11 05:01:48.485 2356 2356 I sysui_multi_action: [757,126,758,1,759,126,927,0,928,1,1593,0]
11-11 05:01:48.485 2356 2356 I sysui_multi_action: [757,113,758,1,759,113,927,1,928,1,1593,0]
11-11 05:01:48.485 2356 2356 I sysui_multi_action: [757,0,758,1,759,0,927,2,928,0,1593,0]
11-11 05:01:48.485 2356 2356 I sysui_multi_action: [757,0,758,1,759,0,927,3,928,0,1593,0]
11-11 05:01:48.485 2356 2356 I sysui_multi_action: [757,491,758,1,759,491,927,4,928,0,1311,-1,1593,0]
11-11 05:01:48.485 2356 2356 I sysui_multi_action: [757,0,758,1,759,0,927,5,928,0,1593,0]
11-11 05:01:48.485 2356 2356 I sysui_multi_action: [757,111,758,1]
11-11 05:01:48.485 2356 2356 I sysui_multi_action: [757,126,758,1,759,126,927,0,928,1,1593,0]
11-11 05:01:48.485 2356 2356 I sysui_multi_action: [757,113,758,1,759,113,927,1,928,1,1593,0]
11-11 05:01:48.485 2356 2356 I sysui_multi_action: [757,0,758,1,759,0,927,2,928,0,1593,0]
11-11 05:01:48.485 2356 2356 I sysui_multi_action: [757,0,758,1,759,0,927,3,928,0,1593,0]
11-11 05:01:48.498 1490 1490 I notification_enqueue: [10082,2356,com.android.systemui,2048,NULL,0,Notification(channel=updateNotification shortcut=null contentView=null vibrate=null sound=null defaults=0x0 flags=0x0 color=0x00000000 vis=PRIVATE),1]
11-11 05:01:48.498 2356 2356 I sysui_multi_action: [757,111,758,2]
11-11 05:01:48.499 2356 2356 I sysui_multi_action: [757,111,758,2]
11-11 05:01:48.503 2356 2356 I sysui_multi_action: [757,111,758,1]
11-11 05:01:48.503 2356 2356 I sysui_multi_action: [757,126,758,1,759,126,927,0,928,1,1593,0]
11-11 05:01:48.503 2356 2356 I sysui_multi_action: [757,113,758,1,759,113,927,1,928,1,1593,0]
11-11 05:01:48.503 2356 2356 I sysui_multi_action: [757,0,758,1,759,0,927,2,928,0,1593,0]
11-11 05:01:48.503 2356 2356 I sysui_multi_action: [757,0,758,1,759,0,927,3,928,0,1593,0]
11-11 05:01:48.503 2356 2356 I sysui_multi_action: [757,491,758,1,759,491,927,4,928,0,1311,-1,1593,0]
11-11 05:01:48.503 2356 2356 I sysui_multi_action: [757,0,758,1,759,0,927,5,928,0,1593,0]
11-11 05:01:48.503 2356 2356 I sysui_multi_action: [757,111,758,1]
11-11 05:01:48.503 2356 2356 I sysui_multi_action: [757,126,758,1,759,126,927,0,928,1,1593,0]
11-11 05:01:48.504 2356 2356 I sysui_multi_action: [757,113,758,1,759,113,927,1,928,1,1593,0]
11-11 05:01:48.504 2356 2356 I sysui_multi_action: [757,0,758,1,759,0,927,2,928,0,1593,0]
11-11 05:01:48.504 2356 2356 I sysui_multi_action: [757,0,758,1,759,0,927,3,928,0,1593,0]
11-11 05:01:48.516 2356 2356 I sysui_multi_action: [757,111,758,2]
