11-11 05:21:52.315 0 0 I auditd : type=1400 audit(0.0:2762): avc: denied { kill } for comm="swapper/1" capability=5 scontext=u:r:kernel:s0 tcontext=u:r:kernel:s0 tclass=capability permissive=0
11-11 05:21:53.315 0 0 I auditd : type=1400 audit(0.0:2763): avc: denied { kill } for comm="swapper/1" capability=5 scontext=u:r:kernel:s0 tcontext=u:r:kernel:s0 tclass=capability permissive=0
11-11 05:21:54.315 0 0 I auditd : type=1400 audit(0.0:2764): avc: denied { kill } for comm="swapper/1" capability=5 scontext=u:r:kernel:s0 tcontext=u:r:kernel:s0 tclass=capability permissive=0
11-11 05:21:55.315 0 0 I auditd : type=1400 audit(0.0:2765): avc: denied { kill } for comm="swapper/1" capability=5 scontext=u:r:kernel:s0 tcontext=u:r:kernel:s0 tclass=capability permissive=0
11-11 05:21:56.315 0 0 I auditd : type=1400 audit(0.0:2766): avc: denied { kill } for comm="swapper/1" capability=5 scontext=u:r:kernel:s0 tcontext=u:r:kernel:s0 tclass=capability permissive=0
11-11 05:21:57.315 0 0 I auditd : type=1400 audit(0.0:2767): avc: denied { kill } for comm="swapper/1" capability=5 scontext=u:r:kernel:s0 tcontext=u:r:kernel:s0 tclass=capability permissive=0
11-11 05:21:59.315 0 0 I auditd : type=1400 audit(0.0:2768): avc: denied { kill } for comm="swapper/3" capability=5 scontext=u:r:kernel:s0 tcontext=u:r:kernel:s0 tclass=capability permissive=0
11-11 05:22:00.315 0 0 I auditd : type=1400 audit(0.0:2769): avc: denied { kill } for comm="swapper/3" capability=5 scontext=u:r:kernel:s0 tcontext=u:r:kernel:s0 tclass=capability permissive=0
11-11 05:22:01.315 0 0 I auditd : type=1400 audit(0.0:2770): avc: denied { kill } for comm="swapper/3" capability=5 scontext=u:r:kernel:s0 tcontext=u:r:kernel:s0 tclass=capability permissive=0
11-11 05:22:03.315 0 0 I auditd : type=1400 audit(0.0:2771): avc: denied { kill } for comm="swapper/3" capability=5 scontext=u:r:kernel:s0 tcontext=u:r:kernel:s0 tclass=capability permissive=0
11-11 05:22:04.315 0 0 I auditd : type=1400 audit(0.0:2772): avc: denied { kill } for comm="swapper/3" capability=5 scontext=u:r:kernel:s0 tcontext=u:r:kernel:s0 tclass=capability permissive=0
11-11 05:22:05.315 0 0 I auditd : type=1400 audit(0.0:2773): avc: denied { kill } for comm="swapper/3" capability=5 scontext=u:r:kernel:s0 tcontext=u:r:kernel:s0 tclass=capability permissive=0
11-11 05:22:06.315 0 0 I auditd : type=1400 audit(0.0:2774): avc: denied { kill } for comm="swapper/3" capability=5 scontext=u:r:kernel:s0 tcontext=u:r:kernel:s0 tclass=capability permissive=0
11-11 05:22:07.315 0 0 I auditd : type=1400 audit(0.0:2775): avc: denied { kill } for comm="swapper/3" capability=5 scontext=u:r:kernel:s0 tcontext=u:r:kernel:s0 tclass=capability permissive=0
11-11 05:22:07.875 1490 1772 I am_freeze: [11749,com.android.deskclock]
11-11 05:22:07.876 1490 1772 I am_kill : [0,11749,com.android.deskclock,935,Unable to freeze binder interface]
11-11 05:22:07.907 1490 7426 I am_proc_died: [0,11749,com.android.deskclock,935,19]
11-11 05:22:07.908 1490 7426 I am_uid_stopped: 10066
11-11 05:22:07.926 1490 1641 I am_pss : [11823,1000,com.android.settings,72505344,57823232,0,212418560,0,15,12]
11-11 05:22:08.315 0 0 I auditd : type=1400 audit(0.0:2776): avc: denied { kill } for comm="swapper/3" capability=5 scontext=u:r:kernel:s0 tcontext=u:r:kernel:s0 tclass=capability permissive=0
11-11 05:22:09.315 0 0 I auditd : type=1400 audit(0.0:2777): avc: denied { kill } for comm="swapper/3" capability=5 scontext=u:r:kernel:s0 tcontext=u:r:kernel:s0 tclass=capability permissive=0
11-11 05:22:10.315 0 0 I auditd : type=1400 audit(0.0:2778): avc: denied { kill } for comm="swapper/3" capability=5 scontext=u:r:kernel:s0 tcontext=u:r:kernel:s0 tclass=capability permissive=0
11-11 05:22:11.315 0 0 I auditd : type=1400 audit(0.0:2779): avc: denied { kill } for comm="swapper/3" capability=5 scontext=u:r:kernel:s0 tcontext=u:r:kernel:s0 tclass=capability permissive=0
11-11 05:22:12.315 0 0 I auditd : type=1400 audit(0.0:2780): avc: denied { kill } for comm="swapper/3" capability=5 scontext=u:r:kernel:s0 tcontext=u:r:kernel:s0 tclass=capability permissive=0
11-11 05:22:12.904 1490 1642 I am_uid_idle: 10064
11-11 05:22:13.315 0 0 I auditd : type=1400 audit(0.0:2781): avc: denied { kill } for comm="swapper/3" capability=5 scontext=u:r:kernel:s0 tcontext=u:r:kernel:s0 tclass=capability permissive=0
11-11 05:22:14.315 0 0 I auditd : type=1400 audit(0.0:2782): avc: denied { kill } for comm="swapper/3" capability=5 scontext=u:r:kernel:s0 tcontext=u:r:kernel:s0 tclass=capability permissive=0
11-11 05:22:15.253 1490 1992 I input_interaction: Interaction with: 447c6f2 com.thundercomm.screensaver/android.service.dreams.DreamActivity (server), edge-swipe (server), swipe-up (server), PointerEventDispatcher0 (server),
11-11 05:22:15.256 1490 1490 I service_manager_stats: [116,60,68713]
11-11 05:22:15.258 1490 6835 I wm_finish_activity: [0,163539558,104,com.thundercomm.screensaver/android.service.dreams.DreamActivity,finish-activity]
11-11 05:22:15.259 1490 6835 I wm_task_moved: [1,1,9]
11-11 05:22:15.260 1490 6835 I wm_task_moved: [10,1,2147483647]
11-11 05:22:15.260 1490 6835 I wm_task_to_front: [0,10]
11-11 05:22:15.260 1490 6835 I wm_focused_root_task: [0,0,1,104,finish-top adjustFocusToNextFocusableTask]
11-11 05:22:15.261 1490 6835 I wm_set_resumed_activity: [0,com.android.launcher3/.uioverrides.QuickstepLauncher,finish-top adjustFocusToNextFocusableTask]
11-11 05:22:15.262 1490 6835 I wm_pause_activity: [0,163539558,com.thundercomm.screensaver/android.service.dreams.DreamActivity,userLeaving=false,finish]
11-11 05:22:15.273 11329 11329 I wm_on_top_resumed_lost_called: [163539558,android.service.dreams.DreamActivity,topStateChangedWhenResumed]
11-11 05:22:15.274 11329 11329 I wm_on_paused_called: [163539558,android.service.dreams.DreamActivity,performPause]
11-11 05:22:15.276 1490 7426 I wm_add_to_stopping: [0,163539558,com.thundercomm.screensaver/android.service.dreams.DreamActivity,completeFinishing]
11-11 05:22:15.279 1490 7426 I wm_set_resumed_activity: [0,com.android.launcher3/.uioverrides.QuickstepLauncher,resumeTopActivityInnerLocked]
11-11 05:22:15.282 1490 7426 I wm_resume_activity: [0,85671939,10,com.android.launcher3/.uioverrides.QuickstepLauncher]
11-11 05:22:15.293 1490 1634 I sysui_multi_action: [757,803,799,window_time_0,802,68]
11-11 05:22:15.293 2824 2824 I wm_on_restart_called: [85671939,com.android.launcher3.uioverrides.QuickstepLauncher,performRestartActivity]
11-11 05:22:15.294 2824 2824 I wm_on_start_called: [85671939,com.android.launcher3.uioverrides.QuickstepLauncher,handleStartActivity]
11-11 05:22:15.294 2824 2824 I wm_on_resume_called: [85671939,com.android.launcher3.uioverrides.QuickstepLauncher,RESUME_ACTIVITY]
11-11 05:22:15.294 2824 2824 I wm_on_top_resumed_gained_called: [85671939,com.android.launcher3.uioverrides.QuickstepLauncher,topWhenResuming]
11-11 05:22:15.298 1490 1992 I input_focus: [Focus leaving 447c6f2 com.thundercomm.screensaver/android.service.dreams.DreamActivity (server),reason=NO_WINDOW]
11-11 05:22:15.298 11329 11329 I view_enqueue_input_event: [Motion - Cancel,com.thundercomm.screensaver/android.service.dreams.DreamActivity]
11-11 05:22:15.304 1490 1634 I sysui_multi_action: [757,803,799,window_time_0,802,0]
11-11 05:22:15.317 1490 1490 I am_uid_active: 10064
11-11 05:22:15.319 1490 1635 I input_focus: [Focus request 978e85f com.android.launcher3/com.android.launcher3.uioverrides.QuickstepLauncher,reason=UpdateInputWindows]
11-11 05:22:15.329 1490 1641 I am_pss : [3853,10063,com.qualcomm.qti.devicestatisticsservice,5374976,3551232,0,89296896,0,0,6]
11-11 05:22:15.341 1490 1992 I input_focus: [Focus entering 978e85f com.android.launcher3/com.android.launcher3.uioverrides.QuickstepLauncher (server),reason=setFocusedWindow]
11-11 05:22:15.519 1490 1772 I am_freeze: [11805,com.thundercomm.mcuupgrade]
11-11 05:22:15.520 1490 1772 I am_kill : [0,11805,com.thundercomm.mcuupgrade,965,Unable to freeze binder interface]
11-11 05:22:15.556 1490 2446 I am_proc_died: [0,11805,com.thundercomm.mcuupgrade,965,19]
11-11 05:22:15.578 1490 1634 I wm_destroy_activity: [0,163539558,104,com.thundercomm.screensaver/android.service.dreams.DreamActivity,finish-imm:idle]
11-11 05:22:15.606 11329 11329 I wm_on_stop_called: [163539558,android.service.dreams.DreamActivity,LIFECYCLER_STOP_ACTIVITY]
11-11 05:22:15.607 11329 11329 I wm_on_destroy_called: [163539558,android.service.dreams.DreamActivity,performDestroy]
11-11 05:22:15.612 1490 1630 I sysui_multi_action: [757,222,758,2]
11-11 05:22:15.613 1490 1630 I sysui_multi_action: [757,804,799,dreaming_minutes,801,1,802,1]
11-11 05:22:15.631 1490 2446 I wm_task_removed: [104,removeChild:removeChild last r=ActivityRecord{9bf6a66 u0 com.thundercomm.screensaver/android.service.dreams.DreamActivity t-1 f}} in t=Task{1156133 #104 type=dream A=10051:android:com.thundercomm.screensaver/dream U=0 visible=false mode=fullscreen translucent=true sz=0}]
11-11 05:22:15.631 1490 2446 I wm_task_removed: [104,removeChild]
11-11 05:22:16.004 1490 1992 I input_interaction: Interaction with: 978e85f com.android.launcher3/com.android.launcher3.uioverrides.QuickstepLauncher (server), f91321f com.android.systemui.ImageWallpaper (server), edge-swipe (server), swipe-up (server), PointerEventDispatcher0 (server),
11-11 05:22:16.113 1490 7448 I wm_task_moved: [103,1,9]
11-11 05:22:16.113 1490 7448 I wm_task_to_front: [0,103]
11-11 05:22:16.114 1490 7448 I wm_focused_root_task: [0,0,103,1,bringingFoundTaskToFront]
11-11 05:22:16.115 1490 7448 I wm_set_resumed_activity: [0,com.android.settings/.Settings,bringingFoundTaskToFront]
11-11 05:22:16.115 1490 7448 I wm_new_intent: [0,150608780,103,com.android.settings/.Settings,android.intent.action.MAIN,NULL,NULL,270532608]
11-11 05:22:16.118 1490 7448 I wm_pause_activity: [0,85671939,com.android.launcher3/.uioverrides.QuickstepLauncher,userLeaving=true,pauseBackTasks]
11-11 05:22:16.128 2824 2824 I wm_on_top_resumed_lost_called: [85671939,com.android.launcher3.uioverrides.QuickstepLauncher,topStateChangedWhenResumed]
11-11 05:22:16.129 2824 2824 I wm_on_paused_called: [85671939,com.android.launcher3.uioverrides.QuickstepLauncher,performPause]
11-11 05:22:16.135 1490 7158 I wm_set_resumed_activity: [0,com.android.settings/.Settings,resumeTopActivityInnerLocked]
11-11 05:22:16.135 1490 7158 I wm_add_to_stopping: [0,85671939,com.android.launcher3/.uioverrides.QuickstepLauncher,makeInvisible]
11-11 05:22:16.137 1490 7158 I wm_resume_activity: [0,150608780,103,com.android.settings/.Settings]
11-11 05:22:16.138 11823 11823 I wm_on_restart_called: [150608780,com.android.settings.Settings,performRestartActivity]
11-11 05:22:16.160 1490 1992 I input_focus: [Focus leaving 978e85f com.android.launcher3/com.android.launcher3.uioverrides.QuickstepLauncher (server),reason=NO_WINDOW]
11-11 05:22:16.164 1490 1634 I sysui_multi_action: [757,803,799,window_time_0,802,1]
11-11 05:22:16.166 11823 11823 I wm_on_start_called: [150608780,com.android.settings.Settings,handleStartActivity]
11-11 05:22:16.167 11823 11823 I snet_event_log: [120484087,-1,]
11-11 05:22:16.167 11823 11823 I wm_on_resume_called: [150608780,com.android.settings.Settings,RESUME_ACTIVITY]
11-11 05:22:16.168 11823 11823 I sysui_multi_action: [757,35,758,1,833,0,1089,0]
11-11 05:22:16.170 11823 11823 I sysui_multi_action: [757,103,758,1,833,0,1089,0]
11-11 05:22:16.188 11823 11823 I sysui_multi_action: [757,849,758,1,833,0,1089,0]
11-11 05:22:16.191 11823 11823 I wm_on_top_resumed_gained_called: [150608780,com.android.settings.Settings,topWhenResuming]
11-11 05:22:16.199 565 565 I auditd : type=1400 audit(0.0:2783): avc: denied { read } for comm="Binder:565_2" name="wakeup58" dev="sysfs" ino=71827 scontext=u:r:system_suspend:s0 tcontext=u:object_r:sysfs:s0 tclass=dir permissive=0
11-11 05:22:16.199 565 565 I auditd : type=1400 audit(0.0:2784): avc: denied { read } for comm="Binder:565_2" name="wakeup48" dev="sysfs" ino=67421 scontext=u:r:system_suspend:s0 tcontext=u:object_r:sysfs:s0 tclass=dir permissive=0
11-11 05:22:16.199 565 565 I auditd : type=1400 audit(0.0:2785): avc: denied { read } for comm="Binder:565_2" name="wakeup4" dev="sysfs" ino=47028 scontext=u:r:system_suspend:s0 tcontext=u:object_r:sysfs:s0 tclass=dir permissive=0
11-11 05:22:16.199 565 565 I auditd : type=1400 audit(0.0:2786): avc: denied { read } for comm="Binder:565_2" name="wakeup76" dev="sysfs" ino=76905 scontext=u:r:system_suspend:s0 tcontext=u:object_r:sysfs:s0 tclass=dir permissive=0
11-11 05:22:16.199 565 565 I auditd : type=1400 audit(0.0:2787): avc: denied { read } for comm="Binder:565_2" name="wakeup28" dev="sysfs" ino=53233 scontext=u:r:system_suspend:s0 tcontext=u:object_r:sysfs:s0 tclass=dir permissive=0
11-11 05:22:16.203 565 565 I auditd : type=1400 audit(0.0:2788): avc: denied { read } for comm="Binder:565_2" name="wakeup56" dev="sysfs" ino=71755 scontext=u:r:system_suspend:s0 tcontext=u:object_r:sysfs:s0 tclass=dir permissive=0
11-11 05:22:16.203 565 565 I auditd : type=1400 audit(0.0:2789): avc: denied { read } for comm="Binder:565_2" name="wakeup2" dev="sysfs" ino=46552 scontext=u:r:system_suspend:s0 tcontext=u:object_r:sysfs:s0 tclass=dir permissive=0
11-11 05:22:16.203 565 565 I auditd : type=1400 audit(0.0:2790): avc: denied { read } for comm="Binder:565_2" name="wakeup36" dev="sysfs" ino=62465 scontext=u:r:system_suspend:s0 tcontext=u:object_r:sysfs:s0 tclass=dir permissive=0
11-11 05:22:16.333 1490 1635 I input_focus: [Focus request 313f9bb com.android.settings/com.android.settings.Settings,reason=UpdateInputWindows]
11-11 05:22:16.372 1490 1630 I sysui_multi_action: [319,49,321,45,322,252,325,2155,757,761,758,9,759,4,806,com.android.settings,871,com.android.settings.Settings,904,com.android.launcher3,905,0,1320,4,1321,1]
11-11 05:22:16.376 1490 1992 I input_focus: [Focus entering 313f9bb com.android.settings/com.android.settings.Settings (server),reason=Window became focusable. Previous reason: NOT_VISIBLE]
11-11 05:22:16.703 1490 1634 I wm_stop_activity: [0,85671939,com.android.launcher3/.uioverrides.QuickstepLauncher]
11-11 05:22:16.738 2824 2824 I wm_on_stop_called: [85671939,com.android.launcher3.uioverrides.QuickstepLauncher,STOP_ACTIVITY_ITEM]
11-11 05:22:17.315 0 0 I auditd : type=1400 audit(0.0:2882): avc: denied { kill } for comm="swapper/3" capability=5 scontext=u:r:kernel:s0 tcontext=u:r:kernel:s0 tclass=capability permissive=0
11-11 05:22:17.935 1490 1992 I input_interaction: Interaction with: 313f9bb com.android.settings/com.android.settings.Settings (server), edge-swipe (server), swipe-up (server), PointerEventDispatcher0 (server),
11-11 05:22:18.030 11823 11823 I sysui_multi_action: [757,849,758,2,1089,1842]
11-11 05:22:18.315 0 0 I auditd : type=1400 audit(0.0:2883): avc: denied { kill } for comm="swapper/3" capability=5 scontext=u:r:kernel:s0 tcontext=u:r:kernel:s0 tclass=capability permissive=0
11-11 05:22:19.917 1490 1992 I input_interaction: Interaction with: 313f9bb com.android.settings/com.android.settings.Settings (server), PointerEventDispatcher0 (server),
11-11 05:22:20.315 0 0 I auditd : type=1400 audit(0.0:2884): avc: denied { kill } for comm="swapper/3" capability=5 scontext=u:r:kernel:s0 tcontext=u:r:kernel:s0 tclass=capability permissive=0
11-11 05:22:21.315 0 0 I auditd : type=1400 audit(0.0:2885): avc: denied { kill } for comm="swapper/3" capability=5 scontext=u:r:kernel:s0 tcontext=u:r:kernel:s0 tclass=capability permissive=0
11-11 05:22:21.527 1490 1992 I input_interaction: Interaction with: 313f9bb com.android.settings/com.android.settings.Settings (server), edge-swipe (server), swipe-up (server), PointerEventDispatcher0 (server),
11-11 05:22:21.632 1490 2777 I wm_task_moved: [103,1,9]
11-11 05:22:21.632 1490 2777 I wm_set_resumed_activity: [0,com.android.settings/.Settings,positionChildAt]
11-11 05:22:21.632 1490 2777 I wm_create_activity: [0,179888821,103,com.android.settings/.SubSettings,android.intent.action.MAIN,NULL,NULL,0]
11-11 05:22:21.634 1490 2777 I wm_pause_activity: [0,150608780,com.android.settings/.Settings,userLeaving=true,resumeTopActivityInnerLocked]
11-11 05:22:21.640 11823 11823 I wm_on_top_resumed_lost_called: [150608780,com.android.settings.Settings,topStateChangedWhenResumed]
11-11 05:22:21.643 11823 11823 I sysui_multi_action: [757,35,758,2,1089,5474]
11-11 05:22:21.645 11823 11823 I sysui_multi_action: [757,103,758,2,1089,5475]
11-11 05:22:21.646 11823 11823 I wm_on_paused_called: [150608780,com.android.settings.Settings,performPause]
11-11 05:22:21.647 1490 2777 I wm_add_to_stopping: [0,150608780,com.android.settings/.Settings,makeInvisible]
11-11 05:22:21.648 1490 2777 I wm_restart_activity: [0,179888821,103,com.android.settings/.SubSettings]
11-11 05:22:21.650 1490 2777 I wm_set_resumed_activity: [0,com.android.settings/.SubSettings,minimalResumeActivityLocked]
11-11 05:22:21.653 1490 1634 I sysui_multi_action: [757,803,799,window_time_0,802,6]
11-11 05:22:21.672 1490 1992 I input_focus: [Focus leaving 313f9bb com.android.settings/com.android.settings.Settings (server),reason=NO_WINDOW]
11-11 05:22:21.673 1490 2446 I am_uid_active: 10084
11-11 05:22:21.685 1490 2446 I wm_finish_activity: [0,179888821,103,com.android.settings/.SubSettings,clear-task-stack]
11-11 05:22:21.690 1490 2446 I wm_pause_activity: [0,179888821,com.android.settings/.SubSettings,userLeaving=false,finish]
11-11 05:22:21.690 1490 2446 I wm_new_intent: [0,150608780,103,com.android.settings/.Settings,android.intent.action.MAIN,NULL,NULL,270532608]
11-11 05:22:21.691 1490 2446 I wm_task_moved: [103,1,9]
11-11 05:22:21.695 11823 11823 I wm_on_create_called: [179888821,com.android.settings.SubSettings,performCreate]
11-11 05:22:21.698 1490 2446 I wm_add_to_stopping: [0,179888821,com.android.settings/.SubSettings,completeFinishing]
11-11 05:22:21.699 1490 2446 I wm_set_resumed_activity: [0,com.android.settings/.Settings,resumeTopActivityInnerLocked]
11-11 05:22:21.700 1490 2446 I wm_resume_activity: [0,150608780,103,com.android.settings/.Settings]
11-11 05:22:21.706 1490 1635 I input_focus: [Focus request 313f9bb com.android.settings/com.android.settings.Settings,reason=UpdateInputWindows]
11-11 05:22:21.707 1490 1634 I sysui_multi_action: [757,803,799,window_time_0,802,0]
11-11 05:22:21.713 11823 11823 I wm_on_activity_result_called: [150608780,com.android.settings.Settings,ACTIVITY_RESULT]
11-11 05:22:21.714 11823 11823 I wm_on_resume_called: [150608780,com.android.settings.Settings,RESUME_ACTIVITY]
11-11 05:22:21.714 11823 11823 I sysui_multi_action: [757,35,758,1,833,0,1089,0]
11-11 05:22:21.716 11823 11823 I sysui_multi_action: [757,103,758,1,833,0,1089,0]
11-11 05:22:21.718 11823 11823 I wm_on_top_resumed_gained_called: [150608780,com.android.settings.Settings,topWhenResuming]
11-11 05:22:21.722 1490 1992 I input_focus: [Focus entering 313f9bb com.android.settings/com.android.settings.Settings (server),reason=Window became focusable. Previous reason: NO_WINDOW]
11-11 05:22:21.990 11823 11823 I sysui_multi_action: [757,1556,758,1,833,0,1089,51]
11-11 05:22:22.061 1490 7426 I wm_destroy_activity: [0,179888821,103,com.android.settings/.SubSettings,finish-imm:idle]
11-11 05:22:22.062 11823 11823 I wm_on_destroy_called: [179888821,com.android.settings.SubSettings,performDestroy]
11-11 05:22:22.315 0 0 I auditd : type=1400 audit(0.0:2886): avc: denied { kill } for comm="swapper/3" capability=5 scontext=u:r:kernel:s0 tcontext=u:r:kernel:s0 tclass=capability permissive=0
11-11 05:22:23.315 0 0 I auditd : type=1400 audit(0.0:2887): avc: denied { kill } for comm="swapper/3" capability=5 scontext=u:r:kernel:s0 tcontext=u:r:kernel:s0 tclass=capability permissive=0
11-11 05:22:23.876 1490 1772 I am_freeze: [11855,com.android.calendar]
11-11 05:22:23.878 1490 1772 I am_kill : [0,11855,com.android.calendar,955,Unable to freeze binder interface]
11-11 05:22:23.907 1490 2406 I am_proc_died: [0,11855,com.android.calendar,955,19]
11-11 05:22:23.909 1490 2406 I am_uid_stopped: 10068
11-11 05:22:23.916 1490 1634 I am_uid_running: 10068
11-11 05:22:23.935 1490 1643 I am_proc_start: [0,14032,1000,com.thundercomm.mcuupgrade,NULL,]
11-11 05:22:23.951 1490 1643 I am_proc_start: [0,14033,10068,com.android.calendar,NULL,]
11-11 05:22:23.966 1490 2406 I am_proc_bound: [0,14032,com.thundercomm.mcuupgrade]
11-11 05:22:23.981 1490 7426 I am_proc_bound: [0,14033,com.android.calendar]
11-11 05:22:24.315 0 0 I auditd : type=1400 audit(0.0:2888): avc: denied { kill } for comm="swapper/3" capability=5 scontext=u:r:kernel:s0 tcontext=u:r:kernel:s0 tclass=capability permissive=0
11-11 05:22:25.315 0 0 I auditd : type=1400 audit(0.0:2889): avc: denied { kill } for comm="swapper/3" capability=5 scontext=u:r:kernel:s0 tcontext=u:r:kernel:s0 tclass=capability permissive=0
11-11 05:22:26.315 0 0 I auditd : type=1400 audit(0.0:2890): avc: denied { kill } for comm="swapper/3" capability=5 scontext=u:r:kernel:s0 tcontext=u:r:kernel:s0 tclass=capability permissive=0
11-11 05:22:28.315 11083 11083 I auditd : type=1400 audit(0.0:2891): avc: denied { kill } for comm="kworker/u16:26" capability=5 scontext=u:r:kernel:s0 tcontext=u:r:kernel:s0 tclass=capability permissive=0
11-11 05:22:29.315 0 0 I auditd : type=1400 audit(0.0:2892): avc: denied { kill } for comm="swapper/3" capability=5 scontext=u:r:kernel:s0 tcontext=u:r:kernel:s0 tclass=capability permissive=0
11-11 05:22:30.315 0 0 I auditd : type=1400 audit(0.0:2893): avc: denied { kill } for comm="swapper/3" capability=5 scontext=u:r:kernel:s0 tcontext=u:r:kernel:s0 tclass=capability permissive=0
11-11 05:22:31.315 0 0 I auditd : type=1400 audit(0.0:2894): avc: denied { kill } for comm="swapper/3" capability=5 scontext=u:r:kernel:s0 tcontext=u:r:kernel:s0 tclass=capability permissive=0
11-11 05:22:32.315 0 0 I auditd : type=1400 audit(0.0:2895): avc: denied { kill } for comm="swapper/3" capability=5 scontext=u:r:kernel:s0 tcontext=u:r:kernel:s0 tclass=capability permissive=0
11-11 05:22:33.315 0 0 I auditd : type=1400 audit(0.0:2896): avc: denied { kill } for comm="swapper/3" capability=5 scontext=u:r:kernel:s0 tcontext=u:r:kernel:s0 tclass=capability permissive=0
11-11 05:22:34.315 0 0 I auditd : type=1400 audit(0.0:2897): avc: denied { kill } for comm="swapper/3" capability=5 scontext=u:r:kernel:s0 tcontext=u:r:kernel:s0 tclass=capability permissive=0
11-11 05:22:35.315 0 0 I auditd : type=1400 audit(0.0:2898): avc: denied { kill } for comm="swapper/3" capability=5 scontext=u:r:kernel:s0 tcontext=u:r:kernel:s0 tclass=capability permissive=0
11-11 05:22:36.315 0 0 I auditd : type=1400 audit(0.0:2899): avc: denied { kill } for comm="swapper/3" capability=5 scontext=u:r:kernel:s0 tcontext=u:r:kernel:s0 tclass=capability permissive=0
11-11 05:22:37.315 0 0 I auditd : type=1400 audit(0.0:2900): avc: denied { kill } for comm="swapper/3" capability=5 scontext=u:r:kernel:s0 tcontext=u:r:kernel:s0 tclass=capability permissive=0
11-11 05:22:38.315 0 0 I auditd : type=1400 audit(0.0:2901): avc: denied { kill } for comm="swapper/3" capability=5 scontext=u:r:kernel:s0 tcontext=u:r:kernel:s0 tclass=capability permissive=0
11-11 05:22:39.031 1490 2281 I netstats_mobile_sample: [0,0,0,0,0,0,0,0,0,0,0,0,1668115359030]
11-11 05:22:39.031 1490 2281 I netstats_wifi_sample: [60438897,74592,20841359,58258,60438897,74592,20841359,58258,63590941,93684,10939558,35779,1668115359030]
11-11 05:22:39.315 0 0 I auditd : type=1400 audit(0.0:2902): avc: denied { kill } for comm="swapper/3" capability=5 scontext=u:r:kernel:s0 tcontext=u:r:kernel:s0 tclass=capability permissive=0
11-11 05:22:40.315 0 0 I auditd : type=1400 audit(0.0:2903): avc: denied { kill } for comm="swapper/3" capability=5 scontext=u:r:kernel:s0 tcontext=u:r:kernel:s0 tclass=capability permissive=0
11-11 05:22:41.315 0 0 I auditd : type=1400 audit(0.0:2904): avc: denied { kill } for comm="swapper/3" capability=5 scontext=u:r:kernel:s0 tcontext=u:r:kernel:s0 tclass=capability permissive=0
11-11 05:22:42.315 0 0 I auditd : type=1400 audit(0.0:2905): avc: denied { kill } for comm="swapper/3" capability=5 scontext=u:r:kernel:s0 tcontext=u:r:kernel:s0 tclass=capability permissive=0
11-11 05:22:43.315 0 0 I auditd : type=1400 audit(0.0:2906): avc: denied { kill } for comm="swapper/3" capability=5 scontext=u:r:kernel:s0 tcontext=u:r:kernel:s0 tclass=capability permissive=0
11-11 05:22:44.315 0 0 I auditd : type=1400 audit(0.0:2907): avc: denied { kill } for comm="swapper/3" capability=5 scontext=u:r:kernel:s0 tcontext=u:r:kernel:s0 tclass=capability permissive=0
11-11 05:22:44.544 1490 1772 I am_freeze: [11928,android.process.media]
11-11 05:22:44.545 1490 1772 I am_kill : [0,11928,android.process.media,945,Unable to freeze binder interface]
11-11 05:22:44.583 1490 7175 I am_proc_died: [0,11928,android.process.media,945,19]
11-11 05:22:44.583 1490 7175 I am_uid_stopped: 10018
11-11 05:22:44.593 1490 1641 I am_pss : [14033,10068,com.android.calendar,6363136,4050944,0,91975680,0,19,6]
11-11 05:22:44.599 1490 1641 I am_pss : [14032,1000,com.thundercomm.mcuupgrade,6674432,4550656,0,90599424,0,19,5]
11-11 05:22:45.315 0 0 I auditd : type=1400 audit(0.0:2908): avc: denied { kill } for comm="swapper/3" capability=5 scontext=u:r:kernel:s0 tcontext=u:r:kernel:s0 tclass=capability permissive=0
11-11 05:22:46.315 0 0 I auditd : type=1400 audit(0.0:2909): avc: denied { kill } for comm="swapper/3" capability=5 scontext=u:r:kernel:s0 tcontext=u:r:kernel:s0 tclass=capability permissive=0
11-11 05:22:47.315 0 0 I auditd : type=1400 audit(0.0:2910): avc: denied { kill } for comm="swapper/3" capability=5 scontext=u:r:kernel:s0 tcontext=u:r:kernel:s0 tclass=capability permissive=0
11-11 05:22:48.315 0 0 I auditd : type=1400 audit(0.0:2911): avc: denied { kill } for comm="swapper/3" capability=5 scontext=u:r:kernel:s0 tcontext=u:r:kernel:s0 tclass=capability permissive=0
11-11 05:22:49.315 0 0 I auditd : type=1400 audit(0.0:2912): avc: denied { kill } for comm="swapper/3" capability=5 scontext=u:r:kernel:s0 tcontext=u:r:kernel:s0 tclass=capability permissive=0
11-11 05:22:49.937 1490 5871 I wm_task_moved: [1,0,0]
11-11 05:22:49.949 1490 5871 I wm_task_moved: [1,0,8]
11-11 05:22:49.954 2824 2824 I wm_on_restart_called: [85671939,com.android.launcher3.uioverrides.QuickstepLauncher,performRestartActivity]
11-11 05:22:49.988 2824 2824 I wm_on_start_called: [85671939,com.android.launcher3.uioverrides.QuickstepLauncher,handleStartActivity]
11-11 05:22:50.021 1490 1630 I sysui_multi_action: [319,22,322,78,325,2189,757,761,758,9,759,5,806,com.android.launcher3,871,com.android.launcher3.uioverrides.QuickstepLauncher,905,0,1320,4,1321,1]
11-11 05:22:50.032 11823 11823 I view_enqueue_input_event: [Motion - Cancel,com.android.settings/com.android.settings.Settings]
11-11 05:22:50.033 2824 2824 I sysui_latency: [1,80]
11-11 05:22:50.033 1490 1992 I input_interaction: Interaction with: edge-swipe (server), swipe-up (server), PointerEventDispatcher0 (server),
11-11 05:22:50.044 1490 1635 I input_focus: [Focus request recents_animation_input_consumer,reason=UpdateInputWindows]
11-11 05:22:50.057 1490 1992 I input_focus: [Focus leaving 313f9bb com.android.settings/com.android.settings.Settings (server),reason=NOT_FOCUSABLE]
11-11 05:22:50.057 1490 1992 I input_focus: [Focus entering recents_animation_input_consumer (server),reason=setFocusedWindow]
11-11 05:22:50.189 1490 1745 I commit_sys_config_file: [settings-1-0,3]
11-11 05:22:50.318 1490 1641 I sysui_latency: [8,91]
11-11 05:22:50.315 0 0 I auditd : type=1400 audit(0.0:2913): avc: denied { kill } for comm="swapper/3" capability=5 scontext=u:r:kernel:s0 tcontext=u:r:kernel:s0 tclass=capability permissive=0
11-11 05:22:50.812 1490 5871 I wm_task_moved: [1,1,9]
11-11 05:22:50.814 1490 5871 I wm_task_moved: [10,1,2147483647]
11-11 05:22:50.814 1490 5871 I wm_task_to_front: [0,10]
11-11 05:22:50.814 1490 5871 I wm_focused_root_task: [0,0,1,103,RecentsAnimation.onAnimationFinished()]
11-11 05:22:50.814 11823 11823 I wm_on_top_resumed_lost_called: [150608780,com.android.settings.Settings,topStateChangedWhenResumed]
11-11 05:22:50.814 1490 5871 I wm_set_resumed_activity: [0,com.android.launcher3/.uioverrides.QuickstepLauncher,RecentsAnimation.onAnimationFinished()]
11-11 05:22:50.816 1490 5871 I wm_pause_activity: [0,150608780,com.android.settings/.Settings,userLeaving=true,pauseBackTasks]
11-11 05:22:50.817 1490 5871 I wm_add_to_stopping: [0,150608780,com.android.settings/.Settings,makeInvisible]
11-11 05:22:50.817 1490 5871 I wm_set_resumed_activity: [0,com.android.launcher3/.uioverrides.QuickstepLauncher,resumeTopActivityInnerLocked]
11-11 05:22:50.819 1490 5871 I wm_resume_activity: [0,85671939,10,com.android.launcher3/.uioverrides.QuickstepLauncher]
11-11 05:22:50.820 2824 2824 I wm_on_resume_called: [85671939,com.android.launcher3.uioverrides.QuickstepLauncher,RESUME_ACTIVITY]
11-11 05:22:50.829 1490 1635 I input_focus: [Focus request 978e85f com.android.launcher3/com.android.launcher3.uioverrides.QuickstepLauncher,reason=UpdateInputWindows]
11-11 05:22:50.831 2824 2824 I wm_on_top_resumed_gained_called: [85671939,com.android.launcher3.uioverrides.QuickstepLauncher,topStateChangedWhenResumed]
11-11 05:22:50.837 11823 11823 I sysui_multi_action: [757,35,758,2,1089,29122]
11-11 05:22:50.838 11823 11823 I sysui_multi_action: [757,103,758,2,1089,29122]
11-11 05:22:50.839 11823 11823 I sysui_multi_action: [757,1556,758,2,1089,28849]
11-11 05:22:50.839 11823 11823 I wm_on_paused_called: [150608780,com.android.settings.Settings,performPause]
11-11 05:22:50.846 1490 1992 I input_focus: [Focus leaving recents_animation_input_consumer (server),reason=NOT_VISIBLE]
11-11 05:22:50.846 1490 1992 I input_focus: [Focus entering 978e85f com.android.launcher3/com.android.launcher3.uioverrides.QuickstepLauncher (server),reason=setFocusedWindow]
11-11 05:22:50.853 1490 1634 I wm_stop_activity: [0,150608780,com.android.settings/.Settings]
11-11 05:22:50.857 1490 1634 I sysui_multi_action: [757,803,799,window_time_0,802,29]
11-11 05:22:50.857 1490 1634 I sysui_multi_action: [757,803,799,window_time_0,802,0]
11-11 05:22:50.860 11823 11823 I wm_on_stop_called: [150608780,com.android.settings.Settings,STOP_ACTIVITY_ITEM]
11-11 05:22:50.866 1490 1641 I am_pss : [11787,10086,com.android.music,27472896,20566016,0,154083328,0,4,6]
11-11 05:22:51.061 1490 1992 I input_interaction: Interaction with: 978e85f com.android.launcher3/com.android.launcher3.uioverrides.QuickstepLauncher (server), f91321f com.android.systemui.ImageWallpaper (server), edge-swipe (server), swipe-up (server), PointerEventDispatcher0 (server),
11-11 05:22:51.160 1490 7175 I wm_task_moved: [103,1,9]
11-11 05:22:51.160 1490 7175 I wm_task_to_front: [0,103]
11-11 05:22:51.160 1490 7175 I wm_focused_root_task: [0,0,103,1,bringingFoundTaskToFront]
11-11 05:22:51.161 1490 7175 I wm_set_resumed_activity: [0,com.android.settings/.Settings,bringingFoundTaskToFront]
11-11 05:22:51.161 1490 7175 I wm_new_intent: [0,150608780,103,com.android.settings/.Settings,android.intent.action.MAIN,NULL,NULL,270532608]
11-11 05:22:51.163 1490 7175 I wm_pause_activity: [0,85671939,com.android.launcher3/.uioverrides.QuickstepLauncher,userLeaving=true,pauseBackTasks]
11-11 05:22:51.171 2824 2824 I wm_on_top_resumed_lost_called: [85671939,com.android.launcher3.uioverrides.QuickstepLauncher,topStateChangedWhenResumed]
11-11 05:22:51.171 2824 2824 I wm_on_paused_called: [85671939,com.android.launcher3.uioverrides.QuickstepLauncher,performPause]
11-11 05:22:51.176 1490 7175 I wm_set_resumed_activity: [0,com.android.settings/.Settings,resumeTopActivityInnerLocked]
11-11 05:22:51.177 1490 7175 I wm_add_to_stopping: [0,85671939,com.android.launcher3/.uioverrides.QuickstepLauncher,makeInvisible]
11-11 05:22:51.178 1490 7175 I wm_resume_activity: [0,150608780,103,com.android.settings/.Settings]
11-11 05:22:51.190 1490 1634 I sysui_multi_action: [757,803,799,window_time_0,802,0]
11-11 05:22:51.193 1490 1992 I input_focus: [Focus leaving 978e85f com.android.launcher3/com.android.launcher3.uioverrides.QuickstepLauncher (server),reason=NO_WINDOW]
11-11 05:22:51.195 11823 11823 I wm_on_restart_called: [150608780,com.android.settings.Settings,performRestartActivity]
11-11 05:22:51.209 11823 11823 I wm_on_start_called: [150608780,com.android.settings.Settings,handleStartActivity]
11-11 05:22:51.210 11823 11823 I snet_event_log: [120484087,-1,]
11-11 05:22:51.211 11823 11823 I wm_on_resume_called: [150608780,com.android.settings.Settings,RESUME_ACTIVITY]
11-11 05:22:51.212 11823 11823 I sysui_multi_action: [757,35,758,1,833,0,1089,0]
11-11 05:22:51.213 11823 11823 I sysui_multi_action: [757,103,758,1,833,0,1089,0]
11-11 05:22:51.215 11823 11823 I sysui_multi_action: [757,1556,758,1,833,0,1089,0]
11-11 05:22:51.217 11823 11823 I wm_on_top_resumed_gained_called: [150608780,com.android.settings.Settings,topWhenResuming]
11-11 05:22:51.226 1490 1635 I input_focus: [Focus request 313f9bb com.android.settings/com.android.settings.Settings,reason=UpdateInputWindows]
11-11 05:22:51.244 1490 1992 I input_focus: [Focus entering 313f9bb com.android.settings/com.android.settings.Settings (server),reason=setFocusedWindow]
11-11 05:22:51.250 1490 1630 I sysui_multi_action: [319,43,321,39,322,81,325,2190,757,761,758,9,759,4,806,com.android.settings,871,com.android.settings.Settings,904,com.android.launcher3,905,0,1320,4,1321,1]
11-11 05:22:51.315 12346 12346 I auditd : type=1400 audit(0.0:2914): avc: denied { kill } for comm="kworker/3:0" capability=5 scontext=u:r:kernel:s0 tcontext=u:r:kernel:s0 tclass=capability permissive=0
11-11 05:22:51.742 1490 1634 I wm_stop_activity: [0,85671939,com.android.launcher3/.uioverrides.QuickstepLauncher]
11-11 05:22:51.792 2824 2824 I wm_on_stop_called: [85671939,com.android.launcher3.uioverrides.QuickstepLauncher,STOP_ACTIVITY_ITEM]
11-11 05:22:52.122 1490 1992 I input_interaction: Interaction with: 313f9bb com.android.settings/com.android.settings.Settings (server), edge-swipe (server), swipe-up (server), PointerEventDispatcher0 (server),
11-11 05:22:52.218 11823 11823 I sysui_multi_action: [757,1556,758,2,1089,1002]
11-11 05:22:52.315 0 0 I auditd : type=1400 audit(0.0:2915): avc: denied { kill } for comm="swapper/3" capability=5 scontext=u:r:kernel:s0 tcontext=u:r:kernel:s0 tclass=capability permissive=0
11-11 05:22:53.028 1400 13424 I liblog : 35
11-11 05:22:53.030 1400 13424 I liblog : 40
11-11 05:22:53.034 1400 13424 I liblog : 18
11-11 05:22:53.738 1490 1992 I input_interaction: Interaction with: fb2005b InputMethod (server), edge-swipe (server), swipe-up (server), PointerEventDispatcher0 (server),
11-11 05:22:54.315 0 0 I auditd : type=1400 audit(0.0:2916): avc: denied { kill } for comm="swapper/1" capability=5 scontext=u:r:kernel:s0 tcontext=u:r:kernel:s0 tclass=capability permissive=0
11-11 05:22:55.315 11084 11084 I auditd : type=1400 audit(0.0:2917): avc: denied { kill } for comm="kworker/u16:27" capability=5 scontext=u:r:kernel:s0 tcontext=u:r:kernel:s0 tclass=capability permissive=0
11-11 05:22:55.336 1490 1992 I input_interaction: Interaction with: 313f9bb com.android.settings/com.android.settings.Settings (server), PointerEventDispatcher0 (server),
11-11 05:22:56.602 1490 1992 I input_interaction: Interaction with: 313f9bb com.android.settings/com.android.settings.Settings (server), edge-swipe (server), swipe-up (server), PointerEventDispatcher0 (server),
11-11 05:22:56.704 1490 7448 I wm_task_moved: [103,1,9]
11-11 05:22:56.704 1490 7448 I wm_set_resumed_activity: [0,com.android.settings/.Settings,positionChildAt]
11-11 05:22:56.705 1490 7448 I wm_create_activity: [0,120139699,103,com.android.settings/.SubSettings,android.intent.action.MAIN,NULL,NULL,0]
11-11 05:22:56.707 1490 7448 I wm_pause_activity: [0,150608780,com.android.settings/.Settings,userLeaving=true,resumeTopActivityInnerLocked]
11-11 05:22:56.714 11823 11823 I wm_on_top_resumed_lost_called: [150608780,com.android.settings.Settings,topStateChangedWhenResumed]
11-11 05:22:56.717 11823 11823 I sysui_multi_action: [757,35,758,2,1089,5505]
11-11 05:22:56.719 11823 11823 I sysui_multi_action: [757,103,758,2,1089,5506]
11-11 05:22:56.721 11823 11823 I wm_on_paused_called: [150608780,com.android.settings.Settings,performPause]
11-11 05:22:56.723 1490 5871 I wm_add_to_stopping: [0,150608780,com.android.settings/.Settings,makeInvisible]
11-11 05:22:56.724 1490 5871 I wm_restart_activity: [0,120139699,103,com.android.settings/.SubSettings]
11-11 05:22:56.726 1490 5871 I wm_set_resumed_activity: [0,com.android.settings/.SubSettings,minimalResumeActivityLocked]
11-11 05:22:56.733 1490 1634 I sysui_multi_action: [757,803,799,window_time_0,802,6]
11-11 05:22:56.762 1490 1992 I input_focus: [Focus leaving 313f9bb com.android.settings/com.android.settings.Settings (server),reason=NO_WINDOW]
11-11 05:22:56.772 1490 7448 I wm_finish_activity: [0,120139699,103,com.android.settings/.SubSettings,clear-task-stack]
11-11 05:22:56.782 1490 7448 I wm_pause_activity: [0,120139699,com.android.settings/.SubSettings,userLeaving=false,finish]
11-11 05:22:56.783 1490 7448 I wm_new_intent: [0,150608780,103,com.android.settings/.Settings,android.intent.action.MAIN,NULL,NULL,270532608]
11-11 05:22:56.783 1490 7448 I wm_task_moved: [103,1,9]
11-11 05:22:56.791 11823 11823 I wm_on_create_called: [120139699,com.android.settings.SubSettings,performCreate]
11-11 05:22:56.797 1490 7448 I wm_add_to_stopping: [0,120139699,com.android.settings/.SubSettings,completeFinishing]
11-11 05:22:56.798 1490 7448 I wm_set_resumed_activity: [0,com.android.settings/.Settings,resumeTopActivityInnerLocked]
11-11 05:22:56.799 1490 7448 I wm_resume_activity: [0,150608780,103,com.android.settings/.Settings]
11-11 05:22:56.808 1490 1635 I input_focus: [Focus request 313f9bb com.android.settings/com.android.settings.Settings,reason=UpdateInputWindows]
11-11 05:22:56.810 1490 1634 I sysui_multi_action: [757,803,799,window_time_0,802,0]
11-11 05:22:56.815 11823 11823 I wm_on_resume_called: [150608780,com.android.settings.Settings,RESUME_ACTIVITY]
11-11 05:22:56.816 11823 11823 I sysui_multi_action: [757,35,758,1,833,0,1089,0]
11-11 05:22:56.823 1490 1992 I input_focus: [Focus entering 313f9bb com.android.settings/com.android.settings.Settings (server),reason=Window became focusable. Previous reason: NO_WINDOW]
11-11 05:22:56.825 11823 11823 I sysui_multi_action: [757,103,758,1,833,0,1089,0]
11-11 05:22:56.827 11823 11823 I wm_on_top_resumed_gained_called: [150608780,com.android.settings.Settings,topWhenResuming]
11-11 05:22:56.856 1490 5871 I wm_destroy_activity: [0,120139699,103,com.android.settings/.SubSettings,finish-imm:idle]
11-11 05:22:56.856 11823 11823 I wm_on_destroy_called: [120139699,com.android.settings.SubSettings,performDestroy]
11-11 05:22:57.089 11823 11823 I sysui_multi_action: [757,849,758,1,833,0,1089,66]
11-11 05:22:57.092 11823 11823 I sysui_multi_action: [757,1729,758,4,854,isParalleledControllers:false,1089,69]
11-11 05:22:57.315 0 0 I auditd : type=1400 audit(0.0:2918): avc: denied { kill } for comm="swapper/1" capability=5 scontext=u:r:kernel:s0 tcontext=u:r:kernel:s0 tclass=capability permissive=0
11-11 05:22:57.648 1490 1992 I input_interaction: Interaction with: 313f9bb com.android.settings/com.android.settings.Settings (server), PointerEventDispatcher0 (server),
11-11 05:22:58.765 1400 13424 I liblog : 72
11-11 05:22:59.315 0 0 I auditd : type=1400 audit(0.0:2919): avc: denied { kill } for comm="swapper/3" capability=5 scontext=u:r:kernel:s0 tcontext=u:r:kernel:s0 tclass=capability permissive=0
11-11 05:23:00.102 1490 1772 I am_freeze: [11878,com.android.documentsui]
11-11 05:23:00.104 1490 1772 I am_kill : [0,11878,com.android.documentsui,900,Unable to freeze binder interface]
11-11 05:23:00.175 1490 7448 I am_proc_died: [0,11878,com.android.documentsui,900,16]
11-11 05:23:00.180 1490 7448 I am_uid_stopped: 10033
11-11 05:23:00.315 0 0 I auditd : type=1400 audit(0.0:2920): avc: denied { kill } for comm="swapper/3" capability=5 scontext=u:r:kernel:s0 tcontext=u:r:kernel:s0 tclass=capability permissive=0
11-11 05:23:01.315 0 0 I auditd : type=1400 audit(0.0:2921): avc: denied { kill } for comm="swapper/3" capability=5 scontext=u:r:kernel:s0 tcontext=u:r:kernel:s0 tclass=capability permissive=0
11-11 05:23:02.315 0 0 I auditd : type=1400 audit(0.0:2922): avc: denied { kill } for comm="swapper/3" capability=5 scontext=u:r:kernel:s0 tcontext=u:r:kernel:s0 tclass=capability permissive=0
11-11 05:23:03.315 0 0 I auditd : type=1400 audit(0.0:2923): avc: denied { kill } for comm="swapper/3" capability=5 scontext=u:r:kernel:s0 tcontext=u:r:kernel:s0 tclass=capability permissive=0
11-11 05:23:04.315 0 0 I auditd : type=1400 audit(0.0:2924): avc: denied { kill } for comm="swapper/3" capability=5 scontext=u:r:kernel:s0 tcontext=u:r:kernel:s0 tclass=capability permissive=0
11-11 05:23:05.315 0 0 I auditd : type=1400 audit(0.0:2925): avc: denied { kill } for comm="swapper/3" capability=5 scontext=u:r:kernel:s0 tcontext=u:r:kernel:s0 tclass=capability permissive=0
11-11 05:23:06.315 0 0 I auditd : type=1400 audit(0.0:2926): avc: denied { kill } for comm="swapper/3" capability=5 scontext=u:r:kernel:s0 tcontext=u:r:kernel:s0 tclass=capability permissive=0
11-11 05:23:07.315 0 0 I auditd : type=1400 audit(0.0:2927): avc: denied { kill } for comm="swapper/3" capability=5 scontext=u:r:kernel:s0 tcontext=u:r:kernel:s0 tclass=capability permissive=0
11-11 05:23:08.315 0 0 I auditd : type=1400 audit(0.0:2928): avc: denied { kill } for comm="swapper/3" capability=5 scontext=u:r:kernel:s0 tcontext=u:r:kernel:s0 tclass=capability permissive=0
11-11 05:23:10.315 0 0 I auditd : type=1400 audit(0.0:2929): avc: denied { kill } for comm="swapper/3" capability=5 scontext=u:r:kernel:s0 tcontext=u:r:kernel:s0 tclass=capability permissive=0
11-11 05:23:11.315 0 0 I auditd : type=1400 audit(0.0:2930): avc: denied { kill } for comm="swapper/3" capability=5 scontext=u:r:kernel:s0 tcontext=u:r:kernel:s0 tclass=capability permissive=0
11-11 05:23:11.392 1490 1772 I am_freeze: [11927,com.android.externalstorage]
11-11 05:23:11.394 1490 1772 I am_kill : [0,11927,com.android.externalstorage,955,Unable to freeze binder interface]
11-11 05:23:11.440 1490 5871 I am_proc_died: [0,11927,com.android.externalstorage,955,19]
11-11 05:23:11.444 1490 5871 I am_uid_stopped: 10034
11-11 05:23:11.460 1490 1641 I am_pss : [14033,10068,com.android.calendar,6447104,4050944,0,91975680,0,19,9]
11-11 05:23:11.469 1490 1641 I am_pss : [14032,1000,com.thundercomm.mcuupgrade,6754304,4550656,0,90599424,0,19,9]
11-11 05:23:12.315 0 0 I auditd : type=1400 audit(0.0:2931): avc: denied { kill } for comm="swapper/3" capability=5 scontext=u:r:kernel:s0 tcontext=u:r:kernel:s0 tclass=capability permissive=0
11-11 05:23:13.110 1400 13424 I liblog : 158
11-11 05:23:13.315 0 0 I auditd : type=1400 audit(0.0:2932): avc: denied { kill } for comm="swapper/3" capability=5 scontext=u:r:kernel:s0 tcontext=u:r:kernel:s0 tclass=capability permissive=0
11-11 05:23:14.315 0 0 I auditd : type=1400 audit(0.0:2933): avc: denied { kill } for comm="swapper/3" capability=5 scontext=u:r:kernel:s0 tcontext=u:r:kernel:s0 tclass=capability permissive=0
11-11 05:23:15.315 0 0 I auditd : type=1400 audit(0.0:2934): avc: denied { kill } for comm="swapper/3" capability=5 scontext=u:r:kernel:s0 tcontext=u:r:kernel:s0 tclass=capability permissive=0
11-11 05:23:15.619 1490 1642 I am_uid_idle: 10051
11-11 05:23:16.315 0 0 I auditd : type=1400 audit(0.0:2935): avc: denied { kill } for comm="swapper/3" capability=5 scontext=u:r:kernel:s0 tcontext=u:r:kernel:s0 tclass=capability permissive=0
11-11 05:23:17.315 0 0 I auditd : type=1400 audit(0.0:2936): avc: denied { kill } for comm="swapper/3" capability=5 scontext=u:r:kernel:s0 tcontext=u:r:kernel:s0 tclass=capability permissive=0
11-11 05:23:18.315 0 0 I auditd : type=1400 audit(0.0:2937): avc: denied { kill } for comm="swapper/3" capability=5 scontext=u:r:kernel:s0 tcontext=u:r:kernel:s0 tclass=capability permissive=0
11-11 05:23:18.530 1400 13424 I liblog : 9
11-11 05:23:18.530 1400 13424 I liblog : 2
11-11 05:23:18.532 1400 13424 I liblog : 57
11-11 05:23:19.315 0 0 I auditd : type=1400 audit(0.0:2938): avc: denied { kill } for comm="swapper/3" capability=5 scontext=u:r:kernel:s0 tcontext=u:r:kernel:s0 tclass=capability permissive=0
11-11 05:23:22.315 0 0 I auditd : type=1400 audit(0.0:2939): avc: denied { kill } for comm="swapper/3" capability=5 scontext=u:r:kernel:s0 tcontext=u:r:kernel:s0 tclass=capability permissive=0
11-11 05:23:23.315 0 0 I auditd : type=1400 audit(0.0:2940): avc: denied { kill } for comm="swapper/3" capability=5 scontext=u:r:kernel:s0 tcontext=u:r:kernel:s0 tclass=capability permissive=0
11-11 05:23:24.315 0 0 I auditd : type=1400 audit(0.0:2941): avc: denied { kill } for comm="swapper/3" capability=5 scontext=u:r:kernel:s0 tcontext=u:r:kernel:s0 tclass=capability permissive=0
11-11 05:23:25.315 0 0 I auditd : type=1400 audit(0.0:2942): avc: denied { kill } for comm="swapper/3" capability=5 scontext=u:r:kernel:s0 tcontext=u:r:kernel:s0 tclass=capability permissive=0
11-11 05:23:26.315 0 0 I auditd : type=1400 audit(0.0:2943): avc: denied { kill } for comm="swapper/3" capability=5 scontext=u:r:kernel:s0 tcontext=u:r:kernel:s0 tclass=capability permissive=0
11-11 05:23:27.315 0 0 I auditd : type=1400 audit(0.0:2944): avc: denied { kill } for comm="swapper/3" capability=5 scontext=u:r:kernel:s0 tcontext=u:r:kernel:s0 tclass=capability permissive=0
11-11 05:23:27.864 1490 2513 I ntp_failure: [time.android.com,java.net.UnknownHostException: Unable to resolve host "time.android.com": No address associated with hostname]
11-11 05:23:28.172 1490 1772 I am_freeze: [12321,com.android.gallery3d]
11-11 05:23:28.173 1490 1772 I am_kill : [0,12321,com.android.gallery3d,945,Unable to freeze binder interface]
11-11 05:23:28.197 1490 7426 I am_proc_died: [0,12321,com.android.gallery3d,945,19]
11-11 05:23:28.198 1490 7426 I am_uid_stopped: 10069
11-11 05:23:28.205 1490 1634 I am_uid_running: 10069
11-11 05:23:28.208 1490 1634 I am_uid_running: 10033
11-11 05:23:28.225 1490 1643 I am_proc_start: [0,14105,10069,com.android.gallery3d,NULL,]
11-11 05:23:28.241 1490 1643 I am_proc_start: [0,14106,10033,com.android.documentsui,NULL,]
11-11 05:23:28.254 1490 7426 I am_proc_bound: [0,14105,com.android.gallery3d]
11-11 05:23:28.282 1490 7426 I am_proc_bound: [0,14106,com.android.documentsui]
11-11 05:23:28.678 1400 13424 I liblog : 247
11-11 05:23:29.315 0 0 I auditd : type=1400 audit(0.0:2945): avc: denied { kill } for comm="swapper/2" capability=5 scontext=u:r:kernel:s0 tcontext=u:r:kernel:s0 tclass=capability permissive=0
11-11 05:23:30.315 0 0 I auditd : type=1400 audit(0.0:2946): avc: denied { kill } for comm="swapper/2" capability=5 scontext=u:r:kernel:s0 tcontext=u:r:kernel:s0 tclass=capability permissive=0
11-11 05:23:31.315 0 0 I auditd : type=1400 audit(0.0:2947): avc: denied { kill } for comm="swapper/2" capability=5 scontext=u:r:kernel:s0 tcontext=u:r:kernel:s0 tclass=capability permissive=0
11-11 05:23:32.315 0 0 I auditd : type=1400 audit(0.0:2948): avc: denied { kill } for comm="swapper/2" capability=5 scontext=u:r:kernel:s0 tcontext=u:r:kernel:s0 tclass=capability permissive=0
11-11 05:23:33.315 3137 3137 I auditd : type=1400 audit(0.0:2949): avc: denied { kill } for comm="irq/16-90b6400." capability=5 scontext=u:r:kernel:s0 tcontext=u:r:kernel:s0 tclass=capability permissive=0
11-11 05:23:34.315 0 0 I auditd : type=1400 audit(0.0:2950): avc: denied { kill } for comm="swapper/2" capability=5 scontext=u:r:kernel:s0 tcontext=u:r:kernel:s0 tclass=capability permissive=0
11-11 05:23:35.315 0 0 I auditd : type=1400 audit(0.0:2951): avc: denied { kill } for comm="swapper/2" capability=5 scontext=u:r:kernel:s0 tcontext=u:r:kernel:s0 tclass=capability permissive=0
11-11 05:23:36.315 0 0 I auditd : type=1400 audit(0.0:2952): avc: denied { kill } for comm="swapper/2" capability=5 scontext=u:r:kernel:s0 tcontext=u:r:kernel:s0 tclass=capability permissive=0
11-11 05:23:37.315 0 0 I auditd : type=1400 audit(0.0:2953): avc: denied { kill } for comm="swapper/2" capability=5 scontext=u:r:kernel:s0 tcontext=u:r:kernel:s0 tclass=capability permissive=0
11-11 05:23:38.315 0 0 I auditd : type=1400 audit(0.0:2954): avc: denied { kill } for comm="swapper/2" capability=5 scontext=u:r:kernel:s0 tcontext=u:r:kernel:s0 tclass=capability permissive=0
11-11 05:23:40.315 0 0 I auditd : type=1400 audit(0.0:2955): avc: denied { kill } for comm="swapper/2" capability=5 scontext=u:r:kernel:s0 tcontext=u:r:kernel:s0 tclass=capability permissive=0
11-11 05:23:42.315 0 0 I auditd : type=1400 audit(0.0:2956): avc: denied { kill } for comm="swapper/2" capability=5 scontext=u:r:kernel:s0 tcontext=u:r:kernel:s0 tclass=capability permissive=0
11-11 05:23:43.315 0 0 I auditd : type=1400 audit(0.0:2957): avc: denied { kill } for comm="swapper/2" capability=5 scontext=u:r:kernel:s0 tcontext=u:r:kernel:s0 tclass=capability permissive=0
11-11 05:23:44.315 0 0 I auditd : type=1400 audit(0.0:2958): avc: denied { kill } for comm="swapper/2" capability=5 scontext=u:r:kernel:s0 tcontext=u:r:kernel:s0 tclass=capability permissive=0
11-11 05:23:45.315 0 0 I auditd : type=1400 audit(0.0:2959): avc: denied { kill } for comm="swapper/2" capability=5 scontext=u:r:kernel:s0 tcontext=u:r:kernel:s0 tclass=capability permissive=0
11-11 05:23:46.315 0 0 I auditd : type=1400 audit(0.0:2960): avc: denied { kill } for comm="swapper/2" capability=5 scontext=u:r:kernel:s0 tcontext=u:r:kernel:s0 tclass=capability permissive=0
11-11 05:23:47.315 0 0 I auditd : type=1400 audit(0.0:2961): avc: denied { kill } for comm="swapper/2" capability=5 scontext=u:r:kernel:s0 tcontext=u:r:kernel:s0 tclass=capability permissive=0
11-11 05:23:48.315 0 0 I auditd : type=1400 audit(0.0:2962): avc: denied { kill } for comm="swapper/2" capability=5 scontext=u:r:kernel:s0 tcontext=u:r:kernel:s0 tclass=capability permissive=0
