11-11 05:18:52.392 1490 7448 I wm_create_activity: [0,150608780,103,com.android.settings/.Settings,android.intent.action.MAIN,NULL,NULL,270532608]
11-11 05:18:52.392 1490 7448 I wm_task_moved: [103,1,9]
11-11 05:18:52.393 1490 7448 I wm_pause_activity: [0,85671939,com.android.launcher3/.uioverrides.QuickstepLauncher,userLeaving=true,pauseBackTasks]
11-11 05:18:52.396 1490 1642 I am_wtf : [0,1490,system_server,-1,DisplayDeviceConfig,requesting nits when no mapping exists.]
11-11 05:18:52.400 2824 2824 I wm_on_top_resumed_lost_called: [85671939,com.android.launcher3.uioverrides.QuickstepLauncher,topStateChangedWhenResumed]
11-11 05:18:52.413 2824 2824 I wm_on_paused_called: [85671939,com.android.launcher3.uioverrides.QuickstepLauncher,performPause]
11-11 05:18:52.415 1490 1642 I am_wtf : [0,1490,system_server,-1,DisplayDeviceConfig,requesting nits when no mapping exists.]
11-11 05:18:52.417 1490 2446 I wm_add_to_stopping: [0,85671939,com.android.launcher3/.uioverrides.QuickstepLauncher,makeInvisible]
11-11 05:18:52.418 1490 2446 I wm_restart_activity: [0,150608780,103,com.android.settings/.Settings]
11-11 05:18:52.418 1490 1642 I am_wtf : [0,1490,system_server,-1,DisplayDeviceConfig,requesting nits when no mapping exists.]
11-11 05:18:52.419 1490 2446 I wm_set_resumed_activity: [0,com.android.settings/.Settings,minimalResumeActivityLocked]
11-11 05:18:52.423 1490 1642 I am_wtf : [0,1490,system_server,-1,DisplayDeviceConfig,requesting nits when no mapping exists.]
11-11 05:18:52.424 1490 1642 I am_wtf : [0,1490,system_server,-1,DisplayDeviceConfig,requesting nits when no mapping exists.]
11-11 05:18:52.434 1490 1634 I sysui_multi_action: [757,803,799,window_time_0,802,55]
11-11 05:18:52.436 1490 1992 I input_focus: [Focus leaving 978e85f com.android.launcher3/com.android.launcher3.uioverrides.QuickstepLauncher (server),reason=NO_WINDOW]
11-11 05:18:52.439 1490 1642 I am_wtf : [0,1490,system_server,-1,DisplayDeviceConfig,requesting nits when no mapping exists.]
11-11 05:18:52.441 1490 1642 I am_wtf : [0,1490,system_server,-1,DisplayDeviceConfig,requesting nits when no mapping exists.]
11-11 05:18:52.456 1490 1641 I am_pss : [12497,10024,com.microsoft.emmx,39435264,34074624,0,140898304,0,19,7]
11-11 05:18:52.456 11823 11823 I wm_on_create_called: [150608780,com.android.settings.Settings,performCreate]
11-11 05:18:52.458 1490 1642 I am_wtf : [0,1490,system_server,-1,DisplayDeviceConfig,requesting nits when no mapping exists.]
11-11 05:18:52.458 1490 1642 I am_wtf : [0,1490,system_server,-1,DisplayDeviceConfig,requesting nits when no mapping exists.]
11-11 05:18:52.474 11823 11823 I wm_on_start_called: [150608780,com.android.settings.Settings,handleStartActivity]
11-11 05:18:52.474 11823 11823 I snet_event_log: [120484087,-1,]
11-11 05:18:52.474 11823 11823 I wm_on_resume_called: [150608780,com.android.settings.Settings,RESUME_ACTIVITY]
11-11 05:18:52.475 11823 11823 I sysui_multi_action: [757,35,758,1,833,0,1089,17]
11-11 05:18:52.475 1490 1642 I am_wtf : [0,1490,system_server,-1,DisplayDeviceConfig,requesting nits when no mapping exists.]
11-11 05:18:52.476 1490 1642 I am_wtf : [0,1490,system_server,-1,DisplayDeviceConfig,requesting nits when no mapping exists.]
11-11 05:18:52.477 11823 11823 I sysui_multi_action: [757,1729,758,4,854,isParalleledControllers:false,1089,19]
11-11 05:18:52.483 11823 11823 I wm_on_top_resumed_gained_called: [150608780,com.android.settings.Settings,topStateChangedWhenResumed]
11-11 05:18:52.492 1490 1642 I am_wtf : [0,1490,system_server,-1,DisplayDeviceConfig,requesting nits when no mapping exists.]
11-11 05:18:52.493 1490 1642 I am_wtf : [0,1490,system_server,-1,DisplayDeviceConfig,requesting nits when no mapping exists.]
11-11 05:18:52.510 1490 1642 I am_wtf : [0,1490,system_server,-1,DisplayDeviceConfig,requesting nits when no mapping exists.]
11-11 05:18:52.511 1490 1642 I am_wtf : [0,1490,system_server,-1,DisplayDeviceConfig,requesting nits when no mapping exists.]
11-11 05:18:52.515 1490 1635 I input_focus: [Focus request 313f9bb com.android.settings/com.android.settings.Settings,reason=UpdateInputWindows]
11-11 05:18:52.525 1490 1642 I am_wtf : [0,1490,system_server,-1,DisplayDeviceConfig,requesting nits when no mapping exists.]
11-11 05:18:52.525 1490 1642 I am_wtf : [0,1490,system_server,-1,DisplayDeviceConfig,requesting nits when no mapping exists.]
11-11 05:18:52.538 1490 1642 I am_wtf : [0,1490,system_server,-1,DisplayDeviceConfig,requesting nits when no mapping exists.]
11-11 05:18:52.539 1490 1635 I sysui_multi_action: [324,1,757,1090,758,12,806,com.android.settings,871,com.android.settings.Settings,1091,158]
11-11 05:18:52.539 1490 1642 I am_wtf : [0,1490,system_server,-1,DisplayDeviceConfig,requesting nits when no mapping exists.]
11-11 05:18:52.540 1490 1630 I sysui_multi_action: [319,73,321,70,322,158,325,1951,757,761,758,8,759,1,806,com.android.settings,871,com.android.settings.Settings,904,com.android.launcher3,905,0,1320,4,1321,1]
11-11 05:18:52.541 1490 1630 I wm_activity_launch_time: [0,150608780,com.android.settings/.Settings,158]
11-11 05:18:52.553 1490 1992 I input_focus: [Focus entering 313f9bb com.android.settings/com.android.settings.Settings (server),reason=Window became focusable. Previous reason: NOT_VISIBLE]
11-11 05:18:52.562 1490 1642 I am_wtf : [0,1490,system_server,-1,DisplayDeviceConfig,requesting nits when no mapping exists.]
11-11 05:18:52.564 1490 1642 I am_wtf : [0,1490,system_server,-1,DisplayDeviceConfig,requesting nits when no mapping exists.]
11-11 05:18:52.578 1490 1642 I am_wtf : [0,1490,system_server,-1,DisplayDeviceConfig,requesting nits when no mapping exists.]
11-11 05:18:52.579 1490 1642 I am_wtf : [0,1490,system_server,-1,DisplayDeviceConfig,requesting nits when no mapping exists.]
11-11 05:18:52.596 1490 1642 I am_wtf : [0,1490,system_server,-1,DisplayDeviceConfig,requesting nits when no mapping exists.]
11-11 05:18:52.597 1490 1642 I am_wtf : [0,1490,system_server,-1,DisplayDeviceConfig,requesting nits when no mapping exists.]
11-11 05:18:52.998 1490 1634 I wm_stop_activity: [0,85671939,com.android.launcher3/.uioverrides.QuickstepLauncher]
11-11 05:18:53.037 2824 2824 I wm_on_stop_called: [85671939,com.android.launcher3.uioverrides.QuickstepLauncher,STOP_ACTIVITY_ITEM]
11-11 05:18:55.315 351 351 I auditd : type=1400 audit(0.0:2606): avc: denied { kill } for comm="irq/382-atmel_m" capability=5 scontext=u:r:kernel:s0 tcontext=u:r:kernel:s0 tclass=capability permissive=0
11-11 05:18:56.315 0 0 I auditd : type=1400 audit(0.0:2607): avc: denied { kill } for comm="swapper/0" capability=5 scontext=u:r:kernel:s0 tcontext=u:r:kernel:s0 tclass=capability permissive=0
11-11 05:18:57.315 0 0 I auditd : type=1400 audit(0.0:2608): avc: denied { kill } for comm="swapper/0" capability=5 scontext=u:r:kernel:s0 tcontext=u:r:kernel:s0 tclass=capability permissive=0
11-11 05:18:57.626 1490 1992 I input_interaction: Interaction with: 313f9bb com.android.settings/com.android.settings.Settings (server), edge-swipe (server), swipe-up (server), PointerEventDispatcher0 (server),
11-11 05:18:57.630 1490 1490 I service_manager_stats: [194,137,6715]
11-11 05:18:57.648 1490 7426 I wm_task_moved: [1,0,0]
11-11 05:18:57.649 1490 7426 I wm_task_moved: [1,0,8]
11-11 05:18:57.655 2824 2824 I wm_on_restart_called: [85671939,com.android.launcher3.uioverrides.QuickstepLauncher,performRestartActivity]
11-11 05:18:57.678 2824 2824 I wm_on_start_called: [85671939,com.android.launcher3.uioverrides.QuickstepLauncher,handleStartActivity]
11-11 05:18:57.705 1490 1630 I sysui_multi_action: [319,9,322,44,325,1957,757,761,758,9,759,5,806,com.android.launcher3,871,com.android.launcher3.uioverrides.QuickstepLauncher,905,0,1320,4,1321,1]
11-11 05:18:57.750 11823 11823 I view_enqueue_input_event: [Motion - Cancel,com.android.settings/com.android.settings.Settings]
11-11 05:18:57.752 2824 2824 I sysui_latency: [1,61]
11-11 05:18:57.760 1490 1992 I input_interaction: Interaction with: edge-swipe (server), swipe-up (server), PointerEventDispatcher0 (server),
11-11 05:18:57.770 1490 1635 I input_focus: [Focus request recents_animation_input_consumer,reason=UpdateInputWindows]
11-11 05:18:57.799 1490 1992 I input_focus: [Focus leaving 313f9bb com.android.settings/com.android.settings.Settings (server),reason=NOT_FOCUSABLE]
11-11 05:18:57.800 1490 1992 I input_focus: [Focus entering recents_animation_input_consumer (server),reason=setFocusedWindow]
11-11 05:18:57.882 1490 1745 I commit_sys_config_file: [settings-1-0,5]
11-11 05:18:57.994 1490 1641 I sysui_latency: [8,60]
11-11 05:18:58.315 0 0 I auditd : type=1400 audit(0.0:2609): avc: denied { kill } for comm="swapper/3" capability=5 scontext=u:r:kernel:s0 tcontext=u:r:kernel:s0 tclass=capability permissive=0
11-11 05:18:58.495 1490 7448 I wm_task_moved: [1,1,9]
11-11 05:18:58.497 1490 7448 I wm_task_moved: [10,1,2147483647]
11-11 05:18:58.497 1490 7448 I wm_task_to_front: [0,10]
11-11 05:18:58.497 1490 7448 I wm_focused_root_task: [0,0,1,103,RecentsAnimation.onAnimationFinished()]
11-11 05:18:58.497 1490 7448 I wm_set_resumed_activity: [0,com.android.launcher3/.uioverrides.QuickstepLauncher,RecentsAnimation.onAnimationFinished()]
11-11 05:18:58.498 11823 11823 I wm_on_top_resumed_lost_called: [150608780,com.android.settings.Settings,topStateChangedWhenResumed]
11-11 05:18:58.500 1490 7448 I wm_pause_activity: [0,150608780,com.android.settings/.Settings,userLeaving=true,pauseBackTasks]
11-11 05:18:58.501 1490 7448 I wm_add_to_stopping: [0,150608780,com.android.settings/.Settings,makeInvisible]
11-11 05:18:58.502 1490 7448 I wm_set_resumed_activity: [0,com.android.launcher3/.uioverrides.QuickstepLauncher,resumeTopActivityInnerLocked]
11-11 05:18:58.503 1490 7448 I wm_resume_activity: [0,85671939,10,com.android.launcher3/.uioverrides.QuickstepLauncher]
11-11 05:18:58.504 2824 2824 I wm_on_resume_called: [85671939,com.android.launcher3.uioverrides.QuickstepLauncher,RESUME_ACTIVITY]
11-11 05:18:58.512 1490 1635 I input_focus: [Focus request 978e85f com.android.launcher3/com.android.launcher3.uioverrides.QuickstepLauncher,reason=UpdateInputWindows]
11-11 05:18:58.514 2824 2824 I wm_on_top_resumed_gained_called: [85671939,com.android.launcher3.uioverrides.QuickstepLauncher,topStateChangedWhenResumed]
11-11 05:18:58.518 1490 1992 I input_focus: [Focus leaving recents_animation_input_consumer (server),reason=NOT_VISIBLE]
11-11 05:18:58.519 1490 1992 I input_focus: [Focus entering 978e85f com.android.launcher3/com.android.launcher3.uioverrides.QuickstepLauncher (server),reason=setFocusedWindow]
11-11 05:18:58.520 11823 11823 I sysui_multi_action: [757,35,758,2,1089,6045]
11-11 05:18:58.520 1490 1634 I wm_stop_activity: [0,150608780,com.android.settings/.Settings]
11-11 05:18:58.520 11823 11823 I wm_on_paused_called: [150608780,com.android.settings.Settings,performPause]
11-11 05:18:58.521 1490 1634 I sysui_multi_action: [757,803,799,window_time_0,802,6]
11-11 05:18:58.523 1490 1634 I sysui_multi_action: [757,803,799,window_time_0,802,0]
11-11 05:18:58.567 11823 11823 I wm_on_stop_called: [150608780,com.android.settings.Settings,STOP_ACTIVITY_ITEM]
11-11 05:18:58.840 1490 1992 I input_interaction: Interaction with: 978e85f com.android.launcher3/com.android.launcher3.uioverrides.QuickstepLauncher (server), f91321f com.android.systemui.ImageWallpaper (server), edge-swipe (server), swipe-up (server), PointerEventDispatcher0 (server),
11-11 05:18:58.934 1490 2446 I wm_task_moved: [103,1,9]
11-11 05:18:58.934 1490 2446 I wm_task_to_front: [0,103]
11-11 05:18:58.934 1490 2446 I wm_focused_root_task: [0,0,103,1,bringingFoundTaskToFront]
11-11 05:18:58.935 1490 2446 I wm_set_resumed_activity: [0,com.android.settings/.Settings,bringingFoundTaskToFront]
11-11 05:18:58.935 1490 2446 I wm_new_intent: [0,150608780,103,com.android.settings/.Settings,android.intent.action.MAIN,NULL,NULL,270532608]
11-11 05:18:58.937 1490 2446 I wm_pause_activity: [0,85671939,com.android.launcher3/.uioverrides.QuickstepLauncher,userLeaving=true,pauseBackTasks]
11-11 05:18:58.945 2824 2824 I wm_on_top_resumed_lost_called: [85671939,com.android.launcher3.uioverrides.QuickstepLauncher,topStateChangedWhenResumed]
11-11 05:18:58.946 2824 2824 I wm_on_paused_called: [85671939,com.android.launcher3.uioverrides.QuickstepLauncher,performPause]
11-11 05:18:58.951 1490 2446 I wm_set_resumed_activity: [0,com.android.settings/.Settings,resumeTopActivityInnerLocked]
11-11 05:18:58.951 1490 2446 I wm_add_to_stopping: [0,85671939,com.android.launcher3/.uioverrides.QuickstepLauncher,makeInvisible]
11-11 05:18:58.954 1490 2446 I wm_resume_activity: [0,150608780,103,com.android.settings/.Settings]
11-11 05:18:58.964 1490 1634 I sysui_multi_action: [757,803,799,window_time_0,802,0]
11-11 05:18:58.970 11823 11823 I wm_on_restart_called: [150608780,com.android.settings.Settings,performRestartActivity]
11-11 05:18:58.972 1490 1992 I input_focus: [Focus leaving 978e85f com.android.launcher3/com.android.launcher3.uioverrides.QuickstepLauncher (server),reason=NO_WINDOW]
11-11 05:18:58.972 11823 11823 I wm_on_start_called: [150608780,com.android.settings.Settings,handleStartActivity]
11-11 05:18:58.973 11823 11823 I snet_event_log: [120484087,-1,]
11-11 05:18:58.974 11823 11823 I wm_on_resume_called: [150608780,com.android.settings.Settings,RESUME_ACTIVITY]
11-11 05:18:58.974 11823 11823 I sysui_multi_action: [757,35,758,1,833,0,1089,0]
11-11 05:18:58.976 11823 11823 I wm_on_top_resumed_gained_called: [150608780,com.android.settings.Settings,topWhenResuming]
11-11 05:18:58.994 1490 1635 I input_focus: [Focus request 313f9bb com.android.settings/com.android.settings.Settings,reason=UpdateInputWindows]
11-11 05:18:59.014 1490 1630 I sysui_multi_action: [319,44,321,40,322,79,325,1958,757,761,758,9,759,4,806,com.android.settings,871,com.android.settings.Settings,904,com.android.launcher3,905,0,1320,4,1321,1]
11-11 05:18:59.019 1490 1992 I input_focus: [Focus entering 313f9bb com.android.settings/com.android.settings.Settings (server),reason=setFocusedWindow]
11-11 05:18:59.099 1490 2281 I netstats_mobile_sample: [0,0,0,0,0,0,0,0,0,0,0,0,1668115139099]
11-11 05:18:59.100 1490 2281 I netstats_wifi_sample: [52645982,65724,18115896,51455,52645982,65724,18115896,51455,55315404,82347,9552679,32053,1668115139099]
11-11 05:18:59.508 1490 1634 I wm_stop_activity: [0,85671939,com.android.launcher3/.uioverrides.QuickstepLauncher]
11-11 05:18:59.532 2824 2824 I wm_on_stop_called: [85671939,com.android.launcher3.uioverrides.QuickstepLauncher,STOP_ACTIVITY_ITEM]
11-11 05:18:59.913 1490 1992 I input_interaction: Interaction with: 313f9bb com.android.settings/com.android.settings.Settings (server), edge-swipe (server), swipe-up (server), PointerEventDispatcher0 (server),
11-11 05:19:00.014 11823 11823 I sysui_multi_action: [757,830,758,4,833,0,854,top_level_connected_devices,1089,0]
11-11 05:19:00.185 11823 11823 I sysui_multi_action: [757,747,758,1,833,0,1089,65]
11-11 05:19:00.187 11823 11823 I sysui_multi_action: [757,1729,758,4,854,isParalleledControllers:false,1089,68]
11-11 05:19:00.795 11823 11823 I sysui_multi_action: [757,830,758,4,833,0,854,top_level_network,1089,0]
11-11 05:19:00.900 11823 11823 I sysui_multi_action: [757,747,758,2,1089,716]
11-11 05:19:00.920 11823 11823 I service_manager_stats: [100,72,1960530]
11-11 05:19:00.920 11823 11823 W CarrierConfigManager: Error getting config for subId -1 ICarrierConfigLoader is null
11-11 05:19:00.930 1490 2281 I netstats_mobile_sample: [0,0,0,0,0,0,0,0,0,0,0,0,1668115140930]
11-11 05:19:00.931 1490 2281 I netstats_wifi_sample: [58044823,69469,18163841,51770,58044823,69469,18163841,51770,60793207,86194,9583826,32327,1668115140930]
11-11 05:19:00.971 11823 11823 I sysui_multi_action: [757,746,758,1,833,0,1089,60]
11-11 05:19:00.971 1490 7448 D TelephonyRegistry: listen oscl: mHasNotifySubscriptionInfoChangedOccurred==false no callback
11-11 05:19:00.976 1490 7448 D TelephonyRegistry: listen oscl: mHasNotifySubscriptionInfoChangedOccurred==false no callback
11-11 05:19:00.984 11823 11823 I sysui_multi_action: [757,1729,758,4,854,isParalleledControllers:false,1089,72]
11-11 05:19:01.315 0 0 I auditd : type=1400 audit(0.0:2610): avc: denied { kill } for comm="swapper/3" capability=5 scontext=u:r:kernel:s0 tcontext=u:r:kernel:s0 tclass=capability permissive=0
11-11 05:19:03.315 0 0 I auditd : type=1400 audit(0.0:2611): avc: denied { kill } for comm="swapper/0" capability=5 scontext=u:r:kernel:s0 tcontext=u:r:kernel:s0 tclass=capability permissive=0
11-11 05:19:03.772 11823 11823 I sysui_multi_action: [757,830,758,4,833,0,854,top_level_apps,1089,0]
11-11 05:19:03.886 11823 11823 I sysui_multi_action: [757,746,758,2,1089,2914]
11-11 05:19:03.977 11823 11823 I sysui_multi_action: [757,65,758,1,833,0,1089,70]
11-11 05:19:03.981 11823 11823 I sysui_multi_action: [757,1729,758,4,854,isParalleledControllers:false,1089,74]
11-11 05:19:04.315 0 0 I auditd : type=1400 audit(0.0:2612): avc: denied { kill } for comm="swapper/0" capability=5 scontext=u:r:kernel:s0 tcontext=u:r:kernel:s0 tclass=capability permissive=0
11-11 05:19:05.315 0 0 I auditd : type=1400 audit(0.0:2613): avc: denied { kill } for comm="swapper/0" capability=5 scontext=u:r:kernel:s0 tcontext=u:r:kernel:s0 tclass=capability permissive=0
11-11 05:19:05.809 11823 11823 I sysui_multi_action: [757,830,758,4,833,0,854,see_all_apps,1089,0]
11-11 05:19:05.824 11823 11823 I sysui_multi_action: [757,65,758,2,1089,1846]
11-11 05:19:05.865 11823 11823 I sysui_multi_action: [757,65,758,1,833,0,1089,36]
11-11 05:19:06.315 0 0 I auditd : type=1400 audit(0.0:2614): avc: denied { kill } for comm="swapper/3" capability=5 scontext=u:r:kernel:s0 tcontext=u:r:kernel:s0 tclass=capability permissive=0
11-11 05:19:06.782 1490 1992 I input_interaction: Interaction with: 313f9bb com.android.settings/com.android.settings.Settings (server), PointerEventDispatcher0 (server),
11-11 05:19:08.096 1490 1992 I input_interaction: Interaction with: 313f9bb com.android.settings/com.android.settings.Settings (server), edge-swipe (server), swipe-up (server), PointerEventDispatcher0 (server),
11-11 05:19:08.199 11823 11823 I sysui_multi_action: [757,830,758,4,833,0,854,top_level_connected_devices,1089,0]
11-11 05:19:08.305 11823 11823 I sysui_multi_action: [757,65,758,2,1089,2440]
11-11 05:19:08.315 0 0 I auditd : type=1400 audit(0.0:2615): avc: denied { kill } for comm="swapper/3" capability=5 scontext=u:r:kernel:s0 tcontext=u:r:kernel:s0 tclass=capability permissive=0
11-11 05:19:08.346 11823 11823 I sysui_multi_action: [757,747,758,1,833,0,1089,33]
11-11 05:19:08.347 11823 11823 I sysui_multi_action: [757,1729,758,4,854,isParalleledControllers:false,1089,34]
11-11 05:19:08.858 11823 11823 I sysui_multi_action: [757,830,758,4,833,0,854,top_level_network,1089,0]
11-11 05:19:08.963 11823 11823 I sysui_multi_action: [757,747,758,2,1089,615]
11-11 05:19:08.999 11823 11823 W CarrierConfigManager: Error getting config for subId -1 ICarrierConfigLoader is null
11-11 05:19:09.059 11823 11823 I sysui_multi_action: [757,746,758,1,833,0,1089,69]
11-11 05:19:09.060 1490 6835 D TelephonyRegistry: listen oscl: mHasNotifySubscriptionInfoChangedOccurred==false no callback
11-11 05:19:09.064 1490 6835 D TelephonyRegistry: listen oscl: mHasNotifySubscriptionInfoChangedOccurred==false no callback
11-11 05:19:09.072 11823 11823 I sysui_multi_action: [757,1729,758,4,854,isParalleledControllers:false,1089,82]
11-11 05:19:10.015 11823 11823 I sysui_multi_action: [757,830,758,4,833,0,854,top_level_apps,1089,0]
11-11 05:19:10.128 11823 11823 I sysui_multi_action: [757,746,758,2,1089,1068]
11-11 05:19:10.184 11823 11823 I sysui_multi_action: [757,65,758,1,833,0,1089,38]
11-11 05:19:10.189 11823 11823 I sysui_multi_action: [757,1729,758,4,854,isParalleledControllers:false,1089,43]
11-11 05:19:10.315 0 0 I auditd : type=1400 audit(0.0:2616): avc: denied { kill } for comm="swapper/3" capability=5 scontext=u:r:kernel:s0 tcontext=u:r:kernel:s0 tclass=capability permissive=0
11-11 05:19:11.024 1490 1992 I input_interaction: Interaction with: 313f9bb com.android.settings/com.android.settings.Settings (server), PointerEventDispatcher0 (server),
11-11 05:19:11.262 1400 12608 I liblog : 11
11-11 05:19:11.274 1400 1449 I liblog : 217
11-11 05:19:11.795 1490 1992 I input_interaction: Interaction with: 313f9bb com.android.settings/com.android.settings.Settings (server), edge-swipe (server), swipe-up (server), PointerEventDispatcher0 (server),
11-11 05:19:11.900 11823 11823 I sysui_multi_action: [757,830,758,4,833,0,854,top_level_notification,1089,0]
11-11 05:19:12.016 11823 11823 I sysui_multi_action: [757,65,758,2,1089,1832]
11-11 05:19:12.059 11823 11823 I sysui_multi_action: [757,337,758,1,833,0,1089,36]
11-11 05:19:12.061 11823 11823 I sysui_multi_action: [757,1729,758,4,854,isParalleledControllers:false,1089,38]
11-11 05:19:12.315 0 0 I auditd : type=1400 audit(0.0:2617): avc: denied { kill } for comm="swapper/0" capability=5 scontext=u:r:kernel:s0 tcontext=u:r:kernel:s0 tclass=capability permissive=0
11-11 05:19:13.315 0 0 I auditd : type=1400 audit(0.0:2618): avc: denied { kill } for comm="swapper/0" capability=5 scontext=u:r:kernel:s0 tcontext=u:r:kernel:s0 tclass=capability permissive=0
11-11 05:19:14.315 0 0 I auditd : type=1400 audit(0.0:2619): avc: denied { kill } for comm="swapper/0" capability=5 scontext=u:r:kernel:s0 tcontext=u:r:kernel:s0 tclass=capability permissive=0
11-11 05:19:15.315 0 0 I auditd : type=1400 audit(0.0:2620): avc: denied { kill } for comm="swapper/0" capability=5 scontext=u:r:kernel:s0 tcontext=u:r:kernel:s0 tclass=capability permissive=0
11-11 05:19:15.353 1490 1992 I input_interaction: Interaction with: 313f9bb com.android.settings/com.android.settings.Settings (server), PointerEventDispatcher0 (server),
11-11 05:19:16.013 1490 1992 I input_interaction: Interaction with: 313f9bb com.android.settings/com.android.settings.Settings (server), edge-swipe (server), swipe-up (server), PointerEventDispatcher0 (server),
11-11 05:19:16.117 11823 11823 I sysui_multi_action: [757,830,758,4,833,0,854,top_level_network,1089,0]
11-11 05:19:16.221 11823 11823 I sysui_multi_action: [757,337,758,2,1089,4162]
11-11 05:19:16.237 11823 11823 W CarrierConfigManager: Error getting config for subId -1 ICarrierConfigLoader is null
11-11 05:19:16.299 11823 11823 I sysui_multi_action: [757,746,758,1,833,0,1089,69]
11-11 05:19:16.299 1490 7426 D TelephonyRegistry: listen oscl: mHasNotifySubscriptionInfoChangedOccurred==false no callback
11-11 05:19:16.306 1490 7426 D TelephonyRegistry: listen oscl: mHasNotifySubscriptionInfoChangedOccurred==false no callback
11-11 05:19:16.316 11823 11823 I sysui_multi_action: [757,1729,758,4,854,isParalleledControllers:false,1089,87]
11-11 05:19:17.315 0 0 I auditd : type=1400 audit(0.0:2621): avc: denied { kill } for comm="swapper/3" capability=5 scontext=u:r:kernel:s0 tcontext=u:r:kernel:s0 tclass=capability permissive=0
11-11 05:19:17.404 11823 11823 I sysui_multi_action: [757,830,758,4,833,0,854,main_toggle_wifi,1089,0]
11-11 05:19:17.426 11823 11823 I sysui_multi_action: [757,746,758,2,1089,1127]
11-11 05:19:17.464 1490 6835 I netstats_mobile_sample: [0,0,0,0,0,0,0,0,0,0,0,0,1668115157464]
11-11 05:19:17.464 1490 6835 I netstats_wifi_sample: [58859932,70708,18387051,52370,58859932,70708,18387051,52370,61709038,87865,9699387,32670,1668115157464]
11-11 05:19:17.477 1490 6835 I netstats_mobile_sample: [0,0,0,0,0,0,0,0,0,0,0,0,1668115157477]
11-11 05:19:17.477 1490 6835 I netstats_wifi_sample: [58859932,70708,18387051,52370,58859932,70708,18387051,52370,61709038,87865,9699387,32670,1668115157477]
11-11 05:19:17.513 11823 11823 I sysui_multi_action: [757,103,758,1,833,0,1089,77]
11-11 05:19:19.315 0 0 I auditd : type=1400 audit(0.0:2622): avc: denied { kill } for comm="swapper/2" capability=5 scontext=u:r:kernel:s0 tcontext=u:r:kernel:s0 tclass=capability permissive=0
11-11 05:19:21.315 0 0 I auditd : type=1400 audit(0.0:2623): avc: denied { kill } for comm="swapper/3" capability=5 scontext=u:r:kernel:s0 tcontext=u:r:kernel:s0 tclass=capability permissive=0
11-11 05:19:22.315 0 0 I auditd : type=1400 audit(0.0:2624): avc: denied { kill } for comm="swapper/3" capability=5 scontext=u:r:kernel:s0 tcontext=u:r:kernel:s0 tclass=capability permissive=0
11-11 05:19:23.315 0 0 I auditd : type=1400 audit(0.0:2625): avc: denied { kill } for comm="swapper/3" capability=5 scontext=u:r:kernel:s0 tcontext=u:r:kernel:s0 tclass=capability permissive=0
11-11 05:19:24.315 0 0 I auditd : type=1400 audit(0.0:2626): avc: denied { kill } for comm="swapper/3" capability=5 scontext=u:r:kernel:s0 tcontext=u:r:kernel:s0 tclass=capability permissive=0
11-11 05:19:25.315 0 0 I auditd : type=1400 audit(0.0:2627): avc: denied { kill } for comm="swapper/3" capability=5 scontext=u:r:kernel:s0 tcontext=u:r:kernel:s0 tclass=capability permissive=0
11-11 05:19:26.315 0 0 I auditd : type=1400 audit(0.0:2628): avc: denied { kill } for comm="swapper/3" capability=5 scontext=u:r:kernel:s0 tcontext=u:r:kernel:s0 tclass=capability permissive=0
11-11 05:19:26.944 11823 11823 I sysui_multi_action: [757,135,758,4,759,0]
11-11 05:19:26.965 1490 7448 I wm_task_moved: [103,1,9]
11-11 05:19:26.966 1490 7448 I wm_set_resumed_activity: [0,com.android.settings/.Settings,positionChildAt]
11-11 05:19:26.966 1490 7448 I wm_create_activity: [0,85436175,103,com.android.settings/.SubSettings,android.intent.action.MAIN,NULL,NULL,0]
11-11 05:19:26.968 1490 7448 I wm_pause_activity: [0,150608780,com.android.settings/.Settings,userLeaving=true,resumeTopActivityInnerLocked]
11-11 05:19:26.996 11823 11823 I wm_on_top_resumed_lost_called: [150608780,com.android.settings.Settings,topStateChangedWhenResumed]
11-11 05:19:27.002 11823 11823 I sysui_multi_action: [757,35,758,2,1089,28027]
11-11 05:19:27.007 11823 11823 I sysui_multi_action: [757,103,758,2,1089,9493]
11-11 05:19:27.010 11823 11823 I wm_on_paused_called: [150608780,com.android.settings.Settings,performPause]
11-11 05:19:27.015 1490 7426 I wm_add_to_stopping: [0,150608780,com.android.settings/.Settings,makeInvisible]
11-11 05:19:27.017 1490 7426 I wm_restart_activity: [0,85436175,103,com.android.settings/.SubSettings]
11-11 05:19:27.020 1490 7426 I wm_set_resumed_activity: [0,com.android.settings/.SubSettings,minimalResumeActivityLocked]
11-11 05:19:27.032 1490 1634 I sysui_multi_action: [757,803,799,window_time_0,802,28]
11-11 05:19:27.036 1490 1992 I input_focus: [Focus leaving 313f9bb com.android.settings/com.android.settings.Settings (server),reason=NO_WINDOW]
11-11 05:19:27.053 1490 1641 I am_pss : [11823,1000,com.android.settings,110602240,97968128,0,250236928,0,2,11]
11-11 05:19:27.062 1490 1641 I am_pss : [11787,10086,com.android.music,27386880,20566016,0,154083328,0,4,7]
11-11 05:19:27.081 1490 7426 I wm_finish_activity: [0,85436175,103,com.android.settings/.SubSettings,clear-task-stack]
11-11 05:19:27.087 1490 7426 I wm_pause_activity: [0,85436175,com.android.settings/.SubSettings,userLeaving=false,finish]
11-11 05:19:27.088 1490 7426 I wm_new_intent: [0,150608780,103,com.android.settings/.Settings,android.intent.action.MAIN,NULL,NULL,270532608]
11-11 05:19:27.088 1490 7426 I wm_task_moved: [103,1,9]
11-11 05:19:27.095 11823 11823 I wm_on_create_called: [85436175,com.android.settings.SubSettings,performCreate]
11-11 05:19:27.098 1490 7426 I wm_add_to_stopping: [0,85436175,com.android.settings/.SubSettings,completeFinishing]
11-11 05:19:27.099 1490 7426 I wm_set_resumed_activity: [0,com.android.settings/.Settings,resumeTopActivityInnerLocked]
11-11 05:19:27.100 1490 7426 I wm_resume_activity: [0,150608780,103,com.android.settings/.Settings]
11-11 05:19:27.107 1490 1635 I input_focus: [Focus request 313f9bb com.android.settings/com.android.settings.Settings,reason=UpdateInputWindows]
11-11 05:19:27.107 1490 1634 I sysui_multi_action: [757,803,799,window_time_0,802,0]
11-11 05:19:27.114 11823 11823 I wm_on_activity_result_called: [150608780,com.android.settings.Settings,ACTIVITY_RESULT]
11-11 05:19:27.114 11823 11823 I wm_on_resume_called: [150608780,com.android.settings.Settings,RESUME_ACTIVITY]
11-11 05:19:27.115 11823 11823 I sysui_multi_action: [757,35,758,1,833,0,1089,0]
11-11 05:19:27.117 11823 11823 I sysui_multi_action: [757,103,758,1,833,0,1089,0]
11-11 05:19:27.120 1490 1992 I input_focus: [Focus entering 313f9bb com.android.settings/com.android.settings.Settings (server),reason=Window became focusable. Previous reason: NO_WINDOW]
11-11 05:19:27.120 11823 11823 I wm_on_top_resumed_gained_called: [150608780,com.android.settings.Settings,topWhenResuming]
11-11 05:19:27.153 1490 7426 I wm_destroy_activity: [0,85436175,103,com.android.settings/.SubSettings,finish-imm:idle]
11-11 05:19:27.154 11823 11823 I wm_on_destroy_called: [85436175,com.android.settings.SubSettings,performDestroy]
11-11 05:19:27.403 11823 11823 I sysui_multi_action: [757,1800,758,1,833,0,1089,92]
11-11 05:19:28.315 0 0 I auditd : type=1400 audit(0.0:2629): avc: denied { kill } for comm="swapper/1" capability=5 scontext=u:r:kernel:s0 tcontext=u:r:kernel:s0 tclass=capability permissive=0
11-11 05:19:29.833 1400 12608 I liblog : 15
11-11 05:19:29.852 1400 1449 I liblog : 23
11-11 05:19:31.051 1490 1992 I input_interaction: Interaction with: fb2005b InputMethod (server), edge-swipe (server), swipe-up (server), PointerEventDispatcher0 (server),
11-11 05:19:31.315 0 0 I auditd : type=1400 audit(0.0:2630): avc: denied { kill } for comm="swapper/3" capability=5 scontext=u:r:kernel:s0 tcontext=u:r:kernel:s0 tclass=capability permissive=0
11-11 05:19:32.315 0 0 I auditd : type=1400 audit(0.0:2631): avc: denied { kill } for comm="swapper/3" capability=5 scontext=u:r:kernel:s0 tcontext=u:r:kernel:s0 tclass=capability permissive=0
11-11 05:19:33.315 0 0 I auditd : type=1400 audit(0.0:2632): avc: denied { kill } for comm="swapper/3" capability=5 scontext=u:r:kernel:s0 tcontext=u:r:kernel:s0 tclass=capability permissive=0
11-11 05:19:35.315 0 0 I auditd : type=1400 audit(0.0:2633): avc: denied { kill } for comm="swapper/2" capability=5 scontext=u:r:kernel:s0 tcontext=u:r:kernel:s0 tclass=capability permissive=0
11-11 05:19:35.866 1490 1992 I input_interaction: Interaction with: 313f9bb com.android.settings/com.android.settings.Settings (server), edge-swipe (server), swipe-up (server), PointerEventDispatcher0 (server),
11-11 05:19:35.949 11823 11823 I sysui_multi_action: [757,1800,758,2,1089,8545]
11-11 05:19:36.348 1490 2292 I netstats_mobile_sample: [0,0,0,0,0,0,0,0,0,0,0,0,1668115176348]
11-11 05:19:36.348 1490 2292 I netstats_wifi_sample: [59312599,71764,18641655,53023,59312599,71764,18641655,53023,62264948,89356,9830147,33026,1668115176348]
11-11 05:19:36.725 1490 2292 I netstats_mobile_sample: [0,0,0,0,0,0,0,0,0,0,0,0,1668115176725]
11-11 05:19:36.726 1490 2292 I netstats_wifi_sample: [59312599,71764,18641655,53023,59312599,71764,18641655,53023,62264948,89356,9830147,33026,1668115176725]
11-11 05:19:37.813 1490 2292 I netstats_mobile_sample: [0,0,0,0,0,0,0,0,0,0,0,0,1668115177813]
11-11 05:19:37.813 1490 2292 I netstats_wifi_sample: [59312599,71764,18641655,53023,59312599,71764,18641655,53023,62264948,89356,9830147,33026,1668115177813]
11-11 05:19:37.825 1490 2292 I netstats_mobile_sample: [0,0,0,0,0,0,0,0,0,0,0,0,1668115177825]
11-11 05:19:37.825 1490 2292 I netstats_wifi_sample: [59312599,71764,18641655,53023,59312599,71764,18641655,53023,62264948,89356,9830147,33026,1668115177825]
11-11 05:19:37.838 1490 2282 I service_manager_slow: [11,alarm]
11-11 05:19:37.844 1490 2292 I netstats_mobile_sample: [0,0,0,0,0,0,0,0,0,0,0,0,1668115177843]
11-11 05:19:37.844 1490 2292 I netstats_wifi_sample: [59312599,71764,18641655,53023,59312599,71764,18641655,53023,62264948,89356,9830147,33026,1668115177843]
11-11 05:19:37.861 1490 2292 I netstats_mobile_sample: [0,0,0,0,0,0,0,0,0,0,0,0,1668115177861]
11-11 05:19:37.862 1490 2292 I netstats_wifi_sample: [59312599,71764,18641655,53023,59312599,71764,18641655,53023,62264948,89356,9830147,33026,1668115177861]
11-11 05:19:38.315 0 0 I auditd : type=1400 audit(0.0:2634): avc: denied { kill } for comm="swapper/2" capability=5 scontext=u:r:kernel:s0 tcontext=u:r:kernel:s0 tclass=capability permissive=0
11-11 05:19:38.798 1490 2777 I wm_task_moved: [103,1,9]
11-11 05:19:38.798 1490 2777 I wm_set_resumed_activity: [0,com.android.settings/.Settings,positionChildAt]
11-11 05:19:38.798 1490 2777 I wm_create_activity: [0,51562289,103,com.android.settings/.SubSettings,android.intent.action.MAIN,NULL,NULL,0]
11-11 05:19:38.810 1490 2777 I wm_pause_activity: [0,150608780,com.android.settings/.Settings,userLeaving=true,resumeTopActivityInnerLocked]
11-11 05:19:38.826 11823 11823 I wm_on_top_resumed_lost_called: [150608780,com.android.settings.Settings,topStateChangedWhenResumed]
11-11 05:19:38.830 11823 11823 I sysui_multi_action: [757,35,758,2,1089,11714]
11-11 05:19:38.831 11823 11823 I sysui_multi_action: [757,103,758,2,1089,11714]
11-11 05:19:38.832 11823 11823 I wm_on_paused_called: [150608780,com.android.settings.Settings,performPause]
11-11 05:19:38.834 1490 7426 I wm_add_to_stopping: [0,150608780,com.android.settings/.Settings,makeInvisible]
11-11 05:19:38.835 1490 7426 I wm_restart_activity: [0,51562289,103,com.android.settings/.SubSettings]
11-11 05:19:38.837 1490 7426 I wm_set_resumed_activity: [0,com.android.settings/.SubSettings,minimalResumeActivityLocked]
11-11 05:19:38.842 1490 1634 I sysui_multi_action: [757,803,799,window_time_0,802,12]
11-11 05:19:38.862 1490 1641 I am_pss : [11823,1000,com.android.settings,106216448,93286400,0,246218752,0,2,11]
11-11 05:19:38.864 1490 1992 I input_focus: [Focus leaving 313f9bb com.android.settings/com.android.settings.Settings (server),reason=NO_WINDOW]
11-11 05:19:38.877 11823 11823 I service_manager_stats: [100,83,37957]
11-11 05:19:38.888 1490 2777 I wm_finish_activity: [0,51562289,103,com.android.settings/.SubSettings,clear-task-stack]
11-11 05:19:38.894 1490 2777 I wm_pause_activity: [0,51562289,com.android.settings/.SubSettings,userLeaving=false,finish]
11-11 05:19:38.895 1490 2777 I wm_new_intent: [0,150608780,103,com.android.settings/.Settings,android.intent.action.MAIN,NULL,NULL,270532608]
11-11 05:19:38.896 1490 2777 I wm_task_moved: [103,1,9]
11-11 05:19:38.901 11823 11823 I wm_on_create_called: [51562289,com.android.settings.SubSettings,performCreate]
11-11 05:19:38.905 1490 7448 I wm_add_to_stopping: [0,51562289,com.android.settings/.SubSettings,completeFinishing]
11-11 05:19:38.906 1490 7448 I wm_set_resumed_activity: [0,com.android.settings/.Settings,resumeTopActivityInnerLocked]
11-11 05:19:38.907 1490 7448 I wm_resume_activity: [0,150608780,103,com.android.settings/.Settings]
11-11 05:19:38.912 1490 1635 I input_focus: [Focus request 313f9bb com.android.settings/com.android.settings.Settings,reason=UpdateInputWindows]
11-11 05:19:38.913 1490 1634 I sysui_multi_action: [757,803,799,window_time_0,802,0]
11-11 05:19:38.920 11823 11823 I wm_on_resume_called: [150608780,com.android.settings.Settings,RESUME_ACTIVITY]
11-11 05:19:38.921 11823 11823 I sysui_multi_action: [757,35,758,1,833,0,1089,0]
11-11 05:19:38.931 1490 1992 I input_focus: [Focus entering 313f9bb com.android.settings/com.android.settings.Settings (server),reason=Window became focusable. Previous reason: NO_WINDOW]
11-11 05:19:38.934 11823 11823 I sysui_multi_action: [757,103,758,1,833,0,1089,0]
11-11 05:19:38.936 11823 11823 I wm_on_top_resumed_gained_called: [150608780,com.android.settings.Settings,topWhenResuming]
11-11 05:19:38.963 1490 7426 I wm_destroy_activity: [0,51562289,103,com.android.settings/.SubSettings,finish-imm:idle]
11-11 05:19:38.964 11823 11823 I wm_on_destroy_called: [51562289,com.android.settings.SubSettings,performDestroy]
11-11 05:19:39.200 11823 11823 I sysui_multi_action: [757,849,758,1,833,0,1089,86]
11-11 05:19:39.205 11823 11823 I sysui_multi_action: [757,1729,758,4,854,isParalleledControllers:false,1089,91]
11-11 05:19:39.797 1490 1992 I input_interaction: Interaction with: 313f9bb com.android.settings/com.android.settings.Settings (server), PointerEventDispatcher0 (server),
11-11 05:19:40.000 1400 13424 I liblog : 93
11-11 05:19:40.007 1400 1449 I liblog : 46
11-11 05:19:40.315 0 0 I auditd : type=1400 audit(0.0:2635): avc: denied { kill } for comm="swapper/2" capability=5 scontext=u:r:kernel:s0 tcontext=u:r:kernel:s0 tclass=capability permissive=0
11-11 05:19:42.315 0 0 I auditd : type=1400 audit(0.0:2636): avc: denied { kill } for comm="swapper/1" capability=5 scontext=u:r:kernel:s0 tcontext=u:r:kernel:s0 tclass=capability permissive=0
11-11 05:19:43.315 0 0 I auditd : type=1400 audit(0.0:2637): avc: denied { kill } for comm="swapper/1" capability=5 scontext=u:r:kernel:s0 tcontext=u:r:kernel:s0 tclass=capability permissive=0
11-11 05:19:44.315 0 0 I auditd : type=1400 audit(0.0:2638): avc: denied { kill } for comm="swapper/1" capability=5 scontext=u:r:kernel:s0 tcontext=u:r:kernel:s0 tclass=capability permissive=0
11-11 05:19:45.315 11085 11085 I auditd : type=1400 audit(0.0:2639): avc: denied { kill } for comm="kworker/u16:28" capability=5 scontext=u:r:kernel:s0 tcontext=u:r:kernel:s0 tclass=capability permissive=0
11-11 05:19:46.315 0 0 I auditd : type=1400 audit(0.0:2640): avc: denied { kill } for comm="swapper/1" capability=5 scontext=u:r:kernel:s0 tcontext=u:r:kernel:s0 tclass=capability permissive=0
11-11 05:19:47.315 0 0 I auditd : type=1400 audit(0.0:2641): avc: denied { kill } for comm="swapper/1" capability=5 scontext=u:r:kernel:s0 tcontext=u:r:kernel:s0 tclass=capability permissive=0
11-11 05:19:48.315 0 0 I auditd : type=1400 audit(0.0:2642): avc: denied { kill } for comm="swapper/1" capability=5 scontext=u:r:kernel:s0 tcontext=u:r:kernel:s0 tclass=capability permissive=0
11-11 05:19:49.315 0 0 I auditd : type=1400 audit(0.0:2643): avc: denied { kill } for comm="swapper/1" capability=5 scontext=u:r:kernel:s0 tcontext=u:r:kernel:s0 tclass=capability permissive=0
11-11 05:19:49.934 1400 13424 I liblog : 29
11-11 05:19:50.315 0 0 I auditd : type=1400 audit(0.0:2644): avc: denied { kill } for comm="swapper/1" capability=5 scontext=u:r:kernel:s0 tcontext=u:r:kernel:s0 tclass=capability permissive=0
11-11 05:19:51.315 0 0 I auditd : type=1400 audit(0.0:2645): avc: denied { kill } for comm="swapper/1" capability=5 scontext=u:r:kernel:s0 tcontext=u:r:kernel:s0 tclass=capability permissive=0
11-11 05:19:52.315 0 0 I auditd : type=1400 audit(0.0:2646): avc: denied { kill } for comm="swapper/1" capability=5 scontext=u:r:kernel:s0 tcontext=u:r:kernel:s0 tclass=capability permissive=0
11-11 05:19:54.315 0 0 I auditd : type=1400 audit(0.0:2647): avc: denied { kill } for comm="swapper/1" capability=5 scontext=u:r:kernel:s0 tcontext=u:r:kernel:s0 tclass=capability permissive=0
11-11 05:19:55.315 0 0 I auditd : type=1400 audit(0.0:2648): avc: denied { kill } for comm="swapper/3" capability=5 scontext=u:r:kernel:s0 tcontext=u:r:kernel:s0 tclass=capability permissive=0
11-11 05:19:56.315 0 0 I auditd : type=1400 audit(0.0:2649): avc: denied { kill } for comm="swapper/3" capability=5 scontext=u:r:kernel:s0 tcontext=u:r:kernel:s0 tclass=capability permissive=0
11-11 05:19:57.315 0 0 I auditd : type=1400 audit(0.0:2650): avc: denied { kill } for comm="swapper/3" capability=5 scontext=u:r:kernel:s0 tcontext=u:r:kernel:s0 tclass=capability permissive=0
11-11 05:19:57.905 1490 2513 I ntp_failure: [time.android.com,java.net.UnknownHostException: Unable to resolve host "time.android.com": No address associated with hostname]
11-11 05:19:58.315 0 0 I auditd : type=1400 audit(0.0:2651): avc: denied { kill } for comm="swapper/3" capability=5 scontext=u:r:kernel:s0 tcontext=u:r:kernel:s0 tclass=capability permissive=0
11-11 05:19:59.315 0 0 I auditd : type=1400 audit(0.0:2652): avc: denied { kill } for comm="swapper/3" capability=5 scontext=u:r:kernel:s0 tcontext=u:r:kernel:s0 tclass=capability permissive=0
11-11 05:20:00.315 0 0 I auditd : type=1400 audit(0.0:2653): avc: denied { kill } for comm="swapper/3" capability=5 scontext=u:r:kernel:s0 tcontext=u:r:kernel:s0 tclass=capability permissive=0
11-11 05:20:01.315 0 0 I auditd : type=1400 audit(0.0:2654): avc: denied { kill } for comm="swapper/3" capability=5 scontext=u:r:kernel:s0 tcontext=u:r:kernel:s0 tclass=capability permissive=0
11-11 05:20:02.315 0 0 I auditd : type=1400 audit(0.0:2655): avc: denied { kill } for comm="swapper/3" capability=5 scontext=u:r:kernel:s0 tcontext=u:r:kernel:s0 tclass=capability permissive=0
11-11 05:20:03.315 0 0 I auditd : type=1400 audit(0.0:2656): avc: denied { kill } for comm="swapper/3" capability=5 scontext=u:r:kernel:s0 tcontext=u:r:kernel:s0 tclass=capability permissive=0
11-11 05:20:04.088 1490 2281 I netstats_mobile_sample: [0,0,0,0,0,0,0,0,0,0,0,0,1668115204087]
11-11 05:20:04.089 1490 2281 I netstats_wifi_sample: [59497194,72242,19007401,53974,59497194,72242,19007401,53974,62514219,90282,10015705,33541,1668115204087]
11-11 05:20:04.315 0 0 I auditd : type=1400 audit(0.0:2657): avc: denied { kill } for comm="swapper/3" capability=5 scontext=u:r:kernel:s0 tcontext=u:r:kernel:s0 tclass=capability permissive=0
11-11 05:20:05.315 0 0 I auditd : type=1400 audit(0.0:2658): avc: denied { kill } for comm="swapper/3" capability=5 scontext=u:r:kernel:s0 tcontext=u:r:kernel:s0 tclass=capability permissive=0
11-11 05:20:06.289 1490 1992 I input_interaction: Interaction with: 313f9bb com.android.settings/com.android.settings.Settings (server), edge-swipe (server), swipe-up (server), PointerEventDispatcher0 (server),
11-11 05:20:06.310 1490 7448 I wm_task_moved: [1,0,0]
11-11 05:20:06.311 1490 7448 I wm_task_moved: [1,0,8]
11-11 05:20:06.321 2824 2824 I wm_on_restart_called: [85671939,com.android.launcher3.uioverrides.QuickstepLauncher,performRestartActivity]
11-11 05:20:06.355 2824 2824 I wm_on_start_called: [85671939,com.android.launcher3.uioverrides.QuickstepLauncher,handleStartActivity]
11-11 05:20:06.374 11823 11823 I view_enqueue_input_event: [Motion - Cancel,com.android.settings/com.android.settings.Settings]
11-11 05:20:06.375 2824 2824 I sysui_latency: [1,78]
11-11 05:20:06.376 1490 1635 I input_focus: [Focus request recents_animation_input_consumer,reason=UpdateInputWindows]
11-11 05:20:06.377 1490 1992 I input_interaction: Interaction with: edge-swipe (server), swipe-up (server), PointerEventDispatcher0 (server),
11-11 05:20:06.383 1490 1992 I input_focus: [Focus leaving 313f9bb com.android.settings/com.android.settings.Settings (server),reason=NOT_FOCUSABLE]
11-11 05:20:06.383 1490 1992 I input_focus: [Focus entering recents_animation_input_consumer (server),reason=setFocusedWindow]
11-11 05:20:06.386 1490 1630 I sysui_multi_action: [319,19,322,67,325,2025,757,761,758,9,759,5,806,com.android.launcher3,871,com.android.launcher3.uioverrides.QuickstepLauncher,905,0,1320,4,1321,1]
11-11 05:20:06.562 1490 1745 I commit_sys_config_file: [settings-1-0,9]
11-11 05:20:06.679 1490 1641 I sysui_latency: [8,84]
11-11 05:20:07.108 1490 2777 I wm_task_moved: [1,1,9]
11-11 05:20:07.110 1490 2777 I wm_task_moved: [10,1,2147483647]
11-11 05:20:07.110 1490 2777 I wm_task_to_front: [0,10]
11-11 05:20:07.110 1490 2777 I wm_focused_root_task: [0,0,1,103,RecentsAnimation.onAnimationFinished()]
11-11 05:20:07.111 1490 2777 I wm_set_resumed_activity: [0,com.android.launcher3/.uioverrides.QuickstepLauncher,RecentsAnimation.onAnimationFinished()]
11-11 05:20:07.111 11823 11823 I wm_on_top_resumed_lost_called: [150608780,com.android.settings.Settings,topStateChangedWhenResumed]
11-11 05:20:07.112 1490 2777 I wm_pause_activity: [0,150608780,com.android.settings/.Settings,userLeaving=true,pauseBackTasks]
11-11 05:20:07.113 1490 2777 I wm_add_to_stopping: [0,150608780,com.android.settings/.Settings,makeInvisible]
11-11 05:20:07.114 1490 2777 I wm_set_resumed_activity: [0,com.android.launcher3/.uioverrides.QuickstepLauncher,resumeTopActivityInnerLocked]
11-11 05:20:07.115 1490 2777 I wm_resume_activity: [0,85671939,10,com.android.launcher3/.uioverrides.QuickstepLauncher]
11-11 05:20:07.116 2824 2824 I wm_on_resume_called: [85671939,com.android.launcher3.uioverrides.QuickstepLauncher,RESUME_ACTIVITY]
11-11 05:20:07.126 1490 1635 I input_focus: [Focus request 978e85f com.android.launcher3/com.android.launcher3.uioverrides.QuickstepLauncher,reason=UpdateInputWindows]
11-11 05:20:07.127 2824 2824 I wm_on_top_resumed_gained_called: [85671939,com.android.launcher3.uioverrides.QuickstepLauncher,topStateChangedWhenResumed]
11-11 05:20:07.131 11823 11823 I sysui_multi_action: [757,35,758,2,1089,28208]
11-11 05:20:07.131 1490 7448 I wm_stop_activity: [0,150608780,com.android.settings/.Settings]
11-11 05:20:07.133 11823 11823 I sysui_multi_action: [757,103,758,2,1089,28198]
11-11 05:20:07.133 1490 1992 I input_focus: [Focus leaving recents_animation_input_consumer (server),reason=NOT_VISIBLE]
11-11 05:20:07.133 1490 1992 I input_focus: [Focus entering 978e85f com.android.launcher3/com.android.launcher3.uioverrides.QuickstepLauncher (server),reason=setFocusedWindow]
11-11 05:20:07.134 11823 11823 I sysui_multi_action: [757,849,758,2,1089,27934]
11-11 05:20:07.135 11823 11823 I wm_on_paused_called: [150608780,com.android.settings.Settings,performPause]
11-11 05:20:07.152 1490 1634 I sysui_multi_action: [757,803,799,window_time_0,802,28]
11-11 05:20:07.153 1490 1634 I sysui_multi_action: [757,803,799,window_time_0,802,0]
11-11 05:20:07.157 11823 11823 I wm_on_stop_called: [150608780,com.android.settings.Settings,STOP_ACTIVITY_ITEM]
11-11 05:20:07.315 0 0 I auditd : type=1400 audit(0.0:2659): avc: denied { kill } for comm="swapper/3" capability=5 scontext=u:r:kernel:s0 tcontext=u:r:kernel:s0 tclass=capability permissive=0
11-11 05:20:08.315 0 0 I auditd : type=1400 audit(0.0:2660): avc: denied { kill } for comm="swapper/3" capability=5 scontext=u:r:kernel:s0 tcontext=u:r:kernel:s0 tclass=capability permissive=0
11-11 05:20:09.315 0 0 I auditd : type=1400 audit(0.0:2661): avc: denied { kill } for comm="swapper/3" capability=5 scontext=u:r:kernel:s0 tcontext=u:r:kernel:s0 tclass=capability permissive=0
11-11 05:20:10.315 0 0 I auditd : type=1400 audit(0.0:2662): avc: denied { kill } for comm="swapper/3" capability=5 scontext=u:r:kernel:s0 tcontext=u:r:kernel:s0 tclass=capability permissive=0
11-11 05:20:11.315 0 0 I auditd : type=1400 audit(0.0:2663): avc: denied { kill } for comm="swapper/2" capability=5 scontext=u:r:kernel:s0 tcontext=u:r:kernel:s0 tclass=capability permissive=0
11-11 05:20:12.315 0 0 I auditd : type=1400 audit(0.0:2664): avc: denied { kill } for comm="swapper/2" capability=5 scontext=u:r:kernel:s0 tcontext=u:r:kernel:s0 tclass=capability permissive=0
11-11 05:20:13.315 0 0 I auditd : type=1400 audit(0.0:2665): avc: denied { kill } for comm="swapper/2" capability=5 scontext=u:r:kernel:s0 tcontext=u:r:kernel:s0 tclass=capability permissive=0
11-11 05:20:14.315 0 0 I auditd : type=1400 audit(0.0:2666): avc: denied { kill } for comm="swapper/2" capability=5 scontext=u:r:kernel:s0 tcontext=u:r:kernel:s0 tclass=capability permissive=0
11-11 05:20:15.315 0 0 I auditd : type=1400 audit(0.0:2667): avc: denied { kill } for comm="swapper/3" capability=5 scontext=u:r:kernel:s0 tcontext=u:r:kernel:s0 tclass=capability permissive=0
11-11 05:20:16.315 0 0 I auditd : type=1400 audit(0.0:2668): avc: denied { kill } for comm="swapper/3" capability=5 scontext=u:r:kernel:s0 tcontext=u:r:kernel:s0 tclass=capability permissive=0
11-11 05:20:17.315 0 0 I auditd : type=1400 audit(0.0:2669): avc: denied { kill } for comm="swapper/3" capability=5 scontext=u:r:kernel:s0 tcontext=u:r:kernel:s0 tclass=capability permissive=0
11-11 05:20:18.315 0 0 I auditd : type=1400 audit(0.0:2670): avc: denied { kill } for comm="swapper/3" capability=5 scontext=u:r:kernel:s0 tcontext=u:r:kernel:s0 tclass=capability permissive=0
11-11 05:20:19.315 0 0 I auditd : type=1400 audit(0.0:2671): avc: denied { kill } for comm="swapper/3" capability=5 scontext=u:r:kernel:s0 tcontext=u:r:kernel:s0 tclass=capability permissive=0
11-11 05:20:20.315 0 0 I auditd : type=1400 audit(0.0:2672): avc: denied { kill } for comm="swapper/3" capability=5 scontext=u:r:kernel:s0 tcontext=u:r:kernel:s0 tclass=capability permissive=0
11-11 05:20:21.315 0 0 I auditd : type=1400 audit(0.0:2673): avc: denied { kill } for comm="swapper/3" capability=5 scontext=u:r:kernel:s0 tcontext=u:r:kernel:s0 tclass=capability permissive=0
11-11 05:20:22.315 0 0 I auditd : type=1400 audit(0.0:2674): avc: denied { kill } for comm="swapper/0" capability=5 scontext=u:r:kernel:s0 tcontext=u:r:kernel:s0 tclass=capability permissive=0
11-11 05:20:23.315 0 0 I auditd : type=1400 audit(0.0:2675): avc: denied { kill } for comm="swapper/0" capability=5 scontext=u:r:kernel:s0 tcontext=u:r:kernel:s0 tclass=capability permissive=0
11-11 05:20:24.315 0 0 I auditd : type=1400 audit(0.0:2676): avc: denied { kill } for comm="swapper/0" capability=5 scontext=u:r:kernel:s0 tcontext=u:r:kernel:s0 tclass=capability permissive=0
11-11 05:20:25.315 0 0 I auditd : type=1400 audit(0.0:2677): avc: denied { kill } for comm="swapper/0" capability=5 scontext=u:r:kernel:s0 tcontext=u:r:kernel:s0 tclass=capability permissive=0
11-11 05:20:26.315 0 0 I auditd : type=1400 audit(0.0:2678): avc: denied { kill } for comm="swapper/0" capability=5 scontext=u:r:kernel:s0 tcontext=u:r:kernel:s0 tclass=capability permissive=0
11-11 05:20:27.315 0 0 I auditd : type=1400 audit(0.0:2679): avc: denied { kill } for comm="swapper/0" capability=5 scontext=u:r:kernel:s0 tcontext=u:r:kernel:s0 tclass=capability permissive=0
11-11 05:20:28.315 0 0 I auditd : type=1400 audit(0.0:2680): avc: denied { kill } for comm="swapper/0" capability=5 scontext=u:r:kernel:s0 tcontext=u:r:kernel:s0 tclass=capability permissive=0
11-11 05:20:29.315 0 0 I auditd : type=1400 audit(0.0:2681): avc: denied { kill } for comm="swapper/0" capability=5 scontext=u:r:kernel:s0 tcontext=u:r:kernel:s0 tclass=capability permissive=0
