11-11 05:01:48.517 2356 2356 I sysui_multi_action: [757,111,758,2]
11-11 05:01:48.517 1490 1490 I notification_enqueue: [10082,2356,com.android.systemui,2048,NULL,0,Notification(channel=updateNotification shortcut=null contentView=null vibrate=null sound=null defaults=0x0 flags=0x0 color=0x00000000 vis=PRIVATE),1]
11-11 05:01:48.521 2356 2356 I sysui_multi_action: [757,111,758,1]
11-11 05:01:48.521 2356 2356 I sysui_multi_action: [757,126,758,1,759,126,927,0,928,1,1593,0]
11-11 05:01:48.521 2356 2356 I sysui_multi_action: [757,113,758,1,759,113,927,1,928,1,1593,0]
11-11 05:01:48.521 2356 2356 I sysui_multi_action: [757,0,758,1,759,0,927,2,928,0,1593,0]
11-11 05:01:48.521 2356 2356 I sysui_multi_action: [757,0,758,1,759,0,927,3,928,0,1593,0]
11-11 05:01:48.522 2356 2356 I sysui_multi_action: [757,491,758,1,759,491,927,4,928,0,1311,-1,1593,0]
11-11 05:01:48.522 2356 2356 I sysui_multi_action: [757,0,758,1,759,0,927,5,928,0,1593,0]
11-11 05:01:48.522 2356 2356 I sysui_multi_action: [757,111,758,1]
11-11 05:01:48.522 2356 2356 I sysui_multi_action: [757,126,758,1,759,126,927,0,928,1,1593,0]
11-11 05:01:48.522 2356 2356 I sysui_multi_action: [757,113,758,1,759,113,927,1,928,1,1593,0]
11-11 05:01:48.522 2356 2356 I sysui_multi_action: [757,0,758,1,759,0,927,2,928,0,1593,0]
11-11 05:01:48.522 2356 2356 I sysui_multi_action: [757,0,758,1,759,0,927,3,928,0,1593,0]
11-11 05:01:48.537 1490 1490 I notification_enqueue: [10082,2356,com.android.systemui,2048,NULL,0,Notification(channel=updateNotification shortcut=null contentView=null vibrate=null sound=null defaults=0x0 flags=0x0 color=0x00000000 vis=PRIVATE),1]
11-11 05:01:48.537 2356 2356 I sysui_multi_action: [757,111,758,2]
11-11 05:01:48.537 2356 2356 I sysui_multi_action: [757,111,758,2]
11-11 05:01:48.541 2356 2356 I sysui_multi_action: [757,111,758,1]
11-11 05:01:48.542 2356 2356 I sysui_multi_action: [757,126,758,1,759,126,927,0,928,1,1593,0]
11-11 05:01:48.542 2356 2356 I sysui_multi_action: [757,113,758,1,759,113,927,1,928,1,1593,0]
11-11 05:01:48.542 2356 2356 I sysui_multi_action: [757,0,758,1,759,0,927,2,928,0,1593,0]
11-11 05:01:48.542 2356 2356 I sysui_multi_action: [757,0,758,1,759,0,927,3,928,0,1593,0]
11-11 05:01:48.542 2356 2356 I sysui_multi_action: [757,491,758,1,759,491,927,4,928,0,1311,-1,1593,0]
11-11 05:01:48.542 2356 2356 I sysui_multi_action: [757,0,758,1,759,0,927,5,928,0,1593,0]
11-11 05:01:48.542 2356 2356 I sysui_multi_action: [757,111,758,1]
11-11 05:01:48.542 2356 2356 I sysui_multi_action: [757,126,758,1,759,126,927,0,928,1,1593,0]
11-11 05:01:48.542 2356 2356 I sysui_multi_action: [757,113,758,1,759,113,927,1,928,1,1593,0]
11-11 05:01:48.542 2356 2356 I sysui_multi_action: [757,0,758,1,759,0,927,2,928,0,1593,0]
11-11 05:01:48.542 2356 2356 I sysui_multi_action: [757,0,758,1,759,0,927,3,928,0,1593,0]
11-11 05:01:48.834 1490 6835 I sysui_multi_action: [757,128,758,1,793,598502,794,0,795,598502,796,26,798,0,806,android,857,DEVELOPER_IMPORTANT,858,4,947,0,1395,2,1500,598299,1688,1]
11-11 05:01:48.834 1490 6835 I sysui_multi_action: [757,804,799,note_freshness,801,598502,802,1]
11-11 05:01:48.834 1490 6835 I notification_visibility: [-1|android|26|null|1000,1,598502,598502,0,0]
11-11 05:01:48.835 1490 6835 I sysui_multi_action: [757,128,758,1,793,902302,794,0,795,902302,796,32,798,1,806,android,857,USB,858,1,947,0,1395,2,1500,902081,1688,1]
11-11 05:01:48.835 1490 6835 I sysui_multi_action: [757,804,799,note_freshness,801,902302,802,1]
11-11 05:01:48.835 1490 6835 I notification_visibility: [-1|android|32|null|1000,1,902302,902302,0,1]
11-11 05:01:50.279 1490 2513 I ntp_failure: [time.android.com,java.net.UnknownHostException: Unable to resolve host "time.android.com": No address associated with hostname]
11-11 05:01:50.315 0 0 I auditd : type=1400 audit(0.0:1414): avc: denied { kill } for comm="swapper/3" capability=5 scontext=u:r:kernel:s0 tcontext=u:r:kernel:s0 tclass=capability permissive=0
11-11 05:01:50.705 1490 1772 I am_freeze: [3395,android.process.media]
11-11 05:01:50.707 1490 1772 I am_kill : [0,3395,android.process.media,955,Unable to freeze binder interface]
11-11 05:01:50.748 1490 6835 I am_proc_died: [0,3395,android.process.media,955,19]
11-11 05:01:50.750 1490 6835 I am_uid_stopped: 10018
11-11 05:01:50.912 1490 1992 I input_interaction: Interaction with: 374215a NotificationShade (server), edge-swipe (server), swipe-up (server), PointerEventDispatcher0 (server),
11-11 05:01:51.315 0 0 I auditd : type=1400 audit(0.0:1415): avc: denied { kill } for comm="swapper/3" capability=5 scontext=u:r:kernel:s0 tcontext=u:r:kernel:s0 tclass=capability permissive=0
11-11 05:01:51.410 1490 7448 I volume_changed: [3,19,39,39,com.android.systemui]
11-11 05:01:51.415 2356 2771 I sysui_multi_action: [757,210,758,4,759,3]
11-11 05:01:52.135 1490 1745 I commit_sys_config_file: [settings-1-0,6]
11-11 05:01:52.315 0 0 I auditd : type=1400 audit(0.0:1416): avc: denied { kill } for comm="swapper/3" capability=5 scontext=u:r:kernel:s0 tcontext=u:r:kernel:s0 tclass=capability permissive=0
11-11 05:01:52.846 1490 6835 I volume_changed: [3,39,16,39,com.android.systemui]
11-11 05:01:53.315 0 0 I auditd : type=1400 audit(0.0:1417): avc: denied { kill } for comm="swapper/3" capability=5 scontext=u:r:kernel:s0 tcontext=u:r:kernel:s0 tclass=capability permissive=0
11-11 05:01:53.566 1490 1745 I commit_sys_config_file: [settings-1-0,8]
11-11 05:01:54.184 1490 1490 I notification_enqueue: [10082,2356,com.android.systemui,2048,NULL,0,Notification(channel=updateNotification shortcut=null contentView=null vibrate=null sound=null defaults=0x0 flags=0x0 color=0x00000000 vis=PRIVATE),1]
11-11 05:01:54.185 2356 2356 I sysui_multi_action: [757,111,758,2]
11-11 05:01:54.185 2356 2356 I sysui_multi_action: [757,111,758,2]
11-11 05:01:54.202 2356 2356 I sysui_multi_action: [757,111,758,1]
11-11 05:01:54.203 2356 2356 I sysui_multi_action: [757,126,758,1,759,126,927,0,928,1,1593,0]
11-11 05:01:54.203 2356 2356 I sysui_multi_action: [757,113,758,1,759,113,927,1,928,1,1593,0]
11-11 05:01:54.203 2356 2356 I sysui_multi_action: [757,0,758,1,759,0,927,2,928,0,1593,0]
11-11 05:01:54.203 2356 2356 I sysui_multi_action: [757,0,758,1,759,0,927,3,928,0,1593,0]
11-11 05:01:54.204 2356 2356 I sysui_multi_action: [757,491,758,1,759,491,927,4,928,0,1311,-1,1593,0]
11-11 05:01:54.204 2356 2356 I sysui_multi_action: [757,0,758,1,759,0,927,5,928,0,1593,0]
11-11 05:01:54.204 2356 2356 I sysui_multi_action: [757,111,758,1]
11-11 05:01:54.204 2356 2356 I sysui_multi_action: [757,126,758,1,759,126,927,0,928,1,1593,1]
11-11 05:01:54.204 2356 2356 I sysui_multi_action: [757,113,758,1,759,113,927,1,928,1,1593,1]
11-11 05:01:54.204 2356 2356 I sysui_multi_action: [757,0,758,1,759,0,927,2,928,0,1593,1]
11-11 05:01:54.204 2356 2356 I sysui_multi_action: [757,0,758,1,759,0,927,3,928,0,1593,1]
11-11 05:01:54.229 1490 1490 I notification_enqueue: [10082,2356,com.android.systemui,2048,NULL,0,Notification(channel=updateNotification shortcut=null contentView=null vibrate=null sound=null defaults=0x0 flags=0x0 color=0x00000000 vis=PRIVATE),1]
11-11 05:01:54.229 2356 2356 I sysui_multi_action: [757,111,758,2]
11-11 05:01:54.230 2356 2356 I sysui_multi_action: [757,111,758,2]
11-11 05:01:54.239 2356 2356 I sysui_multi_action: [757,111,758,1]
11-11 05:01:54.239 2356 2356 I sysui_multi_action: [757,126,758,1,759,126,927,0,928,1,1593,1]
11-11 05:01:54.239 2356 2356 I sysui_multi_action: [757,113,758,1,759,113,927,1,928,1,1593,1]
11-11 05:01:54.239 2356 2356 I sysui_multi_action: [757,0,758,1,759,0,927,2,928,0,1593,1]
11-11 05:01:54.239 2356 2356 I sysui_multi_action: [757,0,758,1,759,0,927,3,928,0,1593,1]
11-11 05:01:54.239 2356 2356 I sysui_multi_action: [757,491,758,1,759,491,927,4,928,0,1311,-1,1593,0]
11-11 05:01:54.240 2356 2356 I sysui_multi_action: [757,0,758,1,759,0,927,5,928,0,1593,0]
11-11 05:01:54.240 2356 2356 I sysui_multi_action: [757,111,758,1]
11-11 05:01:54.240 2356 2356 I sysui_multi_action: [757,126,758,1,759,126,927,0,928,1,1593,1]
11-11 05:01:54.240 2356 2356 I sysui_multi_action: [757,113,758,1,759,113,927,1,928,1,1593,1]
11-11 05:01:54.240 2356 2356 I sysui_multi_action: [757,0,758,1,759,0,927,2,928,0,1593,1]
11-11 05:01:54.240 2356 2356 I sysui_multi_action: [757,0,758,1,759,0,927,3,928,0,1593,1]
11-11 05:01:54.261 1490 1490 I notification_enqueue: [10082,2356,com.android.systemui,2048,NULL,0,Notification(channel=updateNotification shortcut=null contentView=null vibrate=null sound=null defaults=0x0 flags=0x0 color=0x00000000 vis=PRIVATE),1]
11-11 05:01:54.261 2356 2356 I sysui_multi_action: [757,111,758,2]
11-11 05:01:54.261 2356 2356 I sysui_multi_action: [757,111,758,2]
11-11 05:01:54.268 2356 2356 I sysui_multi_action: [757,111,758,1]
11-11 05:01:54.268 2356 2356 I sysui_multi_action: [757,126,758,1,759,126,927,0,928,1,1593,1]
11-11 05:01:54.268 2356 2356 I sysui_multi_action: [757,113,758,1,759,113,927,1,928,1,1593,1]
11-11 05:01:54.268 2356 2356 I sysui_multi_action: [757,0,758,1,759,0,927,2,928,0,1593,1]
11-11 05:01:54.268 2356 2356 I sysui_multi_action: [757,0,758,1,759,0,927,3,928,0,1593,1]
11-11 05:01:54.269 2356 2356 I sysui_multi_action: [757,491,758,1,759,491,927,4,928,0,1311,-1,1593,0]
11-11 05:01:54.269 2356 2356 I sysui_multi_action: [757,0,758,1,759,0,927,5,928,0,1593,0]
11-11 05:01:54.269 2356 2356 I sysui_multi_action: [757,111,758,1]
11-11 05:01:54.269 2356 2356 I sysui_multi_action: [757,126,758,1,759,126,927,0,928,1,1593,1]
11-11 05:01:54.269 2356 2356 I sysui_multi_action: [757,113,758,1,759,113,927,1,928,1,1593,1]
11-11 05:01:54.269 2356 2356 I sysui_multi_action: [757,0,758,1,759,0,927,2,928,0,1593,1]
11-11 05:01:54.269 2356 2356 I sysui_multi_action: [757,0,758,1,759,0,927,3,928,0,1593,1]
11-11 05:01:54.285 1490 1490 I notification_enqueue: [10082,2356,com.android.systemui,2048,NULL,0,Notification(channel=updateNotification shortcut=null contentView=null vibrate=null sound=null defaults=0x0 flags=0x0 color=0x00000000 vis=PRIVATE),1]
11-11 05:01:54.285 2356 2356 I sysui_multi_action: [757,111,758,2]
11-11 05:01:54.285 2356 2356 I sysui_multi_action: [757,111,758,2]
11-11 05:01:54.290 2356 2356 I sysui_multi_action: [757,111,758,1]
11-11 05:01:54.290 2356 2356 I sysui_multi_action: [757,126,758,1,759,126,927,0,928,1,1593,0]
11-11 05:01:54.290 2356 2356 I sysui_multi_action: [757,113,758,1,759,113,927,1,928,1,1593,0]
11-11 05:01:54.290 2356 2356 I sysui_multi_action: [757,0,758,1,759,0,927,2,928,0,1593,1]
11-11 05:01:54.291 2356 2356 I sysui_multi_action: [757,0,758,1,759,0,927,3,928,0,1593,1]
11-11 05:01:54.291 2356 2356 I sysui_multi_action: [757,491,758,1,759,491,927,4,928,0,1311,-1,1593,0]
11-11 05:01:54.291 2356 2356 I sysui_multi_action: [757,0,758,1,759,0,927,5,928,0,1593,0]
11-11 05:01:54.291 2356 2356 I sysui_multi_action: [757,111,758,1]
11-11 05:01:54.291 2356 2356 I sysui_multi_action: [757,126,758,1,759,126,927,0,928,1,1593,1]
11-11 05:01:54.291 2356 2356 I sysui_multi_action: [757,113,758,1,759,113,927,1,928,1,1593,1]
11-11 05:01:54.291 2356 2356 I sysui_multi_action: [757,0,758,1,759,0,927,2,928,0,1593,1]
11-11 05:01:54.291 2356 2356 I sysui_multi_action: [757,0,758,1,759,0,927,3,928,0,1593,1]
11-11 05:01:54.315 1490 1490 I notification_enqueue: [10082,2356,com.android.systemui,2048,NULL,0,Notification(channel=updateNotification shortcut=null contentView=null vibrate=null sound=null defaults=0x0 flags=0x0 color=0x00000000 vis=PRIVATE),1]
11-11 05:01:54.315 2356 2356 I sysui_multi_action: [757,111,758,2]
11-11 05:01:54.315 2356 2356 I sysui_multi_action: [757,111,758,2]
11-11 05:01:54.315 0 0 I auditd : type=1400 audit(0.0:1418): avc: denied { kill } for comm="swapper/3" capability=5 scontext=u:r:kernel:s0 tcontext=u:r:kernel:s0 tclass=capability permissive=0
11-11 05:01:54.320 2356 2356 I sysui_multi_action: [757,111,758,1]
11-11 05:01:54.320 2356 2356 I sysui_multi_action: [757,126,758,1,759,126,927,0,928,1,1593,1]
11-11 05:01:54.320 2356 2356 I sysui_multi_action: [757,113,758,1,759,113,927,1,928,1,1593,1]
11-11 05:01:54.320 2356 2356 I sysui_multi_action: [757,0,758,1,759,0,927,2,928,0,1593,1]
11-11 05:01:54.320 2356 2356 I sysui_multi_action: [757,0,758,1,759,0,927,3,928,0,1593,1]
11-11 05:01:54.320 2356 2356 I sysui_multi_action: [757,491,758,1,759,491,927,4,928,0,1311,-1,1593,0]
11-11 05:01:54.321 2356 2356 I sysui_multi_action: [757,0,758,1,759,0,927,5,928,0,1593,0]
11-11 05:01:54.321 2356 2356 I sysui_multi_action: [757,111,758,1]
11-11 05:01:54.321 2356 2356 I sysui_multi_action: [757,126,758,1,759,126,927,0,928,1,1593,1]
11-11 05:01:54.321 2356 2356 I sysui_multi_action: [757,113,758,1,759,113,927,1,928,1,1593,1]
11-11 05:01:54.321 2356 2356 I sysui_multi_action: [757,0,758,1,759,0,927,2,928,0,1593,1]
11-11 05:01:54.321 2356 2356 I sysui_multi_action: [757,0,758,1,759,0,927,3,928,0,1593,1]
11-11 05:01:54.332 2356 2356 I sysui_multi_action: [757,111,758,2]
11-11 05:01:54.332 2356 2356 I sysui_multi_action: [757,111,758,2]
11-11 05:01:54.332 1490 1490 I notification_enqueue: [10082,2356,com.android.systemui,2048,NULL,0,Notification(channel=updateNotification shortcut=null contentView=null vibrate=null sound=null defaults=0x0 flags=0x0 color=0x00000000 vis=PRIVATE),1]
11-11 05:01:54.337 2356 2356 I sysui_multi_action: [757,111,758,1]
11-11 05:01:54.337 2356 2356 I sysui_multi_action: [757,126,758,1,759,126,927,0,928,1,1593,0]
11-11 05:01:54.337 2356 2356 I sysui_multi_action: [757,113,758,1,759,113,927,1,928,1,1593,0]
11-11 05:01:54.337 2356 2356 I sysui_multi_action: [757,0,758,1,759,0,927,2,928,0,1593,0]
11-11 05:01:54.337 2356 2356 I sysui_multi_action: [757,0,758,1,759,0,927,3,928,0,1593,0]
11-11 05:01:54.337 2356 2356 I sysui_multi_action: [757,491,758,1,759,491,927,4,928,0,1311,-1,1593,0]
11-11 05:01:54.337 2356 2356 I sysui_multi_action: [757,0,758,1,759,0,927,5,928,0,1593,0]
11-11 05:01:54.337 2356 2356 I sysui_multi_action: [757,111,758,1]
11-11 05:01:54.337 2356 2356 I sysui_multi_action: [757,126,758,1,759,126,927,0,928,1,1593,0]
11-11 05:01:54.337 2356 2356 I sysui_multi_action: [757,113,758,1,759,113,927,1,928,1,1593,0]
11-11 05:01:54.337 2356 2356 I sysui_multi_action: [757,0,758,1,759,0,927,2,928,0,1593,0]
11-11 05:01:54.337 2356 2356 I sysui_multi_action: [757,0,758,1,759,0,927,3,928,0,1593,0]
11-11 05:01:54.351 2356 2356 I sysui_multi_action: [757,111,758,2]
11-11 05:01:54.351 1490 1490 I notification_enqueue: [10082,2356,com.android.systemui,2048,NULL,0,Notification(channel=updateNotification shortcut=null contentView=null vibrate=null sound=null defaults=0x0 flags=0x0 color=0x00000000 vis=PRIVATE),1]
11-11 05:01:54.351 2356 2356 I sysui_multi_action: [757,111,758,2]
11-11 05:01:54.356 2356 2356 I sysui_multi_action: [757,111,758,1]
11-11 05:01:54.356 2356 2356 I sysui_multi_action: [757,126,758,1,759,126,927,0,928,1,1593,1]
11-11 05:01:54.356 2356 2356 I sysui_multi_action: [757,113,758,1,759,113,927,1,928,1,1593,1]
11-11 05:01:54.356 2356 2356 I sysui_multi_action: [757,0,758,1,759,0,927,2,928,0,1593,1]
11-11 05:01:54.356 2356 2356 I sysui_multi_action: [757,0,758,1,759,0,927,3,928,0,1593,1]
11-11 05:01:54.356 2356 2356 I sysui_multi_action: [757,491,758,1,759,491,927,4,928,0,1311,-1,1593,0]
11-11 05:01:54.356 2356 2356 I sysui_multi_action: [757,0,758,1,759,0,927,5,928,0,1593,0]
11-11 05:01:54.356 2356 2356 I sysui_multi_action: [757,111,758,1]
11-11 05:01:54.356 2356 2356 I sysui_multi_action: [757,126,758,1,759,126,927,0,928,1,1593,1]
11-11 05:01:54.356 2356 2356 I sysui_multi_action: [757,113,758,1,759,113,927,1,928,1,1593,1]
11-11 05:01:54.356 2356 2356 I sysui_multi_action: [757,0,758,1,759,0,927,2,928,0,1593,1]
11-11 05:01:54.356 2356 2356 I sysui_multi_action: [757,0,758,1,759,0,927,3,928,0,1593,1]
11-11 05:01:54.372 2356 2356 I sysui_multi_action: [757,111,758,2]
11-11 05:01:54.372 1490 1490 I notification_enqueue: [10082,2356,com.android.systemui,2048,NULL,0,Notification(channel=updateNotification shortcut=null contentView=null vibrate=null sound=null defaults=0x0 flags=0x0 color=0x00000000 vis=PRIVATE),1]
11-11 05:01:54.372 2356 2356 I sysui_multi_action: [757,111,758,2]
11-11 05:01:54.376 2356 2356 I sysui_multi_action: [757,111,758,1]
11-11 05:01:54.377 2356 2356 I sysui_multi_action: [757,126,758,1,759,126,927,0,928,1,1593,1]
11-11 05:01:54.377 2356 2356 I sysui_multi_action: [757,113,758,1,759,113,927,1,928,1,1593,1]
11-11 05:01:54.377 2356 2356 I sysui_multi_action: [757,0,758,1,759,0,927,2,928,0,1593,1]
11-11 05:01:54.377 2356 2356 I sysui_multi_action: [757,0,758,1,759,0,927,3,928,0,1593,1]
11-11 05:01:54.377 2356 2356 I sysui_multi_action: [757,491,758,1,759,491,927,4,928,0,1311,-1,1593,0]
11-11 05:01:54.377 2356 2356 I sysui_multi_action: [757,0,758,1,759,0,927,5,928,0,1593,0]
11-11 05:01:54.377 2356 2356 I sysui_multi_action: [757,111,758,1]
11-11 05:01:54.377 2356 2356 I sysui_multi_action: [757,126,758,1,759,126,927,0,928,1,1593,1]
11-11 05:01:54.377 2356 2356 I sysui_multi_action: [757,113,758,1,759,113,927,1,928,1,1593,1]
11-11 05:01:54.377 2356 2356 I sysui_multi_action: [757,0,758,1,759,0,927,2,928,0,1593,1]
11-11 05:01:54.377 2356 2356 I sysui_multi_action: [757,0,758,1,759,0,927,3,928,0,1593,1]
11-11 05:01:54.389 2356 2356 I sysui_multi_action: [757,111,758,2]
11-11 05:01:54.389 1490 1490 I notification_enqueue: [10082,2356,com.android.systemui,2048,NULL,0,Notification(channel=updateNotification shortcut=null contentView=null vibrate=null sound=null defaults=0x0 flags=0x0 color=0x00000000 vis=PRIVATE),1]
11-11 05:01:54.389 2356 2356 I sysui_multi_action: [757,111,758,2]
11-11 05:01:54.393 2356 2356 I sysui_multi_action: [757,111,758,1]
11-11 05:01:54.394 2356 2356 I sysui_multi_action: [757,126,758,1,759,126,927,0,928,1,1593,0]
11-11 05:01:54.394 2356 2356 I sysui_multi_action: [757,113,758,1,759,113,927,1,928,1,1593,0]
11-11 05:01:54.394 2356 2356 I sysui_multi_action: [757,0,758,1,759,0,927,2,928,0,1593,0]
11-11 05:01:54.394 2356 2356 I sysui_multi_action: [757,0,758,1,759,0,927,3,928,0,1593,0]
11-11 05:01:54.394 2356 2356 I sysui_multi_action: [757,491,758,1,759,491,927,4,928,0,1311,-1,1593,1]
11-11 05:01:54.394 2356 2356 I sysui_multi_action: [757,0,758,1,759,0,927,5,928,0,1593,1]
11-11 05:01:54.394 2356 2356 I sysui_multi_action: [757,111,758,1]
11-11 05:01:54.394 2356 2356 I sysui_multi_action: [757,126,758,1,759,126,927,0,928,1,1593,0]
11-11 05:01:54.394 2356 2356 I sysui_multi_action: [757,113,758,1,759,113,927,1,928,1,1593,0]
11-11 05:01:54.394 2356 2356 I sysui_multi_action: [757,0,758,1,759,0,927,2,928,0,1593,0]
11-11 05:01:54.394 2356 2356 I sysui_multi_action: [757,0,758,1,759,0,927,3,928,0,1593,0]
11-11 05:01:54.408 2356 2356 I sysui_multi_action: [757,111,758,2]
11-11 05:01:54.408 2356 2356 I sysui_multi_action: [757,111,758,2]
11-11 05:01:54.409 1490 1490 I notification_enqueue: [10082,2356,com.android.systemui,2048,NULL,0,Notification(channel=updateNotification shortcut=null contentView=null vibrate=null sound=null defaults=0x0 flags=0x0 color=0x00000000 vis=PRIVATE),1]
11-11 05:01:54.413 2356 2356 I sysui_multi_action: [757,111,758,1]
11-11 05:01:54.413 2356 2356 I sysui_multi_action: [757,126,758,1,759,126,927,0,928,1,1593,0]
11-11 05:01:54.413 2356 2356 I sysui_multi_action: [757,113,758,1,759,113,927,1,928,1,1593,0]
11-11 05:01:54.413 2356 2356 I sysui_multi_action: [757,0,758,1,759,0,927,2,928,0,1593,0]
11-11 05:01:54.413 2356 2356 I sysui_multi_action: [757,0,758,1,759,0,927,3,928,0,1593,0]
11-11 05:01:54.413 2356 2356 I sysui_multi_action: [757,491,758,1,759,491,927,4,928,0,1311,-1,1593,1]
11-11 05:01:54.413 2356 2356 I sysui_multi_action: [757,0,758,1,759,0,927,5,928,0,1593,1]
11-11 05:01:54.413 2356 2356 I sysui_multi_action: [757,111,758,1]
11-11 05:01:54.414 2356 2356 I sysui_multi_action: [757,126,758,1,759,126,927,0,928,1,1593,0]
11-11 05:01:54.414 2356 2356 I sysui_multi_action: [757,113,758,1,759,113,927,1,928,1,1593,0]
11-11 05:01:54.414 2356 2356 I sysui_multi_action: [757,0,758,1,759,0,927,2,928,0,1593,0]
11-11 05:01:54.414 2356 2356 I sysui_multi_action: [757,0,758,1,759,0,927,3,928,0,1593,0]
11-11 05:01:54.431 2356 2356 I sysui_multi_action: [757,111,758,2]
11-11 05:01:54.431 2356 2356 I sysui_multi_action: [757,111,758,2]
11-11 05:01:54.433 1490 1490 I notification_enqueue: [10082,2356,com.android.systemui,2048,NULL,0,Notification(channel=updateNotification shortcut=null contentView=null vibrate=null sound=null defaults=0x0 flags=0x0 color=0x00000000 vis=PRIVATE),1]
11-11 05:01:54.436 2356 2356 I sysui_multi_action: [757,111,758,1]
11-11 05:01:54.436 2356 2356 I sysui_multi_action: [757,126,758,1,759,126,927,0,928,1,1593,1]
11-11 05:01:54.436 2356 2356 I sysui_multi_action: [757,113,758,1,759,113,927,1,928,1,1593,1]
11-11 05:01:54.436 2356 2356 I sysui_multi_action: [757,0,758,1,759,0,927,2,928,0,1593,1]
11-11 05:01:54.436 2356 2356 I sysui_multi_action: [757,0,758,1,759,0,927,3,928,0,1593,1]
11-11 05:01:54.436 2356 2356 I sysui_multi_action: [757,491,758,1,759,491,927,4,928,0,1311,-1,1593,0]
11-11 05:01:54.436 2356 2356 I sysui_multi_action: [757,0,758,1,759,0,927,5,928,0,1593,0]
11-11 05:01:54.436 2356 2356 I sysui_multi_action: [757,111,758,1]
11-11 05:01:54.436 2356 2356 I sysui_multi_action: [757,126,758,1,759,126,927,0,928,1,1593,1]
11-11 05:01:54.437 2356 2356 I sysui_multi_action: [757,113,758,1,759,113,927,1,928,1,1593,1]
11-11 05:01:54.437 2356 2356 I sysui_multi_action: [757,0,758,1,759,0,927,2,928,0,1593,1]
11-11 05:01:54.437 2356 2356 I sysui_multi_action: [757,0,758,1,759,0,927,3,928,0,1593,1]
11-11 05:01:54.450 2356 2356 I sysui_multi_action: [757,111,758,2]
11-11 05:01:54.450 2356 2356 I sysui_multi_action: [757,111,758,2]
11-11 05:01:54.450 1490 1490 I notification_enqueue: [10082,2356,com.android.systemui,2048,NULL,0,Notification(channel=updateNotification shortcut=null contentView=null vibrate=null sound=null defaults=0x0 flags=0x0 color=0x00000000 vis=PRIVATE),1]
11-11 05:01:54.454 2356 2356 I sysui_multi_action: [757,111,758,1]
11-11 05:01:54.454 2356 2356 I sysui_multi_action: [757,126,758,1,759,126,927,0,928,1,1593,0]
11-11 05:01:54.454 2356 2356 I sysui_multi_action: [757,113,758,1,759,113,927,1,928,1,1593,0]
11-11 05:01:54.454 2356 2356 I sysui_multi_action: [757,0,758,1,759,0,927,2,928,0,1593,0]
11-11 05:01:54.455 2356 2356 I sysui_multi_action: [757,0,758,1,759,0,927,3,928,0,1593,0]
11-11 05:01:54.455 2356 2356 I sysui_multi_action: [757,491,758,1,759,491,927,4,928,0,1311,-1,1593,0]
11-11 05:01:54.455 2356 2356 I sysui_multi_action: [757,0,758,1,759,0,927,5,928,0,1593,0]
11-11 05:01:54.455 2356 2356 I sysui_multi_action: [757,111,758,1]
11-11 05:01:54.455 2356 2356 I sysui_multi_action: [757,126,758,1,759,126,927,0,928,1,1593,0]
11-11 05:01:54.455 2356 2356 I sysui_multi_action: [757,113,758,1,759,113,927,1,928,1,1593,0]
11-11 05:01:54.455 2356 2356 I sysui_multi_action: [757,0,758,1,759,0,927,2,928,0,1593,0]
11-11 05:01:54.455 2356 2356 I sysui_multi_action: [757,0,758,1,759,0,927,3,928,0,1593,0]
11-11 05:01:54.470 2356 2356 I sysui_multi_action: [757,111,758,2]
11-11 05:01:54.470 1490 1490 I notification_enqueue: [10082,2356,com.android.systemui,2048,NULL,0,Notification(channel=updateNotification shortcut=null contentView=null vibrate=null sound=null defaults=0x0 flags=0x0 color=0x00000000 vis=PRIVATE),1]
11-11 05:01:54.470 2356 2356 I sysui_multi_action: [757,111,758,2]
11-11 05:01:54.474 2356 2356 I sysui_multi_action: [757,111,758,1]
11-11 05:01:54.475 2356 2356 I sysui_multi_action: [757,126,758,1,759,126,927,0,928,1,1593,0]
11-11 05:01:54.475 2356 2356 I sysui_multi_action: [757,113,758,1,759,113,927,1,928,1,1593,0]
11-11 05:01:54.475 2356 2356 I sysui_multi_action: [757,0,758,1,759,0,927,2,928,0,1593,0]
11-11 05:01:54.475 2356 2356 I sysui_multi_action: [757,0,758,1,759,0,927,3,928,0,1593,0]
11-11 05:01:54.475 2356 2356 I sysui_multi_action: [757,491,758,1,759,491,927,4,928,0,1311,-1,1593,0]
11-11 05:01:54.475 2356 2356 I sysui_multi_action: [757,0,758,1,759,0,927,5,928,0,1593,0]
11-11 05:01:54.475 2356 2356 I sysui_multi_action: [757,111,758,1]
11-11 05:01:54.475 2356 2356 I sysui_multi_action: [757,126,758,1,759,126,927,0,928,1,1593,1]
11-11 05:01:54.475 2356 2356 I sysui_multi_action: [757,113,758,1,759,113,927,1,928,1,1593,1]
11-11 05:01:54.475 2356 2356 I sysui_multi_action: [757,0,758,1,759,0,927,2,928,0,1593,1]
11-11 05:01:54.475 2356 2356 I sysui_multi_action: [757,0,758,1,759,0,927,3,928,0,1593,1]
11-11 05:01:54.490 2356 2356 I sysui_multi_action: [757,111,758,2]
11-11 05:01:54.490 1490 1490 I notification_enqueue: [10082,2356,com.android.systemui,2048,NULL,0,Notification(channel=updateNotification shortcut=null contentView=null vibrate=null sound=null defaults=0x0 flags=0x0 color=0x00000000 vis=PRIVATE),1]
11-11 05:01:54.490 2356 2356 I sysui_multi_action: [757,111,758,2]
11-11 05:01:54.494 2356 2356 I sysui_multi_action: [757,111,758,1]
11-11 05:01:54.494 2356 2356 I sysui_multi_action: [757,126,758,1,759,126,927,0,928,1,1593,0]
11-11 05:01:54.494 2356 2356 I sysui_multi_action: [757,113,758,1,759,113,927,1,928,1,1593,0]
11-11 05:01:54.494 2356 2356 I sysui_multi_action: [757,0,758,1,759,0,927,2,928,0,1593,0]
11-11 05:01:54.495 2356 2356 I sysui_multi_action: [757,0,758,1,759,0,927,3,928,0,1593,0]
11-11 05:01:54.495 2356 2356 I sysui_multi_action: [757,491,758,1,759,491,927,4,928,0,1311,-1,1593,0]
11-11 05:01:54.495 2356 2356 I sysui_multi_action: [757,0,758,1,759,0,927,5,928,0,1593,0]
11-11 05:01:54.495 2356 2356 I sysui_multi_action: [757,111,758,1]
11-11 05:01:54.495 2356 2356 I sysui_multi_action: [757,126,758,1,759,126,927,0,928,1,1593,1]
11-11 05:01:54.495 2356 2356 I sysui_multi_action: [757,113,758,1,759,113,927,1,928,1,1593,1]
11-11 05:01:54.495 2356 2356 I sysui_multi_action: [757,0,758,1,759,0,927,2,928,0,1593,1]
11-11 05:01:54.495 2356 2356 I sysui_multi_action: [757,0,758,1,759,0,927,3,928,0,1593,1]
11-11 05:01:54.509 1490 1490 I notification_enqueue: [10082,2356,com.android.systemui,2048,NULL,0,Notification(channel=updateNotification shortcut=null contentView=null vibrate=null sound=null defaults=0x0 flags=0x0 color=0x00000000 vis=PRIVATE),1]
11-11 05:01:54.509 2356 2356 I sysui_multi_action: [757,111,758,2]
11-11 05:01:54.509 2356 2356 I sysui_multi_action: [757,111,758,2]
11-11 05:01:54.522 2356 2356 I sysui_multi_action: [757,111,758,1]
11-11 05:01:54.523 2356 2356 I sysui_multi_action: [757,126,758,1,759,126,927,0,928,1,1593,1]
11-11 05:01:54.523 2356 2356 I sysui_multi_action: [757,113,758,1,759,113,927,1,928,1,1593,1]
11-11 05:01:54.523 2356 2356 I sysui_multi_action: [757,0,758,1,759,0,927,2,928,0,1593,1]
11-11 05:01:54.523 2356 2356 I sysui_multi_action: [757,0,758,1,759,0,927,3,928,0,1593,1]
11-11 05:01:54.523 2356 2356 I sysui_multi_action: [757,491,758,1,759,491,927,4,928,0,1311,-1,1593,0]
11-11 05:01:54.523 2356 2356 I sysui_multi_action: [757,0,758,1,759,0,927,5,928,0,1593,0]
11-11 05:01:54.523 2356 2356 I sysui_multi_action: [757,111,758,1]
11-11 05:01:54.523 2356 2356 I sysui_multi_action: [757,126,758,1,759,126,927,0,928,1,1593,1]
11-11 05:01:54.523 1490 1635 I input_focus: [Focus request 978e85f com.android.launcher3/com.android.launcher3.uioverrides.QuickstepLauncher,reason=UpdateInputWindows]
11-11 05:01:54.523 2356 2356 I sysui_multi_action: [757,113,758,1,759,113,927,1,928,1,1593,1]
11-11 05:01:54.523 2356 2356 I sysui_multi_action: [757,0,758,1,759,0,927,2,928,0,1593,1]
11-11 05:01:54.523 2356 2356 I sysui_multi_action: [757,0,758,1,759,0,927,3,928,0,1593,1]
11-11 05:01:54.543 2356 2356 I sysui_multi_action: [757,111,758,2]
11-11 05:01:54.543 2356 2356 I sysui_multi_action: [757,111,758,2]
11-11 05:01:54.544 1490 1490 I notification_enqueue: [10082,2356,com.android.systemui,2048,NULL,0,Notification(channel=updateNotification shortcut=null contentView=null vibrate=null sound=null defaults=0x0 flags=0x0 color=0x00000000 vis=PRIVATE),1]
11-11 05:01:54.554 1490 1992 I input_focus: [Focus leaving 374215a NotificationShade (server),reason=NOT_FOCUSABLE]
11-11 05:01:54.554 1490 1992 I input_focus: [Focus entering 978e85f com.android.launcher3/com.android.launcher3.uioverrides.QuickstepLauncher (server),reason=setFocusedWindow]
11-11 05:01:54.556 1490 7448 I sysui_multi_action: [757,128,758,2,793,604224,794,5722,795,604224,796,26,798,0,806,android,857,DEVELOPER_IMPORTANT,858,4,947,0,1395,2,1500,604021,1688,1]
11-11 05:01:54.556 1490 7448 I notification_visibility: [-1|android|26|null|1000,0,604224,604224,0,0]
11-11 05:01:54.557 1490 7448 I sysui_multi_action: [757,128,758,2,793,908024,794,5722,795,908024,796,32,798,1,806,android,857,USB,858,1,947,0,1395,2,1500,907803,1688,1]
11-11 05:01:54.557 1490 7448 I notification_visibility: [-1|android|32|null|1000,0,908024,908024,0,1]
11-11 05:01:54.557 1490 7448 I sysui_multi_action: [757,127,758,2]
11-11 05:01:54.557 1490 7448 I notification_panel_hidden:
11-11 05:01:54.563 2356 2356 I sysui_multi_action: [757,111,758,1]
11-11 05:01:54.563 2356 2356 I sysui_multi_action: [757,126,758,1,759,126,927,0,928,1,1593,0]
11-11 05:01:54.563 2356 2356 I sysui_multi_action: [757,113,758,1,759,113,927,1,928,1,1593,0]
11-11 05:01:54.563 2356 2356 I sysui_multi_action: [757,0,758,1,759,0,927,2,928,0,1593,0]
11-11 05:01:54.563 2356 2356 I sysui_multi_action: [757,0,758,1,759,0,927,3,928,0,1593,0]
11-11 05:01:54.563 2356 2356 I sysui_multi_action: [757,491,758,1,759,491,927,4,928,0,1311,-1,1593,0]
11-11 05:01:54.563 2356 2356 I sysui_multi_action: [757,0,758,1,759,0,927,5,928,0,1593,0]
11-11 05:01:54.563 2356 2356 I sysui_multi_action: [757,111,758,1]
11-11 05:01:54.563 2356 2356 I sysui_multi_action: [757,126,758,1,759,126,927,0,928,1,1593,0]
11-11 05:01:54.563 2356 2356 I sysui_multi_action: [757,113,758,1,759,113,927,1,928,1,1593,0]
11-11 05:01:54.563 2356 2356 I sysui_multi_action: [757,0,758,1,759,0,927,2,928,0,1593,0]
11-11 05:01:54.563 2356 2356 I sysui_multi_action: [757,0,758,1,759,0,927,3,928,0,1593,0]
11-11 05:01:55.065 1490 1992 I input_interaction: Interaction with: 978e85f com.android.launcher3/com.android.launcher3.uioverrides.QuickstepLauncher (server), f91321f com.android.systemui.ImageWallpaper (server), edge-swipe (server), swipe-up (server), PointerEventDispatcher0 (server),
11-11 05:01:55.187 1490 6835 I wm_task_moved: [76,1,6]
11-11 05:01:55.187 1490 6835 I wm_task_to_front: [0,76]
11-11 05:01:55.189 1490 6835 I wm_focused_root_task: [0,0,76,1,bringingFoundTaskToFront]
11-11 05:01:55.191 1490 6835 I wm_set_resumed_activity: [0,com.android.settings/.Settings,bringingFoundTaskToFront]
11-11 05:01:55.191 1490 6835 I wm_new_intent: [0,214719036,76,com.android.settings/.Settings,android.intent.action.MAIN,NULL,NULL,270532608]
11-11 05:01:55.194 1490 6835 I wm_pause_activity: [0,85671939,com.android.launcher3/.uioverrides.QuickstepLauncher,userLeaving=true,pauseBackTasks]
11-11 05:01:55.202 2824 2824 I wm_on_top_resumed_lost_called: [85671939,com.android.launcher3.uioverrides.QuickstepLauncher,topStateChangedWhenResumed]
11-11 05:01:55.208 2824 2824 I wm_on_paused_called: [85671939,com.android.launcher3.uioverrides.QuickstepLauncher,performPause]
11-11 05:01:55.213 1490 5871 I wm_set_resumed_activity: [0,com.android.settings/.Settings,resumeTopActivityInnerLocked]
11-11 05:01:55.213 1490 5871 I wm_add_to_stopping: [0,85671939,com.android.launcher3/.uioverrides.QuickstepLauncher,makeInvisible]
11-11 05:01:55.215 1490 5871 I wm_resume_activity: [0,214719036,76,com.android.settings/.Settings]
11-11 05:01:55.228 9262 9262 I wm_on_restart_called: [214719036,com.android.settings.Settings,performRestartActivity]
11-11 05:01:55.237 1490 1634 I sysui_multi_action: [757,803,799,window_time_0,802,7]
11-11 05:01:55.239 1490 1992 I input_focus: [Focus leaving 978e85f com.android.launcher3/com.android.launcher3.uioverrides.QuickstepLauncher (server),reason=NO_WINDOW]
11-11 05:01:55.259 9262 9262 I wm_on_start_called: [214719036,com.android.settings.Settings,handleStartActivity]
11-11 05:01:55.260 9262 9262 I snet_event_log: [120484087,-1,]
11-11 05:01:55.260 9262 9262 I wm_on_resume_called: [214719036,com.android.settings.Settings,RESUME_ACTIVITY]
11-11 05:01:55.260 9262 9262 I sysui_multi_action: [757,35,758,1,833,0,1089,0]
11-11 05:01:55.261 9262 9262 I sysui_multi_action: [757,747,758,1,833,0,1089,0]
11-11 05:01:55.264 9262 9262 I wm_on_top_resumed_gained_called: [214719036,com.android.settings.Settings,topWhenResuming]
11-11 05:01:55.279 1490 1635 I input_focus: [Focus request 733447a com.android.settings/com.android.settings.Settings,reason=UpdateInputWindows]
11-11 05:01:55.298 1490 1630 I sysui_multi_action: [319,49,321,45,322,106,325,934,757,761,758,9,759,4,806,com.android.settings,871,com.android.settings.Settings,904,com.android.launcher3,905,0,1320,4,1321,1]
11-11 05:01:55.304 1490 1992 I input_focus: [Focus entering 733447a com.android.settings/com.android.settings.Settings (server),reason=setFocusedWindow]
11-11 05:01:55.315 288 288 I auditd : type=1400 audit(0.0:1419): avc: denied { kill } for comm="kgsl_worker_thr" capability=5 scontext=u:r:kernel:s0 tcontext=u:r:kernel:s0 tclass=capability permissive=0
11-11 05:01:55.765 1490 1634 I wm_stop_activity: [0,85671939,com.android.launcher3/.uioverrides.QuickstepLauncher]
11-11 05:01:55.806 2824 2824 I wm_on_stop_called: [85671939,com.android.launcher3.uioverrides.QuickstepLauncher,STOP_ACTIVITY_ITEM]
11-11 05:01:56.315 0 0 I auditd : type=1400 audit(0.0:1420): avc: denied { kill } for comm="swapper/3" capability=5 scontext=u:r:kernel:s0 tcontext=u:r:kernel:s0 tclass=capability permissive=0
11-11 05:01:57.315 0 0 I auditd : type=1400 audit(0.0:1421): avc: denied { kill } for comm="swapper/3" capability=5 scontext=u:r:kernel:s0 tcontext=u:r:kernel:s0 tclass=capability permissive=0
11-11 05:01:57.414 1490 1992 I input_interaction: Interaction with: 733447a com.android.settings/com.android.settings.Settings (server), edge-swipe (server), swipe-up (server), PointerEventDispatcher0 (server),
11-11 05:01:57.534 9262 9262 I sysui_multi_action: [757,830,758,4,833,0,854,top_level_storage,1089,0]
11-11 05:01:57.640 9262 9262 I sysui_multi_action: [757,747,758,2,1089,2379]
11-11 05:01:57.676 9262 9262 I sysui_multi_action: [757,745,758,1,833,0,1089,27]
11-11 05:01:57.677 9262 9262 I sysui_multi_action: [757,1729,758,4,854,isParalleledControllers:false,1089,28]
11-11 05:01:58.315 0 0 I auditd : type=1400 audit(0.0:1422): avc: denied { kill } for comm="swapper/3" capability=5 scontext=u:r:kernel:s0 tcontext=u:r:kernel:s0 tclass=capability permissive=0
11-11 05:01:59.315 0 0 I auditd : type=1400 audit(0.0:1423): avc: denied { kill } for comm="swapper/3" capability=5 scontext=u:r:kernel:s0 tcontext=u:r:kernel:s0 tclass=capability permissive=0
11-11 05:01:59.479 1490 6837 I wm_task_moved: [1,0,0]
11-11 05:01:59.480 1490 6837 I wm_task_moved: [1,0,5]
11-11 05:01:59.496 2824 2824 I wm_on_restart_called: [85671939,com.android.launcher3.uioverrides.QuickstepLauncher,performRestartActivity]
11-11 05:01:59.519 2824 2824 I wm_on_start_called: [85671939,com.android.launcher3.uioverrides.QuickstepLauncher,handleStartActivity]
11-11 05:01:59.543 1490 1630 I sysui_multi_action: [319,14,322,55,325,939,757,761,758,9,759,5,806,com.android.launcher3,871,com.android.launcher3.uioverrides.QuickstepLauncher,905,0,1320,4,1321,1]
11-11 05:01:59.557 9262 9262 I view_enqueue_input_event: [Motion - Cancel,com.android.settings/com.android.settings.Settings]
11-11 05:01:59.557 2824 2824 I sysui_latency: [1,67]
11-11 05:01:59.561 2356 2771 I sysui_multi_action: [757,210,758,4,759,-1]
11-11 05:01:59.561 1490 1635 I input_focus: [Focus request recents_animation_input_consumer,reason=UpdateInputWindows]
11-11 05:01:59.572 1490 1992 I input_interaction: Interaction with: edge-swipe (server), swipe-up (server), PointerEventDispatcher0 (server),
11-11 05:01:59.581 1490 1992 I input_focus: [Focus leaving 733447a com.android.settings/com.android.settings.Settings (server),reason=NOT_FOCUSABLE]
11-11 05:01:59.581 1490 1992 I input_focus: [Focus entering recents_animation_input_consumer (server),reason=setFocusedWindow]
11-11 05:01:59.724 1490 1745 I commit_sys_config_file: [settings-1-0,6]
11-11 05:01:59.836 1490 1641 I sysui_latency: [8,70]
11-11 05:02:00.316 1490 6837 I wm_task_moved: [1,1,6]
11-11 05:02:00.318 1490 6837 I wm_task_moved: [10,1,2147483647]
11-11 05:02:00.318 1490 6837 I wm_task_to_front: [0,10]
11-11 05:02:00.319 1490 6837 I wm_focused_root_task: [0,0,1,76,RecentsAnimation.onAnimationFinished()]
11-11 05:02:00.319 1490 6837 I wm_set_resumed_activity: [0,com.android.launcher3/.uioverrides.QuickstepLauncher,RecentsAnimation.onAnimationFinished()]
11-11 05:02:00.319 9262 9262 I wm_on_top_resumed_lost_called: [214719036,com.android.settings.Settings,topStateChangedWhenResumed]
11-11 05:02:00.320 1490 6837 I wm_pause_activity: [0,214719036,com.android.settings/.Settings,userLeaving=true,pauseBackTasks]
11-11 05:02:00.321 1490 6837 I wm_add_to_stopping: [0,214719036,com.android.settings/.Settings,makeInvisible]
11-11 05:02:00.321 1490 6837 I wm_set_resumed_activity: [0,com.android.launcher3/.uioverrides.QuickstepLauncher,resumeTopActivityInnerLocked]
11-11 05:02:00.322 1490 6837 I wm_resume_activity: [0,85671939,10,com.android.launcher3/.uioverrides.QuickstepLauncher]
11-11 05:02:00.324 2824 2824 I wm_on_resume_called: [85671939,com.android.launcher3.uioverrides.QuickstepLauncher,RESUME_ACTIVITY]
11-11 05:02:00.333 1490 1635 I input_focus: [Focus request 978e85f com.android.launcher3/com.android.launcher3.uioverrides.QuickstepLauncher,reason=UpdateInputWindows]
11-11 05:02:00.339 1490 1634 I wm_stop_activity: [0,214719036,com.android.settings/.Settings]
11-11 05:02:00.344 9262 9262 I sysui_multi_action: [757,35,758,2,1089,5083]
11-11 05:02:00.347 9262 9262 I sysui_multi_action: [757,745,758,2,1089,2670]
11-11 05:02:00.350 1490 1992 I input_focus: [Focus leaving recents_animation_input_consumer (server),reason=NOT_VISIBLE]
11-11 05:02:00.350 1490 1992 I input_focus: [Focus entering 978e85f com.android.launcher3/com.android.launcher3.uioverrides.QuickstepLauncher (server),reason=setFocusedWindow]
11-11 05:02:00.350 9262 9262 I wm_on_paused_called: [214719036,com.android.settings.Settings,performPause]
11-11 05:02:00.354 1490 1634 I sysui_multi_action: [757,803,799,window_time_0,802,5]
11-11 05:02:00.354 1490 1634 I sysui_multi_action: [757,803,799,window_time_0,802,0]
11-11 05:02:00.374 9262 9262 I wm_on_stop_called: [214719036,com.android.settings.Settings,STOP_ACTIVITY_ITEM]
11-11 05:02:00.382 2824 2824 I wm_on_top_resumed_gained_called: [85671939,com.android.launcher3.uioverrides.QuickstepLauncher,topStateChangedWhenResumed]
11-11 05:02:01.315 0 0 I auditd : type=1400 audit(0.0:1424): avc: denied { kill } for comm="swapper/0" capability=5 scontext=u:r:kernel:s0 tcontext=u:r:kernel:s0 tclass=capability permissive=0
11-11 05:02:01.384 1490 1992 I input_interaction: Interaction with: 978e85f com.android.launcher3/com.android.launcher3.uioverrides.QuickstepLauncher (server), f91321f com.android.systemui.ImageWallpaper (server), edge-swipe (server), swipe-up (server), PointerEventDispatcher0 (server),
11-11 05:02:01.518 1490 1799 I wm_task_created: [78,-1]
11-11 05:02:01.523 1490 1799 I wm_task_moved: [78,1,7]
11-11 05:02:01.523 1490 1799 I wm_task_to_front: [0,78]
11-11 05:02:01.524 1490 1799 I wm_create_task: [0,78]
11-11 05:02:01.524 1490 1799 I wm_create_activity: [0,30713933,78,com.thundercomm.mcuupgrade/.MainActivity,android.intent.action.MAIN,NULL,NULL,270532608]
11-11 05:02:01.524 1490 1799 I wm_task_moved: [78,1,7]
11-11 05:02:01.527 1490 1799 I wm_pause_activity: [0,85671939,com.android.launcher3/.uioverrides.QuickstepLauncher,userLeaving=true,pauseBackTasks]
11-11 05:02:01.539 2824 2824 I wm_on_top_resumed_lost_called: [85671939,com.android.launcher3.uioverrides.QuickstepLauncher,topStateChangedWhenResumed]
11-11 05:02:01.549 2824 2824 I wm_on_paused_called: [85671939,com.android.launcher3.uioverrides.QuickstepLauncher,performPause]
11-11 05:02:01.552 1490 5871 I wm_add_to_stopping: [0,85671939,com.android.launcher3/.uioverrides.QuickstepLauncher,makeInvisible]
11-11 05:02:01.558 1490 5871 I wm_restart_activity: [0,30713933,78,com.thundercomm.mcuupgrade/.MainActivity]
11-11 05:02:01.560 1490 5871 I wm_set_resumed_activity: [0,com.thundercomm.mcuupgrade/.MainActivity,minimalResumeActivityLocked]
11-11 05:02:01.571 1490 1634 I sysui_multi_action: [757,803,799,window_time_0,802,2]
11-11 05:02:01.585 1490 1992 I input_focus: [Focus leaving 978e85f com.android.launcher3/com.android.launcher3.uioverrides.QuickstepLauncher (server),reason=NO_WINDOW]
11-11 05:02:01.602 9062 9062 I wm_on_create_called: [30713933,com.thundercomm.mcuupgrade.MainActivity,performCreate]
11-11 05:02:01.602 9062 9062 I wm_on_start_called: [30713933,com.thundercomm.mcuupgrade.MainActivity,handleStartActivity]
11-11 05:02:01.603 9062 9062 I wm_on_resume_called: [30713933,com.thundercomm.mcuupgrade.MainActivity,RESUME_ACTIVITY]
11-11 05:02:01.612 9062 9062 I wm_on_top_resumed_gained_called: [30713933,com.thundercomm.mcuupgrade.MainActivity,topStateChangedWhenResumed]
11-11 05:02:01.631 1490 1635 I input_focus: [Focus request d3409b9 com.thundercomm.mcuupgrade/com.thundercomm.mcuupgrade.MainActivity,reason=UpdateInputWindows]
11-11 05:02:01.688 1490 1992 I input_focus: [Focus entering d3409b9 com.thundercomm.mcuupgrade/com.thundercomm.mcuupgrade.MainActivity (server),reason=Window became focusable. Previous reason: NOT_VISIBLE]
11-11 05:02:01.690 1490 1630 I sysui_multi_action: [319,94,321,92,322,174,325,941,757,761,758,8,759,1,806,com.thundercomm.mcuupgrade,871,com.thundercomm.mcuupgrade.MainActivity,904,com.android.launcher3,905,0,1320,4,1321,1]
11-11 05:02:01.691 1490 1630 I wm_activity_launch_time: [0,30713933,com.thundercomm.mcuupgrade/.MainActivity,174]
11-11 05:02:02.158 1490 1634 I wm_stop_activity: [0,85671939,com.android.launcher3/.uioverrides.QuickstepLauncher]
11-11 05:02:02.203 2824 2824 I wm_on_stop_called: [85671939,com.android.launcher3.uioverrides.QuickstepLauncher,STOP_ACTIVITY_ITEM]
11-11 05:02:02.315 351 351 I auditd : type=1400 audit(0.0:1425): avc: denied { kill } for comm="irq/382-atmel_m" capability=5 scontext=u:r:kernel:s0 tcontext=u:r:kernel:s0 tclass=capability permissive=0
11-11 05:02:02.910 1490 1992 I input_interaction: Interaction with: d3409b9 com.thundercomm.mcuupgrade/com.thundercomm.mcuupgrade.MainActivity (server), edge-swipe (server), swipe-up (server), PointerEventDispatcher0 (server),
11-11 05:02:02.941 1490 1799 I wm_task_moved: [1,0,0]
11-11 05:02:02.942 1490 1799 I wm_task_moved: [1,0,6]
11-11 05:02:02.952 2824 2824 I wm_on_restart_called: [85671939,com.android.launcher3.uioverrides.QuickstepLauncher,performRestartActivity]
11-11 05:02:02.988 2824 2824 I wm_on_start_called: [85671939,com.android.launcher3.uioverrides.QuickstepLauncher,handleStartActivity]
11-11 05:02:03.011 9062 9062 I view_enqueue_input_event: [Motion - Cancel,com.thundercomm.mcuupgrade/com.thundercomm.mcuupgrade.MainActivity]
11-11 05:02:03.013 2824 2824 I sysui_latency: [1,86]
11-11 05:02:03.013 1490 1630 I sysui_multi_action: [319,12,322,60,325,942,757,761,758,9,759,5,806,com.android.launcher3,871,com.android.launcher3.uioverrides.QuickstepLauncher,905,0,1320,4,1321,1]
11-11 05:02:03.018 1490 1635 I input_focus: [Focus request recents_animation_input_consumer,reason=UpdateInputWindows]
11-11 05:02:03.027 1490 1992 I input_interaction: Interaction with: edge-swipe (server), swipe-up (server), PointerEventDispatcher0 (server),
11-11 05:02:03.039 1490 1992 I input_focus: [Focus leaving d3409b9 com.thundercomm.mcuupgrade/com.thundercomm.mcuupgrade.MainActivity (server),reason=NOT_FOCUSABLE]
11-11 05:02:03.039 1490 1992 I input_focus: [Focus entering recents_animation_input_consumer (server),reason=setFocusedWindow]
11-11 05:02:03.197 1490 1745 I commit_sys_config_file: [settings-1-0,11]
11-11 05:02:03.304 1490 1641 I sysui_latency: [8,81]
11-11 05:02:04.315 351 351 I auditd : type=1400 audit(0.0:1426): avc: denied { kill } for comm="irq/382-atmel_m" capability=5 scontext=u:r:kernel:s0 tcontext=u:r:kernel:s0 tclass=capability permissive=0
11-11 05:02:04.395 1490 5871 I wm_task_moved: [1,0,6]
11-11 05:02:04.396 1490 5871 I wm_add_to_stopping: [0,85671939,com.android.launcher3/.uioverrides.QuickstepLauncher,makeInvisible]
11-11 05:02:04.412 1490 1635 I input_focus: [Focus request d3409b9 com.thundercomm.mcuupgrade/com.thundercomm.mcuupgrade.MainActivity,reason=UpdateInputWindows]
11-11 05:02:04.413 1490 1634 I wm_stop_activity: [0,85671939,com.android.launcher3/.uioverrides.QuickstepLauncher]
11-11 05:02:04.426 1490 1992 I input_focus: [Focus leaving recents_animation_input_consumer (server),reason=NOT_VISIBLE]
11-11 05:02:04.426 1490 1992 I input_focus: [Focus entering d3409b9 com.thundercomm.mcuupgrade/com.thundercomm.mcuupgrade.MainActivity (server),reason=setFocusedWindow]
11-11 05:02:04.463 2824 2824 I wm_on_stop_called: [85671939,com.android.launcher3.uioverrides.QuickstepLauncher,STOP_ACTIVITY_ITEM]
11-11 05:02:04.657 1490 1745 I commit_sys_config_file: [settings-1-0,5]
11-11 05:02:05.315 0 0 I auditd : type=1400 audit(0.0:1427): avc: denied { kill } for comm="swapper/0" capability=5 scontext=u:r:kernel:s0 tcontext=u:r:kernel:s0 tclass=capability permissive=0
11-11 05:02:05.845 1490 1992 I input_interaction: Interaction with: d3409b9 com.thundercomm.mcuupgrade/com.thundercomm.mcuupgrade.MainActivity (server), edge-swipe (server), swipe-up (server), PointerEventDispatcher0 (server),
11-11 05:02:05.862 1490 6160 I wm_task_moved: [1,0,0]
11-11 05:02:05.863 1490 6160 I wm_task_moved: [1,0,6]
11-11 05:02:05.883 2824 2824 I wm_on_restart_called: [85671939,com.android.launcher3.uioverrides.QuickstepLauncher,performRestartActivity]
11-11 05:02:05.899 2824 2824 I wm_on_start_called: [85671939,com.android.launcher3.uioverrides.QuickstepLauncher,handleStartActivity]
11-11 05:02:05.931 1490 1630 I sysui_multi_action: [319,10,322,55,325,945,757,761,758,9,759,5,806,com.android.launcher3,871,com.android.launcher3.uioverrides.QuickstepLauncher,905,0,1320,4,1321,1]
11-11 05:02:05.940 9062 9062 I view_enqueue_input_event: [Motion - Cancel,com.thundercomm.mcuupgrade/com.thundercomm.mcuupgrade.MainActivity]
11-11 05:02:05.941 2824 2824 I sysui_latency: [1,68]
11-11 05:02:05.946 1490 1992 I input_interaction: Interaction with: edge-swipe (server), swipe-up (server), PointerEventDispatcher0 (server),
11-11 05:02:05.950 1490 1635 I input_focus: [Focus request recents_animation_input_consumer,reason=UpdateInputWindows]
11-11 05:02:05.979 1490 1992 I input_focus: [Focus leaving d3409b9 com.thundercomm.mcuupgrade/com.thundercomm.mcuupgrade.MainActivity (server),reason=NOT_FOCUSABLE]
11-11 05:02:05.980 1490 1992 I input_focus: [Focus entering recents_animation_input_consumer (server),reason=setFocusedWindow]
11-11 05:02:06.102 1490 1745 I commit_sys_config_file: [settings-1-0,5]
11-11 05:02:06.220 1490 1641 I sysui_latency: [8,68]
11-11 05:02:06.261 1490 1490 I service_manager_stats: [100,97,124172]
11-11 05:02:06.315 0 0 I auditd : type=1400 audit(0.0:1428): avc: denied { kill } for comm="swapper/0" capability=5 scontext=u:r:kernel:s0 tcontext=u:r:kernel:s0 tclass=capability permissive=0
11-11 05:02:07.141 1490 1745 I commit_sys_config_file: [settings-1-0,5]
11-11 05:02:07.315 0 0 I auditd : type=1400 audit(0.0:1429): avc: denied { kill } for comm="swapper/0" capability=5 scontext=u:r:kernel:s0 tcontext=u:r:kernel:s0 tclass=capability permissive=0
11-11 05:02:07.657 1490 1992 I input_interaction: Interaction with: 978e85f com.android.launcher3/com.android.launcher3.uioverrides.QuickstepLauncher (server), edge-swipe (server), swipe-up (server), PointerEventDispatcher0 (server),
11-11 05:02:08.323 1490 1799 I wm_task_moved: [1,1,7]
11-11 05:02:08.329 1490 1799 I wm_focused_root_task: [0,0,1,78,RecentsAnimation.onAnimationFinished()]
11-11 05:02:08.329 9062 9062 I wm_on_top_resumed_lost_called: [30713933,com.thundercomm.mcuupgrade.MainActivity,topStateChangedWhenResumed]
11-11 05:02:08.331 1490 1799 I wm_pause_activity: [0,30713933,com.thundercomm.mcuupgrade/.MainActivity,userLeaving=false,pauseBackTasks]
11-11 05:02:08.334 1490 1799 I wm_set_resumed_activity: [0,com.android.launcher3/.uioverrides.QuickstepLauncher,resumeTopActivityInnerLocked]
11-11 05:02:08.335 1490 1799 I wm_resume_activity: [0,85671939,10,com.android.launcher3/.uioverrides.QuickstepLauncher]
11-11 05:02:08.336 1490 1799 I wm_add_to_stopping: [0,30713933,com.thundercomm.mcuupgrade/.MainActivity,makeInvisible]
11-11 05:02:08.337 2824 2824 I wm_on_resume_called: [85671939,com.android.launcher3.uioverrides.QuickstepLauncher,RESUME_ACTIVITY]
11-11 05:02:08.352 1490 1635 I input_focus: [Focus request 978e85f com.android.launcher3/com.android.launcher3.uioverrides.QuickstepLauncher,reason=UpdateInputWindows]
11-11 05:02:08.354 9062 9062 I wm_on_paused_called: [30713933,com.thundercomm.mcuupgrade.MainActivity,performPause]
11-11 05:02:08.355 1490 1634 I sysui_multi_action: [757,803,799,window_time_0,802,6]
11-11 05:02:08.359 1490 6835 I wm_stop_activity: [0,30713933,com.thundercomm.mcuupgrade/.MainActivity]
11-11 05:02:08.363 1490 1634 I sysui_multi_action: [757,803,799,window_time_0,802,0]
11-11 05:02:08.369 2824 2824 I wm_on_top_resumed_gained_called: [85671939,com.android.launcher3.uioverrides.QuickstepLauncher,topStateChangedWhenResumed]
11-11 05:02:08.372 1490 1992 I input_focus: [Focus leaving recents_animation_input_consumer (server),reason=NOT_VISIBLE]
11-11 05:02:08.372 1490 1992 I input_focus: [Focus entering 978e85f com.android.launcher3/com.android.launcher3.uioverrides.QuickstepLauncher (server),reason=setFocusedWindow]
11-11 05:02:08.393 9062 9062 I wm_on_stop_called: [30713933,com.thundercomm.mcuupgrade.MainActivity,STOP_ACTIVITY_ITEM]
11-11 05:02:08.453 1490 6160 I wm_finish_activity: [0,30713933,78,com.thundercomm.mcuupgrade/.MainActivity,remove-task]
11-11 05:02:08.455 1490 6160 I wm_destroy_activity: [0,30713933,78,com.thundercomm.mcuupgrade/.MainActivity,finish-imm:finishIfPossible]
