11-11 05:24:48.961 1400 13424 D LOWI-9.0.0.87.a: [LOWI-Scan] BSS 18:6f:2d:81:18:83 FREQ: 2472, cFreq1[40:80:160] = [2472:0:0] cFreq2 = 0 Country Code = CN
11-11 05:24:48.962 1400 13424 D LOWI-9.0.0.87.a: [LOWI-Scan] BSS 18:6f:2d:81:18:83 (wlan0) ASSO: NO AddInfo: 0x1, TSF 0, 00:38:03.023, RSSI: -160, CPL: 127, AGE: 25544, SSID ZXHY, TSFDelta: 0xc4a403b3, TXRate: 0
11-11 05:24:48.962 1400 13424 D LOWI-9.0.0.87.a: [LOWI-Scan]
11-11 05:24:48.962 1400 13424 D LOWI-9.0.0.87.a: [LOWI-Scan] print_bss_handler: Report Probe TSF 2307639175 as it greater than Beacon TSF 2297498818
11-11 05:24:48.962 1400 13424 D LOWI-9.0.0.87.a: [LOWI-Scan] decode_rsn_wpa_ie: LOWI_ENCRYPTION_TYPE_WPA_PSK
11-11 05:24:48.962 1400 13424 D LOWI-9.0.0.87.a: [LOWI-Scan] is_qcom_ie, bss_age: 0
11-11 05:24:48.962 1400 13424 D LOWI-9.0.0.87.a: [LOWI-Scan] BSS 18:6f:2d:0a:b8:55 LOWI_PHY_MODE_11AC_VHT20(8), Beacon Interval: 100, LOWI_ENCRYPTION_TYPE_WPA_PSK 11mcRanging: No, ANQP: No, LCI: No, Civic: No, capability(0x0111): ESS Privacy SpectrumMgmt
11-11 05:24:48.962 1400 13424 D LOWI-9.0.0.87.a: [LOWI-Scan] BSS 18:6f:2d:0a:b8:55 FREQ: 5260, cFreq1[40:80:160] = [5260:0:0] cFreq2 = 0 Country Code = CN
11-11 05:24:48.962 1400 13424 D LOWI-9.0.0.87.a: [LOWI-Scan] BSS 18:6f:2d:0a:b8:55 (wlan0) ASSO: NO AddInfo: 0x0, TSF 0, 00:38:27.639, RSSI: -172, CPL: 127, AGE: 928, SSID GM, TSFDelta: 0xb0eee481, TXRate: 0
11-11 05:24:48.962 1400 13424 D LOWI-9.0.0.87.a: [LOWI-Scan]
11-11 05:24:48.962 1400 13424 D LOWI-9.0.0.87.a: [LOWI-Scan] print_bss_handler: Report beacon TSF 2308516038 as it greater than probe TSF 2308516038
11-11 05:24:48.962 1400 13424 D LOWI-9.0.0.87.a: [LOWI-Scan] decode_rsn_wpa_ie: LOWI_ENCRYPTION_TYPE_WPA_PSK
11-11 05:24:48.962 1400 13424 D LOWI-9.0.0.87.a: [LOWI-Scan] is_qcom_ie, bss_age: 0
11-11 05:24:48.962 1400 13424 D LOWI-9.0.0.87.a: [LOWI-Scan] BSS 18:6f:2d:81:18:84 LOWI_PHY_MODE_11NG_HT20(5), Beacon Interval: 100, LOWI_ENCRYPTION_TYPE_WPA_PSK 11mcRanging: No, ANQP: No, LCI: No, Civic: No, capability(0x0531): ESS Privacy ShortPreamble SpectrumMgmt ShortSlotTime
11-11 05:24:48.962 1400 13424 D LOWI-9.0.0.87.a: [LOWI-Scan] BSS 18:6f:2d:81:18:84 FREQ: 2472, cFreq1[40:80:160] = [2472:0:0] cFreq2 = 0 Country Code = CN
11-11 05:24:48.962 1400 13424 D LOWI-9.0.0.87.a: [LOWI-Scan] BSS 18:6f:2d:81:18:84 (wlan0) ASSO: NO AddInfo: 0x1, TSF 0, 00:38:28.516, RSSI: -158, CPL: 127, AGE: 48, SSID Fanya, TSFDelta: 0xb971ccb0, TXRate: 0
11-11 05:24:48.963 1400 13424 D LOWI-9.0.0.87.a: [LOWI-Scan]
11-11 05:24:48.963 1400 13424 D LOWI-9.0.0.87.a: [LOWI-Scan] print_bss_handler: Report Probe TSF 2307079252 as it greater than Beacon TSF 2291250007
11-11 05:24:48.963 1400 13424 D LOWI-9.0.0.87.a: [LOWI-Scan] decode_rsn_wpa_ie: LOWI_ENCRYPTION_TYPE_WPA_PSK
11-11 05:24:48.963 1400 13424 D LOWI-9.0.0.87.a: [LOWI-Scan] is_qcom_ie, bss_age: 0
11-11 05:24:48.963 1400 13424 D LOWI-9.0.0.87.a: [LOWI-Scan] BSS 18:6f:2d:81:20:63 LOWI_PHY_MODE_11NG_HT20(5), Beacon Interval: 100, LOWI_ENCRYPTION_TYPE_WPA_PSK 11mcRanging: No, ANQP: No, LCI: No, Civic: No, capability(0x0531): ESS Privacy ShortPreamble SpectrumMgmt ShortSlotTime
11-11 05:24:48.963 1400 13424 D LOWI-9.0.0.87.a: [LOWI-Scan] BSS 18:6f:2d:81:20:63 FREQ: 2412, cFreq1[40:80:160] = [2412:0:0] cFreq2 = 0 Country Code = CN
11-11 05:24:48.963 1400 13424 D LOWI-9.0.0.87.a: [LOWI-Scan] BSS 18:6f:2d:81:20:63 (wlan0) ASSO: NO AddInfo: 0x0, TSF 0, 00:38:27.079, RSSI: -156, CPL: 127, AGE: 1488, SSID ZXHY, TSFDelta: 0x2ab41c62, TXRate: 0
11-11 05:24:48.963 1400 13424 D LOWI-9.0.0.87.a: [LOWI-Scan]
11-11 05:24:48.963 1400 13424 D LOWI-9.0.0.87.a: [LOWI-Scan] print_bss_handler: Report beacon TSF 2288952927 as it greater than probe TSF 2258552581
11-11 05:24:48.963 1400 13424 D LOWI-9.0.0.87.a: [LOWI-Scan] is_qcom_ie, bss_age: 0
11-11 05:24:48.963 1400 13424 D LOWI-9.0.0.87.a: [LOWI-Scan] adjust_age:AP AGE upper limit reached. Dont store
11-11 05:24:48.963 1400 13424 D LOWI-9.0.0.87.a: [LOWI-Scan] BSS 18:6f:2d:81:18:81 LOWI_PHY_MODE_11NG_HT20(5), Beacon Interval: 100, LOWI_ENCRYPTION_TYPE_OPEN 11mcRanging: No, ANQP: No, LCI: No, Civic: No, capability(0x0521): ESS ShortPreamble SpectrumMgmt ShortSlotTime
11-11 05:24:48.963 1400 13424 D LOWI-9.0.0.87.a: [LOWI-Scan] BSS 18:6f:2d:81:18:81 FREQ: 2472, cFreq1[40:80:160] = [2472:0:0] cFreq2 = 0 Country Code = CN
11-11 05:24:48.963 1400 13424 D LOWI-9.0.0.87.a: [LOWI-Scan] BSS 18:6f:2d:81:18:81 (wlan0) ASSO: NO AddInfo: 0x1, TSF 0, 00:38:08.952, RSSI: -164, CPL: 127, AGE: 19612, SSID Guest, TSFDelta: 0xc7e610e5, TXRate: 0
11-11 05:24:48.964 1400 13424 D LOWI-9.0.0.87.a: [LOWI-Scan]
11-11 05:24:48.964 1400 13424 D LOWI-9.0.0.87.a: [LOWI-Scan] print_bss_handler: Report Probe TSF 2301796936 as it greater than Beacon TSF 2297497398
11-11 05:24:48.964 1400 13424 D LOWI-9.0.0.87.a: [LOWI-Scan] decode_rsn_wpa_ie: LOWI_ENCRYPTION_TYPE_WPA_PSK
11-11 05:24:48.964 1400 13424 D LOWI-9.0.0.87.a: [LOWI-Scan] is_qcom_ie, bss_age: 0
11-11 05:24:48.964 1400 13424 D LOWI-9.0.0.87.a: [LOWI-Scan] BSS 18:6f:2d:0a:b8:50 LOWI_PHY_MODE_11AC_VHT20(8), Beacon Interval: 100, LOWI_ENCRYPTION_TYPE_WPA_PSK 11mcRanging: No, ANQP: No, LCI: No, Civic: No, capability(0x0111): ESS Privacy SpectrumMgmt
11-11 05:24:48.964 1400 13424 D LOWI-9.0.0.87.a: [LOWI-Scan] BSS 18:6f:2d:0a:b8:50 FREQ: 5260, cFreq1[40:80:160] = [5260:0:0] cFreq2 = 0 Country Code = CN
11-11 05:24:48.964 1400 13424 D LOWI-9.0.0.87.a: [LOWI-Scan] BSS 18:6f:2d:0a:b8:50 (wlan0) ASSO: NO AddInfo: 0x0, TSF 0, 00:38:21.796, RSSI: -168, CPL: 127, AGE: 6770, SSID Testing , TSFDelta: 0xb00c7e0d, TXRate: 0
11-11 05:24:48.964 1400 13424 D LOWI-9.0.0.87.a: [LOWI-Scan]
11-11 05:24:48.964 1400 13424 D LOWI-9.0.0.87.a: [LOWI-Scan] print_bss_handler: Report Probe TSF 2307639338 as it greater than Beacon TSF 2297499091
11-11 05:24:48.964 1400 13424 D LOWI-9.0.0.87.a: [LOWI-Scan] is_qcom_ie, bss_age: 0
11-11 05:24:48.964 1400 13424 D LOWI-9.0.0.87.a: [LOWI-Scan] BSS 18:6f:2d:0a:b8:56 LOWI_PHY_MODE_11AC_VHT20(8), Beacon Interval: 100, LOWI_ENCRYPTION_TYPE_OPEN 11mcRanging: No, ANQP: No, LCI: No, Civic: No, capability(0x0101): ESS SpectrumMgmt
11-11 05:24:48.964 1400 13424 D LOWI-9.0.0.87.a: [LOWI-Scan] BSS 18:6f:2d:0a:b8:56 FREQ: 5260, cFreq1[40:80:160] = [5260:0:0] cFreq2 = 0 Country Code = CN
11-11 05:24:48.964 1400 13424 D LOWI-9.0.0.87.a: [LOWI-Scan] BSS 18:6f:2d:0a:b8:56 (wlan0) ASSO: NO AddInfo: 0x0, TSF 0, 00:38:27.639, RSSI: -170, CPL: 127, AGE: 928, SSID IT, TSFDelta: 0xb0f17d86, TXRate: 0
11-11 05:24:48.964 1400 13424 D LOWI-9.0.0.87.a: [LOWI-Scan]
11-11 05:24:48.964 1400 13424 D LOWI-9.0.0.87.a: [LOWI-Scan] print_bss_handler: Report Probe TSF 2307078803 as it greater than Beacon TSF 2287002647
11-11 05:24:48.964 1400 13424 D LOWI-9.0.0.87.a: [LOWI-Scan] decode_rsn_wpa_ie: LOWI_ENCRYPTION_TYPE_WPA_PSK
11-11 05:24:48.964 1400 13424 D LOWI-9.0.0.87.a: [LOWI-Scan] is_qcom_ie, bss_age: 0
11-11 05:24:48.964 1400 13424 D LOWI-9.0.0.87.a: [LOWI-Scan] BSS 18:6f:2d:81:20:62 LOWI_PHY_MODE_11NG_HT20(5), Beacon Interval: 100, LOWI_ENCRYPTION_TYPE_WPA_PSK 11mcRanging: No, ANQP: No, LCI: No, Civic: No, capability(0x0531): ESS Privacy ShortPreamble SpectrumMgmt ShortSlotTime
11-11 05:24:48.964 1400 13424 D LOWI-9.0.0.87.a: [LOWI-Scan] BSS 18:6f:2d:81:20:62 FREQ: 2412, cFreq1[40:80:160] = [2412:0:0] cFreq2 = 0 Country Code = CN
11-11 05:24:48.964 1400 13424 D LOWI-9.0.0.87.a: [LOWI-Scan] BSS 18:6f:2d:81:20:62 (wlan0) ASSO: NO AddInfo: 0x0, TSF 0, 00:38:27.078, RSSI: -142, CPL: 127, AGE: 1488, SSID ThunderSoft_2.4G, TSFDelta: 0x2a7509a8, TXRate: 0
11-11 05:24:48.964 1400 13424 D LOWI-9.0.0.87.a: [LOWI-Scan]
11-11 05:24:48.964 1400 13424 D LOWI-9.0.0.87.a: [LOWI-Scan] print_bss_handler: Report beacon TSF 2301303435 as it greater than probe TSF 2301303435
11-11 05:24:48.964 1400 13424 D LOWI-9.0.0.87.a: [LOWI-Scan] decode_rsn_wpa_ie: LOWI_ENCRYPTION_TYPE_WPA_PSK
11-11 05:24:48.964 1400 13424 D LOWI-9.0.0.87.a: [LOWI-Scan] is_qcom_ie, bss_age: 0
11-11 05:24:48.964 1400 13424 D LOWI-9.0.0.87.a: [LOWI-Scan] BSS 5a:41:20:2d:fe:87 LOWI_PHY_MODE_11AC_VHT40_2G(12), Beacon Interval: 100, LOWI_ENCRYPTION_TYPE_WPA_PSK 11mcRanging: No, ANQP: No, LCI: No, Civic: No, capability(0x1411): ESS Privacy ShortSlotTime
11-11 05:24:48.964 1400 13424 D LOWI-9.0.0.87.a: [LOWI-Scan] BSS 5a:41:20:2d:fe:87 FREQ: 2412, cFreq1[40:80:160] = [2422:0:0] cFreq2 = 0 Country Code = CN
11-11 05:24:48.964 1400 13424 D LOWI-9.0.0.87.a: [LOWI-Scan] BSS 5a:41:20:2d:fe:87 (wlan0) ASSO: NO AddInfo: 0x1, TSF 0, 00:38:21.303, RSSI: -124, CPL: 127, AGE: 7267, SSID , TSFDelta: 0xe5805259, TXRate: 0
11-11 05:24:48.964 1400 13424 D LOWI-9.0.0.87.a: [LOWI-Scan]
11-11 05:24:48.964 1400 13424 D LOWI-9.0.0.87.a: [LOWI-Scan] print_bss_handler: Report beacon TSF 2308292661 as it greater than probe TSF 2288655177
11-11 05:24:48.964 1400 13424 D LOWI-9.0.0.87.a: [LOWI-Scan] decode_rsn_wpa_ie: LOWI_ENCRYPTION_TYPE_WPA_PSK
11-11 05:24:48.964 1400 13424 D LOWI-9.0.0.87.a: [LOWI-Scan] is_qcom_ie, bss_age: 0
11-11 05:24:48.964 1400 13424 D LOWI-9.0.0.87.a: [LOWI-Scan] BSS c2:a3:0b:75:b1:37 LOWI_PHY_MODE_11NG_HT20(5), Beacon Interval: 100, LOWI_ENCRYPTION_TYPE_WPA_PSK 11mcRanging: No, ANQP: No, LCI: No, Civic: No, capability(0x1431): ESS Privacy ShortPreamble ShortSlotTime
11-11 05:24:48.964 1400 13424 D LOWI-9.0.0.87.a: [LOWI-Scan] BSS c2:a3:0b:75:b1:37 FREQ: 2462, cFreq1[40:80:160] = [0:0:0] cFreq2 = 0 Country Code = CN
11-11 05:24:48.964 1400 13424 D LOWI-9.0.0.87.a: [LOWI-Scan] BSS c2:a3:0b:75:b1:37 (wlan0) ASSO: NO AddInfo: 0x1, TSF 0, 00:38:28.292, RSSI: -154, CPL: 127, AGE: 272, SSID F51B_1094, TSFDelta: 0x313360b6, TXRate: 0
11-11 05:24:48.964 1400 13424 D LOWI-9.0.0.87.a: [LOWI-Scan]
11-11 05:24:48.964 1400 13424 D LOWI-9.0.0.87.a: [LOWI-Scan] print_bss_handler: Report beacon TSF 2308512678 as it greater than probe TSF 2258604843
11-11 05:24:48.964 1400 13424 D LOWI-9.0.0.87.a: [LOWI-Scan] decode_rsn_wpa_ie: LOWI_ENCRYPTION_TYPE_WPA_PSK
11-11 05:24:48.964 1400 13424 D LOWI-9.0.0.87.a: [LOWI-Scan] is_qcom_ie, bss_age: 0
11-11 05:24:48.964 1400 13424 D LOWI-9.0.0.87.a: [LOWI-Scan] BSS 18:6f:2d:81:18:82 LOWI_PHY_MODE_11NG_HT20(5), Beacon Interval: 100, LOWI_ENCRYPTION_TYPE_WPA_PSK 11mcRanging: No, ANQP: No, LCI: No, Civic: No, capability(0x0531): ESS Privacy ShortPreamble SpectrumMgmt ShortSlotTime
11-11 05:24:48.964 1400 13424 D LOWI-9.0.0.87.a: [LOWI-Scan] BSS 18:6f:2d:81:18:82 FREQ: 2472, cFreq1[40:80:160] = [2472:0:0] cFreq2 = 0 Country Code = CN
11-11 05:24:48.964 1400 13424 D LOWI-9.0.0.87.a: [LOWI-Scan] BSS 18:6f:2d:81:18:82 (wlan0) ASSO: NO AddInfo: 0x1, TSF 0, 00:38:28.512, RSSI: -160, CPL: 127, AGE: 52, SSID ThunderSoft_2.4G, TSFDelta: 0xc82abb2f, TXRate: 0
11-11 05:24:48.965 1400 13424 D LOWI-9.0.0.87.a: [LOWI-Scan]
11-11 05:24:48.965 1400 13424 D LOWI-9.0.0.87.a: [LOWI-Scan] print_bss_handler: Report Probe TSF 2307078661 as it greater than Beacon TSF 2307054653
11-11 05:24:48.965 1400 13424 D LOWI-9.0.0.87.a: [LOWI-Scan] is_qcom_ie, bss_age: 0
11-11 05:24:48.965 1400 13424 D LOWI-9.0.0.87.a: [LOWI-Scan] BSS 18:6f:2d:81:20:61 LOWI_PHY_MODE_11NG_HT20(5), Beacon Interval: 100, LOWI_ENCRYPTION_TYPE_OPEN 11mcRanging: No, ANQP: No, LCI: No, Civic: No, capability(0x0521): ESS ShortPreamble SpectrumMgmt ShortSlotTime
11-11 05:24:48.965 1400 13424 D LOWI-9.0.0.87.a: [LOWI-Scan] BSS 18:6f:2d:81:20:61 FREQ: 2412, cFreq1[40:80:160] = [2412:0:0] cFreq2 = 0 Country Code = CN
11-11 05:24:48.965 1400 13424 D LOWI-9.0.0.87.a: [LOWI-Scan] BSS 18:6f:2d:81:20:61 (wlan0) ASSO: NO AddInfo: 0x0, TSF 0, 00:38:27.078, RSSI: -156, CPL: 127, AGE: 1488, SSID Guest, TSFDelta: 0x2a689bf0, TXRate: 0
11-11 05:24:48.965 1400 13424 D LOWI-9.0.0.87.a: [LOWI-Scan]
11-11 05:24:48.965 1400 13424 D LOWI-9.0.0.87.a: [LOWI-Scan] print_bss_handler: Report Probe TSF 2307534569 as it greater than Beacon TSF 2301975068
11-11 05:24:48.965 1400 13424 D LOWI-9.0.0.87.a: [LOWI-Scan] is_qcom_ie, bss_age: 0
11-11 05:24:48.965 1400 13424 D LOWI-9.0.0.87.a: [LOWI-Scan] BSS 18:6f:2d:81:18:45 LOWI_PHY_MODE_11NG_HT20(5), Beacon Interval: 100, LOWI_ENCRYPTION_TYPE_OPEN 11mcRanging: No, ANQP: No, LCI: No, Civic: No, capability(0x0521): ESS ShortPreamble SpectrumMgmt ShortSlotTime
11-11 05:24:48.965 1400 13424 D LOWI-9.0.0.87.a: [LOWI-Scan] BSS 18:6f:2d:81:18:45 FREQ: 2432, cFreq1[40:80:160] = [2432:0:0] cFreq2 = 0 Country Code = CN
11-11 05:24:48.965 1400 13424 D LOWI-9.0.0.87.a: [LOWI-Scan] BSS 18:6f:2d:81:18:45 (wlan0) ASSO: NO AddInfo: 0x0, TSF 0, 00:38:27.534, RSSI: -114, CPL: 127, AGE: 1032, SSID IT, TSFDelta: 0x395ab8f4, TXRate: 0
11-11 05:24:48.965 1400 13424 D LOWI-9.0.0.87.a: [LOWI-Scan]
11-11 05:24:48.965 1400 13424 D LOWI-9.0.0.87.a: [LOWI-Scan] print_bss_handler: Report beacon TSF 2302145351 as it greater than probe TSF 2302145351
11-11 05:24:48.965 1400 13424 D LOWI-9.0.0.87.a: [LOWI-Scan] decode_rsn_wpa_ie: LOWI_ENCRYPTION_TYPE_WPA_PSK
11-11 05:24:48.965 1400 13424 D LOWI-9.0.0.87.a: [LOWI-Scan] is_qcom_ie, bss_age: 0
11-11 05:24:48.965 1400 13424 D LOWI-9.0.0.87.a: [LOWI-Scan] BSS f4:84:8d:21:25:a7 LOWI_PHY_MODE_11NG_HT40(7), Beacon Interval: 100, LOWI_ENCRYPTION_TYPE_WPA_PSK 11mcRanging: No, ANQP: No, LCI: No, Civic: No, capability(0x1411): ESS Privacy ShortSlotTime
11-11 05:24:48.965 1400 13424 D LOWI-9.0.0.87.a: [LOWI-Scan] BSS f4:84:8d:21:25:a7 FREQ: 2437, cFreq1[40:80:160] = [2427:0:0] cFreq2 = 0 Country Code = CN
11-11 05:24:48.965 1400 13424 D LOWI-9.0.0.87.a: [LOWI-Scan] BSS f4:84:8d:21:25:a7 (wlan0) ASSO: NO AddInfo: 0x1, TSF 0, 00:38:22.145, RSSI: -128, CPL: 127, AGE: 6423, SSID hht_test_wifi_fc4318c9, TSFDelta: 0xd29a8f8, TXRate: 0
11-11 05:24:48.965 1400 13424 D LOWI-9.0.0.87.a: [LOWI-Scan]
11-11 05:24:48.965 1400 13424 D LOWI-9.0.0.87.a: [LOWI-Scan] print_bss_handler: Report Probe TSF 2308521738 as it greater than Beacon TSF 2308511879
11-11 05:24:48.965 1400 13424 D LOWI-9.0.0.87.a: [LOWI-Scan] decode_rsn_wpa_ie: LOWI_ENCRYPTION_TYPE_WPA_PSK
11-11 05:24:48.965 1400 13424 D LOWI-9.0.0.87.a: [LOWI-Scan] is_qcom_ie, bss_age: 0
11-11 05:24:48.965 1400 13424 D LOWI-9.0.0.87.a: [LOWI-Scan] BSS 18:6f:2d:80:dd:62 LOWI_PHY_MODE_11NG_HT20(5), Beacon Interval: 100, LOWI_ENCRYPTION_TYPE_WPA_PSK 11mcRanging: No, ANQP: No, LCI: No, Civic: No, capability(0x0531): ESS Privacy ShortPreamble SpectrumMgmt ShortSlotTime
11-11 05:24:48.965 1400 13424 D LOWI-9.0.0.87.a: [LOWI-Scan] BSS 18:6f:2d:80:dd:62 FREQ: 2472, cFreq1[40:80:160] = [2472:0:0] cFreq2 = 0 Country Code = CN
11-11 05:24:48.965 1400 13424 D LOWI-9.0.0.87.a: [LOWI-Scan] BSS 18:6f:2d:80:dd:62 (wlan0) ASSO: NO AddInfo: 0x0, TSF 0, 00:38:28.521, RSSI: -146, CPL: 127, AGE: 44, SSID ThunderSoft_2.4G, TSFDelta: 0xb9fda4a2, TXRate: 0
11-11 05:24:48.965 1400 13424 D LOWI-9.0.0.87.a: [LOWI-Scan]
11-11 05:24:48.965 1400 13424 D LOWI-9.0.0.87.a: [LOWI-Scan] print_bss_handler: Report Probe TSF 2301352953 as it greater than Beacon TSF 2297052923
11-11 05:24:48.965 1400 13424 D LOWI-9.0.0.87.a: [LOWI-Scan] decode_rsn_wpa_ie: LOWI_ENCRYPTION_TYPE_WPA_PSK
11-11 05:24:48.965 1400 13424 D LOWI-9.0.0.87.a: [LOWI-Scan] is_qcom_ie, bss_age: 0
11-11 05:24:48.965 1400 13424 D LOWI-9.0.0.87.a: [LOWI-Scan] BSS 18:6f:2d:81:16:e3 LOWI_PHY_MODE_11NG_HT20(5), Beacon Interval: 100, LOWI_ENCRYPTION_TYPE_WPA_PSK 11mcRanging: No, ANQP: No, LCI: No, Civic: No, capability(0x0531): ESS Privacy ShortPreamble SpectrumMgmt ShortSlotTime
11-11 05:24:48.965 1400 13424 D LOWI-9.0.0.87.a: [LOWI-Scan] BSS 18:6f:2d:81:16:e3 FREQ: 2412, cFreq1[40:80:160] = [2412:0:0] cFreq2 = 0 Country Code = CN
11-11 05:24:48.965 1400 13424 D LOWI-9.0.0.87.a: [LOWI-Scan] BSS 18:6f:2d:81:16:e3 (wlan0) ASSO: NO AddInfo: 0x0, TSF 0, 00:38:21.352, RSSI: -148, CPL: 127, AGE: 7218, SSID ZXHY, TSFDelta: 0x4cdb3424, TXRate: 0
11-11 05:24:48.966 1400 13424 D LOWI-9.0.0.87.a: [LOWI-Scan]
11-11 05:24:48.966 1400 13424 D LOWI-9.0.0.87.a: [LOWI-Scan] print_bss_handler: Report beacon TSF 2281266037 as it greater than probe TSF 2281266037
11-11 05:24:48.966 1400 13424 D LOWI-9.0.0.87.a: [LOWI-Scan] is_qcom_ie, bss_age: 0
11-11 05:24:48.966 1400 13424 D LOWI-9.0.0.87.a: [LOWI-Scan] adjust_age:AP AGE upper limit reached. Dont store
11-11 05:24:48.966 1400 13424 D LOWI-9.0.0.87.a: [LOWI-Scan] BSS 7e:b5:9b:1b:a4:31 LOWI_PHY_MODE_11AC_VHT40_2G(12), Beacon Interval: 100, LOWI_ENCRYPTION_TYPE_OPEN 11mcRanging: No, ANQP: Yes, LCI: No, Civic: No, capability(0x1421): ESS ShortPreamble ShortSlotTime
11-11 05:24:48.966 1400 13424 D LOWI-9.0.0.87.a: [LOWI-Scan] BSS 7e:b5:9b:1b:a4:31 FREQ: 2412, cFreq1[40:80:160] = [2422:0:0] cFreq2 = 0 Country Code = CN
11-11 05:24:48.966 1400 13424 D LOWI-9.0.0.87.a: [LOWI-Scan] BSS 7e:b5:9b:1b:a4:31 (wlan0) ASSO: NO AddInfo: 0x1, TSF 0, 00:38:01.266, RSSI: -170, CPL: 127, AGE: 27304, SSID TPGuest_A431, TSFDelta: 0xa9d9606, TXRate: 0
11-11 05:24:48.966 1400 13424 D LOWI-9.0.0.87.a: [LOWI-Scan]
11-11 05:24:48.966 1400 13424 D LOWI-9.0.0.87.a: [LOWI-Scan] print_bss_handler: Report beacon TSF 2281485576 as it greater than probe TSF 2281485576
11-11 05:24:48.966 1400 13424 D LOWI-9.0.0.87.a: [LOWI-Scan] is_qcom_ie, bss_age: 0
11-11 05:24:48.966 1400 13424 D LOWI-9.0.0.87.a: [LOWI-Scan] adjust_age:AP AGE upper limit reached. Dont store
11-11 05:24:48.966 1400 13424 D LOWI-9.0.0.87.a: [LOWI-Scan] BSS 18:6f:2d:0a:ae:01 LOWI_PHY_MODE_11NG_HT20(5), Beacon Interval: 100, LOWI_ENCRYPTION_TYPE_OPEN 11mcRanging: No, ANQP: No, LCI: No, Civic: No, capability(0x0521): ESS ShortPreamble SpectrumMgmt ShortSlotTime
11-11 05:24:48.966 1400 13424 D LOWI-9.0.0.87.a: [LOWI-Scan] BSS 18:6f:2d:0a:ae:01 FREQ: 2422, cFreq1[40:80:160] = [2422:0:0] cFreq2 = 0 Country Code = CN
11-11 05:24:48.966 1400 13424 D LOWI-9.0.0.87.a: [LOWI-Scan] BSS 18:6f:2d:0a:ae:01 (wlan0) ASSO: NO AddInfo: 0x1, TSF 0, 00:38:01.485, RSSI: -162, CPL: 127, AGE: 27084, SSID Guest, TSFDelta: 0x739310ab, TXRate: 0
11-11 05:24:48.966 1400 13424 D LOWI-9.0.0.87.a: [LOWI-Scan]
11-11 05:24:48.966 1400 13424 D LOWI-9.0.0.87.a: [LOWI-Scan] print_bss_handler: Report beacon TSF 2291649048 as it greater than probe TSF 2291649048
11-11 05:24:48.966 1400 13424 D LOWI-9.0.0.87.a: [LOWI-Scan] decode_rsn_wpa_ie: LOWI_ENCRYPTION_TYPE_WPA_PSK
11-11 05:24:48.966 1400 13424 D LOWI-9.0.0.87.a: [LOWI-Scan] is_qcom_ie, bss_age: 0
11-11 05:24:48.966 1400 13424 D LOWI-9.0.0.87.a: [LOWI-Scan] adjust_age:AP AGE upper limit reached. Dont store
11-11 05:24:48.966 1400 13424 D LOWI-9.0.0.87.a: [LOWI-Scan] BSS f6:84:8d:21:25:a9 LOWI_PHY_MODE_11AC_VHT80(10), Beacon Interval: 100, LOWI_ENCRYPTION_TYPE_WPA_PSK 11mcRanging: No, ANQP: No, LCI: No, Civic: No, capability(0x0011): ESS Privacy
11-11 05:24:48.966 1400 13424 D LOWI-9.0.0.87.a: [LOWI-Scan] BSS f6:84:8d:21:25:a9 FREQ: 5805, cFreq1[40:80:160] = [5795:5775:0] cFreq2 = 0 Country Code = CN
11-11 05:24:48.966 1400 13424 D LOWI-9.0.0.87.a: [LOWI-Scan] BSS f6:84:8d:21:25:a9 (wlan0) ASSO: NO AddInfo: 0x1, TSF 0, 00:38:11.649, RSSI: -132, CPL: 127, AGE: 16920, SSID , TSFDelta: 0xdc28e458, TXRate: 0
11-11 05:24:48.966 1400 13424 D LOWI-9.0.0.87.a: [LOWI-Scan]
11-11 05:24:48.966 1400 13424 D LOWI-9.0.0.87.a: [LOWI-Scan] print_bss_handler: Report Probe TSF 2282843410 as it greater than Beacon TSF 0
11-11 05:24:48.966 1400 13424 D LOWI-9.0.0.87.a: [LOWI-Scan] is_qcom_ie, bss_age: 0
11-11 05:24:48.966 1400 13424 D LOWI-9.0.0.87.a: [LOWI-Scan] adjust_age:AP AGE upper limit reached. Dont store
11-11 05:24:48.966 1400 13424 D LOWI-9.0.0.87.a: [LOWI-Scan] BSS 18:6f:2d:25:0e:61 LOWI_PHY_MODE_11G(1), Beacon Interval: 100, LOWI_ENCRYPTION_TYPE_OPEN 11mcRanging: No, ANQP: No, LCI: No, Civic: No, capability(0x0521): ESS ShortPreamble SpectrumMgmt ShortSlotTime
11-11 05:24:48.966 1400 13424 D LOWI-9.0.0.87.a: [LOWI-Scan] BSS 18:6f:2d:25:0e:61 FREQ: 2462, cFreq1[40:80:160] = [0:0:0] cFreq2 = 0 Country Code = CN
11-11 05:24:48.966 1400 13424 D LOWI-9.0.0.87.a: [LOWI-Scan] BSS 18:6f:2d:25:0e:61 (wlan0) ASSO: NO AddInfo: 0x0, TSF 0, 00:38:02.843, RSSI: -160, CPL: 127, AGE: 25728, SSID Guest, TSFDelta: 0xc7871447, TXRate: 0
11-11 05:24:48.966 1400 13424 D LOWI-9.0.0.87.a: [LOWI-Scan]
11-11 05:24:48.966 1400 13424 D LOWI-9.0.0.87.a: [LOWI-Scan] print_bss_handler: Report beacon TSF 2283025881 as it greater than probe TSF 2283025881
11-11 05:24:48.966 1400 13424 D LOWI-9.0.0.87.a: [LOWI-Scan] decode_rsn_wpa_ie: LOWI_ENCRYPTION_TYPE_WPA_PSK
11-11 05:24:48.966 1400 13424 D LOWI-9.0.0.87.a: [LOWI-Scan] is_qcom_ie, bss_age: 0
11-11 05:24:48.966 1400 13424 D LOWI-9.0.0.87.a: [LOWI-Scan] adjust_age:AP AGE upper limit reached. Dont store
11-11 05:24:48.966 1400 13424 D LOWI-9.0.0.87.a: [LOWI-Scan] BSS 18:6f:2d:81:18:85 LOWI_PHY_MODE_11NG_HT20(5), Beacon Interval: 100, LOWI_ENCRYPTION_TYPE_WPA_PSK 11mcRanging: No, ANQP: No, LCI: No, Civic: No, capability(0x0531): ESS Privacy ShortPreamble SpectrumMgmt ShortSlotTime
11-11 05:24:48.966 1400 13424 D LOWI-9.0.0.87.a: [LOWI-Scan] BSS 18:6f:2d:81:18:85 FREQ: 2472, cFreq1[40:80:160] = [2472:0:0] cFreq2 = 0 Country Code = CN
11-11 05:24:48.966 1400 13424 D LOWI-9.0.0.87.a: [LOWI-Scan] BSS 18:6f:2d:81:18:85 (wlan0) ASSO: NO AddInfo: 0x1, TSF 0, 00:38:03.025, RSSI: -154, CPL: 127, AGE: 25544, SSID GM_2.4G, TSFDelta: 0xc4bc87b7, TXRate: 0
11-11 05:24:48.966 1400 13424 D LOWI-9.0.0.87.a: [LOWI-Scan]
11-11 05:24:48.966 1400 13424 D LOWI-9.0.0.87.a: [LOWI-Scan] print_bss_handler: Report Probe TSF 2287112241 as it greater than Beacon TSF 2287109860
11-11 05:24:48.966 1400 13424 D LOWI-9.0.0.87.a: [LOWI-Scan] decode_rsn_wpa_ie: LOWI_ENCRYPTION_TYPE_WPA_PSK
11-11 05:24:48.966 1400 13424 D LOWI-9.0.0.87.a: [LOWI-Scan] is_qcom_ie, bss_age: 0
11-11 05:24:48.966 1400 13424 D LOWI-9.0.0.87.a: [LOWI-Scan] adjust_age:AP AGE upper limit reached. Dont store
11-11 05:24:48.966 1400 13424 D LOWI-9.0.0.87.a: [LOWI-Scan] BSS 62:e6:f0:dd:03:c7 LOWI_PHY_MODE_11AC_VHT80(10), Beacon Interval: 100, LOWI_ENCRYPTION_TYPE_WPA_PSK 11mcRanging: No, ANQP: Yes, LCI: No, Civic: No, capability(0x0111): ESS Privacy SpectrumMgmt
11-11 05:24:48.966 1400 13424 D LOWI-9.0.0.87.a: [LOWI-Scan] BSS 62:e6:f0:dd:03:c7 FREQ: 5220, cFreq1[40:80:160] = [5230:5210:0] cFreq2 = 0 Country Code = US
11-11 05:24:48.966 1400 13424 D LOWI-9.0.0.87.a: [LOWI-Scan] BSS 62:e6:f0:dd:03:c7 (wlan0) ASSO: NO AddInfo: 0x0, TSF 0, 00:38:07.112, RSSI: -164, CPL: 127, AGE: 21456, SSID myGMC 03C7, TSFDelta: 0x7e74008e, TXRate: 0
11-11 05:24:48.967 1400 13424 D LOWI-9.0.0.87.a: [LOWI-Scan]
11-11 05:24:48.967 1400 13424 D LOWI-9.0.0.87.a: [LOWI-Scan] print_bss_handler: Report beacon TSF 2287160447 as it greater than probe TSF 2287160447
11-11 05:24:48.967 1400 13424 D LOWI-9.0.0.87.a: [LOWI-Scan] decode_rsn_wpa_ie: LOWI_ENCRYPTION_TYPE_WPA_PSK
11-11 05:24:48.967 1400 13424 D LOWI-9.0.0.87.a: [LOWI-Scan] is_qcom_ie, bss_age: 0
11-11 05:24:48.967 1400 13424 D LOWI-9.0.0.87.a: [LOWI-Scan] adjust_age:AP AGE upper limit reached. Dont store
11-11 05:24:48.967 1400 13424 D LOWI-9.0.0.87.a: [LOWI-Scan] BSS 5a:41:20:2d:fe:89 LOWI_PHY_MODE_11AC_VHT80(10), Beacon Interval: 100, LOWI_ENCRYPTION_TYPE_WPA_PSK 11mcRanging: No, ANQP: No, LCI: No, Civic: No, capability(0x1011): ESS Privacy
11-11 05:24:48.967 1400 13424 D LOWI-9.0.0.87.a: [LOWI-Scan] BSS 5a:41:20:2d:fe:89 FREQ: 5240, cFreq1[40:80:160] = [5230:5210:0] cFreq2 = 0 Country Code = CN
11-11 05:24:48.967 1400 13424 D LOWI-9.0.0.87.a: [LOWI-Scan] BSS 5a:41:20:2d:fe:89 (wlan0) ASSO: NO AddInfo: 0x1, TSF 0, 00:38:07.160, RSSI: -162, CPL: 127, AGE: 21408, SSID , TSFDelta: 0xc8e07c62, TXRate: 0
11-11 05:24:48.967 1400 13424 D LOWI-9.0.0.87.a: [LOWI-Scan]
11-11 05:24:48.967 1400 13424 D LOWI-9.0.0.87.a: [LOWI-Scan] print_bss_handler: Report beacon TSF 2292755354 as it greater than probe TSF 2292755354
11-11 05:24:48.967 1400 13424 D LOWI-9.0.0.87.a: [LOWI-Scan] decode_rsn_wpa_ie: LOWI_ENCRYPTION_TYPE_WPA_PSK
11-11 05:24:48.967 1400 13424 D LOWI-9.0.0.87.a: [LOWI-Scan] is_qcom_ie, bss_age: 0
11-11 05:24:48.967 1400 13424 D LOWI-9.0.0.87.a: [LOWI-Scan] adjust_age:AP AGE upper limit reached. Dont store
11-11 05:24:48.967 1400 13424 D LOWI-9.0.0.87.a: [LOWI-Scan] BSS a4:1a:3a:00:9f:35 LOWI_PHY_MODE_11NG_HT40(7), Beacon Interval: 100, LOWI_ENCRYPTION_TYPE_WPA_PSK 11mcRanging: No, ANQP: No, LCI: No, Civic: No, capability(0x1411): ESS Privacy ShortSlotTime
11-11 05:24:48.967 1400 13424 D LOWI-9.0.0.87.a: [LOWI-Scan] BSS a4:1a:3a:00:9f:35 FREQ: 2462, cFreq1[40:80:160] = [2452:0:0] cFreq2 = 0 Country Code = CN
11-11 05:24:48.967 1400 13424 D LOWI-9.0.0.87.a: [LOWI-Scan] BSS a4:1a:3a:00:9f:35 (wlan0) ASSO: NO AddInfo: 0x1, TSF 0, 00:38:12.755, RSSI: -168, CPL: 127, AGE: 15816, SSID TP-LINK_9F35, TSFDelta: 0x32c13fce, TXRate: 0
11-11 05:24:48.967 1400 13424 D LOWI-9.0.0.87.a: [LOWI-Scan]
11-11 05:24:48.967 1400 13424 D LOWI-9.0.0.87.a: [LOWI-Scan] print_bss_handler: Report beacon TSF 2307036212 as it greater than probe TSF 2301316581
11-11 05:24:48.967 1400 13424 D LOWI-9.0.0.87.a: [LOWI-Scan] decode_rsn_wpa_ie: LOWI_ENCRYPTION_TYPE_WPA_PSK
11-11 05:24:48.967 1400 13424 D LOWI-9.0.0.87.a: [LOWI-Scan] is_qcom_ie, bss_age: 0
11-11 05:24:48.967 1400 13424 D LOWI-9.0.0.87.a: [LOWI-Scan] BSS 18:6f:2d:81:16:e0 LOWI_PHY_MODE_11NG_HT20(5), Beacon Interval: 100, LOWI_ENCRYPTION_TYPE_WPA_PSK 11mcRanging: No, ANQP: No, LCI: No, Civic: No, capability(0x0531): ESS Privacy ShortPreamble SpectrumMgmt ShortSlotTime
11-11 05:24:48.967 1400 13424 D LOWI-9.0.0.87.a: [LOWI-Scan] BSS 18:6f:2d:81:16:e0 FREQ: 2412, cFreq1[40:80:160] = [2412:0:0] cFreq2 = 0 Country Code = CN
11-11 05:24:48.967 1400 13424 D LOWI-9.0.0.87.a: [LOWI-Scan] BSS 18:6f:2d:81:16:e0 (wlan0) ASSO: NO AddInfo: 0x1, TSF 0, 00:38:27.036, RSSI: -142, CPL: 127, AGE: 1532, SSID Testing , TSFDelta: 0x4c24d8ea, TXRate: 0
11-11 05:24:48.967 1400 13424 D LOWI-9.0.0.87.a: [LOWI-Scan]
11-11 05:24:48.967 1400 13424 D LOWI-9.0.0.87.a: [LOWI-Scan] print_bss_handler: Report beacon TSF 2307390192 as it greater than probe TSF 2307390192
11-11 05:24:48.967 1400 13424 D LOWI-9.0.0.87.a: [LOWI-Scan] decode_rsn_wpa_ie: LOWI_ENCRYPTION_TYPE_WPA_PSK
11-11 05:24:48.967 1400 13424 D LOWI-9.0.0.87.a: [LOWI-Scan] is_qcom_ie, bss_age: 0
11-11 05:24:48.967 1400 13424 D LOWI-9.0.0.87.a: [LOWI-Scan] BSS 18:6f:2d:0a:b8:44 LOWI_PHY_MODE_11NG_HT20(5), Beacon Interval: 100, LOWI_ENCRYPTION_TYPE_WPA_PSK 11mcRanging: No, ANQP: No, LCI: No, Civic: No, capability(0x0531): ESS Privacy ShortPreamble SpectrumMgmt ShortSlotTime
11-11 05:24:48.967 1400 13424 D LOWI-9.0.0.87.a: [LOWI-Scan] BSS 18:6f:2d:0a:b8:44 FREQ: 2427, cFreq1[40:80:160] = [2427:0:0] cFreq2 = 0 Country Code = CN
11-11 05:24:48.967 1400 13424 D LOWI-9.0.0.87.a: [LOWI-Scan] BSS 18:6f:2d:0a:b8:44 (wlan0) ASSO: NO AddInfo: 0x1, TSF 0, 00:38:27.390, RSSI: -120, CPL: 127, AGE: 1180, SSID Fanya, TSFDelta: 0x3c074421, TXRate: 0
11-11 05:24:48.967 1400 13424 D LOWI-9.0.0.87.a: [LOWI-Scan]
11-11 05:24:48.967 1400 13424 D LOWI-9.0.0.87.a: [LOWI-Scan] print_bss_handler: Report beacon TSF 2307736354 as it greater than probe TSF 2297654600
11-11 05:24:48.967 1400 13424 D LOWI-9.0.0.87.a: [LOWI-Scan] decode_rsn_wpa_ie: LOWI_ENCRYPTION_TYPE_WPA_PSK
11-11 05:24:48.967 1400 13424 D LOWI-9.0.0.87.a: [LOWI-Scan] is_qcom_ie, bss_age: 0
11-11 05:24:48.967 1400 13424 D LOWI-9.0.0.87.a: [LOWI-Scan] BSS 18:6f:2d:81:18:95 LOWI_PHY_MODE_11AC_VHT20(8), Beacon Interval: 100, LOWI_ENCRYPTION_TYPE_WPA_PSK 11mcRanging: No, ANQP: No, LCI: No, Civic: No, capability(0x0111): ESS Privacy SpectrumMgmt
11-11 05:24:48.967 1400 13424 D LOWI-9.0.0.87.a: [LOWI-Scan] BSS 18:6f:2d:81:18:95 FREQ: 5280, cFreq1[40:80:160] = [5280:0:0] cFreq2 = 0 Country Code = CN
11-11 05:24:48.967 1400 13424 D LOWI-9.0.0.87.a: [LOWI-Scan] BSS 18:6f:2d:81:18:95 (wlan0) ASSO: NO AddInfo: 0x1, TSF 0, 00:38:27.736, RSSI: 0, CPL: 127, AGE: 832, SSID GM, TSFDelta: 0xb3ba2306, TXRate: 0
11-11 05:24:48.967 1400 13424 D LOWI-9.0.0.87.a: [LOWI-Scan]
11-11 05:24:48.967 1400 13424 D LOWI-9.0.0.87.a: [LOWI-Scan] print_bss_handler: Report Probe TSF 2297768673 as it greater than Beacon TSF 0
11-11 05:24:48.967 1400 13424 D LOWI-9.0.0.87.a: [LOWI-Scan] decode_rsn_wpa_ie: LOWI_ENCRYPTION_TYPE_WPA_PSK
11-11 05:24:48.967 1400 13424 D LOWI-9.0.0.87.a: [LOWI-Scan] is_qcom_ie, bss_age: 0
11-11 05:24:48.967 1400 13424 D LOWI-9.0.0.87.a: [LOWI-Scan] adjust_age:AP AGE upper limit reached. Dont store
11-11 05:24:48.968 1400 13424 D LOWI-9.0.0.87.a: [LOWI-Scan] BSS 36:b0:ef:8d:a6:ee LOWI_PHY_MODE_11NG_HT20(5), Beacon Interval: 100, LOWI_ENCRYPTION_TYPE_WPA_PSK 11mcRanging: No, ANQP: No, LCI: No, Civic: No, capability(0x1511): ESS Privacy SpectrumMgmt ShortSlotTime
11-11 05:24:48.968 1400 13424 D LOWI-9.0.0.87.a: [LOWI-Scan] BSS 36:b0:ef:8d:a6:ee FREQ: 2437, cFreq1[40:80:160] = [0:0:0] cFreq2 = 0 Country Code = CN
11-11 05:24:48.968 1400 13424 D LOWI-9.0.0.87.a: [LOWI-Scan] BSS 36:b0:ef:8d:a6:ee (wlan0) ASSO: NO AddInfo: 0x0, TSF 0, 00:38:17.768, RSSI: -166, CPL: 127, AGE: 10800, SSID ___DuKaijie______ iPhone, TSFDelta: 0x5d0d3991, TXRate: 0
11-11 05:24:48.968 1400 13424 D LOWI-9.0.0.87.a: [LOWI-Scan]
11-11 05:24:48.968 1400 13424 D LOWI-9.0.0.87.a: [LOWI-Scan] print_bss_handler: Report Probe TSF 2302783274 as it greater than Beacon TSF 0
11-11 05:24:48.968 1400 13424 D LOWI-9.0.0.87.a: [LOWI-Scan] decode_rsn_wpa_ie: LOWI_ENCRYPTION_TYPE_WPA_PSK
11-11 05:24:48.968 1400 13424 D LOWI-9.0.0.87.a: [LOWI-Scan] is_qcom_ie, bss_age: 0
11-11 05:24:48.968 1400 13424 D LOWI-9.0.0.87.a: [LOWI-Scan] BSS b6:0a:ca:3a:6f:be LOWI_PHY_MODE_11AC_VHT20_2G(11), Beacon Interval: 100, LOWI_ENCRYPTION_TYPE_WPA_PSK 11mcRanging: No, ANQP: No, LCI: No, Civic: No, capability(0x1431): ESS Privacy ShortPreamble ShortSlotTime
11-11 05:24:48.968 1400 13424 D LOWI-9.0.0.87.a: [LOWI-Scan] BSS b6:0a:ca:3a:6f:be FREQ: 2462, cFreq1[40:80:160] = [0:0:0] cFreq2 = 0 Country Code =
11-11 05:24:48.968 1400 13424 D LOWI-9.0.0.87.a: [LOWI-Scan] BSS b6:0a:ca:3a:6f:be (wlan0) ASSO: NO AddInfo: 0x0, TSF 0, 00:38:22.783, RSSI: -140, CPL: 127, AGE: 5790, SSID OPPO Reno6 Pro+ 5G, TSFDelta: 0xa3cd1429, TXRate: 0
11-11 05:24:48.968 1400 13424 D LOWI-9.0.0.87.a: [LOWI-Scan]
11-11 05:24:48.968 1400 13424 D LOWI-9.0.0.87.a: [LOWI-Scan] print_bss_handler: Report Probe TSF 2302774765 as it greater than Beacon TSF 0
11-11 05:24:48.968 1400 13424 D LOWI-9.0.0.87.a: [LOWI-Scan] decode_rsn_wpa_ie: LOWI_ENCRYPTION_TYPE_WPA_PSK
11-11 05:24:48.968 1400 13424 D LOWI-9.0.0.87.a: [LOWI-Scan] is_qcom_ie, bss_age: 0
11-11 05:24:48.968 1400 13424 D LOWI-9.0.0.87.a: [LOWI-Scan] BSS 8c:de:f9:3f:0d:aa LOWI_PHY_MODE_11NG_HT20(5), Beacon Interval: 100, LOWI_ENCRYPTION_TYPE_WPA_PSK 11mcRanging: No, ANQP: No, LCI: No, Civic: No, capability(0x0c11): ESS Privacy ShortSlotTime APSD
11-11 05:24:48.968 1400 13424 D LOWI-9.0.0.87.a: [LOWI-Scan] BSS 8c:de:f9:3f:0d:aa FREQ: 2462, cFreq1[40:80:160] = [0:0:0] cFreq2 = 0 Country Code = CN
11-11 05:24:48.968 1400 13424 D LOWI-9.0.0.87.a: [LOWI-Scan] BSS 8c:de:f9:3f:0d:aa (wlan0) ASSO: NO AddInfo: 0x0, TSF 0, 00:38:22.774, RSSI: -132, CPL: 127, AGE: 5797, SSID Xiaomi_0DA9, TSFDelta: 0x60dd62d7, TXRate: 0
11-11 05:24:48.968 1400 13424 D LOWI-9.0.0.87.a: [LOWI-Scan]
11-11 05:24:48.968 1400 13424 D LOWI-9.0.0.87.a: [LOWI-Scan] print_bss_handler: Report beacon TSF 2303171709 as it greater than probe TSF 2303171709
11-11 05:24:48.968 1400 13424 D LOWI-9.0.0.87.a: [LOWI-Scan] decode_rsn_wpa_ie: LOWI_ENCRYPTION_TYPE_WPA_PSK
11-11 05:24:48.968 1400 13424 D LOWI-9.0.0.87.a: [LOWI-Scan] is_qcom_ie, bss_age: 0
11-11 05:24:48.968 1400 13424 D LOWI-9.0.0.87.a: [LOWI-Scan] BSS d8:32:14:df:f6:03 LOWI_PHY_MODE_11AC_VHT40_2G(12), Beacon Interval: 100, LOWI_ENCRYPTION_TYPE_WPA_PSK 11mcRanging: No, ANQP: Yes, LCI: No, Civic: No, capability(0x1431): ESS Privacy ShortPreamble ShortSlotTime
11-11 05:24:48.968 1400 13424 D LOWI-9.0.0.87.a: [LOWI-Scan] BSS d8:32:14:df:f6:03 FREQ: 2472, cFreq1[40:80:160] = [2462:0:0] cFreq2 = 0 Country Code = CN
11-11 05:24:48.968 1400 13424 D LOWI-9.0.0.87.a: [LOWI-Scan] BSS d8:32:14:df:f6:03 (wlan0) ASSO: NO AddInfo: 0x1, TSF 0, 00:38:23.171, RSSI: -160, CPL: 127, AGE: 5402, SSID Tenda_53B400, TSFDelta: 0x688cb25e, TXRate: 0
11-11 05:24:48.968 1400 13424 D LOWI-9.0.0.87.a: [LOWI-Scan]
11-11 05:24:48.968 1400 13424 D LOWI-9.0.0.87.a: [LOWI-Scan] print_bss_handler: Report beacon TSF 2303184499 as it greater than probe TSF 2303184499
11-11 05:24:48.968 1400 13424 D LOWI-9.0.0.87.a: [LOWI-Scan] decode_rsn_wpa_ie: LOWI_ENCRYPTION_TYPE_WPA_PSK
11-11 05:24:48.968 1400 13424 D LOWI-9.0.0.87.a: [LOWI-Scan] is_qcom_ie, bss_age: 0
11-11 05:24:48.968 1400 13424 D LOWI-9.0.0.87.a: [LOWI-Scan] BSS 18:6f:2d:81:18:80 LOWI_PHY_MODE_11NG_HT20(5), Beacon Interval: 100, LOWI_ENCRYPTION_TYPE_WPA_PSK 11mcRanging: No, ANQP: No, LCI: No, Civic: No, capability(0x0531): ESS Privacy ShortPreamble SpectrumMgmt ShortSlotTime
11-11 05:24:48.968 1400 13424 D LOWI-9.0.0.87.a: [LOWI-Scan] BSS 18:6f:2d:81:18:80 FREQ: 2472, cFreq1[40:80:160] = [2472:0:0] cFreq2 = 0 Country Code = CN
11-11 05:24:48.968 1400 13424 D LOWI-9.0.0.87.a: [LOWI-Scan] BSS 18:6f:2d:81:18:80 (wlan0) ASSO: NO AddInfo: 0x1, TSF 0, 00:38:23.184, RSSI: -142, CPL: 127, AGE: 5386, SSID Testing , TSFDelta: 0xe9079e31, TXRate: 0
11-11 05:24:48.968 1400 13424 D LOWI-9.0.0.87.a: [LOWI-Scan]
11-11 05:24:48.968 1400 13424 D LOWI-9.0.0.87.a: [LOWI-Scan] print_bss_handler: Report beacon TSF 2307035775 as it greater than probe TSF 2307035775
11-11 05:24:48.968 1400 13424 D LOWI-9.0.0.87.a: [LOWI-Scan] decode_rsn_wpa_ie: LOWI_ENCRYPTION_TYPE_WPA_PSK
11-11 05:24:48.968 1400 13424 D LOWI-9.0.0.87.a: [LOWI-Scan] is_qcom_ie, bss_age: 0
11-11 05:24:48.968 1400 13424 D LOWI-9.0.0.87.a: [LOWI-Scan] BSS 18:6f:2d:81:1e:60 LOWI_PHY_MODE_11NG_HT20(5), Beacon Interval: 100, LOWI_ENCRYPTION_TYPE_WPA_PSK 11mcRanging: No, ANQP: No, LCI: No, Civic: No, capability(0x0531): ESS Privacy ShortPreamble SpectrumMgmt ShortSlotTime
11-11 05:24:48.968 1400 13424 D LOWI-9.0.0.87.a: [LOWI-Scan] BSS 18:6f:2d:81:1e:60 FREQ: 2412, cFreq1[40:80:160] = [2412:0:0] cFreq2 = 0 Country Code = CN
11-11 05:24:48.968 1400 13424 D LOWI-9.0.0.87.a: [LOWI-Scan] BSS 18:6f:2d:81:1e:60 (wlan0) ASSO: NO AddInfo: 0x1, TSF 0, 00:38:27.035, RSSI: -176, CPL: 127, AGE: 1536, SSID Testing , TSFDelta: 0x277e3abf, TXRate: 0
11-11 05:24:48.969 1400 13424 D LOWI-9.0.0.87.a: [LOWI-Scan]
11-11 05:24:48.969 1400 13424 D LOWI-9.0.0.87.a: [LOWI-Scan] print_bss_handler: Report beacon TSF 2307304899 as it greater than probe TSF 2307304899
11-11 05:24:48.969 1400 13424 D LOWI-9.0.0.87.a: [LOWI-Scan] decode_rsn_wpa_ie: LOWI_ENCRYPTION_TYPE_WPA_PSK
11-11 05:24:48.969 1400 13424 D LOWI-9.0.0.87.a: [LOWI-Scan] is_qcom_ie, bss_age: 0
11-11 05:24:48.969 1400 13424 D LOWI-9.0.0.87.a: [LOWI-Scan] BSS 18:6f:2d:81:0d:84 LOWI_PHY_MODE_11NG_HT20(5), Beacon Interval: 100, LOWI_ENCRYPTION_TYPE_WPA_PSK 11mcRanging: No, ANQP: No, LCI: No, Civic: No, capability(0x0531): ESS Privacy ShortPreamble SpectrumMgmt ShortSlotTime
11-11 05:24:48.969 1400 13424 D LOWI-9.0.0.87.a: [LOWI-Scan] BSS 18:6f:2d:81:0d:84 FREQ: 2422, cFreq1[40:80:160] = [2422:0:0] cFreq2 = 0 Country Code = CN
11-11 05:24:48.969 1400 13424 D LOWI-9.0.0.87.a: [LOWI-Scan] BSS 18:6f:2d:81:0d:84 (wlan0) ASSO: NO AddInfo: 0x1, TSF 0, 00:38:27.304, RSSI: -156, CPL: 127, AGE: 1264, SSID Fanya, TSFDelta: 0x947f3148, TXRate: 0
11-11 05:24:48.969 1400 13424 D LOWI-9.0.0.87.a: [LOWI-Scan]
11-11 05:24:48.969 1400 13424 D LOWI-9.0.0.87.a: [LOWI-Scan] print_bss_handler: Report beacon TSF 2307390128 as it greater than probe TSF 2307390128
11-11 05:24:48.969 1400 13424 D LOWI-9.0.0.87.a: [LOWI-Scan] decode_rsn_wpa_ie: LOWI_ENCRYPTION_TYPE_WPA_PSK
11-11 05:24:48.969 1400 13424 D LOWI-9.0.0.87.a: [LOWI-Scan] is_qcom_ie, bss_age: 0
11-11 05:24:48.969 1400 13424 D LOWI-9.0.0.87.a: [LOWI-Scan] BSS 18:6f:2d:0a:b8:43 LOWI_PHY_MODE_11NG_HT20(5), Beacon Interval: 100, LOWI_ENCRYPTION_TYPE_WPA_PSK 11mcRanging: No, ANQP: No, LCI: No, Civic: No, capability(0x0531): ESS Privacy ShortPreamble SpectrumMgmt ShortSlotTime
11-11 05:24:48.969 1400 13424 D LOWI-9.0.0.87.a: [LOWI-Scan] BSS 18:6f:2d:0a:b8:43 FREQ: 2427, cFreq1[40:80:160] = [2427:0:0] cFreq2 = 0 Country Code = CN
11-11 05:24:48.969 1400 13424 D LOWI-9.0.0.87.a: [LOWI-Scan] BSS 18:6f:2d:0a:b8:43 (wlan0) ASSO: NO AddInfo: 0x1, TSF 0, 00:38:27.390, RSSI: -116, CPL: 127, AGE: 1180, SSID ZXHY, TSFDelta: 0x3c01c2d6, TXRate: 0
11-11 05:24:48.969 1400 13424 D LOWI-9.0.0.87.a: [LOWI-Scan]
11-11 05:24:48.969 1400 13424 D LOWI-9.0.0.87.a: [LOWI-Scan] print_bss_handler: Report beacon TSF 2307601258 as it greater than probe TSF 2307601258
11-11 05:24:48.969 1400 13424 D LOWI-9.0.0.87.a: [LOWI-Scan] is_qcom_ie, bss_age: 0
11-11 05:24:48.969 1400 13424 D LOWI-9.0.0.87.a: [LOWI-Scan] BSS ec:88:8f:86:24:e0 LOWI_PHY_MODE_11NG_HT40(7), Beacon Interval: 100, LOWI_ENCRYPTION_TYPE_OPEN 11mcRanging: No, ANQP: No, LCI: No, Civic: No, capability(0x0531): ESS Privacy ShortPreamble SpectrumMgmt ShortSlotTime
11-11 05:24:48.969 1400 13424 D LOWI-9.0.0.87.a: [LOWI-Scan] BSS ec:88:8f:86:24:e0 FREQ: 2437, cFreq1[40:80:160] = [2447:0:0] cFreq2 = 0 Country Code = US
11-11 05:24:48.969 1400 13424 D LOWI-9.0.0.87.a: [LOWI-Scan] BSS ec:88:8f:86:24:e0 (wlan0) ASSO: NO AddInfo: 0x1, TSF 0, 00:38:27.601, RSSI: -136, CPL: 127, AGE: 968, SSID FW_xts, TSFDelta: 0xb0ad3a18, TXRate: 0
11-11 05:24:48.969 1400 13424 D LOWI-9.0.0.87.a: [LOWIDiagLog] Log: lowiMeasResult->request: invalid null argument
11-11 05:24:48.969 1400 13424 I LOWI-9.0.0.87.a: [LOWI-Scan] lowi_close_record:Scan done in 2283486ms, 75 APs in scan results
11-11 05:24:48.969 1400 13424 D LOWI-9.0.0.87.a: [LOWI-Scan] WipsScanUsingNL: passive scan cached 0, took 5327 ms, err 0
11-11 05:24:48.969 1400 13424 D LOWI-9.0.0.87.a: [LOWI-Scan] lowi_proc_req_passive_scan_with_live_meas - No WLAN Frames to be parsed
11-11 05:24:48.969 1400 13424 D LOWI-9.0.0.87.a: [LOWIScanResultReceiver] Send scan meas to listener
11-11 05:24:48.969 1400 13424 D LOWI-9.0.0.87.a: [LOWIScanResultReceiver] Enter passive listening mode
11-11 05:24:48.969 1400 13424 D LOWI-9.0.0.87.a: [LOWIWifiDriverInterface] getMeasurements - Passive listening mode
11-11 05:24:48.969 1400 13424 D LOWI-9.0.0.87.a: [LOWI-Scan] WipsScanUsingNL:wait -1 sec for netlink message
11-11 05:24:48.970 1400 1449 D LOWI-9.0.0.87.a: [LOWIEventReceiver] handleEvent:FROM:NA, TO:NA, REQ:NA, IREQ:NA, REQ_ID:0, RESP:NA, INFO:NA
11-11 05:24:48.970 1400 1449 D LOWI-9.0.0.87.a: [LOWIBackgroundScanMgr] isRspForBgScanMgr: evt(LOWI_NO_EVT) - not handled
11-11 05:24:48.970 1400 1449 D LOWI-9.0.0.87.a: [LOWIScheduler] manageMsg: NULL results or NULL request in results
11-11 05:24:48.970 1400 1449 D LOWI-9.0.0.87.a: [LOWIController] Measurements received
11-11 05:24:48.970 1400 1449 D LOWI-9.0.0.87.a: [LOWICacheManager] putInCache:Num of Meas to add: 75
11-11 05:24:48.971 1400 1449 D LOWI-9.0.0.87.a: [LOWIController] processMeasurementResults: No current Request. Cache measurements
11-11 05:24:48.971 1400 1449 D LOWI-9.0.0.87.a: [LOWIController] sendAsyncScanResponse: Request FreeWifiScanObserver_0 is from a different client.
11-11 05:24:48.971 1400 1449 D LOWI-9.0.0.87.a: [LOWIController] generateResponse: Type (ASYNC_DISCOVERY_SCAN_RESULTS) ScanStatus (1) request FreeWifiScanObserver_0
11-11 05:24:48.971 1400 1449 D LOWI-9.0.0.87.a: [LOWIEventDispatcher] sendResponse - originator = FreeWifiScanObserver
11-11 05:24:48.971 1400 1449 D LOWI-9.0.0.87.a: [LOWIUtils] injectScanMeasurements - num of APs = 75
11-11 05:24:48.972 1490 2289 D WificondScannerImpl: Filtering out 36 scan results.
11-11 05:24:48.973 1400 1449 I LOWI-9.0.0.87.a: [LOWIUtils] responseToOutPostcard - TO: FreeWifiScanObserver, FROM: LOWI-SERVER, RESP: LOWI_ASYNC_DISCOVERY_SCAN_RESULTS
11-11 05:24:48.974 1400 1449 D LOWI-9.0.0.87.a: [LOWIControllerExtn] sendLOWILpDiscoveryScanResponse: Not a discovery scan response
11-11 05:24:48.985 2729 2729 D WifiDebugService: onScanResultsAvailable
11-11 05:24:48.985 2729 2729 D WifiDebugService: mTargetWifiConnected is connected
11-11 05:24:48.987 1490 2285 D PasspointManager: ANQP entry not found for: 62:e6:f0:dd:33:7c:
11-11 05:24:49.059 11823 11823 D WifiDetailsPrefCtrl2: Update UI!
11-11 05:24:49.064 11823 11823 D WifiDetailsPrefCtrl2: Wifi Type 4
11-11 05:24:49.066 11823 11823 D DashboardFragment: Preference key is null in Controller WifiDetailPreferenceController2
11-11 05:24:49.134 1214 7089 I OMX-VENC: venc_dev: stats: avg. fps 1.13, bitrate 7089
11-11 05:24:49.315 0 0 I auditd : type=1400 audit(0.0:3017): avc: denied { kill } for comm="swapper/3" capability=5 scontext=u:r:kernel:s0 tcontext=u:r:kernel:s0 tclass=capability permissive=0
11-11 05:24:49.315 0 0 W swapper/3: type=1400 audit(0.0:3017): avc: denied { kill } for capability=5 scontext=u:r:kernel:s0 tcontext=u:r:kernel:s0 tclass=capability permissive=0
11-11 05:24:49.785 649 664 I mpu_uart: [MSG-P:RECV]:No message received in 1000 ms
11-11 05:24:50.153 1214 7089 I OMX-VENC: venc_dev: stats: avg. fps 10.80, bitrate 69368
11-11 05:24:50.315 0 0 I auditd : type=1400 audit(0.0:3018): avc: denied { kill } for comm="swapper/3" capability=5 scontext=u:r:kernel:s0 tcontext=u:r:kernel:s0 tclass=capability permissive=0
11-11 05:24:50.315 0 0 W swapper/3: type=1400 audit(0.0:3018): avc: denied { kill } for capability=5 scontext=u:r:kernel:s0 tcontext=u:r:kernel:s0 tclass=capability permissive=0
11-11 05:24:50.785 649 664 I mpu_uart: [MSG-P:RECV]:No message received in 1000 ms
11-11 05:24:51.103 649 663 I mpu_uart: [MSG-P:R]:recv sync frame timeout
11-11 05:24:51.223 1214 7089 I OMX-VENC: venc_dev: stats: avg. fps 15.88, bitrate 105206
11-11 05:24:51.315 0 0 I auditd : type=1400 audit(0.0:3019): avc: denied { kill } for comm="swapper/3" capability=5 scontext=u:r:kernel:s0 tcontext=u:r:kernel:s0 tclass=capability permissive=0
11-11 05:24:51.315 0 0 W swapper/3: type=1400 audit(0.0:3019): avc: denied { kill } for capability=5 scontext=u:r:kernel:s0 tcontext=u:r:kernel:s0 tclass=capability permissive=0
11-11 05:24:51.613 1490 3779 I WifiService: startScan uid=1000
11-11 05:24:51.624 1400 13424 D LOWI-9.0.0.87.a: [LOWI-Scan] wait_event:Wait done with Cmd 33
11-11 05:24:51.624 1400 13424 D LOWI-9.0.0.87.a: [LOWI-Scan] do_listen_events: Rcvd valid Netlink Cmd 0 Err 0
11-11 05:24:51.785 649 664 I mpu_uart: [MSG-P:RECV]:No message received in 1000 ms
11-11 05:24:52.042 2708 13490 D RemoteControlService: getEvent: clientSocket = Socket[address=/192.168.0.101,port=41377,localPort=12600]
11-11 05:24:52.043 2708 13490 D RemoteControlService: run: called
11-11 05:24:52.043 2708 13490 D RemoteControlService: getEvent: start waiting...
11-11 05:24:52.044 2708 14173 E RemoteControlService: Enter ListenSocketRunnable
11-11 05:24:52.063 2708 14173 D RemoteControlService: After desEncrypt json is [{"source":1,"token":"d80pwIN0gmGpImn"}]
11-11 05:24:52.065 2708 14173 D RemoteControlService: Request params: BaseRequestCommandBean{source=1, token='d80pwIN0gmGpImn', type='null', value='null'}
11-11 05:24:52.066 2708 2812 D RemoteControlService: handleMessage called
11-11 05:24:52.067 2708 2812 D RemoteControlService: Digest: CB5EE49DF879887D5F11D3210FCF4323597553C3444B12C488820D2DD2E6A194
11-11 05:24:52.067 2708 2812 D RemoteControlService: Send data length: 117
11-11 05:24:52.067 2708 2812 D RemoteControlService: Send message finished. direction: 32, messageType: 7, json: {"source":0,"token":"d80pwIN0gmGpImn","type":"heart_beat","value":1}
11-11 05:24:52.315 0 0 I auditd : type=1400 audit(0.0:3020): avc: denied { kill } for comm="swapper/3" capability=5 scontext=u:r:kernel:s0 tcontext=u:r:kernel:s0 tclass=capability permissive=0
11-11 05:24:52.315 0 0 W swapper/3: type=1400 audit(0.0:3020): avc: denied { kill } for capability=5 scontext=u:r:kernel:s0 tcontext=u:r:kernel:s0 tclass=capability permissive=0
11-11 05:24:52.786 649 664 I mpu_uart: [MSG-P:RECV]:No message received in 1000 ms
11-11 05:24:53.315 0 0 I auditd : type=1400 audit(0.0:3021): avc: denied { kill } for comm="swapper/3" capability=5 scontext=u:r:kernel:s0 tcontext=u:r:kernel:s0 tclass=capability permissive=0
11-11 05:24:53.315 0 0 W swapper/3: type=1400 audit(0.0:3021): avc: denied { kill } for capability=5 scontext=u:r:kernel:s0 tcontext=u:r:kernel:s0 tclass=capability permissive=0
11-11 05:24:53.332 1490 3779 D WifiNl80211Manager: Scan result ready event
11-11 05:24:53.332 1490 3779 D WifiNative: Scan result ready event
11-11 05:24:53.333 1400 13424 D LOWI-9.0.0.87.a: [LOWI-Scan] wait_event:Wait done with Cmd 34
11-11 05:24:53.333 1400 13424 D LOWI-9.0.0.87.a: [LOWI-Scan] do_listen_events: Rcvd valid Netlink Cmd 34 Err 0
11-11 05:24:53.333 1400 13424 D LOWI-9.0.0.87.a: [LOWI-Scan]
11-11 05:24:53.333 1400 13424 D LOWI-9.0.0.87.a: [LOWI-Scan] print_bss_handler: Report Probe TSF 2311414677 as it greater than Beacon TSF 2287113309
11-11 05:24:53.334 1400 13424 D LOWI-9.0.0.87.a: [LOWI-Scan] decode_rsn_wpa_ie: LOWI_ENCRYPTION_TYPE_WPA_PSK
11-11 05:24:53.334 1400 13424 D LOWI-9.0.0.87.a: [LOWI-Scan] is_qcom_ie, bss_age: 0
11-11 05:24:53.334 1400 13424 D LOWI-9.0.0.87.a: [LOWI-Scan] BSS 5c:02:14:f9:4f:d3 LOWI_PHY_MODE_11AC_VHT80(10), Beacon Interval: 100, LOWI_ENCRYPTION_TYPE_WPA_PSK 11mcRanging: No, ANQP: Yes, LCI: No, Civic: No, capability(0x1931): ESS Privacy ShortPreamble SpectrumMgmt APSD
11-11 05:24:53.334 1400 13424 D LOWI-9.0.0.87.a: [LOWI-Scan] BSS 5c:02:14:f9:4f:d3 FREQ: 5220, cFreq1[40:80:160] = [5230:5210:0] cFreq2 = 0 Country Code = CN
11-11 05:24:53.334 1400 13424 D LOWI-9.0.0.87.a: [LOWI-Scan] BSS 5c:02:14:f9:4f:d3 (wlan0) ASSO: NO AddInfo: 0x0, TSF 0, 00:38:31.414, RSSI: -110, CPL: 127, AGE: 1528, SSID ThunderSoft_XTS_5G, TSFDelta: 0xfbf184b, TXRate: 0
11-11 05:24:53.334 1400 13424 D LOWI-9.0.0.87.a: [LOWI-Scan]
11-11 05:24:53.334 1400 13424 D LOWI-9.0.0.87.a: [LOWI-Scan] print_bss_handler: Report Probe TSF 2311691633 as it greater than Beacon TSF 2261523105
11-11 05:24:53.334 1400 13424 D LOWI-9.0.0.87.a: [LOWI-Scan] decode_rsn_wpa_ie: LOWI_ENCRYPTION_TYPE_WPA_PSK
11-11 05:24:53.334 1400 13424 D LOWI-9.0.0.87.a: [LOWI-Scan] is_qcom_ie, bss_age: 0
11-11 05:24:53.334 1400 13424 D LOWI-9.0.0.87.a: [LOWI-Scan] BSS f4:84:8d:21:25:a9 LOWI_PHY_MODE_11AC_VHT80(10), Beacon Interval: 100, LOWI_ENCRYPTION_TYPE_WPA_PSK 11mcRanging: No, ANQP: No, LCI: No, Civic: No, capability(0x1011): ESS Privacy
11-11 05:24:53.334 1400 13424 D LOWI-9.0.0.87.a: [LOWI-Scan] BSS f4:84:8d:21:25:a9 FREQ: 5805, cFreq1[40:80:160] = [5795:5775:0] cFreq2 = 0 Country Code = CN
11-11 05:24:53.334 1400 13424 D LOWI-9.0.0.87.a: [LOWI-Scan] BSS f4:84:8d:21:25:a9 (wlan0) ASSO: NO AddInfo: 0x0, TSF 0, 00:38:31.691, RSSI: -134, CPL: 127, AGE: 1252, SSID hht_test_wifi_fc4318c9, TSFDelta: 0xdb1d7524, TXRate: 0
11-11 05:24:53.334 1400 13424 D LOWI-9.0.0.87.a: [LOWI-Scan]
11-11 05:24:53.334 1400 13424 D LOWI-9.0.0.87.a: [LOWI-Scan] print_bss_handler: Report beacon TSF 2311982492 as it greater than probe TSF 2311973325
11-11 05:24:53.334 1400 13424 D LOWI-9.0.0.87.a: [LOWI-Scan] decode_rsn_wpa_ie: LOWI_ENCRYPTION_TYPE_WPA_PSK
11-11 05:24:53.334 1400 13424 D LOWI-9.0.0.87.a: [LOWI-Scan] is_qcom_ie, bss_age: 0
11-11 05:24:53.334 1400 13424 D LOWI-9.0.0.87.a: [LOWI-Scan] BSS 18:6f:2d:80:dd:70 LOWI_PHY_MODE_11AC_VHT20(8), Beacon Interval: 100, LOWI_ENCRYPTION_TYPE_WPA_PSK 11mcRanging: No, ANQP: No, LCI: No, Civic: No, capability(0x0111): ESS Privacy SpectrumMgmt
11-11 05:24:53.334 1400 13424 D LOWI-9.0.0.87.a: [LOWI-Scan] BSS 18:6f:2d:80:dd:70 FREQ: 5280, cFreq1[40:80:160] = [5280:0:0] cFreq2 = 0 Country Code = CN
11-11 05:24:53.334 1400 13424 D LOWI-9.0.0.87.a: [LOWI-Scan] BSS 18:6f:2d:80:dd:70 (wlan0) ASSO: NO AddInfo: 0x1, TSF 0, 00:38:31.982, RSSI: -138, CPL: 127, AGE: 960, SSID Testing , TSFDelta: 0xb1b5d092, TXRate: 0
11-11 05:24:53.334 1400 13424 D LOWI-9.0.0.87.a: [LOWI-Scan]
11-11 05:24:53.334 1400 13424 D LOWI-9.0.0.87.a: [LOWI-Scan] print_bss_handler: Report beacon TSF 2311982772 as it greater than probe TSF 2311973513
11-11 05:24:53.334 1400 13424 D LOWI-9.0.0.87.a: [LOWI-Scan] is_qcom_ie, bss_age: 0
11-11 05:24:53.334 1400 13424 D LOWI-9.0.0.87.a: [LOWI-Scan] BSS 18:6f:2d:80:dd:71 LOWI_PHY_MODE_11AC_VHT20(8), Beacon Interval: 100, LOWI_ENCRYPTION_TYPE_OPEN 11mcRanging: No, ANQP: No, LCI: No, Civic: No, capability(0x0101): ESS SpectrumMgmt
11-11 05:24:53.334 1400 13424 D LOWI-9.0.0.87.a: [LOWI-Scan] BSS 18:6f:2d:80:dd:71 FREQ: 5280, cFreq1[40:80:160] = [5280:0:0] cFreq2 = 0 Country Code = CN
11-11 05:24:53.334 1400 13424 D LOWI-9.0.0.87.a: [LOWI-Scan] BSS 18:6f:2d:80:dd:71 (wlan0) ASSO: NO AddInfo: 0x1, TSF 0, 00:38:31.982, RSSI: -138, CPL: 127, AGE: 960, SSID Guest, TSFDelta: 0xb1bb10cc, TXRate: 0
11-11 05:24:53.335 1400 13424 D LOWI-9.0.0.87.a: [LOWI-Scan]
11-11 05:24:53.335 1400 13424 D LOWI-9.0.0.87.a: [LOWI-Scan] print_bss_handler: Report beacon TSF 2311983181 as it greater than probe TSF 2311973810
11-11 05:24:53.335 1400 13424 D LOWI-9.0.0.87.a: [LOWI-Scan] decode_rsn_wpa_ie: LOWI_ENCRYPTION_TYPE_WPA_PSK
11-11 05:24:53.335 1400 13424 D LOWI-9.0.0.87.a: [LOWI-Scan] is_qcom_ie, bss_age: 0
11-11 05:24:53.335 1400 13424 D LOWI-9.0.0.87.a: [LOWI-Scan] BSS 18:6f:2d:80:dd:72 LOWI_PHY_MODE_11AC_VHT20(8), Beacon Interval: 100, LOWI_ENCRYPTION_TYPE_WPA_PSK 11mcRanging: No, ANQP: No, LCI: No, Civic: No, capability(0x0111): ESS Privacy SpectrumMgmt
11-11 05:24:53.335 1400 13424 D LOWI-9.0.0.87.a: [LOWI-Scan] BSS 18:6f:2d:80:dd:72 FREQ: 5280, cFreq1[40:80:160] = [5280:0:0] cFreq2 = 0 Country Code = CN
11-11 05:24:53.335 1400 13424 D LOWI-9.0.0.87.a: [LOWI-Scan] BSS 18:6f:2d:80:dd:72 (wlan0) ASSO: NO AddInfo: 0x1, TSF 0, 00:38:31.983, RSSI: -138, CPL: 127, AGE: 960, SSID ZXHY, TSFDelta: 0xb1cef29d, TXRate: 0
11-11 05:24:53.335 1400 13424 D LOWI-9.0.0.87.a: [LOWI-Scan]
11-11 05:24:53.335 1400 13424 D LOWI-9.0.0.87.a: [LOWI-Scan] print_bss_handler: Report beacon TSF 2311983464 as it greater than probe TSF 2311975508
11-11 05:24:53.335 1400 13424 D LOWI-9.0.0.87.a: [LOWI-Scan] decode_rsn_wpa_ie: LOWI_ENCRYPTION_TYPE_WPA_PSK
11-11 05:24:53.335 1400 13424 D LOWI-9.0.0.87.a: [LOWI-Scan] is_qcom_ie, bss_age: 0
