11-11 05:03:05.728 2356 2356 I sysui_multi_action: [757,0,758,1,759,0,927,3,928,0,1593,0]
11-11 05:03:05.728 2356 2356 I sysui_multi_action: [757,491,758,1,759,491,927,4,928,0,1311,-1,1593,0]
11-11 05:03:05.728 2356 2356 I sysui_multi_action: [757,0,758,1,759,0,927,5,928,0,1593,0]
11-11 05:03:05.728 2356 2356 I sysui_multi_action: [757,111,758,1]
11-11 05:03:05.728 2356 2356 I sysui_multi_action: [757,126,758,1,759,126,927,0,928,1,1593,0]
11-11 05:03:05.728 2356 2356 I sysui_multi_action: [757,113,758,1,759,113,927,1,928,1,1593,0]
11-11 05:03:05.728 2356 2356 I sysui_multi_action: [757,0,758,1,759,0,927,2,928,0,1593,0]
11-11 05:03:05.728 2356 2356 I sysui_multi_action: [757,0,758,1,759,0,927,3,928,0,1593,0]
11-11 05:03:05.741 2356 2356 I sysui_multi_action: [757,111,758,2]
11-11 05:03:05.741 1490 1490 I notification_enqueue: [10082,2356,com.android.systemui,2048,NULL,0,Notification(channel=updateNotification shortcut=null contentView=null vibrate=null sound=null defaults=0x0 flags=0x0 color=0x00000000 vis=PRIVATE),1]
11-11 05:03:05.741 2356 2356 I sysui_multi_action: [757,111,758,2]
11-11 05:03:05.745 2356 2356 I sysui_multi_action: [757,111,758,1]
11-11 05:03:05.746 2356 2356 I sysui_multi_action: [757,126,758,1,759,126,927,0,928,1,1593,0]
11-11 05:03:05.746 2356 2356 I sysui_multi_action: [757,113,758,1,759,113,927,1,928,1,1593,0]
11-11 05:03:05.746 2356 2356 I sysui_multi_action: [757,0,758,1,759,0,927,2,928,0,1593,0]
11-11 05:03:05.746 2356 2356 I sysui_multi_action: [757,0,758,1,759,0,927,3,928,0,1593,0]
11-11 05:03:05.746 2356 2356 I sysui_multi_action: [757,491,758,1,759,491,927,4,928,0,1311,-1,1593,0]
11-11 05:03:05.746 2356 2356 I sysui_multi_action: [757,0,758,1,759,0,927,5,928,0,1593,0]
11-11 05:03:05.746 2356 2356 I sysui_multi_action: [757,111,758,1]
11-11 05:03:05.746 2356 2356 I sysui_multi_action: [757,126,758,1,759,126,927,0,928,1,1593,0]
11-11 05:03:05.746 2356 2356 I sysui_multi_action: [757,113,758,1,759,113,927,1,928,1,1593,0]
11-11 05:03:05.746 2356 2356 I sysui_multi_action: [757,0,758,1,759,0,927,2,928,0,1593,0]
11-11 05:03:05.746 2356 2356 I sysui_multi_action: [757,0,758,1,759,0,927,3,928,0,1593,0]
11-11 05:03:05.759 2356 2356 I sysui_multi_action: [757,111,758,2]
11-11 05:03:05.760 2356 2356 I sysui_multi_action: [757,111,758,2]
11-11 05:03:05.761 1490 1490 I notification_enqueue: [10082,2356,com.android.systemui,2048,NULL,0,Notification(channel=updateNotification shortcut=null contentView=null vibrate=null sound=null defaults=0x0 flags=0x0 color=0x00000000 vis=PRIVATE),1]
11-11 05:03:05.764 2356 2356 I sysui_multi_action: [757,111,758,1]
11-11 05:03:05.764 2356 2356 I sysui_multi_action: [757,126,758,1,759,126,927,0,928,1,1593,0]
11-11 05:03:05.764 2356 2356 I sysui_multi_action: [757,113,758,1,759,113,927,1,928,1,1593,0]
11-11 05:03:05.764 2356 2356 I sysui_multi_action: [757,0,758,1,759,0,927,2,928,0,1593,0]
11-11 05:03:05.764 2356 2356 I sysui_multi_action: [757,0,758,1,759,0,927,3,928,0,1593,0]
11-11 05:03:05.764 2356 2356 I sysui_multi_action: [757,491,758,1,759,491,927,4,928,0,1311,-1,1593,0]
11-11 05:03:05.764 2356 2356 I sysui_multi_action: [757,0,758,1,759,0,927,5,928,0,1593,0]
11-11 05:03:05.764 2356 2356 I sysui_multi_action: [757,111,758,1]
11-11 05:03:05.764 2356 2356 I sysui_multi_action: [757,126,758,1,759,126,927,0,928,1,1593,0]
11-11 05:03:05.764 2356 2356 I sysui_multi_action: [757,113,758,1,759,113,927,1,928,1,1593,0]
11-11 05:03:05.764 2356 2356 I sysui_multi_action: [757,0,758,1,759,0,927,2,928,0,1593,0]
11-11 05:03:05.764 2356 2356 I sysui_multi_action: [757,0,758,1,759,0,927,3,928,0,1593,0]
11-11 05:03:06.075 1490 2446 I sysui_multi_action: [757,128,758,1,793,675743,794,0,795,675743,796,26,798,0,806,android,857,DEVELOPER_IMPORTANT,858,4,947,0,1395,2,1500,675540,1688,1]
11-11 05:03:06.076 1490 2446 I sysui_multi_action: [757,804,799,note_freshness,801,675743,802,1]
11-11 05:03:06.076 1490 2446 I notification_visibility: [-1|android|26|null|1000,1,675743,675743,0,0]
11-11 05:03:06.077 1490 2446 I sysui_multi_action: [757,128,758,1,793,979544,794,0,795,979544,796,32,798,1,806,android,857,USB,858,1,947,0,1395,2,1500,979323,1688,1]
11-11 05:03:06.077 1490 2446 I sysui_multi_action: [757,804,799,note_freshness,801,979544,802,1]
11-11 05:03:06.078 1490 2446 I notification_visibility: [-1|android|32|null|1000,1,979544,979544,0,1]
11-11 05:03:08.315 0 0 I auditd : type=1400 audit(0.0:1474): avc: denied { kill } for comm="swapper/3" capability=5 scontext=u:r:kernel:s0 tcontext=u:r:kernel:s0 tclass=capability permissive=0
11-11 05:03:09.198 1490 1992 I input_interaction: Interaction with: 374215a NotificationShade (server), edge-swipe (server), swipe-up (server), PointerEventDispatcher0 (server),
11-11 05:03:09.432 1490 1490 I notification_enqueue: [10082,2356,com.android.systemui,2048,NULL,0,Notification(channel=updateNotification shortcut=null contentView=null vibrate=null sound=null defaults=0x0 flags=0x0 color=0x00000000 vis=PRIVATE),1]
11-11 05:03:09.432 2356 2356 I sysui_multi_action: [757,111,758,2]
11-11 05:03:09.432 2356 2356 I sysui_multi_action: [757,111,758,2]
11-11 05:03:09.452 2356 2356 I sysui_multi_action: [757,111,758,1]
11-11 05:03:09.452 2356 2356 I sysui_multi_action: [757,126,758,1,759,126,927,0,928,1,1593,1]
11-11 05:03:09.452 2356 2356 I sysui_multi_action: [757,113,758,1,759,113,927,1,928,1,1593,1]
11-11 05:03:09.453 2356 2356 I sysui_multi_action: [757,0,758,1,759,0,927,2,928,0,1593,1]
11-11 05:03:09.453 2356 2356 I sysui_multi_action: [757,0,758,1,759,0,927,3,928,0,1593,1]
11-11 05:03:09.453 2356 2356 I sysui_multi_action: [757,491,758,1,759,491,927,4,928,0,1311,-1,1593,0]
11-11 05:03:09.453 2356 2356 I sysui_multi_action: [757,0,758,1,759,0,927,5,928,0,1593,0]
11-11 05:03:09.453 2356 2356 I sysui_multi_action: [757,111,758,1]
11-11 05:03:09.454 2356 2356 I sysui_multi_action: [757,126,758,1,759,126,927,0,928,1,1593,1]
11-11 05:03:09.454 2356 2356 I sysui_multi_action: [757,113,758,1,759,113,927,1,928,1,1593,1]
11-11 05:03:09.454 2356 2356 I sysui_multi_action: [757,0,758,1,759,0,927,2,928,0,1593,1]
11-11 05:03:09.454 2356 2356 I sysui_multi_action: [757,0,758,1,759,0,927,3,928,0,1593,1]
11-11 05:03:09.483 1490 1490 I notification_enqueue: [10082,2356,com.android.systemui,2048,NULL,0,Notification(channel=updateNotification shortcut=null contentView=null vibrate=null sound=null defaults=0x0 flags=0x0 color=0x00000000 vis=PRIVATE),1]
11-11 05:03:09.483 2356 2356 I sysui_multi_action: [757,111,758,2]
11-11 05:03:09.483 2356 2356 I sysui_multi_action: [757,111,758,2]
11-11 05:03:09.491 2356 2356 I sysui_multi_action: [757,111,758,1]
11-11 05:03:09.491 2356 2356 I sysui_multi_action: [757,126,758,1,759,126,927,0,928,1,1593,1]
11-11 05:03:09.491 2356 2356 I sysui_multi_action: [757,113,758,1,759,113,927,1,928,1,1593,1]
11-11 05:03:09.491 2356 2356 I sysui_multi_action: [757,0,758,1,759,0,927,2,928,0,1593,1]
11-11 05:03:09.491 2356 2356 I sysui_multi_action: [757,0,758,1,759,0,927,3,928,0,1593,1]
11-11 05:03:09.491 2356 2356 I sysui_multi_action: [757,491,758,1,759,491,927,4,928,0,1311,-1,1593,0]
11-11 05:03:09.492 2356 2356 I sysui_multi_action: [757,0,758,1,759,0,927,5,928,0,1593,0]
11-11 05:03:09.492 2356 2356 I sysui_multi_action: [757,111,758,1]
11-11 05:03:09.492 2356 2356 I sysui_multi_action: [757,126,758,1,759,126,927,0,928,1,1593,1]
11-11 05:03:09.492 2356 2356 I sysui_multi_action: [757,113,758,1,759,113,927,1,928,1,1593,1]
11-11 05:03:09.492 2356 2356 I sysui_multi_action: [757,0,758,1,759,0,927,2,928,0,1593,1]
11-11 05:03:09.492 2356 2356 I sysui_multi_action: [757,0,758,1,759,0,927,3,928,0,1593,1]
11-11 05:03:09.518 2356 2356 I sysui_multi_action: [757,111,758,2]
11-11 05:03:09.518 2356 2356 I sysui_multi_action: [757,111,758,2]
11-11 05:03:09.519 1490 1490 I notification_enqueue: [10082,2356,com.android.systemui,2048,NULL,0,Notification(channel=updateNotification shortcut=null contentView=null vibrate=null sound=null defaults=0x0 flags=0x0 color=0x00000000 vis=PRIVATE),1]
11-11 05:03:09.525 2356 2356 I sysui_multi_action: [757,111,758,1]
11-11 05:03:09.526 2356 2356 I sysui_multi_action: [757,126,758,1,759,126,927,0,928,1,1593,1]
11-11 05:03:09.526 2356 2356 I sysui_multi_action: [757,113,758,1,759,113,927,1,928,1,1593,1]
11-11 05:03:09.526 2356 2356 I sysui_multi_action: [757,0,758,1,759,0,927,2,928,0,1593,1]
11-11 05:03:09.526 2356 2356 I sysui_multi_action: [757,0,758,1,759,0,927,3,928,0,1593,1]
11-11 05:03:09.526 2356 2356 I sysui_multi_action: [757,491,758,1,759,491,927,4,928,0,1311,-1,1593,0]
11-11 05:03:09.526 2356 2356 I sysui_multi_action: [757,0,758,1,759,0,927,5,928,0,1593,0]
11-11 05:03:09.526 2356 2356 I sysui_multi_action: [757,111,758,1]
11-11 05:03:09.526 2356 2356 I sysui_multi_action: [757,126,758,1,759,126,927,0,928,1,1593,1]
11-11 05:03:09.526 2356 2356 I sysui_multi_action: [757,113,758,1,759,113,927,1,928,1,1593,1]
11-11 05:03:09.527 2356 2356 I sysui_multi_action: [757,0,758,1,759,0,927,2,928,0,1593,1]
11-11 05:03:09.527 2356 2356 I sysui_multi_action: [757,0,758,1,759,0,927,3,928,0,1593,1]
11-11 05:03:09.544 2356 2356 I sysui_multi_action: [757,111,758,2]
11-11 05:03:09.544 2356 2356 I sysui_multi_action: [757,111,758,2]
11-11 05:03:09.544 1490 1490 I notification_enqueue: [10082,2356,com.android.systemui,2048,NULL,0,Notification(channel=updateNotification shortcut=null contentView=null vibrate=null sound=null defaults=0x0 flags=0x0 color=0x00000000 vis=PRIVATE),1]
11-11 05:03:09.550 2356 2356 I sysui_multi_action: [757,111,758,1]
11-11 05:03:09.550 2356 2356 I sysui_multi_action: [757,126,758,1,759,126,927,0,928,1,1593,1]
11-11 05:03:09.550 2356 2356 I sysui_multi_action: [757,113,758,1,759,113,927,1,928,1,1593,1]
11-11 05:03:09.550 2356 2356 I sysui_multi_action: [757,0,758,1,759,0,927,2,928,0,1593,1]
11-11 05:03:09.550 2356 2356 I sysui_multi_action: [757,0,758,1,759,0,927,3,928,0,1593,1]
11-11 05:03:09.550 2356 2356 I sysui_multi_action: [757,491,758,1,759,491,927,4,928,0,1311,-1,1593,0]
11-11 05:03:09.550 2356 2356 I sysui_multi_action: [757,0,758,1,759,0,927,5,928,0,1593,0]
11-11 05:03:09.550 2356 2356 I sysui_multi_action: [757,111,758,1]
11-11 05:03:09.550 2356 2356 I sysui_multi_action: [757,126,758,1,759,126,927,0,928,1,1593,1]
11-11 05:03:09.551 2356 2356 I sysui_multi_action: [757,113,758,1,759,113,927,1,928,1,1593,1]
11-11 05:03:09.551 2356 2356 I sysui_multi_action: [757,0,758,1,759,0,927,2,928,0,1593,1]
11-11 05:03:09.551 2356 2356 I sysui_multi_action: [757,0,758,1,759,0,927,3,928,0,1593,1]
11-11 05:03:09.564 2356 2356 I sysui_multi_action: [757,111,758,2]
11-11 05:03:09.564 1490 1490 I notification_enqueue: [10082,2356,com.android.systemui,2048,NULL,0,Notification(channel=updateNotification shortcut=null contentView=null vibrate=null sound=null defaults=0x0 flags=0x0 color=0x00000000 vis=PRIVATE),1]
11-11 05:03:09.564 2356 2356 I sysui_multi_action: [757,111,758,2]
11-11 05:03:09.568 2356 2356 I sysui_multi_action: [757,111,758,1]
11-11 05:03:09.568 2356 2356 I sysui_multi_action: [757,126,758,1,759,126,927,0,928,1,1593,1]
11-11 05:03:09.569 2356 2356 I sysui_multi_action: [757,113,758,1,759,113,927,1,928,1,1593,1]
11-11 05:03:09.569 2356 2356 I sysui_multi_action: [757,0,758,1,759,0,927,2,928,0,1593,1]
11-11 05:03:09.569 2356 2356 I sysui_multi_action: [757,0,758,1,759,0,927,3,928,0,1593,1]
11-11 05:03:09.569 2356 2356 I sysui_multi_action: [757,491,758,1,759,491,927,4,928,0,1311,-1,1593,0]
11-11 05:03:09.569 2356 2356 I sysui_multi_action: [757,0,758,1,759,0,927,5,928,0,1593,0]
11-11 05:03:09.569 2356 2356 I sysui_multi_action: [757,111,758,1]
11-11 05:03:09.569 2356 2356 I sysui_multi_action: [757,126,758,1,759,126,927,0,928,1,1593,1]
11-11 05:03:09.569 2356 2356 I sysui_multi_action: [757,113,758,1,759,113,927,1,928,1,1593,1]
11-11 05:03:09.569 2356 2356 I sysui_multi_action: [757,0,758,1,759,0,927,2,928,0,1593,1]
11-11 05:03:09.569 2356 2356 I sysui_multi_action: [757,0,758,1,759,0,927,3,928,0,1593,1]
11-11 05:03:09.581 2356 2356 I sysui_multi_action: [757,111,758,2]
11-11 05:03:09.582 2356 2356 I sysui_multi_action: [757,111,758,2]
11-11 05:03:09.582 1490 1490 I notification_enqueue: [10082,2356,com.android.systemui,2048,NULL,0,Notification(channel=updateNotification shortcut=null contentView=null vibrate=null sound=null defaults=0x0 flags=0x0 color=0x00000000 vis=PRIVATE),1]
11-11 05:03:09.585 2356 2356 I sysui_multi_action: [757,111,758,1]
11-11 05:03:09.586 2356 2356 I sysui_multi_action: [757,126,758,1,759,126,927,0,928,1,1593,0]
11-11 05:03:09.586 2356 2356 I sysui_multi_action: [757,113,758,1,759,113,927,1,928,1,1593,0]
11-11 05:03:09.586 2356 2356 I sysui_multi_action: [757,0,758,1,759,0,927,2,928,0,1593,0]
11-11 05:03:09.586 2356 2356 I sysui_multi_action: [757,0,758,1,759,0,927,3,928,0,1593,0]
11-11 05:03:09.586 2356 2356 I sysui_multi_action: [757,491,758,1,759,491,927,4,928,0,1311,-1,1593,0]
11-11 05:03:09.586 2356 2356 I sysui_multi_action: [757,0,758,1,759,0,927,5,928,0,1593,0]
11-11 05:03:09.586 2356 2356 I sysui_multi_action: [757,111,758,1]
11-11 05:03:09.586 2356 2356 I sysui_multi_action: [757,126,758,1,759,126,927,0,928,1,1593,0]
11-11 05:03:09.586 2356 2356 I sysui_multi_action: [757,113,758,1,759,113,927,1,928,1,1593,0]
11-11 05:03:09.586 2356 2356 I sysui_multi_action: [757,0,758,1,759,0,927,2,928,0,1593,0]
11-11 05:03:09.586 2356 2356 I sysui_multi_action: [757,0,758,1,759,0,927,3,928,0,1593,0]
11-11 05:03:09.601 2356 2356 I sysui_multi_action: [757,111,758,2]
11-11 05:03:09.601 2356 2356 I sysui_multi_action: [757,111,758,2]
11-11 05:03:09.601 1490 1490 I notification_enqueue: [10082,2356,com.android.systemui,2048,NULL,0,Notification(channel=updateNotification shortcut=null contentView=null vibrate=null sound=null defaults=0x0 flags=0x0 color=0x00000000 vis=PRIVATE),1]
11-11 05:03:09.605 2356 2356 I sysui_multi_action: [757,111,758,1]
11-11 05:03:09.605 2356 2356 I sysui_multi_action: [757,126,758,1,759,126,927,0,928,1,1593,1]
11-11 05:03:09.605 2356 2356 I sysui_multi_action: [757,113,758,1,759,113,927,1,928,1,1593,1]
11-11 05:03:09.605 2356 2356 I sysui_multi_action: [757,0,758,1,759,0,927,2,928,0,1593,1]
11-11 05:03:09.605 2356 2356 I sysui_multi_action: [757,0,758,1,759,0,927,3,928,0,1593,1]
11-11 05:03:09.605 2356 2356 I sysui_multi_action: [757,491,758,1,759,491,927,4,928,0,1311,-1,1593,0]
11-11 05:03:09.605 2356 2356 I sysui_multi_action: [757,0,758,1,759,0,927,5,928,0,1593,0]
11-11 05:03:09.606 2356 2356 I sysui_multi_action: [757,111,758,1]
11-11 05:03:09.606 2356 2356 I sysui_multi_action: [757,126,758,1,759,126,927,0,928,1,1593,1]
11-11 05:03:09.606 2356 2356 I sysui_multi_action: [757,113,758,1,759,113,927,1,928,1,1593,1]
11-11 05:03:09.606 2356 2356 I sysui_multi_action: [757,0,758,1,759,0,927,2,928,0,1593,1]
11-11 05:03:09.606 2356 2356 I sysui_multi_action: [757,0,758,1,759,0,927,3,928,0,1593,1]
11-11 05:03:09.620 2356 2356 I sysui_multi_action: [757,111,758,2]
11-11 05:03:09.620 2356 2356 I sysui_multi_action: [757,111,758,2]
11-11 05:03:09.620 1490 1490 I notification_enqueue: [10082,2356,com.android.systemui,2048,NULL,0,Notification(channel=updateNotification shortcut=null contentView=null vibrate=null sound=null defaults=0x0 flags=0x0 color=0x00000000 vis=PRIVATE),1]
11-11 05:03:09.624 2356 2356 I sysui_multi_action: [757,111,758,1]
11-11 05:03:09.624 2356 2356 I sysui_multi_action: [757,126,758,1,759,126,927,0,928,1,1593,0]
11-11 05:03:09.624 2356 2356 I sysui_multi_action: [757,113,758,1,759,113,927,1,928,1,1593,0]
11-11 05:03:09.624 2356 2356 I sysui_multi_action: [757,0,758,1,759,0,927,2,928,0,1593,0]
11-11 05:03:09.624 2356 2356 I sysui_multi_action: [757,0,758,1,759,0,927,3,928,0,1593,0]
11-11 05:03:09.624 2356 2356 I sysui_multi_action: [757,491,758,1,759,491,927,4,928,0,1311,-1,1593,0]
11-11 05:03:09.624 2356 2356 I sysui_multi_action: [757,0,758,1,759,0,927,5,928,0,1593,0]
11-11 05:03:09.624 2356 2356 I sysui_multi_action: [757,111,758,1]
11-11 05:03:09.624 2356 2356 I sysui_multi_action: [757,126,758,1,759,126,927,0,928,1,1593,0]
11-11 05:03:09.624 2356 2356 I sysui_multi_action: [757,113,758,1,759,113,927,1,928,1,1593,0]
11-11 05:03:09.624 2356 2356 I sysui_multi_action: [757,0,758,1,759,0,927,2,928,0,1593,0]
11-11 05:03:09.624 2356 2356 I sysui_multi_action: [757,0,758,1,759,0,927,3,928,0,1593,0]
11-11 05:03:09.635 2356 2356 I sysui_multi_action: [757,111,758,2]
11-11 05:03:09.635 2356 2356 I sysui_multi_action: [757,111,758,2]
11-11 05:03:09.638 1490 1490 I notification_enqueue: [10082,2356,com.android.systemui,2048,NULL,0,Notification(channel=updateNotification shortcut=null contentView=null vibrate=null sound=null defaults=0x0 flags=0x0 color=0x00000000 vis=PRIVATE),1]
11-11 05:03:09.639 2356 2356 I sysui_multi_action: [757,111,758,1]
11-11 05:03:09.640 2356 2356 I sysui_multi_action: [757,126,758,1,759,126,927,0,928,1,1593,0]
11-11 05:03:09.640 2356 2356 I sysui_multi_action: [757,113,758,1,759,113,927,1,928,1,1593,0]
11-11 05:03:09.640 2356 2356 I sysui_multi_action: [757,0,758,1,759,0,927,2,928,0,1593,0]
11-11 05:03:09.640 2356 2356 I sysui_multi_action: [757,0,758,1,759,0,927,3,928,0,1593,0]
11-11 05:03:09.640 2356 2356 I sysui_multi_action: [757,491,758,1,759,491,927,4,928,0,1311,-1,1593,0]
11-11 05:03:09.640 2356 2356 I sysui_multi_action: [757,0,758,1,759,0,927,5,928,0,1593,0]
11-11 05:03:09.640 2356 2356 I sysui_multi_action: [757,111,758,1]
11-11 05:03:09.640 2356 2356 I sysui_multi_action: [757,126,758,1,759,126,927,0,928,1,1593,0]
11-11 05:03:09.640 2356 2356 I sysui_multi_action: [757,113,758,1,759,113,927,1,928,1,1593,0]
11-11 05:03:09.640 2356 2356 I sysui_multi_action: [757,0,758,1,759,0,927,2,928,0,1593,0]
11-11 05:03:09.640 2356 2356 I sysui_multi_action: [757,0,758,1,759,0,927,3,928,0,1593,0]
11-11 05:03:09.653 2356 2356 I sysui_multi_action: [757,111,758,2]
11-11 05:03:09.653 2356 2356 I sysui_multi_action: [757,111,758,2]
11-11 05:03:09.653 1490 1490 I notification_enqueue: [10082,2356,com.android.systemui,2048,NULL,0,Notification(channel=updateNotification shortcut=null contentView=null vibrate=null sound=null defaults=0x0 flags=0x0 color=0x00000000 vis=PRIVATE),1]
11-11 05:03:09.657 2356 2356 I sysui_multi_action: [757,111,758,1]
11-11 05:03:09.657 2356 2356 I sysui_multi_action: [757,126,758,1,759,126,927,0,928,1,1593,0]
11-11 05:03:09.657 2356 2356 I sysui_multi_action: [757,113,758,1,759,113,927,1,928,1,1593,0]
11-11 05:03:09.657 2356 2356 I sysui_multi_action: [757,0,758,1,759,0,927,2,928,0,1593,0]
11-11 05:03:09.657 2356 2356 I sysui_multi_action: [757,0,758,1,759,0,927,3,928,0,1593,0]
11-11 05:03:09.657 2356 2356 I sysui_multi_action: [757,491,758,1,759,491,927,4,928,0,1311,-1,1593,0]
11-11 05:03:09.658 2356 2356 I sysui_multi_action: [757,0,758,1,759,0,927,5,928,0,1593,0]
11-11 05:03:09.658 2356 2356 I sysui_multi_action: [757,111,758,1]
11-11 05:03:09.658 2356 2356 I sysui_multi_action: [757,126,758,1,759,126,927,0,928,1,1593,1]
11-11 05:03:09.658 2356 2356 I sysui_multi_action: [757,113,758,1,759,113,927,1,928,1,1593,1]
11-11 05:03:09.658 2356 2356 I sysui_multi_action: [757,0,758,1,759,0,927,2,928,0,1593,1]
11-11 05:03:09.658 2356 2356 I sysui_multi_action: [757,0,758,1,759,0,927,3,928,0,1593,1]
11-11 05:03:09.672 2356 2356 I sysui_multi_action: [757,111,758,2]
11-11 05:03:09.672 1490 1490 I notification_enqueue: [10082,2356,com.android.systemui,2048,NULL,0,Notification(channel=updateNotification shortcut=null contentView=null vibrate=null sound=null defaults=0x0 flags=0x0 color=0x00000000 vis=PRIVATE),1]
11-11 05:03:09.672 2356 2356 I sysui_multi_action: [757,111,758,2]
11-11 05:03:09.676 2356 2356 I sysui_multi_action: [757,111,758,1]
11-11 05:03:09.676 2356 2356 I sysui_multi_action: [757,126,758,1,759,126,927,0,928,1,1593,1]
11-11 05:03:09.676 2356 2356 I sysui_multi_action: [757,113,758,1,759,113,927,1,928,1,1593,1]
11-11 05:03:09.676 2356 2356 I sysui_multi_action: [757,0,758,1,759,0,927,2,928,0,1593,1]
11-11 05:03:09.676 2356 2356 I sysui_multi_action: [757,0,758,1,759,0,927,3,928,0,1593,1]
11-11 05:03:09.677 2356 2356 I sysui_multi_action: [757,491,758,1,759,491,927,4,928,0,1311,-1,1593,1]
11-11 05:03:09.677 2356 2356 I sysui_multi_action: [757,0,758,1,759,0,927,5,928,0,1593,1]
11-11 05:03:09.677 2356 2356 I sysui_multi_action: [757,111,758,1]
11-11 05:03:09.677 2356 2356 I sysui_multi_action: [757,126,758,1,759,126,927,0,928,1,1593,1]
11-11 05:03:09.677 2356 2356 I sysui_multi_action: [757,113,758,1,759,113,927,1,928,1,1593,1]
11-11 05:03:09.677 2356 2356 I sysui_multi_action: [757,0,758,1,759,0,927,2,928,0,1593,1]
11-11 05:03:09.677 2356 2356 I sysui_multi_action: [757,0,758,1,759,0,927,3,928,0,1593,1]
11-11 05:03:09.688 2356 2356 I sysui_multi_action: [757,111,758,2]
11-11 05:03:09.688 2356 2356 I sysui_multi_action: [757,111,758,2]
11-11 05:03:09.690 1490 1490 I notification_enqueue: [10082,2356,com.android.systemui,2048,NULL,0,Notification(channel=updateNotification shortcut=null contentView=null vibrate=null sound=null defaults=0x0 flags=0x0 color=0x00000000 vis=PRIVATE),1]
11-11 05:03:09.692 2356 2356 I sysui_multi_action: [757,111,758,1]
11-11 05:03:09.692 2356 2356 I sysui_multi_action: [757,126,758,1,759,126,927,0,928,1,1593,1]
11-11 05:03:09.693 2356 2356 I sysui_multi_action: [757,113,758,1,759,113,927,1,928,1,1593,1]
11-11 05:03:09.693 2356 2356 I sysui_multi_action: [757,0,758,1,759,0,927,2,928,0,1593,1]
11-11 05:03:09.693 2356 2356 I sysui_multi_action: [757,0,758,1,759,0,927,3,928,0,1593,1]
11-11 05:03:09.693 2356 2356 I sysui_multi_action: [757,491,758,1,759,491,927,4,928,0,1311,-1,1593,1]
11-11 05:03:09.693 2356 2356 I sysui_multi_action: [757,0,758,1,759,0,927,5,928,0,1593,1]
11-11 05:03:09.693 2356 2356 I sysui_multi_action: [757,111,758,1]
11-11 05:03:09.693 2356 2356 I sysui_multi_action: [757,126,758,1,759,126,927,0,928,1,1593,1]
11-11 05:03:09.693 2356 2356 I sysui_multi_action: [757,113,758,1,759,113,927,1,928,1,1593,1]
11-11 05:03:09.693 2356 2356 I sysui_multi_action: [757,0,758,1,759,0,927,2,928,0,1593,1]
11-11 05:03:09.693 2356 2356 I sysui_multi_action: [757,0,758,1,759,0,927,3,928,0,1593,1]
11-11 05:03:09.705 2356 2356 I sysui_multi_action: [757,111,758,2]
11-11 05:03:09.705 1490 1490 I notification_enqueue: [10082,2356,com.android.systemui,2048,NULL,0,Notification(channel=updateNotification shortcut=null contentView=null vibrate=null sound=null defaults=0x0 flags=0x0 color=0x00000000 vis=PRIVATE),1]
11-11 05:03:09.705 2356 2356 I sysui_multi_action: [757,111,758,2]
11-11 05:03:09.710 2356 2356 I sysui_multi_action: [757,111,758,1]
11-11 05:03:09.710 2356 2356 I sysui_multi_action: [757,126,758,1,759,126,927,0,928,1,1593,1]
11-11 05:03:09.710 2356 2356 I sysui_multi_action: [757,113,758,1,759,113,927,1,928,1,1593,1]
11-11 05:03:09.710 2356 2356 I sysui_multi_action: [757,0,758,1,759,0,927,2,928,0,1593,1]
11-11 05:03:09.710 2356 2356 I sysui_multi_action: [757,0,758,1,759,0,927,3,928,0,1593,1]
11-11 05:03:09.710 2356 2356 I sysui_multi_action: [757,491,758,1,759,491,927,4,928,0,1311,-1,1593,0]
11-11 05:03:09.710 2356 2356 I sysui_multi_action: [757,0,758,1,759,0,927,5,928,0,1593,0]
11-11 05:03:09.710 2356 2356 I sysui_multi_action: [757,111,758,1]
11-11 05:03:09.710 2356 2356 I sysui_multi_action: [757,126,758,1,759,126,927,0,928,1,1593,1]
11-11 05:03:09.710 2356 2356 I sysui_multi_action: [757,113,758,1,759,113,927,1,928,1,1593,1]
11-11 05:03:09.710 2356 2356 I sysui_multi_action: [757,0,758,1,759,0,927,2,928,0,1593,1]
11-11 05:03:09.710 2356 2356 I sysui_multi_action: [757,0,758,1,759,0,927,3,928,0,1593,1]
11-11 05:03:09.726 2356 2356 I sysui_multi_action: [757,111,758,2]
11-11 05:03:09.726 2356 2356 I sysui_multi_action: [757,111,758,2]
11-11 05:03:09.726 1490 1490 I notification_enqueue: [10082,2356,com.android.systemui,2048,NULL,0,Notification(channel=updateNotification shortcut=null contentView=null vibrate=null sound=null defaults=0x0 flags=0x0 color=0x00000000 vis=PRIVATE),1]
11-11 05:03:09.738 1490 1635 I input_focus: [Focus request 978e85f com.android.launcher3/com.android.launcher3.uioverrides.QuickstepLauncher,reason=UpdateInputWindows]
11-11 05:03:09.739 2356 2356 I sysui_multi_action: [757,111,758,1]
11-11 05:03:09.739 2356 2356 I sysui_multi_action: [757,126,758,1,759,126,927,0,928,1,1593,1]
11-11 05:03:09.739 2356 2356 I sysui_multi_action: [757,113,758,1,759,113,927,1,928,1,1593,1]
11-11 05:03:09.739 2356 2356 I sysui_multi_action: [757,0,758,1,759,0,927,2,928,0,1593,1]
11-11 05:03:09.739 2356 2356 I sysui_multi_action: [757,0,758,1,759,0,927,3,928,0,1593,1]
11-11 05:03:09.739 2356 2356 I sysui_multi_action: [757,491,758,1,759,491,927,4,928,0,1311,-1,1593,0]
11-11 05:03:09.739 2356 2356 I sysui_multi_action: [757,0,758,1,759,0,927,5,928,0,1593,0]
11-11 05:03:09.739 2356 2356 I sysui_multi_action: [757,111,758,1]
11-11 05:03:09.739 2356 2356 I sysui_multi_action: [757,126,758,1,759,126,927,0,928,1,1593,1]
11-11 05:03:09.739 2356 2356 I sysui_multi_action: [757,113,758,1,759,113,927,1,928,1,1593,1]
11-11 05:03:09.739 2356 2356 I sysui_multi_action: [757,0,758,1,759,0,927,2,928,0,1593,1]
11-11 05:03:09.739 2356 2356 I sysui_multi_action: [757,0,758,1,759,0,927,3,928,0,1593,1]
11-11 05:03:09.757 2356 2356 I sysui_multi_action: [757,111,758,2]
11-11 05:03:09.757 1490 1490 I notification_enqueue: [10082,2356,com.android.systemui,2048,NULL,0,Notification(channel=updateNotification shortcut=null contentView=null vibrate=null sound=null defaults=0x0 flags=0x0 color=0x00000000 vis=PRIVATE),1]
11-11 05:03:09.757 2356 2356 I sysui_multi_action: [757,111,758,2]
11-11 05:03:09.761 1490 2774 I sysui_multi_action: [757,128,758,2,793,679428,794,3685,795,679428,796,26,798,0,806,android,857,DEVELOPER_IMPORTANT,858,4,947,0,1395,2,1500,679225,1688,1]
11-11 05:03:09.761 1490 2774 I notification_visibility: [-1|android|26|null|1000,0,679428,679428,0,0]
11-11 05:03:09.762 1490 2774 I sysui_multi_action: [757,128,758,2,793,983229,794,3685,795,983229,796,32,798,1,806,android,857,USB,858,1,947,0,1395,2,1500,983008,1688,1]
11-11 05:03:09.762 1490 2774 I notification_visibility: [-1|android|32|null|1000,0,983229,983229,0,1]
11-11 05:03:09.764 1490 1799 I sysui_multi_action: [757,127,758,2]
11-11 05:03:09.764 1490 1799 I notification_panel_hidden:
11-11 05:03:09.769 1490 1992 I input_focus: [Focus leaving 374215a NotificationShade (server),reason=NOT_FOCUSABLE]
11-11 05:03:09.769 1490 1992 I input_focus: [Focus entering 978e85f com.android.launcher3/com.android.launcher3.uioverrides.QuickstepLauncher (server),reason=setFocusedWindow]
11-11 05:03:09.780 2356 2356 I sysui_multi_action: [757,111,758,1]
11-11 05:03:09.780 2356 2356 I sysui_multi_action: [757,126,758,1,759,126,927,0,928,1,1593,0]
11-11 05:03:09.780 2356 2356 I sysui_multi_action: [757,113,758,1,759,113,927,1,928,1,1593,0]
11-11 05:03:09.780 2356 2356 I sysui_multi_action: [757,0,758,1,759,0,927,2,928,0,1593,0]
11-11 05:03:09.780 2356 2356 I sysui_multi_action: [757,0,758,1,759,0,927,3,928,0,1593,0]
11-11 05:03:09.780 2356 2356 I sysui_multi_action: [757,491,758,1,759,491,927,4,928,0,1311,-1,1593,0]
11-11 05:03:09.780 2356 2356 I sysui_multi_action: [757,0,758,1,759,0,927,5,928,0,1593,0]
11-11 05:03:09.780 2356 2356 I sysui_multi_action: [757,111,758,1]
11-11 05:03:09.780 2356 2356 I sysui_multi_action: [757,126,758,1,759,126,927,0,928,1,1593,0]
11-11 05:03:09.780 2356 2356 I sysui_multi_action: [757,113,758,1,759,113,927,1,928,1,1593,0]
11-11 05:03:09.780 2356 2356 I sysui_multi_action: [757,0,758,1,759,0,927,2,928,0,1593,0]
11-11 05:03:09.780 2356 2356 I sysui_multi_action: [757,0,758,1,759,0,927,3,928,0,1593,0]
11-11 05:03:10.138 1490 1992 I input_interaction: Interaction with: 978e85f com.android.launcher3/com.android.launcher3.uioverrides.QuickstepLauncher (server), f91321f com.android.systemui.ImageWallpaper (server), edge-swipe (server), swipe-up (server), PointerEventDispatcher0 (server),
11-11 05:03:10.241 1490 2446 I wm_task_created: [83,-1]
11-11 05:03:10.247 1490 2446 I wm_task_moved: [83,1,7]
11-11 05:03:10.247 1490 2446 I wm_task_to_front: [0,83]
11-11 05:03:10.247 1490 2446 I wm_create_task: [0,83]
11-11 05:03:10.247 1490 2446 I wm_create_activity: [0,16344225,83,com.android.settings/.Settings,android.intent.action.MAIN,NULL,NULL,270532608]
11-11 05:03:10.248 1490 2446 I wm_task_moved: [83,1,7]
11-11 05:03:10.250 1490 2446 I wm_pause_activity: [0,85671939,com.android.launcher3/.uioverrides.QuickstepLauncher,userLeaving=true,pauseBackTasks]
11-11 05:03:10.264 2824 2824 I wm_on_top_resumed_lost_called: [85671939,com.android.launcher3.uioverrides.QuickstepLauncher,topStateChangedWhenResumed]
11-11 05:03:10.265 2824 2824 I wm_on_paused_called: [85671939,com.android.launcher3.uioverrides.QuickstepLauncher,performPause]
11-11 05:03:10.269 1490 3272 I wm_add_to_stopping: [0,85671939,com.android.launcher3/.uioverrides.QuickstepLauncher,makeInvisible]
11-11 05:03:10.271 1490 3272 I wm_restart_activity: [0,16344225,83,com.android.settings/.Settings]
11-11 05:03:10.273 1490 3272 I wm_set_resumed_activity: [0,com.android.settings/.Settings,minimalResumeActivityLocked]
11-11 05:03:10.287 1490 1634 I sysui_multi_action: [757,803,799,window_time_0,802,6]
11-11 05:03:10.300 1490 1992 I input_focus: [Focus leaving 978e85f com.android.launcher3/com.android.launcher3.uioverrides.QuickstepLauncher (server),reason=NO_WINDOW]
11-11 05:03:10.346 11151 11151 I wm_on_create_called: [16344225,com.android.settings.Settings,performCreate]
11-11 05:03:10.389 11151 11151 I wm_on_start_called: [16344225,com.android.settings.Settings,handleStartActivity]
11-11 05:03:10.390 11151 11151 I snet_event_log: [120484087,-1,]
11-11 05:03:10.391 11151 11151 I wm_on_resume_called: [16344225,com.android.settings.Settings,RESUME_ACTIVITY]
11-11 05:03:10.393 11151 11151 I sysui_multi_action: [757,35,758,1,833,0,1089,45]
11-11 05:03:10.403 11151 11151 I sysui_multi_action: [757,1729,758,4,854,isParalleledControllers:false,1089,55]
11-11 05:03:10.411 11151 11151 I wm_on_top_resumed_gained_called: [16344225,com.android.settings.Settings,topStateChangedWhenResumed]
11-11 05:03:10.447 565 565 I auditd : type=1400 audit(0.0:1475): avc: denied { read } for comm="Binder:565_2" name="wakeup58" dev="sysfs" ino=71827 scontext=u:r:system_suspend:s0 tcontext=u:object_r:sysfs:s0 tclass=dir permissive=0
11-11 05:03:10.451 565 565 I auditd : type=1400 audit(0.0:1476): avc: denied { read } for comm="Binder:565_2" name="wakeup48" dev="sysfs" ino=67421 scontext=u:r:system_suspend:s0 tcontext=u:object_r:sysfs:s0 tclass=dir permissive=0
11-11 05:03:10.451 565 565 I auditd : type=1400 audit(0.0:1477): avc: denied { read } for comm="Binder:565_2" name="wakeup4" dev="sysfs" ino=47028 scontext=u:r:system_suspend:s0 tcontext=u:object_r:sysfs:s0 tclass=dir permissive=0
11-11 05:03:10.451 565 565 I auditd : type=1400 audit(0.0:1478): avc: denied { read } for comm="Binder:565_2" name="wakeup76" dev="sysfs" ino=76905 scontext=u:r:system_suspend:s0 tcontext=u:object_r:sysfs:s0 tclass=dir permissive=0
11-11 05:03:10.451 565 565 I auditd : type=1400 audit(0.0:1479): avc: denied { read } for comm="Binder:565_2" name="wakeup28" dev="sysfs" ino=53233 scontext=u:r:system_suspend:s0 tcontext=u:object_r:sysfs:s0 tclass=dir permissive=0
11-11 05:03:10.455 565 565 I auditd : type=1400 audit(0.0:1480): avc: denied { read } for comm="Binder:565_2" name="wakeup56" dev="sysfs" ino=71755 scontext=u:r:system_suspend:s0 tcontext=u:object_r:sysfs:s0 tclass=dir permissive=0
11-11 05:03:10.461 1490 1635 I input_focus: [Focus request da1c781 com.android.settings/com.android.settings.Settings,reason=UpdateInputWindows]
11-11 05:03:10.509 1490 1635 I sysui_multi_action: [324,1,757,1090,758,12,806,com.android.settings,871,com.android.settings.Settings,1091,273]
11-11 05:03:10.518 1490 1992 I input_focus: [Focus entering da1c781 com.android.settings/com.android.settings.Settings (server),reason=Window became focusable. Previous reason: NOT_VISIBLE]
11-11 05:03:10.518 1490 1630 I sysui_multi_action: [319,82,321,80,322,273,325,1009,757,761,758,8,759,1,806,com.android.settings,871,com.android.settings.Settings,904,com.android.launcher3,905,0,1320,4,1321,1]
11-11 05:03:10.522 1490 1630 I wm_activity_launch_time: [0,16344225,com.android.settings/.Settings,273]
11-11 05:03:10.652 11151 11151 W CarrierConfigManager: Error getting config for subId -1 ICarrierConfigLoader is null
11-11 05:03:10.698 11151 11151 I sysui_multi_action: [757,746,758,1,833,0,1089,66]
11-11 05:03:10.699 1490 2774 D TelephonyRegistry: listen oscl: mHasNotifySubscriptionInfoChangedOccurred==false no callback
11-11 05:03:10.704 1490 2446 D TelephonyRegistry: listen oscl: mHasNotifySubscriptionInfoChangedOccurred==false no callback
11-11 05:03:10.709 11151 11151 I sysui_multi_action: [757,1729,758,4,854,isParalleledControllers:false,1089,78]
11-11 05:03:10.858 1490 1634 I wm_stop_activity: [0,85671939,com.android.launcher3/.uioverrides.QuickstepLauncher]
11-11 05:03:10.882 2824 2824 I wm_on_stop_called: [85671939,com.android.launcher3.uioverrides.QuickstepLauncher,STOP_ACTIVITY_ITEM]
11-11 05:03:11.160 1490 1642 I am_uid_idle: 10094
11-11 05:03:12.315 0 0 I auditd : type=1400 audit(0.0:1574): avc: denied { kill } for comm="swapper/3" capability=5 scontext=u:r:kernel:s0 tcontext=u:r:kernel:s0 tclass=capability permissive=0
11-11 05:03:13.315 0 0 I auditd : type=1400 audit(0.0:1575): avc: denied { kill } for comm="swapper/3" capability=5 scontext=u:r:kernel:s0 tcontext=u:r:kernel:s0 tclass=capability permissive=0
11-11 05:03:13.562 1490 1992 I input_interaction: Interaction with: da1c781 com.android.settings/com.android.settings.Settings (server), edge-swipe (server), swipe-up (server), PointerEventDispatcher0 (server),
11-11 05:03:13.686 11151 11151 I sysui_multi_action: [757,830,758,4,833,0,854,top_level_sound,1089,0]
11-11 05:03:13.797 11151 11151 I sysui_multi_action: [757,746,758,2,1089,3099]
11-11 05:03:13.890 11151 11151 I sysui_multi_action: [757,336,758,1,833,0,1089,74]
11-11 05:03:13.893 11151 11151 I sysui_multi_action: [757,1729,758,4,854,isParalleledControllers:false,1089,77]
11-11 05:03:14.315 0 0 I auditd : type=1400 audit(0.0:1576): avc: denied { kill } for comm="swapper/3" capability=5 scontext=u:r:kernel:s0 tcontext=u:r:kernel:s0 tclass=capability permissive=0
11-11 05:03:15.144 1490 2774 I volume_changed: [3,17,18,39,com.android.settings]
11-11 05:03:15.145 2356 2771 I sysui_multi_action: [757,210,758,4,759,3]
11-11 05:03:15.169 1490 7626 I volume_changed: [3,18,19,39,com.android.settings]
11-11 05:03:15.204 1490 2774 I volume_changed: [3,19,21,39,com.android.settings]
11-11 05:03:15.228 1490 2774 I volume_changed: [3,21,23,39,com.android.settings]
11-11 05:03:15.254 1490 3272 I volume_changed: [3,23,25,39,com.android.settings]
11-11 05:03:15.278 1490 3272 I volume_changed: [3,25,28,39,com.android.settings]
11-11 05:03:15.293 1490 6837 I volume_changed: [3,28,29,39,com.android.settings]
11-11 05:03:15.319 1490 6837 I volume_changed: [3,29,30,39,com.android.settings]
11-11 05:03:15.342 1490 1799 I volume_changed: [3,30,31,39,com.android.settings]
11-11 05:03:15.360 1490 2777 I volume_changed: [3,31,32,39,com.android.settings]
11-11 05:03:15.876 1490 1745 I commit_sys_config_file: [settings-1-0,4]
11-11 05:03:16.315 0 0 I auditd : type=1400 audit(0.0:1577): avc: denied { kill } for comm="swapper/3" capability=5 scontext=u:r:kernel:s0 tcontext=u:r:kernel:s0 tclass=capability permissive=0
11-11 05:03:17.280 1490 2777 I volume_changed: [3,32,31,39,com.android.settings]
11-11 05:03:17.323 1490 3272 I volume_changed: [3,31,30,39,com.android.settings]
11-11 05:03:17.342 1490 1799 I volume_changed: [3,30,29,39,com.android.settings]
11-11 05:03:17.387 1490 2777 I volume_changed: [3,29,28,39,com.android.settings]
11-11 05:03:17.439 1490 2774 I volume_changed: [3,28,27,39,com.android.settings]
11-11 05:03:17.468 1490 2774 I volume_changed: [3,27,26,39,com.android.settings]
11-11 05:03:17.487 1490 7448 I volume_changed: [3,26,25,39,com.android.settings]
11-11 05:03:17.508 1490 6837 I volume_changed: [3,25,24,39,com.android.settings]
11-11 05:03:17.531 1490 7448 I volume_changed: [3,24,22,39,com.android.settings]
11-11 05:03:17.554 1490 4839 I volume_changed: [3,22,21,39,com.android.settings]
11-11 05:03:17.589 1490 4839 I volume_changed: [3,21,19,39,com.android.settings]
11-11 05:03:17.610 1490 7448 I volume_changed: [3,19,18,39,com.android.settings]
11-11 05:03:17.636 1490 2774 I volume_changed: [3,18,17,39,com.android.settings]
11-11 05:03:18.013 1490 1745 I commit_sys_config_file: [settings-1-0,10]
11-11 05:03:18.315 0 0 I auditd : type=1400 audit(0.0:1578): avc: denied { kill } for comm="swapper/1" capability=5 scontext=u:r:kernel:s0 tcontext=u:r:kernel:s0 tclass=capability permissive=0
11-11 05:03:19.315 7625 7625 I auditd : type=1400 audit(0.0:1579): avc: denied { kill } for comm="kworker/u16:8" capability=5 scontext=u:r:kernel:s0 tcontext=u:r:kernel:s0 tclass=capability permissive=0
11-11 05:03:20.315 0 0 I auditd : type=1400 audit(0.0:1580): avc: denied { kill } for comm="swapper/1" capability=5 scontext=u:r:kernel:s0 tcontext=u:r:kernel:s0 tclass=capability permissive=0
11-11 05:03:20.368 11151 11151 I sysui_multi_action: [757,830,758,4,833,0,854,top_level_storage,1089,0]
11-11 05:03:20.477 11151 11151 I sysui_multi_action: [757,336,758,2,1089,6586]
11-11 05:03:20.511 11151 11151 I sysui_multi_action: [757,745,758,1,833,0,1089,23]
11-11 05:03:20.511 11151 11151 I sysui_multi_action: [757,1729,758,4,854,isParalleledControllers:false,1089,24]
11-11 05:03:21.076 1490 1992 I input_interaction: Interaction with: da1c781 com.android.settings/com.android.settings.Settings (server), PointerEventDispatcher0 (server),
11-11 05:03:21.315 0 0 I auditd : type=1400 audit(0.0:1581): avc: denied { kill } for comm="swapper/1" capability=5 scontext=u:r:kernel:s0 tcontext=u:r:kernel:s0 tclass=capability permissive=0
11-11 05:03:21.829 1490 1992 I input_interaction: Interaction with: da1c781 com.android.settings/com.android.settings.Settings (server), edge-swipe (server), swipe-up (server), PointerEventDispatcher0 (server),
11-11 05:03:21.950 11151 11151 I sysui_multi_action: [757,830,758,4,833,0,854,top_level_game,1089,0]
11-11 05:03:22.056 11151 11151 I sysui_multi_action: [757,745,758,2,1089,1546]
11-11 05:03:22.096 1490 1641 I am_pss : [11151,1000,com.android.settings,90201088,76890112,0,228216832,0,2,13]
11-11 05:03:22.116 11151 11151 I sysui_multi_action: [757,3000,758,1,833,0,1089,50]
11-11 05:03:22.117 11151 11151 I sysui_multi_action: [757,1729,758,4,854,isParalleledControllers:false,1089,51]
11-11 05:03:22.315 0 0 I auditd : type=1400 audit(0.0:1582): avc: denied { kill } for comm="swapper/1" capability=5 scontext=u:r:kernel:s0 tcontext=u:r:kernel:s0 tclass=capability permissive=0
11-11 05:03:23.526 1490 1642 I am_uid_idle: 10023
11-11 05:03:24.315 0 0 I auditd : type=1400 audit(0.0:1583): avc: denied { kill } for comm="swapper/1" capability=5 scontext=u:r:kernel:s0 tcontext=u:r:kernel:s0 tclass=capability permissive=0
11-11 05:03:25.315 0 0 I auditd : type=1400 audit(0.0:1584): avc: denied { kill } for comm="swapper/1" capability=5 scontext=u:r:kernel:s0 tcontext=u:r:kernel:s0 tclass=capability permissive=0
11-11 05:03:26.315 0 0 I auditd : type=1400 audit(0.0:1585): avc: denied { kill } for comm="swapper/1" capability=5 scontext=u:r:kernel:s0 tcontext=u:r:kernel:s0 tclass=capability permissive=0
11-11 05:03:27.315 0 0 I auditd : type=1400 audit(0.0:1586): avc: denied { kill } for comm="swapper/1" capability=5 scontext=u:r:kernel:s0 tcontext=u:r:kernel:s0 tclass=capability permissive=0
11-11 05:03:28.315 0 0 I auditd : type=1400 audit(0.0:1587): avc: denied { kill } for comm="swapper/1" capability=5 scontext=u:r:kernel:s0 tcontext=u:r:kernel:s0 tclass=capability permissive=0
11-11 05:03:29.315 0 0 I auditd : type=1400 audit(0.0:1588): avc: denied { kill } for comm="swapper/1" capability=5 scontext=u:r:kernel:s0 tcontext=u:r:kernel:s0 tclass=capability permissive=0
11-11 05:03:30.315 0 0 I auditd : type=1400 audit(0.0:1589): avc: denied { kill } for comm="swapper/1" capability=5 scontext=u:r:kernel:s0 tcontext=u:r:kernel:s0 tclass=capability permissive=0
11-11 05:03:31.315 0 0 I auditd : type=1400 audit(0.0:1590): avc: denied { kill } for comm="swapper/1" capability=5 scontext=u:r:kernel:s0 tcontext=u:r:kernel:s0 tclass=capability permissive=0
11-11 05:03:32.315 0 0 I auditd : type=1400 audit(0.0:1591): avc: denied { kill } for comm="swapper/1" capability=5 scontext=u:r:kernel:s0 tcontext=u:r:kernel:s0 tclass=capability permissive=0
11-11 05:03:33.315 0 0 I auditd : type=1400 audit(0.0:1592): avc: denied { kill } for comm="swapper/1" capability=5 scontext=u:r:kernel:s0 tcontext=u:r:kernel:s0 tclass=capability permissive=0
11-11 05:03:34.315 0 0 I auditd : type=1400 audit(0.0:1593): avc: denied { kill } for comm="swapper/1" capability=5 scontext=u:r:kernel:s0 tcontext=u:r:kernel:s0 tclass=capability permissive=0
11-11 05:03:35.315 0 0 I auditd : type=1400 audit(0.0:1594): avc: denied { kill } for comm="swapper/1" capability=5 scontext=u:r:kernel:s0 tcontext=u:r:kernel:s0 tclass=capability permissive=0
11-11 05:03:36.315 0 0 I auditd : type=1400 audit(0.0:1595): avc: denied { kill } for comm="swapper/1" capability=5 scontext=u:r:kernel:s0 tcontext=u:r:kernel:s0 tclass=capability permissive=0
11-11 05:03:37.315 0 0 I auditd : type=1400 audit(0.0:1596): avc: denied { kill } for comm="swapper/1" capability=5 scontext=u:r:kernel:s0 tcontext=u:r:kernel:s0 tclass=capability permissive=0
11-11 05:03:38.315 0 0 I auditd : type=1400 audit(0.0:1597): avc: denied { kill } for comm="swapper/1" capability=5 scontext=u:r:kernel:s0 tcontext=u:r:kernel:s0 tclass=capability permissive=0
11-11 05:03:39.315 0 0 I auditd : type=1400 audit(0.0:1598): avc: denied { kill } for comm="swapper/1" capability=5 scontext=u:r:kernel:s0 tcontext=u:r:kernel:s0 tclass=capability permissive=0
11-11 05:03:40.315 0 0 I auditd : type=1400 audit(0.0:1599): avc: denied { kill } for comm="swapper/1" capability=5 scontext=u:r:kernel:s0 tcontext=u:r:kernel:s0 tclass=capability permissive=0
11-11 05:03:41.315 0 0 I auditd : type=1400 audit(0.0:1600): avc: denied { kill } for comm="swapper/1" capability=5 scontext=u:r:kernel:s0 tcontext=u:r:kernel:s0 tclass=capability permissive=0
11-11 05:03:41.902 1490 1641 I am_pss : [11151,1000,com.android.settings,88230912,74854400,0,226394112,0,2,18]
11-11 05:03:42.315 0 0 I auditd : type=1400 audit(0.0:1601): avc: denied { kill } for comm="swapper/1" capability=5 scontext=u:r:kernel:s0 tcontext=u:r:kernel:s0 tclass=capability permissive=0
11-11 05:03:43.315 0 0 I auditd : type=1400 audit(0.0:1602): avc: denied { kill } for comm="swapper/1" capability=5 scontext=u:r:kernel:s0 tcontext=u:r:kernel:s0 tclass=capability permissive=0
11-11 05:03:44.315 0 0 I auditd : type=1400 audit(0.0:1603): avc: denied { kill } for comm="swapper/1" capability=5 scontext=u:r:kernel:s0 tcontext=u:r:kernel:s0 tclass=capability permissive=0
11-11 05:03:45.315 0 0 I auditd : type=1400 audit(0.0:1604): avc: denied { kill } for comm="swapper/1" capability=5 scontext=u:r:kernel:s0 tcontext=u:r:kernel:s0 tclass=capability permissive=0
11-11 05:03:46.315 0 0 I auditd : type=1400 audit(0.0:1605): avc: denied { kill } for comm="swapper/1" capability=5 scontext=u:r:kernel:s0 tcontext=u:r:kernel:s0 tclass=capability permissive=0
11-11 05:03:47.315 0 0 I auditd : type=1400 audit(0.0:1606): avc: denied { kill } for comm="swapper/1" capability=5 scontext=u:r:kernel:s0 tcontext=u:r:kernel:s0 tclass=capability permissive=0
11-11 05:03:48.315 0 0 I auditd : type=1400 audit(0.0:1607): avc: denied { kill } for comm="swapper/1" capability=5 scontext=u:r:kernel:s0 tcontext=u:r:kernel:s0 tclass=capability permissive=0
11-11 05:03:49.315 0 0 I auditd : type=1400 audit(0.0:1608): avc: denied { kill } for comm="swapper/1" capability=5 scontext=u:r:kernel:s0 tcontext=u:r:kernel:s0 tclass=capability permissive=0
11-11 05:03:50.315 0 0 I auditd : type=1400 audit(0.0:1609): avc: denied { kill } for comm="swapper/1" capability=5 scontext=u:r:kernel:s0 tcontext=u:r:kernel:s0 tclass=capability permissive=0
11-11 05:03:51.315 0 0 I auditd : type=1400 audit(0.0:1610): avc: denied { kill } for comm="swapper/1" capability=5 scontext=u:r:kernel:s0 tcontext=u:r:kernel:s0 tclass=capability permissive=0
11-11 05:03:52.315 0 0 I auditd : type=1400 audit(0.0:1611): avc: denied { kill } for comm="swapper/1" capability=5 scontext=u:r:kernel:s0 tcontext=u:r:kernel:s0 tclass=capability permissive=0
11-11 05:03:53.271 1490 1992 I input_interaction: Interaction with: da1c781 com.android.settings/com.android.settings.Settings (server), PointerEventDispatcher0 (server),
11-11 05:03:54.082 1490 1992 I input_interaction: Interaction with: da1c781 com.android.settings/com.android.settings.Settings (server), edge-swipe (server), swipe-up (server), PointerEventDispatcher0 (server),
11-11 05:03:54.198 11151 11151 I sysui_multi_action: [757,830,758,4,833,0,854,top_level_network,1089,0]
11-11 05:03:54.306 11151 11151 I sysui_multi_action: [757,3000,758,2,1089,32189]
11-11 05:03:54.335 11151 11151 W CarrierConfigManager: Error getting config for subId -1 ICarrierConfigLoader is null
11-11 05:03:54.402 11151 11151 I sysui_multi_action: [757,746,758,1,833,0,1089,78]
11-11 05:03:54.403 1490 2774 D TelephonyRegistry: listen oscl: mHasNotifySubscriptionInfoChangedOccurred==false no callback
11-11 05:03:54.407 1490 3272 D TelephonyRegistry: listen oscl: mHasNotifySubscriptionInfoChangedOccurred==false no callback
11-11 05:03:54.416 11151 11151 I sysui_multi_action: [757,1729,758,4,854,isParalleledControllers:false,1089,91]
11-11 05:03:54.465 11151 11151 I service_manager_stats: [100,44,1054075]
11-11 05:03:55.315 0 0 I auditd : type=1400 audit(0.0:1612): avc: denied { kill } for comm="swapper/1" capability=5 scontext=u:r:kernel:s0 tcontext=u:r:kernel:s0 tclass=capability permissive=0
11-11 05:03:55.367 11151 11151 I sysui_multi_action: [757,830,758,4,833,0,854,main_toggle_wifi,1089,0]
11-11 05:03:55.384 11151 11151 I sysui_multi_action: [757,746,758,2,1089,982]
11-11 05:03:55.437 1490 3272 I netstats_mobile_sample: [0,0,0,0,0,0,0,0,0,0,0,0,1668114235437]
11-11 05:03:55.437 1490 3272 I netstats_wifi_sample: [41809296,47582,7691836,26602,41809296,47582,7691836,26602,43658082,58179,4203977,18464,1668114235437]
11-11 05:03:55.460 1490 3272 I netstats_mobile_sample: [0,0,0,0,0,0,0,0,0,0,0,0,1668114235460]
11-11 05:03:55.461 1490 3272 I netstats_wifi_sample: [41809296,47582,7691836,26602,41809296,47582,7691836,26602,43658082,58179,4203977,18464,1668114235460]
11-11 05:03:55.504 11151 11151 I sysui_multi_action: [757,103,758,1,833,0,1089,106]
11-11 05:03:56.315 0 0 I auditd : type=1400 audit(0.0:1613): avc: denied { kill } for comm="swapper/1" capability=5 scontext=u:r:kernel:s0 tcontext=u:r:kernel:s0 tclass=capability permissive=0
11-11 05:03:56.935 1490 2774 I wm_task_moved: [83,1,7]
11-11 05:03:56.935 1490 2774 I wm_set_resumed_activity: [0,com.android.settings/.Settings,positionChildAt]
11-11 05:03:56.935 1490 2774 I wm_create_activity: [0,210714231,83,com.android.settings/.SubSettings,android.intent.action.MAIN,NULL,NULL,0]
11-11 05:03:56.937 1490 2774 I wm_pause_activity: [0,16344225,com.android.settings/.Settings,userLeaving=true,resumeTopActivityInnerLocked]
11-11 05:03:56.940 11151 11151 I wm_on_top_resumed_lost_called: [16344225,com.android.settings.Settings,topStateChangedWhenResumed]
11-11 05:03:56.943 11151 11151 I sysui_multi_action: [757,35,758,2,1089,46550]
11-11 05:03:56.944 11151 11151 I sysui_multi_action: [757,103,758,2,1089,1440]
11-11 05:03:56.946 11151 11151 I wm_on_paused_called: [16344225,com.android.settings.Settings,performPause]
11-11 05:03:56.947 1490 2774 I wm_add_to_stopping: [0,16344225,com.android.settings/.Settings,makeInvisible]
11-11 05:03:56.948 1490 2774 I wm_restart_activity: [0,210714231,83,com.android.settings/.SubSettings]
11-11 05:03:56.950 1490 2774 I wm_set_resumed_activity: [0,com.android.settings/.SubSettings,minimalResumeActivityLocked]
11-11 05:03:56.954 1490 1634 I sysui_multi_action: [757,803,799,window_time_0,802,47]
11-11 05:03:56.979 1490 1992 I input_focus: [Focus leaving da1c781 com.android.settings/com.android.settings.Settings (server),reason=NO_WINDOW]
11-11 05:03:56.983 1490 2774 I wm_finish_activity: [0,210714231,83,com.android.settings/.SubSettings,clear-task-stack]
11-11 05:03:56.992 1490 2774 I wm_pause_activity: [0,210714231,com.android.settings/.SubSettings,userLeaving=false,finish]
11-11 05:03:56.993 1490 2774 I wm_new_intent: [0,16344225,83,com.android.settings/.Settings,android.intent.action.MAIN,NULL,NULL,270532608]
11-11 05:03:56.993 1490 2774 I wm_task_moved: [83,1,7]
11-11 05:03:56.999 11151 11151 I wm_on_create_called: [210714231,com.android.settings.SubSettings,performCreate]
11-11 05:03:57.007 1490 6837 I wm_add_to_stopping: [0,210714231,com.android.settings/.SubSettings,completeFinishing]
11-11 05:03:57.008 1490 6837 I wm_set_resumed_activity: [0,com.android.settings/.Settings,resumeTopActivityInnerLocked]
11-11 05:03:57.009 1490 6837 I wm_resume_activity: [0,16344225,83,com.android.settings/.Settings]
11-11 05:03:57.021 1490 1635 I input_focus: [Focus request da1c781 com.android.settings/com.android.settings.Settings,reason=UpdateInputWindows]
11-11 05:03:57.024 1490 1634 I sysui_multi_action: [757,803,799,window_time_0,802,0]
11-11 05:03:57.026 11151 11151 I wm_on_resume_called: [16344225,com.android.settings.Settings,RESUME_ACTIVITY]
11-11 05:03:57.027 11151 11151 I sysui_multi_action: [757,35,758,1,833,0,1089,0]
11-11 05:03:57.030 1490 1992 I input_focus: [Focus entering da1c781 com.android.settings/com.android.settings.Settings (server),reason=Window became focusable. Previous reason: NO_WINDOW]
11-11 05:03:57.030 11151 11151 I sysui_multi_action: [757,103,758,1,833,0,1089,0]
11-11 05:03:57.033 11151 11151 I wm_on_top_resumed_gained_called: [16344225,com.android.settings.Settings,topWhenResuming]
