11-11 04:56:12.605 1490 1992 I input_interaction: Interaction with: adfab8f com.android.calendar/com.android.calendar.AllInOneActivity (server), edge-swipe (server), swipe-up (server), PointerEventDispatcher0 (server),
11-11 04:56:12.721 1490 3527 I wm_relaunch_resume_activity: [0,213258051,63,com.android.calendar/.AllInOneActivity]
11-11 04:56:12.722 1490 3527 I wm_add_to_stopping: [0,85671939,com.android.launcher3/.uioverrides.QuickstepLauncher,makeInvisible]
11-11 04:56:12.726 3898 3898 I wm_on_top_resumed_lost_called: [213258051,com.android.calendar.AllInOneActivity,pausing]
11-11 04:56:12.729 3898 3898 I wm_on_paused_called: [213258051,com.android.calendar.AllInOneActivity,performPause]
11-11 04:56:12.729 3898 3898 I wm_on_stop_called: [213258051,com.android.calendar.AllInOneActivity,handleRelaunchActivity]
11-11 04:56:12.731 3898 3898 I wm_on_destroy_called: [213258051,com.android.calendar.AllInOneActivity,performDestroy]
11-11 04:56:12.757 3898 3898 I wm_on_create_called: [213258051,com.android.calendar.AllInOneActivity,performCreate]
11-11 04:56:12.776 3898 3898 I wm_on_start_called: [213258051,com.android.calendar.AllInOneActivity,handleStartActivity]
11-11 04:56:12.781 3898 3898 I wm_on_resume_called: [213258051,com.android.calendar.AllInOneActivity,RESUME_ACTIVITY]
11-11 04:56:12.782 3898 3898 I wm_on_top_resumed_gained_called: [213258051,com.android.calendar.AllInOneActivity,topWhenResuming]
11-11 04:56:13.152 1490 1634 I wm_stop_activity: [0,85671939,com.android.launcher3/.uioverrides.QuickstepLauncher]
11-11 04:56:13.184 2824 2824 I wm_on_paused_called: [85671939,com.android.launcher3.uioverrides.QuickstepLauncher,performPause]
11-11 04:56:13.190 2824 2824 I wm_on_stop_called: [85671939,com.android.launcher3.uioverrides.QuickstepLauncher,STOP_ACTIVITY_ITEM]
11-11 04:56:13.315 0 0 I auditd : type=1400 audit(0.0:1040): avc: denied { kill } for comm="swapper/0" capability=5 scontext=u:r:kernel:s0 tcontext=u:r:kernel:s0 tclass=capability permissive=0
11-11 04:56:14.315 0 0 I auditd : type=1400 audit(0.0:1041): avc: denied { kill } for comm="swapper/0" capability=5 scontext=u:r:kernel:s0 tcontext=u:r:kernel:s0 tclass=capability permissive=0
11-11 04:56:14.695 1490 7158 I wm_task_moved: [1,0,0]
11-11 04:56:14.700 1490 7158 I wm_task_moved: [1,0,5]
11-11 04:56:14.717 2824 2824 I wm_on_restart_called: [85671939,com.android.launcher3.uioverrides.QuickstepLauncher,performRestartActivity]
11-11 04:56:14.734 2824 2824 I wm_on_start_called: [85671939,com.android.launcher3.uioverrides.QuickstepLauncher,handleStartActivity]
11-11 04:56:14.761 1490 1630 I sysui_multi_action: [319,18,322,54,325,594,757,761,758,9,759,5,806,com.android.launcher3,871,com.android.launcher3.uioverrides.QuickstepLauncher,905,0,1320,4,1321,1]
11-11 04:56:14.865 3898 3898 I view_enqueue_input_event: [Motion - Cancel,com.android.calendar/com.android.calendar.AllInOneActivity]
11-11 04:56:14.867 2824 2824 I sysui_latency: [1,72]
11-11 04:56:14.872 1490 1992 I input_interaction: Interaction with: edge-swipe (server), swipe-up (server), PointerEventDispatcher0 (server),
11-11 04:56:14.873 1490 1635 I input_focus: [Focus request recents_animation_input_consumer,reason=UpdateInputWindows]
11-11 04:56:14.905 1490 1992 I input_focus: [Focus leaving adfab8f com.android.calendar/com.android.calendar.AllInOneActivity (server),reason=NOT_FOCUSABLE]
11-11 04:56:14.905 1490 1992 I input_focus: [Focus entering recents_animation_input_consumer (server),reason=setFocusedWindow]
11-11 04:56:14.944 1490 1745 I commit_sys_config_file: [settings-1-0,11]
11-11 04:56:15.051 1490 1641 I sysui_latency: [8,73]
11-11 04:56:15.315 351 351 I auditd : type=1400 audit(0.0:1042): avc: denied { kill } for comm="irq/382-atmel_m" capability=5 scontext=u:r:kernel:s0 tcontext=u:r:kernel:s0 tclass=capability permissive=0
11-11 04:56:16.262 1490 1745 I commit_sys_config_file: [settings-1-0,6]
11-11 04:56:16.315 0 0 I auditd : type=1400 audit(0.0:1043): avc: denied { kill } for comm="swapper/0" capability=5 scontext=u:r:kernel:s0 tcontext=u:r:kernel:s0 tclass=capability permissive=0
11-11 04:56:16.609 1490 1992 I input_interaction: Interaction with: 978e85f com.android.launcher3/com.android.launcher3.uioverrides.QuickstepLauncher (server), edge-swipe (server), swipe-up (server), PointerEventDispatcher0 (server),
11-11 04:56:17.031 1490 6160 I wm_task_moved: [1,1,6]
11-11 04:56:17.036 1490 6160 I wm_focused_root_task: [0,0,1,63,RecentsAnimation.onAnimationFinished()]
11-11 04:56:17.036 3898 3898 I wm_on_top_resumed_lost_called: [213258051,com.android.calendar.AllInOneActivity,topStateChangedWhenResumed]
11-11 04:56:17.038 1490 6160 I wm_pause_activity: [0,213258051,com.android.calendar/.AllInOneActivity,userLeaving=false,pauseBackTasks]
11-11 04:56:17.041 1490 6160 I wm_set_resumed_activity: [0,com.android.launcher3/.uioverrides.QuickstepLauncher,resumeTopActivityInnerLocked]
11-11 04:56:17.043 1490 6160 I wm_resume_activity: [0,85671939,10,com.android.launcher3/.uioverrides.QuickstepLauncher]
11-11 04:56:17.043 1490 6160 I wm_add_to_stopping: [0,213258051,com.android.calendar/.AllInOneActivity,makeInvisible]
11-11 04:56:17.058 1490 1635 I input_focus: [Focus request 978e85f com.android.launcher3/com.android.launcher3.uioverrides.QuickstepLauncher,reason=UpdateInputWindows]
11-11 04:56:17.059 2824 2824 I wm_on_resume_called: [85671939,com.android.launcher3.uioverrides.QuickstepLauncher,RESUME_ACTIVITY]
11-11 04:56:17.059 1490 1634 I sysui_multi_action: [757,803,799,window_time_0,802,9]
11-11 04:56:17.060 1490 1634 I wm_stop_activity: [0,213258051,com.android.calendar/.AllInOneActivity]
11-11 04:56:17.061 3898 3898 I wm_on_paused_called: [213258051,com.android.calendar.AllInOneActivity,performPause]
11-11 04:56:17.061 1490 1634 I sysui_multi_action: [757,803,799,window_time_0,802,0]
11-11 04:56:17.068 2824 2824 I wm_on_top_resumed_gained_called: [85671939,com.android.launcher3.uioverrides.QuickstepLauncher,topStateChangedWhenResumed]
11-11 04:56:17.075 1490 1992 I input_focus: [Focus leaving recents_animation_input_consumer (server),reason=NOT_VISIBLE]
11-11 04:56:17.078 1490 1641 I am_pss : [8380,10086,com.android.music,7008256,5652480,0,91090944,0,19,6]
11-11 04:56:17.079 1490 1992 I input_focus: [Focus entering 978e85f com.android.launcher3/com.android.launcher3.uioverrides.QuickstepLauncher (server),reason=setFocusedWindow]
11-11 04:56:17.087 3898 3898 I wm_on_stop_called: [213258051,com.android.calendar.AllInOneActivity,STOP_ACTIVITY_ITEM]
11-11 04:56:17.092 1490 1641 I am_pss : [8360,1000,com.thundercomm.mcuupgrade,6592512,5210112,0,90701824,0,19,7]
11-11 04:56:17.173 1490 3527 I wm_finish_activity: [0,213258051,63,com.android.calendar/.AllInOneActivity,recent-task-trimmed]
11-11 04:56:17.174 1490 3527 I wm_destroy_activity: [0,213258051,63,com.android.calendar/.AllInOneActivity,finish-imm:finishIfPossible]
11-11 04:56:17.175 1490 1634 I am_kill : [0,3898,com.android.calendar,900,remove task]
11-11 04:56:17.177 1490 1634 I sysui_multi_action: [757,803,799,window_time_0,802,0]
11-11 04:56:17.237 1490 3527 I am_proc_died: [0,3898,com.android.calendar,900,18]
11-11 04:56:17.240 1490 3527 I am_uid_stopped: 10068
11-11 04:56:17.243 1490 3527 I wm_task_removed: [63,removeChild:removeChild last r=ActivityRecord{cb60f43 u0 com.android.calendar/.AllInOneActivity t-1 f}} in t=Task{1b92cf2 #63 type=standard A=10068:android.task.calendar U=0 visible=false mode=fullscreen translucent=true sz=0}]
11-11 04:56:17.243 1490 3527 I wm_task_removed: [63,removeChild]
11-11 04:56:17.247 1490 1634 I am_uid_running: 10068
11-11 04:56:17.257 1490 1643 I am_proc_start: [0,8557,10068,com.android.calendar,NULL,]
11-11 04:56:17.294 1490 7266 I am_proc_bound: [0,8557,com.android.calendar]
11-11 04:56:17.315 351 351 I auditd : type=1400 audit(0.0:1044): avc: denied { kill } for comm="irq/382-atmel_m" capability=5 scontext=u:r:kernel:s0 tcontext=u:r:kernel:s0 tclass=capability permissive=0
11-11 04:56:18.315 283 283 I auditd : type=1400 audit(0.0:1045): avc: denied { kill } for comm="kworker/u16:7" capability=5 scontext=u:r:kernel:s0 tcontext=u:r:kernel:s0 tclass=capability permissive=0
11-11 04:56:19.315 0 0 I auditd : type=1400 audit(0.0:1046): avc: denied { kill } for comm="swapper/3" capability=5 scontext=u:r:kernel:s0 tcontext=u:r:kernel:s0 tclass=capability permissive=0
11-11 04:56:20.315 0 0 I auditd : type=1400 audit(0.0:1047): avc: denied { kill } for comm="swapper/3" capability=5 scontext=u:r:kernel:s0 tcontext=u:r:kernel:s0 tclass=capability permissive=0
11-11 04:56:20.684 1490 1992 I input_interaction: Interaction with: 978e85f com.android.launcher3/com.android.launcher3.uioverrides.QuickstepLauncher (server), f91321f com.android.systemui.ImageWallpaper (server), edge-swipe (server), swipe-up (server), PointerEventDispatcher0 (server),
11-11 04:56:21.010 1490 1745 I commit_sys_config_file: [settings-1-0,10]
11-11 04:56:21.315 0 0 I auditd : type=1400 audit(0.0:1048): avc: denied { kill } for comm="swapper/3" capability=5 scontext=u:r:kernel:s0 tcontext=u:r:kernel:s0 tclass=capability permissive=0
11-11 04:56:22.979 1490 2446 I wm_task_created: [64,-1]
11-11 04:56:22.985 1490 2446 I wm_task_moved: [64,1,6]
11-11 04:56:22.985 1490 2446 I wm_task_to_front: [0,64]
11-11 04:56:22.986 1490 2446 I wm_create_task: [0,64]
11-11 04:56:22.986 1490 2446 I wm_create_activity: [0,260502436,64,com.android.deskclock/.DeskClock,NULL,NULL,NULL,268468224]
11-11 04:56:22.986 1490 2446 I wm_task_moved: [64,1,6]
11-11 04:56:22.995 1490 1634 I am_uid_running: 10066
11-11 04:56:23.003 2824 2824 I wm_on_top_resumed_lost_called: [85671939,com.android.launcher3.uioverrides.QuickstepLauncher,topStateChangedWhenResumed]
11-11 04:56:23.008 1490 1643 I am_proc_start: [0,8584,10066,com.android.deskclock,top-activity,{com.android.deskclock/com.android.deskclock.DeskClock}]
11-11 04:56:23.031 1490 2446 I am_proc_bound: [0,8584,com.android.deskclock]
11-11 04:56:23.033 1490 2446 I wm_restart_activity: [0,260502436,64,com.android.deskclock/.DeskClock]
11-11 04:56:23.034 1490 2446 I wm_set_resumed_activity: [0,com.android.deskclock/.DeskClock,minimalResumeActivityLocked]
11-11 04:56:23.034 1490 2446 I am_uid_active: 10066
11-11 04:56:23.095 1490 2406 I wm_task_moved: [64,1,6]
11-11 04:56:23.095 1490 2406 I wm_set_resumed_activity: [0,com.android.deskclock/.DeskClock,positionChildAt]
11-11 04:56:23.095 1490 2406 I wm_create_activity: [0,157291279,64,com.android.permissioncontroller/.permission.ui.GrantPermissionsActivity,android.content.pm.action.REQUEST_PERMISSIONS,NULL,NULL,8388608]
11-11 04:56:23.099 1490 2406 I wm_pause_activity: [0,260502436,com.android.deskclock/.DeskClock,userLeaving=true,resumeTopActivityInnerLocked]
11-11 04:56:23.130 8584 8584 I wm_on_create_called: [260502436,com.android.deskclock.DeskClock,performCreate]
11-11 04:56:23.131 8584 8584 I wm_on_start_called: [260502436,com.android.deskclock.DeskClock,handleStartActivity]
11-11 04:56:23.134 8584 8584 I wm_on_resume_called: [260502436,com.android.deskclock.DeskClock,RESUME_ACTIVITY]
11-11 04:56:23.140 8584 8584 I wm_on_top_resumed_gained_called: [260502436,com.android.deskclock.DeskClock,topStateChangedWhenResumed]
11-11 04:56:23.140 8584 8584 I wm_on_top_resumed_lost_called: [260502436,com.android.deskclock.DeskClock,topStateChangedWhenResumed]
11-11 04:56:23.141 8584 8584 I wm_on_paused_called: [260502436,com.android.deskclock.DeskClock,performPause]
11-11 04:56:23.144 1490 2446 I wm_restart_activity: [0,157291279,64,com.android.permissioncontroller/.permission.ui.GrantPermissionsActivity]
11-11 04:56:23.145 1490 2446 I wm_set_resumed_activity: [0,com.android.permissioncontroller/.permission.ui.GrantPermissionsActivity,minimalResumeActivityLocked]
11-11 04:56:23.149 1490 1634 I sysui_multi_action: [757,803,799,window_time_0,802,6]
11-11 04:56:23.166 2360 2360 I wm_on_create_called: [157291279,com.android.permissioncontroller.permission.ui.GrantPermissionsActivity,performCreate]
11-11 04:56:23.167 2360 2360 I wm_on_start_called: [157291279,com.android.permissioncontroller.permission.ui.GrantPermissionsActivity,handleStartActivity]
11-11 04:56:23.167 2360 2360 I wm_on_resume_called: [157291279,com.android.permissioncontroller.permission.ui.GrantPermissionsActivity,RESUME_ACTIVITY]
11-11 04:56:23.169 2360 2360 I wm_on_top_resumed_gained_called: [157291279,com.android.permissioncontroller.permission.ui.GrantPermissionsActivity,topStateChangedWhenResumed]
11-11 04:56:23.180 1490 1635 I input_focus: [Focus request ca03aa3 com.android.permissioncontroller/com.android.permissioncontroller.permission.ui.GrantPermissionsActivity,reason=UpdateInputWindows]
11-11 04:56:23.186 1490 7158 I wm_finish_activity: [0,157291279,64,com.android.permissioncontroller/.permission.ui.GrantPermissionsActivity,app-request]
11-11 04:56:23.186 1490 7158 I wm_pause_activity: [0,157291279,com.android.permissioncontroller/.permission.ui.GrantPermissionsActivity,userLeaving=false,finish]
11-11 04:56:23.190 2360 2360 I wm_on_top_resumed_lost_called: [157291279,com.android.permissioncontroller.permission.ui.GrantPermissionsActivity,topStateChangedWhenResumed]
11-11 04:56:23.190 2360 2360 I wm_on_paused_called: [157291279,com.android.permissioncontroller.permission.ui.GrantPermissionsActivity,performPause]
11-11 04:56:23.191 1490 2446 I wm_add_to_stopping: [0,157291279,com.android.permissioncontroller/.permission.ui.GrantPermissionsActivity,completeFinishing]
11-11 04:56:23.191 1490 1992 I input_focus: [Focus leaving 978e85f com.android.launcher3/com.android.launcher3.uioverrides.QuickstepLauncher (server),reason=Waiting for window because NOT_VISIBLE]
11-11 04:56:23.192 1490 2446 I wm_set_resumed_activity: [0,com.android.deskclock/.DeskClock,resumeTopActivityInnerLocked]
11-11 04:56:23.193 1490 2446 I wm_resume_activity: [0,260502436,64,com.android.deskclock/.DeskClock]
11-11 04:56:23.194 1490 1745 I commit_sys_config_file: [settings-1-0,27]
11-11 04:56:23.196 1490 1634 I sysui_multi_action: [757,803,799,window_time_2,802,0]
11-11 04:56:23.208 1490 1635 I input_focus: [Focus request 4efbf21 com.android.deskclock/com.android.deskclock.DeskClock,reason=UpdateInputWindows]
11-11 04:56:23.288 8584 8584 I wm_on_activity_result_called: [260502436,com.android.deskclock.DeskClock,ACTIVITY_RESULT]
11-11 04:56:23.289 8584 8584 I wm_on_resume_called: [260502436,com.android.deskclock.DeskClock,RESUME_ACTIVITY]
11-11 04:56:23.290 8584 8584 I wm_on_top_resumed_gained_called: [260502436,com.android.deskclock.DeskClock,topWhenResuming]
11-11 04:56:23.290 1490 1992 I input_focus: [Focus entering 4efbf21 com.android.deskclock/com.android.deskclock.DeskClock (server),reason=Window became focusable. Previous reason: NOT_VISIBLE]
11-11 04:56:23.344 1490 1641 I am_pss : [8175,90000,com.microsoft.emmx:sandboxed_process0:org.chromium.content.app.SandboxedProcessService0:0,15171584,3837952,0,112095232,0,19,5]
11-11 04:56:23.356 1490 1641 I am_pss : [8092,10024,com.microsoft.emmx,70449152,45813760,0,224505856,0,19,8]
11-11 04:56:23.558 1490 1634 I wm_destroy_activity: [0,157291279,64,com.android.permissioncontroller/.permission.ui.GrantPermissionsActivity,finish-imm:idle]
11-11 04:56:23.561 2360 2360 I wm_on_stop_called: [157291279,com.android.permissioncontroller.permission.ui.GrantPermissionsActivity,LIFECYCLER_STOP_ACTIVITY]
11-11 04:56:23.563 2360 2360 I wm_on_destroy_called: [157291279,com.android.permissioncontroller.permission.ui.GrantPermissionsActivity,performDestroy]
11-11 04:56:24.249 1490 1992 I input_interaction: Interaction with: 4efbf21 com.android.deskclock/com.android.deskclock.DeskClock (server), edge-swipe (server), swipe-up (server), PointerEventDispatcher0 (server),
11-11 04:56:24.315 0 0 I auditd : type=1400 audit(0.0:1049): avc: denied { kill } for comm="swapper/3" capability=5 scontext=u:r:kernel:s0 tcontext=u:r:kernel:s0 tclass=capability permissive=0
11-11 04:56:24.407 1490 7266 I wm_relaunch_resume_activity: [0,260502436,64,com.android.deskclock/.DeskClock]
11-11 04:56:24.408 1490 7266 I wm_add_to_stopping: [0,85671939,com.android.launcher3/.uioverrides.QuickstepLauncher,makeInvisible]
11-11 04:56:24.428 8584 8584 I wm_on_top_resumed_lost_called: [260502436,com.android.deskclock.DeskClock,pausing]
11-11 04:56:24.430 8584 8584 I wm_on_paused_called: [260502436,com.android.deskclock.DeskClock,performPause]
11-11 04:56:24.431 8584 8584 I wm_on_stop_called: [260502436,com.android.deskclock.DeskClock,handleRelaunchActivity]
11-11 04:56:24.446 8584 8584 I wm_on_destroy_called: [260502436,com.android.deskclock.DeskClock,performDestroy]
11-11 04:56:24.475 1490 7158 I wm_task_moved: [64,1,6]
11-11 04:56:24.476 1490 7158 I wm_set_resumed_activity: [0,com.android.deskclock/.DeskClock,positionChildAt]
11-11 04:56:24.476 1490 7158 I wm_create_activity: [0,216676498,64,com.android.permissioncontroller/.permission.ui.GrantPermissionsActivity,android.content.pm.action.REQUEST_PERMISSIONS,NULL,NULL,8388608]
11-11 04:56:24.476 1490 7158 I wm_pause_activity: [0,85671939,com.android.launcher3/.uioverrides.QuickstepLauncher,userLeaving=true,pauseBackTasks]
11-11 04:56:24.477 1490 7158 I wm_pause_activity: [0,260502436,com.android.deskclock/.DeskClock,userLeaving=true,resumeTopActivityInnerLocked]
11-11 04:56:24.479 2824 2824 I wm_on_paused_called: [85671939,com.android.launcher3.uioverrides.QuickstepLauncher,performPause]
11-11 04:56:24.489 1490 1634 I sysui_multi_action: [757,803,799,window_time_2,802,2]
11-11 04:56:24.503 8584 8584 I wm_on_create_called: [260502436,com.android.deskclock.DeskClock,performCreate]
11-11 04:56:24.533 8584 8584 I wm_on_start_called: [260502436,com.android.deskclock.DeskClock,handleStartActivity]
11-11 04:56:24.534 8584 8584 I wm_on_resume_called: [260502436,com.android.deskclock.DeskClock,RESUME_ACTIVITY]
11-11 04:56:24.536 8584 8584 I wm_on_top_resumed_gained_called: [260502436,com.android.deskclock.DeskClock,topWhenResuming]
11-11 04:56:24.579 8584 8584 I wm_on_top_resumed_lost_called: [260502436,com.android.deskclock.DeskClock,topStateChangedWhenResumed]
11-11 04:56:24.580 8584 8584 I wm_on_paused_called: [260502436,com.android.deskclock.DeskClock,performPause]
11-11 04:56:24.584 1490 7266 I wm_restart_activity: [0,216676498,64,com.android.permissioncontroller/.permission.ui.GrantPermissionsActivity]
11-11 04:56:24.585 1490 7266 I wm_set_resumed_activity: [0,com.android.permissioncontroller/.permission.ui.GrantPermissionsActivity,minimalResumeActivityLocked]
11-11 04:56:24.597 1490 1634 I sysui_multi_action: [757,803,799,window_time_0,802,0]
11-11 04:56:24.630 2360 2360 I wm_on_create_called: [216676498,com.android.permissioncontroller.permission.ui.GrantPermissionsActivity,performCreate]
11-11 04:56:24.631 2360 2360 I wm_on_start_called: [216676498,com.android.permissioncontroller.permission.ui.GrantPermissionsActivity,handleStartActivity]
11-11 04:56:24.631 2360 2360 I wm_on_resume_called: [216676498,com.android.permissioncontroller.permission.ui.GrantPermissionsActivity,RESUME_ACTIVITY]
11-11 04:56:24.634 2360 2360 I wm_on_top_resumed_gained_called: [216676498,com.android.permissioncontroller.permission.ui.GrantPermissionsActivity,topStateChangedWhenResumed]
11-11 04:56:24.640 1490 2406 I wm_finish_activity: [0,216676498,64,com.android.permissioncontroller/.permission.ui.GrantPermissionsActivity,app-request]
11-11 04:56:24.646 1490 2406 I wm_pause_activity: [0,216676498,com.android.permissioncontroller/.permission.ui.GrantPermissionsActivity,userLeaving=false,finish]
11-11 04:56:24.650 1490 1634 I sysui_multi_action: [757,1144,758,8,806,com.android.permissioncontroller,871,com.android.permissioncontroller.permission.ui.GrantPermissionsActivity]
11-11 04:56:24.658 2360 2360 I wm_on_top_resumed_lost_called: [216676498,com.android.permissioncontroller.permission.ui.GrantPermissionsActivity,topStateChangedWhenResumed]
11-11 04:56:24.660 2360 2360 I wm_on_paused_called: [216676498,com.android.permissioncontroller.permission.ui.GrantPermissionsActivity,performPause]
11-11 04:56:24.662 1490 7158 I wm_set_resumed_activity: [0,com.android.deskclock/.DeskClock,resumeTopActivityInnerLocked]
11-11 04:56:24.663 1490 7158 I wm_resume_activity: [0,260502436,64,com.android.deskclock/.DeskClock]
11-11 04:56:24.664 8584 8584 I wm_on_activity_result_called: [260502436,com.android.deskclock.DeskClock,ACTIVITY_RESULT]
11-11 04:56:24.665 8584 8584 I wm_on_resume_called: [260502436,com.android.deskclock.DeskClock,RESUME_ACTIVITY]
11-11 04:56:24.669 8584 8584 I wm_on_top_resumed_gained_called: [260502436,com.android.deskclock.DeskClock,topWhenResuming]
11-11 04:56:24.675 1490 1635 I input_focus: [Focus request 4efbf21 com.android.deskclock/com.android.deskclock.DeskClock,reason=UpdateInputWindows]
11-11 04:56:24.675 1490 1634 I sysui_multi_action: [757,803,799,window_time_0,802,0]
11-11 04:56:24.681 1490 2406 I wm_destroy_activity: [0,216676498,64,com.android.permissioncontroller/.permission.ui.GrantPermissionsActivity,finish-idle]
11-11 04:56:24.684 2360 2360 I wm_on_stop_called: [216676498,com.android.permissioncontroller.permission.ui.GrantPermissionsActivity,LIFECYCLER_STOP_ACTIVITY]
11-11 04:56:24.686 2360 2360 I wm_on_destroy_called: [216676498,com.android.permissioncontroller.permission.ui.GrantPermissionsActivity,performDestroy]
11-11 04:56:25.016 1490 1634 I wm_stop_activity: [0,85671939,com.android.launcher3/.uioverrides.QuickstepLauncher]
11-11 04:56:25.047 2824 2824 I wm_on_stop_called: [85671939,com.android.launcher3.uioverrides.QuickstepLauncher,STOP_ACTIVITY_ITEM]
11-11 04:56:25.315 0 0 I auditd : type=1400 audit(0.0:1050): avc: denied { kill } for comm="swapper/3" capability=5 scontext=u:r:kernel:s0 tcontext=u:r:kernel:s0 tclass=capability permissive=0
11-11 04:56:26.315 0 0 I auditd : type=1400 audit(0.0:1051): avc: denied { kill } for comm="swapper/3" capability=5 scontext=u:r:kernel:s0 tcontext=u:r:kernel:s0 tclass=capability permissive=0
11-11 04:56:26.425 1490 2406 I wm_task_moved: [1,0,0]
11-11 04:56:26.426 1490 2406 I wm_task_moved: [1,0,5]
11-11 04:56:26.446 2824 2824 I wm_on_restart_called: [85671939,com.android.launcher3.uioverrides.QuickstepLauncher,performRestartActivity]
11-11 04:56:26.487 2824 2824 I wm_on_start_called: [85671939,com.android.launcher3.uioverrides.QuickstepLauncher,handleStartActivity]
11-11 04:56:26.516 8584 8584 I view_enqueue_input_event: [Motion - Cancel,com.android.deskclock/com.android.deskclock.DeskClock]
11-11 04:56:26.517 1490 1630 I sysui_multi_action: [319,11,322,80,325,606,757,761,758,9,759,5,806,com.android.launcher3,871,com.android.launcher3.uioverrides.QuickstepLauncher,905,0,1320,4,1321,1]
11-11 04:56:26.517 2824 2824 I sysui_latency: [1,99]
11-11 04:56:26.519 1490 1992 I input_interaction: Interaction with: edge-swipe (server), swipe-up (server), PointerEventDispatcher0 (server),
11-11 04:56:26.525 1490 1635 I input_focus: [Focus request recents_animation_input_consumer,reason=UpdateInputWindows]
11-11 04:56:26.547 1490 1992 I input_focus: [Focus leaving 4efbf21 com.android.deskclock/com.android.deskclock.DeskClock (server),reason=NOT_FOCUSABLE]
11-11 04:56:26.547 1490 1992 I input_focus: [Focus entering recents_animation_input_consumer (server),reason=setFocusedWindow]
11-11 04:56:26.693 1490 1745 I commit_sys_config_file: [settings-1-0,8]
11-11 04:56:26.806 1490 1641 I sysui_latency: [8,100]
11-11 04:56:27.315 0 0 I auditd : type=1400 audit(0.0:1052): avc: denied { kill } for comm="swapper/3" capability=5 scontext=u:r:kernel:s0 tcontext=u:r:kernel:s0 tclass=capability permissive=0
11-11 04:56:27.408 1490 1745 I commit_sys_config_file: [settings-1-0,7]
11-11 04:56:27.738 1490 1992 I input_interaction: Interaction with: 978e85f com.android.launcher3/com.android.launcher3.uioverrides.QuickstepLauncher (server), edge-swipe (server), swipe-up (server), PointerEventDispatcher0 (server),
11-11 04:56:28.158 1490 7158 I wm_task_moved: [1,1,6]
11-11 04:56:28.165 1490 7158 I wm_focused_root_task: [0,0,1,64,RecentsAnimation.onAnimationFinished()]
11-11 04:56:28.165 8584 8584 I wm_on_top_resumed_lost_called: [260502436,com.android.deskclock.DeskClock,topStateChangedWhenResumed]
11-11 04:56:28.171 1490 7158 I wm_pause_activity: [0,260502436,com.android.deskclock/.DeskClock,userLeaving=false,pauseBackTasks]
11-11 04:56:28.173 1490 7158 I wm_set_resumed_activity: [0,com.android.launcher3/.uioverrides.QuickstepLauncher,resumeTopActivityInnerLocked]
11-11 04:56:28.174 1490 7158 I wm_resume_activity: [0,85671939,10,com.android.launcher3/.uioverrides.QuickstepLauncher]
11-11 04:56:28.174 1490 7158 I wm_add_to_stopping: [0,260502436,com.android.deskclock/.DeskClock,makeInvisible]
11-11 04:56:28.182 2824 2824 I wm_on_resume_called: [85671939,com.android.launcher3.uioverrides.QuickstepLauncher,RESUME_ACTIVITY]
11-11 04:56:28.186 1490 1992 I input_focus: [Focus leaving recents_animation_input_consumer (server),reason=NOT_VISIBLE]
11-11 04:56:28.190 1490 1635 I input_focus: [Focus request 978e85f com.android.launcher3/com.android.launcher3.uioverrides.QuickstepLauncher,reason=UpdateInputWindows]
11-11 04:56:28.192 8584 8584 I wm_on_paused_called: [260502436,com.android.deskclock.DeskClock,performPause]
11-11 04:56:28.193 1490 1634 I sysui_multi_action: [757,803,799,window_time_0,802,3]
11-11 04:56:28.197 1490 1634 I wm_stop_activity: [0,260502436,com.android.deskclock/.DeskClock]
11-11 04:56:28.198 1490 1634 I sysui_multi_action: [757,803,799,window_time_0,802,0]
11-11 04:56:28.201 2824 2824 I wm_on_top_resumed_gained_called: [85671939,com.android.launcher3.uioverrides.QuickstepLauncher,topStateChangedWhenResumed]
11-11 04:56:28.202 1490 1992 I input_focus: [Focus entering 978e85f com.android.launcher3/com.android.launcher3.uioverrides.QuickstepLauncher (server),reason=setFocusedWindow]
11-11 04:56:28.220 1490 1641 I am_pss : [8510,10069,com.android.gallery3d,7739392,6279168,0,94117888,0,19,6]
11-11 04:56:28.227 8584 8584 I wm_on_stop_called: [260502436,com.android.deskclock.DeskClock,STOP_ACTIVITY_ITEM]
11-11 04:56:28.288 1490 3527 I wm_finish_activity: [0,260502436,64,com.android.deskclock/.DeskClock,recent-task-trimmed]
11-11 04:56:28.290 1490 3527 I wm_destroy_activity: [0,260502436,64,com.android.deskclock/.DeskClock,finish-imm:finishIfPossible]
11-11 04:56:28.295 1490 1634 I am_kill : [0,8584,com.android.deskclock,905,remove task]
11-11 04:56:28.296 1490 1634 I sysui_multi_action: [757,803,799,window_time_0,802,0]
11-11 04:56:28.313 1490 1992 I input_interaction: Interaction with: 978e85f com.android.launcher3/com.android.launcher3.uioverrides.QuickstepLauncher (server), f91321f com.android.systemui.ImageWallpaper (server), edge-swipe (server), swipe-up (server), PointerEventDispatcher0 (server),
11-11 04:56:28.315 0 0 I auditd : type=1400 audit(0.0:1053): avc: denied { kill } for comm="swapper/3" capability=5 scontext=u:r:kernel:s0 tcontext=u:r:kernel:s0 tclass=capability permissive=0
11-11 04:56:28.346 1490 3527 I am_proc_died: [0,8584,com.android.deskclock,905,19]
11-11 04:56:28.348 1490 3527 I am_uid_stopped: 10066
11-11 04:56:28.351 1490 3527 I wm_task_removed: [64,removeChild:removeChild last r=ActivityRecord{f86f3a4 u0 com.android.deskclock/.DeskClock t-1 f}} in t=Task{7e15237 #64 type=standard A=10066:com.android.deskclock U=0 visible=false mode=fullscreen translucent=true sz=0}]
11-11 04:56:28.352 1490 3527 I wm_task_removed: [64,removeChild]
11-11 04:56:30.176 1490 1745 I commit_sys_config_file: [settings-1-0,11]
11-11 04:56:31.722 1490 1490 I service_manager_slow: [10,phone]
11-11 04:56:31.857 1490 2453 I wm_task_created: [65,-1]
11-11 04:56:31.866 1490 2453 I wm_task_moved: [65,1,6]
11-11 04:56:31.866 1490 2453 I wm_task_to_front: [0,65]
11-11 04:56:31.867 1490 2453 I wm_create_task: [0,65]
11-11 04:56:31.867 1490 2453 I wm_create_activity: [0,109607527,65,com.android.calendar/.AllInOneActivity,NULL,NULL,NULL,268468224]
11-11 04:56:31.867 1490 2453 I wm_task_moved: [65,1,6]
11-11 04:56:31.872 1490 2453 I wm_restart_activity: [0,109607527,65,com.android.calendar/.AllInOneActivity]
11-11 04:56:31.874 1490 2453 I wm_set_resumed_activity: [0,com.android.calendar/.AllInOneActivity,minimalResumeActivityLocked]
11-11 04:56:31.880 1490 1634 I am_uid_active: 10068
11-11 04:56:31.884 2824 2824 I wm_on_top_resumed_lost_called: [85671939,com.android.launcher3.uioverrides.QuickstepLauncher,topStateChangedWhenResumed]
11-11 04:56:31.913 8557 8557 I wm_on_create_called: [109607527,com.android.calendar.AllInOneActivity,performCreate]
11-11 04:56:31.928 8557 8557 I wm_on_start_called: [109607527,com.android.calendar.AllInOneActivity,handleStartActivity]
11-11 04:56:31.930 8557 8557 I wm_on_resume_called: [109607527,com.android.calendar.AllInOneActivity,RESUME_ACTIVITY]
11-11 04:56:31.936 8557 8557 I wm_on_top_resumed_gained_called: [109607527,com.android.calendar.AllInOneActivity,topStateChangedWhenResumed]
11-11 04:56:31.953 1490 1635 I input_focus: [Focus request a0b4644 com.android.calendar/com.android.calendar.AllInOneActivity,reason=UpdateInputWindows]
11-11 04:56:31.977 1490 1992 I input_focus: [Focus leaving 978e85f com.android.launcher3/com.android.launcher3.uioverrides.QuickstepLauncher (server),reason=Waiting for window because NOT_VISIBLE]
11-11 04:56:31.989 1490 1630 I sysui_multi_action: [319,134,322,134,325,611,757,761,758,8,759,2,806,com.android.calendar,871,com.android.calendar.AllInOneActivity,904,com.android.launcher3,905,0,1320,4,1321,1]
11-11 04:56:31.990 1490 1630 I wm_activity_launch_time: [0,109607527,com.android.calendar/.AllInOneActivity,134]
11-11 04:56:31.994 1490 1992 I input_focus: [Focus entering a0b4644 com.android.calendar/com.android.calendar.AllInOneActivity (server),reason=Window became focusable. Previous reason: NOT_VISIBLE]
11-11 04:56:32.051 1490 1745 I commit_sys_config_file: [settings-1-0,8]
11-11 04:56:32.930 1490 1992 I input_interaction: Interaction with: a0b4644 com.android.calendar/com.android.calendar.AllInOneActivity (server), edge-swipe (server), swipe-up (server), PointerEventDispatcher0 (server),
11-11 04:56:33.088 1490 3616 I wm_relaunch_resume_activity: [0,109607527,65,com.android.calendar/.AllInOneActivity]
11-11 04:56:33.089 1490 3616 I wm_add_to_stopping: [0,85671939,com.android.launcher3/.uioverrides.QuickstepLauncher,makeInvisible]
11-11 04:56:33.100 8557 8557 I wm_on_top_resumed_lost_called: [109607527,com.android.calendar.AllInOneActivity,pausing]
11-11 04:56:33.103 8557 8557 I wm_on_paused_called: [109607527,com.android.calendar.AllInOneActivity,performPause]
11-11 04:56:33.103 8557 8557 I wm_on_stop_called: [109607527,com.android.calendar.AllInOneActivity,handleRelaunchActivity]
11-11 04:56:33.104 8557 8557 I wm_on_destroy_called: [109607527,com.android.calendar.AllInOneActivity,performDestroy]
11-11 04:56:33.122 8557 8557 I wm_on_create_called: [109607527,com.android.calendar.AllInOneActivity,performCreate]
11-11 04:56:33.139 8557 8557 I wm_on_start_called: [109607527,com.android.calendar.AllInOneActivity,handleStartActivity]
11-11 04:56:33.144 8557 8557 I wm_on_resume_called: [109607527,com.android.calendar.AllInOneActivity,RESUME_ACTIVITY]
11-11 04:56:33.145 8557 8557 I wm_on_top_resumed_gained_called: [109607527,com.android.calendar.AllInOneActivity,topWhenResuming]
11-11 04:56:33.315 0 0 I auditd : type=1400 audit(0.0:1054): avc: denied { kill } for comm="swapper/3" capability=5 scontext=u:r:kernel:s0 tcontext=u:r:kernel:s0 tclass=capability permissive=0
11-11 04:56:33.501 1490 1634 I wm_stop_activity: [0,85671939,com.android.launcher3/.uioverrides.QuickstepLauncher]
11-11 04:56:33.530 2824 2824 I wm_on_paused_called: [85671939,com.android.launcher3.uioverrides.QuickstepLauncher,performPause]
11-11 04:56:33.534 2824 2824 I wm_on_stop_called: [85671939,com.android.launcher3.uioverrides.QuickstepLauncher,STOP_ACTIVITY_ITEM]
11-11 04:56:34.315 0 0 I auditd : type=1400 audit(0.0:1055): avc: denied { kill } for comm="swapper/3" capability=5 scontext=u:r:kernel:s0 tcontext=u:r:kernel:s0 tclass=capability permissive=0
11-11 04:56:35.263 1490 3616 I wm_task_moved: [1,0,0]
11-11 04:56:35.264 1490 3616 I wm_task_moved: [1,0,5]
11-11 04:56:35.282 2824 2824 I wm_on_restart_called: [85671939,com.android.launcher3.uioverrides.QuickstepLauncher,performRestartActivity]
11-11 04:56:35.310 2824 2824 I wm_on_start_called: [85671939,com.android.launcher3.uioverrides.QuickstepLauncher,handleStartActivity]
11-11 04:56:35.329 1490 1630 I sysui_multi_action: [319,11,322,60,325,614,757,761,758,9,759,5,806,com.android.launcher3,871,com.android.launcher3.uioverrides.QuickstepLauncher,905,0,1320,4,1321,1]
11-11 04:56:35.522 1490 1745 I commit_sys_config_file: [settings-1-0,14]
11-11 04:56:35.533 8557 8557 I view_enqueue_input_event: [Motion - Cancel,com.android.calendar/com.android.calendar.AllInOneActivity]
11-11 04:56:35.536 2824 2824 I sysui_latency: [1,77]
11-11 04:56:35.541 1490 1635 I input_focus: [Focus request recents_animation_input_consumer,reason=UpdateInputWindows]
11-11 04:56:35.549 1490 1992 I input_interaction: Interaction with: edge-swipe (server), swipe-up (server), PointerEventDispatcher0 (server),
11-11 04:56:35.555 1490 1992 I input_focus: [Focus leaving a0b4644 com.android.calendar/com.android.calendar.AllInOneActivity (server),reason=NOT_FOCUSABLE]
11-11 04:56:35.555 1490 1992 I input_focus: [Focus entering recents_animation_input_consumer (server),reason=setFocusedWindow]
11-11 04:56:35.624 1490 1641 I sysui_latency: [8,77]
11-11 04:56:37.315 0 0 I auditd : type=1400 audit(0.0:1056): avc: denied { kill } for comm="swapper/3" capability=5 scontext=u:r:kernel:s0 tcontext=u:r:kernel:s0 tclass=capability permissive=0
11-11 04:56:37.778 1490 1642 I am_uid_idle: 10024
11-11 04:56:37.779 1490 1642 I am_uid_idle: 90000
11-11 04:56:37.889 1490 1745 I commit_sys_config_file: [settings-1-0,7]
11-11 04:56:38.315 0 0 I auditd : type=1400 audit(0.0:1057): avc: denied { kill } for comm="swapper/3" capability=5 scontext=u:r:kernel:s0 tcontext=u:r:kernel:s0 tclass=capability permissive=0
11-11 04:56:38.659 1490 1992 I input_interaction: Interaction with: 978e85f com.android.launcher3/com.android.launcher3.uioverrides.QuickstepLauncher (server), edge-swipe (server), swipe-up (server), PointerEventDispatcher0 (server),
11-11 04:56:39.080 1490 3527 I wm_task_moved: [1,1,6]
11-11 04:56:39.086 1490 3527 I wm_focused_root_task: [0,0,1,65,RecentsAnimation.onAnimationFinished()]
11-11 04:56:39.087 8557 8557 I wm_on_top_resumed_lost_called: [109607527,com.android.calendar.AllInOneActivity,topStateChangedWhenResumed]
11-11 04:56:39.089 1490 3527 I wm_pause_activity: [0,109607527,com.android.calendar/.AllInOneActivity,userLeaving=false,pauseBackTasks]
11-11 04:56:39.093 1490 3527 I wm_set_resumed_activity: [0,com.android.launcher3/.uioverrides.QuickstepLauncher,resumeTopActivityInnerLocked]
11-11 04:56:39.096 1490 3527 I wm_resume_activity: [0,85671939,10,com.android.launcher3/.uioverrides.QuickstepLauncher]
11-11 04:56:39.096 1490 3527 I wm_add_to_stopping: [0,109607527,com.android.calendar/.AllInOneActivity,makeInvisible]
11-11 04:56:39.099 2824 2824 I wm_on_resume_called: [85671939,com.android.launcher3.uioverrides.QuickstepLauncher,RESUME_ACTIVITY]
11-11 04:56:39.108 1490 1635 I input_focus: [Focus request 978e85f com.android.launcher3/com.android.launcher3.uioverrides.QuickstepLauncher,reason=UpdateInputWindows]
11-11 04:56:39.111 1490 1992 I input_focus: [Focus leaving recents_animation_input_consumer (server),reason=NOT_VISIBLE]
11-11 04:56:39.114 2824 2824 I wm_on_top_resumed_gained_called: [85671939,com.android.launcher3.uioverrides.QuickstepLauncher,topStateChangedWhenResumed]
11-11 04:56:39.115 8557 8557 I wm_on_paused_called: [109607527,com.android.calendar.AllInOneActivity,performPause]
11-11 04:56:39.121 1490 1634 I sysui_multi_action: [757,803,799,window_time_0,802,11]
11-11 04:56:39.122 1490 5871 I wm_stop_activity: [0,109607527,com.android.calendar/.AllInOneActivity]
11-11 04:56:39.127 1490 1634 I sysui_multi_action: [757,803,799,window_time_0,802,0]
11-11 04:56:39.128 1490 1992 I input_focus: [Focus entering 978e85f com.android.launcher3/com.android.launcher3.uioverrides.QuickstepLauncher (server),reason=setFocusedWindow]
11-11 04:56:39.144 8557 8557 I wm_on_stop_called: [109607527,com.android.calendar.AllInOneActivity,STOP_ACTIVITY_ITEM]
11-11 04:56:39.149 1490 1641 I am_pss : [8380,10086,com.android.music,7008256,5652480,0,91090944,0,19,6]
11-11 04:56:39.156 1490 1641 I am_pss : [8360,1000,com.thundercomm.mcuupgrade,6592512,5210112,0,90701824,0,19,6]
11-11 04:56:39.161 1490 1490 I service_manager_stats: [100,84,37178]
11-11 04:56:39.208 1490 5871 I wm_finish_activity: [0,109607527,65,com.android.calendar/.AllInOneActivity,recent-task-trimmed]
11-11 04:56:39.210 1490 5871 I wm_destroy_activity: [0,109607527,65,com.android.calendar/.AllInOneActivity,finish-imm:finishIfPossible]
11-11 04:56:39.211 1490 1634 I am_kill : [0,8557,com.android.calendar,905,remove task]
11-11 04:56:39.214 1490 1634 I sysui_multi_action: [757,803,799,window_time_0,802,0]
11-11 04:56:39.267 1490 2302 I am_proc_died: [0,8557,com.android.calendar,905,19]
11-11 04:56:39.279 1490 2302 I am_uid_stopped: 10068
11-11 04:56:39.284 1490 2302 I wm_task_removed: [65,removeChild:removeChild last r=ActivityRecord{6887a67 u0 com.android.calendar/.AllInOneActivity t-1 f}} in t=Task{f1b7e26 #65 type=standard A=10068:android.task.calendar U=0 visible=false mode=fullscreen translucent=true sz=0}]
11-11 04:56:39.284 1490 2302 I wm_task_removed: [65,removeChild]
11-11 04:56:39.289 1490 1634 I am_uid_running: 10068
11-11 04:56:39.300 1490 1643 I am_proc_start: [0,8681,10068,com.android.calendar,NULL,]
11-11 04:56:39.333 1490 6835 I am_proc_bound: [0,8681,com.android.calendar]
11-11 04:56:40.315 0 0 I auditd : type=1400 audit(0.0:1058): avc: denied { kill } for comm="swapper/3" capability=5 scontext=u:r:kernel:s0 tcontext=u:r:kernel:s0 tclass=capability permissive=0
11-11 04:56:40.417 1490 1992 I input_interaction: Interaction with: 978e85f com.android.launcher3/com.android.launcher3.uioverrides.QuickstepLauncher (server), f91321f com.android.systemui.ImageWallpaper (server), edge-swipe (server), swipe-up (server), PointerEventDispatcher0 (server),
11-11 04:56:41.315 0 0 I auditd : type=1400 audit(0.0:1059): avc: denied { kill } for comm="swapper/3" capability=5 scontext=u:r:kernel:s0 tcontext=u:r:kernel:s0 tclass=capability permissive=0
11-11 04:56:41.811 1490 3527 I wm_task_created: [66,-1]
11-11 04:56:41.826 1490 3527 I wm_task_moved: [66,1,6]
11-11 04:56:41.826 1490 3527 I wm_task_to_front: [0,66]
11-11 04:56:41.827 1490 3527 I wm_create_task: [0,66]
11-11 04:56:41.827 1490 3527 I wm_create_activity: [0,183811102,66,com.android.soundrecorder/.SoundRecorder,NULL,NULL,NULL,268468224]
11-11 04:56:41.827 1490 3527 I wm_task_moved: [66,1,6]
11-11 04:56:41.836 1490 1634 I am_uid_running: 10060
11-11 04:56:41.839 2824 2824 I wm_on_top_resumed_lost_called: [85671939,com.android.launcher3.uioverrides.QuickstepLauncher,topStateChangedWhenResumed]
11-11 04:56:41.862 1490 1643 I am_proc_start: [0,8707,10060,com.android.soundrecorder,top-activity,{com.android.soundrecorder/com.android.soundrecorder.SoundRecorder}]
11-11 04:56:41.889 1490 3527 I am_proc_bound: [0,8707,com.android.soundrecorder]
11-11 04:56:41.891 1490 3527 I wm_restart_activity: [0,183811102,66,com.android.soundrecorder/.SoundRecorder]
11-11 04:56:41.892 1490 3527 I wm_set_resumed_activity: [0,com.android.soundrecorder/.SoundRecorder,minimalResumeActivityLocked]
11-11 04:56:41.892 1490 3527 I am_uid_active: 10060
11-11 04:56:41.918 1490 3527 I wm_task_moved: [66,1,6]
11-11 04:56:41.918 1490 3527 I wm_set_resumed_activity: [0,com.android.soundrecorder/.SoundRecorder,positionChildAt]
11-11 04:56:41.918 1490 3527 I wm_create_activity: [0,47255272,66,com.android.soundrecorder/.util.PermissionUtils,NULL,NULL,NULL,268435456]
11-11 04:56:41.918 1490 3527 I wm_pause_activity: [0,183811102,com.android.soundrecorder/.SoundRecorder,userLeaving=true,resumeTopActivityInnerLocked]
11-11 04:56:41.920 1490 6160 I wm_finish_activity: [0,183811102,66,com.android.soundrecorder/.SoundRecorder,app-request]
11-11 04:56:41.920 8707 8707 I wm_on_create_called: [183811102,com.android.soundrecorder.SoundRecorder,performCreate]
11-11 04:56:41.927 1490 6160 I wm_add_to_stopping: [0,183811102,com.android.soundrecorder/.SoundRecorder,completeFinishing]
11-11 04:56:41.928 1490 6160 I wm_restart_activity: [0,47255272,66,com.android.soundrecorder/.util.PermissionUtils]
11-11 04:56:41.929 1490 6160 I wm_set_resumed_activity: [0,com.android.soundrecorder/.util.PermissionUtils,minimalResumeActivityLocked]
11-11 04:56:41.930 1490 1634 I sysui_multi_action: [757,803,799,window_time_0,802,3]
11-11 04:56:41.935 1490 6160 I wm_task_moved: [66,1,6]
11-11 04:56:41.936 1490 6160 I wm_set_resumed_activity: [0,com.android.soundrecorder/.util.PermissionUtils,positionChildAt]
11-11 04:56:41.938 1490 6160 I wm_create_activity: [0,206885632,66,com.android.permissioncontroller/.permission.ui.GrantPermissionsActivity,android.content.pm.action.REQUEST_PERMISSIONS,NULL,NULL,8388608]
11-11 04:56:41.942 1490 6160 I wm_pause_activity: [0,47255272,com.android.soundrecorder/.util.PermissionUtils,userLeaving=true,resumeTopActivityInnerLocked]
11-11 04:56:41.943 8707 8707 I wm_on_create_called: [47255272,com.android.soundrecorder.util.PermissionUtils,performCreate]
11-11 04:56:41.950 8707 8707 I wm_on_start_called: [47255272,com.android.soundrecorder.util.PermissionUtils,handleStartActivity]
11-11 04:56:41.951 8707 8707 I wm_on_resume_called: [47255272,com.android.soundrecorder.util.PermissionUtils,RESUME_ACTIVITY]
11-11 04:56:41.957 8707 8707 I wm_on_top_resumed_gained_called: [47255272,com.android.soundrecorder.util.PermissionUtils,topStateChangedWhenResumed]
11-11 04:56:41.957 8707 8707 I wm_on_top_resumed_lost_called: [47255272,com.android.soundrecorder.util.PermissionUtils,topStateChangedWhenResumed]
11-11 04:56:41.957 8707 8707 I wm_on_paused_called: [47255272,com.android.soundrecorder.util.PermissionUtils,performPause]
11-11 04:56:41.959 1490 3527 I wm_restart_activity: [0,206885632,66,com.android.permissioncontroller/.permission.ui.GrantPermissionsActivity]
11-11 04:56:41.960 1490 3527 I wm_set_resumed_activity: [0,com.android.permissioncontroller/.permission.ui.GrantPermissionsActivity,minimalResumeActivityLocked]
11-11 04:56:41.963 1490 1634 I sysui_multi_action: [757,803,799,window_time_2,802,0]
11-11 04:56:41.977 2360 2360 I wm_on_create_called: [206885632,com.android.permissioncontroller.permission.ui.GrantPermissionsActivity,performCreate]
11-11 04:56:41.977 2360 2360 I wm_on_start_called: [206885632,com.android.permissioncontroller.permission.ui.GrantPermissionsActivity,handleStartActivity]
11-11 04:56:41.978 2360 2360 I wm_on_resume_called: [206885632,com.android.permissioncontroller.permission.ui.GrantPermissionsActivity,RESUME_ACTIVITY]
11-11 04:56:41.980 2360 2360 I wm_on_top_resumed_gained_called: [206885632,com.android.permissioncontroller.permission.ui.GrantPermissionsActivity,topStateChangedWhenResumed]
11-11 04:56:41.986 1490 1635 I input_focus: [Focus request 3b96256 com.android.permissioncontroller/com.android.permissioncontroller.permission.ui.GrantPermissionsActivity,reason=UpdateInputWindows]
11-11 04:56:42.001 1490 1992 I input_focus: [Focus leaving 978e85f com.android.launcher3/com.android.launcher3.uioverrides.QuickstepLauncher (server),reason=Waiting for window because NOT_VISIBLE]
11-11 04:56:42.036 1490 1992 I input_focus: [Focus entering 3b96256 com.android.permissioncontroller/com.android.permissioncontroller.permission.ui.GrantPermissionsActivity (server),reason=Window became focusable. Previous reason: NOT_VISIBLE]
11-11 04:56:42.045 1490 1630 I sysui_multi_action: [319,229,322,229,325,621,757,761,758,7,759,2,806,com.android.permissioncontroller,871,com.android.permissioncontroller.permission.ui.GrantPermissionsActivity,904,com.android.soundrecorder,905,0,945,90,1320,4,1321,2]
11-11 04:56:42.046 1490 1630 I wm_activity_launch_time: [0,206885632,com.android.permissioncontroller/.permission.ui.GrantPermissionsActivity,229]
11-11 04:56:42.306 1490 1634 I wm_destroy_activity: [0,183811102,66,com.android.soundrecorder/.SoundRecorder,finish-imm:idle]
11-11 04:56:42.310 8707 8707 I wm_on_destroy_called: [183811102,com.android.soundrecorder.SoundRecorder,performDestroy]
11-11 04:56:43.315 0 0 I auditd : type=1400 audit(0.0:1060): avc: denied { kill } for comm="swapper/3" capability=5 scontext=u:r:kernel:s0 tcontext=u:r:kernel:s0 tclass=capability permissive=0
11-11 04:56:43.432 1490 1992 I input_interaction: Interaction with: 3b96256 com.android.permissioncontroller/com.android.permissioncontroller.permission.ui.GrantPermissionsActivity (server), edge-swipe (server), swipe-up (server), PointerEventDispatcher0 (server),
11-11 04:56:43.649 1490 2446 I sysui_multi_action: [757,1243,758,4,806,com.android.soundrecorder,1241,android.permission.READ_PHONE_STATE]
11-11 04:56:44.293 1490 4839 I sysui_multi_action: [757,1243,758,4,806,com.android.soundrecorder,1241,android.permission.WRITE_EXTERNAL_STORAGE]
11-11 04:56:44.294 1490 3527 I sysui_multi_action: [757,1243,758,4,806,com.android.soundrecorder,1241,android.permission.READ_EXTERNAL_STORAGE]
11-11 04:56:44.297 2360 2360 I snet_event_log: [individual_permissions_requested,10060,com.android.soundrecorder:com.android.soundrecorder:;android.permission.READ_PHONE_STATE|false|768com.android.soundrecorder:;android.permission.WRITE_EXTERNAL_STORAGE|false|8960;android.permission.READ_EXTERNAL_STORAGE|false|9088]
11-11 04:56:44.297 1490 3527 I wm_finish_activity: [0,206885632,66,com.android.permissioncontroller/.permission.ui.GrantPermissionsActivity,app-request]
11-11 04:56:44.304 1490 3527 I wm_pause_activity: [0,206885632,com.android.permissioncontroller/.permission.ui.GrantPermissionsActivity,userLeaving=false,finish]
11-11 04:56:44.315 0 0 I auditd : type=1400 audit(0.0:1061): avc: denied { kill } for comm="swapper/3" capability=5 scontext=u:r:kernel:s0 tcontext=u:r:kernel:s0 tclass=capability permissive=0
11-11 04:56:44.325 1490 1992 I input_focus: [Focus leaving 3b96256 com.android.permissioncontroller/com.android.permissioncontroller.permission.ui.GrantPermissionsActivity (server),reason=NO_WINDOW]
11-11 04:56:44.332 2360 2360 I wm_on_top_resumed_lost_called: [206885632,com.android.permissioncontroller.permission.ui.GrantPermissionsActivity,topStateChangedWhenResumed]
11-11 04:56:44.332 2360 2360 I wm_on_paused_called: [206885632,com.android.permissioncontroller.permission.ui.GrantPermissionsActivity,performPause]
11-11 04:56:44.333 1490 2446 I wm_set_resumed_activity: [0,com.android.soundrecorder/.util.PermissionUtils,resumeTopActivityInnerLocked]
11-11 04:56:44.334 1490 2446 I wm_resume_activity: [0,47255272,66,com.android.soundrecorder/.util.PermissionUtils]
11-11 04:56:44.344 1490 1634 I sysui_multi_action: [757,803,799,window_time_2,802,2]
11-11 04:56:44.344 1490 1635 I input_focus: [Focus request c38ddf5 com.android.soundrecorder/com.android.soundrecorder.util.PermissionUtils,reason=UpdateInputWindows]
11-11 04:56:44.346 1490 4839 I wm_task_moved: [66,1,6]
11-11 04:56:44.346 1490 4839 I wm_set_resumed_activity: [0,com.android.soundrecorder/.util.PermissionUtils,positionChildAt]
11-11 04:56:44.346 1490 4839 I wm_create_activity: [0,76813561,66,com.android.soundrecorder/.SoundRecorder,NULL,NULL,NULL,0]
11-11 04:56:44.346 1490 4839 I wm_pause_activity: [0,47255272,com.android.soundrecorder/.util.PermissionUtils,userLeaving=true,resumeTopActivityInnerLocked]
11-11 04:56:44.350 1490 4839 I wm_finish_activity: [0,47255272,66,com.android.soundrecorder/.util.PermissionUtils,app-request]
11-11 04:56:44.350 8707 8707 I wm_on_activity_result_called: [47255272,com.android.soundrecorder.util.PermissionUtils,ACTIVITY_RESULT]
11-11 04:56:44.351 1490 2406 I wm_add_to_stopping: [0,47255272,com.android.soundrecorder/.util.PermissionUtils,completeFinishing]
11-11 04:56:44.352 1490 2406 I wm_restart_activity: [0,76813561,66,com.android.soundrecorder/.SoundRecorder]
11-11 04:56:44.353 1490 2406 I wm_set_resumed_activity: [0,com.android.soundrecorder/.SoundRecorder,minimalResumeActivityLocked]
11-11 04:56:44.357 1490 1992 I input_focus: [Focus entering c38ddf5 com.android.soundrecorder/com.android.soundrecorder.util.PermissionUtils (server),reason=setFocusedWindow]
11-11 04:56:44.358 1490 1634 I sysui_multi_action: [757,803,799,window_time_2,802,0]
11-11 04:56:44.369 8707 8707 I wm_on_create_called: [76813561,com.android.soundrecorder.SoundRecorder,performCreate]
11-11 04:56:44.369 8707 8707 I wm_on_start_called: [76813561,com.android.soundrecorder.SoundRecorder,handleStartActivity]
11-11 04:56:44.370 8707 8707 I wm_on_resume_called: [76813561,com.android.soundrecorder.SoundRecorder,RESUME_ACTIVITY]
11-11 04:56:44.372 8707 8707 I wm_on_top_resumed_gained_called: [76813561,com.android.soundrecorder.SoundRecorder,topStateChangedWhenResumed]
11-11 04:56:44.373 1490 1992 I input_focus: [Focus leaving c38ddf5 com.android.soundrecorder/com.android.soundrecorder.util.PermissionUtils (server),reason=NO_WINDOW]
11-11 04:56:44.375 1490 1635 I input_focus: [Focus request da8aca2 com.android.soundrecorder/com.android.soundrecorder.SoundRecorder,reason=UpdateInputWindows]
11-11 04:56:44.405 1490 1630 I wm_activity_launch_time: [0,76813561,com.android.soundrecorder/.SoundRecorder,60]
11-11 04:56:44.407 1490 2406 I wm_destroy_activity: [0,206885632,66,com.android.permissioncontroller/.permission.ui.GrantPermissionsActivity,finish-idle]
11-11 04:56:44.424 1490 1992 I input_focus: [Focus entering da8aca2 com.android.soundrecorder/com.android.soundrecorder.SoundRecorder (server),reason=Window became focusable. Previous reason: NOT_VISIBLE]
11-11 04:56:44.483 2360 2360 I wm_on_stop_called: [206885632,com.android.permissioncontroller.permission.ui.GrantPermissionsActivity,LIFECYCLER_STOP_ACTIVITY]
