11-11 05:24:53.371 1400 13424 D LOWI-9.0.0.87.a: [LOWI-Scan] BSS a4:1a:3a:00:9f:35 LOWI_PHY_MODE_11NG_HT40(7), Beacon Interval: 100, LOWI_ENCRYPTION_TYPE_WPA_PSK 11mcRanging: No, ANQP: No, LCI: No, Civic: No, capability(0x1411): ESS Privacy ShortSlotTime
11-11 05:24:53.371 1400 13424 D LOWI-9.0.0.87.a: [LOWI-Scan] BSS a4:1a:3a:00:9f:35 FREQ: 2462, cFreq1[40:80:160] = [2452:0:0] cFreq2 = 0 Country Code = CN
11-11 05:24:53.371 1400 13424 D LOWI-9.0.0.87.a: [LOWI-Scan] BSS a4:1a:3a:00:9f:35 (wlan0) ASSO: NO AddInfo: 0x1, TSF 0, 00:38:12.755, RSSI: -168, CPL: 127, AGE: 20220, SSID TP-LINK_9F35, TSFDelta: 0x32c13fce, TXRate: 0
11-11 05:24:53.371 1400 13424 D LOWI-9.0.0.87.a: [LOWI-Scan]
11-11 05:24:53.371 1400 13424 D LOWI-9.0.0.87.a: [LOWI-Scan] print_bss_handler: Report Probe TSF 2311351058 as it greater than Beacon TSF 2307036212
11-11 05:24:53.371 1400 13424 D LOWI-9.0.0.87.a: [LOWI-Scan] decode_rsn_wpa_ie: LOWI_ENCRYPTION_TYPE_WPA_PSK
11-11 05:24:53.371 1400 13424 D LOWI-9.0.0.87.a: [LOWI-Scan] is_qcom_ie, bss_age: 0
11-11 05:24:53.371 1400 13424 D LOWI-9.0.0.87.a: [LOWI-Scan] BSS 18:6f:2d:81:16:e0 LOWI_PHY_MODE_11NG_HT20(5), Beacon Interval: 100, LOWI_ENCRYPTION_TYPE_WPA_PSK 11mcRanging: No, ANQP: No, LCI: No, Civic: No, capability(0x0531): ESS Privacy ShortPreamble SpectrumMgmt ShortSlotTime
11-11 05:24:53.371 1400 13424 D LOWI-9.0.0.87.a: [LOWI-Scan] BSS 18:6f:2d:81:16:e0 FREQ: 2412, cFreq1[40:80:160] = [2412:0:0] cFreq2 = 0 Country Code = CN
11-11 05:24:53.371 1400 13424 D LOWI-9.0.0.87.a: [LOWI-Scan] BSS 18:6f:2d:81:16:e0 (wlan0) ASSO: NO AddInfo: 0x0, TSF 0, 00:38:31.351, RSSI: -144, CPL: 127, AGE: 1624, SSID Testing , TSFDelta: 0x28ce4d70, TXRate: 0
11-11 05:24:53.371 1400 13424 D LOWI-9.0.0.87.a: [LOWI-Scan]
11-11 05:24:53.371 1400 13424 D LOWI-9.0.0.87.a: [LOWI-Scan] print_bss_handler: Report Probe TSF 2311800930 as it greater than Beacon TSF 2307390192
11-11 05:24:53.371 1400 13424 D LOWI-9.0.0.87.a: [LOWI-Scan] decode_rsn_wpa_ie: LOWI_ENCRYPTION_TYPE_WPA_PSK
11-11 05:24:53.371 1400 13424 D LOWI-9.0.0.87.a: [LOWI-Scan] is_qcom_ie, bss_age: 0
11-11 05:24:53.371 1400 13424 D LOWI-9.0.0.87.a: [LOWI-Scan] BSS 18:6f:2d:0a:b8:44 LOWI_PHY_MODE_11NG_HT20(5), Beacon Interval: 100, LOWI_ENCRYPTION_TYPE_WPA_PSK 11mcRanging: No, ANQP: No, LCI: No, Civic: No, capability(0x0531): ESS Privacy ShortPreamble SpectrumMgmt ShortSlotTime
11-11 05:24:53.371 1400 13424 D LOWI-9.0.0.87.a: [LOWI-Scan] BSS 18:6f:2d:0a:b8:44 FREQ: 2427, cFreq1[40:80:160] = [2427:0:0] cFreq2 = 0 Country Code = CN
11-11 05:24:53.371 1400 13424 D LOWI-9.0.0.87.a: [LOWI-Scan] BSS 18:6f:2d:0a:b8:44 (wlan0) ASSO: NO AddInfo: 0x0, TSF 0, 00:38:31.800, RSSI: -120, CPL: 127, AGE: 1172, SSID Fanya, TSFDelta: 0x3ff81fd9, TXRate: 0
11-11 05:24:53.371 1400 13424 D LOWI-9.0.0.87.a: [LOWI-Scan]
11-11 05:24:53.371 1400 13424 D LOWI-9.0.0.87.a: [LOWI-Scan] print_bss_handler: Report beacon TSF 2311925686 as it greater than probe TSF 2297654600
11-11 05:24:53.371 1400 13424 D LOWI-9.0.0.87.a: [LOWI-Scan] decode_rsn_wpa_ie: LOWI_ENCRYPTION_TYPE_WPA_PSK
11-11 05:24:53.371 1400 13424 D LOWI-9.0.0.87.a: [LOWI-Scan] is_qcom_ie, bss_age: 0
11-11 05:24:53.371 1400 13424 D LOWI-9.0.0.87.a: [LOWI-Scan] BSS 18:6f:2d:81:18:95 LOWI_PHY_MODE_11AC_VHT20(8), Beacon Interval: 100, LOWI_ENCRYPTION_TYPE_WPA_PSK 11mcRanging: No, ANQP: No, LCI: No, Civic: No, capability(0x0111): ESS Privacy SpectrumMgmt
11-11 05:24:53.371 1400 13424 D LOWI-9.0.0.87.a: [LOWI-Scan] BSS 18:6f:2d:81:18:95 FREQ: 5280, cFreq1[40:80:160] = [5280:0:0] cFreq2 = 0 Country Code = CN
11-11 05:24:53.371 1400 13424 D LOWI-9.0.0.87.a: [LOWI-Scan] BSS 18:6f:2d:81:18:95 (wlan0) ASSO: NO AddInfo: 0x1, TSF 0, 00:38:31.925, RSSI: -160, CPL: 127, AGE: 1048, SSID GM, TSFDelta: 0xb3ba2306, TXRate: 0
11-11 05:24:53.371 1400 13424 D LOWI-9.0.0.87.a: [LOWI-Scan]
11-11 05:24:53.371 1400 13424 D LOWI-9.0.0.87.a: [LOWI-Scan] print_bss_handler: Report Probe TSF 2297768673 as it greater than Beacon TSF 0
11-11 05:24:53.371 1400 13424 D LOWI-9.0.0.87.a: [LOWI-Scan] decode_rsn_wpa_ie: LOWI_ENCRYPTION_TYPE_WPA_PSK
11-11 05:24:53.371 1400 13424 D LOWI-9.0.0.87.a: [LOWI-Scan] is_qcom_ie, bss_age: 0
11-11 05:24:53.371 1400 13424 D LOWI-9.0.0.87.a: [LOWI-Scan] adjust_age:AP AGE upper limit reached. Dont store
11-11 05:24:53.371 1400 13424 D LOWI-9.0.0.87.a: [LOWI-Scan] BSS 36:b0:ef:8d:a6:ee LOWI_PHY_MODE_11NG_HT20(5), Beacon Interval: 100, LOWI_ENCRYPTION_TYPE_WPA_PSK 11mcRanging: No, ANQP: No, LCI: No, Civic: No, capability(0x1511): ESS Privacy SpectrumMgmt ShortSlotTime
11-11 05:24:53.371 1400 13424 D LOWI-9.0.0.87.a: [LOWI-Scan] BSS 36:b0:ef:8d:a6:ee FREQ: 2437, cFreq1[40:80:160] = [0:0:0] cFreq2 = 0 Country Code = CN
11-11 05:24:53.371 1400 13424 D LOWI-9.0.0.87.a: [LOWI-Scan] BSS 36:b0:ef:8d:a6:ee (wlan0) ASSO: NO AddInfo: 0x0, TSF 0, 00:38:17.768, RSSI: -166, CPL: 127, AGE: 15204, SSID ___DuKaijie______ iPhone, TSFDelta: 0x5d0d3991, TXRate: 0
11-11 05:24:53.372 1400 13424 D LOWI-9.0.0.87.a: [LOWI-Scan]
11-11 05:24:53.372 1400 13424 D LOWI-9.0.0.87.a: [LOWI-Scan] print_bss_handler: Report Probe TSF 2302783274 as it greater than Beacon TSF 0
11-11 05:24:53.372 1400 13424 D LOWI-9.0.0.87.a: [LOWI-Scan] decode_rsn_wpa_ie: LOWI_ENCRYPTION_TYPE_WPA_PSK
11-11 05:24:53.372 1400 13424 D LOWI-9.0.0.87.a: [LOWI-Scan] is_qcom_ie, bss_age: 0
11-11 05:24:53.372 1400 13424 D LOWI-9.0.0.87.a: [LOWI-Scan] adjust_age:AP AGE upper limit reached. Dont store
11-11 05:24:53.372 1400 13424 D LOWI-9.0.0.87.a: [LOWI-Scan] BSS b6:0a:ca:3a:6f:be LOWI_PHY_MODE_11AC_VHT20_2G(11), Beacon Interval: 100, LOWI_ENCRYPTION_TYPE_WPA_PSK 11mcRanging: No, ANQP: No, LCI: No, Civic: No, capability(0x1431): ESS Privacy ShortPreamble ShortSlotTime
11-11 05:24:53.372 1400 13424 D LOWI-9.0.0.87.a: [LOWI-Scan] BSS b6:0a:ca:3a:6f:be FREQ: 2462, cFreq1[40:80:160] = [0:0:0] cFreq2 = 0 Country Code =
11-11 05:24:53.372 1400 13424 D LOWI-9.0.0.87.a: [LOWI-Scan] BSS b6:0a:ca:3a:6f:be (wlan0) ASSO: NO AddInfo: 0x0, TSF 0, 00:38:22.783, RSSI: -140, CPL: 127, AGE: 10192, SSID OPPO Reno6 Pro+ 5G, TSFDelta: 0xa3cd1429, TXRate: 0
11-11 05:24:53.372 1400 13424 D LOWI-9.0.0.87.a: [LOWI-Scan]
11-11 05:24:53.372 1400 13424 D LOWI-9.0.0.87.a: [LOWI-Scan] print_bss_handler: Report Probe TSF 2302774765 as it greater than Beacon TSF 0
11-11 05:24:53.372 1400 13424 D LOWI-9.0.0.87.a: [LOWI-Scan] decode_rsn_wpa_ie: LOWI_ENCRYPTION_TYPE_WPA_PSK
11-11 05:24:53.372 1400 13424 D LOWI-9.0.0.87.a: [LOWI-Scan] is_qcom_ie, bss_age: 0
11-11 05:24:53.372 1400 13424 D LOWI-9.0.0.87.a: [LOWI-Scan] adjust_age:AP AGE upper limit reached. Dont store
11-11 05:24:53.372 1400 13424 D LOWI-9.0.0.87.a: [LOWI-Scan] BSS 8c:de:f9:3f:0d:aa LOWI_PHY_MODE_11NG_HT20(5), Beacon Interval: 100, LOWI_ENCRYPTION_TYPE_WPA_PSK 11mcRanging: No, ANQP: No, LCI: No, Civic: No, capability(0x0c11): ESS Privacy ShortSlotTime APSD
11-11 05:24:53.372 1400 13424 D LOWI-9.0.0.87.a: [LOWI-Scan] BSS 8c:de:f9:3f:0d:aa FREQ: 2462, cFreq1[40:80:160] = [0:0:0] cFreq2 = 0 Country Code = CN
11-11 05:24:53.372 1400 13424 D LOWI-9.0.0.87.a: [LOWI-Scan] BSS 8c:de:f9:3f:0d:aa (wlan0) ASSO: NO AddInfo: 0x0, TSF 0, 00:38:22.774, RSSI: -132, CPL: 127, AGE: 10200, SSID Xiaomi_0DA9, TSFDelta: 0x60dd62d7, TXRate: 0
11-11 05:24:53.372 1400 13424 D LOWI-9.0.0.87.a: [LOWI-Scan]
11-11 05:24:53.372 1400 13424 D LOWI-9.0.0.87.a: [LOWI-Scan] print_bss_handler: Report beacon TSF 2303171709 as it greater than probe TSF 2303171709
11-11 05:24:53.372 1400 13424 D LOWI-9.0.0.87.a: [LOWI-Scan] decode_rsn_wpa_ie: LOWI_ENCRYPTION_TYPE_WPA_PSK
11-11 05:24:53.372 1400 13424 D LOWI-9.0.0.87.a: [LOWI-Scan] is_qcom_ie, bss_age: 0
11-11 05:24:53.372 1400 13424 D LOWI-9.0.0.87.a: [LOWI-Scan] BSS d8:32:14:df:f6:03 LOWI_PHY_MODE_11AC_VHT40_2G(12), Beacon Interval: 100, LOWI_ENCRYPTION_TYPE_WPA_PSK 11mcRanging: No, ANQP: Yes, LCI: No, Civic: No, capability(0x1431): ESS Privacy ShortPreamble ShortSlotTime
11-11 05:24:53.372 1400 13424 D LOWI-9.0.0.87.a: [LOWI-Scan] BSS d8:32:14:df:f6:03 FREQ: 2472, cFreq1[40:80:160] = [2462:0:0] cFreq2 = 0 Country Code = CN
11-11 05:24:53.372 1400 13424 D LOWI-9.0.0.87.a: [LOWI-Scan] BSS d8:32:14:df:f6:03 (wlan0) ASSO: NO AddInfo: 0x1, TSF 0, 00:38:23.171, RSSI: -160, CPL: 127, AGE: 9806, SSID Tenda_53B400, TSFDelta: 0x688cb25e, TXRate: 0
11-11 05:24:53.372 1400 13424 D LOWI-9.0.0.87.a: [LOWI-Scan]
11-11 05:24:53.372 1400 13424 D LOWI-9.0.0.87.a: [LOWI-Scan] print_bss_handler: Report beacon TSF 2303184499 as it greater than probe TSF 2303184499
11-11 05:24:53.372 1400 13424 D LOWI-9.0.0.87.a: [LOWI-Scan] decode_rsn_wpa_ie: LOWI_ENCRYPTION_TYPE_WPA_PSK
11-11 05:24:53.372 1400 13424 D LOWI-9.0.0.87.a: [LOWI-Scan] is_qcom_ie, bss_age: 0
11-11 05:24:53.372 1400 13424 D LOWI-9.0.0.87.a: [LOWI-Scan] BSS 18:6f:2d:81:18:80 LOWI_PHY_MODE_11NG_HT20(5), Beacon Interval: 100, LOWI_ENCRYPTION_TYPE_WPA_PSK 11mcRanging: No, ANQP: No, LCI: No, Civic: No, capability(0x0531): ESS Privacy ShortPreamble SpectrumMgmt ShortSlotTime
11-11 05:24:53.372 1400 13424 D LOWI-9.0.0.87.a: [LOWI-Scan] BSS 18:6f:2d:81:18:80 FREQ: 2472, cFreq1[40:80:160] = [2472:0:0] cFreq2 = 0 Country Code = CN
11-11 05:24:53.372 1400 13424 D LOWI-9.0.0.87.a: [LOWI-Scan] BSS 18:6f:2d:81:18:80 (wlan0) ASSO: NO AddInfo: 0x1, TSF 0, 00:38:23.184, RSSI: -142, CPL: 127, AGE: 9790, SSID Testing , TSFDelta: 0xe9079e31, TXRate: 0
11-11 05:24:53.372 1400 13424 D LOWI-9.0.0.87.a: [LOWI-Scan]
11-11 05:24:53.372 1400 13424 D LOWI-9.0.0.87.a: [LOWI-Scan] print_bss_handler: Report beacon TSF 2307035775 as it greater than probe TSF 2307035775
11-11 05:24:53.372 1400 13424 D LOWI-9.0.0.87.a: [LOWI-Scan] decode_rsn_wpa_ie: LOWI_ENCRYPTION_TYPE_WPA_PSK
11-11 05:24:53.372 1400 13424 D LOWI-9.0.0.87.a: [LOWI-Scan] is_qcom_ie, bss_age: 0
11-11 05:24:53.372 1400 13424 D LOWI-9.0.0.87.a: [LOWI-Scan] BSS 18:6f:2d:81:1e:60 LOWI_PHY_MODE_11NG_HT20(5), Beacon Interval: 100, LOWI_ENCRYPTION_TYPE_WPA_PSK 11mcRanging: No, ANQP: No, LCI: No, Civic: No, capability(0x0531): ESS Privacy ShortPreamble SpectrumMgmt ShortSlotTime
11-11 05:24:53.373 1400 13424 D LOWI-9.0.0.87.a: [LOWI-Scan] BSS 18:6f:2d:81:1e:60 FREQ: 2412, cFreq1[40:80:160] = [2412:0:0] cFreq2 = 0 Country Code = CN
11-11 05:24:53.373 1400 13424 D LOWI-9.0.0.87.a: [LOWI-Scan] BSS 18:6f:2d:81:1e:60 (wlan0) ASSO: NO AddInfo: 0x1, TSF 0, 00:38:27.035, RSSI: -176, CPL: 127, AGE: 5940, SSID Testing , TSFDelta: 0x277e3abf, TXRate: 0
11-11 05:24:53.373 1400 13424 D LOWI-9.0.0.87.a: [LOWI-Scan]
11-11 05:24:53.373 1400 13424 D LOWI-9.0.0.87.a: [LOWI-Scan] print_bss_handler: Report beacon TSF 2311606963 as it greater than probe TSF 2311606963
11-11 05:24:53.373 1400 13424 D LOWI-9.0.0.87.a: [LOWI-Scan] decode_rsn_wpa_ie: LOWI_ENCRYPTION_TYPE_WPA_PSK
11-11 05:24:53.373 1400 13424 D LOWI-9.0.0.87.a: [LOWI-Scan] is_qcom_ie, bss_age: 0
11-11 05:24:53.373 1400 13424 D LOWI-9.0.0.87.a: [LOWI-Scan] BSS 18:6f:2d:81:0d:84 LOWI_PHY_MODE_11NG_HT20(5), Beacon Interval: 100, LOWI_ENCRYPTION_TYPE_WPA_PSK 11mcRanging: No, ANQP: No, LCI: No, Civic: No, capability(0x0531): ESS Privacy ShortPreamble SpectrumMgmt ShortSlotTime
11-11 05:24:53.373 1400 13424 D LOWI-9.0.0.87.a: [LOWI-Scan] BSS 18:6f:2d:81:0d:84 FREQ: 2422, cFreq1[40:80:160] = [2422:0:0] cFreq2 = 0 Country Code = CN
11-11 05:24:53.373 1400 13424 D LOWI-9.0.0.87.a: [LOWI-Scan] BSS 18:6f:2d:81:0d:84 (wlan0) ASSO: NO AddInfo: 0x1, TSF 0, 00:38:31.606, RSSI: -138, CPL: 127, AGE: 1368, SSID Fanya, TSFDelta: 0x9538dcf4, TXRate: 0
11-11 05:24:53.373 1400 13424 D LOWI-9.0.0.87.a: [LOWI-Scan]
11-11 05:24:53.373 1400 13424 D LOWI-9.0.0.87.a: [LOWI-Scan] print_bss_handler: Report beacon TSF 2307390128 as it greater than probe TSF 2307390128
11-11 05:24:53.373 1400 13424 D LOWI-9.0.0.87.a: [LOWI-Scan] decode_rsn_wpa_ie: LOWI_ENCRYPTION_TYPE_WPA_PSK
11-11 05:24:53.373 1400 13424 D LOWI-9.0.0.87.a: [LOWI-Scan] is_qcom_ie, bss_age: 0
11-11 05:24:53.373 1400 13424 D LOWI-9.0.0.87.a: [LOWI-Scan] BSS 18:6f:2d:0a:b8:43 LOWI_PHY_MODE_11NG_HT20(5), Beacon Interval: 100, LOWI_ENCRYPTION_TYPE_WPA_PSK 11mcRanging: No, ANQP: No, LCI: No, Civic: No, capability(0x0531): ESS Privacy ShortPreamble SpectrumMgmt ShortSlotTime
11-11 05:24:53.373 1400 13424 D LOWI-9.0.0.87.a: [LOWI-Scan] BSS 18:6f:2d:0a:b8:43 FREQ: 2427, cFreq1[40:80:160] = [2427:0:0] cFreq2 = 0 Country Code = CN
11-11 05:24:53.373 1400 13424 D LOWI-9.0.0.87.a: [LOWI-Scan] BSS 18:6f:2d:0a:b8:43 (wlan0) ASSO: NO AddInfo: 0x1, TSF 0, 00:38:27.390, RSSI: -116, CPL: 127, AGE: 5584, SSID ZXHY, TSFDelta: 0x3c01c2d6, TXRate: 0
11-11 05:24:53.373 1400 13424 D LOWI-9.0.0.87.a: [LOWI-Scan]
11-11 05:24:53.373 1400 13424 D LOWI-9.0.0.87.a: [LOWI-Scan] print_bss_handler: Report beacon TSF 2307601258 as it greater than probe TSF 2307601258
11-11 05:24:53.373 1400 13424 D LOWI-9.0.0.87.a: [LOWI-Scan] is_qcom_ie, bss_age: 0
11-11 05:24:53.373 1400 13424 D LOWI-9.0.0.87.a: [LOWI-Scan] BSS ec:88:8f:86:24:e0 LOWI_PHY_MODE_11NG_HT40(7), Beacon Interval: 100, LOWI_ENCRYPTION_TYPE_OPEN 11mcRanging: No, ANQP: No, LCI: No, Civic: No, capability(0x0531): ESS Privacy ShortPreamble SpectrumMgmt ShortSlotTime
11-11 05:24:53.373 1400 13424 D LOWI-9.0.0.87.a: [LOWI-Scan] BSS ec:88:8f:86:24:e0 FREQ: 2437, cFreq1[40:80:160] = [2447:0:0] cFreq2 = 0 Country Code = US
11-11 05:24:53.373 1400 13424 D LOWI-9.0.0.87.a: [LOWI-Scan] BSS ec:88:8f:86:24:e0 (wlan0) ASSO: NO AddInfo: 0x1, TSF 0, 00:38:27.601, RSSI: -136, CPL: 127, AGE: 5372, SSID FW_xts, TSFDelta: 0xb0ad3a18, TXRate: 0
11-11 05:24:53.373 1400 13424 D LOWI-9.0.0.87.a: [LOWI-Scan]
11-11 05:24:53.373 1400 13424 D LOWI-9.0.0.87.a: [LOWI-Scan] print_bss_handler: Report Probe TSF 2311607119 as it greater than Beacon TSF 0
11-11 05:24:53.373 1400 13424 D LOWI-9.0.0.87.a: [LOWI-Scan] decode_rsn_wpa_ie: LOWI_ENCRYPTION_TYPE_WPA_PSK
11-11 05:24:53.373 1400 13424 D LOWI-9.0.0.87.a: [LOWI-Scan] is_qcom_ie, bss_age: 0
11-11 05:24:53.373 1400 13424 D LOWI-9.0.0.87.a: [LOWI-Scan] BSS 18:6f:2d:0a:ae:00 LOWI_PHY_MODE_11NG_HT20(5), Beacon Interval: 100, LOWI_ENCRYPTION_TYPE_WPA_PSK 11mcRanging: No, ANQP: No, LCI: No, Civic: No, capability(0x0531): ESS Privacy ShortPreamble SpectrumMgmt ShortSlotTime
11-11 05:24:53.373 1400 13424 D LOWI-9.0.0.87.a: [LOWI-Scan] BSS 18:6f:2d:0a:ae:00 FREQ: 2422, cFreq1[40:80:160] = [2422:0:0] cFreq2 = 0 Country Code = CN
11-11 05:24:53.373 1400 13424 D LOWI-9.0.0.87.a: [LOWI-Scan] BSS 18:6f:2d:0a:ae:00 (wlan0) ASSO: NO AddInfo: 0x0, TSF 0, 00:38:31.607, RSSI: -160, CPL: 127, AGE: 1368, SSID Testing , TSFDelta: 0x72731fca, TXRate: 0
11-11 05:24:53.373 1400 13424 D LOWI-9.0.0.87.a: [LOWI-Scan]
11-11 05:24:53.373 1400 13424 D LOWI-9.0.0.87.a: [LOWI-Scan] print_bss_handler: Report Probe TSF 2311791797 as it greater than Beacon TSF 0
11-11 05:24:53.373 1400 13424 D LOWI-9.0.0.87.a: [LOWI-Scan] decode_rsn_wpa_ie: LOWI_ENCRYPTION_TYPE_WPA_PSK
11-11 05:24:53.373 1400 13424 D LOWI-9.0.0.87.a: [LOWI-Scan] is_qcom_ie, bss_age: 0
11-11 05:24:53.373 1400 13424 D LOWI-9.0.0.87.a: [LOWI-Scan] BSS 18:6f:2d:0a:b8:40 LOWI_PHY_MODE_11NG_HT20(5), Beacon Interval: 100, LOWI_ENCRYPTION_TYPE_WPA_PSK 11mcRanging: No, ANQP: No, LCI: No, Civic: No, capability(0x0531): ESS Privacy ShortPreamble SpectrumMgmt ShortSlotTime
11-11 05:24:53.373 1400 13424 D LOWI-9.0.0.87.a: [LOWI-Scan] BSS 18:6f:2d:0a:b8:40 FREQ: 2427, cFreq1[40:80:160] = [2427:0:0] cFreq2 = 0 Country Code = CN
11-11 05:24:53.373 1400 13424 D LOWI-9.0.0.87.a: [LOWI-Scan] BSS 18:6f:2d:0a:b8:40 (wlan0) ASSO: NO AddInfo: 0x0, TSF 0, 00:38:31.791, RSSI: -122, CPL: 127, AGE: 1184, SSID Testing , TSFDelta: 0x3fb4ec47, TXRate: 0
11-11 05:24:53.374 1400 13424 D LOWI-9.0.0.87.a: [LOWI-Scan]
11-11 05:24:53.374 1400 13424 D LOWI-9.0.0.87.a: [LOWI-Scan] print_bss_handler: Report beacon TSF 2312923121 as it greater than probe TSF 2312923121
11-11 05:24:53.374 1400 13424 D LOWI-9.0.0.87.a: [LOWI-Scan] is_qcom_ie, bss_age: 0
11-11 05:24:53.374 1400 13424 D LOWI-9.0.0.87.a: [LOWI-Scan] BSS 18:6f:2d:81:18:86 LOWI_PHY_MODE_11NG_HT20(5), Beacon Interval: 100, LOWI_ENCRYPTION_TYPE_OPEN 11mcRanging: No, ANQP: No, LCI: No, Civic: No, capability(0x0521): ESS ShortPreamble SpectrumMgmt ShortSlotTime
11-11 05:24:53.374 1400 13424 D LOWI-9.0.0.87.a: [LOWI-Scan] BSS 18:6f:2d:81:18:86 FREQ: 2472, cFreq1[40:80:160] = [2472:0:0] cFreq2 = 0 Country Code = CN
11-11 05:24:53.374 1400 13424 D LOWI-9.0.0.87.a: [LOWI-Scan] BSS 18:6f:2d:81:18:86 (wlan0) ASSO: NO AddInfo: 0x1, TSF 0, 00:38:32.923, RSSI: -150, CPL: 127, AGE: 56, SSID IT, TSFDelta: 0xbd39569d, TXRate: 0
11-11 05:24:53.374 1400 13424 D LOWI-9.0.0.87.a: [LOWIDiagLog] Log: lowiMeasResult->request: invalid null argument
11-11 05:24:53.374 1400 13424 I LOWI-9.0.0.87.a: [LOWI-Scan] lowi_close_record:Scan done in 2287890ms, 75 APs in scan results
11-11 05:24:53.374 1400 13424 D LOWI-9.0.0.87.a: [LOWI-Scan] WipsScanUsingNL: passive scan cached 0, took 4404 ms, err 0
11-11 05:24:53.374 1400 13424 D LOWI-9.0.0.87.a: [LOWI-Scan] lowi_proc_req_passive_scan_with_live_meas - No WLAN Frames to be parsed
11-11 05:24:53.374 1400 13424 D LOWI-9.0.0.87.a: [LOWIScanResultReceiver] Send scan meas to listener
11-11 05:24:53.374 1400 13424 D LOWI-9.0.0.87.a: [LOWIScanResultReceiver] Enter passive listening mode
11-11 05:24:53.374 1400 13424 D LOWI-9.0.0.87.a: [LOWIWifiDriverInterface] getMeasurements - Passive listening mode
11-11 05:24:53.374 1400 1449 D LOWI-9.0.0.87.a: [LOWIEventReceiver] handleEvent:FROM:NA, TO:NA, REQ:NA, IREQ:NA, REQ_ID:0, RESP:NA, INFO:NA
11-11 05:24:53.374 1400 1449 D LOWI-9.0.0.87.a: [LOWIBackgroundScanMgr] isRspForBgScanMgr: evt(LOWI_NO_EVT) - not handled
11-11 05:24:53.374 1400 1449 D LOWI-9.0.0.87.a: [LOWIScheduler] manageMsg: NULL results or NULL request in results
11-11 05:24:53.374 1400 1449 D LOWI-9.0.0.87.a: [LOWIController] Measurements received
11-11 05:24:53.374 1400 1449 D LOWI-9.0.0.87.a: [LOWICacheManager] putInCache:Num of Meas to add: 75
11-11 05:24:53.374 1400 13424 D LOWI-9.0.0.87.a: [LOWI-Scan] WipsScanUsingNL:wait -1 sec for netlink message
11-11 05:24:53.376 1400 1449 D LOWI-9.0.0.87.a: [LOWIController] processMeasurementResults: No current Request. Cache measurements
11-11 05:24:53.376 1400 1449 D LOWI-9.0.0.87.a: [LOWIController] sendAsyncScanResponse: Request FreeWifiScanObserver_0 is from a different client.
11-11 05:24:53.376 1400 1449 D LOWI-9.0.0.87.a: [LOWIController] generateResponse: Type (ASYNC_DISCOVERY_SCAN_RESULTS) ScanStatus (1) request FreeWifiScanObserver_0
11-11 05:24:53.376 1400 1449 D LOWI-9.0.0.87.a: [LOWIEventDispatcher] sendResponse - originator = FreeWifiScanObserver
11-11 05:24:53.376 1400 1449 D LOWI-9.0.0.87.a: [LOWIUtils] injectScanMeasurements - num of APs = 75
11-11 05:24:53.377 1490 2289 D WificondScannerImpl: Filtering out 53 scan results.
11-11 05:24:53.377 1400 1449 I LOWI-9.0.0.87.a: [LOWIUtils] responseToOutPostcard - TO: FreeWifiScanObserver, FROM: LOWI-SERVER, RESP: LOWI_ASYNC_DISCOVERY_SCAN_RESULTS
11-11 05:24:53.382 1400 1449 D LOWI-9.0.0.87.a: [LOWIControllerExtn] sendLOWILpDiscoveryScanResponse: Not a discovery scan response
11-11 05:24:53.390 2729 2729 D WifiDebugService: onScanResultsAvailable
11-11 05:24:53.390 2729 2729 D WifiDebugService: mTargetWifiConnected is connected
11-11 05:24:53.427 11823 11823 D WifiDetailsPrefCtrl2: Update UI!
11-11 05:24:53.431 11823 11823 D WifiDetailsPrefCtrl2: Wifi Type 4
11-11 05:24:53.432 11823 11823 D DashboardFragment: Preference key is null in Controller WifiDetailPreferenceController2
11-11 05:24:53.485 1214 7089 I OMX-VENC: venc_dev: stats: avg. fps 3.98, bitrate 24956
11-11 05:24:53.786 649 664 I mpu_uart: [MSG-P:RECV]:No message received in 1000 ms
11-11 05:24:54.106 649 663 I mpu_uart: [MSG-P:R]:recv sync frame timeout
11-11 05:24:54.315 0 0 I auditd : type=1400 audit(0.0:3022): avc: denied { kill } for comm="swapper/3" capability=5 scontext=u:r:kernel:s0 tcontext=u:r:kernel:s0 tclass=capability permissive=0
11-11 05:24:54.315 0 0 W swapper/3: type=1400 audit(0.0:3022): avc: denied { kill } for capability=5 scontext=u:r:kernel:s0 tcontext=u:r:kernel:s0 tclass=capability permissive=0
11-11 05:24:54.512 1214 7089 I OMX-VENC: venc_dev: stats: avg. fps 10.71, bitrate 68799
11-11 05:24:54.787 649 664 I mpu_uart: [MSG-P:RECV]:No message received in 1000 ms
11-11 05:24:55.087 11823 12595 I OpenGLRenderer: Davey! duration=9223369722194ms; Flags=0, FrameTimelineVsyncId=100625, IntendedVsync=2314659860606, Vsync=2314659860606, InputEventId=0, HandleInputStart=2314660907709, AnimationStart=2314660912969, PerformTraversalsStart=2314660916250, DrawStart=2314661525678, FrameDeadline=2314681193938, FrameInterval=2314660896146, FrameStartTime=16666666, SyncQueued=2314668259219, SyncStart=2314668593282, IssueDrawCommandsStart=2314670239844, SwapBuffers=2314677266355, FrameCompleted=9223372036854775807, DequeueBufferDuration=70677, QueueBufferDuration=1415677, GpuCompleted=9223372036854775807, SwapBuffersCompleted=2314679447865, DisplayPresentTime=987842478144,
11-11 05:24:55.585 1214 7089 I OMX-VENC: venc_dev: stats: avg. fps 18.64, bitrate 124909
11-11 05:24:55.787 649 664 I mpu_uart: [MSG-P:RECV]:No message received in 1000 ms
11-11 05:24:55.999 2708 14151 D RemoteControlService: heart beat timer called
11-11 05:24:56.315 0 0 I auditd : type=1400 audit(0.0:3023): avc: denied { kill } for comm="swapper/3" capability=5 scontext=u:r:kernel:s0 tcontext=u:r:kernel:s0 tclass=capability permissive=0
11-11 05:24:56.315 0 0 W swapper/3: type=1400 audit(0.0:3023): avc: denied { kill } for capability=5 scontext=u:r:kernel:s0 tcontext=u:r:kernel:s0 tclass=capability permissive=0
11-11 05:24:56.590 1214 7089 I OMX-VENC: venc_dev: stats: avg. fps 10.95, bitrate 68921
11-11 05:24:56.787 649 664 I mpu_uart: [MSG-P:RECV]:No message received in 1000 ms
11-11 05:24:57.109 649 663 I mpu_uart: [MSG-P:R]:recv sync frame timeout
11-11 05:24:57.315 0 0 I auditd : type=1400 audit(0.0:3024): avc: denied { kill } for comm="swapper/3" capability=5 scontext=u:r:kernel:s0 tcontext=u:r:kernel:s0 tclass=capability permissive=0
11-11 05:24:57.315 0 0 W swapper/3: type=1400 audit(0.0:3024): avc: denied { kill } for capability=5 scontext=u:r:kernel:s0 tcontext=u:r:kernel:s0 tclass=capability permissive=0
11-11 05:24:57.359 1490 6837 I WifiService: startScan uid=1000
11-11 05:24:57.368 1400 13424 D LOWI-9.0.0.87.a: [LOWI-Scan] wait_event:Wait done with Cmd 33
11-11 05:24:57.368 1400 13424 D LOWI-9.0.0.87.a: [LOWI-Scan] do_listen_events: Rcvd valid Netlink Cmd 0 Err 0
11-11 05:24:57.787 649 664 I mpu_uart: [MSG-P:RECV]:No message received in 1000 ms
11-11 05:24:58.315 0 0 I auditd : type=1400 audit(0.0:3025): avc: denied { kill } for comm="swapper/3" capability=5 scontext=u:r:kernel:s0 tcontext=u:r:kernel:s0 tclass=capability permissive=0
11-11 05:24:58.315 0 0 W swapper/3: type=1400 audit(0.0:3025): avc: denied { kill } for capability=5 scontext=u:r:kernel:s0 tcontext=u:r:kernel:s0 tclass=capability permissive=0
11-11 05:24:58.787 649 664 I mpu_uart: [MSG-P:RECV]:No message received in 1000 ms
11-11 05:24:59.066 1400 13424 D LOWI-9.0.0.87.a: [LOWI-Scan] wait_event:Wait done with Cmd 34
11-11 05:24:59.066 1400 13424 D LOWI-9.0.0.87.a: [LOWI-Scan] do_listen_events: Rcvd valid Netlink Cmd 34 Err 0
11-11 05:24:59.067 1400 13424 D LOWI-9.0.0.87.a: [LOWI-Scan]
11-11 05:24:59.067 1400 13424 D LOWI-9.0.0.87.a: [LOWI-Scan] print_bss_handler: Report Probe TSF 2317143863 as it greater than Beacon TSF 2287113309
11-11 05:24:59.067 1400 13424 D LOWI-9.0.0.87.a: [LOWI-Scan] decode_rsn_wpa_ie: LOWI_ENCRYPTION_TYPE_WPA_PSK
11-11 05:24:59.067 1400 13424 D LOWI-9.0.0.87.a: [LOWI-Scan] is_qcom_ie, bss_age: 0
11-11 05:24:59.067 1400 13424 D LOWI-9.0.0.87.a: [LOWI-Scan] BSS 5c:02:14:f9:4f:d3 LOWI_PHY_MODE_11AC_VHT80(10), Beacon Interval: 100, LOWI_ENCRYPTION_TYPE_WPA_PSK 11mcRanging: No, ANQP: Yes, LCI: No, Civic: No, capability(0x1931): ESS Privacy ShortPreamble SpectrumMgmt APSD
11-11 05:24:59.067 1400 13424 D LOWI-9.0.0.87.a: [LOWI-Scan] BSS 5c:02:14:f9:4f:d3 FREQ: 5220, cFreq1[40:80:160] = [5230:5210:0] cFreq2 = 0 Country Code = CN
11-11 05:24:59.067 1400 13424 D LOWI-9.0.0.87.a: [LOWI-Scan] BSS 5c:02:14:f9:4f:d3 (wlan0) ASSO: NO AddInfo: 0x0, TSF 0, 00:38:37.143, RSSI: -116, CPL: 127, AGE: 1536, SSID ThunderSoft_XTS_5G, TSFDelta: 0xf13db26, TXRate: 0
11-11 05:24:59.067 1400 13424 D LOWI-9.0.0.87.a: [LOWI-Scan]
11-11 05:24:59.067 1400 13424 D LOWI-9.0.0.87.a: [LOWI-Scan] print_bss_handler: Report Probe TSF 2317420891 as it greater than Beacon TSF 2261523105
11-11 05:24:59.067 1400 13424 D LOWI-9.0.0.87.a: [LOWI-Scan] decode_rsn_wpa_ie: LOWI_ENCRYPTION_TYPE_WPA_PSK
11-11 05:24:59.067 1400 13424 D LOWI-9.0.0.87.a: [LOWI-Scan] is_qcom_ie, bss_age: 0
11-11 05:24:59.067 1400 13424 D LOWI-9.0.0.87.a: [LOWI-Scan] BSS f4:84:8d:21:25:a9 LOWI_PHY_MODE_11AC_VHT80(10), Beacon Interval: 100, LOWI_ENCRYPTION_TYPE_WPA_PSK 11mcRanging: No, ANQP: No, LCI: No, Civic: No, capability(0x1011): ESS Privacy
11-11 05:24:59.067 1400 13424 D LOWI-9.0.0.87.a: [LOWI-Scan] BSS f4:84:8d:21:25:a9 FREQ: 5805, cFreq1[40:80:160] = [5795:5775:0] cFreq2 = 0 Country Code = CN
11-11 05:24:59.067 1400 13424 D LOWI-9.0.0.87.a: [LOWI-Scan] BSS f4:84:8d:21:25:a9 (wlan0) ASSO: NO AddInfo: 0x0, TSF 0, 00:38:37.420, RSSI: -126, CPL: 127, AGE: 1256, SSID hht_test_wifi_fc4318c9, TSFDelta: 0xda06f0e6, TXRate: 0
11-11 05:24:59.067 1400 13424 D LOWI-9.0.0.87.a: [LOWI-Scan]
11-11 05:24:59.067 1490 6837 D WifiNl80211Manager: Scan result ready event
11-11 05:24:59.067 1400 13424 D LOWI-9.0.0.87.a: [LOWI-Scan] print_bss_handler: Report beacon TSF 2317716787 as it greater than probe TSF 2317703057
11-11 05:24:59.067 1400 13424 D LOWI-9.0.0.87.a: [LOWI-Scan] decode_rsn_wpa_ie: LOWI_ENCRYPTION_TYPE_WPA_PSK
11-11 05:24:59.068 1400 13424 D LOWI-9.0.0.87.a: [LOWI-Scan] is_qcom_ie, bss_age: 0
11-11 05:24:59.068 1400 13424 D LOWI-9.0.0.87.a: [LOWI-Scan] BSS 18:6f:2d:80:dd:70 LOWI_PHY_MODE_11AC_VHT20(8), Beacon Interval: 100, LOWI_ENCRYPTION_TYPE_WPA_PSK 11mcRanging: No, ANQP: No, LCI: No, Civic: No, capability(0x0111): ESS Privacy SpectrumMgmt
11-11 05:24:59.068 1400 13424 D LOWI-9.0.0.87.a: [LOWI-Scan] BSS 18:6f:2d:80:dd:70 FREQ: 5280, cFreq1[40:80:160] = [5280:0:0] cFreq2 = 0 Country Code = CN
11-11 05:24:59.068 1400 13424 D LOWI-9.0.0.87.a: [LOWI-Scan] BSS 18:6f:2d:80:dd:70 (wlan0) ASSO: NO AddInfo: 0x1, TSF 0, 00:38:37.716, RSSI: -138, CPL: 127, AGE: 960, SSID Testing , TSFDelta: 0xb0a587a5, TXRate: 0
11-11 05:24:59.068 1400 13424 D LOWI-9.0.0.87.a: [LOWI-Scan]
11-11 05:24:59.068 1490 6837 D WifiNative: Scan result ready event
11-11 05:24:59.068 1400 13424 D LOWI-9.0.0.87.a: [LOWI-Scan] print_bss_handler: Report beacon TSF 2317716861 as it greater than probe TSF 2317703459
11-11 05:24:59.068 1400 13424 D LOWI-9.0.0.87.a: [LOWI-Scan] is_qcom_ie, bss_age: 0
11-11 05:24:59.068 1400 13424 D LOWI-9.0.0.87.a: [LOWI-Scan] BSS 18:6f:2d:80:dd:71 LOWI_PHY_MODE_11AC_VHT20(8), Beacon Interval: 100, LOWI_ENCRYPTION_TYPE_OPEN 11mcRanging: No, ANQP: No, LCI: No, Civic: No, capability(0x0101): ESS SpectrumMgmt
11-11 05:24:59.068 1400 13424 D LOWI-9.0.0.87.a: [LOWI-Scan] BSS 18:6f:2d:80:dd:71 FREQ: 5280, cFreq1[40:80:160] = [5280:0:0] cFreq2 = 0 Country Code = CN
11-11 05:24:59.068 1400 13424 D LOWI-9.0.0.87.a: [LOWI-Scan] BSS 18:6f:2d:80:dd:71 (wlan0) ASSO: NO AddInfo: 0x1, TSF 0, 00:38:37.716, RSSI: -138, CPL: 127, AGE: 960, SSID Guest, TSFDelta: 0xb0b12371, TXRate: 0
11-11 05:24:59.068 1400 13424 D LOWI-9.0.0.87.a: [LOWI-Scan]
11-11 05:24:59.068 1400 13424 D LOWI-9.0.0.87.a: [LOWI-Scan] print_bss_handler: Report beacon TSF 2317730980 as it greater than probe TSF 2317703639
11-11 05:24:59.068 1400 13424 D LOWI-9.0.0.87.a: [LOWI-Scan] decode_rsn_wpa_ie: LOWI_ENCRYPTION_TYPE_WPA_PSK
11-11 05:24:59.068 1400 13424 D LOWI-9.0.0.87.a: [LOWI-Scan] is_qcom_ie, bss_age: 0
11-11 05:24:59.068 1400 13424 D LOWI-9.0.0.87.a: [LOWI-Scan] BSS 18:6f:2d:80:dd:72 LOWI_PHY_MODE_11AC_VHT20(8), Beacon Interval: 100, LOWI_ENCRYPTION_TYPE_WPA_PSK 11mcRanging: No, ANQP: No, LCI: No, Civic: No, capability(0x0111): ESS Privacy SpectrumMgmt
11-11 05:24:59.068 1400 13424 D LOWI-9.0.0.87.a: [LOWI-Scan] BSS 18:6f:2d:80:dd:72 FREQ: 5280, cFreq1[40:80:160] = [5280:0:0] cFreq2 = 0 Country Code = CN
11-11 05:24:59.068 1400 13424 D LOWI-9.0.0.87.a: [LOWI-Scan] BSS 18:6f:2d:80:dd:72 (wlan0) ASSO: NO AddInfo: 0x1, TSF 0, 00:38:37.730, RSSI: -138, CPL: 127, AGE: 948, SSID ZXHY, TSFDelta: 0xb0b6390a, TXRate: 0
11-11 05:24:59.068 1400 13424 D LOWI-9.0.0.87.a: [LOWI-Scan]
11-11 05:24:59.068 1400 13424 D LOWI-9.0.0.87.a: [LOWI-Scan] print_bss_handler: Report beacon TSF 2317731054 as it greater than probe TSF 2317703706
11-11 05:24:59.068 1400 13424 D LOWI-9.0.0.87.a: [LOWI-Scan] decode_rsn_wpa_ie: LOWI_ENCRYPTION_TYPE_WPA_PSK
11-11 05:24:59.068 1400 13424 D LOWI-9.0.0.87.a: [LOWI-Scan] is_qcom_ie, bss_age: 0
11-11 05:24:59.068 1400 13424 D LOWI-9.0.0.87.a: [LOWI-Scan] BSS 18:6f:2d:80:dd:73 LOWI_PHY_MODE_11AC_VHT20(8), Beacon Interval: 100, LOWI_ENCRYPTION_TYPE_WPA_PSK 11mcRanging: No, ANQP: No, LCI: No, Civic: No, capability(0x0111): ESS Privacy SpectrumMgmt
11-11 05:24:59.068 1400 13424 D LOWI-9.0.0.87.a: [LOWI-Scan] BSS 18:6f:2d:80:dd:73 FREQ: 5280, cFreq1[40:80:160] = [5280:0:0] cFreq2 = 0 Country Code = CN
11-11 05:24:59.068 1400 13424 D LOWI-9.0.0.87.a: [LOWI-Scan] BSS 18:6f:2d:80:dd:73 (wlan0) ASSO: NO AddInfo: 0x1, TSF 0, 00:38:37.731, RSSI: -140, CPL: 127, AGE: 948, SSID Fanya, TSFDelta: 0xb0bb9b01, TXRate: 0
11-11 05:24:59.068 1400 13424 D LOWI-9.0.0.87.a: [LOWI-Scan]
11-11 05:24:59.068 1400 13424 D LOWI-9.0.0.87.a: [LOWI-Scan] print_bss_handler: Report Probe TSF 2317703855 as it greater than Beacon TSF 2311984323
11-11 05:24:59.068 1400 13424 D LOWI-9.0.0.87.a: [LOWI-Scan] decode_rsn_wpa_ie: LOWI_ENCRYPTION_TYPE_WPA_PSK
11-11 05:24:59.069 1400 13424 D LOWI-9.0.0.87.a: [LOWI-Scan] is_qcom_ie, bss_age: 0
11-11 05:24:59.069 1400 13424 D LOWI-9.0.0.87.a: [LOWI-Scan] BSS 18:6f:2d:80:dd:75 LOWI_PHY_MODE_11AC_VHT20(8), Beacon Interval: 100, LOWI_ENCRYPTION_TYPE_WPA_PSK 11mcRanging: No, ANQP: No, LCI: No, Civic: No, capability(0x0111): ESS Privacy SpectrumMgmt
11-11 05:24:59.069 1400 13424 D LOWI-9.0.0.87.a: [LOWI-Scan] BSS 18:6f:2d:80:dd:75 FREQ: 5280, cFreq1[40:80:160] = [5280:0:0] cFreq2 = 0 Country Code = CN
11-11 05:24:59.069 1400 13424 D LOWI-9.0.0.87.a: [LOWI-Scan] BSS 18:6f:2d:80:dd:75 (wlan0) ASSO: NO AddInfo: 0x0, TSF 0, 00:38:37.703, RSSI: -140, CPL: 127, AGE: 976, SSID GM, TSFDelta: 0xb0c75038, TXRate: 0
11-11 05:24:59.069 1400 13424 D LOWI-9.0.0.87.a: [LOWI-Scan]
11-11 05:24:59.069 1400 13424 D LOWI-9.0.0.87.a: [LOWI-Scan] print_bss_handler: Report Probe TSF 2317667756 as it greater than Beacon TSF 2311984397
11-11 05:24:59.069 1400 13424 D LOWI-9.0.0.87.a: [LOWI-Scan] is_qcom_ie, bss_age: 0
11-11 05:24:59.069 1400 13424 D LOWI-9.0.0.87.a: [LOWI-Scan] BSS 18:6f:2d:80:dd:76 LOWI_PHY_MODE_11AC_VHT20(8), Beacon Interval: 100, LOWI_ENCRYPTION_TYPE_OPEN 11mcRanging: No, ANQP: No, LCI: No, Civic: No, capability(0x0101): ESS SpectrumMgmt
11-11 05:24:59.069 1400 13424 D LOWI-9.0.0.87.a: [LOWI-Scan] BSS 18:6f:2d:80:dd:76 FREQ: 5280, cFreq1[40:80:160] = [5280:0:0] cFreq2 = 0 Country Code = CN
11-11 05:24:59.069 1400 13424 D LOWI-9.0.0.87.a: [LOWI-Scan] BSS 18:6f:2d:80:dd:76 (wlan0) ASSO: NO AddInfo: 0x0, TSF 0, 00:38:37.667, RSSI: -140, CPL: 127, AGE: 1012, SSID IT, TSFDelta: 0xb02c3326, TXRate: 0
11-11 05:24:59.069 1400 13424 D LOWI-9.0.0.87.a: [LOWI-Scan]
11-11 05:24:59.069 1400 13424 D LOWI-9.0.0.87.a: [LOWI-Scan] print_bss_handler: Report beacon TSF 2317731107 as it greater than probe TSF 2317703793
11-11 05:24:59.069 1400 13424 D LOWI-9.0.0.87.a: [LOWI-Scan] decode_rsn_wpa_ie: LOWI_ENCRYPTION_TYPE_WPA_PSK
11-11 05:24:59.069 1400 13424 D LOWI-9.0.0.87.a: [LOWI-Scan] is_qcom_ie, bss_age: 0
11-11 05:24:59.069 1400 13424 D LOWI-9.0.0.87.a: [LOWI-Scan] BSS 18:6f:2d:80:dd:74 LOWI_PHY_MODE_11AC_VHT20(8), Beacon Interval: 100, LOWI_ENCRYPTION_TYPE_WPA_PSK 11mcRanging: No, ANQP: No, LCI: No, Civic: No, capability(0x0111): ESS Privacy SpectrumMgmt
11-11 05:24:59.069 1400 13424 D LOWI-9.0.0.87.a: [LOWI-Scan] BSS 18:6f:2d:80:dd:74 FREQ: 5280, cFreq1[40:80:160] = [5280:0:0] cFreq2 = 0 Country Code = CN
11-11 05:24:59.069 1400 13424 D LOWI-9.0.0.87.a: [LOWI-Scan] BSS 18:6f:2d:80:dd:74 (wlan0) ASSO: NO AddInfo: 0x1, TSF 0, 00:38:37.731, RSSI: -140, CPL: 127, AGE: 948, SSID ThunderSoft, TSFDelta: 0xb0c34e32, TXRate: 0
11-11 05:24:59.069 1400 13424 D LOWI-9.0.0.87.a: [LOWI-Scan]
11-11 05:24:59.069 1400 13424 D LOWI-9.0.0.87.a: [LOWI-Scan] print_bss_handler: Report beacon TSF 2318652201 as it greater than probe TSF 2308524830
11-11 05:24:59.069 1400 13424 D LOWI-9.0.0.87.a: [LOWI-Scan] decode_rsn_wpa_ie: LOWI_ENCRYPTION_TYPE_WPA_PSK
11-11 05:24:59.069 1400 13424 D LOWI-9.0.0.87.a: [LOWI-Scan] is_qcom_ie, bss_age: 0
11-11 05:24:59.069 1400 13424 D LOWI-9.0.0.87.a: [LOWI-Scan] BSS 18:6f:2d:80:dd:64 LOWI_PHY_MODE_11NG_HT20(5), Beacon Interval: 100, LOWI_ENCRYPTION_TYPE_WPA_PSK 11mcRanging: No, ANQP: No, LCI: No, Civic: No, capability(0x0531): ESS Privacy ShortPreamble SpectrumMgmt ShortSlotTime
11-11 05:24:59.069 1400 13424 D LOWI-9.0.0.87.a: [LOWI-Scan] BSS 18:6f:2d:80:dd:64 FREQ: 2472, cFreq1[40:80:160] = [2472:0:0] cFreq2 = 0 Country Code = CN
11-11 05:24:59.069 1400 13424 D LOWI-9.0.0.87.a: [LOWI-Scan] BSS 18:6f:2d:80:dd:64 (wlan0) ASSO: NO AddInfo: 0x1, TSF 0, 00:38:38.652, RSSI: -130, CPL: 127, AGE: 24, SSID Fanya, TSFDelta: 0xba123f0a, TXRate: 0
11-11 05:24:59.070 1400 13424 D LOWI-9.0.0.87.a: [LOWI-Scan]
11-11 05:24:59.070 1400 13424 D LOWI-9.0.0.87.a: [LOWI-Scan] print_bss_handler: Report beacon TSF 2318652297 as it greater than probe TSF 2308525641
11-11 05:24:59.070 1400 13424 D LOWI-9.0.0.87.a: [LOWI-Scan] is_qcom_ie, bss_age: 0
11-11 05:24:59.070 1400 13424 D LOWI-9.0.0.87.a: [LOWI-Scan] BSS 18:6f:2d:80:dd:65 LOWI_PHY_MODE_11NG_HT20(5), Beacon Interval: 100, LOWI_ENCRYPTION_TYPE_OPEN 11mcRanging: No, ANQP: No, LCI: No, Civic: No, capability(0x0521): ESS ShortPreamble SpectrumMgmt ShortSlotTime
11-11 05:24:59.070 1400 13424 D LOWI-9.0.0.87.a: [LOWI-Scan] BSS 18:6f:2d:80:dd:65 FREQ: 2472, cFreq1[40:80:160] = [2472:0:0] cFreq2 = 0 Country Code = CN
11-11 05:24:59.070 1400 13424 D LOWI-9.0.0.87.a: [LOWI-Scan] BSS 18:6f:2d:80:dd:65 (wlan0) ASSO: NO AddInfo: 0x1, TSF 0, 00:38:38.652, RSSI: -130, CPL: 127, AGE: 24, SSID IT, TSFDelta: 0xba1760af, TXRate: 0
11-11 05:24:59.070 1400 13424 D LOWI-9.0.0.87.a: [LOWI-Scan]
11-11 05:24:59.070 1400 13424 D LOWI-9.0.0.87.a: [LOWI-Scan] print_bss_handler: Report Probe TSF 2308522433 as it greater than Beacon TSF 2303193206
11-11 05:24:59.070 1400 13424 D LOWI-9.0.0.87.a: [LOWI-Scan] decode_rsn_wpa_ie: LOWI_ENCRYPTION_TYPE_WPA_PSK
11-11 05:24:59.070 1400 13424 D LOWI-9.0.0.87.a: [LOWI-Scan] is_qcom_ie, bss_age: 0
11-11 05:24:59.070 1400 13424 D LOWI-9.0.0.87.a: [LOWI-Scan] adjust_age:AP AGE upper limit reached. Dont store
11-11 05:24:59.070 1400 13424 D LOWI-9.0.0.87.a: [LOWI-Scan] BSS 18:6f:2d:80:dd:63 LOWI_PHY_MODE_11NG_HT20(5), Beacon Interval: 100, LOWI_ENCRYPTION_TYPE_WPA_PSK 11mcRanging: No, ANQP: No, LCI: No, Civic: No, capability(0x0531): ESS Privacy ShortPreamble SpectrumMgmt ShortSlotTime
11-11 05:24:59.070 1400 13424 D LOWI-9.0.0.87.a: [LOWI-Scan] BSS 18:6f:2d:80:dd:63 FREQ: 2472, cFreq1[40:80:160] = [2472:0:0] cFreq2 = 0 Country Code = CN
11-11 05:24:59.070 1400 13424 D LOWI-9.0.0.87.a: [LOWI-Scan] BSS 18:6f:2d:80:dd:63 (wlan0) ASSO: NO AddInfo: 0x0, TSF 0, 00:38:28.522, RSSI: -138, CPL: 127, AGE: 10156, SSID ZXHY, TSFDelta: 0xba02e074, TXRate: 0
11-11 05:24:59.070 1400 13424 D LOWI-9.0.0.87.a: [LOWI-Scan]
11-11 05:24:59.070 1400 13424 D LOWI-9.0.0.87.a: [LOWI-Scan] print_bss_handler: Report Probe TSF 2317580773 as it greater than Beacon TSF 2317538622
11-11 05:24:59.070 1400 13424 D LOWI-9.0.0.87.a: [LOWI-Scan] is_qcom_ie, bss_age: 0
11-11 05:24:59.070 1400 13424 D LOWI-9.0.0.87.a: [LOWI-Scan] BSS 18:6f:2d:81:18:51 LOWI_PHY_MODE_11AC_VHT20(8), Beacon Interval: 100, LOWI_ENCRYPTION_TYPE_OPEN 11mcRanging: No, ANQP: No, LCI: No, Civic: No, capability(0x0101): ESS SpectrumMgmt
11-11 05:24:59.070 1400 13424 D LOWI-9.0.0.87.a: [LOWI-Scan] BSS 18:6f:2d:81:18:51 FREQ: 5260, cFreq1[40:80:160] = [5260:0:0] cFreq2 = 0 Country Code = CN
11-11 05:24:59.070 1400 13424 D LOWI-9.0.0.87.a: [LOWI-Scan] BSS 18:6f:2d:81:18:51 (wlan0) ASSO: NO AddInfo: 0x0, TSF 0, 00:38:37.580, RSSI: -160, CPL: 127, AGE: 1096, SSID Guest, TSFDelta: 0xafd03c8e, TXRate: 0
11-11 05:24:59.070 1400 13424 D LOWI-9.0.0.87.a: [LOWI-Scan]
11-11 05:24:59.070 1400 13424 D LOWI-9.0.0.87.a: [LOWI-Scan] print_bss_handler: Report Probe TSF 2317581140 as it greater than Beacon TSF 2317538688
11-11 05:24:59.070 1400 13424 D LOWI-9.0.0.87.a: [LOWI-Scan] decode_rsn_wpa_ie: LOWI_ENCRYPTION_TYPE_WPA_PSK
11-11 05:24:59.070 1400 13424 D LOWI-9.0.0.87.a: [LOWI-Scan] is_qcom_ie, bss_age: 0
11-11 05:24:59.070 1400 13424 D LOWI-9.0.0.87.a: [LOWI-Scan] BSS 18:6f:2d:81:18:52 LOWI_PHY_MODE_11AC_VHT20(8), Beacon Interval: 100, LOWI_ENCRYPTION_TYPE_WPA_PSK 11mcRanging: No, ANQP: No, LCI: No, Civic: No, capability(0x0111): ESS Privacy SpectrumMgmt
11-11 05:24:59.070 1400 13424 D LOWI-9.0.0.87.a: [LOWI-Scan] BSS 18:6f:2d:81:18:52 FREQ: 5260, cFreq1[40:80:160] = [5260:0:0] cFreq2 = 0 Country Code = CN
11-11 05:24:59.070 1400 13424 D LOWI-9.0.0.87.a: [LOWI-Scan] BSS 18:6f:2d:81:18:52 (wlan0) ASSO: NO AddInfo: 0x0, TSF 0, 00:38:37.581, RSSI: -160, CPL: 127, AGE: 1096, SSID ZXHY, TSFDelta: 0xafd2a148, TXRate: 0
11-11 05:24:59.070 1400 13424 D LOWI-9.0.0.87.a: [LOWI-Scan]
11-11 05:24:59.070 1400 13424 D LOWI-9.0.0.87.a: [LOWI-Scan] print_bss_handler: Report Probe TSF 2317582884 as it greater than Beacon TSF 2317539122
11-11 05:24:59.070 1400 13424 D LOWI-9.0.0.87.a: [LOWI-Scan] decode_rsn_wpa_ie: LOWI_ENCRYPTION_TYPE_WPA_PSK
11-11 05:24:59.071 1400 13424 D LOWI-9.0.0.87.a: [LOWI-Scan] is_qcom_ie, bss_age: 0
11-11 05:24:59.071 1400 13424 D LOWI-9.0.0.87.a: [LOWI-Scan] BSS 18:6f:2d:81:18:55 LOWI_PHY_MODE_11AC_VHT20(8), Beacon Interval: 100, LOWI_ENCRYPTION_TYPE_WPA_PSK 11mcRanging: No, ANQP: No, LCI: No, Civic: No, capability(0x0111): ESS Privacy SpectrumMgmt
11-11 05:24:59.071 1400 13424 D LOWI-9.0.0.87.a: [LOWI-Scan] BSS 18:6f:2d:81:18:55 FREQ: 5260, cFreq1[40:80:160] = [5260:0:0] cFreq2 = 0 Country Code = CN
11-11 05:24:59.071 1400 13424 D LOWI-9.0.0.87.a: [LOWI-Scan] BSS 18:6f:2d:81:18:55 (wlan0) ASSO: NO AddInfo: 0x0, TSF 0, 00:38:37.582, RSSI: -162, CPL: 127, AGE: 1096, SSID GM, TSFDelta: 0xafdf85d4, TXRate: 0
11-11 05:24:59.071 1400 13424 D LOWI-9.0.0.87.a: [LOWI-Scan]
11-11 05:24:59.071 1400 13424 D LOWI-9.0.0.87.a: [LOWI-Scan] print_bss_handler: Report Probe TSF 2317581798 as it greater than Beacon TSF 2317538878
11-11 05:24:59.071 1400 13424 D LOWI-9.0.0.87.a: [LOWI-Scan] decode_rsn_wpa_ie: LOWI_ENCRYPTION_TYPE_WPA_PSK
11-11 05:24:59.071 1400 13424 D LOWI-9.0.0.87.a: [LOWI-Scan] is_qcom_ie, bss_age: 0
11-11 05:24:59.071 1400 13424 D LOWI-9.0.0.87.a: [LOWI-Scan] BSS 18:6f:2d:81:18:53 LOWI_PHY_MODE_11AC_VHT20(8), Beacon Interval: 100, LOWI_ENCRYPTION_TYPE_WPA_PSK 11mcRanging: No, ANQP: No, LCI: No, Civic: No, capability(0x0111): ESS Privacy SpectrumMgmt
11-11 05:24:59.071 1400 13424 D LOWI-9.0.0.87.a: [LOWI-Scan] BSS 18:6f:2d:81:18:53 FREQ: 5260, cFreq1[40:80:160] = [5260:0:0] cFreq2 = 0 Country Code = CN
11-11 05:24:59.071 1400 13424 D LOWI-9.0.0.87.a: [LOWI-Scan] BSS 18:6f:2d:81:18:53 (wlan0) ASSO: NO AddInfo: 0x0, TSF 0, 00:38:37.581, RSSI: -162, CPL: 127, AGE: 1096, SSID Fanya, TSFDelta: 0xafd7e480, TXRate: 0
11-11 05:24:59.071 1400 13424 D LOWI-9.0.0.87.a: [LOWI-Scan]
11-11 05:24:59.071 1400 13424 D LOWI-9.0.0.87.a: [LOWI-Scan] print_bss_handler: Report Probe TSF 2317582183 as it greater than Beacon TSF 2317539052
11-11 05:24:59.071 1400 13424 D LOWI-9.0.0.87.a: [LOWI-Scan] decode_rsn_wpa_ie: LOWI_ENCRYPTION_TYPE_WPA_PSK
11-11 05:24:59.071 1400 13424 D LOWI-9.0.0.87.a: [LOWI-Scan] is_qcom_ie, bss_age: 0
11-11 05:24:59.071 1400 13424 D LOWI-9.0.0.87.a: [LOWI-Scan] BSS 18:6f:2d:81:18:54 LOWI_PHY_MODE_11AC_VHT20(8), Beacon Interval: 100, LOWI_ENCRYPTION_TYPE_WPA_PSK 11mcRanging: No, ANQP: No, LCI: No, Civic: No, capability(0x0111): ESS Privacy SpectrumMgmt
11-11 05:24:59.071 1400 13424 D LOWI-9.0.0.87.a: [LOWI-Scan] BSS 18:6f:2d:81:18:54 FREQ: 5260, cFreq1[40:80:160] = [5260:0:0] cFreq2 = 0 Country Code = CN
11-11 05:24:59.071 1400 13424 D LOWI-9.0.0.87.a: [LOWI-Scan] BSS 18:6f:2d:81:18:54 (wlan0) ASSO: NO AddInfo: 0x0, TSF 0, 00:38:37.582, RSSI: -162, CPL: 127, AGE: 1096, SSID ThunderSoft, TSFDelta: 0xafda6361, TXRate: 0
11-11 05:24:59.071 1400 13424 D LOWI-9.0.0.87.a: [LOWI-Scan]
11-11 05:24:59.071 1400 13424 D LOWI-9.0.0.87.a: [LOWI-Scan] print_bss_handler: Report Probe TSF 2317583614 as it greater than Beacon TSF 2307598394
11-11 05:24:59.071 1400 13424 D LOWI-9.0.0.87.a: [LOWI-Scan] is_qcom_ie, bss_age: 0
11-11 05:24:59.071 1400 13424 D LOWI-9.0.0.87.a: [LOWI-Scan] BSS 18:6f:2d:81:18:56 LOWI_PHY_MODE_11AC_VHT20(8), Beacon Interval: 100, LOWI_ENCRYPTION_TYPE_OPEN 11mcRanging: No, ANQP: No, LCI: No, Civic: No, capability(0x0101): ESS SpectrumMgmt
11-11 05:24:59.071 1400 13424 D LOWI-9.0.0.87.a: [LOWI-Scan] BSS 18:6f:2d:81:18:56 FREQ: 5260, cFreq1[40:80:160] = [5260:0:0] cFreq2 = 0 Country Code = CN
11-11 05:24:59.071 1400 13424 D LOWI-9.0.0.87.a: [LOWI-Scan] BSS 18:6f:2d:81:18:56 (wlan0) ASSO: NO AddInfo: 0x0, TSF 0, 00:38:37.583, RSSI: -162, CPL: 127, AGE: 1096, SSID IT, TSFDelta: 0xafe4a328, TXRate: 0
11-11 05:24:59.071 1400 13424 D LOWI-9.0.0.87.a: [LOWI-Scan]
11-11 05:24:59.071 1400 13424 D LOWI-9.0.0.87.a: [LOWI-Scan] print_bss_handler: Report Probe TSF 2317579341 as it greater than Beacon TSF 2317538526
11-11 05:24:59.072 1400 13424 D LOWI-9.0.0.87.a: [LOWI-Scan] decode_rsn_wpa_ie: LOWI_ENCRYPTION_TYPE_WPA_PSK
11-11 05:24:59.072 1400 13424 D LOWI-9.0.0.87.a: [LOWI-Scan] is_qcom_ie, bss_age: 0
11-11 05:24:59.072 1400 13424 D LOWI-9.0.0.87.a: [LOWI-Scan] BSS 18:6f:2d:81:18:50 LOWI_PHY_MODE_11AC_VHT20(8), Beacon Interval: 100, LOWI_ENCRYPTION_TYPE_WPA_PSK 11mcRanging: No, ANQP: No, LCI: No, Civic: No, capability(0x0111): ESS Privacy SpectrumMgmt
11-11 05:24:59.072 1400 13424 D LOWI-9.0.0.87.a: [LOWI-Scan] BSS 18:6f:2d:81:18:50 FREQ: 5260, cFreq1[40:80:160] = [5260:0:0] cFreq2 = 0 Country Code = CN
11-11 05:24:59.072 1400 13424 D LOWI-9.0.0.87.a: [LOWI-Scan] BSS 18:6f:2d:81:18:50 (wlan0) ASSO: NO AddInfo: 0x0, TSF 0, 00:38:37.579, RSSI: -164, CPL: 127, AGE: 1100, SSID Testing , TSFDelta: 0xafc472bb, TXRate: 0
11-11 05:24:59.072 1400 13424 D LOWI-9.0.0.87.a: [LOWI-Scan]
11-11 05:24:59.072 1400 13424 D LOWI-9.0.0.87.a: [LOWI-Scan] print_bss_handler: Report Probe TSF 2307733692 as it greater than Beacon TSF 2307670163
11-11 05:24:59.072 1400 13424 D LOWI-9.0.0.87.a: [LOWI-Scan] decode_rsn_wpa_ie: LOWI_ENCRYPTION_TYPE_WPA_PSK
11-11 05:24:59.072 1400 13424 D LOWI-9.0.0.87.a: [LOWI-Scan] is_qcom_ie, bss_age: 0
11-11 05:24:59.072 1400 13424 D LOWI-9.0.0.87.a: [LOWI-Scan] adjust_age:AP AGE upper limit reached. Dont store
11-11 05:24:59.072 1400 13424 D LOWI-9.0.0.87.a: [LOWI-Scan] BSS 18:6f:2d:81:16:f4 LOWI_PHY_MODE_11AC_VHT20(8), Beacon Interval: 100, LOWI_ENCRYPTION_TYPE_WPA_PSK 11mcRanging: No, ANQP: No, LCI: No, Civic: No, capability(0x0111): ESS Privacy SpectrumMgmt
11-11 05:24:59.072 1400 13424 D LOWI-9.0.0.87.a: [LOWI-Scan] BSS 18:6f:2d:81:16:f4 FREQ: 5280, cFreq1[40:80:160] = [5280:0:0] cFreq2 = 0 Country Code = CN
11-11 05:24:59.072 1400 13424 D LOWI-9.0.0.87.a: [LOWI-Scan] BSS 18:6f:2d:81:16:f4 (wlan0) ASSO: NO AddInfo: 0x0, TSF 0, 00:38:27.733, RSSI: -152, CPL: 127, AGE: 10944, SSID ThunderSoft, TSFDelta: 0xb2b42bb6, TXRate: 0
11-11 05:24:59.072 1400 13424 D LOWI-9.0.0.87.a: [LOWI-Scan]
11-11 05:24:59.072 1400 13424 D LOWI-9.0.0.87.a: [LOWI-Scan] print_bss_handler: Report beacon TSF 2297263450 as it greater than probe TSF 2291523635
11-11 05:24:59.072 1400 13424 D LOWI-9.0.0.87.a: [LOWI-Scan] decode_rsn_wpa_ie: LOWI_ENCRYPTION_TYPE_WPA_PSK
11-11 05:24:59.072 1400 13424 D LOWI-9.0.0.87.a: [LOWI-Scan] is_qcom_ie, bss_age: 0
11-11 05:24:59.072 1400 13424 D LOWI-9.0.0.87.a: [LOWI-Scan] adjust_age:AP AGE upper limit reached. Dont store
11-11 05:24:59.072 1400 13424 D LOWI-9.0.0.87.a: [LOWI-Scan] BSS 18:6f:2d:81:0d:80 LOWI_PHY_MODE_11NG_HT20(5), Beacon Interval: 100, LOWI_ENCRYPTION_TYPE_WPA_PSK 11mcRanging: No, ANQP: No, LCI: No, Civic: No, capability(0x0531): ESS Privacy ShortPreamble SpectrumMgmt ShortSlotTime
11-11 05:24:59.072 1400 13424 D LOWI-9.0.0.87.a: [LOWI-Scan] BSS 18:6f:2d:81:0d:80 FREQ: 2422, cFreq1[40:80:160] = [2422:0:0] cFreq2 = 0 Country Code = CN
11-11 05:24:59.072 1400 13424 D LOWI-9.0.0.87.a: [LOWI-Scan] BSS 18:6f:2d:81:0d:80 (wlan0) ASSO: NO AddInfo: 0x1, TSF 0, 00:38:17.263, RSSI: -160, CPL: 127, AGE: 21416, SSID Testing , TSFDelta: 0x958a6b03, TXRate: 0
11-11 05:24:59.072 1400 13424 D LOWI-9.0.0.87.a: [LOWI-Scan]
11-11 05:24:59.072 1400 13424 D LOWI-9.0.0.87.a: [LOWI-Scan] print_bss_handler: Report Probe TSF 2317702941 as it greater than Beacon TSF 2311972400
11-11 05:24:59.072 1400 13424 D LOWI-9.0.0.87.a: [LOWI-Scan] decode_rsn_wpa_ie: LOWI_ENCRYPTION_TYPE_WPA_PSK
11-11 05:24:59.072 1400 13424 D LOWI-9.0.0.87.a: [LOWI-Scan] is_qcom_ie, bss_age: 0
11-11 05:24:59.072 1400 13424 D LOWI-9.0.0.87.a: [LOWI-Scan] BSS 18:6f:2d:81:16:f0 LOWI_PHY_MODE_11AC_VHT20(8), Beacon Interval: 100, LOWI_ENCRYPTION_TYPE_WPA_PSK 11mcRanging: No, ANQP: No, LCI: No, Civic: No, capability(0x0111): ESS Privacy SpectrumMgmt
11-11 05:24:59.072 1400 13424 D LOWI-9.0.0.87.a: [LOWI-Scan] BSS 18:6f:2d:81:16:f0 FREQ: 5280, cFreq1[40:80:160] = [5280:0:0] cFreq2 = 0 Country Code = CN
11-11 05:24:59.072 1400 13424 D LOWI-9.0.0.87.a: [LOWI-Scan] BSS 18:6f:2d:81:16:f0 (wlan0) ASSO: NO AddInfo: 0x0, TSF 0, 00:38:37.702, RSSI: -154, CPL: 127, AGE: 976, SSID Testing , TSFDelta: 0xb11e3329, TXRate: 0
11-11 05:24:59.072 1400 13424 D LOWI-9.0.0.87.a: [LOWI-Scan]
11-11 05:24:59.072 1400 13424 D LOWI-9.0.0.87.a: [LOWI-Scan] print_bss_handler: Report beacon TSF 2311972637 as it greater than probe TSF 2307733186
11-11 05:24:59.072 1400 13424 D LOWI-9.0.0.87.a: [LOWI-Scan] is_qcom_ie, bss_age: 0
11-11 05:24:59.073 1400 13424 D LOWI-9.0.0.87.a: [LOWI-Scan] BSS 18:6f:2d:81:16:f1 LOWI_PHY_MODE_11AC_VHT20(8), Beacon Interval: 100, LOWI_ENCRYPTION_TYPE_OPEN 11mcRanging: No, ANQP: No, LCI: No, Civic: No, capability(0x0101): ESS SpectrumMgmt
11-11 05:24:59.073 1400 13424 D LOWI-9.0.0.87.a: [LOWI-Scan] BSS 18:6f:2d:81:16:f1 FREQ: 5280, cFreq1[40:80:160] = [5280:0:0] cFreq2 = 0 Country Code = CN
11-11 05:24:59.073 1400 13424 D LOWI-9.0.0.87.a: [LOWI-Scan] BSS 18:6f:2d:81:16:f1 (wlan0) ASSO: NO AddInfo: 0x1, TSF 0, 00:38:31.972, RSSI: -154, CPL: 127, AGE: 6695, SSID Guest, TSFDelta: 0xb2aa1393, TXRate: 0
11-11 05:24:59.073 1400 13424 D LOWI-9.0.0.87.a: [LOWI-Scan]
11-11 05:24:59.073 1400 13424 D LOWI-9.0.0.87.a: [LOWI-Scan] print_bss_handler: Report beacon TSF 2311972987 as it greater than probe TSF 2307733526
11-11 05:24:59.073 1400 13424 D LOWI-9.0.0.87.a: [LOWI-Scan] decode_rsn_wpa_ie: LOWI_ENCRYPTION_TYPE_WPA_PSK
11-11 05:24:59.073 1400 13424 D LOWI-9.0.0.87.a: [LOWI-Scan] is_qcom_ie, bss_age: 0
11-11 05:24:59.073 1400 13424 D LOWI-9.0.0.87.a: [LOWI-Scan] BSS 18:6f:2d:81:16:f3 LOWI_PHY_MODE_11AC_VHT20(8), Beacon Interval: 100, LOWI_ENCRYPTION_TYPE_WPA_PSK 11mcRanging: No, ANQP: No, LCI: No, Civic: No, capability(0x0111): ESS Privacy SpectrumMgmt
11-11 05:24:59.073 1400 13424 D LOWI-9.0.0.87.a: [LOWI-Scan] BSS 18:6f:2d:81:16:f3 FREQ: 5280, cFreq1[40:80:160] = [5280:0:0] cFreq2 = 0 Country Code = CN
11-11 05:24:59.073 1400 13424 D LOWI-9.0.0.87.a: [LOWI-Scan] BSS 18:6f:2d:81:16:f3 (wlan0) ASSO: NO AddInfo: 0x1, TSF 0, 00:38:31.972, RSSI: -154, CPL: 127, AGE: 6695, SSID Fanya, TSFDelta: 0xb2b1ac8d, TXRate: 0
11-11 05:24:59.073 1400 13424 D LOWI-9.0.0.87.a: [LOWI-Scan]
11-11 05:24:59.073 1400 13424 D LOWI-9.0.0.87.a: [LOWI-Scan] print_bss_handler: Report beacon TSF 2307670242 as it greater than probe TSF 2287673747
11-11 05:24:59.073 1400 13424 D LOWI-9.0.0.87.a: [LOWI-Scan] decode_rsn_wpa_ie: LOWI_ENCRYPTION_TYPE_WPA_PSK
11-11 05:24:59.073 1400 13424 D LOWI-9.0.0.87.a: [LOWI-Scan] is_qcom_ie, bss_age: 0
11-11 05:24:59.073 1400 13424 D LOWI-9.0.0.87.a: [LOWI-Scan] adjust_age:AP AGE upper limit reached. Dont store
11-11 05:24:59.073 1400 13424 D LOWI-9.0.0.87.a: [LOWI-Scan] BSS 18:6f:2d:81:16:f5 LOWI_PHY_MODE_11AC_VHT20(8), Beacon Interval: 100, LOWI_ENCRYPTION_TYPE_WPA_PSK 11mcRanging: No, ANQP: No, LCI: No, Civic: No, capability(0x0111): ESS Privacy SpectrumMgmt
11-11 05:24:59.073 1400 13424 D LOWI-9.0.0.87.a: [LOWI-Scan] BSS 18:6f:2d:81:16:f5 FREQ: 5280, cFreq1[40:80:160] = [5280:0:0] cFreq2 = 0 Country Code = CN
11-11 05:24:59.073 1400 13424 D LOWI-9.0.0.87.a: [LOWI-Scan] BSS 18:6f:2d:81:16:f5 (wlan0) ASSO: NO AddInfo: 0x1, TSF 0, 00:38:27.670, RSSI: -152, CPL: 127, AGE: 11008, SSID GM, TSFDelta: 0xb4069975, TXRate: 0
11-11 05:24:59.073 1400 13424 D LOWI-9.0.0.87.a: [LOWI-Scan]
11-11 05:24:59.073 1400 13424 D LOWI-9.0.0.87.a: [LOWI-Scan] print_bss_handler: Report beacon TSF 2317084450 as it greater than probe TSF 2317076570
11-11 05:24:59.073 1400 13424 D LOWI-9.0.0.87.a: [LOWI-Scan] is_qcom_ie, bss_age: 0
11-11 05:24:59.073 1400 13424 D LOWI-9.0.0.87.a: [LOWI-Scan] BSS 18:6f:2d:81:20:65 LOWI_PHY_MODE_11NG_HT20(5), Beacon Interval: 100, LOWI_ENCRYPTION_TYPE_OPEN 11mcRanging: No, ANQP: No, LCI: No, Civic: No, capability(0x0521): ESS ShortPreamble SpectrumMgmt ShortSlotTime
11-11 05:24:59.073 1400 13424 D LOWI-9.0.0.87.a: [LOWI-Scan] BSS 18:6f:2d:81:20:65 FREQ: 2412, cFreq1[40:80:160] = [2412:0:0] cFreq2 = 0 Country Code = CN
11-11 05:24:59.073 1400 13424 D LOWI-9.0.0.87.a: [LOWI-Scan] BSS 18:6f:2d:81:20:65 (wlan0) ASSO: NO AddInfo: 0x1, TSF 0, 00:38:37.084, RSSI: -158, CPL: 127, AGE: 1592, SSID IT, TSFDelta: 0x2be3afba, TXRate: 0
11-11 05:24:59.073 1400 13424 D LOWI-9.0.0.87.a: [LOWI-Scan]
11-11 05:24:59.073 1400 13424 D LOWI-9.0.0.87.a: [LOWI-Scan] print_bss_handler: Report Probe TSF 2317709560 as it greater than Beacon TSF 2311986929
