11-11 05:17:56.906 2356 2356 I sysui_multi_action: [757,0,758,1,759,0,927,3,928,0,1593,1]
11-11 05:17:56.906 2356 2356 I sysui_multi_action: [757,491,758,1,759,491,927,4,928,0,1311,-1,1593,1]
11-11 05:17:56.906 2356 2356 I sysui_multi_action: [757,0,758,1,759,0,927,5,928,0,1593,1]
11-11 05:17:56.907 2356 2356 I sysui_multi_action: [757,111,758,1]
11-11 05:17:56.907 2356 2356 I sysui_multi_action: [757,126,758,1,759,126,927,0,928,1,1593,1]
11-11 05:17:56.907 2356 2356 I sysui_multi_action: [757,113,758,1,759,113,927,1,928,0,1593,1]
11-11 05:17:56.907 2356 2356 I sysui_multi_action: [757,0,758,1,759,0,927,2,928,0,1593,1]
11-11 05:17:56.907 2356 2356 I sysui_multi_action: [757,0,758,1,759,0,927,3,928,0,1593,1]
11-11 05:17:56.907 1490 2446 I wm_task_removed: [102,removeChild:removeChild last r=ActivityRecord{e6a3391 u0 com.android.settings/.Settings$WifiDetailsSettingsActivity t-1 f}} in t=Task{11930fc #102 type=standard A=1000:com.android.settings U=0 visible=false mode=fullscreen translucent=true sz=0}]
11-11 05:17:56.907 1490 2446 I wm_task_removed: [102,removeChild]
11-11 05:17:56.920 2356 2356 I sysui_multi_action: [757,111,758,2]
11-11 05:17:56.920 1490 1490 I notification_enqueue: [10082,2356,com.android.systemui,2048,NULL,0,Notification(channel=updateNotification shortcut=null contentView=null vibrate=null sound=null defaults=0x0 flags=0x0 color=0x00000000 vis=PRIVATE),1]
11-11 05:17:56.920 2356 2356 I sysui_multi_action: [757,111,758,2]
11-11 05:17:56.923 2356 2356 I sysui_multi_action: [757,111,758,1]
11-11 05:17:56.923 2356 2356 I sysui_multi_action: [757,126,758,1,759,126,927,0,928,1,1593,1]
11-11 05:17:56.923 2356 2356 I sysui_multi_action: [757,113,758,1,759,113,927,1,928,0,1593,1]
11-11 05:17:56.923 2356 2356 I sysui_multi_action: [757,0,758,1,759,0,927,2,928,0,1593,1]
11-11 05:17:56.923 2356 2356 I sysui_multi_action: [757,0,758,1,759,0,927,3,928,0,1593,1]
11-11 05:17:56.923 2356 2356 I sysui_multi_action: [757,491,758,1,759,491,927,4,928,0,1311,-1,1593,0]
11-11 05:17:56.923 2356 2356 I sysui_multi_action: [757,0,758,1,759,0,927,5,928,0,1593,0]
11-11 05:17:56.923 2356 2356 I sysui_multi_action: [757,111,758,1]
11-11 05:17:56.923 2356 2356 I sysui_multi_action: [757,126,758,1,759,126,927,0,928,1,1593,1]
11-11 05:17:56.923 2356 2356 I sysui_multi_action: [757,113,758,1,759,113,927,1,928,0,1593,1]
11-11 05:17:56.923 2356 2356 I sysui_multi_action: [757,0,758,1,759,0,927,2,928,0,1593,1]
11-11 05:17:56.924 2356 2356 I sysui_multi_action: [757,0,758,1,759,0,927,3,928,0,1593,1]
11-11 05:17:56.937 2356 2356 I sysui_multi_action: [757,111,758,2]
11-11 05:17:56.937 2356 2356 I sysui_multi_action: [757,111,758,2]
11-11 05:17:56.937 1490 1490 I notification_enqueue: [10082,2356,com.android.systemui,2048,NULL,0,Notification(channel=updateNotification shortcut=null contentView=null vibrate=null sound=null defaults=0x0 flags=0x0 color=0x00000000 vis=PRIVATE),1]
11-11 05:17:56.940 2356 2356 I sysui_multi_action: [757,111,758,1]
11-11 05:17:56.940 2356 2356 I sysui_multi_action: [757,126,758,1,759,126,927,0,928,1,1593,1]
11-11 05:17:56.940 2356 2356 I sysui_multi_action: [757,113,758,1,759,113,927,1,928,0,1593,1]
11-11 05:17:56.940 2356 2356 I sysui_multi_action: [757,0,758,1,759,0,927,2,928,0,1593,1]
11-11 05:17:56.940 2356 2356 I sysui_multi_action: [757,0,758,1,759,0,927,3,928,0,1593,1]
11-11 05:17:56.940 2356 2356 I sysui_multi_action: [757,491,758,1,759,491,927,4,928,0,1311,-1,1593,0]
11-11 05:17:56.940 2356 2356 I sysui_multi_action: [757,0,758,1,759,0,927,5,928,0,1593,0]
11-11 05:17:56.940 2356 2356 I sysui_multi_action: [757,111,758,1]
11-11 05:17:56.940 2356 2356 I sysui_multi_action: [757,126,758,1,759,126,927,0,928,1,1593,1]
11-11 05:17:56.940 2356 2356 I sysui_multi_action: [757,113,758,1,759,113,927,1,928,0,1593,1]
11-11 05:17:56.940 2356 2356 I sysui_multi_action: [757,0,758,1,759,0,927,2,928,0,1593,1]
11-11 05:17:56.940 2356 2356 I sysui_multi_action: [757,0,758,1,759,0,927,3,928,0,1593,1]
11-11 05:17:56.953 1490 1490 I notification_enqueue: [10082,2356,com.android.systemui,2048,NULL,0,Notification(channel=updateNotification shortcut=null contentView=null vibrate=null sound=null defaults=0x0 flags=0x0 color=0x00000000 vis=PRIVATE),1]
11-11 05:17:56.953 2356 2356 I sysui_multi_action: [757,111,758,2]
11-11 05:17:56.953 2356 2356 I sysui_multi_action: [757,111,758,2]
11-11 05:17:56.965 2356 2356 I sysui_multi_action: [757,111,758,1]
11-11 05:17:56.966 2356 2356 I sysui_multi_action: [757,126,758,1,759,126,927,0,928,1,1593,1]
11-11 05:17:56.966 2356 2356 I sysui_multi_action: [757,113,758,1,759,113,927,1,928,0,1593,1]
11-11 05:17:56.966 2356 2356 I sysui_multi_action: [757,0,758,1,759,0,927,2,928,0,1593,1]
11-11 05:17:56.966 2356 2356 I sysui_multi_action: [757,0,758,1,759,0,927,3,928,0,1593,1]
11-11 05:17:56.966 2356 2356 I sysui_multi_action: [757,491,758,1,759,491,927,4,928,0,1311,-1,1593,0]
11-11 05:17:56.966 2356 2356 I sysui_multi_action: [757,0,758,1,759,0,927,5,928,0,1593,0]
11-11 05:17:56.966 2356 2356 I sysui_multi_action: [757,111,758,1]
11-11 05:17:56.966 2356 2356 I sysui_multi_action: [757,126,758,1,759,126,927,0,928,1,1593,1]
11-11 05:17:56.966 2356 2356 I sysui_multi_action: [757,113,758,1,759,113,927,1,928,0,1593,1]
11-11 05:17:56.966 2356 2356 I sysui_multi_action: [757,0,758,1,759,0,927,2,928,0,1593,1]
11-11 05:17:56.966 2356 2356 I sysui_multi_action: [757,0,758,1,759,0,927,3,928,0,1593,1]
11-11 05:17:56.973 2356 2356 I sysui_multi_action: [757,111,758,2]
11-11 05:17:56.973 2356 2356 I sysui_multi_action: [757,111,758,2]
11-11 05:17:56.973 1490 1490 I notification_enqueue: [10082,2356,com.android.systemui,2048,NULL,0,Notification(channel=updateNotification shortcut=null contentView=null vibrate=null sound=null defaults=0x0 flags=0x0 color=0x00000000 vis=PRIVATE),1]
11-11 05:17:56.975 1490 2446 I sysui_multi_action: [757,127,758,2]
11-11 05:17:56.975 1490 2446 I notification_panel_hidden:
11-11 05:17:56.984 2356 2356 I sysui_multi_action: [757,111,758,1]
11-11 05:17:56.984 2356 2356 I sysui_multi_action: [757,126,758,1,759,126,927,0,928,1,1593,1]
11-11 05:17:56.984 2356 2356 I sysui_multi_action: [757,113,758,1,759,113,927,1,928,0,1593,1]
11-11 05:17:56.984 2356 2356 I sysui_multi_action: [757,0,758,1,759,0,927,2,928,0,1593,1]
11-11 05:17:56.984 2356 2356 I sysui_multi_action: [757,0,758,1,759,0,927,3,928,0,1593,1]
11-11 05:17:56.984 2356 2356 I sysui_multi_action: [757,491,758,1,759,491,927,4,928,0,1311,-1,1593,0]
11-11 05:17:56.984 2356 2356 I sysui_multi_action: [757,0,758,1,759,0,927,5,928,0,1593,0]
11-11 05:17:56.984 2356 2356 I sysui_multi_action: [757,111,758,1]
11-11 05:17:56.985 2356 2356 I sysui_multi_action: [757,126,758,1,759,126,927,0,928,1,1593,1]
11-11 05:17:56.985 2356 2356 I sysui_multi_action: [757,113,758,1,759,113,927,1,928,0,1593,1]
11-11 05:17:56.985 2356 2356 I sysui_multi_action: [757,0,758,1,759,0,927,2,928,0,1593,1]
11-11 05:17:56.985 2356 2356 I sysui_multi_action: [757,0,758,1,759,0,927,3,928,0,1593,1]
11-11 05:17:57.315 764 764 I auditd : type=1400 audit(0.0:2552): avc: denied { kill } for comm="crtc_event:125" capability=5 scontext=u:r:kernel:s0 tcontext=u:r:kernel:s0 tclass=capability permissive=0
11-11 05:17:57.593 1490 1992 I input_interaction: Interaction with: d2dcb97 com.android.settings/com.android.settings.Settings (server), edge-swipe (server), swipe-up (server), PointerEventDispatcher0 (server),
11-11 05:17:57.680 11823 11823 I sysui_multi_action: [757,137,758,4]
11-11 05:17:57.681 1490 7426 I wm_finish_activity: [0,120265497,100,com.android.settings/.Settings,app-request]
11-11 05:17:57.682 1490 7426 I wm_task_moved: [1,1,9]
11-11 05:17:57.682 1490 7426 I wm_task_moved: [10,1,2147483647]
11-11 05:17:57.682 1490 7426 I wm_task_to_front: [0,10]
11-11 05:17:57.682 1490 7426 I wm_focused_root_task: [0,0,1,100,finish-top adjustFocusToNextFocusableTask]
11-11 05:17:57.683 1490 7426 I wm_set_resumed_activity: [0,com.android.launcher3/.uioverrides.QuickstepLauncher,finish-top adjustFocusToNextFocusableTask]
11-11 05:17:57.699 1490 7426 I wm_pause_activity: [0,120265497,com.android.settings/.Settings,userLeaving=false,finish]
11-11 05:17:57.709 11823 11823 I sysui_multi_action: [757,849,758,2,1089,1024]
11-11 05:17:57.710 1490 1634 I sysui_multi_action: [757,1144,758,8,806,com.android.settings,871,com.android.settings.Settings]
11-11 05:17:57.719 11823 11823 I wm_on_top_resumed_lost_called: [120265497,com.android.settings.Settings,topStateChangedWhenResumed]
11-11 05:17:57.721 11823 11823 I sysui_multi_action: [757,35,758,2,1089,1280]
11-11 05:17:57.721 11823 11823 I wm_on_paused_called: [120265497,com.android.settings.Settings,performPause]
11-11 05:17:57.722 1490 7426 I wm_add_to_stopping: [0,120265497,com.android.settings/.Settings,completeFinishing]
11-11 05:17:57.727 1490 7426 I wm_set_resumed_activity: [0,com.android.launcher3/.uioverrides.QuickstepLauncher,resumeTopActivityInnerLocked]
11-11 05:17:57.729 1490 7426 I wm_resume_activity: [0,85671939,10,com.android.launcher3/.uioverrides.QuickstepLauncher]
11-11 05:17:57.732 1490 1634 I sysui_multi_action: [757,803,799,window_time_0,802,1]
11-11 05:17:57.738 1490 1992 I input_focus: [Focus leaving d2dcb97 com.android.settings/com.android.settings.Settings (server),reason=NO_WINDOW]
11-11 05:17:57.739 2824 2824 I wm_on_restart_called: [85671939,com.android.launcher3.uioverrides.QuickstepLauncher,performRestartActivity]
11-11 05:17:57.740 2824 2824 I wm_on_start_called: [85671939,com.android.launcher3.uioverrides.QuickstepLauncher,handleStartActivity]
11-11 05:17:57.741 2824 2824 I wm_on_resume_called: [85671939,com.android.launcher3.uioverrides.QuickstepLauncher,RESUME_ACTIVITY]
11-11 05:17:57.741 2824 2824 I wm_on_top_resumed_gained_called: [85671939,com.android.launcher3.uioverrides.QuickstepLauncher,topWhenResuming]
11-11 05:17:57.758 1490 1635 I input_focus: [Focus request 978e85f com.android.launcher3/com.android.launcher3.uioverrides.QuickstepLauncher,reason=UpdateInputWindows]
11-11 05:17:57.778 1490 1992 I input_focus: [Focus entering 978e85f com.android.launcher3/com.android.launcher3.uioverrides.QuickstepLauncher (server),reason=setFocusedWindow]
11-11 05:17:57.825 1490 2292 I netstats_mobile_sample: [0,0,0,0,0,0,0,0,0,0,0,0,1668115077825]
11-11 05:17:57.825 1490 2292 I netstats_wifi_sample: [46642154,59130,17209071,47957,46642154,59130,17209071,47957,48958916,73348,9035615,29504,1668115077825]
11-11 05:17:58.142 1490 1634 I wm_destroy_activity: [0,120265497,100,com.android.settings/.Settings,finish-imm:idle]
11-11 05:17:58.175 11823 11823 I wm_on_stop_called: [120265497,com.android.settings.Settings,LIFECYCLER_STOP_ACTIVITY]
11-11 05:17:58.185 11823 11823 I wm_on_destroy_called: [120265497,com.android.settings.Settings,performDestroy]
11-11 05:17:58.192 1490 7175 I wm_task_removed: [100,removeChild:removeChild last r=ActivityRecord{72b1b19 u0 com.android.settings/.Settings t-1 f}} in t=Task{4813ea #100 type=standard A=1000:com.android.settings.root U=0 visible=false mode=fullscreen translucent=true sz=0}]
11-11 05:17:58.192 1490 7175 I wm_task_removed: [100,removeChild]
11-11 05:17:58.315 0 0 I auditd : type=1400 audit(0.0:2553): avc: denied { kill } for comm="swapper/2" capability=5 scontext=u:r:kernel:s0 tcontext=u:r:kernel:s0 tclass=capability permissive=0
11-11 05:17:59.315 0 0 I auditd : type=1400 audit(0.0:2554): avc: denied { kill } for comm="swapper/2" capability=5 scontext=u:r:kernel:s0 tcontext=u:r:kernel:s0 tclass=capability permissive=0
11-11 05:18:00.051 1490 2292 I netstats_mobile_sample: [0,0,0,0,0,0,0,0,0,0,0,0,1668115080051]
11-11 05:18:00.052 1490 2292 I netstats_wifi_sample: [46642154,59130,17209071,47957,46642154,59130,17209071,47957,48958916,73348,9035615,29504,1668115080051]
11-11 05:18:00.160 1490 2292 I netstats_mobile_sample: [0,0,0,0,0,0,0,0,0,0,0,0,1668115080160]
11-11 05:18:00.161 1490 2292 I netstats_wifi_sample: [46642154,59130,17209071,47957,46642154,59130,17209071,47957,48958916,73348,9035615,29504,1668115080160]
11-11 05:18:00.173 1490 2292 I netstats_mobile_sample: [0,0,0,0,0,0,0,0,0,0,0,0,1668115080173]
11-11 05:18:00.173 1490 2292 I netstats_wifi_sample: [46642154,59130,17209071,47957,46642154,59130,17209071,47957,48958916,73348,9035615,29504,1668115080173]
11-11 05:18:00.196 1490 2292 I netstats_mobile_sample: [0,0,0,0,0,0,0,0,0,0,0,0,1668115080195]
11-11 05:18:00.196 1490 2292 I netstats_wifi_sample: [46642154,59130,17209071,47957,46642154,59130,17209071,47957,48958916,73348,9035615,29504,1668115080195]
11-11 05:18:00.210 1490 2292 I netstats_mobile_sample: [0,0,0,0,0,0,0,0,0,0,0,0,1668115080210]
11-11 05:18:00.210 1490 2292 I netstats_wifi_sample: [46642154,59130,17209071,47957,46642154,59130,17209071,47957,48958916,73348,9035735,29506,1668115080210]
11-11 05:18:00.315 0 0 I auditd : type=1400 audit(0.0:2555): avc: denied { kill } for comm="swapper/2" capability=5 scontext=u:r:kernel:s0 tcontext=u:r:kernel:s0 tclass=capability permissive=0
11-11 05:18:01.315 0 0 I auditd : type=1400 audit(0.0:2556): avc: denied { kill } for comm="swapper/2" capability=5 scontext=u:r:kernel:s0 tcontext=u:r:kernel:s0 tclass=capability permissive=0
11-11 05:18:02.315 0 0 I auditd : type=1400 audit(0.0:2557): avc: denied { kill } for comm="swapper/2" capability=5 scontext=u:r:kernel:s0 tcontext=u:r:kernel:s0 tclass=capability permissive=0
11-11 05:18:04.315 0 0 I auditd : type=1400 audit(0.0:2558): avc: denied { kill } for comm="swapper/2" capability=5 scontext=u:r:kernel:s0 tcontext=u:r:kernel:s0 tclass=capability permissive=0
11-11 05:18:05.245 1490 2513 I ntp_failure: [time.android.com/216.239.35.12,java.net.SocketTimeoutException: Poll timed out]
11-11 05:18:05.315 0 0 I auditd : type=1400 audit(0.0:2559): avc: denied { kill } for comm="swapper/2" capability=5 scontext=u:r:kernel:s0 tcontext=u:r:kernel:s0 tclass=capability permissive=0
11-11 05:18:06.315 0 0 I auditd : type=1400 audit(0.0:2560): avc: denied { kill } for comm="swapper/2" capability=5 scontext=u:r:kernel:s0 tcontext=u:r:kernel:s0 tclass=capability permissive=0
11-11 05:18:07.315 0 0 I auditd : type=1400 audit(0.0:2561): avc: denied { kill } for comm="swapper/2" capability=5 scontext=u:r:kernel:s0 tcontext=u:r:kernel:s0 tclass=capability permissive=0
11-11 05:18:08.315 0 0 I auditd : type=1400 audit(0.0:2562): avc: denied { kill } for comm="swapper/2" capability=5 scontext=u:r:kernel:s0 tcontext=u:r:kernel:s0 tclass=capability permissive=0
11-11 05:18:09.315 0 0 I auditd : type=1400 audit(0.0:2563): avc: denied { kill } for comm="swapper/3" capability=5 scontext=u:r:kernel:s0 tcontext=u:r:kernel:s0 tclass=capability permissive=0
11-11 05:18:10.253 1490 2513 I ntp_failure: [time.android.com/216.239.35.0,java.net.SocketTimeoutException: Poll timed out]
11-11 05:18:10.315 0 0 I auditd : type=1400 audit(0.0:2564): avc: denied { kill } for comm="swapper/3" capability=5 scontext=u:r:kernel:s0 tcontext=u:r:kernel:s0 tclass=capability permissive=0
11-11 05:18:11.315 12346 12346 I auditd : type=1400 audit(0.0:2565): avc: denied { kill } for comm="kworker/3:0" capability=5 scontext=u:r:kernel:s0 tcontext=u:r:kernel:s0 tclass=capability permissive=0
11-11 05:18:12.315 0 0 I auditd : type=1400 audit(0.0:2566): avc: denied { kill } for comm="swapper/3" capability=5 scontext=u:r:kernel:s0 tcontext=u:r:kernel:s0 tclass=capability permissive=0
11-11 05:18:13.315 0 0 I auditd : type=1400 audit(0.0:2567): avc: denied { kill } for comm="swapper/3" capability=5 scontext=u:r:kernel:s0 tcontext=u:r:kernel:s0 tclass=capability permissive=0
11-11 05:18:14.315 0 0 I auditd : type=1400 audit(0.0:2568): avc: denied { kill } for comm="swapper/2" capability=5 scontext=u:r:kernel:s0 tcontext=u:r:kernel:s0 tclass=capability permissive=0
11-11 05:18:15.261 1490 2513 I ntp_failure: [time.android.com/216.239.35.8,java.net.SocketTimeoutException: Poll timed out]
11-11 05:18:15.315 0 0 I auditd : type=1400 audit(0.0:2569): avc: denied { kill } for comm="swapper/2" capability=5 scontext=u:r:kernel:s0 tcontext=u:r:kernel:s0 tclass=capability permissive=0
11-11 05:18:16.315 0 0 I auditd : type=1400 audit(0.0:2570): avc: denied { kill } for comm="swapper/2" capability=5 scontext=u:r:kernel:s0 tcontext=u:r:kernel:s0 tclass=capability permissive=0
11-11 05:18:17.315 0 0 I auditd : type=1400 audit(0.0:2571): avc: denied { kill } for comm="swapper/2" capability=5 scontext=u:r:kernel:s0 tcontext=u:r:kernel:s0 tclass=capability permissive=0
11-11 05:18:18.315 0 0 I auditd : type=1400 audit(0.0:2572): avc: denied { kill } for comm="swapper/2" capability=5 scontext=u:r:kernel:s0 tcontext=u:r:kernel:s0 tclass=capability permissive=0
11-11 05:18:19.315 0 0 I auditd : type=1400 audit(0.0:2573): avc: denied { kill } for comm="swapper/2" capability=5 scontext=u:r:kernel:s0 tcontext=u:r:kernel:s0 tclass=capability permissive=0
11-11 05:18:20.271 1490 2513 I ntp_failure: [time.android.com/216.239.35.4,java.net.SocketTimeoutException: Poll timed out]
11-11 05:18:20.315 0 0 I auditd : type=1400 audit(0.0:2574): avc: denied { kill } for comm="swapper/2" capability=5 scontext=u:r:kernel:s0 tcontext=u:r:kernel:s0 tclass=capability permissive=0
11-11 05:18:21.315 0 0 I auditd : type=1400 audit(0.0:2575): avc: denied { kill } for comm="swapper/2" capability=5 scontext=u:r:kernel:s0 tcontext=u:r:kernel:s0 tclass=capability permissive=0
11-11 05:18:22.315 0 0 I auditd : type=1400 audit(0.0:2576): avc: denied { kill } for comm="swapper/2" capability=5 scontext=u:r:kernel:s0 tcontext=u:r:kernel:s0 tclass=capability permissive=0
11-11 05:18:23.315 0 0 I auditd : type=1400 audit(0.0:2577): avc: denied { kill } for comm="swapper/2" capability=5 scontext=u:r:kernel:s0 tcontext=u:r:kernel:s0 tclass=capability permissive=0
11-11 05:18:24.315 0 0 I auditd : type=1400 audit(0.0:2578): avc: denied { kill } for comm="swapper/2" capability=5 scontext=u:r:kernel:s0 tcontext=u:r:kernel:s0 tclass=capability permissive=0
11-11 05:18:25.315 0 0 I auditd : type=1400 audit(0.0:2579): avc: denied { kill } for comm="swapper/2" capability=5 scontext=u:r:kernel:s0 tcontext=u:r:kernel:s0 tclass=capability permissive=0
11-11 05:18:26.315 0 0 I auditd : type=1400 audit(0.0:2580): avc: denied { kill } for comm="swapper/2" capability=5 scontext=u:r:kernel:s0 tcontext=u:r:kernel:s0 tclass=capability permissive=0
11-11 05:18:27.315 0 0 I auditd : type=1400 audit(0.0:2581): avc: denied { kill } for comm="swapper/2" capability=5 scontext=u:r:kernel:s0 tcontext=u:r:kernel:s0 tclass=capability permissive=0
11-11 05:18:28.315 0 0 I auditd : type=1400 audit(0.0:2582): avc: denied { kill } for comm="swapper/2" capability=5 scontext=u:r:kernel:s0 tcontext=u:r:kernel:s0 tclass=capability permissive=0
11-11 05:18:29.315 0 0 I auditd : type=1400 audit(0.0:2583): avc: denied { kill } for comm="swapper/2" capability=5 scontext=u:r:kernel:s0 tcontext=u:r:kernel:s0 tclass=capability permissive=0
11-11 05:18:30.315 0 0 I auditd : type=1400 audit(0.0:2584): avc: denied { kill } for comm="swapper/2" capability=5 scontext=u:r:kernel:s0 tcontext=u:r:kernel:s0 tclass=capability permissive=0
11-11 05:18:31.315 0 0 I auditd : type=1400 audit(0.0:2585): avc: denied { kill } for comm="swapper/2" capability=5 scontext=u:r:kernel:s0 tcontext=u:r:kernel:s0 tclass=capability permissive=0
11-11 05:18:32.315 0 0 I auditd : type=1400 audit(0.0:2586): avc: denied { kill } for comm="swapper/2" capability=5 scontext=u:r:kernel:s0 tcontext=u:r:kernel:s0 tclass=capability permissive=0
11-11 05:18:33.315 0 0 I auditd : type=1400 audit(0.0:2587): avc: denied { kill } for comm="swapper/3" capability=5 scontext=u:r:kernel:s0 tcontext=u:r:kernel:s0 tclass=capability permissive=0
11-11 05:18:34.315 0 0 I auditd : type=1400 audit(0.0:2588): avc: denied { kill } for comm="swapper/3" capability=5 scontext=u:r:kernel:s0 tcontext=u:r:kernel:s0 tclass=capability permissive=0
11-11 05:18:35.315 0 0 I auditd : type=1400 audit(0.0:2589): avc: denied { kill } for comm="swapper/3" capability=5 scontext=u:r:kernel:s0 tcontext=u:r:kernel:s0 tclass=capability permissive=0
11-11 05:18:36.315 0 0 I auditd : type=1400 audit(0.0:2590): avc: denied { kill } for comm="swapper/3" capability=5 scontext=u:r:kernel:s0 tcontext=u:r:kernel:s0 tclass=capability permissive=0
11-11 05:18:37.315 11085 11085 I auditd : type=1400 audit(0.0:2591): avc: denied { kill } for comm="kworker/u16:28" capability=5 scontext=u:r:kernel:s0 tcontext=u:r:kernel:s0 tclass=capability permissive=0
11-11 05:18:38.315 0 0 I auditd : type=1400 audit(0.0:2592): avc: denied { kill } for comm="swapper/2" capability=5 scontext=u:r:kernel:s0 tcontext=u:r:kernel:s0 tclass=capability permissive=0
11-11 05:18:39.315 0 0 I auditd : type=1400 audit(0.0:2593): avc: denied { kill } for comm="swapper/2" capability=5 scontext=u:r:kernel:s0 tcontext=u:r:kernel:s0 tclass=capability permissive=0
11-11 05:18:40.315 0 0 I auditd : type=1400 audit(0.0:2594): avc: denied { kill } for comm="swapper/2" capability=5 scontext=u:r:kernel:s0 tcontext=u:r:kernel:s0 tclass=capability permissive=0
11-11 05:18:41.315 0 0 I auditd : type=1400 audit(0.0:2595): avc: denied { kill } for comm="swapper/2" capability=5 scontext=u:r:kernel:s0 tcontext=u:r:kernel:s0 tclass=capability permissive=0
11-11 05:18:42.315 0 0 I auditd : type=1400 audit(0.0:2596): avc: denied { kill } for comm="swapper/2" capability=5 scontext=u:r:kernel:s0 tcontext=u:r:kernel:s0 tclass=capability permissive=0
11-11 05:18:43.315 0 0 I auditd : type=1400 audit(0.0:2597): avc: denied { kill } for comm="swapper/2" capability=5 scontext=u:r:kernel:s0 tcontext=u:r:kernel:s0 tclass=capability permissive=0
11-11 05:18:44.025 1490 2281 I netstats_mobile_sample: [0,0,0,0,0,0,0,0,0,0,0,0,1668115124024]
11-11 05:18:44.025 1490 2281 I netstats_wifi_sample: [47646078,61561,17812654,49540,47646078,61561,17812654,49540,50280460,77765,9348461,30379,1668115124024]
11-11 05:18:44.315 0 0 I auditd : type=1400 audit(0.0:2598): avc: denied { kill } for comm="swapper/2" capability=5 scontext=u:r:kernel:s0 tcontext=u:r:kernel:s0 tclass=capability permissive=0
11-11 05:18:45.315 0 0 I auditd : type=1400 audit(0.0:2599): avc: denied { kill } for comm="swapper/2" capability=5 scontext=u:r:kernel:s0 tcontext=u:r:kernel:s0 tclass=capability permissive=0
11-11 05:18:46.315 0 0 I auditd : type=1400 audit(0.0:2600): avc: denied { kill } for comm="swapper/0" capability=5 scontext=u:r:kernel:s0 tcontext=u:r:kernel:s0 tclass=capability permissive=0
11-11 05:18:47.315 0 0 I auditd : type=1400 audit(0.0:2601): avc: denied { kill } for comm="swapper/0" capability=5 scontext=u:r:kernel:s0 tcontext=u:r:kernel:s0 tclass=capability permissive=0
11-11 05:18:48.315 351 351 I auditd : type=1400 audit(0.0:2602): avc: denied { kill } for comm="irq/382-atmel_m" capability=5 scontext=u:r:kernel:s0 tcontext=u:r:kernel:s0 tclass=capability permissive=0
11-11 05:18:49.315 0 0 I auditd : type=1400 audit(0.0:2603): avc: denied { kill } for comm="swapper/0" capability=5 scontext=u:r:kernel:s0 tcontext=u:r:kernel:s0 tclass=capability permissive=0
11-11 05:18:50.315 0 0 I auditd : type=1400 audit(0.0:2604): avc: denied { kill } for comm="swapper/0" capability=5 scontext=u:r:kernel:s0 tcontext=u:r:kernel:s0 tclass=capability permissive=0
11-11 05:18:50.597 1490 1659 I sysui_multi_action: [757,1696,758,6,759,2]
11-11 05:18:50.601 1490 1642 I am_wtf : [0,1490,system_server,-1,DisplayDeviceConfig,requesting nits when no mapping exists.]
11-11 05:18:50.604 1490 1642 I am_wtf : [0,1490,system_server,-1,DisplayDeviceConfig,requesting nits when no mapping exists.]
11-11 05:18:50.617 1490 1642 I am_wtf : [0,1490,system_server,-1,DisplayDeviceConfig,requesting nits when no mapping exists.]
11-11 05:18:50.619 1490 1642 I am_wtf : [0,1490,system_server,-1,DisplayDeviceConfig,requesting nits when no mapping exists.]
11-11 05:18:50.630 1490 1642 I am_wtf : [0,1490,system_server,-1,DisplayDeviceConfig,requesting nits when no mapping exists.]
11-11 05:18:50.631 1490 1642 I am_wtf : [0,1490,system_server,-1,DisplayDeviceConfig,requesting nits when no mapping exists.]
11-11 05:18:50.646 1490 1642 I am_wtf : [0,1490,system_server,-1,DisplayDeviceConfig,requesting nits when no mapping exists.]
11-11 05:18:50.647 1490 1642 I am_wtf : [0,1490,system_server,-1,DisplayDeviceConfig,requesting nits when no mapping exists.]
11-11 05:18:50.663 1490 1642 I am_wtf : [0,1490,system_server,-1,DisplayDeviceConfig,requesting nits when no mapping exists.]
11-11 05:18:50.664 1490 1642 I am_wtf : [0,1490,system_server,-1,DisplayDeviceConfig,requesting nits when no mapping exists.]
11-11 05:18:50.679 1490 1642 I am_wtf : [0,1490,system_server,-1,DisplayDeviceConfig,requesting nits when no mapping exists.]
11-11 05:18:50.680 1490 1642 I am_wtf : [0,1490,system_server,-1,DisplayDeviceConfig,requesting nits when no mapping exists.]
11-11 05:18:50.696 1490 1642 I am_wtf : [0,1490,system_server,-1,DisplayDeviceConfig,requesting nits when no mapping exists.]
11-11 05:18:50.696 1490 1642 I am_wtf : [0,1490,system_server,-1,DisplayDeviceConfig,requesting nits when no mapping exists.]
11-11 05:18:50.713 1490 1642 I am_wtf : [0,1490,system_server,-1,DisplayDeviceConfig,requesting nits when no mapping exists.]
11-11 05:18:50.714 1490 1642 I am_wtf : [0,1490,system_server,-1,DisplayDeviceConfig,requesting nits when no mapping exists.]
11-11 05:18:50.730 1490 1642 I am_wtf : [0,1490,system_server,-1,DisplayDeviceConfig,requesting nits when no mapping exists.]
11-11 05:18:50.731 1490 1642 I am_wtf : [0,1490,system_server,-1,DisplayDeviceConfig,requesting nits when no mapping exists.]
11-11 05:18:50.747 1490 1642 I am_wtf : [0,1490,system_server,-1,DisplayDeviceConfig,requesting nits when no mapping exists.]
11-11 05:18:50.749 1490 1642 I am_wtf : [0,1490,system_server,-1,DisplayDeviceConfig,requesting nits when no mapping exists.]
11-11 05:18:50.763 1490 1642 I am_wtf : [0,1490,system_server,-1,DisplayDeviceConfig,requesting nits when no mapping exists.]
11-11 05:18:50.764 1490 1642 I am_wtf : [0,1490,system_server,-1,DisplayDeviceConfig,requesting nits when no mapping exists.]
11-11 05:18:50.780 1490 1642 I am_wtf : [0,1490,system_server,-1,DisplayDeviceConfig,requesting nits when no mapping exists.]
11-11 05:18:50.781 1490 1642 I am_wtf : [0,1490,system_server,-1,DisplayDeviceConfig,requesting nits when no mapping exists.]
11-11 05:18:50.797 1490 1642 I am_wtf : [0,1490,system_server,-1,DisplayDeviceConfig,requesting nits when no mapping exists.]
11-11 05:18:50.797 1490 1642 I am_wtf : [0,1490,system_server,-1,DisplayDeviceConfig,requesting nits when no mapping exists.]
11-11 05:18:50.813 1490 1642 I am_wtf : [0,1490,system_server,-1,DisplayDeviceConfig,requesting nits when no mapping exists.]
11-11 05:18:50.814 1490 1642 I am_wtf : [0,1490,system_server,-1,DisplayDeviceConfig,requesting nits when no mapping exists.]
11-11 05:18:50.830 1490 1642 I am_wtf : [0,1490,system_server,-1,DisplayDeviceConfig,requesting nits when no mapping exists.]
11-11 05:18:50.832 1490 1642 I am_wtf : [0,1490,system_server,-1,DisplayDeviceConfig,requesting nits when no mapping exists.]
11-11 05:18:50.846 1490 1642 I am_wtf : [0,1490,system_server,-1,DisplayDeviceConfig,requesting nits when no mapping exists.]
11-11 05:18:50.848 1490 1642 I am_wtf : [0,1490,system_server,-1,DisplayDeviceConfig,requesting nits when no mapping exists.]
11-11 05:18:50.863 1490 1642 I am_wtf : [0,1490,system_server,-1,DisplayDeviceConfig,requesting nits when no mapping exists.]
11-11 05:18:50.864 1490 1642 I am_wtf : [0,1490,system_server,-1,DisplayDeviceConfig,requesting nits when no mapping exists.]
11-11 05:18:50.880 1490 1642 I am_wtf : [0,1490,system_server,-1,DisplayDeviceConfig,requesting nits when no mapping exists.]
11-11 05:18:50.881 1490 1642 I am_wtf : [0,1490,system_server,-1,DisplayDeviceConfig,requesting nits when no mapping exists.]
11-11 05:18:50.896 1490 1642 I am_wtf : [0,1490,system_server,-1,DisplayDeviceConfig,requesting nits when no mapping exists.]
11-11 05:18:50.897 1490 1642 I am_wtf : [0,1490,system_server,-1,DisplayDeviceConfig,requesting nits when no mapping exists.]
11-11 05:18:50.914 1490 1642 I am_wtf : [0,1490,system_server,-1,DisplayDeviceConfig,requesting nits when no mapping exists.]
11-11 05:18:50.915 1490 1642 I service_manager_stats: [100,83,102795]
11-11 05:18:50.915 1490 1642 I am_wtf : [0,1490,system_server,-1,DisplayDeviceConfig,requesting nits when no mapping exists.]
11-11 05:18:50.930 1490 1642 I am_wtf : [0,1490,system_server,-1,DisplayDeviceConfig,requesting nits when no mapping exists.]
11-11 05:18:50.931 1490 1642 I am_wtf : [0,1490,system_server,-1,DisplayDeviceConfig,requesting nits when no mapping exists.]
11-11 05:18:50.947 1490 1642 I am_wtf : [0,1490,system_server,-1,DisplayDeviceConfig,requesting nits when no mapping exists.]
11-11 05:18:50.948 1490 1642 I am_wtf : [0,1490,system_server,-1,DisplayDeviceConfig,requesting nits when no mapping exists.]
11-11 05:18:50.964 1490 1642 I am_wtf : [0,1490,system_server,-1,DisplayDeviceConfig,requesting nits when no mapping exists.]
11-11 05:18:50.965 1490 1642 I am_wtf : [0,1490,system_server,-1,DisplayDeviceConfig,requesting nits when no mapping exists.]
11-11 05:18:50.980 1490 1642 I am_wtf : [0,1490,system_server,-1,DisplayDeviceConfig,requesting nits when no mapping exists.]
11-11 05:18:50.981 1490 1642 I am_wtf : [0,1490,system_server,-1,DisplayDeviceConfig,requesting nits when no mapping exists.]
11-11 05:18:50.997 1490 1642 I am_wtf : [0,1490,system_server,-1,DisplayDeviceConfig,requesting nits when no mapping exists.]
11-11 05:18:50.998 1490 1642 I am_wtf : [0,1490,system_server,-1,DisplayDeviceConfig,requesting nits when no mapping exists.]
11-11 05:18:51.016 1490 1642 I am_wtf : [0,1490,system_server,-1,DisplayDeviceConfig,requesting nits when no mapping exists.]
11-11 05:18:51.017 1490 1642 I am_wtf : [0,1490,system_server,-1,DisplayDeviceConfig,requesting nits when no mapping exists.]
11-11 05:18:51.030 1490 1642 I am_wtf : [0,1490,system_server,-1,DisplayDeviceConfig,requesting nits when no mapping exists.]
11-11 05:18:51.031 1490 1642 I am_wtf : [0,1490,system_server,-1,DisplayDeviceConfig,requesting nits when no mapping exists.]
11-11 05:18:51.047 1490 1642 I am_wtf : [0,1490,system_server,-1,DisplayDeviceConfig,requesting nits when no mapping exists.]
11-11 05:18:51.048 1490 1642 I am_wtf : [0,1490,system_server,-1,DisplayDeviceConfig,requesting nits when no mapping exists.]
11-11 05:18:51.064 1490 1642 I am_wtf : [0,1490,system_server,-1,DisplayDeviceConfig,requesting nits when no mapping exists.]
11-11 05:18:51.064 1490 1642 I am_wtf : [0,1490,system_server,-1,DisplayDeviceConfig,requesting nits when no mapping exists.]
11-11 05:18:51.080 1490 1642 I am_wtf : [0,1490,system_server,-1,DisplayDeviceConfig,requesting nits when no mapping exists.]
11-11 05:18:51.082 1490 1642 I am_wtf : [0,1490,system_server,-1,DisplayDeviceConfig,requesting nits when no mapping exists.]
11-11 05:18:51.097 1490 1642 I am_wtf : [0,1490,system_server,-1,DisplayDeviceConfig,requesting nits when no mapping exists.]
11-11 05:18:51.098 1490 1642 I am_wtf : [0,1490,system_server,-1,DisplayDeviceConfig,requesting nits when no mapping exists.]
11-11 05:18:51.113 1490 1642 I am_wtf : [0,1490,system_server,-1,DisplayDeviceConfig,requesting nits when no mapping exists.]
11-11 05:18:51.114 1490 1642 I am_wtf : [0,1490,system_server,-1,DisplayDeviceConfig,requesting nits when no mapping exists.]
11-11 05:18:51.130 1490 1642 I am_wtf : [0,1490,system_server,-1,DisplayDeviceConfig,requesting nits when no mapping exists.]
11-11 05:18:51.131 1490 1642 I am_wtf : [0,1490,system_server,-1,DisplayDeviceConfig,requesting nits when no mapping exists.]
11-11 05:18:51.148 1490 1642 I am_wtf : [0,1490,system_server,-1,DisplayDeviceConfig,requesting nits when no mapping exists.]
11-11 05:18:51.148 1490 1642 I am_wtf : [0,1490,system_server,-1,DisplayDeviceConfig,requesting nits when no mapping exists.]
11-11 05:18:51.164 1490 1642 I am_wtf : [0,1490,system_server,-1,DisplayDeviceConfig,requesting nits when no mapping exists.]
11-11 05:18:51.165 1490 1642 I am_wtf : [0,1490,system_server,-1,DisplayDeviceConfig,requesting nits when no mapping exists.]
11-11 05:18:51.181 1490 1642 I am_wtf : [0,1490,system_server,-1,DisplayDeviceConfig,requesting nits when no mapping exists.]
11-11 05:18:51.182 1490 1642 I am_wtf : [0,1490,system_server,-1,DisplayDeviceConfig,requesting nits when no mapping exists.]
11-11 05:18:51.198 1490 1642 I am_wtf : [0,1490,system_server,-1,DisplayDeviceConfig,requesting nits when no mapping exists.]
11-11 05:18:51.199 1490 1642 I am_wtf : [0,1490,system_server,-1,DisplayDeviceConfig,requesting nits when no mapping exists.]
11-11 05:18:51.214 1490 1642 I am_wtf : [0,1490,system_server,-1,DisplayDeviceConfig,requesting nits when no mapping exists.]
11-11 05:18:51.215 1490 1642 I am_wtf : [0,1490,system_server,-1,DisplayDeviceConfig,requesting nits when no mapping exists.]
11-11 05:18:51.230 1490 1642 I am_wtf : [0,1490,system_server,-1,DisplayDeviceConfig,requesting nits when no mapping exists.]
11-11 05:18:51.231 1490 1642 I am_wtf : [0,1490,system_server,-1,DisplayDeviceConfig,requesting nits when no mapping exists.]
11-11 05:18:51.247 1490 1642 I am_wtf : [0,1490,system_server,-1,DisplayDeviceConfig,requesting nits when no mapping exists.]
11-11 05:18:51.248 1490 1642 I am_wtf : [0,1490,system_server,-1,DisplayDeviceConfig,requesting nits when no mapping exists.]
11-11 05:18:51.264 1490 1642 I am_wtf : [0,1490,system_server,-1,DisplayDeviceConfig,requesting nits when no mapping exists.]
11-11 05:18:51.265 1490 1642 I am_wtf : [0,1490,system_server,-1,DisplayDeviceConfig,requesting nits when no mapping exists.]
11-11 05:18:51.281 1490 1642 I am_wtf : [0,1490,system_server,-1,DisplayDeviceConfig,requesting nits when no mapping exists.]
11-11 05:18:51.282 1490 1642 I am_wtf : [0,1490,system_server,-1,DisplayDeviceConfig,requesting nits when no mapping exists.]
11-11 05:18:51.298 1490 1642 I am_wtf : [0,1490,system_server,-1,DisplayDeviceConfig,requesting nits when no mapping exists.]
11-11 05:18:51.299 1490 1642 I am_wtf : [0,1490,system_server,-1,DisplayDeviceConfig,requesting nits when no mapping exists.]
11-11 05:18:51.314 1490 1642 I am_uid_idle: 10051
11-11 05:18:51.315 1490 1642 I am_wtf : [0,1490,system_server,-1,DisplayDeviceConfig,requesting nits when no mapping exists.]
11-11 05:18:51.316 1490 1642 I am_wtf : [0,1490,system_server,-1,DisplayDeviceConfig,requesting nits when no mapping exists.]
11-11 05:18:51.331 1490 1642 I am_wtf : [0,1490,system_server,-1,DisplayDeviceConfig,requesting nits when no mapping exists.]
11-11 05:18:51.332 1490 1642 I am_wtf : [0,1490,system_server,-1,DisplayDeviceConfig,requesting nits when no mapping exists.]
11-11 05:18:51.347 1490 1642 I am_wtf : [0,1490,system_server,-1,DisplayDeviceConfig,requesting nits when no mapping exists.]
11-11 05:18:51.348 1490 1642 I am_wtf : [0,1490,system_server,-1,DisplayDeviceConfig,requesting nits when no mapping exists.]
11-11 05:18:51.365 1490 1642 I am_wtf : [0,1490,system_server,-1,DisplayDeviceConfig,requesting nits when no mapping exists.]
11-11 05:18:51.366 1490 1642 I am_wtf : [0,1490,system_server,-1,DisplayDeviceConfig,requesting nits when no mapping exists.]
11-11 05:18:51.381 1490 1642 I am_wtf : [0,1490,system_server,-1,DisplayDeviceConfig,requesting nits when no mapping exists.]
11-11 05:18:51.382 1490 1642 I am_wtf : [0,1490,system_server,-1,DisplayDeviceConfig,requesting nits when no mapping exists.]
11-11 05:18:51.397 1490 1642 I am_wtf : [0,1490,system_server,-1,DisplayDeviceConfig,requesting nits when no mapping exists.]
11-11 05:18:51.398 1490 1642 I am_wtf : [0,1490,system_server,-1,DisplayDeviceConfig,requesting nits when no mapping exists.]
11-11 05:18:51.414 1490 1642 I am_wtf : [0,1490,system_server,-1,DisplayDeviceConfig,requesting nits when no mapping exists.]
11-11 05:18:51.416 1490 1642 I am_wtf : [0,1490,system_server,-1,DisplayDeviceConfig,requesting nits when no mapping exists.]
11-11 05:18:51.431 1490 1642 I am_wtf : [0,1490,system_server,-1,DisplayDeviceConfig,requesting nits when no mapping exists.]
11-11 05:18:51.434 1490 1642 I am_wtf : [0,1490,system_server,-1,DisplayDeviceConfig,requesting nits when no mapping exists.]
11-11 05:18:51.449 1490 1642 I am_wtf : [0,1490,system_server,-1,DisplayDeviceConfig,requesting nits when no mapping exists.]
11-11 05:18:51.451 1490 1642 I am_wtf : [0,1490,system_server,-1,DisplayDeviceConfig,requesting nits when no mapping exists.]
11-11 05:18:51.464 1490 1642 I am_wtf : [0,1490,system_server,-1,DisplayDeviceConfig,requesting nits when no mapping exists.]
11-11 05:18:51.466 1490 1642 I am_wtf : [0,1490,system_server,-1,DisplayDeviceConfig,requesting nits when no mapping exists.]
11-11 05:18:51.482 1490 1642 I am_wtf : [0,1490,system_server,-1,DisplayDeviceConfig,requesting nits when no mapping exists.]
11-11 05:18:51.484 1490 1642 I am_wtf : [0,1490,system_server,-1,DisplayDeviceConfig,requesting nits when no mapping exists.]
11-11 05:18:51.498 1490 1642 I am_wtf : [0,1490,system_server,-1,DisplayDeviceConfig,requesting nits when no mapping exists.]
11-11 05:18:51.499 1490 1642 I am_wtf : [0,1490,system_server,-1,DisplayDeviceConfig,requesting nits when no mapping exists.]
11-11 05:18:51.515 1490 1642 I am_wtf : [0,1490,system_server,-1,DisplayDeviceConfig,requesting nits when no mapping exists.]
11-11 05:18:51.517 1490 1642 I am_wtf : [0,1490,system_server,-1,DisplayDeviceConfig,requesting nits when no mapping exists.]
11-11 05:18:51.534 1490 1642 I am_wtf : [0,1490,system_server,-1,DisplayDeviceConfig,requesting nits when no mapping exists.]
11-11 05:18:51.539 1490 1642 I am_wtf : [0,1490,system_server,-1,DisplayDeviceConfig,requesting nits when no mapping exists.]
11-11 05:18:51.548 1490 1642 I am_wtf : [0,1490,system_server,-1,DisplayDeviceConfig,requesting nits when no mapping exists.]
11-11 05:18:51.549 1490 1642 I am_wtf : [0,1490,system_server,-1,DisplayDeviceConfig,requesting nits when no mapping exists.]
11-11 05:18:51.626 1490 1992 I input_interaction: Interaction with: 978e85f com.android.launcher3/com.android.launcher3.uioverrides.QuickstepLauncher (server), f91321f com.android.systemui.ImageWallpaper (server), edge-swipe (server), swipe-up (server), PointerEventDispatcher0 (server),
11-11 05:18:51.631 1490 1659 I sysui_multi_action: [757,1696,758,6,759,3]
11-11 05:18:51.649 1490 1642 I am_wtf : [0,1490,system_server,-1,DisplayDeviceConfig,requesting nits when no mapping exists.]
11-11 05:18:51.650 1490 1642 I am_wtf : [0,1490,system_server,-1,DisplayDeviceConfig,requesting nits when no mapping exists.]
11-11 05:18:51.665 1490 1642 I am_wtf : [0,1490,system_server,-1,DisplayDeviceConfig,requesting nits when no mapping exists.]
11-11 05:18:51.665 1490 1642 I am_wtf : [0,1490,system_server,-1,DisplayDeviceConfig,requesting nits when no mapping exists.]
11-11 05:18:51.684 1490 1642 I am_wtf : [0,1490,system_server,-1,DisplayDeviceConfig,requesting nits when no mapping exists.]
11-11 05:18:51.684 1490 1642 I am_wtf : [0,1490,system_server,-1,DisplayDeviceConfig,requesting nits when no mapping exists.]
11-11 05:18:51.699 1490 1642 I am_wtf : [0,1490,system_server,-1,DisplayDeviceConfig,requesting nits when no mapping exists.]
11-11 05:18:51.700 1490 1642 I am_wtf : [0,1490,system_server,-1,DisplayDeviceConfig,requesting nits when no mapping exists.]
11-11 05:18:51.715 1490 1642 I am_wtf : [0,1490,system_server,-1,DisplayDeviceConfig,requesting nits when no mapping exists.]
11-11 05:18:51.716 1490 1642 I am_wtf : [0,1490,system_server,-1,DisplayDeviceConfig,requesting nits when no mapping exists.]
11-11 05:18:51.731 1490 1642 I am_wtf : [0,1490,system_server,-1,DisplayDeviceConfig,requesting nits when no mapping exists.]
11-11 05:18:51.732 1490 1642 I am_wtf : [0,1490,system_server,-1,DisplayDeviceConfig,requesting nits when no mapping exists.]
11-11 05:18:51.748 1490 1642 I am_wtf : [0,1490,system_server,-1,DisplayDeviceConfig,requesting nits when no mapping exists.]
11-11 05:18:51.749 1490 1642 I am_wtf : [0,1490,system_server,-1,DisplayDeviceConfig,requesting nits when no mapping exists.]
11-11 05:18:51.765 1490 1642 I am_wtf : [0,1490,system_server,-1,DisplayDeviceConfig,requesting nits when no mapping exists.]
11-11 05:18:51.766 1490 1642 I am_wtf : [0,1490,system_server,-1,DisplayDeviceConfig,requesting nits when no mapping exists.]
11-11 05:18:51.783 1490 1642 I am_wtf : [0,1490,system_server,-1,DisplayDeviceConfig,requesting nits when no mapping exists.]
11-11 05:18:51.785 1490 1642 I am_wtf : [0,1490,system_server,-1,DisplayDeviceConfig,requesting nits when no mapping exists.]
11-11 05:18:51.800 1490 1642 I am_wtf : [0,1490,system_server,-1,DisplayDeviceConfig,requesting nits when no mapping exists.]
11-11 05:18:51.802 1490 1642 I am_wtf : [0,1490,system_server,-1,DisplayDeviceConfig,requesting nits when no mapping exists.]
11-11 05:18:51.815 1490 1642 I am_wtf : [0,1490,system_server,-1,DisplayDeviceConfig,requesting nits when no mapping exists.]
11-11 05:18:51.817 1490 1642 I am_wtf : [0,1490,system_server,-1,DisplayDeviceConfig,requesting nits when no mapping exists.]
11-11 05:18:51.832 1490 1642 I am_wtf : [0,1490,system_server,-1,DisplayDeviceConfig,requesting nits when no mapping exists.]
11-11 05:18:51.833 1490 1642 I am_wtf : [0,1490,system_server,-1,DisplayDeviceConfig,requesting nits when no mapping exists.]
11-11 05:18:51.848 1490 1642 I am_wtf : [0,1490,system_server,-1,DisplayDeviceConfig,requesting nits when no mapping exists.]
11-11 05:18:51.849 1490 1642 I am_wtf : [0,1490,system_server,-1,DisplayDeviceConfig,requesting nits when no mapping exists.]
11-11 05:18:51.865 1490 1642 I am_wtf : [0,1490,system_server,-1,DisplayDeviceConfig,requesting nits when no mapping exists.]
11-11 05:18:51.866 1490 1642 I am_wtf : [0,1490,system_server,-1,DisplayDeviceConfig,requesting nits when no mapping exists.]
11-11 05:18:51.882 1490 1642 I am_wtf : [0,1490,system_server,-1,DisplayDeviceConfig,requesting nits when no mapping exists.]
11-11 05:18:51.883 1490 1642 I am_wtf : [0,1490,system_server,-1,DisplayDeviceConfig,requesting nits when no mapping exists.]
11-11 05:18:51.899 1490 1642 I am_wtf : [0,1490,system_server,-1,DisplayDeviceConfig,requesting nits when no mapping exists.]
11-11 05:18:51.901 1490 1642 I am_wtf : [0,1490,system_server,-1,DisplayDeviceConfig,requesting nits when no mapping exists.]
11-11 05:18:51.915 1490 1642 I am_wtf : [0,1490,system_server,-1,DisplayDeviceConfig,requesting nits when no mapping exists.]
11-11 05:18:51.917 1490 1642 I am_wtf : [0,1490,system_server,-1,DisplayDeviceConfig,requesting nits when no mapping exists.]
11-11 05:18:51.932 1490 1642 I am_wtf : [0,1490,system_server,-1,DisplayDeviceConfig,requesting nits when no mapping exists.]
11-11 05:18:51.935 1490 1642 I am_wtf : [0,1490,system_server,-1,DisplayDeviceConfig,requesting nits when no mapping exists.]
11-11 05:18:51.951 1490 1642 I am_wtf : [0,1490,system_server,-1,DisplayDeviceConfig,requesting nits when no mapping exists.]
11-11 05:18:51.952 1490 1642 I am_wtf : [0,1490,system_server,-1,DisplayDeviceConfig,requesting nits when no mapping exists.]
11-11 05:18:51.965 1490 1642 I am_wtf : [0,1490,system_server,-1,DisplayDeviceConfig,requesting nits when no mapping exists.]
11-11 05:18:51.965 1490 1642 I am_wtf : [0,1490,system_server,-1,DisplayDeviceConfig,requesting nits when no mapping exists.]
11-11 05:18:51.983 1490 1642 I am_wtf : [0,1490,system_server,-1,DisplayDeviceConfig,requesting nits when no mapping exists.]
11-11 05:18:51.984 1490 1642 I am_wtf : [0,1490,system_server,-1,DisplayDeviceConfig,requesting nits when no mapping exists.]
11-11 05:18:51.998 1490 1642 I am_wtf : [0,1490,system_server,-1,DisplayDeviceConfig,requesting nits when no mapping exists.]
11-11 05:18:51.999 1490 1642 I am_wtf : [0,1490,system_server,-1,DisplayDeviceConfig,requesting nits when no mapping exists.]
11-11 05:18:52.015 1490 1642 I am_wtf : [0,1490,system_server,-1,DisplayDeviceConfig,requesting nits when no mapping exists.]
11-11 05:18:52.016 1490 1642 I am_wtf : [0,1490,system_server,-1,DisplayDeviceConfig,requesting nits when no mapping exists.]
11-11 05:18:52.032 1490 1642 I am_wtf : [0,1490,system_server,-1,DisplayDeviceConfig,requesting nits when no mapping exists.]
11-11 05:18:52.033 1490 1642 I am_wtf : [0,1490,system_server,-1,DisplayDeviceConfig,requesting nits when no mapping exists.]
11-11 05:18:52.050 1490 1642 I am_wtf : [0,1490,system_server,-1,DisplayDeviceConfig,requesting nits when no mapping exists.]
11-11 05:18:52.051 1490 1642 I am_wtf : [0,1490,system_server,-1,DisplayDeviceConfig,requesting nits when no mapping exists.]
11-11 05:18:52.066 1490 1642 I am_wtf : [0,1490,system_server,-1,DisplayDeviceConfig,requesting nits when no mapping exists.]
11-11 05:18:52.067 1490 1642 I am_wtf : [0,1490,system_server,-1,DisplayDeviceConfig,requesting nits when no mapping exists.]
11-11 05:18:52.082 1490 1642 I am_wtf : [0,1490,system_server,-1,DisplayDeviceConfig,requesting nits when no mapping exists.]
11-11 05:18:52.082 1490 1642 I am_wtf : [0,1490,system_server,-1,DisplayDeviceConfig,requesting nits when no mapping exists.]
11-11 05:18:52.100 1490 1642 I am_wtf : [0,1490,system_server,-1,DisplayDeviceConfig,requesting nits when no mapping exists.]
11-11 05:18:52.102 1490 1642 I am_wtf : [0,1490,system_server,-1,DisplayDeviceConfig,requesting nits when no mapping exists.]
11-11 05:18:52.116 1490 1642 I am_wtf : [0,1490,system_server,-1,DisplayDeviceConfig,requesting nits when no mapping exists.]
11-11 05:18:52.117 1490 1642 I am_wtf : [0,1490,system_server,-1,DisplayDeviceConfig,requesting nits when no mapping exists.]
11-11 05:18:52.132 1490 1642 I am_wtf : [0,1490,system_server,-1,DisplayDeviceConfig,requesting nits when no mapping exists.]
11-11 05:18:52.133 1490 1642 I am_wtf : [0,1490,system_server,-1,DisplayDeviceConfig,requesting nits when no mapping exists.]
11-11 05:18:52.150 1490 1642 I am_wtf : [0,1490,system_server,-1,DisplayDeviceConfig,requesting nits when no mapping exists.]
11-11 05:18:52.151 1490 1642 I am_wtf : [0,1490,system_server,-1,DisplayDeviceConfig,requesting nits when no mapping exists.]
11-11 05:18:52.165 1490 1642 I am_wtf : [0,1490,system_server,-1,DisplayDeviceConfig,requesting nits when no mapping exists.]
11-11 05:18:52.166 1490 1642 I am_wtf : [0,1490,system_server,-1,DisplayDeviceConfig,requesting nits when no mapping exists.]
11-11 05:18:52.183 1490 1642 I am_wtf : [0,1490,system_server,-1,DisplayDeviceConfig,requesting nits when no mapping exists.]
11-11 05:18:52.185 1490 1642 I am_wtf : [0,1490,system_server,-1,DisplayDeviceConfig,requesting nits when no mapping exists.]
11-11 05:18:52.199 1490 1642 I am_wtf : [0,1490,system_server,-1,DisplayDeviceConfig,requesting nits when no mapping exists.]
11-11 05:18:52.200 1490 1642 I am_wtf : [0,1490,system_server,-1,DisplayDeviceConfig,requesting nits when no mapping exists.]
11-11 05:18:52.216 1490 1642 I am_wtf : [0,1490,system_server,-1,DisplayDeviceConfig,requesting nits when no mapping exists.]
11-11 05:18:52.217 1490 1642 I am_wtf : [0,1490,system_server,-1,DisplayDeviceConfig,requesting nits when no mapping exists.]
11-11 05:18:52.234 1490 1642 I am_wtf : [0,1490,system_server,-1,DisplayDeviceConfig,requesting nits when no mapping exists.]
11-11 05:18:52.235 1490 1642 I am_wtf : [0,1490,system_server,-1,DisplayDeviceConfig,requesting nits when no mapping exists.]
11-11 05:18:52.250 1490 1642 I am_wtf : [0,1490,system_server,-1,DisplayDeviceConfig,requesting nits when no mapping exists.]
11-11 05:18:52.252 1490 1642 I am_wtf : [0,1490,system_server,-1,DisplayDeviceConfig,requesting nits when no mapping exists.]
11-11 05:18:52.266 1490 1642 I am_wtf : [0,1490,system_server,-1,DisplayDeviceConfig,requesting nits when no mapping exists.]
11-11 05:18:52.267 1490 1642 I am_wtf : [0,1490,system_server,-1,DisplayDeviceConfig,requesting nits when no mapping exists.]
11-11 05:18:52.282 1490 1642 I am_wtf : [0,1490,system_server,-1,DisplayDeviceConfig,requesting nits when no mapping exists.]
11-11 05:18:52.283 1490 1642 I am_wtf : [0,1490,system_server,-1,DisplayDeviceConfig,requesting nits when no mapping exists.]
11-11 05:18:52.303 1490 1642 I am_wtf : [0,1490,system_server,-1,DisplayDeviceConfig,requesting nits when no mapping exists.]
11-11 05:18:52.304 1490 1642 I am_wtf : [0,1490,system_server,-1,DisplayDeviceConfig,requesting nits when no mapping exists.]
11-11 05:18:52.315 0 0 I auditd : type=1400 audit(0.0:2605): avc: denied { kill } for comm="swapper/1" capability=5 scontext=u:r:kernel:s0 tcontext=u:r:kernel:s0 tclass=capability permissive=0
11-11 05:18:52.319 1490 1642 I am_wtf : [0,1490,system_server,-1,DisplayDeviceConfig,requesting nits when no mapping exists.]
11-11 05:18:52.320 1490 1642 I am_wtf : [0,1490,system_server,-1,DisplayDeviceConfig,requesting nits when no mapping exists.]
11-11 05:18:52.333 1490 1642 I am_wtf : [0,1490,system_server,-1,DisplayDeviceConfig,requesting nits when no mapping exists.]
11-11 05:18:52.335 1490 1642 I am_wtf : [0,1490,system_server,-1,DisplayDeviceConfig,requesting nits when no mapping exists.]
11-11 05:18:52.353 1490 1642 I am_wtf : [0,1490,system_server,-1,DisplayDeviceConfig,requesting nits when no mapping exists.]
11-11 05:18:52.355 1490 1642 I am_wtf : [0,1490,system_server,-1,DisplayDeviceConfig,requesting nits when no mapping exists.]
11-11 05:18:52.372 1490 1642 I am_wtf : [0,1490,system_server,-1,DisplayDeviceConfig,requesting nits when no mapping exists.]
11-11 05:18:52.373 1490 1642 I am_wtf : [0,1490,system_server,-1,DisplayDeviceConfig,requesting nits when no mapping exists.]
11-11 05:18:52.385 1490 7448 I wm_task_created: [103,-1]
11-11 05:18:52.391 1490 1642 I am_wtf : [0,1490,system_server,-1,DisplayDeviceConfig,requesting nits when no mapping exists.]
11-11 05:18:52.391 1490 7448 I wm_task_moved: [103,1,9]
11-11 05:18:52.391 1490 7448 I wm_task_to_front: [0,103]
11-11 05:18:52.392 1490 7448 I wm_create_task: [0,103]
