11-11 05:20:30.315 0 0 I auditd : type=1400 audit(0.0:2682): avc: denied { kill } for comm="swapper/2" capability=5 scontext=u:r:kernel:s0 tcontext=u:r:kernel:s0 tclass=capability permissive=0
11-11 05:20:31.315 0 0 I auditd : type=1400 audit(0.0:2683): avc: denied { kill } for comm="swapper/2" capability=5 scontext=u:r:kernel:s0 tcontext=u:r:kernel:s0 tclass=capability permissive=0
11-11 05:20:32.315 12040 12040 I auditd : type=1400 audit(0.0:2684): avc: denied { kill } for comm="kworker/u16:10" capability=5 scontext=u:r:kernel:s0 tcontext=u:r:kernel:s0 tclass=capability permissive=0
11-11 05:20:33.315 0 0 I auditd : type=1400 audit(0.0:2685): avc: denied { kill } for comm="swapper/2" capability=5 scontext=u:r:kernel:s0 tcontext=u:r:kernel:s0 tclass=capability permissive=0
11-11 05:20:34.315 0 0 I auditd : type=1400 audit(0.0:2686): avc: denied { kill } for comm="swapper/0" capability=5 scontext=u:r:kernel:s0 tcontext=u:r:kernel:s0 tclass=capability permissive=0
11-11 05:20:35.315 0 0 I auditd : type=1400 audit(0.0:2687): avc: denied { kill } for comm="swapper/0" capability=5 scontext=u:r:kernel:s0 tcontext=u:r:kernel:s0 tclass=capability permissive=0
11-11 05:20:36.315 0 0 I auditd : type=1400 audit(0.0:2688): avc: denied { kill } for comm="swapper/0" capability=5 scontext=u:r:kernel:s0 tcontext=u:r:kernel:s0 tclass=capability permissive=0
11-11 05:20:37.315 0 0 I auditd : type=1400 audit(0.0:2689): avc: denied { kill } for comm="swapper/0" capability=5 scontext=u:r:kernel:s0 tcontext=u:r:kernel:s0 tclass=capability permissive=0
11-11 05:20:38.315 351 351 I auditd : type=1400 audit(0.0:2690): avc: denied { kill } for comm="irq/382-atmel_m" capability=5 scontext=u:r:kernel:s0 tcontext=u:r:kernel:s0 tclass=capability permissive=0
11-11 05:20:39.315 0 0 I auditd : type=1400 audit(0.0:2691): avc: denied { kill } for comm="swapper/0" capability=5 scontext=u:r:kernel:s0 tcontext=u:r:kernel:s0 tclass=capability permissive=0
11-11 05:20:40.315 0 0 I auditd : type=1400 audit(0.0:2692): avc: denied { kill } for comm="swapper/0" capability=5 scontext=u:r:kernel:s0 tcontext=u:r:kernel:s0 tclass=capability permissive=0
11-11 05:20:41.315 0 0 I auditd : type=1400 audit(0.0:2693): avc: denied { kill } for comm="swapper/0" capability=5 scontext=u:r:kernel:s0 tcontext=u:r:kernel:s0 tclass=capability permissive=0
11-11 05:20:42.315 351 351 I auditd : type=1400 audit(0.0:2694): avc: denied { kill } for comm="irq/382-atmel_m" capability=5 scontext=u:r:kernel:s0 tcontext=u:r:kernel:s0 tclass=capability permissive=0
11-11 05:20:43.315 0 0 I auditd : type=1400 audit(0.0:2695): avc: denied { kill } for comm="swapper/0" capability=5 scontext=u:r:kernel:s0 tcontext=u:r:kernel:s0 tclass=capability permissive=0
11-11 05:20:44.315 351 351 I auditd : type=1400 audit(0.0:2696): avc: denied { kill } for comm="irq/382-atmel_m" capability=5 scontext=u:r:kernel:s0 tcontext=u:r:kernel:s0 tclass=capability permissive=0
11-11 05:20:44.915 1490 1642 I am_uid_idle: 10084
11-11 05:20:45.315 351 351 I auditd : type=1400 audit(0.0:2697): avc: denied { kill } for comm="irq/382-atmel_m" capability=5 scontext=u:r:kernel:s0 tcontext=u:r:kernel:s0 tclass=capability permissive=0
11-11 05:20:46.315 0 0 I auditd : type=1400 audit(0.0:2698): avc: denied { kill } for comm="swapper/0" capability=5 scontext=u:r:kernel:s0 tcontext=u:r:kernel:s0 tclass=capability permissive=0
11-11 05:20:47.315 0 0 I auditd : type=1400 audit(0.0:2699): avc: denied { kill } for comm="swapper/0" capability=5 scontext=u:r:kernel:s0 tcontext=u:r:kernel:s0 tclass=capability permissive=0
11-11 05:20:48.315 0 0 I auditd : type=1400 audit(0.0:2700): avc: denied { kill } for comm="swapper/0" capability=5 scontext=u:r:kernel:s0 tcontext=u:r:kernel:s0 tclass=capability permissive=0
11-11 05:20:49.315 0 0 I auditd : type=1400 audit(0.0:2701): avc: denied { kill } for comm="swapper/0" capability=5 scontext=u:r:kernel:s0 tcontext=u:r:kernel:s0 tclass=capability permissive=0
11-11 05:20:50.315 0 0 I auditd : type=1400 audit(0.0:2702): avc: denied { kill } for comm="swapper/0" capability=5 scontext=u:r:kernel:s0 tcontext=u:r:kernel:s0 tclass=capability permissive=0
11-11 05:20:51.315 0 0 I auditd : type=1400 audit(0.0:2703): avc: denied { kill } for comm="swapper/0" capability=5 scontext=u:r:kernel:s0 tcontext=u:r:kernel:s0 tclass=capability permissive=0
11-11 05:20:52.315 351 351 I auditd : type=1400 audit(0.0:2704): avc: denied { kill } for comm="irq/382-atmel_m" capability=5 scontext=u:r:kernel:s0 tcontext=u:r:kernel:s0 tclass=capability permissive=0
11-11 05:20:53.315 0 0 I auditd : type=1400 audit(0.0:2705): avc: denied { kill } for comm="swapper/0" capability=5 scontext=u:r:kernel:s0 tcontext=u:r:kernel:s0 tclass=capability permissive=0
11-11 05:20:54.315 351 351 I auditd : type=1400 audit(0.0:2706): avc: denied { kill } for comm="irq/382-atmel_m" capability=5 scontext=u:r:kernel:s0 tcontext=u:r:kernel:s0 tclass=capability permissive=0
11-11 05:20:55.315 351 351 I auditd : type=1400 audit(0.0:2707): avc: denied { kill } for comm="irq/382-atmel_m" capability=5 scontext=u:r:kernel:s0 tcontext=u:r:kernel:s0 tclass=capability permissive=0
11-11 05:20:56.315 0 0 I auditd : type=1400 audit(0.0:2708): avc: denied { kill } for comm="swapper/0" capability=5 scontext=u:r:kernel:s0 tcontext=u:r:kernel:s0 tclass=capability permissive=0
11-11 05:20:57.315 351 351 I auditd : type=1400 audit(0.0:2709): avc: denied { kill } for comm="irq/382-atmel_m" capability=5 scontext=u:r:kernel:s0 tcontext=u:r:kernel:s0 tclass=capability permissive=0
11-11 05:20:58.315 0 0 I auditd : type=1400 audit(0.0:2710): avc: denied { kill } for comm="swapper/1" capability=5 scontext=u:r:kernel:s0 tcontext=u:r:kernel:s0 tclass=capability permissive=0
11-11 05:20:59.315 0 0 I auditd : type=1400 audit(0.0:2711): avc: denied { kill } for comm="swapper/1" capability=5 scontext=u:r:kernel:s0 tcontext=u:r:kernel:s0 tclass=capability permissive=0
11-11 05:20:59.403 1490 1659 I sysui_multi_action: [757,1696,758,6,759,2]
11-11 05:20:59.414 1490 1642 I am_wtf : [0,1490,system_server,-1,DisplayDeviceConfig,requesting nits when no mapping exists.]
11-11 05:20:59.417 1490 1642 I am_wtf : [0,1490,system_server,-1,DisplayDeviceConfig,requesting nits when no mapping exists.]
11-11 05:20:59.430 1490 1642 I am_wtf : [0,1490,system_server,-1,DisplayDeviceConfig,requesting nits when no mapping exists.]
11-11 05:20:59.430 1490 1642 I service_manager_stats: [100,116,121800]
11-11 05:20:59.431 1490 1642 I am_wtf : [0,1490,system_server,-1,DisplayDeviceConfig,requesting nits when no mapping exists.]
11-11 05:20:59.438 1490 1642 I am_wtf : [0,1490,system_server,-1,DisplayDeviceConfig,requesting nits when no mapping exists.]
11-11 05:20:59.440 1490 1642 I am_wtf : [0,1490,system_server,-1,DisplayDeviceConfig,requesting nits when no mapping exists.]
11-11 05:20:59.455 1490 1642 I am_wtf : [0,1490,system_server,-1,DisplayDeviceConfig,requesting nits when no mapping exists.]
11-11 05:20:59.456 1490 1642 I am_wtf : [0,1490,system_server,-1,DisplayDeviceConfig,requesting nits when no mapping exists.]
11-11 05:20:59.472 1490 1642 I am_wtf : [0,1490,system_server,-1,DisplayDeviceConfig,requesting nits when no mapping exists.]
11-11 05:20:59.473 1490 1642 I am_wtf : [0,1490,system_server,-1,DisplayDeviceConfig,requesting nits when no mapping exists.]
11-11 05:20:59.488 1490 1642 I am_wtf : [0,1490,system_server,-1,DisplayDeviceConfig,requesting nits when no mapping exists.]
11-11 05:20:59.489 1490 1642 I am_wtf : [0,1490,system_server,-1,DisplayDeviceConfig,requesting nits when no mapping exists.]
11-11 05:20:59.505 1490 1642 I am_wtf : [0,1490,system_server,-1,DisplayDeviceConfig,requesting nits when no mapping exists.]
11-11 05:20:59.506 1490 1642 I am_wtf : [0,1490,system_server,-1,DisplayDeviceConfig,requesting nits when no mapping exists.]
11-11 05:20:59.522 1490 1642 I am_wtf : [0,1490,system_server,-1,DisplayDeviceConfig,requesting nits when no mapping exists.]
11-11 05:20:59.523 1490 1642 I am_wtf : [0,1490,system_server,-1,DisplayDeviceConfig,requesting nits when no mapping exists.]
11-11 05:20:59.539 1490 1642 I am_wtf : [0,1490,system_server,-1,DisplayDeviceConfig,requesting nits when no mapping exists.]
11-11 05:20:59.540 1490 1642 I am_wtf : [0,1490,system_server,-1,DisplayDeviceConfig,requesting nits when no mapping exists.]
11-11 05:20:59.556 1490 1642 I am_wtf : [0,1490,system_server,-1,DisplayDeviceConfig,requesting nits when no mapping exists.]
11-11 05:20:59.556 1490 1642 I am_wtf : [0,1490,system_server,-1,DisplayDeviceConfig,requesting nits when no mapping exists.]
11-11 05:20:59.572 1490 1642 I am_wtf : [0,1490,system_server,-1,DisplayDeviceConfig,requesting nits when no mapping exists.]
11-11 05:20:59.573 1490 1642 I am_wtf : [0,1490,system_server,-1,DisplayDeviceConfig,requesting nits when no mapping exists.]
11-11 05:20:59.590 1490 1642 I am_wtf : [0,1490,system_server,-1,DisplayDeviceConfig,requesting nits when no mapping exists.]
11-11 05:20:59.590 1490 1642 I am_wtf : [0,1490,system_server,-1,DisplayDeviceConfig,requesting nits when no mapping exists.]
11-11 05:20:59.606 1490 1642 I am_wtf : [0,1490,system_server,-1,DisplayDeviceConfig,requesting nits when no mapping exists.]
11-11 05:20:59.607 1490 1642 I am_wtf : [0,1490,system_server,-1,DisplayDeviceConfig,requesting nits when no mapping exists.]
11-11 05:20:59.622 1490 1642 I am_wtf : [0,1490,system_server,-1,DisplayDeviceConfig,requesting nits when no mapping exists.]
11-11 05:20:59.624 1490 1642 I am_wtf : [0,1490,system_server,-1,DisplayDeviceConfig,requesting nits when no mapping exists.]
11-11 05:20:59.639 1490 1642 I am_wtf : [0,1490,system_server,-1,DisplayDeviceConfig,requesting nits when no mapping exists.]
11-11 05:20:59.640 1490 1642 I am_wtf : [0,1490,system_server,-1,DisplayDeviceConfig,requesting nits when no mapping exists.]
11-11 05:20:59.656 1490 1642 I am_wtf : [0,1490,system_server,-1,DisplayDeviceConfig,requesting nits when no mapping exists.]
11-11 05:20:59.656 1490 1642 I am_wtf : [0,1490,system_server,-1,DisplayDeviceConfig,requesting nits when no mapping exists.]
11-11 05:20:59.672 1490 1642 I am_wtf : [0,1490,system_server,-1,DisplayDeviceConfig,requesting nits when no mapping exists.]
11-11 05:20:59.673 1490 1642 I am_wtf : [0,1490,system_server,-1,DisplayDeviceConfig,requesting nits when no mapping exists.]
11-11 05:20:59.689 1490 1642 I am_wtf : [0,1490,system_server,-1,DisplayDeviceConfig,requesting nits when no mapping exists.]
11-11 05:20:59.690 1490 1642 I am_wtf : [0,1490,system_server,-1,DisplayDeviceConfig,requesting nits when no mapping exists.]
11-11 05:20:59.706 1490 1642 I am_wtf : [0,1490,system_server,-1,DisplayDeviceConfig,requesting nits when no mapping exists.]
11-11 05:20:59.707 1490 1642 I am_wtf : [0,1490,system_server,-1,DisplayDeviceConfig,requesting nits when no mapping exists.]
11-11 05:20:59.723 1490 1642 I am_wtf : [0,1490,system_server,-1,DisplayDeviceConfig,requesting nits when no mapping exists.]
11-11 05:20:59.724 1490 1642 I am_wtf : [0,1490,system_server,-1,DisplayDeviceConfig,requesting nits when no mapping exists.]
11-11 05:20:59.739 1490 1642 I am_wtf : [0,1490,system_server,-1,DisplayDeviceConfig,requesting nits when no mapping exists.]
11-11 05:20:59.740 1490 1642 I am_wtf : [0,1490,system_server,-1,DisplayDeviceConfig,requesting nits when no mapping exists.]
11-11 05:20:59.756 1490 1642 I am_wtf : [0,1490,system_server,-1,DisplayDeviceConfig,requesting nits when no mapping exists.]
11-11 05:20:59.757 1490 1642 I am_wtf : [0,1490,system_server,-1,DisplayDeviceConfig,requesting nits when no mapping exists.]
11-11 05:20:59.773 1490 1642 I am_wtf : [0,1490,system_server,-1,DisplayDeviceConfig,requesting nits when no mapping exists.]
11-11 05:20:59.773 1490 1642 I am_wtf : [0,1490,system_server,-1,DisplayDeviceConfig,requesting nits when no mapping exists.]
11-11 05:20:59.789 1490 1642 I am_wtf : [0,1490,system_server,-1,DisplayDeviceConfig,requesting nits when no mapping exists.]
11-11 05:20:59.790 1490 1642 I am_wtf : [0,1490,system_server,-1,DisplayDeviceConfig,requesting nits when no mapping exists.]
11-11 05:20:59.807 1490 1642 I am_wtf : [0,1490,system_server,-1,DisplayDeviceConfig,requesting nits when no mapping exists.]
11-11 05:20:59.808 1490 1642 I am_wtf : [0,1490,system_server,-1,DisplayDeviceConfig,requesting nits when no mapping exists.]
11-11 05:20:59.823 1490 1642 I am_wtf : [0,1490,system_server,-1,DisplayDeviceConfig,requesting nits when no mapping exists.]
11-11 05:20:59.824 1490 1642 I am_wtf : [0,1490,system_server,-1,DisplayDeviceConfig,requesting nits when no mapping exists.]
11-11 05:20:59.839 1490 1642 I am_wtf : [0,1490,system_server,-1,DisplayDeviceConfig,requesting nits when no mapping exists.]
11-11 05:20:59.840 1490 1642 I am_wtf : [0,1490,system_server,-1,DisplayDeviceConfig,requesting nits when no mapping exists.]
11-11 05:20:59.856 1490 1642 I am_wtf : [0,1490,system_server,-1,DisplayDeviceConfig,requesting nits when no mapping exists.]
11-11 05:20:59.857 1490 1642 I am_wtf : [0,1490,system_server,-1,DisplayDeviceConfig,requesting nits when no mapping exists.]
11-11 05:20:59.873 1490 1642 I am_wtf : [0,1490,system_server,-1,DisplayDeviceConfig,requesting nits when no mapping exists.]
11-11 05:20:59.874 1490 1642 I am_wtf : [0,1490,system_server,-1,DisplayDeviceConfig,requesting nits when no mapping exists.]
11-11 05:20:59.889 1490 1642 I am_wtf : [0,1490,system_server,-1,DisplayDeviceConfig,requesting nits when no mapping exists.]
11-11 05:20:59.891 1490 1642 I am_wtf : [0,1490,system_server,-1,DisplayDeviceConfig,requesting nits when no mapping exists.]
11-11 05:20:59.906 1490 1642 I am_wtf : [0,1490,system_server,-1,DisplayDeviceConfig,requesting nits when no mapping exists.]
11-11 05:20:59.907 1490 1642 I am_wtf : [0,1490,system_server,-1,DisplayDeviceConfig,requesting nits when no mapping exists.]
11-11 05:20:59.923 1490 1642 I am_wtf : [0,1490,system_server,-1,DisplayDeviceConfig,requesting nits when no mapping exists.]
11-11 05:20:59.924 1490 1642 I am_wtf : [0,1490,system_server,-1,DisplayDeviceConfig,requesting nits when no mapping exists.]
11-11 05:20:59.940 1490 1642 I am_wtf : [0,1490,system_server,-1,DisplayDeviceConfig,requesting nits when no mapping exists.]
11-11 05:20:59.941 1490 1642 I am_wtf : [0,1490,system_server,-1,DisplayDeviceConfig,requesting nits when no mapping exists.]
11-11 05:20:59.956 1490 1642 I am_wtf : [0,1490,system_server,-1,DisplayDeviceConfig,requesting nits when no mapping exists.]
11-11 05:20:59.957 1490 1642 I am_wtf : [0,1490,system_server,-1,DisplayDeviceConfig,requesting nits when no mapping exists.]
11-11 05:20:59.973 1490 1642 I am_wtf : [0,1490,system_server,-1,DisplayDeviceConfig,requesting nits when no mapping exists.]
11-11 05:20:59.974 1490 1642 I am_wtf : [0,1490,system_server,-1,DisplayDeviceConfig,requesting nits when no mapping exists.]
11-11 05:20:59.990 1490 1642 I am_wtf : [0,1490,system_server,-1,DisplayDeviceConfig,requesting nits when no mapping exists.]
11-11 05:20:59.991 1490 1642 I am_wtf : [0,1490,system_server,-1,DisplayDeviceConfig,requesting nits when no mapping exists.]
11-11 05:21:00.009 1490 1642 I am_wtf : [0,1490,system_server,-1,DisplayDeviceConfig,requesting nits when no mapping exists.]
11-11 05:21:00.010 1490 1642 I am_wtf : [0,1490,system_server,-1,DisplayDeviceConfig,requesting nits when no mapping exists.]
11-11 05:21:00.026 1490 1642 I am_wtf : [0,1490,system_server,-1,DisplayDeviceConfig,requesting nits when no mapping exists.]
11-11 05:21:00.027 1490 1642 I am_wtf : [0,1490,system_server,-1,DisplayDeviceConfig,requesting nits when no mapping exists.]
11-11 05:21:00.040 1490 1642 I am_wtf : [0,1490,system_server,-1,DisplayDeviceConfig,requesting nits when no mapping exists.]
11-11 05:21:00.041 1490 1642 I am_wtf : [0,1490,system_server,-1,DisplayDeviceConfig,requesting nits when no mapping exists.]
11-11 05:21:00.058 1490 1642 I am_wtf : [0,1490,system_server,-1,DisplayDeviceConfig,requesting nits when no mapping exists.]
11-11 05:21:00.059 1490 1642 I am_wtf : [0,1490,system_server,-1,DisplayDeviceConfig,requesting nits when no mapping exists.]
11-11 05:21:00.073 1490 1642 I am_wtf : [0,1490,system_server,-1,DisplayDeviceConfig,requesting nits when no mapping exists.]
11-11 05:21:00.074 1490 1642 I am_wtf : [0,1490,system_server,-1,DisplayDeviceConfig,requesting nits when no mapping exists.]
11-11 05:21:00.090 1490 1642 I am_wtf : [0,1490,system_server,-1,DisplayDeviceConfig,requesting nits when no mapping exists.]
11-11 05:21:00.092 1490 1642 I am_wtf : [0,1490,system_server,-1,DisplayDeviceConfig,requesting nits when no mapping exists.]
11-11 05:21:00.107 1490 1642 I am_wtf : [0,1490,system_server,-1,DisplayDeviceConfig,requesting nits when no mapping exists.]
11-11 05:21:00.109 1490 1642 I am_wtf : [0,1490,system_server,-1,DisplayDeviceConfig,requesting nits when no mapping exists.]
11-11 05:21:00.123 1490 1642 I am_wtf : [0,1490,system_server,-1,DisplayDeviceConfig,requesting nits when no mapping exists.]
11-11 05:21:00.124 1490 1642 I am_wtf : [0,1490,system_server,-1,DisplayDeviceConfig,requesting nits when no mapping exists.]
11-11 05:21:00.140 1490 1642 I am_wtf : [0,1490,system_server,-1,DisplayDeviceConfig,requesting nits when no mapping exists.]
11-11 05:21:00.141 1490 1642 I am_wtf : [0,1490,system_server,-1,DisplayDeviceConfig,requesting nits when no mapping exists.]
11-11 05:21:00.158 1490 1642 I am_wtf : [0,1490,system_server,-1,DisplayDeviceConfig,requesting nits when no mapping exists.]
11-11 05:21:00.159 1490 1642 I am_wtf : [0,1490,system_server,-1,DisplayDeviceConfig,requesting nits when no mapping exists.]
11-11 05:21:00.174 1490 1642 I am_wtf : [0,1490,system_server,-1,DisplayDeviceConfig,requesting nits when no mapping exists.]
11-11 05:21:00.176 1490 1642 I am_wtf : [0,1490,system_server,-1,DisplayDeviceConfig,requesting nits when no mapping exists.]
11-11 05:21:00.190 1490 1642 I am_wtf : [0,1490,system_server,-1,DisplayDeviceConfig,requesting nits when no mapping exists.]
11-11 05:21:00.192 1490 1642 I am_wtf : [0,1490,system_server,-1,DisplayDeviceConfig,requesting nits when no mapping exists.]
11-11 05:21:00.207 1490 1642 I am_wtf : [0,1490,system_server,-1,DisplayDeviceConfig,requesting nits when no mapping exists.]
11-11 05:21:00.208 1490 1642 I am_wtf : [0,1490,system_server,-1,DisplayDeviceConfig,requesting nits when no mapping exists.]
11-11 05:21:00.224 1490 1642 I am_wtf : [0,1490,system_server,-1,DisplayDeviceConfig,requesting nits when no mapping exists.]
11-11 05:21:00.225 1490 1642 I am_wtf : [0,1490,system_server,-1,DisplayDeviceConfig,requesting nits when no mapping exists.]
11-11 05:21:00.241 1490 1642 I am_wtf : [0,1490,system_server,-1,DisplayDeviceConfig,requesting nits when no mapping exists.]
11-11 05:21:00.242 1490 1642 I am_wtf : [0,1490,system_server,-1,DisplayDeviceConfig,requesting nits when no mapping exists.]
11-11 05:21:00.259 1490 1642 I am_wtf : [0,1490,system_server,-1,DisplayDeviceConfig,requesting nits when no mapping exists.]
11-11 05:21:00.260 1490 1642 I am_wtf : [0,1490,system_server,-1,DisplayDeviceConfig,requesting nits when no mapping exists.]
11-11 05:21:00.275 1490 1642 I am_wtf : [0,1490,system_server,-1,DisplayDeviceConfig,requesting nits when no mapping exists.]
11-11 05:21:00.276 1490 1642 I am_wtf : [0,1490,system_server,-1,DisplayDeviceConfig,requesting nits when no mapping exists.]
11-11 05:21:00.291 1490 1642 I am_wtf : [0,1490,system_server,-1,DisplayDeviceConfig,requesting nits when no mapping exists.]
11-11 05:21:00.292 1490 1642 I am_wtf : [0,1490,system_server,-1,DisplayDeviceConfig,requesting nits when no mapping exists.]
11-11 05:21:00.308 1490 1642 I am_wtf : [0,1490,system_server,-1,DisplayDeviceConfig,requesting nits when no mapping exists.]
11-11 05:21:00.310 1490 1642 I am_wtf : [0,1490,system_server,-1,DisplayDeviceConfig,requesting nits when no mapping exists.]
11-11 05:21:00.315 472 472 I auditd : type=1400 audit(0.0:2712): avc: denied { kill } for comm="ueventd" capability=5 scontext=u:r:ueventd:s0 tcontext=u:r:ueventd:s0 tclass=capability permissive=0
11-11 05:21:00.324 1490 1642 I am_wtf : [0,1490,system_server,-1,DisplayDeviceConfig,requesting nits when no mapping exists.]
11-11 05:21:00.325 1490 1642 I am_wtf : [0,1490,system_server,-1,DisplayDeviceConfig,requesting nits when no mapping exists.]
11-11 05:21:00.342 1490 1642 I am_wtf : [0,1490,system_server,-1,DisplayDeviceConfig,requesting nits when no mapping exists.]
11-11 05:21:00.344 1490 1642 I am_wtf : [0,1490,system_server,-1,DisplayDeviceConfig,requesting nits when no mapping exists.]
11-11 05:21:00.359 1490 1642 I am_wtf : [0,1490,system_server,-1,DisplayDeviceConfig,requesting nits when no mapping exists.]
11-11 05:21:00.360 1490 1642 I am_wtf : [0,1490,system_server,-1,DisplayDeviceConfig,requesting nits when no mapping exists.]
11-11 05:21:01.315 0 0 I auditd : type=1400 audit(0.0:2713): avc: denied { kill } for comm="swapper/1" capability=5 scontext=u:r:kernel:s0 tcontext=u:r:kernel:s0 tclass=capability permissive=0
11-11 05:21:02.315 0 0 I auditd : type=1400 audit(0.0:2714): avc: denied { kill } for comm="swapper/1" capability=5 scontext=u:r:kernel:s0 tcontext=u:r:kernel:s0 tclass=capability permissive=0
11-11 05:21:04.315 0 0 I auditd : type=1400 audit(0.0:2715): avc: denied { kill } for comm="swapper/1" capability=5 scontext=u:r:kernel:s0 tcontext=u:r:kernel:s0 tclass=capability permissive=0
11-11 05:21:05.315 0 0 I auditd : type=1400 audit(0.0:2716): avc: denied { kill } for comm="swapper/1" capability=5 scontext=u:r:kernel:s0 tcontext=u:r:kernel:s0 tclass=capability permissive=0
11-11 05:21:06.315 0 0 I auditd : type=1400 audit(0.0:2717): avc: denied { kill } for comm="swapper/1" capability=5 scontext=u:r:kernel:s0 tcontext=u:r:kernel:s0 tclass=capability permissive=0
11-11 05:21:06.404 1490 1630 I sysui_multi_action: [757,222,758,1]
11-11 05:21:06.407 1490 1630 I am_uid_active: 10051
11-11 05:21:06.419 1490 1641 I am_pss : [11823,1000,com.android.settings,72463360,57819136,0,212414464,0,15,15]
11-11 05:21:06.423 1490 7175 I wm_task_created: [104,-1]
11-11 05:21:06.428 1490 7175 I wm_task_moved: [104,1,10]
11-11 05:21:06.428 1490 7175 I wm_task_to_front: [0,104]
11-11 05:21:06.429 1490 7175 I wm_create_task: [0,104]
11-11 05:21:06.429 1490 7175 I wm_create_activity: [0,163539558,104,com.thundercomm.screensaver/android.service.dreams.DreamActivity,NULL,NULL,NULL,276824064]
11-11 05:21:06.429 1490 7175 I wm_task_moved: [104,1,10]
11-11 05:21:06.430 2824 2824 I wm_on_top_resumed_lost_called: [85671939,com.android.launcher3.uioverrides.QuickstepLauncher,topStateChangedWhenResumed]
11-11 05:21:06.432 1490 7175 I wm_pause_activity: [0,85671939,com.android.launcher3/.uioverrides.QuickstepLauncher,userLeaving=true,pauseBackTasks]
11-11 05:21:06.437 2824 2824 I wm_on_paused_called: [85671939,com.android.launcher3.uioverrides.QuickstepLauncher,performPause]
11-11 05:21:06.442 1490 6835 I wm_add_to_stopping: [0,85671939,com.android.launcher3/.uioverrides.QuickstepLauncher,makeInvisible]
11-11 05:21:06.445 1490 6835 I wm_restart_activity: [0,163539558,104,com.thundercomm.screensaver/android.service.dreams.DreamActivity]
11-11 05:21:06.448 1490 6835 I wm_set_resumed_activity: [0,com.thundercomm.screensaver/android.service.dreams.DreamActivity,minimalResumeActivityLocked]
11-11 05:21:06.463 1490 1992 I input_focus: [Focus leaving 978e85f com.android.launcher3/com.android.launcher3.uioverrides.QuickstepLauncher (server),reason=NO_WINDOW]
11-11 05:21:06.469 1490 1634 I sysui_multi_action: [757,803,799,window_time_0,802,60]
11-11 05:21:06.472 11329 11329 I wm_on_create_called: [163539558,android.service.dreams.DreamActivity,performCreate]
11-11 05:21:06.472 11329 11329 I wm_on_start_called: [163539558,android.service.dreams.DreamActivity,handleStartActivity]
11-11 05:21:06.473 11329 11329 I wm_on_resume_called: [163539558,android.service.dreams.DreamActivity,RESUME_ACTIVITY]
11-11 05:21:06.480 11329 11329 I wm_on_top_resumed_gained_called: [163539558,android.service.dreams.DreamActivity,topStateChangedWhenResumed]
11-11 05:21:06.510 1490 1635 I input_focus: [Focus request 447c6f2 com.thundercomm.screensaver/android.service.dreams.DreamActivity,reason=UpdateInputWindows]
11-11 05:21:06.517 1490 1490 I notification_enqueue: [10082,2356,com.android.systemui,2048,NULL,0,Notification(channel=updateNotification shortcut=null contentView=null vibrate=null sound=null defaults=0x0 flags=0x0 color=0x00000000 vis=PRIVATE),1]
11-11 05:21:06.518 2356 2356 I sysui_multi_action: [757,111,758,2]
11-11 05:21:06.520 2356 2356 I sysui_multi_action: [757,111,758,2]
11-11 05:21:06.526 1490 1659 I sysui_multi_action: [757,1696,758,6,759,3]
11-11 05:21:06.528 1490 1630 I sysui_multi_action: [319,102,322,101,325,2086,757,761,758,8,759,2,806,com.thundercomm.screensaver,871,android.service.dreams.DreamActivity,904,com.thundercomm.screensaver,905,0,1320,4,1321,2]
11-11 05:21:06.529 1490 1630 I wm_activity_launch_time: [0,163539558,com.thundercomm.screensaver/android.service.dreams.DreamActivity,101]
11-11 05:21:06.542 1490 1642 I am_wtf : [0,1490,system_server,-1,DisplayDeviceConfig,requesting nits when no mapping exists.]
11-11 05:21:06.543 1490 1642 I service_manager_stats: [114,54,7113]
11-11 05:21:06.543 1490 1642 I am_wtf : [0,1490,system_server,-1,DisplayDeviceConfig,requesting nits when no mapping exists.]
11-11 05:21:06.547 2356 2356 I sysui_multi_action: [757,111,758,1]
11-11 05:21:06.548 2356 2356 I sysui_multi_action: [757,126,758,1,759,126,927,0,928,1,1593,0]
11-11 05:21:06.548 2356 2356 I sysui_multi_action: [757,113,758,1,759,113,927,1,928,0,1593,0]
11-11 05:21:06.548 2356 2356 I sysui_multi_action: [757,0,758,1,759,0,927,2,928,0,1593,0]
11-11 05:21:06.548 2356 2356 I sysui_multi_action: [757,0,758,1,759,0,927,3,928,0,1593,0]
11-11 05:21:06.549 2356 2356 I sysui_multi_action: [757,491,758,1,759,491,927,4,928,0,1311,-1,1593,0]
11-11 05:21:06.549 2356 2356 I sysui_multi_action: [757,0,758,1,759,0,927,5,928,0,1593,0]
11-11 05:21:06.549 2356 2356 I sysui_multi_action: [757,111,758,1]
11-11 05:21:06.549 2356 2356 I sysui_multi_action: [757,126,758,1,759,126,927,0,928,1,1593,0]
11-11 05:21:06.549 2356 2356 I sysui_multi_action: [757,113,758,1,759,113,927,1,928,0,1593,0]
11-11 05:21:06.550 2356 2356 I sysui_multi_action: [757,0,758,1,759,0,927,2,928,0,1593,0]
11-11 05:21:06.550 2356 2356 I sysui_multi_action: [757,0,758,1,759,0,927,3,928,0,1593,0]
11-11 05:21:06.559 1490 1642 I am_wtf : [0,1490,system_server,-1,DisplayDeviceConfig,requesting nits when no mapping exists.]
11-11 05:21:06.559 1490 1992 I input_focus: [Focus entering 447c6f2 com.thundercomm.screensaver/android.service.dreams.DreamActivity (server),reason=Window became focusable. Previous reason: NOT_VISIBLE]
11-11 05:21:06.560 1490 1642 I am_wtf : [0,1490,system_server,-1,DisplayDeviceConfig,requesting nits when no mapping exists.]
11-11 05:21:06.581 1490 1642 I am_wtf : [0,1490,system_server,-1,DisplayDeviceConfig,requesting nits when no mapping exists.]
11-11 05:21:06.581 1490 1642 I am_wtf : [0,1490,system_server,-1,DisplayDeviceConfig,requesting nits when no mapping exists.]
11-11 05:21:06.593 1490 1642 I am_wtf : [0,1490,system_server,-1,DisplayDeviceConfig,requesting nits when no mapping exists.]
11-11 05:21:06.594 1490 1642 I am_wtf : [0,1490,system_server,-1,DisplayDeviceConfig,requesting nits when no mapping exists.]
11-11 05:21:06.610 1490 1642 I am_wtf : [0,1490,system_server,-1,DisplayDeviceConfig,requesting nits when no mapping exists.]
11-11 05:21:06.611 1490 1642 I am_wtf : [0,1490,system_server,-1,DisplayDeviceConfig,requesting nits when no mapping exists.]
11-11 05:21:06.631 1490 1642 I am_wtf : [0,1490,system_server,-1,DisplayDeviceConfig,requesting nits when no mapping exists.]
11-11 05:21:06.632 1490 1642 I am_wtf : [0,1490,system_server,-1,DisplayDeviceConfig,requesting nits when no mapping exists.]
11-11 05:21:06.648 1490 1642 I am_wtf : [0,1490,system_server,-1,DisplayDeviceConfig,requesting nits when no mapping exists.]
11-11 05:21:06.648 1490 1642 I am_wtf : [0,1490,system_server,-1,DisplayDeviceConfig,requesting nits when no mapping exists.]
11-11 05:21:06.659 1490 1642 I am_wtf : [0,1490,system_server,-1,DisplayDeviceConfig,requesting nits when no mapping exists.]
11-11 05:21:06.660 1490 1642 I am_wtf : [0,1490,system_server,-1,DisplayDeviceConfig,requesting nits when no mapping exists.]
11-11 05:21:06.682 1490 1642 I am_wtf : [0,1490,system_server,-1,DisplayDeviceConfig,requesting nits when no mapping exists.]
11-11 05:21:06.684 1490 1642 I am_wtf : [0,1490,system_server,-1,DisplayDeviceConfig,requesting nits when no mapping exists.]
11-11 05:21:06.695 1490 1642 I am_wtf : [0,1490,system_server,-1,DisplayDeviceConfig,requesting nits when no mapping exists.]
11-11 05:21:06.696 1490 1642 I am_wtf : [0,1490,system_server,-1,DisplayDeviceConfig,requesting nits when no mapping exists.]
11-11 05:21:06.712 1490 1642 I am_wtf : [0,1490,system_server,-1,DisplayDeviceConfig,requesting nits when no mapping exists.]
11-11 05:21:06.713 1490 1642 I am_wtf : [0,1490,system_server,-1,DisplayDeviceConfig,requesting nits when no mapping exists.]
11-11 05:21:06.729 1490 1642 I am_wtf : [0,1490,system_server,-1,DisplayDeviceConfig,requesting nits when no mapping exists.]
11-11 05:21:06.730 1490 1642 I am_wtf : [0,1490,system_server,-1,DisplayDeviceConfig,requesting nits when no mapping exists.]
11-11 05:21:06.742 1490 1642 I am_wtf : [0,1490,system_server,-1,DisplayDeviceConfig,requesting nits when no mapping exists.]
11-11 05:21:06.742 1490 1642 I am_wtf : [0,1490,system_server,-1,DisplayDeviceConfig,requesting nits when no mapping exists.]
11-11 05:21:06.760 1490 1642 I am_wtf : [0,1490,system_server,-1,DisplayDeviceConfig,requesting nits when no mapping exists.]
11-11 05:21:06.762 1490 1642 I am_wtf : [0,1490,system_server,-1,DisplayDeviceConfig,requesting nits when no mapping exists.]
11-11 05:21:06.777 1490 1642 I am_wtf : [0,1490,system_server,-1,DisplayDeviceConfig,requesting nits when no mapping exists.]
11-11 05:21:06.778 1490 1642 I am_wtf : [0,1490,system_server,-1,DisplayDeviceConfig,requesting nits when no mapping exists.]
11-11 05:21:06.794 1490 1642 I am_wtf : [0,1490,system_server,-1,DisplayDeviceConfig,requesting nits when no mapping exists.]
11-11 05:21:06.794 1490 1642 I am_wtf : [0,1490,system_server,-1,DisplayDeviceConfig,requesting nits when no mapping exists.]
11-11 05:21:06.811 1490 1642 I am_wtf : [0,1490,system_server,-1,DisplayDeviceConfig,requesting nits when no mapping exists.]
11-11 05:21:06.813 1490 1642 I am_wtf : [0,1490,system_server,-1,DisplayDeviceConfig,requesting nits when no mapping exists.]
11-11 05:21:06.813 1490 1634 I wm_stop_activity: [0,85671939,com.android.launcher3/.uioverrides.QuickstepLauncher]
11-11 05:21:06.828 1490 1642 I am_wtf : [0,1490,system_server,-1,DisplayDeviceConfig,requesting nits when no mapping exists.]
11-11 05:21:06.832 1490 1642 I am_wtf : [0,1490,system_server,-1,DisplayDeviceConfig,requesting nits when no mapping exists.]
11-11 05:21:06.842 1490 1642 I am_wtf : [0,1490,system_server,-1,DisplayDeviceConfig,requesting nits when no mapping exists.]
11-11 05:21:06.843 1490 1642 I am_wtf : [0,1490,system_server,-1,DisplayDeviceConfig,requesting nits when no mapping exists.]
11-11 05:21:06.846 2824 2824 I wm_on_stop_called: [85671939,com.android.launcher3.uioverrides.QuickstepLauncher,STOP_ACTIVITY_ITEM]
11-11 05:21:06.859 1490 1642 I am_wtf : [0,1490,system_server,-1,DisplayDeviceConfig,requesting nits when no mapping exists.]
11-11 05:21:06.861 1490 1642 I am_wtf : [0,1490,system_server,-1,DisplayDeviceConfig,requesting nits when no mapping exists.]
11-11 05:21:06.878 1490 1642 I am_wtf : [0,1490,system_server,-1,DisplayDeviceConfig,requesting nits when no mapping exists.]
11-11 05:21:06.879 1490 1642 I am_wtf : [0,1490,system_server,-1,DisplayDeviceConfig,requesting nits when no mapping exists.]
11-11 05:21:06.890 1490 1642 I am_wtf : [0,1490,system_server,-1,DisplayDeviceConfig,requesting nits when no mapping exists.]
11-11 05:21:06.891 1490 1642 I am_wtf : [0,1490,system_server,-1,DisplayDeviceConfig,requesting nits when no mapping exists.]
11-11 05:21:06.907 1490 1642 I am_wtf : [0,1490,system_server,-1,DisplayDeviceConfig,requesting nits when no mapping exists.]
11-11 05:21:06.908 1490 1642 I am_wtf : [0,1490,system_server,-1,DisplayDeviceConfig,requesting nits when no mapping exists.]
11-11 05:21:06.925 1490 1642 I am_wtf : [0,1490,system_server,-1,DisplayDeviceConfig,requesting nits when no mapping exists.]
11-11 05:21:06.925 1490 1642 I am_wtf : [0,1490,system_server,-1,DisplayDeviceConfig,requesting nits when no mapping exists.]
11-11 05:21:06.940 1490 1642 I am_wtf : [0,1490,system_server,-1,DisplayDeviceConfig,requesting nits when no mapping exists.]
11-11 05:21:06.941 1490 1642 I am_wtf : [0,1490,system_server,-1,DisplayDeviceConfig,requesting nits when no mapping exists.]
11-11 05:21:06.957 1490 1642 I am_wtf : [0,1490,system_server,-1,DisplayDeviceConfig,requesting nits when no mapping exists.]
11-11 05:21:06.959 1490 1642 I am_wtf : [0,1490,system_server,-1,DisplayDeviceConfig,requesting nits when no mapping exists.]
11-11 05:21:06.974 1490 1642 I am_wtf : [0,1490,system_server,-1,DisplayDeviceConfig,requesting nits when no mapping exists.]
11-11 05:21:06.975 1490 1642 I am_wtf : [0,1490,system_server,-1,DisplayDeviceConfig,requesting nits when no mapping exists.]
11-11 05:21:06.991 1490 1642 I am_wtf : [0,1490,system_server,-1,DisplayDeviceConfig,requesting nits when no mapping exists.]
11-11 05:21:06.992 1490 1642 I am_wtf : [0,1490,system_server,-1,DisplayDeviceConfig,requesting nits when no mapping exists.]
11-11 05:21:07.007 1490 1642 I am_wtf : [0,1490,system_server,-1,DisplayDeviceConfig,requesting nits when no mapping exists.]
11-11 05:21:07.009 1490 1642 I am_wtf : [0,1490,system_server,-1,DisplayDeviceConfig,requesting nits when no mapping exists.]
11-11 05:21:07.025 1490 1642 I am_wtf : [0,1490,system_server,-1,DisplayDeviceConfig,requesting nits when no mapping exists.]
11-11 05:21:07.026 1490 1642 I am_wtf : [0,1490,system_server,-1,DisplayDeviceConfig,requesting nits when no mapping exists.]
11-11 05:21:07.041 1490 1642 I am_wtf : [0,1490,system_server,-1,DisplayDeviceConfig,requesting nits when no mapping exists.]
11-11 05:21:07.042 1490 1642 I am_wtf : [0,1490,system_server,-1,DisplayDeviceConfig,requesting nits when no mapping exists.]
11-11 05:21:07.058 1490 1642 I am_wtf : [0,1490,system_server,-1,DisplayDeviceConfig,requesting nits when no mapping exists.]
11-11 05:21:07.059 1490 1642 I am_wtf : [0,1490,system_server,-1,DisplayDeviceConfig,requesting nits when no mapping exists.]
11-11 05:21:07.074 1490 1642 I am_wtf : [0,1490,system_server,-1,DisplayDeviceConfig,requesting nits when no mapping exists.]
11-11 05:21:07.075 1490 1642 I am_wtf : [0,1490,system_server,-1,DisplayDeviceConfig,requesting nits when no mapping exists.]
11-11 05:21:07.091 1490 1642 I am_wtf : [0,1490,system_server,-1,DisplayDeviceConfig,requesting nits when no mapping exists.]
11-11 05:21:07.092 1490 1642 I am_wtf : [0,1490,system_server,-1,DisplayDeviceConfig,requesting nits when no mapping exists.]
11-11 05:21:07.108 1490 1642 I am_wtf : [0,1490,system_server,-1,DisplayDeviceConfig,requesting nits when no mapping exists.]
11-11 05:21:07.109 1490 1642 I am_wtf : [0,1490,system_server,-1,DisplayDeviceConfig,requesting nits when no mapping exists.]
11-11 05:21:07.126 1490 1642 I am_wtf : [0,1490,system_server,-1,DisplayDeviceConfig,requesting nits when no mapping exists.]
11-11 05:21:07.127 1490 1642 I am_wtf : [0,1490,system_server,-1,DisplayDeviceConfig,requesting nits when no mapping exists.]
11-11 05:21:07.141 1490 1642 I am_wtf : [0,1490,system_server,-1,DisplayDeviceConfig,requesting nits when no mapping exists.]
11-11 05:21:07.142 1490 1642 I am_wtf : [0,1490,system_server,-1,DisplayDeviceConfig,requesting nits when no mapping exists.]
11-11 05:21:07.159 1490 1642 I am_wtf : [0,1490,system_server,-1,DisplayDeviceConfig,requesting nits when no mapping exists.]
11-11 05:21:07.160 1490 1642 I am_wtf : [0,1490,system_server,-1,DisplayDeviceConfig,requesting nits when no mapping exists.]
11-11 05:21:07.174 1490 1642 I am_wtf : [0,1490,system_server,-1,DisplayDeviceConfig,requesting nits when no mapping exists.]
11-11 05:21:07.176 1490 1642 I am_wtf : [0,1490,system_server,-1,DisplayDeviceConfig,requesting nits when no mapping exists.]
11-11 05:21:07.191 1490 1642 I am_wtf : [0,1490,system_server,-1,DisplayDeviceConfig,requesting nits when no mapping exists.]
11-11 05:21:07.194 1490 1642 I am_wtf : [0,1490,system_server,-1,DisplayDeviceConfig,requesting nits when no mapping exists.]
11-11 05:21:07.207 1490 1642 I am_wtf : [0,1490,system_server,-1,DisplayDeviceConfig,requesting nits when no mapping exists.]
11-11 05:21:07.208 1490 1642 I am_wtf : [0,1490,system_server,-1,DisplayDeviceConfig,requesting nits when no mapping exists.]
11-11 05:21:07.226 1490 1642 I am_wtf : [0,1490,system_server,-1,DisplayDeviceConfig,requesting nits when no mapping exists.]
11-11 05:21:07.226 1490 1642 I am_wtf : [0,1490,system_server,-1,DisplayDeviceConfig,requesting nits when no mapping exists.]
11-11 05:21:07.241 1490 1642 I am_wtf : [0,1490,system_server,-1,DisplayDeviceConfig,requesting nits when no mapping exists.]
11-11 05:21:07.242 1490 1642 I am_wtf : [0,1490,system_server,-1,DisplayDeviceConfig,requesting nits when no mapping exists.]
11-11 05:21:07.258 1490 1642 I am_wtf : [0,1490,system_server,-1,DisplayDeviceConfig,requesting nits when no mapping exists.]
11-11 05:21:07.259 1490 1642 I am_wtf : [0,1490,system_server,-1,DisplayDeviceConfig,requesting nits when no mapping exists.]
11-11 05:21:07.275 1490 1642 I am_wtf : [0,1490,system_server,-1,DisplayDeviceConfig,requesting nits when no mapping exists.]
11-11 05:21:07.276 1490 1642 I am_wtf : [0,1490,system_server,-1,DisplayDeviceConfig,requesting nits when no mapping exists.]
11-11 05:21:07.292 1490 1642 I am_wtf : [0,1490,system_server,-1,DisplayDeviceConfig,requesting nits when no mapping exists.]
11-11 05:21:07.293 1490 1642 I am_wtf : [0,1490,system_server,-1,DisplayDeviceConfig,requesting nits when no mapping exists.]
11-11 05:21:07.309 1490 1642 I am_wtf : [0,1490,system_server,-1,DisplayDeviceConfig,requesting nits when no mapping exists.]
11-11 05:21:07.310 1490 1642 I am_wtf : [0,1490,system_server,-1,DisplayDeviceConfig,requesting nits when no mapping exists.]
11-11 05:21:07.326 1490 1642 I am_wtf : [0,1490,system_server,-1,DisplayDeviceConfig,requesting nits when no mapping exists.]
11-11 05:21:07.326 1490 1642 I am_wtf : [0,1490,system_server,-1,DisplayDeviceConfig,requesting nits when no mapping exists.]
11-11 05:21:07.342 1490 1642 I am_wtf : [0,1490,system_server,-1,DisplayDeviceConfig,requesting nits when no mapping exists.]
11-11 05:21:07.342 1490 1642 I am_wtf : [0,1490,system_server,-1,DisplayDeviceConfig,requesting nits when no mapping exists.]
11-11 05:21:07.358 1490 1642 I am_wtf : [0,1490,system_server,-1,DisplayDeviceConfig,requesting nits when no mapping exists.]
11-11 05:21:07.359 1490 1642 I am_wtf : [0,1490,system_server,-1,DisplayDeviceConfig,requesting nits when no mapping exists.]
11-11 05:21:07.379 1490 1642 I am_wtf : [0,1490,system_server,-1,DisplayDeviceConfig,requesting nits when no mapping exists.]
11-11 05:21:07.380 1490 1642 I am_wtf : [0,1490,system_server,-1,DisplayDeviceConfig,requesting nits when no mapping exists.]
11-11 05:21:07.393 1490 1642 I am_wtf : [0,1490,system_server,-1,DisplayDeviceConfig,requesting nits when no mapping exists.]
11-11 05:21:07.394 1490 1642 I am_wtf : [0,1490,system_server,-1,DisplayDeviceConfig,requesting nits when no mapping exists.]
11-11 05:21:07.410 1490 1642 I am_wtf : [0,1490,system_server,-1,DisplayDeviceConfig,requesting nits when no mapping exists.]
11-11 05:21:07.411 1490 1642 I am_wtf : [0,1490,system_server,-1,DisplayDeviceConfig,requesting nits when no mapping exists.]
11-11 05:21:07.425 1490 1642 I am_wtf : [0,1490,system_server,-1,DisplayDeviceConfig,requesting nits when no mapping exists.]
11-11 05:21:07.428 1490 1642 I am_wtf : [0,1490,system_server,-1,DisplayDeviceConfig,requesting nits when no mapping exists.]
11-11 05:21:07.444 1490 1642 I am_wtf : [0,1490,system_server,-1,DisplayDeviceConfig,requesting nits when no mapping exists.]
11-11 05:21:07.445 1490 1642 I am_wtf : [0,1490,system_server,-1,DisplayDeviceConfig,requesting nits when no mapping exists.]
11-11 05:21:07.460 1490 1642 I am_wtf : [0,1490,system_server,-1,DisplayDeviceConfig,requesting nits when no mapping exists.]
11-11 05:21:07.461 1490 1642 I am_wtf : [0,1490,system_server,-1,DisplayDeviceConfig,requesting nits when no mapping exists.]
11-11 05:21:07.475 1490 1642 I am_wtf : [0,1490,system_server,-1,DisplayDeviceConfig,requesting nits when no mapping exists.]
11-11 05:21:07.476 1490 1642 I am_wtf : [0,1490,system_server,-1,DisplayDeviceConfig,requesting nits when no mapping exists.]
11-11 05:21:07.493 1490 1642 I am_wtf : [0,1490,system_server,-1,DisplayDeviceConfig,requesting nits when no mapping exists.]
11-11 05:21:07.494 1490 1642 I am_wtf : [0,1490,system_server,-1,DisplayDeviceConfig,requesting nits when no mapping exists.]
11-11 05:21:08.315 0 0 I auditd : type=1400 audit(0.0:2718): avc: denied { kill } for comm="swapper/1" capability=5 scontext=u:r:kernel:s0 tcontext=u:r:kernel:s0 tclass=capability permissive=0
11-11 05:21:09.315 0 0 I auditd : type=1400 audit(0.0:2719): avc: denied { kill } for comm="swapper/1" capability=5 scontext=u:r:kernel:s0 tcontext=u:r:kernel:s0 tclass=capability permissive=0
11-11 05:21:10.315 0 0 I auditd : type=1400 audit(0.0:2720): avc: denied { kill } for comm="swapper/1" capability=5 scontext=u:r:kernel:s0 tcontext=u:r:kernel:s0 tclass=capability permissive=0
11-11 05:21:11.315 0 0 I auditd : type=1400 audit(0.0:2721): avc: denied { kill } for comm="swapper/1" capability=5 scontext=u:r:kernel:s0 tcontext=u:r:kernel:s0 tclass=capability permissive=0
11-11 05:21:12.315 0 0 I auditd : type=1400 audit(0.0:2722): avc: denied { kill } for comm="swapper/1" capability=5 scontext=u:r:kernel:s0 tcontext=u:r:kernel:s0 tclass=capability permissive=0
11-11 05:21:13.315 0 0 I auditd : type=1400 audit(0.0:2723): avc: denied { kill } for comm="swapper/1" capability=5 scontext=u:r:kernel:s0 tcontext=u:r:kernel:s0 tclass=capability permissive=0
11-11 05:21:14.315 0 0 I auditd : type=1400 audit(0.0:2724): avc: denied { kill } for comm="swapper/1" capability=5 scontext=u:r:kernel:s0 tcontext=u:r:kernel:s0 tclass=capability permissive=0
11-11 05:21:15.315 0 0 I auditd : type=1400 audit(0.0:2725): avc: denied { kill } for comm="swapper/1" capability=5 scontext=u:r:kernel:s0 tcontext=u:r:kernel:s0 tclass=capability permissive=0
11-11 05:21:16.315 0 0 I auditd : type=1400 audit(0.0:2726): avc: denied { kill } for comm="swapper/1" capability=5 scontext=u:r:kernel:s0 tcontext=u:r:kernel:s0 tclass=capability permissive=0
11-11 05:21:17.315 0 0 I auditd : type=1400 audit(0.0:2727): avc: denied { kill } for comm="swapper/1" capability=5 scontext=u:r:kernel:s0 tcontext=u:r:kernel:s0 tclass=capability permissive=0
11-11 05:21:18.315 0 0 I auditd : type=1400 audit(0.0:2728): avc: denied { kill } for comm="swapper/1" capability=5 scontext=u:r:kernel:s0 tcontext=u:r:kernel:s0 tclass=capability permissive=0
11-11 05:21:19.315 0 0 I auditd : type=1400 audit(0.0:2729): avc: denied { kill } for comm="swapper/1" capability=5 scontext=u:r:kernel:s0 tcontext=u:r:kernel:s0 tclass=capability permissive=0
11-11 05:21:20.315 0 0 I auditd : type=1400 audit(0.0:2730): avc: denied { kill } for comm="swapper/1" capability=5 scontext=u:r:kernel:s0 tcontext=u:r:kernel:s0 tclass=capability permissive=0
11-11 05:21:21.315 0 0 I auditd : type=1400 audit(0.0:2731): avc: denied { kill } for comm="swapper/1" capability=5 scontext=u:r:kernel:s0 tcontext=u:r:kernel:s0 tclass=capability permissive=0
11-11 05:21:22.315 0 0 I auditd : type=1400 audit(0.0:2732): avc: denied { kill } for comm="swapper/1" capability=5 scontext=u:r:kernel:s0 tcontext=u:r:kernel:s0 tclass=capability permissive=0
11-11 05:21:23.315 0 0 I auditd : type=1400 audit(0.0:2733): avc: denied { kill } for comm="swapper/1" capability=5 scontext=u:r:kernel:s0 tcontext=u:r:kernel:s0 tclass=capability permissive=0
11-11 05:21:24.315 0 0 I auditd : type=1400 audit(0.0:2734): avc: denied { kill } for comm="swapper/1" capability=5 scontext=u:r:kernel:s0 tcontext=u:r:kernel:s0 tclass=capability permissive=0
11-11 05:21:25.315 0 0 I auditd : type=1400 audit(0.0:2735): avc: denied { kill } for comm="swapper/1" capability=5 scontext=u:r:kernel:s0 tcontext=u:r:kernel:s0 tclass=capability permissive=0
11-11 05:21:26.315 0 0 I auditd : type=1400 audit(0.0:2736): avc: denied { kill } for comm="swapper/1" capability=5 scontext=u:r:kernel:s0 tcontext=u:r:kernel:s0 tclass=capability permissive=0
11-11 05:21:27.315 0 0 I auditd : type=1400 audit(0.0:2737): avc: denied { kill } for comm="swapper/1" capability=5 scontext=u:r:kernel:s0 tcontext=u:r:kernel:s0 tclass=capability permissive=0
11-11 05:21:28.315 0 0 I auditd : type=1400 audit(0.0:2738): avc: denied { kill } for comm="swapper/1" capability=5 scontext=u:r:kernel:s0 tcontext=u:r:kernel:s0 tclass=capability permissive=0
11-11 05:21:29.315 0 0 I auditd : type=1400 audit(0.0:2739): avc: denied { kill } for comm="swapper/1" capability=5 scontext=u:r:kernel:s0 tcontext=u:r:kernel:s0 tclass=capability permissive=0
11-11 05:21:30.315 0 0 I auditd : type=1400 audit(0.0:2740): avc: denied { kill } for comm="swapper/1" capability=5 scontext=u:r:kernel:s0 tcontext=u:r:kernel:s0 tclass=capability permissive=0
11-11 05:21:31.315 0 0 I auditd : type=1400 audit(0.0:2741): avc: denied { kill } for comm="swapper/1" capability=5 scontext=u:r:kernel:s0 tcontext=u:r:kernel:s0 tclass=capability permissive=0
11-11 05:21:32.315 0 0 I auditd : type=1400 audit(0.0:2742): avc: denied { kill } for comm="swapper/1" capability=5 scontext=u:r:kernel:s0 tcontext=u:r:kernel:s0 tclass=capability permissive=0
11-11 05:21:33.315 0 0 I auditd : type=1400 audit(0.0:2743): avc: denied { kill } for comm="swapper/1" capability=5 scontext=u:r:kernel:s0 tcontext=u:r:kernel:s0 tclass=capability permissive=0
11-11 05:21:34.315 0 0 I auditd : type=1400 audit(0.0:2744): avc: denied { kill } for comm="swapper/1" capability=5 scontext=u:r:kernel:s0 tcontext=u:r:kernel:s0 tclass=capability permissive=0
11-11 05:21:35.315 0 0 I auditd : type=1400 audit(0.0:2745): avc: denied { kill } for comm="swapper/1" capability=5 scontext=u:r:kernel:s0 tcontext=u:r:kernel:s0 tclass=capability permissive=0
11-11 05:21:36.315 0 0 I auditd : type=1400 audit(0.0:2746): avc: denied { kill } for comm="swapper/1" capability=5 scontext=u:r:kernel:s0 tcontext=u:r:kernel:s0 tclass=capability permissive=0
11-11 05:21:37.315 0 0 I auditd : type=1400 audit(0.0:2747): avc: denied { kill } for comm="swapper/1" capability=5 scontext=u:r:kernel:s0 tcontext=u:r:kernel:s0 tclass=capability permissive=0
11-11 05:21:38.315 0 0 I auditd : type=1400 audit(0.0:2748): avc: denied { kill } for comm="swapper/1" capability=5 scontext=u:r:kernel:s0 tcontext=u:r:kernel:s0 tclass=capability permissive=0
11-11 05:21:39.315 0 0 I auditd : type=1400 audit(0.0:2749): avc: denied { kill } for comm="swapper/1" capability=5 scontext=u:r:kernel:s0 tcontext=u:r:kernel:s0 tclass=capability permissive=0
11-11 05:21:40.315 0 0 I auditd : type=1400 audit(0.0:2750): avc: denied { kill } for comm="swapper/1" capability=5 scontext=u:r:kernel:s0 tcontext=u:r:kernel:s0 tclass=capability permissive=0
11-11 05:21:41.315 0 0 I auditd : type=1400 audit(0.0:2751): avc: denied { kill } for comm="swapper/1" capability=5 scontext=u:r:kernel:s0 tcontext=u:r:kernel:s0 tclass=capability permissive=0
11-11 05:21:42.315 0 0 I auditd : type=1400 audit(0.0:2752): avc: denied { kill } for comm="swapper/1" capability=5 scontext=u:r:kernel:s0 tcontext=u:r:kernel:s0 tclass=capability permissive=0
11-11 05:21:42.851 1490 2513 I ntp_failure: [time.android.com,java.net.UnknownHostException: Unable to resolve host "time.android.com": No address associated with hostname]
11-11 05:21:43.315 0 0 I auditd : type=1400 audit(0.0:2753): avc: denied { kill } for comm="swapper/1" capability=5 scontext=u:r:kernel:s0 tcontext=u:r:kernel:s0 tclass=capability permissive=0
11-11 05:21:44.315 0 0 I auditd : type=1400 audit(0.0:2754): avc: denied { kill } for comm="swapper/1" capability=5 scontext=u:r:kernel:s0 tcontext=u:r:kernel:s0 tclass=capability permissive=0
11-11 05:21:45.315 0 0 I auditd : type=1400 audit(0.0:2755): avc: denied { kill } for comm="swapper/1" capability=5 scontext=u:r:kernel:s0 tcontext=u:r:kernel:s0 tclass=capability permissive=0
11-11 05:21:46.315 0 0 I auditd : type=1400 audit(0.0:2756): avc: denied { kill } for comm="swapper/1" capability=5 scontext=u:r:kernel:s0 tcontext=u:r:kernel:s0 tclass=capability permissive=0
11-11 05:21:47.315 0 0 I auditd : type=1400 audit(0.0:2757): avc: denied { kill } for comm="swapper/1" capability=5 scontext=u:r:kernel:s0 tcontext=u:r:kernel:s0 tclass=capability permissive=0
11-11 05:21:48.315 0 0 I auditd : type=1400 audit(0.0:2758): avc: denied { kill } for comm="swapper/1" capability=5 scontext=u:r:kernel:s0 tcontext=u:r:kernel:s0 tclass=capability permissive=0
11-11 05:21:49.315 0 0 I auditd : type=1400 audit(0.0:2759): avc: denied { kill } for comm="swapper/1" capability=5 scontext=u:r:kernel:s0 tcontext=u:r:kernel:s0 tclass=capability permissive=0
11-11 05:21:50.315 0 0 I auditd : type=1400 audit(0.0:2760): avc: denied { kill } for comm="swapper/1" capability=5 scontext=u:r:kernel:s0 tcontext=u:r:kernel:s0 tclass=capability permissive=0
11-11 05:21:51.315 0 0 I auditd : type=1400 audit(0.0:2761): avc: denied { kill } for comm="swapper/1" capability=5 scontext=u:r:kernel:s0 tcontext=u:r:kernel:s0 tclass=capability permissive=0
