11-11 04:59:20.315 0 0 I auditd : type=1400 audit(0.0:1310): avc: denied { kill } for comm="swapper/0" capability=5 scontext=u:r:kernel:s0 tcontext=u:r:kernel:s0 tclass=capability permissive=0
11-11 04:59:21.315 0 0 I auditd : type=1400 audit(0.0:1311): avc: denied { kill } for comm="swapper/0" capability=5 scontext=u:r:kernel:s0 tcontext=u:r:kernel:s0 tclass=capability permissive=0
11-11 04:59:22.256 1490 1992 I input_interaction: Interaction with: 733447a com.android.settings/com.android.settings.Settings (server), edge-swipe (server), swipe-up (server), PointerEventDispatcher0 (server),
11-11 04:59:22.315 351 351 I auditd : type=1400 audit(0.0:1312): avc: denied { kill } for comm="irq/382-atmel_m" capability=5 scontext=u:r:kernel:s0 tcontext=u:r:kernel:s0 tclass=capability permissive=0
11-11 04:59:22.392 9262 9262 I sysui_multi_action: [757,830,758,4,833,0,854,main_toggle_wifi,1089,0]
11-11 04:59:22.412 9262 9262 I sysui_multi_action: [757,746,758,2,1089,2518]
11-11 04:59:22.449 1490 2453 I netstats_mobile_sample: [0,0,0,0,0,0,0,0,0,0,0,0,1668113962449]
11-11 04:59:22.449 1490 2453 I netstats_wifi_sample: [39570831,42774,4353157,18534,39570831,42774,4353157,18534,41007196,50250,2509962,14200,1668113962449]
11-11 04:59:22.465 1490 2453 I netstats_mobile_sample: [0,0,0,0,0,0,0,0,0,0,0,0,1668113962465]
11-11 04:59:22.465 1490 2453 I netstats_wifi_sample: [39570831,42774,4353157,18534,39570831,42774,4353157,18534,41007196,50250,2509962,14200,1668113962465]
11-11 04:59:22.506 9262 9262 I sysui_multi_action: [757,103,758,1,833,0,1089,79]
11-11 04:59:23.315 0 0 I auditd : type=1400 audit(0.0:1313): avc: denied { kill } for comm="swapper/0" capability=5 scontext=u:r:kernel:s0 tcontext=u:r:kernel:s0 tclass=capability permissive=0
11-11 04:59:23.883 9262 9262 I sysui_multi_action: [757,853,758,4,854,null/switch_bar,1089,1]
11-11 04:59:23.885 9262 9262 I sysui_multi_action: [757,139,758,4]
11-11 04:59:24.095 1490 1745 I commit_sys_config_file: [settings-0-0,6]
11-11 04:59:24.315 454 454 I auditd : type=1400 audit(0.0:1314): avc: denied { kill } for comm="kworker/u16:16" capability=5 scontext=u:r:kernel:s0 tcontext=u:r:kernel:s0 tclass=capability permissive=0
11-11 04:59:26.315 0 0 I auditd : type=1400 audit(0.0:1315): avc: denied { kill } for comm="swapper/0" capability=5 scontext=u:r:kernel:s0 tcontext=u:r:kernel:s0 tclass=capability permissive=0
11-11 04:59:26.676 1400 9360 I liblog : 22
11-11 04:59:27.346 1490 2292 I netstats_mobile_sample: [0,0,0,0,0,0,0,0,0,0,0,0,1668113967345]
11-11 04:59:27.346 1490 2292 I netstats_wifi_sample: [39570831,42774,4353157,18534,39570831,42774,4353157,18534,41007196,50250,2509962,14200,1668113967345]
11-11 04:59:27.347 1490 2282 I service_manager_stats: [100,70,63049]
11-11 04:59:27.412 1490 2292 I netstats_mobile_sample: [0,0,0,0,0,0,0,0,0,0,0,0,1668113967412]
11-11 04:59:27.413 1490 2292 I netstats_wifi_sample: [39570831,42774,4353157,18534,39570831,42774,4353157,18534,41007196,50250,2509962,14200,1668113967412]
11-11 04:59:27.424 1490 2292 I netstats_mobile_sample: [0,0,0,0,0,0,0,0,0,0,0,0,1668113967424]
11-11 04:59:27.424 1490 2292 I netstats_wifi_sample: [39570831,42774,4353157,18534,39570831,42774,4353157,18534,41007196,50250,2509962,14200,1668113967424]
11-11 04:59:27.445 1490 2292 I netstats_mobile_sample: [0,0,0,0,0,0,0,0,0,0,0,0,1668113967444]
11-11 04:59:27.445 1490 2292 I netstats_wifi_sample: [39570831,42774,4353157,18534,39570831,42774,4353157,18534,41007196,50250,2509962,14200,1668113967444]
11-11 04:59:27.462 1490 2292 I netstats_mobile_sample: [0,0,0,0,0,0,0,0,0,0,0,0,1668113967461]
11-11 04:59:27.462 1490 2292 I netstats_wifi_sample: [39570831,42774,4353157,18534,39570831,42774,4353157,18534,41007196,50250,2509962,14200,1668113967461]
11-11 04:59:28.315 0 0 I auditd : type=1400 audit(0.0:1316): avc: denied { kill } for comm="swapper/0" capability=5 scontext=u:r:kernel:s0 tcontext=u:r:kernel:s0 tclass=capability permissive=0
11-11 04:59:29.249 1490 1992 I input_interaction: Interaction with: 733447a com.android.settings/com.android.settings.Settings (server), PointerEventDispatcher0 (server),
11-11 04:59:29.315 351 351 I auditd : type=1400 audit(0.0:1317): avc: denied { kill } for comm="irq/382-atmel_m" capability=5 scontext=u:r:kernel:s0 tcontext=u:r:kernel:s0 tclass=capability permissive=0
11-11 04:59:31.315 0 0 I auditd : type=1400 audit(0.0:1318): avc: denied { kill } for comm="swapper/3" capability=5 scontext=u:r:kernel:s0 tcontext=u:r:kernel:s0 tclass=capability permissive=0
11-11 04:59:32.232 1490 1992 I input_interaction: Interaction with: 733447a com.android.settings/com.android.settings.Settings (server), edge-swipe (server), swipe-up (server), PointerEventDispatcher0 (server),
11-11 04:59:32.315 0 0 I auditd : type=1400 audit(0.0:1319): avc: denied { kill } for comm="swapper/3" capability=5 scontext=u:r:kernel:s0 tcontext=u:r:kernel:s0 tclass=capability permissive=0
11-11 04:59:32.368 9262 9262 I sysui_multi_action: [757,135,758,4,759,0]
11-11 04:59:32.382 1490 2446 I wm_task_moved: [76,1,6]
11-11 04:59:32.383 1490 2446 I wm_set_resumed_activity: [0,com.android.settings/.Settings,positionChildAt]
11-11 04:59:32.383 1490 2446 I wm_create_activity: [0,259487066,76,com.android.settings/.SubSettings,android.intent.action.MAIN,NULL,NULL,0]
11-11 04:59:32.388 1490 2446 I wm_pause_activity: [0,214719036,com.android.settings/.Settings,userLeaving=true,resumeTopActivityInnerLocked]
11-11 04:59:32.405 9262 9262 I wm_on_top_resumed_lost_called: [214719036,com.android.settings.Settings,topStateChangedWhenResumed]
11-11 04:59:32.408 9262 9262 I sysui_multi_action: [757,35,758,2,1089,12832]
11-11 04:59:32.410 9262 9262 I sysui_multi_action: [757,103,758,2,1089,9905]
11-11 04:59:32.413 9262 9262 I wm_on_paused_called: [214719036,com.android.settings.Settings,performPause]
11-11 04:59:32.415 1490 2430 I wm_add_to_stopping: [0,214719036,com.android.settings/.Settings,makeInvisible]
11-11 04:59:32.416 1490 2430 I wm_restart_activity: [0,259487066,76,com.android.settings/.SubSettings]
11-11 04:59:32.418 1490 2430 I wm_set_resumed_activity: [0,com.android.settings/.SubSettings,minimalResumeActivityLocked]
11-11 04:59:32.424 1490 1634 I sysui_multi_action: [757,803,799,window_time_0,802,13]
11-11 04:59:32.443 1490 1641 I am_pss : [9262,1000,com.android.settings,85180416,73478144,0,220491776,0,2,9]
11-11 04:59:32.447 1490 1992 I input_focus: [Focus leaving 733447a com.android.settings/com.android.settings.Settings (server),reason=NO_WINDOW]
11-11 04:59:32.453 1490 1641 I am_pss : [9283,10069,com.android.gallery3d,7412736,5181440,0,94257152,0,19,5]
11-11 04:59:32.454 1490 2430 I wm_finish_activity: [0,259487066,76,com.android.settings/.SubSettings,clear-task-stack]
11-11 04:59:32.459 1490 2430 I wm_pause_activity: [0,259487066,com.android.settings/.SubSettings,userLeaving=false,finish]
11-11 04:59:32.460 1490 2430 I wm_new_intent: [0,214719036,76,com.android.settings/.Settings,android.intent.action.MAIN,NULL,NULL,270532608]
11-11 04:59:32.460 1490 2430 I wm_task_moved: [76,1,6]
11-11 04:59:32.463 9262 9262 I wm_on_create_called: [259487066,com.android.settings.SubSettings,performCreate]
11-11 04:59:32.465 1490 2430 I wm_add_to_stopping: [0,259487066,com.android.settings/.SubSettings,completeFinishing]
11-11 04:59:32.466 1490 2430 I wm_set_resumed_activity: [0,com.android.settings/.Settings,resumeTopActivityInnerLocked]
11-11 04:59:32.467 1490 2430 I wm_resume_activity: [0,214719036,76,com.android.settings/.Settings]
11-11 04:59:32.472 1490 1635 I input_focus: [Focus request 733447a com.android.settings/com.android.settings.Settings,reason=UpdateInputWindows]
11-11 04:59:32.472 1490 1634 I sysui_multi_action: [757,803,799,window_time_0,802,0]
11-11 04:59:32.474 9262 9262 I wm_on_activity_result_called: [214719036,com.android.settings.Settings,ACTIVITY_RESULT]
11-11 04:59:32.475 9262 9262 I wm_on_resume_called: [214719036,com.android.settings.Settings,RESUME_ACTIVITY]
11-11 04:59:32.475 9262 9262 I sysui_multi_action: [757,35,758,1,833,0,1089,0]
11-11 04:59:32.486 9262 9262 I sysui_multi_action: [757,103,758,1,833,0,1089,0]
11-11 04:59:32.488 9262 9262 I wm_on_top_resumed_gained_called: [214719036,com.android.settings.Settings,topWhenResuming]
11-11 04:59:32.494 1490 1992 I input_focus: [Focus entering 733447a com.android.settings/com.android.settings.Settings (server),reason=Window became focusable. Previous reason: NO_WINDOW]
11-11 04:59:32.543 1490 2959 I wm_destroy_activity: [0,259487066,76,com.android.settings/.SubSettings,finish-imm:idle]
11-11 04:59:32.543 9262 9262 I wm_on_destroy_called: [259487066,com.android.settings.SubSettings,performDestroy]
11-11 04:59:32.570 1490 2513 I ntp_failure: [time.android.com/216.239.35.12,java.net.SocketTimeoutException: Poll timed out]
11-11 04:59:32.768 9262 9262 I sysui_multi_action: [757,1800,758,1,833,0,1089,93]
11-11 04:59:34.258 1490 7175 I am_uid_running: 10070
11-11 04:59:34.263 1490 1643 I am_proc_start: [0,9544,10070,com.android.webview:webview_service,service,{com.android.webview/org.chromium.android_webview.services.VariationsSeedServer}]
11-11 04:59:34.284 1490 5865 I am_proc_bound: [0,9544,com.android.webview:webview_service]
11-11 04:59:34.291 1490 5865 I am_uid_active: 10070
11-11 04:59:34.313 1490 1745 I commit_sys_config_file: [settings-3-0,3]
11-11 04:59:34.318 1490 1745 I commit_sys_config_file: [settings-1-0,3]
11-11 04:59:35.009 1400 9363 I liblog : 5
11-11 04:59:35.014 1400 9363 I liblog : 75
11-11 04:59:35.145 1490 1773 I am_uid_active: 10094
11-11 04:59:36.315 0 0 I auditd : type=1400 audit(0.0:1320): avc: denied { kill } for comm="swapper/0" capability=5 scontext=u:r:kernel:s0 tcontext=u:r:kernel:s0 tclass=capability permissive=0
11-11 04:59:36.719 1490 1992 I input_interaction: Interaction with: fb2005b InputMethod (server), edge-swipe (server), swipe-up (server), PointerEventDispatcher0 (server),
11-11 04:59:37.315 0 0 I auditd : type=1400 audit(0.0:1321): avc: denied { kill } for comm="swapper/0" capability=5 scontext=u:r:kernel:s0 tcontext=u:r:kernel:s0 tclass=capability permissive=0
11-11 04:59:37.582 1490 2513 I ntp_failure: [time.android.com/216.239.35.8,java.net.SocketTimeoutException: Poll timed out]
11-11 04:59:38.315 0 0 I auditd : type=1400 audit(0.0:1322): avc: denied { kill } for comm="swapper/0" capability=5 scontext=u:r:kernel:s0 tcontext=u:r:kernel:s0 tclass=capability permissive=0
11-11 04:59:39.315 0 0 I auditd : type=1400 audit(0.0:1323): avc: denied { kill } for comm="swapper/0" capability=5 scontext=u:r:kernel:s0 tcontext=u:r:kernel:s0 tclass=capability permissive=0
11-11 04:59:40.315 351 351 I auditd : type=1400 audit(0.0:1324): avc: denied { kill } for comm="irq/382-atmel_m" capability=5 scontext=u:r:kernel:s0 tcontext=u:r:kernel:s0 tclass=capability permissive=0
11-11 04:59:41.315 0 0 I auditd : type=1400 audit(0.0:1325): avc: denied { kill } for comm="swapper/0" capability=5 scontext=u:r:kernel:s0 tcontext=u:r:kernel:s0 tclass=capability permissive=0
11-11 04:59:42.586 1490 2513 I ntp_failure: [time.android.com/216.239.35.4,java.net.SocketTimeoutException: Poll timed out]
11-11 04:59:42.905 1490 1992 I input_interaction: Interaction with: 733447a com.android.settings/com.android.settings.Settings (server), edge-swipe (server), swipe-up (server), PointerEventDispatcher0 (server),
11-11 04:59:43.031 1490 1490 I service_manager_slow: [12,phone]
11-11 04:59:43.036 9262 9262 I sysui_multi_action: [757,1800,758,2,1089,10267]
11-11 04:59:43.395 1490 2281 I netstats_mobile_sample: [0,0,0,0,0,0,0,0,0,0,0,0,1668113983395]
11-11 04:59:43.396 1490 2281 I netstats_wifi_sample: [40202192,43737,4548270,19232,40202192,43737,4548270,19232,41726439,51523,2625090,14705,1668113983395]
11-11 04:59:43.593 1490 2292 I netstats_mobile_sample: [0,0,0,0,0,0,0,0,0,0,0,0,1668113983593]
11-11 04:59:43.593 1490 2292 I netstats_wifi_sample: [40204943,43743,4553828,19245,40204943,43743,4553828,19245,41729190,51529,2627841,14711,1668113983593]
11-11 04:59:44.009 1490 2292 I netstats_mobile_sample: [0,0,0,0,0,0,0,0,0,0,0,0,1668113984008]
11-11 04:59:44.009 1490 2292 I netstats_wifi_sample: [40204943,43743,4553828,19245,40204943,43743,4553828,19245,41729190,51529,2627841,14711,1668113984008]
11-11 04:59:44.132 1490 1633 I commit_sys_config_file: [uri-grants,10]
11-11 04:59:44.183 1490 1669 I commit_sys_config_file: [package-user-0,5]
11-11 04:59:45.107 1490 2292 I netstats_mobile_sample: [0,0,0,0,0,0,0,0,0,0,0,0,1668113985107]
11-11 04:59:45.107 1490 2292 I netstats_wifi_sample: [40204943,43743,4553828,19245,40204943,43743,4553828,19245,41729190,51529,2627841,14711,1668113985107]
11-11 04:59:45.140 1490 2292 I netstats_mobile_sample: [0,0,0,0,0,0,0,0,0,0,0,0,1668113985140]
11-11 04:59:45.141 1490 2292 I netstats_wifi_sample: [40204943,43743,4553828,19245,40204943,43743,4553828,19245,41729190,51529,2627841,14711,1668113985140]
11-11 04:59:45.179 1490 2292 I netstats_mobile_sample: [0,0,0,0,0,0,0,0,0,0,0,0,1668113985179]
11-11 04:59:45.179 1490 2292 I netstats_wifi_sample: [40204943,43743,4553828,19245,40204943,43743,4553828,19245,41729190,51529,2627841,14711,1668113985179]
11-11 04:59:45.185 1490 2292 I netstats_mobile_sample: [0,0,0,0,0,0,0,0,0,0,0,0,1668113985185]
11-11 04:59:45.185 1490 2292 I netstats_wifi_sample: [40205067,43745,4553912,19246,40205067,43745,4553912,19246,41729230,51530,2627925,14712,1668113985185]
11-11 04:59:45.315 0 0 I auditd : type=1400 audit(0.0:1326): avc: denied { kill } for comm="swapper/0" capability=5 scontext=u:r:kernel:s0 tcontext=u:r:kernel:s0 tclass=capability permissive=0
11-11 04:59:46.315 0 0 I auditd : type=1400 audit(0.0:1327): avc: denied { kill } for comm="swapper/0" capability=5 scontext=u:r:kernel:s0 tcontext=u:r:kernel:s0 tclass=capability permissive=0
11-11 04:59:47.108 1400 9686 I liblog : 57
11-11 04:59:47.108 1400 9686 I liblog : 1
11-11 04:59:47.108 1400 9686 I liblog : 5
11-11 04:59:47.108 1400 9686 I liblog : 1
11-11 04:59:47.108 1400 9686 I liblog : 1
11-11 04:59:47.315 0 0 I auditd : type=1400 audit(0.0:1328): avc: denied { kill } for comm="swapper/0" capability=5 scontext=u:r:kernel:s0 tcontext=u:r:kernel:s0 tclass=capability permissive=0
11-11 04:59:47.593 1490 2513 I ntp_failure: [time.android.com/216.239.35.0,java.net.SocketTimeoutException: Poll timed out]
11-11 04:59:48.315 0 0 I auditd : type=1400 audit(0.0:1329): avc: denied { kill } for comm="swapper/2" capability=5 scontext=u:r:kernel:s0 tcontext=u:r:kernel:s0 tclass=capability permissive=0
11-11 04:59:49.315 0 0 I auditd : type=1400 audit(0.0:1330): avc: denied { kill } for comm="swapper/2" capability=5 scontext=u:r:kernel:s0 tcontext=u:r:kernel:s0 tclass=capability permissive=0
11-11 04:59:50.315 0 0 I auditd : type=1400 audit(0.0:1331): avc: denied { kill } for comm="swapper/2" capability=5 scontext=u:r:kernel:s0 tcontext=u:r:kernel:s0 tclass=capability permissive=0
11-11 04:59:51.315 0 0 I auditd : type=1400 audit(0.0:1332): avc: denied { kill } for comm="swapper/2" capability=5 scontext=u:r:kernel:s0 tcontext=u:r:kernel:s0 tclass=capability permissive=0
11-11 04:59:53.315 0 0 I auditd : type=1400 audit(0.0:1333): avc: denied { kill } for comm="swapper/0" capability=5 scontext=u:r:kernel:s0 tcontext=u:r:kernel:s0 tclass=capability permissive=0
11-11 04:59:54.315 0 0 I auditd : type=1400 audit(0.0:1334): avc: denied { kill } for comm="swapper/0" capability=5 scontext=u:r:kernel:s0 tcontext=u:r:kernel:s0 tclass=capability permissive=0
11-11 04:59:55.315 0 0 I auditd : type=1400 audit(0.0:1335): avc: denied { kill } for comm="swapper/0" capability=5 scontext=u:r:kernel:s0 tcontext=u:r:kernel:s0 tclass=capability permissive=0
11-11 04:59:56.315 351 351 I auditd : type=1400 audit(0.0:1336): avc: denied { kill } for comm="irq/382-atmel_m" capability=5 scontext=u:r:kernel:s0 tcontext=u:r:kernel:s0 tclass=capability permissive=0
11-11 04:59:57.315 351 351 I auditd : type=1400 audit(0.0:1337): avc: denied { kill } for comm="irq/382-atmel_m" capability=5 scontext=u:r:kernel:s0 tcontext=u:r:kernel:s0 tclass=capability permissive=0
11-11 04:59:58.315 0 0 I auditd : type=1400 audit(0.0:1338): avc: denied { kill } for comm="swapper/0" capability=5 scontext=u:r:kernel:s0 tcontext=u:r:kernel:s0 tclass=capability permissive=0
11-11 04:59:59.315 0 0 I auditd : type=1400 audit(0.0:1339): avc: denied { kill } for comm="swapper/1" capability=5 scontext=u:r:kernel:s0 tcontext=u:r:kernel:s0 tclass=capability permissive=0
11-11 05:00:00.315 0 0 I auditd : type=1400 audit(0.0:1340): avc: denied { kill } for comm="swapper/1" capability=5 scontext=u:r:kernel:s0 tcontext=u:r:kernel:s0 tclass=capability permissive=0
11-11 05:00:00.854 9262 9262 I sysui_multi_action: [757,103,758,2,1089,28368]
11-11 05:00:00.920 9262 9262 I sysui_multi_action: [757,746,758,1,833,0,1089,0]
11-11 05:00:00.921 1490 5865 D TelephonyRegistry: listen oscl: mHasNotifySubscriptionInfoChangedOccurred==false no callback
11-11 05:00:00.926 1490 5865 D TelephonyRegistry: listen oscl: mHasNotifySubscriptionInfoChangedOccurred==false no callback
11-11 05:00:01.315 0 0 I auditd : type=1400 audit(0.0:1341): avc: denied { kill } for comm="swapper/1" capability=5 scontext=u:r:kernel:s0 tcontext=u:r:kernel:s0 tclass=capability permissive=0
11-11 05:00:02.036 9262 9262 I sysui_multi_action: [757,830,758,4,833,0,854,main_toggle_wifi,1089,0]
11-11 05:00:02.051 9262 9262 I sysui_multi_action: [757,746,758,2,1089,1132]
11-11 05:00:02.086 1490 6160 I netstats_mobile_sample: [0,0,0,0,0,0,0,0,0,0,0,0,1668114002086]
11-11 05:00:02.087 1490 6160 I netstats_wifi_sample: [40333927,44051,4813280,19886,40333927,44051,4813280,19886,41914775,52196,2758193,15038,1668114002086]
11-11 05:00:02.089 1490 2282 I service_manager_stats: [100,104,34742]
11-11 05:00:02.096 1490 6160 I netstats_mobile_sample: [0,0,0,0,0,0,0,0,0,0,0,0,1668114002096]
11-11 05:00:02.097 1490 6160 I netstats_wifi_sample: [40333927,44051,4813280,19886,40333927,44051,4813280,19886,41914775,52196,2758193,15038,1668114002096]
11-11 05:00:02.143 9262 9262 I sysui_multi_action: [757,103,758,1,833,0,1089,75]
11-11 05:00:02.858 1400 9686 I liblog : 50
11-11 05:00:02.861 1400 9686 I liblog : 26
11-11 05:00:02.870 1400 9686 I liblog : 255
11-11 05:00:03.315 0 0 I auditd : type=1400 audit(0.0:1342): avc: denied { kill } for comm="swapper/0" capability=5 scontext=u:r:kernel:s0 tcontext=u:r:kernel:s0 tclass=capability permissive=0
11-11 05:00:04.315 0 0 I auditd : type=1400 audit(0.0:1343): avc: denied { kill } for comm="swapper/0" capability=5 scontext=u:r:kernel:s0 tcontext=u:r:kernel:s0 tclass=capability permissive=0
11-11 05:00:04.665 1490 1992 I input_interaction: Interaction with: 151d967 StatusBar (server), edge-swipe (server), swipe-up (server), PointerEventDispatcher0 (server),
11-11 05:00:04.672 2356 2356 I sysui_multi_action: [757,803,799,panel_open,802,1]
11-11 05:00:04.674 2356 2356 I sysui_multi_action: [757,1328,758,4,1326,56,1327,0,1329,0]
11-11 05:00:04.814 1490 5865 I sysui_multi_action: [757,127,758,1]
11-11 05:00:04.815 1490 5865 I sysui_multi_action: [757,804,799,note_load,801,2,802,1]
11-11 05:00:04.815 1490 5865 I notification_panel_revealed: 2
11-11 05:00:04.819 1490 1490 I notification_enqueue: [10082,2356,com.android.systemui,2048,NULL,0,Notification(channel=updateNotification shortcut=null contentView=null vibrate=null sound=null defaults=0x0 flags=0x0 color=0x00000000 vis=PRIVATE),1]
11-11 05:00:04.819 2356 2356 I sysui_multi_action: [757,111,758,2]
11-11 05:00:04.820 2356 2356 I sysui_multi_action: [757,111,758,2]
11-11 05:00:04.842 1490 1635 I input_focus: [Focus request 374215a NotificationShade,reason=UpdateInputWindows]
11-11 05:00:04.844 2356 2356 I sysui_multi_action: [757,111,758,1]
11-11 05:00:04.844 2356 2356 I sysui_multi_action: [757,126,758,1,759,126,927,0,928,0,1593,0]
11-11 05:00:04.844 2356 2356 I sysui_multi_action: [757,113,758,1,759,113,927,1,928,1,1593,0]
11-11 05:00:04.845 2356 2356 I sysui_multi_action: [757,0,758,1,759,0,927,2,928,0,1593,0]
11-11 05:00:04.845 2356 2356 I sysui_multi_action: [757,0,758,1,759,0,927,3,928,0,1593,0]
11-11 05:00:04.845 2356 2356 I sysui_multi_action: [757,491,758,1,759,491,927,4,928,0,1311,-1,1593,0]
11-11 05:00:04.845 2356 2356 I sysui_multi_action: [757,0,758,1,759,0,927,5,928,0,1593,0]
11-11 05:00:04.845 2356 2356 I sysui_multi_action: [757,111,758,1]
11-11 05:00:04.846 2356 2356 I sysui_multi_action: [757,126,758,1,759,126,927,0,928,0,1593,0]
11-11 05:00:04.846 2356 2356 I sysui_multi_action: [757,113,758,1,759,113,927,1,928,1,1593,0]
11-11 05:00:04.846 2356 2356 I sysui_multi_action: [757,0,758,1,759,0,927,2,928,0,1593,0]
11-11 05:00:04.846 2356 2356 I sysui_multi_action: [757,0,758,1,759,0,927,3,928,0,1593,0]
11-11 05:00:04.861 1490 1992 I input_focus: [Focus leaving 733447a com.android.settings/com.android.settings.Settings (server),reason=Waiting for window because NOT_VISIBLE]
11-11 05:00:04.866 2356 2356 I sysui_multi_action: [757,111,758,2]
11-11 05:00:04.866 2356 2356 I sysui_multi_action: [757,111,758,2]
11-11 05:00:04.868 1490 1490 I notification_enqueue: [10082,2356,com.android.systemui,2048,NULL,0,Notification(channel=updateNotification shortcut=null contentView=null vibrate=null sound=null defaults=0x0 flags=0x0 color=0x00000000 vis=PRIVATE),1]
11-11 05:00:04.875 1490 1992 I input_focus: [Focus entering 374215a NotificationShade (server),reason=Window became focusable. Previous reason: NOT_VISIBLE]
11-11 05:00:04.877 2356 2356 I sysui_multi_action: [757,111,758,1]
11-11 05:00:04.878 2356 2356 I sysui_multi_action: [757,126,758,1,759,126,927,0,928,0,1593,0]
11-11 05:00:04.878 2356 2356 I sysui_multi_action: [757,113,758,1,759,113,927,1,928,1,1593,0]
11-11 05:00:04.878 2356 2356 I sysui_multi_action: [757,0,758,1,759,0,927,2,928,0,1593,0]
11-11 05:00:04.878 2356 2356 I sysui_multi_action: [757,0,758,1,759,0,927,3,928,0,1593,0]
11-11 05:00:04.878 2356 2356 I sysui_multi_action: [757,491,758,1,759,491,927,4,928,0,1311,-1,1593,0]
11-11 05:00:04.878 2356 2356 I sysui_multi_action: [757,0,758,1,759,0,927,5,928,0,1593,0]
11-11 05:00:04.878 2356 2356 I sysui_multi_action: [757,111,758,1]
11-11 05:00:04.878 2356 2356 I sysui_multi_action: [757,126,758,1,759,126,927,0,928,1,1593,0]
11-11 05:00:04.878 2356 2356 I sysui_multi_action: [757,113,758,1,759,113,927,1,928,1,1593,0]
11-11 05:00:04.879 2356 2356 I sysui_multi_action: [757,0,758,1,759,0,927,2,928,0,1593,0]
11-11 05:00:04.879 2356 2356 I sysui_multi_action: [757,0,758,1,759,0,927,3,928,0,1593,0]
11-11 05:00:04.897 2356 2356 I sysui_multi_action: [757,111,758,2]
11-11 05:00:04.897 1490 1490 I notification_enqueue: [10082,2356,com.android.systemui,2048,NULL,0,Notification(channel=updateNotification shortcut=null contentView=null vibrate=null sound=null defaults=0x0 flags=0x0 color=0x00000000 vis=PRIVATE),1]
11-11 05:00:04.897 2356 2356 I sysui_multi_action: [757,111,758,2]
11-11 05:00:04.905 2356 2356 I sysui_multi_action: [757,111,758,1]
11-11 05:00:04.905 2356 2356 I sysui_multi_action: [757,126,758,1,759,126,927,0,928,1,1593,0]
11-11 05:00:04.905 2356 2356 I sysui_multi_action: [757,113,758,1,759,113,927,1,928,1,1593,0]
11-11 05:00:04.905 2356 2356 I sysui_multi_action: [757,0,758,1,759,0,927,2,928,0,1593,0]
11-11 05:00:04.905 2356 2356 I sysui_multi_action: [757,0,758,1,759,0,927,3,928,0,1593,0]
11-11 05:00:04.905 2356 2356 I sysui_multi_action: [757,491,758,1,759,491,927,4,928,0,1311,-1,1593,0]
11-11 05:00:04.905 2356 2356 I sysui_multi_action: [757,0,758,1,759,0,927,5,928,0,1593,0]
11-11 05:00:04.905 2356 2356 I sysui_multi_action: [757,111,758,1]
11-11 05:00:04.905 2356 2356 I sysui_multi_action: [757,126,758,1,759,126,927,0,928,1,1593,0]
11-11 05:00:04.906 2356 2356 I sysui_multi_action: [757,113,758,1,759,113,927,1,928,1,1593,0]
11-11 05:00:04.906 2356 2356 I sysui_multi_action: [757,0,758,1,759,0,927,2,928,0,1593,0]
11-11 05:00:04.906 2356 2356 I sysui_multi_action: [757,0,758,1,759,0,927,3,928,0,1593,0]
11-11 05:00:04.923 2356 2356 I sysui_multi_action: [757,111,758,2]
11-11 05:00:04.923 2356 2356 I sysui_multi_action: [757,111,758,2]
11-11 05:00:04.924 1490 1490 I notification_enqueue: [10082,2356,com.android.systemui,2048,NULL,0,Notification(channel=updateNotification shortcut=null contentView=null vibrate=null sound=null defaults=0x0 flags=0x0 color=0x00000000 vis=PRIVATE),1]
11-11 05:00:04.928 2356 2356 I sysui_multi_action: [757,111,758,1]
11-11 05:00:04.928 2356 2356 I sysui_multi_action: [757,126,758,1,759,126,927,0,928,1,1593,0]
11-11 05:00:04.929 2356 2356 I sysui_multi_action: [757,113,758,1,759,113,927,1,928,1,1593,0]
11-11 05:00:04.929 2356 2356 I sysui_multi_action: [757,0,758,1,759,0,927,2,928,0,1593,0]
11-11 05:00:04.929 2356 2356 I sysui_multi_action: [757,0,758,1,759,0,927,3,928,0,1593,0]
11-11 05:00:04.929 2356 2356 I sysui_multi_action: [757,491,758,1,759,491,927,4,928,0,1311,-1,1593,0]
11-11 05:00:04.929 2356 2356 I sysui_multi_action: [757,0,758,1,759,0,927,5,928,0,1593,0]
11-11 05:00:04.929 2356 2356 I sysui_multi_action: [757,111,758,1]
11-11 05:00:04.929 2356 2356 I sysui_multi_action: [757,126,758,1,759,126,927,0,928,1,1593,0]
11-11 05:00:04.929 2356 2356 I sysui_multi_action: [757,113,758,1,759,113,927,1,928,1,1593,0]
11-11 05:00:04.929 2356 2356 I sysui_multi_action: [757,0,758,1,759,0,927,2,928,0,1593,0]
11-11 05:00:04.929 2356 2356 I sysui_multi_action: [757,0,758,1,759,0,927,3,928,0,1593,0]
11-11 05:00:04.951 2356 2356 I sysui_multi_action: [757,111,758,2]
11-11 05:00:04.951 1490 1490 I notification_enqueue: [10082,2356,com.android.systemui,2048,NULL,0,Notification(channel=updateNotification shortcut=null contentView=null vibrate=null sound=null defaults=0x0 flags=0x0 color=0x00000000 vis=PRIVATE),1]
11-11 05:00:04.951 2356 2356 I sysui_multi_action: [757,111,758,2]
11-11 05:00:04.957 2356 2356 I sysui_multi_action: [757,111,758,1]
11-11 05:00:04.957 2356 2356 I sysui_multi_action: [757,126,758,1,759,126,927,0,928,1,1593,0]
11-11 05:00:04.957 2356 2356 I sysui_multi_action: [757,113,758,1,759,113,927,1,928,1,1593,0]
11-11 05:00:04.957 2356 2356 I sysui_multi_action: [757,0,758,1,759,0,927,2,928,0,1593,0]
11-11 05:00:04.957 2356 2356 I sysui_multi_action: [757,0,758,1,759,0,927,3,928,0,1593,0]
11-11 05:00:04.957 2356 2356 I sysui_multi_action: [757,491,758,1,759,491,927,4,928,0,1311,-1,1593,0]
11-11 05:00:04.957 2356 2356 I sysui_multi_action: [757,0,758,1,759,0,927,5,928,0,1593,0]
11-11 05:00:04.957 2356 2356 I sysui_multi_action: [757,111,758,1]
11-11 05:00:04.957 2356 2356 I sysui_multi_action: [757,126,758,1,759,126,927,0,928,1,1593,0]
11-11 05:00:04.957 2356 2356 I sysui_multi_action: [757,113,758,1,759,113,927,1,928,1,1593,0]
11-11 05:00:04.957 2356 2356 I sysui_multi_action: [757,0,758,1,759,0,927,2,928,0,1593,0]
11-11 05:00:04.958 2356 2356 I sysui_multi_action: [757,0,758,1,759,0,927,3,928,0,1593,0]
11-11 05:00:05.315 0 0 I auditd : type=1400 audit(0.0:1344): avc: denied { kill } for comm="swapper/0" capability=5 scontext=u:r:kernel:s0 tcontext=u:r:kernel:s0 tclass=capability permissive=0
11-11 05:00:05.391 1490 7175 I sysui_multi_action: [757,128,758,1,793,495059,794,0,795,495059,796,26,798,0,806,android,857,DEVELOPER_IMPORTANT,858,4,947,0,1395,2,1500,494856,1688,1]
11-11 05:00:05.391 1490 7175 I sysui_multi_action: [757,804,799,note_freshness,801,495059,802,1]
11-11 05:00:05.392 1490 7175 I notification_visibility: [-1|android|26|null|1000,1,495059,495059,0,0]
11-11 05:00:05.392 1490 7175 I sysui_multi_action: [757,128,758,1,793,798859,794,0,795,798859,796,32,798,1,806,android,857,USB,858,1,947,0,1395,2,1500,798638,1688,1]
11-11 05:00:05.392 1490 7175 I sysui_multi_action: [757,804,799,note_freshness,801,798859,802,1]
11-11 05:00:05.392 1490 7175 I notification_visibility: [-1|android|32|null|1000,1,798859,798859,0,1]
11-11 05:00:06.315 0 0 I auditd : type=1400 audit(0.0:1345): avc: denied { kill } for comm="swapper/0" capability=5 scontext=u:r:kernel:s0 tcontext=u:r:kernel:s0 tclass=capability permissive=0
11-11 05:00:07.315 0 0 I auditd : type=1400 audit(0.0:1346): avc: denied { kill } for comm="swapper/0" capability=5 scontext=u:r:kernel:s0 tcontext=u:r:kernel:s0 tclass=capability permissive=0
11-11 05:00:07.623 1490 2513 I ntp_failure: [time.android.com,java.net.UnknownHostException: Unable to resolve host "time.android.com": No address associated with hostname]
11-11 05:00:08.315 0 0 I auditd : type=1400 audit(0.0:1347): avc: denied { kill } for comm="swapper/3" capability=5 scontext=u:r:kernel:s0 tcontext=u:r:kernel:s0 tclass=capability permissive=0
11-11 05:00:09.315 0 0 I auditd : type=1400 audit(0.0:1348): avc: denied { kill } for comm="swapper/3" capability=5 scontext=u:r:kernel:s0 tcontext=u:r:kernel:s0 tclass=capability permissive=0
11-11 05:00:11.315 0 0 I auditd : type=1400 audit(0.0:1349): avc: denied { kill } for comm="swapper/3" capability=5 scontext=u:r:kernel:s0 tcontext=u:r:kernel:s0 tclass=capability permissive=0
11-11 05:00:12.315 0 0 I auditd : type=1400 audit(0.0:1350): avc: denied { kill } for comm="swapper/3" capability=5 scontext=u:r:kernel:s0 tcontext=u:r:kernel:s0 tclass=capability permissive=0
11-11 05:00:12.996 1490 1992 I input_interaction: Interaction with: 374215a NotificationShade (server), edge-swipe (server), swipe-up (server), PointerEventDispatcher0 (server),
11-11 05:00:13.343 1490 1490 I notification_enqueue: [10082,2356,com.android.systemui,2048,NULL,0,Notification(channel=updateNotification shortcut=null contentView=null vibrate=null sound=null defaults=0x0 flags=0x0 color=0x00000000 vis=PRIVATE),1]
11-11 05:00:13.343 2356 2356 I sysui_multi_action: [757,111,758,2]
11-11 05:00:13.344 2356 2356 I sysui_multi_action: [757,111,758,2]
11-11 05:00:13.353 2356 2356 I sysui_multi_action: [757,111,758,1]
11-11 05:00:13.353 2356 2356 I sysui_multi_action: [757,126,758,1,759,126,927,0,928,1,1593,1]
11-11 05:00:13.353 2356 2356 I sysui_multi_action: [757,113,758,1,759,113,927,1,928,1,1593,1]
11-11 05:00:13.353 2356 2356 I sysui_multi_action: [757,0,758,1,759,0,927,2,928,0,1593,1]
11-11 05:00:13.353 2356 2356 I sysui_multi_action: [757,0,758,1,759,0,927,3,928,0,1593,1]
11-11 05:00:13.354 2356 2356 I sysui_multi_action: [757,491,758,1,759,491,927,4,928,0,1311,-1,1593,0]
11-11 05:00:13.354 2356 2356 I sysui_multi_action: [757,0,758,1,759,0,927,5,928,0,1593,0]
11-11 05:00:13.354 2356 2356 I sysui_multi_action: [757,111,758,1]
11-11 05:00:13.354 2356 2356 I sysui_multi_action: [757,126,758,1,759,126,927,0,928,1,1593,1]
11-11 05:00:13.354 2356 2356 I sysui_multi_action: [757,113,758,1,759,113,927,1,928,1,1593,1]
11-11 05:00:13.354 2356 2356 I sysui_multi_action: [757,0,758,1,759,0,927,2,928,0,1593,1]
11-11 05:00:13.354 2356 2356 I sysui_multi_action: [757,0,758,1,759,0,927,3,928,0,1593,1]
11-11 05:00:13.380 1490 1490 I notification_enqueue: [10082,2356,com.android.systemui,2048,NULL,0,Notification(channel=updateNotification shortcut=null contentView=null vibrate=null sound=null defaults=0x0 flags=0x0 color=0x00000000 vis=PRIVATE),1]
11-11 05:00:13.380 2356 2356 I sysui_multi_action: [757,111,758,2]
11-11 05:00:13.380 2356 2356 I sysui_multi_action: [757,111,758,2]
11-11 05:00:13.388 2356 2356 I sysui_multi_action: [757,111,758,1]
11-11 05:00:13.388 2356 2356 I sysui_multi_action: [757,126,758,1,759,126,927,0,928,1,1593,1]
11-11 05:00:13.388 2356 2356 I sysui_multi_action: [757,113,758,1,759,113,927,1,928,1,1593,1]
11-11 05:00:13.389 2356 2356 I sysui_multi_action: [757,0,758,1,759,0,927,2,928,0,1593,1]
11-11 05:00:13.389 2356 2356 I sysui_multi_action: [757,0,758,1,759,0,927,3,928,0,1593,1]
11-11 05:00:13.389 2356 2356 I sysui_multi_action: [757,491,758,1,759,491,927,4,928,0,1311,-1,1593,0]
11-11 05:00:13.389 2356 2356 I sysui_multi_action: [757,0,758,1,759,0,927,5,928,0,1593,0]
11-11 05:00:13.389 2356 2356 I sysui_multi_action: [757,111,758,1]
11-11 05:00:13.389 2356 2356 I sysui_multi_action: [757,126,758,1,759,126,927,0,928,1,1593,1]
11-11 05:00:13.389 2356 2356 I sysui_multi_action: [757,113,758,1,759,113,927,1,928,1,1593,1]
11-11 05:00:13.389 2356 2356 I sysui_multi_action: [757,0,758,1,759,0,927,2,928,0,1593,1]
11-11 05:00:13.389 2356 2356 I sysui_multi_action: [757,0,758,1,759,0,927,3,928,0,1593,1]
11-11 05:00:13.407 1490 1490 I notification_enqueue: [10082,2356,com.android.systemui,2048,NULL,0,Notification(channel=updateNotification shortcut=null contentView=null vibrate=null sound=null defaults=0x0 flags=0x0 color=0x00000000 vis=PRIVATE),1]
11-11 05:00:13.407 2356 2356 I sysui_multi_action: [757,111,758,2]
11-11 05:00:13.408 2356 2356 I sysui_multi_action: [757,111,758,2]
11-11 05:00:13.414 2356 2356 I sysui_multi_action: [757,111,758,1]
11-11 05:00:13.414 2356 2356 I sysui_multi_action: [757,126,758,1,759,126,927,0,928,1,1593,1]
11-11 05:00:13.414 2356 2356 I sysui_multi_action: [757,113,758,1,759,113,927,1,928,1,1593,1]
11-11 05:00:13.414 2356 2356 I sysui_multi_action: [757,0,758,1,759,0,927,2,928,0,1593,1]
11-11 05:00:13.414 2356 2356 I sysui_multi_action: [757,0,758,1,759,0,927,3,928,0,1593,1]
11-11 05:00:13.414 2356 2356 I sysui_multi_action: [757,491,758,1,759,491,927,4,928,0,1311,-1,1593,0]
11-11 05:00:13.414 2356 2356 I sysui_multi_action: [757,0,758,1,759,0,927,5,928,0,1593,0]
11-11 05:00:13.414 2356 2356 I sysui_multi_action: [757,111,758,1]
11-11 05:00:13.414 2356 2356 I sysui_multi_action: [757,126,758,1,759,126,927,0,928,1,1593,1]
11-11 05:00:13.414 2356 2356 I sysui_multi_action: [757,113,758,1,759,113,927,1,928,1,1593,1]
11-11 05:00:13.414 2356 2356 I sysui_multi_action: [757,0,758,1,759,0,927,2,928,0,1593,1]
11-11 05:00:13.414 2356 2356 I sysui_multi_action: [757,0,758,1,759,0,927,3,928,0,1593,1]
11-11 05:00:13.427 1490 1490 I notification_enqueue: [10082,2356,com.android.systemui,2048,NULL,0,Notification(channel=updateNotification shortcut=null contentView=null vibrate=null sound=null defaults=0x0 flags=0x0 color=0x00000000 vis=PRIVATE),1]
11-11 05:00:13.427 2356 2356 I sysui_multi_action: [757,111,758,2]
11-11 05:00:13.427 2356 2356 I sysui_multi_action: [757,111,758,2]
11-11 05:00:13.432 2356 2356 I sysui_multi_action: [757,111,758,1]
11-11 05:00:13.432 2356 2356 I sysui_multi_action: [757,126,758,1,759,126,927,0,928,1,1593,1]
11-11 05:00:13.432 2356 2356 I sysui_multi_action: [757,113,758,1,759,113,927,1,928,1,1593,1]
11-11 05:00:13.432 2356 2356 I sysui_multi_action: [757,0,758,1,759,0,927,2,928,0,1593,1]
11-11 05:00:13.432 2356 2356 I sysui_multi_action: [757,0,758,1,759,0,927,3,928,0,1593,1]
11-11 05:00:13.432 2356 2356 I sysui_multi_action: [757,491,758,1,759,491,927,4,928,0,1311,-1,1593,0]
11-11 05:00:13.432 2356 2356 I sysui_multi_action: [757,0,758,1,759,0,927,5,928,0,1593,0]
11-11 05:00:13.432 2356 2356 I sysui_multi_action: [757,111,758,1]
11-11 05:00:13.432 2356 2356 I sysui_multi_action: [757,126,758,1,759,126,927,0,928,1,1593,1]
11-11 05:00:13.432 2356 2356 I sysui_multi_action: [757,113,758,1,759,113,927,1,928,1,1593,1]
11-11 05:00:13.432 2356 2356 I sysui_multi_action: [757,0,758,1,759,0,927,2,928,0,1593,1]
11-11 05:00:13.432 2356 2356 I sysui_multi_action: [757,0,758,1,759,0,927,3,928,0,1593,1]
11-11 05:00:13.447 2356 2356 I sysui_multi_action: [757,111,758,2]
11-11 05:00:13.447 1490 1490 I notification_enqueue: [10082,2356,com.android.systemui,2048,NULL,0,Notification(channel=updateNotification shortcut=null contentView=null vibrate=null sound=null defaults=0x0 flags=0x0 color=0x00000000 vis=PRIVATE),1]
11-11 05:00:13.447 2356 2356 I sysui_multi_action: [757,111,758,2]
11-11 05:00:13.452 2356 2356 I sysui_multi_action: [757,111,758,1]
11-11 05:00:13.452 2356 2356 I sysui_multi_action: [757,126,758,1,759,126,927,0,928,1,1593,1]
11-11 05:00:13.452 2356 2356 I sysui_multi_action: [757,113,758,1,759,113,927,1,928,1,1593,1]
11-11 05:00:13.452 2356 2356 I sysui_multi_action: [757,0,758,1,759,0,927,2,928,0,1593,1]
11-11 05:00:13.452 2356 2356 I sysui_multi_action: [757,0,758,1,759,0,927,3,928,0,1593,1]
11-11 05:00:13.452 2356 2356 I sysui_multi_action: [757,491,758,1,759,491,927,4,928,0,1311,-1,1593,0]
11-11 05:00:13.452 2356 2356 I sysui_multi_action: [757,0,758,1,759,0,927,5,928,0,1593,0]
11-11 05:00:13.453 2356 2356 I sysui_multi_action: [757,111,758,1]
11-11 05:00:13.453 2356 2356 I sysui_multi_action: [757,126,758,1,759,126,927,0,928,1,1593,1]
11-11 05:00:13.453 2356 2356 I sysui_multi_action: [757,113,758,1,759,113,927,1,928,1,1593,1]
11-11 05:00:13.453 2356 2356 I sysui_multi_action: [757,0,758,1,759,0,927,2,928,0,1593,1]
11-11 05:00:13.453 2356 2356 I sysui_multi_action: [757,0,758,1,759,0,927,3,928,0,1593,1]
11-11 05:00:13.463 2356 2356 I sysui_multi_action: [757,111,758,2]
11-11 05:00:13.463 1490 1490 I notification_enqueue: [10082,2356,com.android.systemui,2048,NULL,0,Notification(channel=updateNotification shortcut=null contentView=null vibrate=null sound=null defaults=0x0 flags=0x0 color=0x00000000 vis=PRIVATE),1]
11-11 05:00:13.463 2356 2356 I sysui_multi_action: [757,111,758,2]
11-11 05:00:13.467 2356 2356 I sysui_multi_action: [757,111,758,1]
11-11 05:00:13.467 2356 2356 I sysui_multi_action: [757,126,758,1,759,126,927,0,928,1,1593,1]
11-11 05:00:13.467 2356 2356 I sysui_multi_action: [757,113,758,1,759,113,927,1,928,1,1593,1]
11-11 05:00:13.467 2356 2356 I sysui_multi_action: [757,0,758,1,759,0,927,2,928,0,1593,1]
11-11 05:00:13.467 2356 2356 I sysui_multi_action: [757,0,758,1,759,0,927,3,928,0,1593,1]
11-11 05:00:13.467 2356 2356 I sysui_multi_action: [757,491,758,1,759,491,927,4,928,0,1311,-1,1593,0]
11-11 05:00:13.467 2356 2356 I sysui_multi_action: [757,0,758,1,759,0,927,5,928,0,1593,0]
11-11 05:00:13.468 2356 2356 I sysui_multi_action: [757,111,758,1]
11-11 05:00:13.468 2356 2356 I sysui_multi_action: [757,126,758,1,759,126,927,0,928,1,1593,1]
11-11 05:00:13.468 2356 2356 I sysui_multi_action: [757,113,758,1,759,113,927,1,928,1,1593,1]
11-11 05:00:13.468 2356 2356 I sysui_multi_action: [757,0,758,1,759,0,927,2,928,0,1593,1]
11-11 05:00:13.468 2356 2356 I sysui_multi_action: [757,0,758,1,759,0,927,3,928,0,1593,1]
11-11 05:00:13.480 2356 2356 I sysui_multi_action: [757,111,758,2]
11-11 05:00:13.480 2356 2356 I sysui_multi_action: [757,111,758,2]
11-11 05:00:13.480 1490 1490 I notification_enqueue: [10082,2356,com.android.systemui,2048,NULL,0,Notification(channel=updateNotification shortcut=null contentView=null vibrate=null sound=null defaults=0x0 flags=0x0 color=0x00000000 vis=PRIVATE),1]
11-11 05:00:13.485 2356 2356 I sysui_multi_action: [757,111,758,1]
11-11 05:00:13.485 2356 2356 I sysui_multi_action: [757,126,758,1,759,126,927,0,928,1,1593,1]
11-11 05:00:13.485 2356 2356 I sysui_multi_action: [757,113,758,1,759,113,927,1,928,1,1593,1]
11-11 05:00:13.485 2356 2356 I sysui_multi_action: [757,0,758,1,759,0,927,2,928,0,1593,1]
11-11 05:00:13.485 2356 2356 I sysui_multi_action: [757,0,758,1,759,0,927,3,928,0,1593,1]
11-11 05:00:13.485 2356 2356 I sysui_multi_action: [757,491,758,1,759,491,927,4,928,0,1311,-1,1593,0]
11-11 05:00:13.485 2356 2356 I sysui_multi_action: [757,0,758,1,759,0,927,5,928,0,1593,0]
11-11 05:00:13.485 2356 2356 I sysui_multi_action: [757,111,758,1]
11-11 05:00:13.485 2356 2356 I sysui_multi_action: [757,126,758,1,759,126,927,0,928,1,1593,1]
11-11 05:00:13.486 2356 2356 I sysui_multi_action: [757,113,758,1,759,113,927,1,928,1,1593,1]
11-11 05:00:13.486 2356 2356 I sysui_multi_action: [757,0,758,1,759,0,927,2,928,0,1593,1]
11-11 05:00:13.486 2356 2356 I sysui_multi_action: [757,0,758,1,759,0,927,3,928,0,1593,1]
11-11 05:00:13.498 2356 2356 I sysui_multi_action: [757,111,758,2]
11-11 05:00:13.498 1490 1490 I notification_enqueue: [10082,2356,com.android.systemui,2048,NULL,0,Notification(channel=updateNotification shortcut=null contentView=null vibrate=null sound=null defaults=0x0 flags=0x0 color=0x00000000 vis=PRIVATE),1]
11-11 05:00:13.499 2356 2356 I sysui_multi_action: [757,111,758,2]
11-11 05:00:13.505 2356 2356 I sysui_multi_action: [757,111,758,1]
11-11 05:00:13.505 2356 2356 I sysui_multi_action: [757,126,758,1,759,126,927,0,928,1,1593,1]
11-11 05:00:13.505 2356 2356 I sysui_multi_action: [757,113,758,1,759,113,927,1,928,1,1593,1]
11-11 05:00:13.505 2356 2356 I sysui_multi_action: [757,0,758,1,759,0,927,2,928,0,1593,1]
11-11 05:00:13.505 2356 2356 I sysui_multi_action: [757,0,758,1,759,0,927,3,928,0,1593,1]
11-11 05:00:13.506 2356 2356 I sysui_multi_action: [757,491,758,1,759,491,927,4,928,0,1311,-1,1593,0]
11-11 05:00:13.506 2356 2356 I sysui_multi_action: [757,0,758,1,759,0,927,5,928,0,1593,0]
11-11 05:00:13.506 2356 2356 I sysui_multi_action: [757,111,758,1]
11-11 05:00:13.506 2356 2356 I sysui_multi_action: [757,126,758,1,759,126,927,0,928,1,1593,1]
11-11 05:00:13.506 2356 2356 I sysui_multi_action: [757,113,758,1,759,113,927,1,928,1,1593,1]
11-11 05:00:13.506 2356 2356 I sysui_multi_action: [757,0,758,1,759,0,927,2,928,0,1593,1]
11-11 05:00:13.506 2356 2356 I sysui_multi_action: [757,0,758,1,759,0,927,3,928,0,1593,1]
11-11 05:00:13.516 2356 2356 I sysui_multi_action: [757,111,758,2]
11-11 05:00:13.516 2356 2356 I sysui_multi_action: [757,111,758,2]
11-11 05:00:13.516 1490 1490 I notification_enqueue: [10082,2356,com.android.systemui,2048,NULL,0,Notification(channel=updateNotification shortcut=null contentView=null vibrate=null sound=null defaults=0x0 flags=0x0 color=0x00000000 vis=PRIVATE),1]
11-11 05:00:13.520 2356 2356 I sysui_multi_action: [757,111,758,1]
11-11 05:00:13.520 2356 2356 I sysui_multi_action: [757,126,758,1,759,126,927,0,928,1,1593,1]
11-11 05:00:13.520 2356 2356 I sysui_multi_action: [757,113,758,1,759,113,927,1,928,1,1593,1]
11-11 05:00:13.520 2356 2356 I sysui_multi_action: [757,0,758,1,759,0,927,2,928,0,1593,1]
11-11 05:00:13.520 2356 2356 I sysui_multi_action: [757,0,758,1,759,0,927,3,928,0,1593,1]
11-11 05:00:13.520 2356 2356 I sysui_multi_action: [757,491,758,1,759,491,927,4,928,0,1311,-1,1593,0]
11-11 05:00:13.521 2356 2356 I sysui_multi_action: [757,0,758,1,759,0,927,5,928,0,1593,0]
11-11 05:00:13.521 2356 2356 I sysui_multi_action: [757,111,758,1]
11-11 05:00:13.521 2356 2356 I sysui_multi_action: [757,126,758,1,759,126,927,0,928,1,1593,1]
11-11 05:00:13.521 2356 2356 I sysui_multi_action: [757,113,758,1,759,113,927,1,928,1,1593,1]
11-11 05:00:13.521 2356 2356 I sysui_multi_action: [757,0,758,1,759,0,927,2,928,0,1593,1]
11-11 05:00:13.521 2356 2356 I sysui_multi_action: [757,0,758,1,759,0,927,3,928,0,1593,1]
11-11 05:00:13.531 2356 2356 I sysui_multi_action: [757,111,758,2]
11-11 05:00:13.531 2356 2356 I sysui_multi_action: [757,111,758,2]
11-11 05:00:13.532 1490 1490 I notification_enqueue: [10082,2356,com.android.systemui,2048,NULL,0,Notification(channel=updateNotification shortcut=null contentView=null vibrate=null sound=null defaults=0x0 flags=0x0 color=0x00000000 vis=PRIVATE),1]
11-11 05:00:13.535 2356 2356 I sysui_multi_action: [757,111,758,1]
11-11 05:00:13.535 2356 2356 I sysui_multi_action: [757,126,758,1,759,126,927,0,928,1,1593,1]
11-11 05:00:13.535 2356 2356 I sysui_multi_action: [757,113,758,1,759,113,927,1,928,1,1593,1]
11-11 05:00:13.535 2356 2356 I sysui_multi_action: [757,0,758,1,759,0,927,2,928,0,1593,1]
11-11 05:00:13.535 2356 2356 I sysui_multi_action: [757,0,758,1,759,0,927,3,928,0,1593,1]
11-11 05:00:13.535 2356 2356 I sysui_multi_action: [757,491,758,1,759,491,927,4,928,0,1311,-1,1593,0]
11-11 05:00:13.535 2356 2356 I sysui_multi_action: [757,0,758,1,759,0,927,5,928,0,1593,0]
11-11 05:00:13.535 2356 2356 I sysui_multi_action: [757,111,758,1]
11-11 05:00:13.535 2356 2356 I sysui_multi_action: [757,126,758,1,759,126,927,0,928,1,1593,1]
11-11 05:00:13.535 2356 2356 I sysui_multi_action: [757,113,758,1,759,113,927,1,928,1,1593,1]
11-11 05:00:13.535 2356 2356 I sysui_multi_action: [757,0,758,1,759,0,927,2,928,0,1593,1]
11-11 05:00:13.535 2356 2356 I sysui_multi_action: [757,0,758,1,759,0,927,3,928,0,1593,1]
11-11 05:00:13.550 1490 1490 I notification_enqueue: [10082,2356,com.android.systemui,2048,NULL,0,Notification(channel=updateNotification shortcut=null contentView=null vibrate=null sound=null defaults=0x0 flags=0x0 color=0x00000000 vis=PRIVATE),1]
11-11 05:00:13.551 2356 2356 I sysui_multi_action: [757,111,758,2]
11-11 05:00:13.551 2356 2356 I sysui_multi_action: [757,111,758,2]
11-11 05:00:13.556 2356 2356 I sysui_multi_action: [757,111,758,1]
11-11 05:00:13.556 2356 2356 I sysui_multi_action: [757,126,758,1,759,126,927,0,928,1,1593,1]
11-11 05:00:13.556 2356 2356 I sysui_multi_action: [757,113,758,1,759,113,927,1,928,1,1593,1]
11-11 05:00:13.556 2356 2356 I sysui_multi_action: [757,0,758,1,759,0,927,2,928,0,1593,1]
11-11 05:00:13.556 2356 2356 I sysui_multi_action: [757,0,758,1,759,0,927,3,928,0,1593,1]
11-11 05:00:13.556 2356 2356 I sysui_multi_action: [757,491,758,1,759,491,927,4,928,0,1311,-1,1593,0]
11-11 05:00:13.556 2356 2356 I sysui_multi_action: [757,0,758,1,759,0,927,5,928,0,1593,0]
11-11 05:00:13.556 2356 2356 I sysui_multi_action: [757,111,758,1]
11-11 05:00:13.556 2356 2356 I sysui_multi_action: [757,126,758,1,759,126,927,0,928,1,1593,1]
11-11 05:00:13.556 2356 2356 I sysui_multi_action: [757,113,758,1,759,113,927,1,928,1,1593,1]
11-11 05:00:13.556 2356 2356 I sysui_multi_action: [757,0,758,1,759,0,927,2,928,0,1593,1]
11-11 05:00:13.556 2356 2356 I sysui_multi_action: [757,0,758,1,759,0,927,3,928,0,1593,1]
11-11 05:00:13.571 1490 1490 I notification_enqueue: [10082,2356,com.android.systemui,2048,NULL,0,Notification(channel=updateNotification shortcut=null contentView=null vibrate=null sound=null defaults=0x0 flags=0x0 color=0x00000000 vis=PRIVATE),1]
11-11 05:00:13.572 2356 2356 I sysui_multi_action: [757,111,758,2]
11-11 05:00:13.572 2356 2356 I sysui_multi_action: [757,111,758,2]
11-11 05:00:13.576 2356 2356 I sysui_multi_action: [757,111,758,1]
11-11 05:00:13.577 2356 2356 I sysui_multi_action: [757,126,758,1,759,126,927,0,928,1,1593,0]
11-11 05:00:13.577 2356 2356 I sysui_multi_action: [757,113,758,1,759,113,927,1,928,1,1593,0]
11-11 05:00:13.577 2356 2356 I sysui_multi_action: [757,0,758,1,759,0,927,2,928,0,1593,0]
11-11 05:00:13.577 2356 2356 I sysui_multi_action: [757,0,758,1,759,0,927,3,928,0,1593,0]
11-11 05:00:13.577 2356 2356 I sysui_multi_action: [757,491,758,1,759,491,927,4,928,0,1311,-1,1593,0]
11-11 05:00:13.577 2356 2356 I sysui_multi_action: [757,0,758,1,759,0,927,5,928,0,1593,0]
11-11 05:00:13.577 2356 2356 I sysui_multi_action: [757,111,758,1]
11-11 05:00:13.577 2356 2356 I sysui_multi_action: [757,126,758,1,759,126,927,0,928,1,1593,1]
11-11 05:00:13.577 2356 2356 I sysui_multi_action: [757,113,758,1,759,113,927,1,928,1,1593,1]
11-11 05:00:13.577 2356 2356 I sysui_multi_action: [757,0,758,1,759,0,927,2,928,0,1593,1]
11-11 05:00:13.577 2356 2356 I sysui_multi_action: [757,0,758,1,759,0,927,3,928,0,1593,1]
11-11 05:00:13.591 2356 2356 I sysui_multi_action: [757,111,758,2]
11-11 05:00:13.591 2356 2356 I sysui_multi_action: [757,111,758,2]
11-11 05:00:13.595 2356 2356 I sysui_multi_action: [757,111,758,1]
11-11 05:00:13.595 2356 2356 I sysui_multi_action: [757,126,758,1,759,126,927,0,928,1,1593,1]
11-11 05:00:13.595 2356 2356 I sysui_multi_action: [757,113,758,1,759,113,927,1,928,1,1593,1]
11-11 05:00:13.595 2356 2356 I sysui_multi_action: [757,0,758,1,759,0,927,2,928,0,1593,1]
11-11 05:00:13.595 2356 2356 I sysui_multi_action: [757,0,758,1,759,0,927,3,928,0,1593,1]
11-11 05:00:13.595 2356 2356 I sysui_multi_action: [757,491,758,1,759,491,927,4,928,0,1311,-1,1593,0]
11-11 05:00:13.595 2356 2356 I sysui_multi_action: [757,0,758,1,759,0,927,5,928,0,1593,0]
11-11 05:00:13.596 2356 2356 I sysui_multi_action: [757,111,758,1]
11-11 05:00:13.596 2356 2356 I sysui_multi_action: [757,126,758,1,759,126,927,0,928,1,1593,1]
11-11 05:00:13.596 2356 2356 I sysui_multi_action: [757,113,758,1,759,113,927,1,928,1,1593,1]
11-11 05:00:13.596 2356 2356 I sysui_multi_action: [757,0,758,1,759,0,927,2,928,0,1593,1]
11-11 05:00:13.596 2356 2356 I sysui_multi_action: [757,0,758,1,759,0,927,3,928,0,1593,1]
11-11 05:00:13.602 1490 1490 I notification_enqueue: [10082,2356,com.android.systemui,2048,NULL,0,Notification(channel=updateNotification shortcut=null contentView=null vibrate=null sound=null defaults=0x0 flags=0x0 color=0x00000000 vis=PRIVATE),1]
11-11 05:00:13.613 2356 2356 I sysui_multi_action: [757,111,758,2]
11-11 05:00:13.613 1490 1490 I notification_enqueue: [10082,2356,com.android.systemui,2048,NULL,0,Notification(channel=updateNotification shortcut=null contentView=null vibrate=null sound=null defaults=0x0 flags=0x0 color=0x00000000 vis=PRIVATE),1]
11-11 05:00:13.614 2356 2356 I sysui_multi_action: [757,111,758,2]
11-11 05:00:13.619 2356 2356 I sysui_multi_action: [757,111,758,1]
11-11 05:00:13.619 2356 2356 I sysui_multi_action: [757,126,758,1,759,126,927,0,928,1,1593,1]
11-11 05:00:13.619 2356 2356 I sysui_multi_action: [757,113,758,1,759,113,927,1,928,1,1593,1]
11-11 05:00:13.619 2356 2356 I sysui_multi_action: [757,0,758,1,759,0,927,2,928,0,1593,1]
11-11 05:00:13.619 2356 2356 I sysui_multi_action: [757,0,758,1,759,0,927,3,928,0,1593,1]
11-11 05:00:13.619 2356 2356 I sysui_multi_action: [757,491,758,1,759,491,927,4,928,0,1311,-1,1593,0]
11-11 05:00:13.619 2356 2356 I sysui_multi_action: [757,0,758,1,759,0,927,5,928,0,1593,0]
11-11 05:00:13.619 2356 2356 I sysui_multi_action: [757,111,758,1]
11-11 05:00:13.619 2356 2356 I sysui_multi_action: [757,126,758,1,759,126,927,0,928,1,1593,1]
11-11 05:00:13.619 2356 2356 I sysui_multi_action: [757,113,758,1,759,113,927,1,928,1,1593,1]
11-11 05:00:13.619 2356 2356 I sysui_multi_action: [757,0,758,1,759,0,927,2,928,0,1593,1]
11-11 05:00:13.619 2356 2356 I sysui_multi_action: [757,0,758,1,759,0,927,3,928,0,1593,1]
11-11 05:00:13.634 1490 1490 I notification_enqueue: [10082,2356,com.android.systemui,2048,NULL,0,Notification(channel=updateNotification shortcut=null contentView=null vibrate=null sound=null defaults=0x0 flags=0x0 color=0x00000000 vis=PRIVATE),1]
11-11 05:00:13.634 2356 2356 I sysui_multi_action: [757,111,758,2]
11-11 05:00:13.634 2356 2356 I sysui_multi_action: [757,111,758,2]
11-11 05:00:13.639 2356 2356 I sysui_multi_action: [757,111,758,1]
