11-11 05:02:41.569 2356 2356 I sysui_multi_action: [757,0,758,1,759,0,927,2,928,0,1593,0]
11-11 05:02:41.569 2356 2356 I sysui_multi_action: [757,0,758,1,759,0,927,3,928,0,1593,0]
11-11 05:02:41.580 1490 1490 I notification_enqueue: [10082,2356,com.android.systemui,2048,NULL,0,Notification(channel=updateNotification shortcut=null contentView=null vibrate=null sound=null defaults=0x0 flags=0x0 color=0x00000000 vis=PRIVATE),1]
11-11 05:02:41.580 2356 2356 I sysui_multi_action: [757,111,758,2]
11-11 05:02:41.581 2356 2356 I sysui_multi_action: [757,111,758,2]
11-11 05:02:41.585 2356 2356 I sysui_multi_action: [757,111,758,1]
11-11 05:02:41.585 2356 2356 I sysui_multi_action: [757,126,758,1,759,126,927,0,928,1,1593,1]
11-11 05:02:41.585 2356 2356 I sysui_multi_action: [757,113,758,1,759,113,927,1,928,1,1593,1]
11-11 05:02:41.585 2356 2356 I sysui_multi_action: [757,0,758,1,759,0,927,2,928,0,1593,1]
11-11 05:02:41.585 2356 2356 I sysui_multi_action: [757,0,758,1,759,0,927,3,928,0,1593,1]
11-11 05:02:41.585 2356 2356 I sysui_multi_action: [757,491,758,1,759,491,927,4,928,0,1311,-1,1593,1]
11-11 05:02:41.585 2356 2356 I sysui_multi_action: [757,0,758,1,759,0,927,5,928,0,1593,1]
11-11 05:02:41.585 2356 2356 I sysui_multi_action: [757,111,758,1]
11-11 05:02:41.585 2356 2356 I sysui_multi_action: [757,126,758,1,759,126,927,0,928,1,1593,1]
11-11 05:02:41.585 2356 2356 I sysui_multi_action: [757,113,758,1,759,113,927,1,928,1,1593,1]
11-11 05:02:41.585 2356 2356 I sysui_multi_action: [757,0,758,1,759,0,927,2,928,0,1593,1]
11-11 05:02:41.585 2356 2356 I sysui_multi_action: [757,0,758,1,759,0,927,3,928,0,1593,1]
11-11 05:02:41.599 1490 1490 I notification_enqueue: [10082,2356,com.android.systemui,2048,NULL,0,Notification(channel=updateNotification shortcut=null contentView=null vibrate=null sound=null defaults=0x0 flags=0x0 color=0x00000000 vis=PRIVATE),1]
11-11 05:02:41.599 2356 2356 I sysui_multi_action: [757,111,758,2]
11-11 05:02:41.599 2356 2356 I sysui_multi_action: [757,111,758,2]
11-11 05:02:41.603 2356 2356 I sysui_multi_action: [757,111,758,1]
11-11 05:02:41.603 2356 2356 I sysui_multi_action: [757,126,758,1,759,126,927,0,928,1,1593,0]
11-11 05:02:41.603 2356 2356 I sysui_multi_action: [757,113,758,1,759,113,927,1,928,1,1593,0]
11-11 05:02:41.603 2356 2356 I sysui_multi_action: [757,0,758,1,759,0,927,2,928,0,1593,0]
11-11 05:02:41.603 2356 2356 I sysui_multi_action: [757,0,758,1,759,0,927,3,928,0,1593,0]
11-11 05:02:41.603 2356 2356 I sysui_multi_action: [757,491,758,1,759,491,927,4,928,0,1311,-1,1593,0]
11-11 05:02:41.603 2356 2356 I sysui_multi_action: [757,0,758,1,759,0,927,5,928,0,1593,0]
11-11 05:02:41.603 2356 2356 I sysui_multi_action: [757,111,758,1]
11-11 05:02:41.603 2356 2356 I sysui_multi_action: [757,126,758,1,759,126,927,0,928,1,1593,0]
11-11 05:02:41.603 2356 2356 I sysui_multi_action: [757,113,758,1,759,113,927,1,928,1,1593,0]
11-11 05:02:41.603 2356 2356 I sysui_multi_action: [757,0,758,1,759,0,927,2,928,0,1593,0]
11-11 05:02:41.603 2356 2356 I sysui_multi_action: [757,0,758,1,759,0,927,3,928,0,1593,0]
11-11 05:02:41.614 1490 1490 I notification_enqueue: [10082,2356,com.android.systemui,2048,NULL,0,Notification(channel=updateNotification shortcut=null contentView=null vibrate=null sound=null defaults=0x0 flags=0x0 color=0x00000000 vis=PRIVATE),1]
11-11 05:02:41.616 2356 2356 I sysui_multi_action: [757,111,758,2]
11-11 05:02:41.616 2356 2356 I sysui_multi_action: [757,111,758,2]
11-11 05:02:41.619 2356 2356 I sysui_multi_action: [757,111,758,1]
11-11 05:02:41.619 2356 2356 I sysui_multi_action: [757,126,758,1,759,126,927,0,928,1,1593,0]
11-11 05:02:41.620 2356 2356 I sysui_multi_action: [757,113,758,1,759,113,927,1,928,1,1593,0]
11-11 05:02:41.620 2356 2356 I sysui_multi_action: [757,0,758,1,759,0,927,2,928,0,1593,0]
11-11 05:02:41.620 2356 2356 I sysui_multi_action: [757,0,758,1,759,0,927,3,928,0,1593,0]
11-11 05:02:41.620 2356 2356 I sysui_multi_action: [757,491,758,1,759,491,927,4,928,0,1311,-1,1593,0]
11-11 05:02:41.620 2356 2356 I sysui_multi_action: [757,0,758,1,759,0,927,5,928,0,1593,0]
11-11 05:02:41.620 2356 2356 I sysui_multi_action: [757,111,758,1]
11-11 05:02:41.620 2356 2356 I sysui_multi_action: [757,126,758,1,759,126,927,0,928,1,1593,0]
11-11 05:02:41.620 2356 2356 I sysui_multi_action: [757,113,758,1,759,113,927,1,928,1,1593,0]
11-11 05:02:41.620 2356 2356 I sysui_multi_action: [757,0,758,1,759,0,927,2,928,0,1593,0]
11-11 05:02:41.620 2356 2356 I sysui_multi_action: [757,0,758,1,759,0,927,3,928,0,1593,0]
11-11 05:02:41.632 2356 2356 I sysui_multi_action: [757,111,758,2]
11-11 05:02:41.632 2356 2356 I sysui_multi_action: [757,111,758,2]
11-11 05:02:41.634 1490 1490 I notification_enqueue: [10082,2356,com.android.systemui,2048,NULL,0,Notification(channel=updateNotification shortcut=null contentView=null vibrate=null sound=null defaults=0x0 flags=0x0 color=0x00000000 vis=PRIVATE),1]
11-11 05:02:41.638 2356 2356 I sysui_multi_action: [757,111,758,1]
11-11 05:02:41.638 2356 2356 I sysui_multi_action: [757,126,758,1,759,126,927,0,928,1,1593,0]
11-11 05:02:41.638 2356 2356 I sysui_multi_action: [757,113,758,1,759,113,927,1,928,1,1593,0]
11-11 05:02:41.638 2356 2356 I sysui_multi_action: [757,0,758,1,759,0,927,2,928,0,1593,0]
11-11 05:02:41.638 2356 2356 I sysui_multi_action: [757,0,758,1,759,0,927,3,928,0,1593,0]
11-11 05:02:41.638 2356 2356 I sysui_multi_action: [757,491,758,1,759,491,927,4,928,0,1311,-1,1593,0]
11-11 05:02:41.638 2356 2356 I sysui_multi_action: [757,0,758,1,759,0,927,5,928,0,1593,0]
11-11 05:02:41.638 2356 2356 I sysui_multi_action: [757,111,758,1]
11-11 05:02:41.638 2356 2356 I sysui_multi_action: [757,126,758,1,759,126,927,0,928,1,1593,0]
11-11 05:02:41.638 2356 2356 I sysui_multi_action: [757,113,758,1,759,113,927,1,928,1,1593,0]
11-11 05:02:41.638 2356 2356 I sysui_multi_action: [757,0,758,1,759,0,927,2,928,0,1593,0]
11-11 05:02:41.638 2356 2356 I sysui_multi_action: [757,0,758,1,759,0,927,3,928,0,1593,0]
11-11 05:02:41.655 2356 2356 I sysui_multi_action: [757,111,758,2]
11-11 05:02:41.655 2356 2356 I sysui_multi_action: [757,111,758,2]
11-11 05:02:41.656 1490 1490 I notification_enqueue: [10082,2356,com.android.systemui,2048,NULL,0,Notification(channel=updateNotification shortcut=null contentView=null vibrate=null sound=null defaults=0x0 flags=0x0 color=0x00000000 vis=PRIVATE),1]
11-11 05:02:41.660 2356 2356 I sysui_multi_action: [757,111,758,1]
11-11 05:02:41.660 2356 2356 I sysui_multi_action: [757,126,758,1,759,126,927,0,928,1,1593,1]
11-11 05:02:41.660 2356 2356 I sysui_multi_action: [757,113,758,1,759,113,927,1,928,1,1593,1]
11-11 05:02:41.660 2356 2356 I sysui_multi_action: [757,0,758,1,759,0,927,2,928,0,1593,1]
11-11 05:02:41.660 2356 2356 I sysui_multi_action: [757,0,758,1,759,0,927,3,928,0,1593,1]
11-11 05:02:41.660 2356 2356 I sysui_multi_action: [757,491,758,1,759,491,927,4,928,0,1311,-1,1593,1]
11-11 05:02:41.660 2356 2356 I sysui_multi_action: [757,0,758,1,759,0,927,5,928,0,1593,1]
11-11 05:02:41.660 2356 2356 I sysui_multi_action: [757,111,758,1]
11-11 05:02:41.660 2356 2356 I sysui_multi_action: [757,126,758,1,759,126,927,0,928,1,1593,1]
11-11 05:02:41.660 2356 2356 I sysui_multi_action: [757,113,758,1,759,113,927,1,928,1,1593,1]
11-11 05:02:41.660 2356 2356 I sysui_multi_action: [757,0,758,1,759,0,927,2,928,0,1593,1]
11-11 05:02:41.660 2356 2356 I sysui_multi_action: [757,0,758,1,759,0,927,3,928,0,1593,1]
11-11 05:02:41.673 2356 2356 I sysui_multi_action: [757,111,758,2]
11-11 05:02:41.673 1490 1490 I notification_enqueue: [10082,2356,com.android.systemui,2048,NULL,0,Notification(channel=updateNotification shortcut=null contentView=null vibrate=null sound=null defaults=0x0 flags=0x0 color=0x00000000 vis=PRIVATE),1]
11-11 05:02:41.673 2356 2356 I sysui_multi_action: [757,111,758,2]
11-11 05:02:41.677 2356 2356 I sysui_multi_action: [757,111,758,1]
11-11 05:02:41.677 2356 2356 I sysui_multi_action: [757,126,758,1,759,126,927,0,928,1,1593,1]
11-11 05:02:41.677 2356 2356 I sysui_multi_action: [757,113,758,1,759,113,927,1,928,1,1593,1]
11-11 05:02:41.677 2356 2356 I sysui_multi_action: [757,0,758,1,759,0,927,2,928,0,1593,1]
11-11 05:02:41.677 2356 2356 I sysui_multi_action: [757,0,758,1,759,0,927,3,928,0,1593,1]
11-11 05:02:41.678 2356 2356 I sysui_multi_action: [757,491,758,1,759,491,927,4,928,0,1311,-1,1593,1]
11-11 05:02:41.678 2356 2356 I sysui_multi_action: [757,0,758,1,759,0,927,5,928,0,1593,1]
11-11 05:02:41.678 2356 2356 I sysui_multi_action: [757,111,758,1]
11-11 05:02:41.678 2356 2356 I sysui_multi_action: [757,126,758,1,759,126,927,0,928,1,1593,1]
11-11 05:02:41.678 2356 2356 I sysui_multi_action: [757,113,758,1,759,113,927,1,928,1,1593,1]
11-11 05:02:41.678 2356 2356 I sysui_multi_action: [757,0,758,1,759,0,927,2,928,0,1593,1]
11-11 05:02:41.678 2356 2356 I sysui_multi_action: [757,0,758,1,759,0,927,3,928,0,1593,1]
11-11 05:02:41.691 2356 2356 I sysui_multi_action: [757,111,758,2]
11-11 05:02:41.691 1490 1490 I notification_enqueue: [10082,2356,com.android.systemui,2048,NULL,0,Notification(channel=updateNotification shortcut=null contentView=null vibrate=null sound=null defaults=0x0 flags=0x0 color=0x00000000 vis=PRIVATE),1]
11-11 05:02:41.691 2356 2356 I sysui_multi_action: [757,111,758,2]
11-11 05:02:41.695 2356 2356 I sysui_multi_action: [757,111,758,1]
11-11 05:02:41.695 2356 2356 I sysui_multi_action: [757,126,758,1,759,126,927,0,928,1,1593,1]
11-11 05:02:41.695 2356 2356 I sysui_multi_action: [757,113,758,1,759,113,927,1,928,1,1593,1]
11-11 05:02:41.695 2356 2356 I sysui_multi_action: [757,0,758,1,759,0,927,2,928,0,1593,1]
11-11 05:02:41.695 2356 2356 I sysui_multi_action: [757,0,758,1,759,0,927,3,928,0,1593,1]
11-11 05:02:41.696 2356 2356 I sysui_multi_action: [757,491,758,1,759,491,927,4,928,0,1311,-1,1593,1]
11-11 05:02:41.696 2356 2356 I sysui_multi_action: [757,0,758,1,759,0,927,5,928,0,1593,1]
11-11 05:02:41.696 2356 2356 I sysui_multi_action: [757,111,758,1]
11-11 05:02:41.696 2356 2356 I sysui_multi_action: [757,126,758,1,759,126,927,0,928,1,1593,1]
11-11 05:02:41.696 2356 2356 I sysui_multi_action: [757,113,758,1,759,113,927,1,928,1,1593,1]
11-11 05:02:41.696 2356 2356 I sysui_multi_action: [757,0,758,1,759,0,927,2,928,0,1593,1]
11-11 05:02:41.696 2356 2356 I sysui_multi_action: [757,0,758,1,759,0,927,3,928,0,1593,1]
11-11 05:02:41.710 2356 2356 I sysui_multi_action: [757,111,758,2]
11-11 05:02:41.710 1490 1490 I notification_enqueue: [10082,2356,com.android.systemui,2048,NULL,0,Notification(channel=updateNotification shortcut=null contentView=null vibrate=null sound=null defaults=0x0 flags=0x0 color=0x00000000 vis=PRIVATE),1]
11-11 05:02:41.710 2356 2356 I sysui_multi_action: [757,111,758,2]
11-11 05:02:41.715 2356 2356 I sysui_multi_action: [757,111,758,1]
11-11 05:02:41.715 2356 2356 I sysui_multi_action: [757,126,758,1,759,126,927,0,928,1,1593,1]
11-11 05:02:41.715 2356 2356 I sysui_multi_action: [757,113,758,1,759,113,927,1,928,1,1593,1]
11-11 05:02:41.715 2356 2356 I sysui_multi_action: [757,0,758,1,759,0,927,2,928,0,1593,1]
11-11 05:02:41.715 2356 2356 I sysui_multi_action: [757,0,758,1,759,0,927,3,928,0,1593,1]
11-11 05:02:41.715 2356 2356 I sysui_multi_action: [757,491,758,1,759,491,927,4,928,0,1311,-1,1593,1]
11-11 05:02:41.715 2356 2356 I sysui_multi_action: [757,0,758,1,759,0,927,5,928,0,1593,1]
11-11 05:02:41.716 2356 2356 I sysui_multi_action: [757,111,758,1]
11-11 05:02:41.716 2356 2356 I sysui_multi_action: [757,126,758,1,759,126,927,0,928,1,1593,1]
11-11 05:02:41.716 2356 2356 I sysui_multi_action: [757,113,758,1,759,113,927,1,928,1,1593,1]
11-11 05:02:41.716 2356 2356 I sysui_multi_action: [757,0,758,1,759,0,927,2,928,0,1593,1]
11-11 05:02:41.716 2356 2356 I sysui_multi_action: [757,0,758,1,759,0,927,3,928,0,1593,1]
11-11 05:02:41.731 1490 1490 I notification_enqueue: [10082,2356,com.android.systemui,2048,NULL,0,Notification(channel=updateNotification shortcut=null contentView=null vibrate=null sound=null defaults=0x0 flags=0x0 color=0x00000000 vis=PRIVATE),1]
11-11 05:02:41.731 2356 2356 I sysui_multi_action: [757,111,758,2]
11-11 05:02:41.732 2356 2356 I sysui_multi_action: [757,111,758,2]
11-11 05:02:41.744 1490 1635 I input_focus: [Focus request 978e85f com.android.launcher3/com.android.launcher3.uioverrides.QuickstepLauncher,reason=UpdateInputWindows]
11-11 05:02:41.744 2356 2356 I sysui_multi_action: [757,111,758,1]
11-11 05:02:41.744 2356 2356 I sysui_multi_action: [757,126,758,1,759,126,927,0,928,1,1593,0]
11-11 05:02:41.744 2356 2356 I sysui_multi_action: [757,113,758,1,759,113,927,1,928,1,1593,0]
11-11 05:02:41.744 2356 2356 I sysui_multi_action: [757,0,758,1,759,0,927,2,928,0,1593,0]
11-11 05:02:41.744 2356 2356 I sysui_multi_action: [757,0,758,1,759,0,927,3,928,0,1593,0]
11-11 05:02:41.744 2356 2356 I sysui_multi_action: [757,491,758,1,759,491,927,4,928,0,1311,-1,1593,0]
11-11 05:02:41.744 2356 2356 I sysui_multi_action: [757,0,758,1,759,0,927,5,928,0,1593,0]
11-11 05:02:41.744 2356 2356 I sysui_multi_action: [757,111,758,1]
11-11 05:02:41.745 2356 2356 I sysui_multi_action: [757,126,758,1,759,126,927,0,928,1,1593,0]
11-11 05:02:41.745 2356 2356 I sysui_multi_action: [757,113,758,1,759,113,927,1,928,1,1593,0]
11-11 05:02:41.745 2356 2356 I sysui_multi_action: [757,0,758,1,759,0,927,2,928,0,1593,0]
11-11 05:02:41.745 2356 2356 I sysui_multi_action: [757,0,758,1,759,0,927,3,928,0,1593,0]
11-11 05:02:41.759 2356 2356 I sysui_multi_action: [757,111,758,2]
11-11 05:02:41.759 2356 2356 I sysui_multi_action: [757,111,758,2]
11-11 05:02:41.760 1490 1490 I notification_enqueue: [10082,2356,com.android.systemui,2048,NULL,0,Notification(channel=updateNotification shortcut=null contentView=null vibrate=null sound=null defaults=0x0 flags=0x0 color=0x00000000 vis=PRIVATE),1]
11-11 05:02:41.762 1490 6835 I sysui_multi_action: [757,128,758,2,793,651430,794,13989,795,651430,796,26,798,0,806,android,857,DEVELOPER_IMPORTANT,858,4,947,0,1395,2,1500,651227,1688,1]
11-11 05:02:41.762 1490 6835 I notification_visibility: [-1|android|26|null|1000,0,651430,651430,0,0]
11-11 05:02:41.762 1490 6835 I sysui_multi_action: [757,128,758,2,793,955229,794,13988,795,955229,796,32,798,1,806,android,857,USB,858,1,947,0,1395,2,1500,955008,1688,1]
11-11 05:02:41.762 1490 6835 I notification_visibility: [-1|android|32|null|1000,0,955229,955229,0,1]
11-11 05:02:41.762 1490 1593 I sysui_multi_action: [757,127,758,2]
11-11 05:02:41.762 1490 1593 I notification_panel_hidden:
11-11 05:02:41.768 1490 1992 I input_focus: [Focus leaving 374215a NotificationShade (server),reason=NOT_FOCUSABLE]
11-11 05:02:41.768 1490 1992 I input_focus: [Focus entering 978e85f com.android.launcher3/com.android.launcher3.uioverrides.QuickstepLauncher (server),reason=setFocusedWindow]
11-11 05:02:41.781 2356 2356 I sysui_multi_action: [757,111,758,1]
11-11 05:02:41.781 2356 2356 I sysui_multi_action: [757,126,758,1,759,126,927,0,928,1,1593,1]
11-11 05:02:41.781 2356 2356 I sysui_multi_action: [757,113,758,1,759,113,927,1,928,1,1593,1]
11-11 05:02:41.781 2356 2356 I sysui_multi_action: [757,0,758,1,759,0,927,2,928,0,1593,1]
11-11 05:02:41.781 2356 2356 I sysui_multi_action: [757,0,758,1,759,0,927,3,928,0,1593,1]
11-11 05:02:41.781 2356 2356 I sysui_multi_action: [757,491,758,1,759,491,927,4,928,0,1311,-1,1593,0]
11-11 05:02:41.782 2356 2356 I sysui_multi_action: [757,0,758,1,759,0,927,5,928,0,1593,0]
11-11 05:02:41.782 2356 2356 I sysui_multi_action: [757,111,758,1]
11-11 05:02:41.782 2356 2356 I sysui_multi_action: [757,126,758,1,759,126,927,0,928,1,1593,1]
11-11 05:02:41.782 2356 2356 I sysui_multi_action: [757,113,758,1,759,113,927,1,928,1,1593,1]
11-11 05:02:41.782 2356 2356 I sysui_multi_action: [757,0,758,1,759,0,927,2,928,0,1593,1]
11-11 05:02:41.782 2356 2356 I sysui_multi_action: [757,0,758,1,759,0,927,3,928,0,1593,1]
11-11 05:02:43.016 1490 1992 I input_interaction: Interaction with: 978e85f com.android.launcher3/com.android.launcher3.uioverrides.QuickstepLauncher (server), f91321f com.android.systemui.ImageWallpaper (server), edge-swipe (server), swipe-up (server), PointerEventDispatcher0 (server),
11-11 05:02:43.133 1490 2446 I wm_task_created: [81,-1]
11-11 05:02:43.139 1490 2446 I wm_task_moved: [81,1,6]
11-11 05:02:43.139 1490 2446 I wm_task_to_front: [0,81]
11-11 05:02:43.139 1490 2446 I wm_create_task: [0,81]
11-11 05:02:43.139 1490 2446 I wm_create_activity: [0,212957113,81,com.android.settings/.Settings,android.intent.action.MAIN,NULL,NULL,270532608]
11-11 05:02:43.139 1490 2446 I wm_task_moved: [81,1,6]
11-11 05:02:43.141 1490 2446 I wm_pause_activity: [0,85671939,com.android.launcher3/.uioverrides.QuickstepLauncher,userLeaving=true,pauseBackTasks]
11-11 05:02:43.149 2824 2824 I wm_on_top_resumed_lost_called: [85671939,com.android.launcher3.uioverrides.QuickstepLauncher,topStateChangedWhenResumed]
11-11 05:02:43.150 2824 2824 I wm_on_paused_called: [85671939,com.android.launcher3.uioverrides.QuickstepLauncher,performPause]
11-11 05:02:43.152 1490 6835 I wm_add_to_stopping: [0,85671939,com.android.launcher3/.uioverrides.QuickstepLauncher,makeInvisible]
11-11 05:02:43.155 1490 6835 I wm_restart_activity: [0,212957113,81,com.android.settings/.Settings]
11-11 05:02:43.156 1490 6835 I wm_set_resumed_activity: [0,com.android.settings/.Settings,minimalResumeActivityLocked]
11-11 05:02:43.175 1490 1634 I sysui_multi_action: [757,803,799,window_time_0,802,18]
11-11 05:02:43.190 1490 1992 I input_focus: [Focus leaving 978e85f com.android.launcher3/com.android.launcher3.uioverrides.QuickstepLauncher (server),reason=NO_WINDOW]
11-11 05:02:43.195 1490 1641 I am_pss : [11008,1000,com.thundercomm.mcuupgrade,6753280,4694016,0,90714112,0,19,5]
11-11 05:02:43.222 1490 1593 I am_uid_active: 10084
11-11 05:02:43.227 11090 11090 I wm_on_create_called: [212957113,com.android.settings.Settings,performCreate]
11-11 05:02:43.262 11090 11090 I wm_on_start_called: [212957113,com.android.settings.Settings,handleStartActivity]
11-11 05:02:43.264 11090 11090 I snet_event_log: [120484087,-1,]
11-11 05:02:43.264 11090 11090 I wm_on_resume_called: [212957113,com.android.settings.Settings,RESUME_ACTIVITY]
11-11 05:02:43.267 11090 11090 I sysui_multi_action: [757,35,758,1,833,0,1089,37]
11-11 05:02:43.276 11090 11090 I sysui_multi_action: [757,1729,758,4,854,isParalleledControllers:false,1089,47]
11-11 05:02:43.284 11090 11090 I wm_on_top_resumed_gained_called: [212957113,com.android.settings.Settings,topStateChangedWhenResumed]
11-11 05:02:43.315 0 0 I auditd : type=1400 audit(0.0:1455): avc: denied { kill } for comm="swapper/2" capability=5 scontext=u:r:kernel:s0 tcontext=u:r:kernel:s0 tclass=capability permissive=0
11-11 05:02:43.329 1490 1635 I input_focus: [Focus request d314699 com.android.settings/com.android.settings.Settings,reason=UpdateInputWindows]
11-11 05:02:43.374 1490 1635 I sysui_multi_action: [324,1,757,1090,758,12,806,com.android.settings,871,com.android.settings.Settings,1091,257]
11-11 05:02:43.378 1490 1630 I sysui_multi_action: [319,80,321,78,322,257,325,982,757,761,758,8,759,1,806,com.android.settings,871,com.android.settings.Settings,904,com.android.launcher3,905,0,1320,4,1321,1]
11-11 05:02:43.379 1490 1630 I wm_activity_launch_time: [0,212957113,com.android.settings/.Settings,257]
11-11 05:02:43.387 1490 1992 I input_focus: [Focus entering d314699 com.android.settings/com.android.settings.Settings (server),reason=Window became focusable. Previous reason: NOT_VISIBLE]
11-11 05:02:43.522 11090 11090 W CarrierConfigManager: Error getting config for subId -1 ICarrierConfigLoader is null
11-11 05:02:43.573 11090 11090 I sysui_multi_action: [757,746,758,1,833,0,1089,75]
11-11 05:02:43.576 1490 6835 D TelephonyRegistry: listen oscl: mHasNotifySubscriptionInfoChangedOccurred==false no callback
11-11 05:02:43.580 1490 6835 D TelephonyRegistry: listen oscl: mHasNotifySubscriptionInfoChangedOccurred==false no callback
11-11 05:02:43.585 11090 11090 I sysui_multi_action: [757,1729,758,4,854,isParalleledControllers:false,1089,87]
11-11 05:02:43.761 1490 1634 I wm_stop_activity: [0,85671939,com.android.launcher3/.uioverrides.QuickstepLauncher]
11-11 05:02:43.776 1490 1641 I am_pss : [11060,10068,com.android.calendar,6198272,4038656,0,91971584,0,19,6]
11-11 05:02:43.790 2824 2824 I wm_on_stop_called: [85671939,com.android.launcher3.uioverrides.QuickstepLauncher,STOP_ACTIVITY_ITEM]
11-11 05:02:44.315 0 0 I auditd : type=1400 audit(0.0:1456): avc: denied { kill } for comm="swapper/2" capability=5 scontext=u:r:kernel:s0 tcontext=u:r:kernel:s0 tclass=capability permissive=0
11-11 05:02:44.850 1490 1992 I input_interaction: Interaction with: d314699 com.android.settings/com.android.settings.Settings (server), edge-swipe (server), swipe-up (server), PointerEventDispatcher0 (server),
11-11 05:02:45.276 1400 9686 I liblog : 19
11-11 05:02:45.315 0 0 I auditd : type=1400 audit(0.0:1457): avc: denied { kill } for comm="swapper/2" capability=5 scontext=u:r:kernel:s0 tcontext=u:r:kernel:s0 tclass=capability permissive=0
11-11 05:02:46.315 0 0 I auditd : type=1400 audit(0.0:1458): avc: denied { kill } for comm="swapper/2" capability=5 scontext=u:r:kernel:s0 tcontext=u:r:kernel:s0 tclass=capability permissive=0
11-11 05:02:46.655 1490 2446 I wm_task_moved: [1,0,0]
11-11 05:02:46.656 1490 2446 I wm_task_moved: [1,0,5]
11-11 05:02:46.671 2824 2824 I wm_on_restart_called: [85671939,com.android.launcher3.uioverrides.QuickstepLauncher,performRestartActivity]
11-11 05:02:46.684 2824 2824 I wm_on_start_called: [85671939,com.android.launcher3.uioverrides.QuickstepLauncher,handleStartActivity]
11-11 05:02:46.708 1490 1630 I sysui_multi_action: [319,15,322,48,325,986,757,761,758,9,759,5,806,com.android.launcher3,871,com.android.launcher3.uioverrides.QuickstepLauncher,905,0,1320,4,1321,1]
11-11 05:02:46.800 11090 11090 I view_enqueue_input_event: [Motion - Cancel,com.android.settings/com.android.settings.Settings]
11-11 05:02:46.802 2824 2824 I sysui_latency: [1,68]
11-11 05:02:46.804 1490 1992 I input_interaction: Interaction with: edge-swipe (server), swipe-up (server), PointerEventDispatcher0 (server),
11-11 05:02:46.808 2356 2771 I sysui_multi_action: [757,210,758,4,759,-1]
11-11 05:02:46.808 1490 1635 I input_focus: [Focus request recents_animation_input_consumer,reason=UpdateInputWindows]
11-11 05:02:46.828 1490 1992 I input_focus: [Focus leaving d314699 com.android.settings/com.android.settings.Settings (server),reason=NOT_FOCUSABLE]
11-11 05:02:46.828 1490 1992 I input_focus: [Focus entering recents_animation_input_consumer (server),reason=setFocusedWindow]
11-11 05:02:46.886 1490 1745 I commit_sys_config_file: [settings-1-0,4]
11-11 05:02:47.007 1490 1641 I sysui_latency: [8,67]
11-11 05:02:47.315 0 0 I auditd : type=1400 audit(0.0:1459): avc: denied { kill } for comm="swapper/2" capability=5 scontext=u:r:kernel:s0 tcontext=u:r:kernel:s0 tclass=capability permissive=0
11-11 05:02:48.673 1490 1745 I commit_sys_config_file: [settings-1-0,6]
11-11 05:02:50.315 0 0 I auditd : type=1400 audit(0.0:1460): avc: denied { kill } for comm="swapper/2" capability=5 scontext=u:r:kernel:s0 tcontext=u:r:kernel:s0 tclass=capability permissive=0
11-11 05:02:50.494 1490 1992 I input_interaction: Interaction with: 978e85f com.android.launcher3/com.android.launcher3.uioverrides.QuickstepLauncher (server), edge-swipe (server), swipe-up (server), PointerEventDispatcher0 (server),
11-11 05:02:50.632 1490 1490 I service_manager_stats: [100,69,44371]
11-11 05:02:50.945 1490 6835 I wm_task_moved: [1,1,6]
11-11 05:02:50.950 1490 6835 I wm_focused_root_task: [0,0,1,81,RecentsAnimation.onAnimationFinished()]
11-11 05:02:50.950 11090 11090 I wm_on_top_resumed_lost_called: [212957113,com.android.settings.Settings,topStateChangedWhenResumed]
11-11 05:02:50.953 1490 6835 I wm_pause_activity: [0,212957113,com.android.settings/.Settings,userLeaving=false,pauseBackTasks]
11-11 05:02:50.955 1490 6835 I wm_set_resumed_activity: [0,com.android.launcher3/.uioverrides.QuickstepLauncher,resumeTopActivityInnerLocked]
11-11 05:02:50.957 1490 6835 I wm_resume_activity: [0,85671939,10,com.android.launcher3/.uioverrides.QuickstepLauncher]
11-11 05:02:50.958 1490 6835 I wm_add_to_stopping: [0,212957113,com.android.settings/.Settings,makeInvisible]
11-11 05:02:50.970 2824 2824 I wm_on_resume_called: [85671939,com.android.launcher3.uioverrides.QuickstepLauncher,RESUME_ACTIVITY]
11-11 05:02:50.971 1490 1992 I input_focus: [Focus leaving recents_animation_input_consumer (server),reason=NOT_VISIBLE]
11-11 05:02:50.972 1490 1635 I input_focus: [Focus request 978e85f com.android.launcher3/com.android.launcher3.uioverrides.QuickstepLauncher,reason=UpdateInputWindows]
11-11 05:02:50.977 1490 1634 I sysui_multi_action: [757,803,799,window_time_0,802,8]
11-11 05:02:50.988 1490 1992 I input_focus: [Focus entering 978e85f com.android.launcher3/com.android.launcher3.uioverrides.QuickstepLauncher (server),reason=setFocusedWindow]
11-11 05:02:50.994 11090 11090 I sysui_multi_action: [757,35,758,2,1089,7728]
11-11 05:02:50.998 1490 1634 I wm_stop_activity: [0,212957113,com.android.settings/.Settings]
11-11 05:02:51.002 1490 1634 I sysui_multi_action: [757,803,799,window_time_0,802,0]
11-11 05:02:51.003 11090 11090 I sysui_multi_action: [757,746,758,2,1089,7430]
11-11 05:02:51.017 11090 11090 I wm_on_paused_called: [212957113,com.android.settings.Settings,performPause]
11-11 05:02:51.020 2824 2824 I wm_on_top_resumed_gained_called: [85671939,com.android.launcher3.uioverrides.QuickstepLauncher,topStateChangedWhenResumed]
11-11 05:02:51.041 11090 11090 I wm_on_stop_called: [212957113,com.android.settings.Settings,STOP_ACTIVITY_ITEM]
11-11 05:02:51.081 1490 7426 I wm_finish_activity: [0,212957113,81,com.android.settings/.Settings,recent-task-trimmed]
11-11 05:02:51.082 1490 7426 I wm_destroy_activity: [0,212957113,81,com.android.settings/.Settings,finish-imm:finishIfPossible]
11-11 05:02:51.083 1490 1634 I am_kill : [0,11090,com.android.settings,900,remove task]
11-11 05:02:51.085 1490 1634 I sysui_multi_action: [757,803,799,window_time_0,802,0]
11-11 05:02:51.119 1490 2777 I am_proc_died: [0,11090,com.android.settings,900,18]
11-11 05:02:51.123 1490 2777 I wm_task_removed: [81,removeChild:removeChild last r=ActivityRecord{cb177b9 u0 com.android.settings/.Settings t-1 f}} in t=Task{442b498 #81 type=standard A=1000:com.android.settings.root U=0 visible=false mode=fullscreen translucent=true sz=0}]
11-11 05:02:51.124 1490 2777 I wm_task_removed: [81,removeChild]
11-11 05:02:51.141 1490 1643 I am_proc_start: [0,11151,1000,com.android.settings,NULL,]
11-11 05:02:51.169 1490 2777 I am_proc_bound: [0,11151,com.android.settings]
11-11 05:02:51.246 1490 1992 I input_interaction: Interaction with: 978e85f com.android.launcher3/com.android.launcher3.uioverrides.QuickstepLauncher (server), f91321f com.android.systemui.ImageWallpaper (server), edge-swipe (server), swipe-up (server), PointerEventDispatcher0 (server),
11-11 05:02:51.315 0 0 I auditd : type=1400 audit(0.0:1461): avc: denied { kill } for comm="swapper/2" capability=5 scontext=u:r:kernel:s0 tcontext=u:r:kernel:s0 tclass=capability permissive=0
11-11 05:02:52.315 0 0 I auditd : type=1400 audit(0.0:1462): avc: denied { kill } for comm="swapper/2" capability=5 scontext=u:r:kernel:s0 tcontext=u:r:kernel:s0 tclass=capability permissive=0
11-11 05:02:54.315 0 0 I auditd : type=1400 audit(0.0:1463): avc: denied { kill } for comm="swapper/2" capability=5 scontext=u:r:kernel:s0 tcontext=u:r:kernel:s0 tclass=capability permissive=0
11-11 05:02:55.315 0 0 I auditd : type=1400 audit(0.0:1464): avc: denied { kill } for comm="swapper/2" capability=5 scontext=u:r:kernel:s0 tcontext=u:r:kernel:s0 tclass=capability permissive=0
11-11 05:02:57.315 0 0 I auditd : type=1400 audit(0.0:1465): avc: denied { kill } for comm="swapper/2" capability=5 scontext=u:r:kernel:s0 tcontext=u:r:kernel:s0 tclass=capability permissive=0
11-11 05:02:58.315 0 0 I auditd : type=1400 audit(0.0:1466): avc: denied { kill } for comm="swapper/2" capability=5 scontext=u:r:kernel:s0 tcontext=u:r:kernel:s0 tclass=capability permissive=0
11-11 05:02:59.315 0 0 I auditd : type=1400 audit(0.0:1467): avc: denied { kill } for comm="swapper/2" capability=5 scontext=u:r:kernel:s0 tcontext=u:r:kernel:s0 tclass=capability permissive=0
11-11 05:03:00.315 0 0 I auditd : type=1400 audit(0.0:1468): avc: denied { kill } for comm="swapper/2" capability=5 scontext=u:r:kernel:s0 tcontext=u:r:kernel:s0 tclass=capability permissive=0
11-11 05:03:00.726 1490 2446 I wm_task_created: [82,-1]
11-11 05:03:00.733 1490 2446 I wm_task_moved: [82,1,6]
11-11 05:03:00.733 1490 2446 I wm_task_to_front: [0,82]
11-11 05:03:00.734 1490 2446 I wm_create_task: [0,82]
11-11 05:03:00.734 1490 2446 I wm_create_activity: [0,183063589,82,com.android.music/.MusicBrowserActivity,android.intent.action.MAIN,NULL,NULL,270532608]
11-11 05:03:00.734 1490 2446 I wm_task_moved: [82,1,6]
11-11 05:03:00.740 1490 2446 I wm_pause_activity: [0,85671939,com.android.launcher3/.uioverrides.QuickstepLauncher,userLeaving=true,pauseBackTasks]
11-11 05:03:00.749 2824 2824 I wm_on_top_resumed_lost_called: [85671939,com.android.launcher3.uioverrides.QuickstepLauncher,topStateChangedWhenResumed]
11-11 05:03:00.749 2824 2824 I wm_on_paused_called: [85671939,com.android.launcher3.uioverrides.QuickstepLauncher,performPause]
11-11 05:03:00.756 1490 2777 I wm_add_to_stopping: [0,85671939,com.android.launcher3/.uioverrides.QuickstepLauncher,makeInvisible]
11-11 05:03:00.756 1490 2777 I wm_restart_activity: [0,183063589,82,com.android.music/.MusicBrowserActivity]
11-11 05:03:00.758 1490 2777 I wm_set_resumed_activity: [0,com.android.music/.MusicBrowserActivity,minimalResumeActivityLocked]
11-11 05:03:00.760 1490 1634 I am_uid_active: 10086
11-11 05:03:00.776 1490 1992 I input_focus: [Focus leaving 978e85f com.android.launcher3/com.android.launcher3.uioverrides.QuickstepLauncher (server),reason=NO_WINDOW]
11-11 05:03:00.782 1490 1634 I sysui_multi_action: [757,803,799,window_time_0,802,10]
11-11 05:03:00.803 9089 9089 I wm_on_create_called: [183063589,com.android.music.MusicBrowserActivity,performCreate]
11-11 05:03:00.818 9089 9089 I wm_on_start_called: [183063589,com.android.music.MusicBrowserActivity,handleStartActivity]
11-11 05:03:00.818 9089 9089 I wm_on_resume_called: [183063589,com.android.music.MusicBrowserActivity,RESUME_ACTIVITY]
11-11 05:03:00.820 9089 9089 I wm_on_top_resumed_gained_called: [183063589,com.android.music.MusicBrowserActivity,topStateChangedWhenResumed]
11-11 05:03:00.831 1490 2777 I sysui_multi_action: [757,856,758,1,806,com.android.music,857,Channel-music,858,2]
11-11 05:03:00.836 1490 1490 I notification_enqueue: [10086,9089,com.android.music,1,NULL,0,Notification(channel=Channel-music shortcut=null contentView=null vibrate=null sound=null defaults=0x0 flags=0x0 color=0x00000000 category=transport actions=3 vis=PRIVATE),0]
11-11 05:03:00.841 1490 1490 I notification_enqueue: [10086,9089,com.android.music,1,NULL,0,Notification(channel=Channel-music shortcut=null contentView=null vibrate=null sound=null defaults=0x0 flags=0x40 color=0x00000000 category=transport actions=3 vis=PRIVATE),0]
11-11 05:03:00.845 1490 1490 I notification_enqueue: [10086,9089,com.android.music,1,NULL,0,Notification(channel=Channel-music shortcut=null contentView=null vibrate=null sound=null defaults=0x0 flags=0x40 color=0x00000000 category=transport actions=3 vis=PRIVATE),0]
11-11 05:03:00.856 1490 1490 I notification_enqueue: [10086,9089,com.android.music,1,NULL,0,Notification(channel=Channel-music shortcut=null contentView=null vibrate=null sound=null defaults=0x0 flags=0x40 color=0x00000000 category=transport actions=3 vis=PRIVATE),0]
11-11 05:03:00.869 1490 1635 I input_focus: [Focus request 2948b8b com.android.music/com.android.music.MusicBrowserActivity,reason=UpdateInputWindows]
11-11 05:03:00.882 1490 1490 I notification_enqueue: [10086,9089,com.android.music,1,NULL,0,Notification(channel=Channel-music shortcut=null contentView=null vibrate=null sound=null defaults=0x0 flags=0x40 color=0x00000000 category=transport actions=3 vis=PRIVATE),0]
11-11 05:03:00.883 1490 1490 I notification_enqueue: [10086,9089,com.android.music,1,NULL,0,Notification(channel=Channel-music shortcut=null contentView=null vibrate=null sound=null defaults=0x0 flags=0x40 color=0x00000000 category=transport actions=3 vis=PRIVATE),0]
11-11 05:03:00.884 1490 1490 I sysui_multi_action: [757,128,758,5,759,8,793,49,794,0,795,49,796,1,806,com.android.music,857,Channel-music,858,2,947,0,1500,49,1641,transport,1688,1,1745,1043716538]
11-11 05:03:00.884 1490 1490 I notification_canceled: [0|com.android.music|1|null|10086,8,49,49,0,-1,-1,NULL]
11-11 05:03:00.886 1490 1630 I sysui_multi_action: [319,95,321,92,322,162,325,1000,757,761,758,8,759,1,806,com.android.music,871,com.android.music.MusicBrowserActivity,904,com.android.launcher3,905,0,1320,4,1321,1]
11-11 05:03:00.887 1490 1630 I wm_activity_launch_time: [0,183063589,com.android.music/.MusicBrowserActivity,162]
11-11 05:03:00.895 1490 1992 I input_focus: [Focus entering 2948b8b com.android.music/com.android.music.MusicBrowserActivity (server),reason=Window became focusable. Previous reason: NOT_VISIBLE]
11-11 05:03:01.091 1490 1633 I commit_sys_config_file: [notification-policy,976346]
11-11 05:03:01.315 0 0 I auditd : type=1400 audit(0.0:1469): avc: denied { kill } for comm="swapper/2" capability=5 scontext=u:r:kernel:s0 tcontext=u:r:kernel:s0 tclass=capability permissive=0
11-11 05:03:01.361 1490 1634 I wm_stop_activity: [0,85671939,com.android.launcher3/.uioverrides.QuickstepLauncher]
11-11 05:03:01.413 2824 2824 I wm_on_stop_called: [85671939,com.android.launcher3.uioverrides.QuickstepLauncher,STOP_ACTIVITY_ITEM]
11-11 05:03:02.315 0 0 I auditd : type=1400 audit(0.0:1470): avc: denied { kill } for comm="swapper/2" capability=5 scontext=u:r:kernel:s0 tcontext=u:r:kernel:s0 tclass=capability permissive=0
11-11 05:03:02.495 1490 1992 I input_interaction: Interaction with: 2948b8b com.android.music/com.android.music.MusicBrowserActivity (server), edge-swipe (server), swipe-up (server), PointerEventDispatcher0 (server),
11-11 05:03:02.524 1490 1799 I wm_task_moved: [1,0,0]
11-11 05:03:02.526 1490 1799 I wm_task_moved: [1,0,5]
11-11 05:03:02.555 2824 2824 I wm_on_restart_called: [85671939,com.android.launcher3.uioverrides.QuickstepLauncher,performRestartActivity]
11-11 05:03:02.584 2824 2824 I wm_on_start_called: [85671939,com.android.launcher3.uioverrides.QuickstepLauncher,handleStartActivity]
11-11 05:03:02.585 9089 9089 I view_enqueue_input_event: [Motion - Cancel,com.android.music/com.android.music.MusicBrowserActivity]
11-11 05:03:02.592 1490 1992 I input_interaction: Interaction with: edge-swipe (server), swipe-up (server), PointerEventDispatcher0 (server),
11-11 05:03:02.593 2824 2824 I sysui_latency: [1,99]
11-11 05:03:02.605 1490 1635 I input_focus: [Focus request recents_animation_input_consumer,reason=UpdateInputWindows]
11-11 05:03:02.606 1490 1630 I sysui_multi_action: [319,17,322,76,325,1002,757,761,758,9,759,5,806,com.android.launcher3,871,com.android.launcher3.uioverrides.QuickstepLauncher,905,0,1320,4,1321,1]
11-11 05:03:02.633 1490 1992 I input_focus: [Focus leaving 2948b8b com.android.music/com.android.music.MusicBrowserActivity (server),reason=NOT_FOCUSABLE]
11-11 05:03:02.633 1490 1992 I input_focus: [Focus entering recents_animation_input_consumer (server),reason=setFocusedWindow]
11-11 05:03:02.789 1490 1745 I commit_sys_config_file: [settings-1-0,7]
11-11 05:03:02.902 1490 1641 I sysui_latency: [8,96]
11-11 05:03:03.315 0 0 I auditd : type=1400 audit(0.0:1471): avc: denied { kill } for comm="swapper/2" capability=5 scontext=u:r:kernel:s0 tcontext=u:r:kernel:s0 tclass=capability permissive=0
11-11 05:03:03.524 1490 1745 I commit_sys_config_file: [settings-1-0,5]
11-11 05:03:03.988 1490 2446 I wm_task_moved: [1,1,6]
11-11 05:03:03.991 1490 2446 I wm_task_moved: [10,1,2147483647]
11-11 05:03:03.991 1490 2446 I wm_task_to_front: [0,10]
11-11 05:03:03.992 1490 2446 I wm_focused_root_task: [0,0,1,82,RecentsAnimation.onAnimationFinished()]
11-11 05:03:03.993 1490 2446 I wm_set_resumed_activity: [0,com.android.launcher3/.uioverrides.QuickstepLauncher,RecentsAnimation.onAnimationFinished()]
11-11 05:03:03.995 1490 2446 I wm_pause_activity: [0,183063589,com.android.music/.MusicBrowserActivity,userLeaving=true,pauseBackTasks]
11-11 05:03:03.997 1490 2446 I wm_add_to_stopping: [0,183063589,com.android.music/.MusicBrowserActivity,makeInvisible]
11-11 05:03:03.998 1490 2446 I wm_set_resumed_activity: [0,com.android.launcher3/.uioverrides.QuickstepLauncher,resumeTopActivityInnerLocked]
11-11 05:03:04.000 1490 2446 I wm_resume_activity: [0,85671939,10,com.android.launcher3/.uioverrides.QuickstepLauncher]
11-11 05:03:04.007 2824 2824 I wm_on_resume_called: [85671939,com.android.launcher3.uioverrides.QuickstepLauncher,RESUME_ACTIVITY]
11-11 05:03:04.011 1490 1635 I input_focus: [Focus request 978e85f com.android.launcher3/com.android.launcher3.uioverrides.QuickstepLauncher,reason=UpdateInputWindows]
11-11 05:03:04.011 9089 9089 I wm_on_top_resumed_lost_called: [183063589,com.android.music.MusicBrowserActivity,topStateChangedWhenResumed]
11-11 05:03:04.015 9089 9089 I wm_on_paused_called: [183063589,com.android.music.MusicBrowserActivity,performPause]
11-11 05:03:04.020 1490 1992 I input_focus: [Focus leaving recents_animation_input_consumer (server),reason=NOT_VISIBLE]
11-11 05:03:04.020 1490 1992 I input_focus: [Focus entering 978e85f com.android.launcher3/com.android.launcher3.uioverrides.QuickstepLauncher (server),reason=setFocusedWindow]
11-11 05:03:04.025 1490 2774 I wm_stop_activity: [0,183063589,com.android.music/.MusicBrowserActivity]
11-11 05:03:04.030 1490 1634 I sysui_multi_action: [757,803,799,window_time_0,802,3]
11-11 05:03:04.031 1490 1634 I sysui_multi_action: [757,803,799,window_time_0,802,0]
11-11 05:03:04.043 9089 9089 I wm_on_stop_called: [183063589,com.android.music.MusicBrowserActivity,STOP_ACTIVITY_ITEM]
11-11 05:03:04.044 1490 1641 I am_pss : [11060,10068,com.android.calendar,6338560,4063232,0,91971584,0,19,6]
11-11 05:03:04.051 1490 1641 I am_pss : [11008,1000,com.thundercomm.mcuupgrade,7036928,5263360,0,90714112,0,19,5]
11-11 05:03:04.052 2824 2824 I wm_on_top_resumed_gained_called: [85671939,com.android.launcher3.uioverrides.QuickstepLauncher,topStateChangedWhenResumed]
11-11 05:03:04.315 0 0 I auditd : type=1400 audit(0.0:1472): avc: denied { kill } for comm="swapper/2" capability=5 scontext=u:r:kernel:s0 tcontext=u:r:kernel:s0 tclass=capability permissive=0
11-11 05:03:05.315 0 0 I auditd : type=1400 audit(0.0:1473): avc: denied { kill } for comm="swapper/2" capability=5 scontext=u:r:kernel:s0 tcontext=u:r:kernel:s0 tclass=capability permissive=0
11-11 05:03:05.385 1490 1992 I input_interaction: Interaction with: 978e85f com.android.launcher3/com.android.launcher3.uioverrides.QuickstepLauncher (server), f91321f com.android.systemui.ImageWallpaper (server), edge-swipe (server), swipe-up (server), PointerEventDispatcher0 (server),
11-11 05:03:05.527 1490 2774 I sysui_multi_action: [757,127,758,1]
11-11 05:03:05.527 1490 2774 I sysui_multi_action: [757,804,799,note_load,801,2,802,1]
11-11 05:03:05.527 1490 2774 I notification_panel_revealed: 2
11-11 05:03:05.548 1490 1635 I input_focus: [Focus request 374215a NotificationShade,reason=UpdateInputWindows]
11-11 05:03:05.559 1490 1992 I input_focus: [Focus leaving 978e85f com.android.launcher3/com.android.launcher3.uioverrides.QuickstepLauncher (server),reason=Waiting for window because NOT_VISIBLE]
11-11 05:03:05.570 2356 2356 I sysui_multi_action: [757,111,758,2]
11-11 05:03:05.570 2356 2356 I sysui_multi_action: [757,111,758,2]
11-11 05:03:05.571 1490 1490 I notification_enqueue: [10082,2356,com.android.systemui,2048,NULL,0,Notification(channel=updateNotification shortcut=null contentView=null vibrate=null sound=null defaults=0x0 flags=0x0 color=0x00000000 vis=PRIVATE),1]
11-11 05:03:05.576 1490 1992 I input_focus: [Focus entering 374215a NotificationShade (server),reason=Window became focusable. Previous reason: NOT_VISIBLE]
11-11 05:03:05.586 1490 1635 I input_focus: [Focus request 978e85f com.android.launcher3/com.android.launcher3.uioverrides.QuickstepLauncher,reason=UpdateInputWindows]
11-11 05:03:05.592 2356 2356 I sysui_multi_action: [757,111,758,1]
11-11 05:03:05.593 2356 2356 I sysui_multi_action: [757,126,758,1,759,126,927,0,928,1,1593,0]
11-11 05:03:05.593 2356 2356 I sysui_multi_action: [757,113,758,1,759,113,927,1,928,1,1593,0]
11-11 05:03:05.593 2356 2356 I sysui_multi_action: [757,0,758,1,759,0,927,2,928,0,1593,0]
11-11 05:03:05.593 2356 2356 I sysui_multi_action: [757,0,758,1,759,0,927,3,928,0,1593,0]
11-11 05:03:05.593 2356 2356 I sysui_multi_action: [757,491,758,1,759,491,927,4,928,0,1311,-1,1593,0]
11-11 05:03:05.593 2356 2356 I sysui_multi_action: [757,0,758,1,759,0,927,5,928,0,1593,0]
11-11 05:03:05.593 2356 2356 I sysui_multi_action: [757,111,758,1]
11-11 05:03:05.593 2356 2356 I sysui_multi_action: [757,126,758,1,759,126,927,0,928,1,1593,0]
11-11 05:03:05.593 2356 2356 I sysui_multi_action: [757,113,758,1,759,113,927,1,928,1,1593,0]
11-11 05:03:05.594 2356 2356 I sysui_multi_action: [757,0,758,1,759,0,927,2,928,0,1593,0]
11-11 05:03:05.594 2356 2356 I sysui_multi_action: [757,0,758,1,759,0,927,3,928,0,1593,0]
11-11 05:03:05.608 1490 1992 I input_focus: [Focus leaving 374215a NotificationShade (server),reason=NOT_FOCUSABLE]
11-11 05:03:05.609 1490 1992 I input_focus: [Focus entering 978e85f com.android.launcher3/com.android.launcher3.uioverrides.QuickstepLauncher (server),reason=setFocusedWindow]
11-11 05:03:05.611 2356 2356 I sysui_multi_action: [757,111,758,2]
11-11 05:03:05.611 2356 2356 I sysui_multi_action: [757,111,758,2]
11-11 05:03:05.612 1490 1490 I notification_enqueue: [10082,2356,com.android.systemui,2048,NULL,0,Notification(channel=updateNotification shortcut=null contentView=null vibrate=null sound=null defaults=0x0 flags=0x0 color=0x00000000 vis=PRIVATE),1]
11-11 05:03:05.625 1490 1635 I input_focus: [Focus request 374215a NotificationShade,reason=UpdateInputWindows]
11-11 05:03:05.629 2356 2356 I sysui_multi_action: [757,111,758,1]
11-11 05:03:05.629 2356 2356 I sysui_multi_action: [757,126,758,1,759,126,927,0,928,1,1593,0]
11-11 05:03:05.629 2356 2356 I sysui_multi_action: [757,113,758,1,759,113,927,1,928,1,1593,0]
11-11 05:03:05.629 2356 2356 I sysui_multi_action: [757,0,758,1,759,0,927,2,928,0,1593,0]
11-11 05:03:05.629 2356 2356 I sysui_multi_action: [757,0,758,1,759,0,927,3,928,0,1593,0]
11-11 05:03:05.629 2356 2356 I sysui_multi_action: [757,491,758,1,759,491,927,4,928,0,1311,-1,1593,0]
11-11 05:03:05.629 2356 2356 I sysui_multi_action: [757,0,758,1,759,0,927,5,928,0,1593,0]
11-11 05:03:05.629 2356 2356 I sysui_multi_action: [757,111,758,1]
11-11 05:03:05.629 2356 2356 I sysui_multi_action: [757,126,758,1,759,126,927,0,928,1,1593,0]
11-11 05:03:05.629 2356 2356 I sysui_multi_action: [757,113,758,1,759,113,927,1,928,1,1593,0]
11-11 05:03:05.629 2356 2356 I sysui_multi_action: [757,0,758,1,759,0,927,2,928,0,1593,0]
11-11 05:03:05.629 2356 2356 I sysui_multi_action: [757,0,758,1,759,0,927,3,928,0,1593,0]
11-11 05:03:05.642 1490 1992 I input_focus: [Focus leaving 978e85f com.android.launcher3/com.android.launcher3.uioverrides.QuickstepLauncher (server),reason=setFocusedWindow]
11-11 05:03:05.642 1490 1992 I input_focus: [Focus entering 374215a NotificationShade (server),reason=setFocusedWindow]
11-11 05:03:05.644 1490 1490 I notification_enqueue: [10082,2356,com.android.systemui,2048,NULL,0,Notification(channel=updateNotification shortcut=null contentView=null vibrate=null sound=null defaults=0x0 flags=0x0 color=0x00000000 vis=PRIVATE),1]
11-11 05:03:05.644 2356 2356 I sysui_multi_action: [757,111,758,2]
11-11 05:03:05.644 2356 2356 I sysui_multi_action: [757,111,758,2]
11-11 05:03:05.651 2356 2356 I sysui_multi_action: [757,111,758,1]
11-11 05:03:05.652 2356 2356 I sysui_multi_action: [757,126,758,1,759,126,927,0,928,1,1593,0]
11-11 05:03:05.652 2356 2356 I sysui_multi_action: [757,113,758,1,759,113,927,1,928,1,1593,0]
11-11 05:03:05.652 2356 2356 I sysui_multi_action: [757,0,758,1,759,0,927,2,928,0,1593,0]
11-11 05:03:05.652 2356 2356 I sysui_multi_action: [757,0,758,1,759,0,927,3,928,0,1593,0]
11-11 05:03:05.652 2356 2356 I sysui_multi_action: [757,491,758,1,759,491,927,4,928,0,1311,-1,1593,0]
11-11 05:03:05.652 2356 2356 I sysui_multi_action: [757,0,758,1,759,0,927,5,928,0,1593,0]
11-11 05:03:05.652 2356 2356 I sysui_multi_action: [757,111,758,1]
11-11 05:03:05.652 2356 2356 I sysui_multi_action: [757,126,758,1,759,126,927,0,928,1,1593,0]
11-11 05:03:05.652 2356 2356 I sysui_multi_action: [757,113,758,1,759,113,927,1,928,1,1593,0]
11-11 05:03:05.652 2356 2356 I sysui_multi_action: [757,0,758,1,759,0,927,2,928,0,1593,0]
11-11 05:03:05.652 2356 2356 I sysui_multi_action: [757,0,758,1,759,0,927,3,928,0,1593,0]
11-11 05:03:05.667 2356 2356 I sysui_multi_action: [757,111,758,2]
11-11 05:03:05.667 1490 1490 I notification_enqueue: [10082,2356,com.android.systemui,2048,NULL,0,Notification(channel=updateNotification shortcut=null contentView=null vibrate=null sound=null defaults=0x0 flags=0x0 color=0x00000000 vis=PRIVATE),1]
11-11 05:03:05.668 2356 2356 I sysui_multi_action: [757,111,758,2]
11-11 05:03:05.673 2356 2356 I sysui_multi_action: [757,111,758,1]
11-11 05:03:05.673 2356 2356 I sysui_multi_action: [757,126,758,1,759,126,927,0,928,1,1593,0]
11-11 05:03:05.673 2356 2356 I sysui_multi_action: [757,113,758,1,759,113,927,1,928,1,1593,0]
11-11 05:03:05.673 2356 2356 I sysui_multi_action: [757,0,758,1,759,0,927,2,928,0,1593,0]
11-11 05:03:05.673 2356 2356 I sysui_multi_action: [757,0,758,1,759,0,927,3,928,0,1593,0]
11-11 05:03:05.673 2356 2356 I sysui_multi_action: [757,491,758,1,759,491,927,4,928,0,1311,-1,1593,0]
11-11 05:03:05.673 2356 2356 I sysui_multi_action: [757,0,758,1,759,0,927,5,928,0,1593,0]
11-11 05:03:05.673 2356 2356 I sysui_multi_action: [757,111,758,1]
11-11 05:03:05.674 2356 2356 I sysui_multi_action: [757,126,758,1,759,126,927,0,928,1,1593,0]
11-11 05:03:05.674 2356 2356 I sysui_multi_action: [757,113,758,1,759,113,927,1,928,1,1593,0]
11-11 05:03:05.674 2356 2356 I sysui_multi_action: [757,0,758,1,759,0,927,2,928,0,1593,0]
11-11 05:03:05.674 2356 2356 I sysui_multi_action: [757,0,758,1,759,0,927,3,928,0,1593,0]
11-11 05:03:05.684 2356 2356 I sysui_multi_action: [757,111,758,2]
11-11 05:03:05.684 2356 2356 I sysui_multi_action: [757,111,758,2]
11-11 05:03:05.684 1490 1490 I notification_enqueue: [10082,2356,com.android.systemui,2048,NULL,0,Notification(channel=updateNotification shortcut=null contentView=null vibrate=null sound=null defaults=0x0 flags=0x0 color=0x00000000 vis=PRIVATE),1]
11-11 05:03:05.688 2356 2356 I sysui_multi_action: [757,111,758,1]
11-11 05:03:05.688 2356 2356 I sysui_multi_action: [757,126,758,1,759,126,927,0,928,1,1593,0]
11-11 05:03:05.688 2356 2356 I sysui_multi_action: [757,113,758,1,759,113,927,1,928,1,1593,0]
11-11 05:03:05.688 2356 2356 I sysui_multi_action: [757,0,758,1,759,0,927,2,928,0,1593,0]
11-11 05:03:05.688 2356 2356 I sysui_multi_action: [757,0,758,1,759,0,927,3,928,0,1593,0]
11-11 05:03:05.688 2356 2356 I sysui_multi_action: [757,491,758,1,759,491,927,4,928,0,1311,-1,1593,0]
11-11 05:03:05.688 2356 2356 I sysui_multi_action: [757,0,758,1,759,0,927,5,928,0,1593,0]
11-11 05:03:05.689 2356 2356 I sysui_multi_action: [757,111,758,1]
11-11 05:03:05.689 2356 2356 I sysui_multi_action: [757,126,758,1,759,126,927,0,928,1,1593,0]
11-11 05:03:05.689 2356 2356 I sysui_multi_action: [757,113,758,1,759,113,927,1,928,1,1593,0]
11-11 05:03:05.689 2356 2356 I sysui_multi_action: [757,0,758,1,759,0,927,2,928,0,1593,0]
11-11 05:03:05.689 2356 2356 I sysui_multi_action: [757,0,758,1,759,0,927,3,928,0,1593,0]
11-11 05:03:05.705 2356 2356 I sysui_multi_action: [757,111,758,2]
11-11 05:03:05.705 2356 2356 I sysui_multi_action: [757,111,758,2]
11-11 05:03:05.705 1490 1490 I notification_enqueue: [10082,2356,com.android.systemui,2048,NULL,0,Notification(channel=updateNotification shortcut=null contentView=null vibrate=null sound=null defaults=0x0 flags=0x0 color=0x00000000 vis=PRIVATE),1]
11-11 05:03:05.709 2356 2356 I sysui_multi_action: [757,111,758,1]
11-11 05:03:05.709 2356 2356 I sysui_multi_action: [757,126,758,1,759,126,927,0,928,1,1593,0]
11-11 05:03:05.709 2356 2356 I sysui_multi_action: [757,113,758,1,759,113,927,1,928,1,1593,0]
11-11 05:03:05.709 2356 2356 I sysui_multi_action: [757,0,758,1,759,0,927,2,928,0,1593,0]
11-11 05:03:05.709 2356 2356 I sysui_multi_action: [757,0,758,1,759,0,927,3,928,0,1593,0]
11-11 05:03:05.709 2356 2356 I sysui_multi_action: [757,491,758,1,759,491,927,4,928,0,1311,-1,1593,0]
11-11 05:03:05.709 2356 2356 I sysui_multi_action: [757,0,758,1,759,0,927,5,928,0,1593,0]
11-11 05:03:05.709 2356 2356 I sysui_multi_action: [757,111,758,1]
11-11 05:03:05.709 2356 2356 I sysui_multi_action: [757,126,758,1,759,126,927,0,928,1,1593,0]
11-11 05:03:05.709 2356 2356 I sysui_multi_action: [757,113,758,1,759,113,927,1,928,1,1593,0]
11-11 05:03:05.710 2356 2356 I sysui_multi_action: [757,0,758,1,759,0,927,2,928,0,1593,0]
11-11 05:03:05.710 2356 2356 I sysui_multi_action: [757,0,758,1,759,0,927,3,928,0,1593,0]
11-11 05:03:05.723 2356 2356 I sysui_multi_action: [757,111,758,2]
11-11 05:03:05.723 1490 1490 I notification_enqueue: [10082,2356,com.android.systemui,2048,NULL,0,Notification(channel=updateNotification shortcut=null contentView=null vibrate=null sound=null defaults=0x0 flags=0x0 color=0x00000000 vis=PRIVATE),1]
11-11 05:03:05.723 2356 2356 I sysui_multi_action: [757,111,758,2]
11-11 05:03:05.727 2356 2356 I sysui_multi_action: [757,111,758,1]
11-11 05:03:05.727 2356 2356 I sysui_multi_action: [757,126,758,1,759,126,927,0,928,1,1593,0]
11-11 05:03:05.727 2356 2356 I sysui_multi_action: [757,113,758,1,759,113,927,1,928,1,1593,0]
11-11 05:03:05.727 2356 2356 I sysui_multi_action: [757,0,758,1,759,0,927,2,928,0,1593,0]
