11-11 05:07:52.049 1490 1642 I am_wtf : [0,1490,system_server,-1,DisplayDeviceConfig,requesting nits when no mapping exists.]
11-11 05:07:52.064 1490 1642 I am_wtf : [0,1490,system_server,-1,DisplayDeviceConfig,requesting nits when no mapping exists.]
11-11 05:07:52.065 1490 1642 I am_wtf : [0,1490,system_server,-1,DisplayDeviceConfig,requesting nits when no mapping exists.]
11-11 05:07:52.080 1490 1642 I am_wtf : [0,1490,system_server,-1,DisplayDeviceConfig,requesting nits when no mapping exists.]
11-11 05:07:52.082 1490 1642 I am_wtf : [0,1490,system_server,-1,DisplayDeviceConfig,requesting nits when no mapping exists.]
11-11 05:07:52.098 1490 1642 I am_wtf : [0,1490,system_server,-1,DisplayDeviceConfig,requesting nits when no mapping exists.]
11-11 05:07:52.099 1490 1642 I am_wtf : [0,1490,system_server,-1,DisplayDeviceConfig,requesting nits when no mapping exists.]
11-11 05:07:52.115 1490 1642 I am_wtf : [0,1490,system_server,-1,DisplayDeviceConfig,requesting nits when no mapping exists.]
11-11 05:07:52.116 1490 1642 I am_wtf : [0,1490,system_server,-1,DisplayDeviceConfig,requesting nits when no mapping exists.]
11-11 05:07:52.131 1490 1642 I am_wtf : [0,1490,system_server,-1,DisplayDeviceConfig,requesting nits when no mapping exists.]
11-11 05:07:52.133 1490 1642 I am_wtf : [0,1490,system_server,-1,DisplayDeviceConfig,requesting nits when no mapping exists.]
11-11 05:07:52.148 1490 1642 I am_wtf : [0,1490,system_server,-1,DisplayDeviceConfig,requesting nits when no mapping exists.]
11-11 05:07:52.149 1490 1642 I am_wtf : [0,1490,system_server,-1,DisplayDeviceConfig,requesting nits when no mapping exists.]
11-11 05:07:52.165 1490 1642 I am_wtf : [0,1490,system_server,-1,DisplayDeviceConfig,requesting nits when no mapping exists.]
11-11 05:07:52.165 1490 1642 I am_wtf : [0,1490,system_server,-1,DisplayDeviceConfig,requesting nits when no mapping exists.]
11-11 05:07:52.183 1490 1642 I am_wtf : [0,1490,system_server,-1,DisplayDeviceConfig,requesting nits when no mapping exists.]
11-11 05:07:52.184 1490 1642 I am_wtf : [0,1490,system_server,-1,DisplayDeviceConfig,requesting nits when no mapping exists.]
11-11 05:07:52.198 1490 1642 I am_wtf : [0,1490,system_server,-1,DisplayDeviceConfig,requesting nits when no mapping exists.]
11-11 05:07:52.199 1490 1642 I am_wtf : [0,1490,system_server,-1,DisplayDeviceConfig,requesting nits when no mapping exists.]
11-11 05:07:52.215 1490 1642 I am_wtf : [0,1490,system_server,-1,DisplayDeviceConfig,requesting nits when no mapping exists.]
11-11 05:07:52.216 1490 1642 I am_wtf : [0,1490,system_server,-1,DisplayDeviceConfig,requesting nits when no mapping exists.]
11-11 05:07:52.232 1490 1642 I am_wtf : [0,1490,system_server,-1,DisplayDeviceConfig,requesting nits when no mapping exists.]
11-11 05:07:52.233 1490 1642 I am_wtf : [0,1490,system_server,-1,DisplayDeviceConfig,requesting nits when no mapping exists.]
11-11 05:07:52.248 1490 1642 I am_wtf : [0,1490,system_server,-1,DisplayDeviceConfig,requesting nits when no mapping exists.]
11-11 05:07:52.249 1490 1642 I am_wtf : [0,1490,system_server,-1,DisplayDeviceConfig,requesting nits when no mapping exists.]
11-11 05:07:52.265 1490 1642 I am_wtf : [0,1490,system_server,-1,DisplayDeviceConfig,requesting nits when no mapping exists.]
11-11 05:07:52.266 1490 1642 I am_wtf : [0,1490,system_server,-1,DisplayDeviceConfig,requesting nits when no mapping exists.]
11-11 05:07:52.282 1490 1642 I am_wtf : [0,1490,system_server,-1,DisplayDeviceConfig,requesting nits when no mapping exists.]
11-11 05:07:52.283 1490 1642 I am_wtf : [0,1490,system_server,-1,DisplayDeviceConfig,requesting nits when no mapping exists.]
11-11 05:07:52.298 1490 1642 I am_wtf : [0,1490,system_server,-1,DisplayDeviceConfig,requesting nits when no mapping exists.]
11-11 05:07:52.299 1490 1642 I am_wtf : [0,1490,system_server,-1,DisplayDeviceConfig,requesting nits when no mapping exists.]
11-11 05:07:52.316 1490 1642 I am_wtf : [0,1490,system_server,-1,DisplayDeviceConfig,requesting nits when no mapping exists.]
11-11 05:07:52.317 1490 1642 I am_wtf : [0,1490,system_server,-1,DisplayDeviceConfig,requesting nits when no mapping exists.]
11-11 05:07:52.315 0 0 I auditd : type=1400 audit(0.0:1828): avc: denied { kill } for comm="swapper/3" capability=5 scontext=u:r:kernel:s0 tcontext=u:r:kernel:s0 tclass=capability permissive=0
11-11 05:07:52.332 1490 1642 I am_wtf : [0,1490,system_server,-1,DisplayDeviceConfig,requesting nits when no mapping exists.]
11-11 05:07:52.333 1490 1642 I am_wtf : [0,1490,system_server,-1,DisplayDeviceConfig,requesting nits when no mapping exists.]
11-11 05:07:52.348 1490 1642 I am_wtf : [0,1490,system_server,-1,DisplayDeviceConfig,requesting nits when no mapping exists.]
11-11 05:07:52.349 1490 1642 I am_wtf : [0,1490,system_server,-1,DisplayDeviceConfig,requesting nits when no mapping exists.]
11-11 05:07:52.365 1490 1642 I am_wtf : [0,1490,system_server,-1,DisplayDeviceConfig,requesting nits when no mapping exists.]
11-11 05:07:52.366 1490 1642 I am_wtf : [0,1490,system_server,-1,DisplayDeviceConfig,requesting nits when no mapping exists.]
11-11 05:07:52.381 1490 1642 I am_wtf : [0,1490,system_server,-1,DisplayDeviceConfig,requesting nits when no mapping exists.]
11-11 05:07:52.382 1490 1642 I am_wtf : [0,1490,system_server,-1,DisplayDeviceConfig,requesting nits when no mapping exists.]
11-11 05:07:52.398 1490 1642 I am_wtf : [0,1490,system_server,-1,DisplayDeviceConfig,requesting nits when no mapping exists.]
11-11 05:07:52.400 1490 1642 I am_wtf : [0,1490,system_server,-1,DisplayDeviceConfig,requesting nits when no mapping exists.]
11-11 05:07:52.415 1490 1642 I am_wtf : [0,1490,system_server,-1,DisplayDeviceConfig,requesting nits when no mapping exists.]
11-11 05:07:52.417 1490 1642 I am_wtf : [0,1490,system_server,-1,DisplayDeviceConfig,requesting nits when no mapping exists.]
11-11 05:07:52.432 1490 1642 I am_wtf : [0,1490,system_server,-1,DisplayDeviceConfig,requesting nits when no mapping exists.]
11-11 05:07:52.432 1490 1642 I am_wtf : [0,1490,system_server,-1,DisplayDeviceConfig,requesting nits when no mapping exists.]
11-11 05:07:52.448 1490 1642 I am_wtf : [0,1490,system_server,-1,DisplayDeviceConfig,requesting nits when no mapping exists.]
11-11 05:07:52.450 1490 1642 I am_wtf : [0,1490,system_server,-1,DisplayDeviceConfig,requesting nits when no mapping exists.]
11-11 05:07:52.465 1490 1642 I am_wtf : [0,1490,system_server,-1,DisplayDeviceConfig,requesting nits when no mapping exists.]
11-11 05:07:52.466 1490 1642 I am_wtf : [0,1490,system_server,-1,DisplayDeviceConfig,requesting nits when no mapping exists.]
11-11 05:07:52.482 1490 1642 I am_wtf : [0,1490,system_server,-1,DisplayDeviceConfig,requesting nits when no mapping exists.]
11-11 05:07:52.483 1490 1642 I am_wtf : [0,1490,system_server,-1,DisplayDeviceConfig,requesting nits when no mapping exists.]
11-11 05:07:52.499 1490 1642 I am_wtf : [0,1490,system_server,-1,DisplayDeviceConfig,requesting nits when no mapping exists.]
11-11 05:07:52.500 1490 1642 I am_wtf : [0,1490,system_server,-1,DisplayDeviceConfig,requesting nits when no mapping exists.]
11-11 05:07:52.516 1490 1642 I am_wtf : [0,1490,system_server,-1,DisplayDeviceConfig,requesting nits when no mapping exists.]
11-11 05:07:52.518 1490 1642 I am_wtf : [0,1490,system_server,-1,DisplayDeviceConfig,requesting nits when no mapping exists.]
11-11 05:07:52.532 1490 1642 I am_wtf : [0,1490,system_server,-1,DisplayDeviceConfig,requesting nits when no mapping exists.]
11-11 05:07:52.533 1490 1642 I am_wtf : [0,1490,system_server,-1,DisplayDeviceConfig,requesting nits when no mapping exists.]
11-11 05:07:52.550 1490 1642 I am_wtf : [0,1490,system_server,-1,DisplayDeviceConfig,requesting nits when no mapping exists.]
11-11 05:07:52.551 1490 1642 I am_wtf : [0,1490,system_server,-1,DisplayDeviceConfig,requesting nits when no mapping exists.]
11-11 05:07:52.565 1490 1642 I am_wtf : [0,1490,system_server,-1,DisplayDeviceConfig,requesting nits when no mapping exists.]
11-11 05:07:52.567 1490 1642 I am_wtf : [0,1490,system_server,-1,DisplayDeviceConfig,requesting nits when no mapping exists.]
11-11 05:07:52.582 1490 1642 I am_wtf : [0,1490,system_server,-1,DisplayDeviceConfig,requesting nits when no mapping exists.]
11-11 05:07:52.583 1490 1642 I am_wtf : [0,1490,system_server,-1,DisplayDeviceConfig,requesting nits when no mapping exists.]
11-11 05:07:52.599 1490 1642 I am_wtf : [0,1490,system_server,-1,DisplayDeviceConfig,requesting nits when no mapping exists.]
11-11 05:07:52.600 1490 1642 I am_wtf : [0,1490,system_server,-1,DisplayDeviceConfig,requesting nits when no mapping exists.]
11-11 05:07:52.619 1490 1642 I am_wtf : [0,1490,system_server,-1,DisplayDeviceConfig,requesting nits when no mapping exists.]
11-11 05:07:52.620 1490 1642 I am_wtf : [0,1490,system_server,-1,DisplayDeviceConfig,requesting nits when no mapping exists.]
11-11 05:07:52.633 1490 1642 I am_wtf : [0,1490,system_server,-1,DisplayDeviceConfig,requesting nits when no mapping exists.]
11-11 05:07:52.635 1490 1642 I am_wtf : [0,1490,system_server,-1,DisplayDeviceConfig,requesting nits when no mapping exists.]
11-11 05:07:53.315 0 0 I auditd : type=1400 audit(0.0:1829): avc: denied { kill } for comm="swapper/3" capability=5 scontext=u:r:kernel:s0 tcontext=u:r:kernel:s0 tclass=capability permissive=0
11-11 05:07:54.315 0 0 I auditd : type=1400 audit(0.0:1830): avc: denied { kill } for comm="swapper/3" capability=5 scontext=u:r:kernel:s0 tcontext=u:r:kernel:s0 tclass=capability permissive=0
11-11 05:07:55.315 0 0 I auditd : type=1400 audit(0.0:1831): avc: denied { kill } for comm="swapper/3" capability=5 scontext=u:r:kernel:s0 tcontext=u:r:kernel:s0 tclass=capability permissive=0
11-11 05:07:56.315 0 0 I auditd : type=1400 audit(0.0:1832): avc: denied { kill } for comm="swapper/3" capability=5 scontext=u:r:kernel:s0 tcontext=u:r:kernel:s0 tclass=capability permissive=0
11-11 05:07:57.315 0 0 I auditd : type=1400 audit(0.0:1833): avc: denied { kill } for comm="swapper/3" capability=5 scontext=u:r:kernel:s0 tcontext=u:r:kernel:s0 tclass=capability permissive=0
11-11 05:07:58.315 0 0 I auditd : type=1400 audit(0.0:1834): avc: denied { kill } for comm="swapper/3" capability=5 scontext=u:r:kernel:s0 tcontext=u:r:kernel:s0 tclass=capability permissive=0
11-11 05:07:58.694 1490 1630 I sysui_multi_action: [757,222,758,1]
11-11 05:07:58.696 1490 1630 I am_uid_active: 10051
11-11 05:07:58.701 1490 1641 I am_pss : [11525,10024,com.microsoft.emmx,40036352,34795520,0,141168640,0,19,13]
11-11 05:07:58.716 1490 3779 I wm_task_created: [85,-1]
11-11 05:07:58.722 1490 3779 I wm_task_moved: [85,1,7]
11-11 05:07:58.722 1490 3779 I wm_task_to_front: [0,85]
11-11 05:07:58.723 1490 3779 I wm_create_task: [0,85]
11-11 05:07:58.723 1490 3779 I wm_create_activity: [0,230373930,85,com.thundercomm.screensaver/android.service.dreams.DreamActivity,NULL,NULL,NULL,276824064]
11-11 05:07:58.723 11151 11151 I wm_on_top_resumed_lost_called: [16344225,com.android.settings.Settings,topStateChangedWhenResumed]
11-11 05:07:58.723 1490 3779 I wm_task_moved: [85,1,7]
11-11 05:07:58.726 1490 3779 I wm_pause_activity: [0,16344225,com.android.settings/.Settings,userLeaving=true,pauseBackTasks]
11-11 05:07:58.734 11151 11151 I sysui_multi_action: [757,35,758,2,1089,89500]
11-11 05:07:58.736 11151 11151 I sysui_multi_action: [757,103,758,2,1089,89498]
11-11 05:07:58.737 11151 11151 I sysui_multi_action: [757,849,758,2,1089,89490]
11-11 05:07:58.738 1490 1635 I input_focus: [Focus request da1c781 com.android.settings/com.android.settings.Settings,reason=UpdateInputWindows]
11-11 05:07:58.739 11151 11151 I wm_on_paused_called: [16344225,com.android.settings.Settings,performPause]
11-11 05:07:58.743 1490 7426 I wm_add_to_stopping: [0,16344225,com.android.settings/.Settings,makeInvisible]
11-11 05:07:58.745 1490 7426 I wm_restart_activity: [0,230373930,85,com.thundercomm.screensaver/android.service.dreams.DreamActivity]
11-11 05:07:58.747 1490 7426 I wm_set_resumed_activity: [0,com.thundercomm.screensaver/android.service.dreams.DreamActivity,minimalResumeActivityLocked]
11-11 05:07:58.755 1490 1634 I sysui_multi_action: [757,803,799,window_time_0,802,90]
11-11 05:07:58.756 11329 11329 I wm_on_create_called: [230373930,android.service.dreams.DreamActivity,performCreate]
11-11 05:07:58.756 1490 1992 I input_focus: [Focus leaving 374215a NotificationShade (server),reason=NOT_FOCUSABLE]
11-11 05:07:58.757 11329 11329 I wm_on_start_called: [230373930,android.service.dreams.DreamActivity,handleStartActivity]
11-11 05:07:58.762 11329 11329 I wm_on_resume_called: [230373930,android.service.dreams.DreamActivity,RESUME_ACTIVITY]
11-11 05:07:58.779 1490 1490 I am_uid_active: 10064
11-11 05:07:58.790 1490 1635 I input_focus: [Focus request 62ce482 com.thundercomm.screensaver/android.service.dreams.DreamActivity,reason=UpdateInputWindows]
11-11 05:07:58.796 11329 11329 I wm_on_top_resumed_gained_called: [230373930,android.service.dreams.DreamActivity,topStateChangedWhenResumed]
11-11 05:07:58.805 2356 2356 I sysui_multi_action: [757,111,758,2]
11-11 05:07:58.805 2356 2356 I sysui_multi_action: [757,111,758,2]
11-11 05:07:58.805 1490 1490 I notification_enqueue: [10082,2356,com.android.systemui,2048,NULL,0,Notification(channel=updateNotification shortcut=null contentView=null vibrate=null sound=null defaults=0x0 flags=0x0 color=0x00000000 vis=PRIVATE),1]
11-11 05:07:58.811 2356 2356 I sysui_multi_action: [757,111,758,1]
11-11 05:07:58.811 2356 2356 I sysui_multi_action: [757,126,758,1,759,126,927,0,928,1,1593,0]
11-11 05:07:58.812 2356 2356 I sysui_multi_action: [757,113,758,1,759,113,927,1,928,0,1593,0]
11-11 05:07:58.812 2356 2356 I sysui_multi_action: [757,0,758,1,759,0,927,2,928,0,1593,0]
11-11 05:07:58.812 2356 2356 I sysui_multi_action: [757,0,758,1,759,0,927,3,928,0,1593,0]
11-11 05:07:58.812 2356 2356 I sysui_multi_action: [757,491,758,1,759,491,927,4,928,0,1311,-1,1593,0]
11-11 05:07:58.812 2356 2356 I sysui_multi_action: [757,0,758,1,759,0,927,5,928,0,1593,0]
11-11 05:07:58.812 2356 2356 I sysui_multi_action: [757,111,758,1]
11-11 05:07:58.812 2356 2356 I sysui_multi_action: [757,126,758,1,759,126,927,0,928,1,1593,0]
11-11 05:07:58.812 2356 2356 I sysui_multi_action: [757,113,758,1,759,113,927,1,928,0,1593,0]
11-11 05:07:58.812 2356 2356 I sysui_multi_action: [757,0,758,1,759,0,927,2,928,0,1593,1]
11-11 05:07:58.812 2356 2356 I sysui_multi_action: [757,0,758,1,759,0,927,3,928,0,1593,1]
11-11 05:07:58.819 1490 1659 I sysui_multi_action: [757,1696,758,6,759,3]
11-11 05:07:58.830 1490 1630 I sysui_multi_action: [319,103,322,89,325,1298,757,761,758,8,759,2,806,com.thundercomm.screensaver,871,android.service.dreams.DreamActivity,904,com.thundercomm.screensaver,905,0,1320,4,1321,2]
11-11 05:07:58.831 1490 1630 I wm_activity_launch_time: [0,230373930,com.thundercomm.screensaver/android.service.dreams.DreamActivity,89]
11-11 05:07:58.838 1490 1642 I am_wtf : [0,1490,system_server,-1,DisplayDeviceConfig,requesting nits when no mapping exists.]
11-11 05:07:58.839 1490 1642 I am_wtf : [0,1490,system_server,-1,DisplayDeviceConfig,requesting nits when no mapping exists.]
11-11 05:07:58.851 1490 1642 I am_wtf : [0,1490,system_server,-1,DisplayDeviceConfig,requesting nits when no mapping exists.]
11-11 05:07:58.852 1490 1642 I am_wtf : [0,1490,system_server,-1,DisplayDeviceConfig,requesting nits when no mapping exists.]
11-11 05:07:58.866 1490 1642 I am_wtf : [0,1490,system_server,-1,DisplayDeviceConfig,requesting nits when no mapping exists.]
11-11 05:07:58.867 1490 1642 I service_manager_stats: [100,60,6969]
11-11 05:07:58.867 1490 1642 I am_wtf : [0,1490,system_server,-1,DisplayDeviceConfig,requesting nits when no mapping exists.]
11-11 05:07:58.883 1490 1642 I am_wtf : [0,1490,system_server,-1,DisplayDeviceConfig,requesting nits when no mapping exists.]
11-11 05:07:58.884 1490 1642 I am_wtf : [0,1490,system_server,-1,DisplayDeviceConfig,requesting nits when no mapping exists.]
11-11 05:07:58.899 1490 1642 I am_wtf : [0,1490,system_server,-1,DisplayDeviceConfig,requesting nits when no mapping exists.]
11-11 05:07:58.900 1490 1642 I am_wtf : [0,1490,system_server,-1,DisplayDeviceConfig,requesting nits when no mapping exists.]
11-11 05:07:58.901 1490 1992 I input_focus: [Focus entering 62ce482 com.thundercomm.screensaver/android.service.dreams.DreamActivity (server),reason=Window became focusable. Previous reason: NOT_VISIBLE]
11-11 05:07:58.917 1490 1490 I notification_enqueue: [10082,2356,com.android.systemui,2048,NULL,0,Notification(channel=updateNotification shortcut=null contentView=null vibrate=null sound=null defaults=0x0 flags=0x0 color=0x00000000 vis=PRIVATE),1]
11-11 05:07:58.918 2356 2356 I sysui_multi_action: [757,111,758,2]
11-11 05:07:58.918 2356 2356 I sysui_multi_action: [757,111,758,2]
11-11 05:07:58.919 1490 1642 I am_wtf : [0,1490,system_server,-1,DisplayDeviceConfig,requesting nits when no mapping exists.]
11-11 05:07:58.919 1490 1642 I am_wtf : [0,1490,system_server,-1,DisplayDeviceConfig,requesting nits when no mapping exists.]
11-11 05:07:58.922 2356 2356 I sysui_multi_action: [757,111,758,1]
11-11 05:07:58.922 2356 2356 I sysui_multi_action: [757,126,758,1,759,126,927,0,928,1,1593,0]
11-11 05:07:58.922 2356 2356 I sysui_multi_action: [757,113,758,1,759,113,927,1,928,0,1593,0]
11-11 05:07:58.922 2356 2356 I sysui_multi_action: [757,0,758,1,759,0,927,2,928,0,1593,0]
11-11 05:07:58.922 2356 2356 I sysui_multi_action: [757,0,758,1,759,0,927,3,928,0,1593,0]
11-11 05:07:58.922 2356 2356 I sysui_multi_action: [757,491,758,1,759,491,927,4,928,0,1311,-1,1593,1]
11-11 05:07:58.922 2356 2356 I sysui_multi_action: [757,0,758,1,759,0,927,5,928,0,1593,1]
11-11 05:07:58.922 2356 2356 I sysui_multi_action: [757,111,758,1]
11-11 05:07:58.922 2356 2356 I sysui_multi_action: [757,126,758,1,759,126,927,0,928,1,1593,0]
11-11 05:07:58.922 2356 2356 I sysui_multi_action: [757,113,758,1,759,113,927,1,928,0,1593,0]
11-11 05:07:58.922 2356 2356 I sysui_multi_action: [757,0,758,1,759,0,927,2,928,0,1593,0]
11-11 05:07:58.922 2356 2356 I sysui_multi_action: [757,0,758,1,759,0,927,3,928,0,1593,0]
11-11 05:07:58.933 1490 1642 I am_wtf : [0,1490,system_server,-1,DisplayDeviceConfig,requesting nits when no mapping exists.]
11-11 05:07:58.934 1490 1642 I am_wtf : [0,1490,system_server,-1,DisplayDeviceConfig,requesting nits when no mapping exists.]
11-11 05:07:58.941 1490 1490 I notification_enqueue: [10082,2356,com.android.systemui,2048,NULL,0,Notification(channel=updateNotification shortcut=null contentView=null vibrate=null sound=null defaults=0x0 flags=0x0 color=0x00000000 vis=PRIVATE),1]
11-11 05:07:58.941 2356 2356 I sysui_multi_action: [757,111,758,2]
11-11 05:07:58.941 2356 2356 I sysui_multi_action: [757,111,758,2]
11-11 05:07:58.947 2356 2356 I sysui_multi_action: [757,111,758,1]
11-11 05:07:58.947 2356 2356 I sysui_multi_action: [757,126,758,1,759,126,927,0,928,1,1593,1]
11-11 05:07:58.947 2356 2356 I sysui_multi_action: [757,113,758,1,759,113,927,1,928,0,1593,1]
11-11 05:07:58.947 2356 2356 I sysui_multi_action: [757,0,758,1,759,0,927,2,928,0,1593,1]
11-11 05:07:58.947 2356 2356 I sysui_multi_action: [757,0,758,1,759,0,927,3,928,0,1593,1]
11-11 05:07:58.948 2356 2356 I sysui_multi_action: [757,491,758,1,759,491,927,4,928,0,1311,-1,1593,0]
11-11 05:07:58.948 2356 2356 I sysui_multi_action: [757,0,758,1,759,0,927,5,928,0,1593,0]
11-11 05:07:58.948 2356 2356 I sysui_multi_action: [757,111,758,1]
11-11 05:07:58.948 2356 2356 I sysui_multi_action: [757,126,758,1,759,126,927,0,928,1,1593,1]
11-11 05:07:58.948 2356 2356 I sysui_multi_action: [757,113,758,1,759,113,927,1,928,0,1593,1]
11-11 05:07:58.948 2356 2356 I sysui_multi_action: [757,0,758,1,759,0,927,2,928,0,1593,1]
11-11 05:07:58.948 2356 2356 I sysui_multi_action: [757,0,758,1,759,0,927,3,928,0,1593,1]
11-11 05:07:58.950 1490 1642 I am_wtf : [0,1490,system_server,-1,DisplayDeviceConfig,requesting nits when no mapping exists.]
11-11 05:07:58.951 1490 1642 I am_wtf : [0,1490,system_server,-1,DisplayDeviceConfig,requesting nits when no mapping exists.]
11-11 05:07:58.962 2356 2356 I sysui_multi_action: [757,111,758,2]
11-11 05:07:58.962 2356 2356 I sysui_multi_action: [757,111,758,2]
11-11 05:07:58.962 1490 1490 I notification_enqueue: [10082,2356,com.android.systemui,2048,NULL,0,Notification(channel=updateNotification shortcut=null contentView=null vibrate=null sound=null defaults=0x0 flags=0x0 color=0x00000000 vis=PRIVATE),1]
11-11 05:07:58.966 1490 1642 I am_wtf : [0,1490,system_server,-1,DisplayDeviceConfig,requesting nits when no mapping exists.]
11-11 05:07:58.967 2356 2356 I sysui_multi_action: [757,111,758,1]
11-11 05:07:58.967 2356 2356 I sysui_multi_action: [757,126,758,1,759,126,927,0,928,1,1593,1]
11-11 05:07:58.967 2356 2356 I sysui_multi_action: [757,113,758,1,759,113,927,1,928,0,1593,1]
11-11 05:07:58.967 2356 2356 I sysui_multi_action: [757,0,758,1,759,0,927,2,928,0,1593,1]
11-11 05:07:58.967 2356 2356 I sysui_multi_action: [757,0,758,1,759,0,927,3,928,0,1593,1]
11-11 05:07:58.967 2356 2356 I sysui_multi_action: [757,491,758,1,759,491,927,4,928,0,1311,-1,1593,0]
11-11 05:07:58.967 1490 1642 I am_wtf : [0,1490,system_server,-1,DisplayDeviceConfig,requesting nits when no mapping exists.]
11-11 05:07:58.967 2356 2356 I sysui_multi_action: [757,0,758,1,759,0,927,5,928,0,1593,0]
11-11 05:07:58.967 2356 2356 I sysui_multi_action: [757,111,758,1]
11-11 05:07:58.967 2356 2356 I sysui_multi_action: [757,126,758,1,759,126,927,0,928,1,1593,1]
11-11 05:07:58.967 2356 2356 I sysui_multi_action: [757,113,758,1,759,113,927,1,928,0,1593,1]
11-11 05:07:58.967 2356 2356 I sysui_multi_action: [757,0,758,1,759,0,927,2,928,0,1593,1]
11-11 05:07:58.967 2356 2356 I sysui_multi_action: [757,0,758,1,759,0,927,3,928,0,1593,1]
11-11 05:07:58.980 2356 2356 I sysui_multi_action: [757,111,758,2]
11-11 05:07:58.980 1490 1490 I notification_enqueue: [10082,2356,com.android.systemui,2048,NULL,0,Notification(channel=updateNotification shortcut=null contentView=null vibrate=null sound=null defaults=0x0 flags=0x0 color=0x00000000 vis=PRIVATE),1]
11-11 05:07:58.980 2356 2356 I sysui_multi_action: [757,111,758,2]
11-11 05:07:58.985 2356 2356 I sysui_multi_action: [757,111,758,1]
11-11 05:07:58.985 2356 2356 I sysui_multi_action: [757,126,758,1,759,126,927,0,928,1,1593,1]
11-11 05:07:58.985 1490 1642 I am_wtf : [0,1490,system_server,-1,DisplayDeviceConfig,requesting nits when no mapping exists.]
11-11 05:07:58.985 2356 2356 I sysui_multi_action: [757,113,758,1,759,113,927,1,928,0,1593,1]
11-11 05:07:58.985 2356 2356 I sysui_multi_action: [757,0,758,1,759,0,927,2,928,0,1593,1]
11-11 05:07:58.985 2356 2356 I sysui_multi_action: [757,0,758,1,759,0,927,3,928,0,1593,1]
11-11 05:07:58.985 2356 2356 I sysui_multi_action: [757,491,758,1,759,491,927,4,928,0,1311,-1,1593,0]
11-11 05:07:58.985 2356 2356 I sysui_multi_action: [757,0,758,1,759,0,927,5,928,0,1593,0]
11-11 05:07:58.985 2356 2356 I sysui_multi_action: [757,111,758,1]
11-11 05:07:58.986 2356 2356 I sysui_multi_action: [757,126,758,1,759,126,927,0,928,1,1593,1]
11-11 05:07:58.986 2356 2356 I sysui_multi_action: [757,113,758,1,759,113,927,1,928,0,1593,1]
11-11 05:07:58.986 2356 2356 I sysui_multi_action: [757,0,758,1,759,0,927,2,928,0,1593,1]
11-11 05:07:58.986 2356 2356 I sysui_multi_action: [757,0,758,1,759,0,927,3,928,0,1593,1]
11-11 05:07:58.986 1490 1642 I am_wtf : [0,1490,system_server,-1,DisplayDeviceConfig,requesting nits when no mapping exists.]
11-11 05:07:59.000 1490 1642 I am_wtf : [0,1490,system_server,-1,DisplayDeviceConfig,requesting nits when no mapping exists.]
11-11 05:07:59.001 2356 2356 I sysui_multi_action: [757,111,758,2]
11-11 05:07:59.001 1490 1642 I am_wtf : [0,1490,system_server,-1,DisplayDeviceConfig,requesting nits when no mapping exists.]
11-11 05:07:59.001 2356 2356 I sysui_multi_action: [757,111,758,2]
11-11 05:07:59.002 1490 1490 I notification_enqueue: [10082,2356,com.android.systemui,2048,NULL,0,Notification(channel=updateNotification shortcut=null contentView=null vibrate=null sound=null defaults=0x0 flags=0x0 color=0x00000000 vis=PRIVATE),1]
11-11 05:07:59.006 2356 2356 I sysui_multi_action: [757,111,758,1]
11-11 05:07:59.006 2356 2356 I sysui_multi_action: [757,126,758,1,759,126,927,0,928,1,1593,1]
11-11 05:07:59.006 2356 2356 I sysui_multi_action: [757,113,758,1,759,113,927,1,928,0,1593,1]
11-11 05:07:59.006 2356 2356 I sysui_multi_action: [757,0,758,1,759,0,927,2,928,0,1593,1]
11-11 05:07:59.006 2356 2356 I sysui_multi_action: [757,0,758,1,759,0,927,3,928,0,1593,1]
11-11 05:07:59.006 2356 2356 I sysui_multi_action: [757,491,758,1,759,491,927,4,928,0,1311,-1,1593,0]
11-11 05:07:59.006 2356 2356 I sysui_multi_action: [757,0,758,1,759,0,927,5,928,0,1593,0]
11-11 05:07:59.006 2356 2356 I sysui_multi_action: [757,111,758,1]
11-11 05:07:59.007 2356 2356 I sysui_multi_action: [757,126,758,1,759,126,927,0,928,1,1593,1]
11-11 05:07:59.007 2356 2356 I sysui_multi_action: [757,113,758,1,759,113,927,1,928,0,1593,1]
11-11 05:07:59.007 2356 2356 I sysui_multi_action: [757,0,758,1,759,0,927,2,928,0,1593,1]
11-11 05:07:59.007 2356 2356 I sysui_multi_action: [757,0,758,1,759,0,927,3,928,0,1593,1]
11-11 05:07:59.017 1490 1642 I am_wtf : [0,1490,system_server,-1,DisplayDeviceConfig,requesting nits when no mapping exists.]
11-11 05:07:59.018 1490 1642 I am_wtf : [0,1490,system_server,-1,DisplayDeviceConfig,requesting nits when no mapping exists.]
11-11 05:07:59.020 2356 2356 I sysui_multi_action: [757,111,758,2]
11-11 05:07:59.020 2356 2356 I sysui_multi_action: [757,111,758,2]
11-11 05:07:59.021 1490 1490 I notification_enqueue: [10082,2356,com.android.systemui,2048,NULL,0,Notification(channel=updateNotification shortcut=null contentView=null vibrate=null sound=null defaults=0x0 flags=0x0 color=0x00000000 vis=PRIVATE),1]
11-11 05:07:59.025 2356 2356 I sysui_multi_action: [757,111,758,1]
11-11 05:07:59.025 2356 2356 I sysui_multi_action: [757,126,758,1,759,126,927,0,928,1,1593,1]
11-11 05:07:59.025 2356 2356 I sysui_multi_action: [757,113,758,1,759,113,927,1,928,0,1593,1]
11-11 05:07:59.025 2356 2356 I sysui_multi_action: [757,0,758,1,759,0,927,2,928,0,1593,1]
11-11 05:07:59.025 2356 2356 I sysui_multi_action: [757,0,758,1,759,0,927,3,928,0,1593,1]
11-11 05:07:59.025 2356 2356 I sysui_multi_action: [757,491,758,1,759,491,927,4,928,0,1311,-1,1593,0]
11-11 05:07:59.025 2356 2356 I sysui_multi_action: [757,0,758,1,759,0,927,5,928,0,1593,0]
11-11 05:07:59.025 2356 2356 I sysui_multi_action: [757,111,758,1]
11-11 05:07:59.025 2356 2356 I sysui_multi_action: [757,126,758,1,759,126,927,0,928,1,1593,1]
11-11 05:07:59.026 2356 2356 I sysui_multi_action: [757,113,758,1,759,113,927,1,928,0,1593,1]
11-11 05:07:59.026 2356 2356 I sysui_multi_action: [757,0,758,1,759,0,927,2,928,0,1593,1]
11-11 05:07:59.026 2356 2356 I sysui_multi_action: [757,0,758,1,759,0,927,3,928,0,1593,1]
11-11 05:07:59.036 1490 1642 I am_wtf : [0,1490,system_server,-1,DisplayDeviceConfig,requesting nits when no mapping exists.]
11-11 05:07:59.037 1490 1642 I am_wtf : [0,1490,system_server,-1,DisplayDeviceConfig,requesting nits when no mapping exists.]
11-11 05:07:59.041 2356 2356 I sysui_multi_action: [757,111,758,2]
11-11 05:07:59.041 2356 2356 I sysui_multi_action: [757,111,758,2]
11-11 05:07:59.042 1490 1490 I notification_enqueue: [10082,2356,com.android.systemui,2048,NULL,0,Notification(channel=updateNotification shortcut=null contentView=null vibrate=null sound=null defaults=0x0 flags=0x0 color=0x00000000 vis=PRIVATE),1]
11-11 05:07:59.046 2356 2356 I sysui_multi_action: [757,111,758,1]
11-11 05:07:59.046 2356 2356 I sysui_multi_action: [757,126,758,1,759,126,927,0,928,1,1593,1]
11-11 05:07:59.046 2356 2356 I sysui_multi_action: [757,113,758,1,759,113,927,1,928,0,1593,1]
11-11 05:07:59.046 2356 2356 I sysui_multi_action: [757,0,758,1,759,0,927,2,928,0,1593,1]
11-11 05:07:59.046 2356 2356 I sysui_multi_action: [757,0,758,1,759,0,927,3,928,0,1593,1]
11-11 05:07:59.046 2356 2356 I sysui_multi_action: [757,491,758,1,759,491,927,4,928,0,1311,-1,1593,0]
11-11 05:07:59.046 2356 2356 I sysui_multi_action: [757,0,758,1,759,0,927,5,928,0,1593,0]
11-11 05:07:59.047 2356 2356 I sysui_multi_action: [757,111,758,1]
11-11 05:07:59.047 2356 2356 I sysui_multi_action: [757,126,758,1,759,126,927,0,928,1,1593,1]
11-11 05:07:59.047 2356 2356 I sysui_multi_action: [757,113,758,1,759,113,927,1,928,0,1593,1]
11-11 05:07:59.047 2356 2356 I sysui_multi_action: [757,0,758,1,759,0,927,2,928,0,1593,1]
11-11 05:07:59.047 2356 2356 I sysui_multi_action: [757,0,758,1,759,0,927,3,928,0,1593,1]
11-11 05:07:59.051 1490 1642 I am_wtf : [0,1490,system_server,-1,DisplayDeviceConfig,requesting nits when no mapping exists.]
11-11 05:07:59.052 1490 1642 I am_wtf : [0,1490,system_server,-1,DisplayDeviceConfig,requesting nits when no mapping exists.]
11-11 05:07:59.062 2356 2356 I sysui_multi_action: [757,111,758,2]
11-11 05:07:59.063 2356 2356 I sysui_multi_action: [757,111,758,2]
11-11 05:07:59.063 1490 1490 I notification_enqueue: [10082,2356,com.android.systemui,2048,NULL,0,Notification(channel=updateNotification shortcut=null contentView=null vibrate=null sound=null defaults=0x0 flags=0x0 color=0x00000000 vis=PRIVATE),1]
11-11 05:07:59.066 1490 1642 I am_wtf : [0,1490,system_server,-1,DisplayDeviceConfig,requesting nits when no mapping exists.]
11-11 05:07:59.067 1490 1642 I am_wtf : [0,1490,system_server,-1,DisplayDeviceConfig,requesting nits when no mapping exists.]
11-11 05:07:59.067 2356 2356 I sysui_multi_action: [757,111,758,1]
11-11 05:07:59.068 2356 2356 I sysui_multi_action: [757,126,758,1,759,126,927,0,928,1,1593,1]
11-11 05:07:59.068 2356 2356 I sysui_multi_action: [757,113,758,1,759,113,927,1,928,0,1593,1]
11-11 05:07:59.068 2356 2356 I sysui_multi_action: [757,0,758,1,759,0,927,2,928,0,1593,1]
11-11 05:07:59.068 2356 2356 I sysui_multi_action: [757,0,758,1,759,0,927,3,928,0,1593,1]
11-11 05:07:59.068 2356 2356 I sysui_multi_action: [757,491,758,1,759,491,927,4,928,0,1311,-1,1593,0]
11-11 05:07:59.068 2356 2356 I sysui_multi_action: [757,0,758,1,759,0,927,5,928,0,1593,0]
11-11 05:07:59.068 2356 2356 I sysui_multi_action: [757,111,758,1]
11-11 05:07:59.068 2356 2356 I sysui_multi_action: [757,126,758,1,759,126,927,0,928,1,1593,1]
11-11 05:07:59.068 2356 2356 I sysui_multi_action: [757,113,758,1,759,113,927,1,928,0,1593,1]
11-11 05:07:59.068 2356 2356 I sysui_multi_action: [757,0,758,1,759,0,927,2,928,0,1593,1]
11-11 05:07:59.068 2356 2356 I sysui_multi_action: [757,0,758,1,759,0,927,3,928,0,1593,1]
11-11 05:07:59.080 2356 2356 I sysui_multi_action: [757,111,758,2]
11-11 05:07:59.080 2356 2356 I sysui_multi_action: [757,111,758,2]
11-11 05:07:59.080 1490 1490 I notification_enqueue: [10082,2356,com.android.systemui,2048,NULL,0,Notification(channel=updateNotification shortcut=null contentView=null vibrate=null sound=null defaults=0x0 flags=0x0 color=0x00000000 vis=PRIVATE),1]
11-11 05:07:59.083 1490 1642 I am_wtf : [0,1490,system_server,-1,DisplayDeviceConfig,requesting nits when no mapping exists.]
11-11 05:07:59.084 1490 1642 I am_wtf : [0,1490,system_server,-1,DisplayDeviceConfig,requesting nits when no mapping exists.]
11-11 05:07:59.084 2356 2356 I sysui_multi_action: [757,111,758,1]
11-11 05:07:59.084 2356 2356 I sysui_multi_action: [757,126,758,1,759,126,927,0,928,1,1593,1]
11-11 05:07:59.084 2356 2356 I sysui_multi_action: [757,113,758,1,759,113,927,1,928,0,1593,1]
11-11 05:07:59.084 2356 2356 I sysui_multi_action: [757,0,758,1,759,0,927,2,928,0,1593,1]
11-11 05:07:59.084 2356 2356 I sysui_multi_action: [757,0,758,1,759,0,927,3,928,0,1593,1]
11-11 05:07:59.085 2356 2356 I sysui_multi_action: [757,491,758,1,759,491,927,4,928,0,1311,-1,1593,0]
11-11 05:07:59.085 2356 2356 I sysui_multi_action: [757,0,758,1,759,0,927,5,928,0,1593,0]
11-11 05:07:59.085 2356 2356 I sysui_multi_action: [757,111,758,1]
11-11 05:07:59.085 2356 2356 I sysui_multi_action: [757,126,758,1,759,126,927,0,928,1,1593,1]
11-11 05:07:59.085 2356 2356 I sysui_multi_action: [757,113,758,1,759,113,927,1,928,0,1593,1]
11-11 05:07:59.085 2356 2356 I sysui_multi_action: [757,0,758,1,759,0,927,2,928,0,1593,1]
11-11 05:07:59.085 2356 2356 I sysui_multi_action: [757,0,758,1,759,0,927,3,928,0,1593,1]
11-11 05:07:59.097 2356 2356 I sysui_multi_action: [757,111,758,2]
11-11 05:07:59.097 2356 2356 I sysui_multi_action: [757,111,758,2]
11-11 05:07:59.097 1490 1490 I notification_enqueue: [10082,2356,com.android.systemui,2048,NULL,0,Notification(channel=updateNotification shortcut=null contentView=null vibrate=null sound=null defaults=0x0 flags=0x0 color=0x00000000 vis=PRIVATE),1]
11-11 05:07:59.101 1490 1642 I am_wtf : [0,1490,system_server,-1,DisplayDeviceConfig,requesting nits when no mapping exists.]
11-11 05:07:59.101 2356 2356 I sysui_multi_action: [757,111,758,1]
11-11 05:07:59.102 2356 2356 I sysui_multi_action: [757,126,758,1,759,126,927,0,928,1,1593,1]
11-11 05:07:59.102 2356 2356 I sysui_multi_action: [757,113,758,1,759,113,927,1,928,0,1593,1]
11-11 05:07:59.102 2356 2356 I sysui_multi_action: [757,0,758,1,759,0,927,2,928,0,1593,1]
11-11 05:07:59.102 2356 2356 I sysui_multi_action: [757,0,758,1,759,0,927,3,928,0,1593,1]
11-11 05:07:59.102 2356 2356 I sysui_multi_action: [757,491,758,1,759,491,927,4,928,0,1311,-1,1593,0]
11-11 05:07:59.102 2356 2356 I sysui_multi_action: [757,0,758,1,759,0,927,5,928,0,1593,0]
11-11 05:07:59.102 2356 2356 I sysui_multi_action: [757,111,758,1]
11-11 05:07:59.102 2356 2356 I sysui_multi_action: [757,126,758,1,759,126,927,0,928,1,1593,1]
11-11 05:07:59.102 2356 2356 I sysui_multi_action: [757,113,758,1,759,113,927,1,928,0,1593,1]
11-11 05:07:59.102 2356 2356 I sysui_multi_action: [757,0,758,1,759,0,927,2,928,0,1593,1]
11-11 05:07:59.102 2356 2356 I sysui_multi_action: [757,0,758,1,759,0,927,3,928,0,1593,1]
11-11 05:07:59.103 1490 1642 I am_wtf : [0,1490,system_server,-1,DisplayDeviceConfig,requesting nits when no mapping exists.]
11-11 05:07:59.117 1490 1642 I am_wtf : [0,1490,system_server,-1,DisplayDeviceConfig,requesting nits when no mapping exists.]
11-11 05:07:59.118 1490 1642 I am_wtf : [0,1490,system_server,-1,DisplayDeviceConfig,requesting nits when no mapping exists.]
11-11 05:07:59.118 2356 2356 I sysui_multi_action: [757,111,758,2]
11-11 05:07:59.118 2356 2356 I sysui_multi_action: [757,111,758,2]
11-11 05:07:59.119 1490 1490 I notification_enqueue: [10082,2356,com.android.systemui,2048,NULL,0,Notification(channel=updateNotification shortcut=null contentView=null vibrate=null sound=null defaults=0x0 flags=0x0 color=0x00000000 vis=PRIVATE),1]
11-11 05:07:59.123 2356 2356 I sysui_multi_action: [757,111,758,1]
11-11 05:07:59.123 2356 2356 I sysui_multi_action: [757,126,758,1,759,126,927,0,928,1,1593,1]
11-11 05:07:59.123 2356 2356 I sysui_multi_action: [757,113,758,1,759,113,927,1,928,0,1593,1]
11-11 05:07:59.123 2356 2356 I sysui_multi_action: [757,0,758,1,759,0,927,2,928,0,1593,1]
11-11 05:07:59.123 2356 2356 I sysui_multi_action: [757,0,758,1,759,0,927,3,928,0,1593,1]
11-11 05:07:59.123 2356 2356 I sysui_multi_action: [757,491,758,1,759,491,927,4,928,0,1311,-1,1593,0]
11-11 05:07:59.123 2356 2356 I sysui_multi_action: [757,0,758,1,759,0,927,5,928,0,1593,0]
11-11 05:07:59.123 2356 2356 I sysui_multi_action: [757,111,758,1]
11-11 05:07:59.124 2356 2356 I sysui_multi_action: [757,126,758,1,759,126,927,0,928,1,1593,1]
11-11 05:07:59.124 2356 2356 I sysui_multi_action: [757,113,758,1,759,113,927,1,928,0,1593,1]
11-11 05:07:59.124 2356 2356 I sysui_multi_action: [757,0,758,1,759,0,927,2,928,0,1593,1]
11-11 05:07:59.124 2356 2356 I sysui_multi_action: [757,0,758,1,759,0,927,3,928,0,1593,1]
11-11 05:07:59.135 1490 1642 I am_wtf : [0,1490,system_server,-1,DisplayDeviceConfig,requesting nits when no mapping exists.]
11-11 05:07:59.135 1490 1642 I am_wtf : [0,1490,system_server,-1,DisplayDeviceConfig,requesting nits when no mapping exists.]
11-11 05:07:59.139 2356 2356 I sysui_multi_action: [757,111,758,2]
11-11 05:07:59.139 1490 1490 I notification_enqueue: [10082,2356,com.android.systemui,2048,NULL,0,Notification(channel=updateNotification shortcut=null contentView=null vibrate=null sound=null defaults=0x0 flags=0x0 color=0x00000000 vis=PRIVATE),1]
11-11 05:07:59.139 2356 2356 I sysui_multi_action: [757,111,758,2]
11-11 05:07:59.144 2356 2356 I sysui_multi_action: [757,111,758,1]
11-11 05:07:59.144 2356 2356 I sysui_multi_action: [757,126,758,1,759,126,927,0,928,1,1593,0]
11-11 05:07:59.144 2356 2356 I sysui_multi_action: [757,113,758,1,759,113,927,1,928,0,1593,0]
11-11 05:07:59.144 2356 2356 I sysui_multi_action: [757,0,758,1,759,0,927,2,928,0,1593,0]
11-11 05:07:59.144 2356 2356 I sysui_multi_action: [757,0,758,1,759,0,927,3,928,0,1593,0]
11-11 05:07:59.144 2356 2356 I sysui_multi_action: [757,491,758,1,759,491,927,4,928,0,1311,-1,1593,0]
11-11 05:07:59.144 2356 2356 I sysui_multi_action: [757,0,758,1,759,0,927,5,928,0,1593,0]
11-11 05:07:59.145 2356 2356 I sysui_multi_action: [757,111,758,1]
11-11 05:07:59.145 2356 2356 I sysui_multi_action: [757,126,758,1,759,126,927,0,928,1,1593,1]
11-11 05:07:59.145 2356 2356 I sysui_multi_action: [757,113,758,1,759,113,927,1,928,0,1593,1]
11-11 05:07:59.145 2356 2356 I sysui_multi_action: [757,0,758,1,759,0,927,2,928,0,1593,1]
11-11 05:07:59.145 2356 2356 I sysui_multi_action: [757,0,758,1,759,0,927,3,928,0,1593,1]
11-11 05:07:59.151 1490 1642 I am_wtf : [0,1490,system_server,-1,DisplayDeviceConfig,requesting nits when no mapping exists.]
11-11 05:07:59.152 1490 1642 I am_wtf : [0,1490,system_server,-1,DisplayDeviceConfig,requesting nits when no mapping exists.]
11-11 05:07:59.160 2356 2356 I sysui_multi_action: [757,111,758,2]
11-11 05:07:59.160 1490 1490 I notification_enqueue: [10082,2356,com.android.systemui,2048,NULL,0,Notification(channel=updateNotification shortcut=null contentView=null vibrate=null sound=null defaults=0x0 flags=0x0 color=0x00000000 vis=PRIVATE),1]
11-11 05:07:59.160 2356 2356 I sysui_multi_action: [757,111,758,2]
11-11 05:07:59.165 2356 2356 I sysui_multi_action: [757,111,758,1]
11-11 05:07:59.165 2356 2356 I sysui_multi_action: [757,126,758,1,759,126,927,0,928,1,1593,1]
11-11 05:07:59.165 2356 2356 I sysui_multi_action: [757,113,758,1,759,113,927,1,928,0,1593,1]
11-11 05:07:59.165 2356 2356 I sysui_multi_action: [757,0,758,1,759,0,927,2,928,0,1593,1]
11-11 05:07:59.165 2356 2356 I sysui_multi_action: [757,0,758,1,759,0,927,3,928,0,1593,1]
11-11 05:07:59.165 2356 2356 I sysui_multi_action: [757,491,758,1,759,491,927,4,928,0,1311,-1,1593,0]
11-11 05:07:59.165 2356 2356 I sysui_multi_action: [757,0,758,1,759,0,927,5,928,0,1593,0]
11-11 05:07:59.165 2356 2356 I sysui_multi_action: [757,111,758,1]
11-11 05:07:59.165 2356 2356 I sysui_multi_action: [757,126,758,1,759,126,927,0,928,1,1593,1]
11-11 05:07:59.165 2356 2356 I sysui_multi_action: [757,113,758,1,759,113,927,1,928,0,1593,1]
11-11 05:07:59.165 2356 2356 I sysui_multi_action: [757,0,758,1,759,0,927,2,928,0,1593,1]
11-11 05:07:59.165 2356 2356 I sysui_multi_action: [757,0,758,1,759,0,927,3,928,0,1593,1]
11-11 05:07:59.169 1490 1642 I am_wtf : [0,1490,system_server,-1,DisplayDeviceConfig,requesting nits when no mapping exists.]
11-11 05:07:59.170 1490 1642 I am_wtf : [0,1490,system_server,-1,DisplayDeviceConfig,requesting nits when no mapping exists.]
11-11 05:07:59.183 1490 1642 I am_wtf : [0,1490,system_server,-1,DisplayDeviceConfig,requesting nits when no mapping exists.]
11-11 05:07:59.184 2356 2356 I sysui_multi_action: [757,111,758,2]
11-11 05:07:59.184 2356 2356 I sysui_multi_action: [757,111,758,2]
11-11 05:07:59.186 1490 1642 I am_wtf : [0,1490,system_server,-1,DisplayDeviceConfig,requesting nits when no mapping exists.]
11-11 05:07:59.189 2356 2356 I sysui_multi_action: [757,111,758,1]
11-11 05:07:59.189 2356 2356 I sysui_multi_action: [757,126,758,1,759,126,927,0,928,1,1593,1]
11-11 05:07:59.189 2356 2356 I sysui_multi_action: [757,113,758,1,759,113,927,1,928,0,1593,1]
11-11 05:07:59.189 2356 2356 I sysui_multi_action: [757,0,758,1,759,0,927,2,928,0,1593,1]
11-11 05:07:59.189 2356 2356 I sysui_multi_action: [757,0,758,1,759,0,927,3,928,0,1593,1]
11-11 05:07:59.189 2356 2356 I sysui_multi_action: [757,491,758,1,759,491,927,4,928,0,1311,-1,1593,0]
11-11 05:07:59.189 2356 2356 I sysui_multi_action: [757,0,758,1,759,0,927,5,928,0,1593,0]
11-11 05:07:59.189 2356 2356 I sysui_multi_action: [757,111,758,1]
11-11 05:07:59.189 2356 2356 I sysui_multi_action: [757,126,758,1,759,126,927,0,928,1,1593,1]
11-11 05:07:59.190 2356 2356 I sysui_multi_action: [757,113,758,1,759,113,927,1,928,0,1593,1]
11-11 05:07:59.190 2356 2356 I sysui_multi_action: [757,0,758,1,759,0,927,2,928,0,1593,1]
11-11 05:07:59.190 2356 2356 I sysui_multi_action: [757,0,758,1,759,0,927,3,928,0,1593,1]
11-11 05:07:59.192 1490 1490 I notification_enqueue: [10082,2356,com.android.systemui,2048,NULL,0,Notification(channel=updateNotification shortcut=null contentView=null vibrate=null sound=null defaults=0x0 flags=0x0 color=0x00000000 vis=PRIVATE),1]
11-11 05:07:59.200 1490 1642 I am_wtf : [0,1490,system_server,-1,DisplayDeviceConfig,requesting nits when no mapping exists.]
11-11 05:07:59.201 1490 1642 I am_wtf : [0,1490,system_server,-1,DisplayDeviceConfig,requesting nits when no mapping exists.]
11-11 05:07:59.206 2356 2356 I sysui_multi_action: [757,111,758,2]
11-11 05:07:59.206 2356 2356 I sysui_multi_action: [757,111,758,2]
11-11 05:07:59.206 1490 1490 I notification_enqueue: [10082,2356,com.android.systemui,2048,NULL,0,Notification(channel=updateNotification shortcut=null contentView=null vibrate=null sound=null defaults=0x0 flags=0x0 color=0x00000000 vis=PRIVATE),1]
11-11 05:07:59.210 2356 2356 I sysui_multi_action: [757,111,758,1]
11-11 05:07:59.211 2356 2356 I sysui_multi_action: [757,126,758,1,759,126,927,0,928,1,1593,1]
11-11 05:07:59.211 2356 2356 I sysui_multi_action: [757,113,758,1,759,113,927,1,928,0,1593,1]
11-11 05:07:59.211 2356 2356 I sysui_multi_action: [757,0,758,1,759,0,927,2,928,0,1593,1]
11-11 05:07:59.211 2356 2356 I sysui_multi_action: [757,0,758,1,759,0,927,3,928,0,1593,1]
11-11 05:07:59.211 2356 2356 I sysui_multi_action: [757,491,758,1,759,491,927,4,928,0,1311,-1,1593,0]
11-11 05:07:59.211 2356 2356 I sysui_multi_action: [757,0,758,1,759,0,927,5,928,0,1593,0]
11-11 05:07:59.211 2356 2356 I sysui_multi_action: [757,111,758,1]
11-11 05:07:59.211 2356 2356 I sysui_multi_action: [757,126,758,1,759,126,927,0,928,1,1593,1]
11-11 05:07:59.211 2356 2356 I sysui_multi_action: [757,113,758,1,759,113,927,1,928,0,1593,1]
11-11 05:07:59.211 2356 2356 I sysui_multi_action: [757,0,758,1,759,0,927,2,928,0,1593,1]
11-11 05:07:59.211 2356 2356 I sysui_multi_action: [757,0,758,1,759,0,927,3,928,0,1593,1]
11-11 05:07:59.218 1490 1642 I am_wtf : [0,1490,system_server,-1,DisplayDeviceConfig,requesting nits when no mapping exists.]
11-11 05:07:59.219 1490 1642 I am_wtf : [0,1490,system_server,-1,DisplayDeviceConfig,requesting nits when no mapping exists.]
11-11 05:07:59.229 2356 2356 I sysui_multi_action: [757,111,758,2]
11-11 05:07:59.229 1490 1490 I notification_enqueue: [10082,2356,com.android.systemui,2048,NULL,0,Notification(channel=updateNotification shortcut=null contentView=null vibrate=null sound=null defaults=0x0 flags=0x0 color=0x00000000 vis=PRIVATE),1]
11-11 05:07:59.230 2356 2356 I sysui_multi_action: [757,111,758,2]
11-11 05:07:59.235 1490 1642 I am_wtf : [0,1490,system_server,-1,DisplayDeviceConfig,requesting nits when no mapping exists.]
11-11 05:07:59.236 1490 1642 I am_wtf : [0,1490,system_server,-1,DisplayDeviceConfig,requesting nits when no mapping exists.]
11-11 05:07:59.249 2356 2356 I sysui_multi_action: [757,111,758,1]
11-11 05:07:59.249 2356 2356 I sysui_multi_action: [757,126,758,1,759,126,927,0,928,1,1593,1]
11-11 05:07:59.249 2356 2356 I sysui_multi_action: [757,113,758,1,759,113,927,1,928,0,1593,1]
11-11 05:07:59.249 2356 2356 I sysui_multi_action: [757,0,758,1,759,0,927,2,928,0,1593,1]
11-11 05:07:59.249 2356 2356 I sysui_multi_action: [757,0,758,1,759,0,927,3,928,0,1593,1]
11-11 05:07:59.250 2356 2356 I sysui_multi_action: [757,491,758,1,759,491,927,4,928,0,1311,-1,1593,0]
11-11 05:07:59.250 2356 2356 I sysui_multi_action: [757,0,758,1,759,0,927,5,928,0,1593,0]
11-11 05:07:59.250 2356 2356 I sysui_multi_action: [757,111,758,1]
11-11 05:07:59.250 2356 2356 I sysui_multi_action: [757,126,758,1,759,126,927,0,928,1,1593,1]
11-11 05:07:59.250 2356 2356 I sysui_multi_action: [757,113,758,1,759,113,927,1,928,0,1593,1]
11-11 05:07:59.250 2356 2356 I sysui_multi_action: [757,0,758,1,759,0,927,2,928,0,1593,1]
11-11 05:07:59.250 2356 2356 I sysui_multi_action: [757,0,758,1,759,0,927,3,928,0,1593,1]
11-11 05:07:59.252 1490 1642 I am_wtf : [0,1490,system_server,-1,DisplayDeviceConfig,requesting nits when no mapping exists.]
11-11 05:07:59.253 1490 1642 I am_wtf : [0,1490,system_server,-1,DisplayDeviceConfig,requesting nits when no mapping exists.]
11-11 05:07:59.269 1490 1642 I am_wtf : [0,1490,system_server,-1,DisplayDeviceConfig,requesting nits when no mapping exists.]
11-11 05:07:59.270 1490 1642 I am_wtf : [0,1490,system_server,-1,DisplayDeviceConfig,requesting nits when no mapping exists.]
11-11 05:07:59.271 2356 2356 I sysui_multi_action: [757,111,758,2]
11-11 05:07:59.271 1490 1490 I notification_enqueue: [10082,2356,com.android.systemui,2048,NULL,0,Notification(channel=updateNotification shortcut=null contentView=null vibrate=null sound=null defaults=0x0 flags=0x0 color=0x00000000 vis=PRIVATE),1]
11-11 05:07:59.271 2356 2356 I sysui_multi_action: [757,111,758,2]
11-11 05:07:59.274 1490 6837 I sysui_multi_action: [757,128,758,2,793,968942,794,87747,795,968942,796,26,798,0,806,android,857,DEVELOPER_IMPORTANT,858,4,947,0,1395,2,1500,968739,1688,1]
11-11 05:07:59.274 1490 6837 I notification_visibility: [-1|android|26|null|1000,0,968942,968942,0,0]
11-11 05:07:59.274 1490 6837 I sysui_multi_action: [757,128,758,2,793,1272741,794,87744,795,1272741,796,32,798,1,806,android,857,USB,858,1,947,0,1395,2,1500,1272520,1688,1]
11-11 05:07:59.274 1490 6837 I notification_visibility: [-1|android|32|null|1000,0,1272741,1272741,0,1]
11-11 05:07:59.275 1490 6837 I sysui_multi_action: [757,127,758,2]
11-11 05:07:59.275 1490 6837 I notification_panel_hidden:
11-11 05:07:59.284 1490 1642 I am_wtf : [0,1490,system_server,-1,DisplayDeviceConfig,requesting nits when no mapping exists.]
11-11 05:07:59.284 1490 1642 I am_wtf : [0,1490,system_server,-1,DisplayDeviceConfig,requesting nits when no mapping exists.]
11-11 05:07:59.297 2356 2356 I sysui_multi_action: [757,111,758,1]
11-11 05:07:59.297 2356 2356 I sysui_multi_action: [757,126,758,1,759,126,927,0,928,1,1593,0]
11-11 05:07:59.297 2356 2356 I sysui_multi_action: [757,113,758,1,759,113,927,1,928,0,1593,0]
11-11 05:07:59.297 2356 2356 I sysui_multi_action: [757,0,758,1,759,0,927,2,928,0,1593,0]
11-11 05:07:59.297 2356 2356 I sysui_multi_action: [757,0,758,1,759,0,927,3,928,0,1593,0]
11-11 05:07:59.297 2356 2356 I sysui_multi_action: [757,491,758,1,759,491,927,4,928,0,1311,-1,1593,0]
11-11 05:07:59.298 2356 2356 I sysui_multi_action: [757,0,758,1,759,0,927,5,928,0,1593,0]
11-11 05:07:59.298 2356 2356 I sysui_multi_action: [757,111,758,1]
11-11 05:07:59.298 2356 2356 I sysui_multi_action: [757,126,758,1,759,126,927,0,928,1,1593,0]
11-11 05:07:59.298 2356 2356 I sysui_multi_action: [757,113,758,1,759,113,927,1,928,0,1593,0]
11-11 05:07:59.298 2356 2356 I sysui_multi_action: [757,0,758,1,759,0,927,2,928,0,1593,0]
11-11 05:07:59.298 2356 2356 I sysui_multi_action: [757,0,758,1,759,0,927,3,928,0,1593,0]
11-11 05:07:59.302 1490 1642 I am_wtf : [0,1490,system_server,-1,DisplayDeviceConfig,requesting nits when no mapping exists.]
11-11 05:07:59.303 1490 1642 I am_wtf : [0,1490,system_server,-1,DisplayDeviceConfig,requesting nits when no mapping exists.]
11-11 05:07:59.317 1490 1642 I am_wtf : [0,1490,system_server,-1,DisplayDeviceConfig,requesting nits when no mapping exists.]
11-11 05:07:59.315 288 288 I auditd : type=1400 audit(0.0:1835): avc: denied { kill } for comm="kgsl_worker_thr" capability=5 scontext=u:r:kernel:s0 tcontext=u:r:kernel:s0 tclass=capability permissive=0
11-11 05:07:59.319 1490 1634 I wm_stop_activity: [0,16344225,com.android.settings/.Settings]
11-11 05:07:59.325 1490 1642 I am_wtf : [0,1490,system_server,-1,DisplayDeviceConfig,requesting nits when no mapping exists.]
11-11 05:07:59.334 1490 1642 I am_wtf : [0,1490,system_server,-1,DisplayDeviceConfig,requesting nits when no mapping exists.]
11-11 05:07:59.334 1490 1642 I am_wtf : [0,1490,system_server,-1,DisplayDeviceConfig,requesting nits when no mapping exists.]
11-11 05:07:59.352 1490 1642 I am_wtf : [0,1490,system_server,-1,DisplayDeviceConfig,requesting nits when no mapping exists.]
11-11 05:07:59.356 1490 1642 I am_wtf : [0,1490,system_server,-1,DisplayDeviceConfig,requesting nits when no mapping exists.]
11-11 05:07:59.370 1490 1642 I am_wtf : [0,1490,system_server,-1,DisplayDeviceConfig,requesting nits when no mapping exists.]
11-11 05:07:59.371 11151 11151 I wm_on_stop_called: [16344225,com.android.settings.Settings,STOP_ACTIVITY_ITEM]
11-11 05:07:59.371 1490 1642 I am_wtf : [0,1490,system_server,-1,DisplayDeviceConfig,requesting nits when no mapping exists.]
11-11 05:07:59.388 1490 1642 I am_wtf : [0,1490,system_server,-1,DisplayDeviceConfig,requesting nits when no mapping exists.]
11-11 05:07:59.391 1490 1642 I am_wtf : [0,1490,system_server,-1,DisplayDeviceConfig,requesting nits when no mapping exists.]
11-11 05:07:59.399 1490 1642 I am_wtf : [0,1490,system_server,-1,DisplayDeviceConfig,requesting nits when no mapping exists.]
11-11 05:07:59.400 1490 1642 I am_wtf : [0,1490,system_server,-1,DisplayDeviceConfig,requesting nits when no mapping exists.]
11-11 05:07:59.415 1490 1642 I am_wtf : [0,1490,system_server,-1,DisplayDeviceConfig,requesting nits when no mapping exists.]
11-11 05:07:59.416 1490 1642 I am_wtf : [0,1490,system_server,-1,DisplayDeviceConfig,requesting nits when no mapping exists.]
