11-11 05:11:43.315 0 0 I auditd : type=1400 audit(0.0:2056): avc: denied { kill } for comm="swapper/1" capability=5 scontext=u:r:kernel:s0 tcontext=u:r:kernel:s0 tclass=capability permissive=0
11-11 05:11:44.315 0 0 I auditd : type=1400 audit(0.0:2057): avc: denied { kill } for comm="swapper/1" capability=5 scontext=u:r:kernel:s0 tcontext=u:r:kernel:s0 tclass=capability permissive=0
11-11 05:11:45.315 0 0 I auditd : type=1400 audit(0.0:2058): avc: denied { kill } for comm="swapper/1" capability=5 scontext=u:r:kernel:s0 tcontext=u:r:kernel:s0 tclass=capability permissive=0
11-11 05:11:46.315 0 0 I auditd : type=1400 audit(0.0:2059): avc: denied { kill } for comm="swapper/1" capability=5 scontext=u:r:kernel:s0 tcontext=u:r:kernel:s0 tclass=capability permissive=0
11-11 05:11:46.490 1490 2299 I storage_state: [41217664-9172-527a-b3d5-edabb50a7d69,0,0,115929919488,118610538496]
11-11 05:11:47.315 0 0 I auditd : type=1400 audit(0.0:2060): avc: denied { kill } for comm="swapper/1" capability=5 scontext=u:r:kernel:s0 tcontext=u:r:kernel:s0 tclass=capability permissive=0
11-11 05:11:48.315 0 0 I auditd : type=1400 audit(0.0:2061): avc: denied { kill } for comm="swapper/1" capability=5 scontext=u:r:kernel:s0 tcontext=u:r:kernel:s0 tclass=capability permissive=0
11-11 05:11:49.315 0 0 I auditd : type=1400 audit(0.0:2062): avc: denied { kill } for comm="swapper/1" capability=5 scontext=u:r:kernel:s0 tcontext=u:r:kernel:s0 tclass=capability permissive=0
11-11 05:11:50.315 0 0 I auditd : type=1400 audit(0.0:2063): avc: denied { kill } for comm="swapper/1" capability=5 scontext=u:r:kernel:s0 tcontext=u:r:kernel:s0 tclass=capability permissive=0
11-11 05:11:51.040 1490 1992 I input_interaction: Interaction with: 62ce482 com.thundercomm.screensaver/android.service.dreams.DreamActivity (server), edge-swipe (server), swipe-up (server), PointerEventDispatcher0 (server),
11-11 05:11:51.043 1490 6837 I wm_finish_activity: [0,230373930,85,com.thundercomm.screensaver/android.service.dreams.DreamActivity,finish-activity]
11-11 05:11:51.043 1490 6837 I wm_task_moved: [83,1,6]
11-11 05:11:51.043 1490 6837 I wm_task_to_front: [0,83]
11-11 05:11:51.044 1490 6837 I wm_focused_root_task: [0,0,83,85,finish-top adjustFocusToNextFocusableTask]
11-11 05:11:51.045 1490 6837 I wm_pause_activity: [0,230373930,com.thundercomm.screensaver/android.service.dreams.DreamActivity,userLeaving=false,finish]
11-11 05:11:51.051 1490 1634 I sysui_multi_action: [757,803,799,window_time_0,802,232]
11-11 05:11:51.053 11329 11329 I wm_on_top_resumed_lost_called: [230373930,android.service.dreams.DreamActivity,topStateChangedWhenResumed]
11-11 05:11:51.053 11329 11329 I wm_on_paused_called: [230373930,android.service.dreams.DreamActivity,performPause]
11-11 05:11:51.054 1490 7175 I wm_add_to_stopping: [0,230373930,com.thundercomm.screensaver/android.service.dreams.DreamActivity,completeFinishing]
11-11 05:11:51.056 1490 7175 I wm_set_resumed_activity: [0,com.android.settings/.Settings,resumeTopActivityInnerLocked]
11-11 05:11:51.058 1490 7175 I wm_resume_activity: [0,16344225,83,com.android.settings/.Settings]
11-11 05:11:51.062 1490 1992 I input_focus: [Focus leaving 62ce482 com.thundercomm.screensaver/android.service.dreams.DreamActivity (server),reason=NO_WINDOW]
11-11 05:11:51.062 11329 11329 I view_enqueue_input_event: [Motion - Cancel,com.thundercomm.screensaver/android.service.dreams.DreamActivity]
11-11 05:11:51.070 1490 1634 I sysui_multi_action: [757,803,799,window_time_0,802,0]
11-11 05:11:51.079 11151 11151 I wm_on_restart_called: [16344225,com.android.settings.Settings,performRestartActivity]
11-11 05:11:51.080 1490 1641 I am_pss : [11639,10069,com.android.gallery3d,7650304,5156864,0,94072832,0,19,6]
11-11 05:11:51.087 1490 1641 I am_pss : [4300,1000,com.thundercomm.gamemode,17334272,13500416,0,122318848,0,10,6]
11-11 05:11:51.095 1490 1641 I am_pss : [3877,1000,com.qti.diagservices,5976064,3735552,0,94343168,0,10,6]
11-11 05:11:51.101 11151 11151 I wm_on_start_called: [16344225,com.android.settings.Settings,handleStartActivity]
11-11 05:11:51.103 11151 11151 I snet_event_log: [120484087,-1,]
11-11 05:11:51.104 11151 11151 I wm_on_resume_called: [16344225,com.android.settings.Settings,RESUME_ACTIVITY]
11-11 05:11:51.104 11151 11151 I sysui_multi_action: [757,35,758,1,833,0,1089,0]
11-11 05:11:51.110 11151 11151 I sysui_multi_action: [757,103,758,1,833,0,1089,0]
11-11 05:11:51.111 565 565 I auditd : type=1400 audit(0.0:2064): avc: denied { read } for comm="Binder:565_2" name="wakeup58" dev="sysfs" ino=71827 scontext=u:r:system_suspend:s0 tcontext=u:object_r:sysfs:s0 tclass=dir permissive=0
11-11 05:11:51.120 11151 11151 I sysui_multi_action: [757,849,758,1,833,0,1089,0]
11-11 05:11:51.111 565 565 I auditd : type=1400 audit(0.0:2065): avc: denied { read } for comm="Binder:565_2" name="wakeup48" dev="sysfs" ino=67421 scontext=u:r:system_suspend:s0 tcontext=u:object_r:sysfs:s0 tclass=dir permissive=0
11-11 05:11:51.111 565 565 I auditd : type=1400 audit(0.0:2066): avc: denied { read } for comm="Binder:565_2" name="wakeup4" dev="sysfs" ino=47028 scontext=u:r:system_suspend:s0 tcontext=u:object_r:sysfs:s0 tclass=dir permissive=0
11-11 05:11:51.111 565 565 I auditd : type=1400 audit(0.0:2067): avc: denied { read } for comm="Binder:565_2" name="wakeup76" dev="sysfs" ino=76905 scontext=u:r:system_suspend:s0 tcontext=u:object_r:sysfs:s0 tclass=dir permissive=0
11-11 05:11:51.115 565 565 I auditd : type=1400 audit(0.0:2068): avc: denied { read } for comm="Binder:565_2" name="wakeup28" dev="sysfs" ino=53233 scontext=u:r:system_suspend:s0 tcontext=u:object_r:sysfs:s0 tclass=dir permissive=0
11-11 05:11:51.124 11151 11151 I wm_on_top_resumed_gained_called: [16344225,com.android.settings.Settings,topWhenResuming]
11-11 05:11:51.141 1490 1635 I input_focus: [Focus request da1c781 com.android.settings/com.android.settings.Settings,reason=UpdateInputWindows]
11-11 05:11:51.175 1490 1992 I input_focus: [Focus entering da1c781 com.android.settings/com.android.settings.Settings (server),reason=setFocusedWindow]
11-11 05:11:51.198 1490 1490 I am_uid_active: 10064
11-11 05:11:51.380 1490 1490 I service_manager_slow: [11,phone]
11-11 05:11:51.681 1490 1634 I wm_destroy_activity: [0,230373930,85,com.thundercomm.screensaver/android.service.dreams.DreamActivity,finish-imm:idle]
11-11 05:11:51.700 11329 11329 I wm_on_stop_called: [230373930,android.service.dreams.DreamActivity,LIFECYCLER_STOP_ACTIVITY]
11-11 05:11:51.701 11329 11329 I wm_on_destroy_called: [230373930,android.service.dreams.DreamActivity,performDestroy]
11-11 05:11:51.707 1490 1630 I sysui_multi_action: [757,222,758,2]
11-11 05:11:51.708 1490 1630 I sysui_multi_action: [757,804,799,dreaming_minutes,801,3,802,1]
11-11 05:11:51.716 1490 3779 I wm_task_removed: [85,removeChild:removeChild last r=ActivityRecord{dbb3a2a u0 com.thundercomm.screensaver/android.service.dreams.DreamActivity t-1 f}} in t=Task{1d19a3d #85 type=dream A=10051:android:com.thundercomm.screensaver/dream U=0 visible=false mode=fullscreen translucent=true sz=0}]
11-11 05:11:51.716 1490 3779 I wm_task_removed: [85,removeChild]
11-11 05:11:51.751 1490 1992 I input_interaction: Interaction with: 151d967 StatusBar (server), edge-swipe (server), swipe-up (server), PointerEventDispatcher0 (server),
11-11 05:11:51.759 2356 2356 I sysui_multi_action: [757,803,799,panel_open,802,1]
11-11 05:11:51.761 2356 2356 I sysui_multi_action: [757,1328,758,4,1326,25,1327,0,1329,0]
11-11 05:11:51.805 1490 6837 I sysui_multi_action: [757,127,758,1]
11-11 05:11:51.805 1490 6837 I sysui_multi_action: [757,804,799,note_load,801,2,802,1]
11-11 05:11:51.808 1490 6837 I notification_panel_revealed: 2
11-11 05:11:51.809 1490 1490 I notification_enqueue: [10082,2356,com.android.systemui,2048,NULL,0,Notification(channel=updateNotification shortcut=null contentView=null vibrate=null sound=null defaults=0x0 flags=0x0 color=0x00000000 vis=PRIVATE),1]
11-11 05:11:51.809 2356 2356 I sysui_multi_action: [757,111,758,2]
11-11 05:11:51.809 2356 2356 I sysui_multi_action: [757,111,758,2]
11-11 05:11:51.832 1490 1635 I input_focus: [Focus request 374215a NotificationShade,reason=UpdateInputWindows]
11-11 05:11:51.840 2356 2356 I sysui_multi_action: [757,111,758,1]
11-11 05:11:51.840 2356 2356 I sysui_multi_action: [757,126,758,1,759,126,927,0,928,1,1593,0]
11-11 05:11:51.840 2356 2356 I sysui_multi_action: [757,113,758,1,759,113,927,1,928,0,1593,0]
11-11 05:11:51.840 2356 2356 I sysui_multi_action: [757,0,758,1,759,0,927,2,928,0,1593,0]
11-11 05:11:51.840 2356 2356 I sysui_multi_action: [757,0,758,1,759,0,927,3,928,0,1593,0]
11-11 05:11:51.841 2356 2356 I sysui_multi_action: [757,491,758,1,759,491,927,4,928,0,1311,-1,1593,0]
11-11 05:11:51.841 2356 2356 I sysui_multi_action: [757,0,758,1,759,0,927,5,928,0,1593,0]
11-11 05:11:51.841 2356 2356 I sysui_multi_action: [757,111,758,1]
11-11 05:11:51.841 2356 2356 I sysui_multi_action: [757,126,758,1,759,126,927,0,928,1,1593,0]
11-11 05:11:51.841 2356 2356 I sysui_multi_action: [757,113,758,1,759,113,927,1,928,0,1593,0]
11-11 05:11:51.841 2356 2356 I sysui_multi_action: [757,0,758,1,759,0,927,2,928,0,1593,0]
11-11 05:11:51.841 2356 2356 I sysui_multi_action: [757,0,758,1,759,0,927,3,928,0,1593,0]
11-11 05:11:51.861 2356 2356 I sysui_multi_action: [757,111,758,2]
11-11 05:11:51.861 2356 2356 I sysui_multi_action: [757,111,758,2]
11-11 05:11:51.862 1490 1490 I notification_enqueue: [10082,2356,com.android.systemui,2048,NULL,0,Notification(channel=updateNotification shortcut=null contentView=null vibrate=null sound=null defaults=0x0 flags=0x0 color=0x00000000 vis=PRIVATE),1]
11-11 05:11:51.869 2356 2356 I sysui_multi_action: [757,111,758,1]
11-11 05:11:51.869 2356 2356 I sysui_multi_action: [757,126,758,1,759,126,927,0,928,1,1593,0]
11-11 05:11:51.869 2356 2356 I sysui_multi_action: [757,113,758,1,759,113,927,1,928,0,1593,0]
11-11 05:11:51.869 2356 2356 I sysui_multi_action: [757,0,758,1,759,0,927,2,928,0,1593,0]
11-11 05:11:51.869 2356 2356 I sysui_multi_action: [757,0,758,1,759,0,927,3,928,0,1593,0]
11-11 05:11:51.869 1490 1992 I input_focus: [Focus leaving da1c781 com.android.settings/com.android.settings.Settings (server),reason=setFocusedWindow]
11-11 05:11:51.869 2356 2356 I sysui_multi_action: [757,491,758,1,759,491,927,4,928,0,1311,-1,1593,0]
11-11 05:11:51.869 1490 1992 I input_focus: [Focus entering 374215a NotificationShade (server),reason=setFocusedWindow]
11-11 05:11:51.869 2356 2356 I sysui_multi_action: [757,0,758,1,759,0,927,5,928,0,1593,0]
11-11 05:11:51.869 2356 2356 I sysui_multi_action: [757,111,758,1]
11-11 05:11:51.869 2356 2356 I sysui_multi_action: [757,126,758,1,759,126,927,0,928,1,1593,0]
11-11 05:11:51.869 2356 2356 I sysui_multi_action: [757,113,758,1,759,113,927,1,928,0,1593,0]
11-11 05:11:51.870 2356 2356 I sysui_multi_action: [757,0,758,1,759,0,927,2,928,0,1593,0]
11-11 05:11:51.870 2356 2356 I sysui_multi_action: [757,0,758,1,759,0,927,3,928,0,1593,0]
11-11 05:11:51.894 2356 2356 I sysui_multi_action: [757,111,758,2]
11-11 05:11:51.895 2356 2356 I sysui_multi_action: [757,111,758,2]
11-11 05:11:51.895 1490 1490 I notification_enqueue: [10082,2356,com.android.systemui,2048,NULL,0,Notification(channel=updateNotification shortcut=null contentView=null vibrate=null sound=null defaults=0x0 flags=0x0 color=0x00000000 vis=PRIVATE),1]
11-11 05:11:51.902 2356 2356 I sysui_multi_action: [757,111,758,1]
11-11 05:11:51.902 2356 2356 I sysui_multi_action: [757,126,758,1,759,126,927,0,928,1,1593,0]
11-11 05:11:51.902 2356 2356 I sysui_multi_action: [757,113,758,1,759,113,927,1,928,0,1593,0]
11-11 05:11:51.902 2356 2356 I sysui_multi_action: [757,0,758,1,759,0,927,2,928,0,1593,0]
11-11 05:11:51.902 2356 2356 I sysui_multi_action: [757,0,758,1,759,0,927,3,928,0,1593,0]
11-11 05:11:51.903 2356 2356 I sysui_multi_action: [757,491,758,1,759,491,927,4,928,0,1311,-1,1593,0]
11-11 05:11:51.903 2356 2356 I sysui_multi_action: [757,0,758,1,759,0,927,5,928,0,1593,0]
11-11 05:11:51.903 2356 2356 I sysui_multi_action: [757,111,758,1]
11-11 05:11:51.903 2356 2356 I sysui_multi_action: [757,126,758,1,759,126,927,0,928,1,1593,0]
11-11 05:11:51.903 2356 2356 I sysui_multi_action: [757,113,758,1,759,113,927,1,928,0,1593,0]
11-11 05:11:51.903 2356 2356 I sysui_multi_action: [757,0,758,1,759,0,927,2,928,0,1593,0]
11-11 05:11:51.903 2356 2356 I sysui_multi_action: [757,0,758,1,759,0,927,3,928,0,1593,0]
11-11 05:11:52.366 1490 4839 I sysui_multi_action: [757,128,758,1,793,1202033,794,0,795,1202033,796,26,798,0,806,android,857,DEVELOPER_IMPORTANT,858,4,947,0,1395,2,1500,1201830,1688,1]
11-11 05:11:52.366 1490 4839 I sysui_multi_action: [757,804,799,note_freshness,801,1202033,802,1]
11-11 05:11:52.366 1490 4839 I notification_visibility: [-1|android|26|null|1000,1,1202033,1202033,0,0]
11-11 05:11:52.367 1490 4839 I sysui_multi_action: [757,128,758,1,793,1505833,794,0,795,1505833,796,32,798,1,806,android,857,USB,858,1,947,0,1395,2,1500,1505612,1688,1]
11-11 05:11:52.367 1490 4839 I sysui_multi_action: [757,804,799,note_freshness,801,1505833,802,1]
11-11 05:11:52.367 1490 4839 I notification_visibility: [-1|android|32|null|1000,1,1505833,1505833,0,1]
11-11 05:11:52.735 1400 9686 I liblog : 2
11-11 05:11:52.735 1400 9686 I liblog : 2
11-11 05:11:53.315 0 0 I auditd : type=1400 audit(0.0:2163): avc: denied { kill } for comm="swapper/1" capability=5 scontext=u:r:kernel:s0 tcontext=u:r:kernel:s0 tclass=capability permissive=0
11-11 05:11:54.315 0 0 I auditd : type=1400 audit(0.0:2164): avc: denied { kill } for comm="swapper/1" capability=5 scontext=u:r:kernel:s0 tcontext=u:r:kernel:s0 tclass=capability permissive=0
11-11 05:11:55.315 0 0 I auditd : type=1400 audit(0.0:2165): avc: denied { kill } for comm="swapper/1" capability=5 scontext=u:r:kernel:s0 tcontext=u:r:kernel:s0 tclass=capability permissive=0
11-11 05:11:56.132 1490 1992 I input_interaction: Interaction with: 374215a NotificationShade (server), edge-swipe (server), swipe-up (server), PointerEventDispatcher0 (server),
11-11 05:11:56.145 1490 6837 I wm_task_moved: [1,0,0]
11-11 05:11:56.145 1490 6837 I wm_task_moved: [1,0,5]
11-11 05:11:56.150 2824 2824 I wm_on_restart_called: [85671939,com.android.launcher3.uioverrides.QuickstepLauncher,performRestartActivity]
11-11 05:11:56.177 2824 2824 I wm_on_start_called: [85671939,com.android.launcher3.uioverrides.QuickstepLauncher,handleStartActivity]
11-11 05:11:56.202 1490 1630 I sysui_multi_action: [319,17,322,51,325,1535,757,761,758,9,759,5,806,com.android.launcher3,871,com.android.launcher3.uioverrides.QuickstepLauncher,905,0,1320,4,1321,1]
11-11 05:11:56.224 2356 2356 I view_enqueue_input_event: [Motion - Cancel,NotificationShade]
11-11 05:11:56.225 2824 2824 I sysui_latency: [1,58]
11-11 05:11:56.228 1490 1992 I input_interaction: Interaction with: edge-swipe (server), swipe-up (server), PointerEventDispatcher0 (server),
11-11 05:11:56.287 1490 1992 I input_focus: [Focus leaving 374215a NotificationShade (server),reason=NOT_FOCUSABLE]
11-11 05:11:56.315 0 0 I auditd : type=1400 audit(0.0:2166): avc: denied { kill } for comm="swapper/1" capability=5 scontext=u:r:kernel:s0 tcontext=u:r:kernel:s0 tclass=capability permissive=0
11-11 05:11:56.383 1490 1745 I commit_sys_config_file: [settings-1-0,7]
11-11 05:11:56.440 2356 2356 I sysui_multi_action: [757,111,758,2]
11-11 05:11:56.440 2356 2356 I sysui_multi_action: [757,111,758,2]
11-11 05:11:56.442 1490 1490 I notification_enqueue: [10082,2356,com.android.systemui,2048,NULL,0,Notification(channel=updateNotification shortcut=null contentView=null vibrate=null sound=null defaults=0x0 flags=0x0 color=0x00000000 vis=PRIVATE),1]
11-11 05:11:56.455 2356 2356 I sysui_multi_action: [757,111,758,1]
11-11 05:11:56.455 2356 2356 I sysui_multi_action: [757,126,758,1,759,126,927,0,928,1,1593,1]
11-11 05:11:56.455 2356 2356 I sysui_multi_action: [757,113,758,1,759,113,927,1,928,0,1593,1]
11-11 05:11:56.456 2356 2356 I sysui_multi_action: [757,0,758,1,759,0,927,2,928,0,1593,1]
11-11 05:11:56.456 2356 2356 I sysui_multi_action: [757,0,758,1,759,0,927,3,928,0,1593,1]
11-11 05:11:56.456 2356 2356 I sysui_multi_action: [757,491,758,1,759,491,927,4,928,0,1311,-1,1593,0]
11-11 05:11:56.456 2356 2356 I sysui_multi_action: [757,0,758,1,759,0,927,5,928,0,1593,0]
11-11 05:11:56.457 2356 2356 I sysui_multi_action: [757,111,758,1]
11-11 05:11:56.457 2356 2356 I sysui_multi_action: [757,126,758,1,759,126,927,0,928,1,1593,1]
11-11 05:11:56.457 2356 2356 I sysui_multi_action: [757,113,758,1,759,113,927,1,928,0,1593,1]
11-11 05:11:56.457 2356 2356 I sysui_multi_action: [757,0,758,1,759,0,927,2,928,0,1593,1]
11-11 05:11:56.457 2356 2356 I sysui_multi_action: [757,0,758,1,759,0,927,3,928,0,1593,1]
11-11 05:11:56.484 1490 1490 I notification_enqueue: [10082,2356,com.android.systemui,2048,NULL,0,Notification(channel=updateNotification shortcut=null contentView=null vibrate=null sound=null defaults=0x0 flags=0x0 color=0x00000000 vis=PRIVATE),1]
11-11 05:11:56.484 2356 2356 I sysui_multi_action: [757,111,758,2]
11-11 05:11:56.484 2356 2356 I sysui_multi_action: [757,111,758,2]
11-11 05:11:56.493 2356 2356 I sysui_multi_action: [757,111,758,1]
11-11 05:11:56.494 2356 2356 I sysui_multi_action: [757,126,758,1,759,126,927,0,928,1,1593,1]
11-11 05:11:56.494 2356 2356 I sysui_multi_action: [757,113,758,1,759,113,927,1,928,0,1593,1]
11-11 05:11:56.494 2356 2356 I sysui_multi_action: [757,0,758,1,759,0,927,2,928,0,1593,1]
11-11 05:11:56.494 2356 2356 I sysui_multi_action: [757,0,758,1,759,0,927,3,928,0,1593,1]
11-11 05:11:56.494 2356 2356 I sysui_multi_action: [757,491,758,1,759,491,927,4,928,0,1311,-1,1593,0]
11-11 05:11:56.494 2356 2356 I sysui_multi_action: [757,0,758,1,759,0,927,5,928,0,1593,0]
11-11 05:11:56.494 2356 2356 I sysui_multi_action: [757,111,758,1]
11-11 05:11:56.494 2356 2356 I sysui_multi_action: [757,126,758,1,759,126,927,0,928,1,1593,1]
11-11 05:11:56.494 2356 2356 I sysui_multi_action: [757,113,758,1,759,113,927,1,928,0,1593,1]
11-11 05:11:56.495 2356 2356 I sysui_multi_action: [757,0,758,1,759,0,927,2,928,0,1593,1]
11-11 05:11:56.495 2356 2356 I sysui_multi_action: [757,0,758,1,759,0,927,3,928,0,1593,1]
11-11 05:11:56.499 1490 1641 I sysui_latency: [8,61]
11-11 05:11:56.515 2356 2356 I sysui_multi_action: [757,111,758,2]
11-11 05:11:56.515 1490 1490 I notification_enqueue: [10082,2356,com.android.systemui,2048,NULL,0,Notification(channel=updateNotification shortcut=null contentView=null vibrate=null sound=null defaults=0x0 flags=0x0 color=0x00000000 vis=PRIVATE),1]
11-11 05:11:56.515 2356 2356 I sysui_multi_action: [757,111,758,2]
11-11 05:11:56.522 2356 2356 I sysui_multi_action: [757,111,758,1]
11-11 05:11:56.522 2356 2356 I sysui_multi_action: [757,126,758,1,759,126,927,0,928,1,1593,1]
11-11 05:11:56.522 2356 2356 I sysui_multi_action: [757,113,758,1,759,113,927,1,928,0,1593,1]
11-11 05:11:56.523 2356 2356 I sysui_multi_action: [757,0,758,1,759,0,927,2,928,0,1593,1]
11-11 05:11:56.523 2356 2356 I sysui_multi_action: [757,0,758,1,759,0,927,3,928,0,1593,1]
11-11 05:11:56.523 2356 2356 I sysui_multi_action: [757,491,758,1,759,491,927,4,928,0,1311,-1,1593,0]
11-11 05:11:56.523 2356 2356 I sysui_multi_action: [757,0,758,1,759,0,927,5,928,0,1593,0]
11-11 05:11:56.523 2356 2356 I sysui_multi_action: [757,111,758,1]
11-11 05:11:56.523 2356 2356 I sysui_multi_action: [757,126,758,1,759,126,927,0,928,1,1593,1]
11-11 05:11:56.523 2356 2356 I sysui_multi_action: [757,113,758,1,759,113,927,1,928,0,1593,1]
11-11 05:11:56.523 2356 2356 I sysui_multi_action: [757,0,758,1,759,0,927,2,928,0,1593,1]
11-11 05:11:56.523 2356 2356 I sysui_multi_action: [757,0,758,1,759,0,927,3,928,0,1593,1]
11-11 05:11:56.538 2356 2356 I sysui_multi_action: [757,111,758,2]
11-11 05:11:56.538 2356 2356 I sysui_multi_action: [757,111,758,2]
11-11 05:11:56.538 1490 1490 I notification_enqueue: [10082,2356,com.android.systemui,2048,NULL,0,Notification(channel=updateNotification shortcut=null contentView=null vibrate=null sound=null defaults=0x0 flags=0x0 color=0x00000000 vis=PRIVATE),1]
11-11 05:11:56.543 2356 2356 I sysui_multi_action: [757,111,758,1]
11-11 05:11:56.543 2356 2356 I sysui_multi_action: [757,126,758,1,759,126,927,0,928,1,1593,1]
11-11 05:11:56.543 2356 2356 I sysui_multi_action: [757,113,758,1,759,113,927,1,928,0,1593,1]
11-11 05:11:56.543 2356 2356 I sysui_multi_action: [757,0,758,1,759,0,927,2,928,0,1593,1]
11-11 05:11:56.543 2356 2356 I sysui_multi_action: [757,0,758,1,759,0,927,3,928,0,1593,1]
11-11 05:11:56.544 2356 2356 I sysui_multi_action: [757,491,758,1,759,491,927,4,928,0,1311,-1,1593,0]
11-11 05:11:56.544 2356 2356 I sysui_multi_action: [757,0,758,1,759,0,927,5,928,0,1593,0]
11-11 05:11:56.544 2356 2356 I sysui_multi_action: [757,111,758,1]
11-11 05:11:56.544 2356 2356 I sysui_multi_action: [757,126,758,1,759,126,927,0,928,1,1593,1]
11-11 05:11:56.544 2356 2356 I sysui_multi_action: [757,113,758,1,759,113,927,1,928,0,1593,1]
11-11 05:11:56.544 2356 2356 I sysui_multi_action: [757,0,758,1,759,0,927,2,928,0,1593,1]
11-11 05:11:56.544 2356 2356 I sysui_multi_action: [757,0,758,1,759,0,927,3,928,0,1593,1]
11-11 05:11:56.559 2356 2356 I sysui_multi_action: [757,111,758,2]
11-11 05:11:56.559 1490 1490 I notification_enqueue: [10082,2356,com.android.systemui,2048,NULL,0,Notification(channel=updateNotification shortcut=null contentView=null vibrate=null sound=null defaults=0x0 flags=0x0 color=0x00000000 vis=PRIVATE),1]
11-11 05:11:56.559 2356 2356 I sysui_multi_action: [757,111,758,2]
11-11 05:11:56.564 2356 2356 I sysui_multi_action: [757,111,758,1]
11-11 05:11:56.564 2356 2356 I sysui_multi_action: [757,126,758,1,759,126,927,0,928,1,1593,1]
11-11 05:11:56.564 2356 2356 I sysui_multi_action: [757,113,758,1,759,113,927,1,928,0,1593,1]
11-11 05:11:56.564 2356 2356 I sysui_multi_action: [757,0,758,1,759,0,927,2,928,0,1593,1]
11-11 05:11:56.564 2356 2356 I sysui_multi_action: [757,0,758,1,759,0,927,3,928,0,1593,1]
11-11 05:11:56.564 2356 2356 I sysui_multi_action: [757,491,758,1,759,491,927,4,928,0,1311,-1,1593,0]
11-11 05:11:56.564 2356 2356 I sysui_multi_action: [757,0,758,1,759,0,927,5,928,0,1593,0]
11-11 05:11:56.564 2356 2356 I sysui_multi_action: [757,111,758,1]
11-11 05:11:56.564 2356 2356 I sysui_multi_action: [757,126,758,1,759,126,927,0,928,1,1593,1]
11-11 05:11:56.564 2356 2356 I sysui_multi_action: [757,113,758,1,759,113,927,1,928,0,1593,1]
11-11 05:11:56.564 2356 2356 I sysui_multi_action: [757,0,758,1,759,0,927,2,928,0,1593,1]
11-11 05:11:56.564 2356 2356 I sysui_multi_action: [757,0,758,1,759,0,927,3,928,0,1593,1]
11-11 05:11:56.576 2356 2356 I sysui_multi_action: [757,111,758,2]
11-11 05:11:56.577 2356 2356 I sysui_multi_action: [757,111,758,2]
11-11 05:11:56.577 1490 1490 I notification_enqueue: [10082,2356,com.android.systemui,2048,NULL,0,Notification(channel=updateNotification shortcut=null contentView=null vibrate=null sound=null defaults=0x0 flags=0x0 color=0x00000000 vis=PRIVATE),1]
11-11 05:11:56.581 2356 2356 I sysui_multi_action: [757,111,758,1]
11-11 05:11:56.581 2356 2356 I sysui_multi_action: [757,126,758,1,759,126,927,0,928,1,1593,1]
11-11 05:11:56.581 2356 2356 I sysui_multi_action: [757,113,758,1,759,113,927,1,928,0,1593,1]
11-11 05:11:56.581 2356 2356 I sysui_multi_action: [757,0,758,1,759,0,927,2,928,0,1593,1]
11-11 05:11:56.581 2356 2356 I sysui_multi_action: [757,0,758,1,759,0,927,3,928,0,1593,1]
11-11 05:11:56.581 2356 2356 I sysui_multi_action: [757,491,758,1,759,491,927,4,928,0,1311,-1,1593,0]
11-11 05:11:56.582 2356 2356 I sysui_multi_action: [757,0,758,1,759,0,927,5,928,0,1593,0]
11-11 05:11:56.582 2356 2356 I sysui_multi_action: [757,111,758,1]
11-11 05:11:56.582 2356 2356 I sysui_multi_action: [757,126,758,1,759,126,927,0,928,1,1593,1]
11-11 05:11:56.582 2356 2356 I sysui_multi_action: [757,113,758,1,759,113,927,1,928,0,1593,1]
11-11 05:11:56.582 2356 2356 I sysui_multi_action: [757,0,758,1,759,0,927,2,928,0,1593,1]
11-11 05:11:56.582 2356 2356 I sysui_multi_action: [757,0,758,1,759,0,927,3,928,0,1593,1]
11-11 05:11:56.593 1490 1490 I notification_enqueue: [10082,2356,com.android.systemui,2048,NULL,0,Notification(channel=updateNotification shortcut=null contentView=null vibrate=null sound=null defaults=0x0 flags=0x0 color=0x00000000 vis=PRIVATE),1]
11-11 05:11:56.593 2356 2356 I sysui_multi_action: [757,111,758,2]
11-11 05:11:56.594 2356 2356 I sysui_multi_action: [757,111,758,2]
11-11 05:11:56.598 2356 2356 I sysui_multi_action: [757,111,758,1]
11-11 05:11:56.598 2356 2356 I sysui_multi_action: [757,126,758,1,759,126,927,0,928,1,1593,1]
11-11 05:11:56.598 2356 2356 I sysui_multi_action: [757,113,758,1,759,113,927,1,928,0,1593,1]
11-11 05:11:56.598 2356 2356 I sysui_multi_action: [757,0,758,1,759,0,927,2,928,0,1593,1]
11-11 05:11:56.598 2356 2356 I sysui_multi_action: [757,0,758,1,759,0,927,3,928,0,1593,1]
11-11 05:11:56.599 2356 2356 I sysui_multi_action: [757,491,758,1,759,491,927,4,928,0,1311,-1,1593,0]
11-11 05:11:56.599 2356 2356 I sysui_multi_action: [757,0,758,1,759,0,927,5,928,0,1593,0]
11-11 05:11:56.599 2356 2356 I sysui_multi_action: [757,111,758,1]
11-11 05:11:56.599 2356 2356 I sysui_multi_action: [757,126,758,1,759,126,927,0,928,1,1593,1]
11-11 05:11:56.599 2356 2356 I sysui_multi_action: [757,113,758,1,759,113,927,1,928,0,1593,1]
11-11 05:11:56.599 2356 2356 I sysui_multi_action: [757,0,758,1,759,0,927,2,928,0,1593,1]
11-11 05:11:56.599 2356 2356 I sysui_multi_action: [757,0,758,1,759,0,927,3,928,0,1593,1]
11-11 05:11:56.610 2356 2356 I sysui_multi_action: [757,111,758,2]
11-11 05:11:56.610 2356 2356 I sysui_multi_action: [757,111,758,2]
11-11 05:11:56.611 1490 1490 I notification_enqueue: [10082,2356,com.android.systemui,2048,NULL,0,Notification(channel=updateNotification shortcut=null contentView=null vibrate=null sound=null defaults=0x0 flags=0x0 color=0x00000000 vis=PRIVATE),1]
11-11 05:11:56.615 2356 2356 I sysui_multi_action: [757,111,758,1]
11-11 05:11:56.615 2356 2356 I sysui_multi_action: [757,126,758,1,759,126,927,0,928,1,1593,1]
11-11 05:11:56.615 2356 2356 I sysui_multi_action: [757,113,758,1,759,113,927,1,928,0,1593,1]
11-11 05:11:56.615 2356 2356 I sysui_multi_action: [757,0,758,1,759,0,927,2,928,0,1593,1]
11-11 05:11:56.615 2356 2356 I sysui_multi_action: [757,0,758,1,759,0,927,3,928,0,1593,1]
11-11 05:11:56.615 2356 2356 I sysui_multi_action: [757,491,758,1,759,491,927,4,928,0,1311,-1,1593,0]
11-11 05:11:56.615 2356 2356 I sysui_multi_action: [757,0,758,1,759,0,927,5,928,0,1593,0]
11-11 05:11:56.615 2356 2356 I sysui_multi_action: [757,111,758,1]
11-11 05:11:56.615 2356 2356 I sysui_multi_action: [757,126,758,1,759,126,927,0,928,1,1593,1]
11-11 05:11:56.616 2356 2356 I sysui_multi_action: [757,113,758,1,759,113,927,1,928,0,1593,1]
11-11 05:11:56.616 2356 2356 I sysui_multi_action: [757,0,758,1,759,0,927,2,928,0,1593,1]
11-11 05:11:56.616 2356 2356 I sysui_multi_action: [757,0,758,1,759,0,927,3,928,0,1593,1]
11-11 05:11:56.630 2356 2356 I sysui_multi_action: [757,111,758,2]
11-11 05:11:56.630 2356 2356 I sysui_multi_action: [757,111,758,2]
11-11 05:11:56.630 1490 1490 I notification_enqueue: [10082,2356,com.android.systemui,2048,NULL,0,Notification(channel=updateNotification shortcut=null contentView=null vibrate=null sound=null defaults=0x0 flags=0x0 color=0x00000000 vis=PRIVATE),1]
11-11 05:11:56.635 2356 2356 I sysui_multi_action: [757,111,758,1]
11-11 05:11:56.635 2356 2356 I sysui_multi_action: [757,126,758,1,759,126,927,0,928,1,1593,1]
11-11 05:11:56.635 2356 2356 I sysui_multi_action: [757,113,758,1,759,113,927,1,928,0,1593,1]
11-11 05:11:56.635 2356 2356 I sysui_multi_action: [757,0,758,1,759,0,927,2,928,0,1593,1]
11-11 05:11:56.635 2356 2356 I sysui_multi_action: [757,0,758,1,759,0,927,3,928,0,1593,1]
11-11 05:11:56.635 2356 2356 I sysui_multi_action: [757,491,758,1,759,491,927,4,928,0,1311,-1,1593,0]
11-11 05:11:56.635 2356 2356 I sysui_multi_action: [757,0,758,1,759,0,927,5,928,0,1593,0]
11-11 05:11:56.635 2356 2356 I sysui_multi_action: [757,111,758,1]
11-11 05:11:56.635 2356 2356 I sysui_multi_action: [757,126,758,1,759,126,927,0,928,1,1593,1]
11-11 05:11:56.635 2356 2356 I sysui_multi_action: [757,113,758,1,759,113,927,1,928,0,1593,1]
11-11 05:11:56.635 2356 2356 I sysui_multi_action: [757,0,758,1,759,0,927,2,928,0,1593,1]
11-11 05:11:56.635 2356 2356 I sysui_multi_action: [757,0,758,1,759,0,927,3,928,0,1593,1]
11-11 05:11:56.648 2356 2356 I sysui_multi_action: [757,111,758,2]
11-11 05:11:56.648 2356 2356 I sysui_multi_action: [757,111,758,2]
11-11 05:11:56.648 1490 1490 I notification_enqueue: [10082,2356,com.android.systemui,2048,NULL,0,Notification(channel=updateNotification shortcut=null contentView=null vibrate=null sound=null defaults=0x0 flags=0x0 color=0x00000000 vis=PRIVATE),1]
11-11 05:11:56.652 2356 2356 I sysui_multi_action: [757,111,758,1]
11-11 05:11:56.652 2356 2356 I sysui_multi_action: [757,126,758,1,759,126,927,0,928,1,1593,1]
11-11 05:11:56.652 2356 2356 I sysui_multi_action: [757,113,758,1,759,113,927,1,928,0,1593,1]
11-11 05:11:56.652 2356 2356 I sysui_multi_action: [757,0,758,1,759,0,927,2,928,0,1593,1]
11-11 05:11:56.652 2356 2356 I sysui_multi_action: [757,0,758,1,759,0,927,3,928,0,1593,1]
11-11 05:11:56.653 2356 2356 I sysui_multi_action: [757,491,758,1,759,491,927,4,928,0,1311,-1,1593,0]
11-11 05:11:56.653 2356 2356 I sysui_multi_action: [757,0,758,1,759,0,927,5,928,0,1593,0]
11-11 05:11:56.653 2356 2356 I sysui_multi_action: [757,111,758,1]
11-11 05:11:56.653 2356 2356 I sysui_multi_action: [757,126,758,1,759,126,927,0,928,1,1593,1]
11-11 05:11:56.653 2356 2356 I sysui_multi_action: [757,113,758,1,759,113,927,1,928,0,1593,1]
11-11 05:11:56.653 2356 2356 I sysui_multi_action: [757,0,758,1,759,0,927,2,928,0,1593,1]
11-11 05:11:56.653 2356 2356 I sysui_multi_action: [757,0,758,1,759,0,927,3,928,0,1593,1]
11-11 05:11:56.665 2356 2356 I sysui_multi_action: [757,111,758,2]
11-11 05:11:56.665 1490 1490 I notification_enqueue: [10082,2356,com.android.systemui,2048,NULL,0,Notification(channel=updateNotification shortcut=null contentView=null vibrate=null sound=null defaults=0x0 flags=0x0 color=0x00000000 vis=PRIVATE),1]
11-11 05:11:56.665 2356 2356 I sysui_multi_action: [757,111,758,2]
11-11 05:11:56.669 2356 2356 I sysui_multi_action: [757,111,758,1]
11-11 05:11:56.669 2356 2356 I sysui_multi_action: [757,126,758,1,759,126,927,0,928,1,1593,1]
11-11 05:11:56.669 2356 2356 I sysui_multi_action: [757,113,758,1,759,113,927,1,928,0,1593,1]
11-11 05:11:56.669 2356 2356 I sysui_multi_action: [757,0,758,1,759,0,927,2,928,0,1593,1]
11-11 05:11:56.669 2356 2356 I sysui_multi_action: [757,0,758,1,759,0,927,3,928,0,1593,1]
11-11 05:11:56.670 2356 2356 I sysui_multi_action: [757,491,758,1,759,491,927,4,928,0,1311,-1,1593,0]
11-11 05:11:56.670 2356 2356 I sysui_multi_action: [757,0,758,1,759,0,927,5,928,0,1593,0]
11-11 05:11:56.670 2356 2356 I sysui_multi_action: [757,111,758,1]
11-11 05:11:56.670 2356 2356 I sysui_multi_action: [757,126,758,1,759,126,927,0,928,1,1593,1]
11-11 05:11:56.670 2356 2356 I sysui_multi_action: [757,113,758,1,759,113,927,1,928,0,1593,1]
11-11 05:11:56.670 2356 2356 I sysui_multi_action: [757,0,758,1,759,0,927,2,928,0,1593,1]
11-11 05:11:56.670 2356 2356 I sysui_multi_action: [757,0,758,1,759,0,927,3,928,0,1593,1]
11-11 05:11:56.685 2356 2356 I sysui_multi_action: [757,111,758,2]
11-11 05:11:56.685 2356 2356 I sysui_multi_action: [757,111,758,2]
11-11 05:11:56.686 1490 1490 I notification_enqueue: [10082,2356,com.android.systemui,2048,NULL,0,Notification(channel=updateNotification shortcut=null contentView=null vibrate=null sound=null defaults=0x0 flags=0x0 color=0x00000000 vis=PRIVATE),1]
11-11 05:11:56.690 2356 2356 I sysui_multi_action: [757,111,758,1]
11-11 05:11:56.690 2356 2356 I sysui_multi_action: [757,126,758,1,759,126,927,0,928,1,1593,1]
11-11 05:11:56.690 2356 2356 I sysui_multi_action: [757,113,758,1,759,113,927,1,928,0,1593,1]
11-11 05:11:56.690 2356 2356 I sysui_multi_action: [757,0,758,1,759,0,927,2,928,0,1593,1]
11-11 05:11:56.690 2356 2356 I sysui_multi_action: [757,0,758,1,759,0,927,3,928,0,1593,1]
11-11 05:11:56.690 2356 2356 I sysui_multi_action: [757,491,758,1,759,491,927,4,928,0,1311,-1,1593,0]
11-11 05:11:56.690 2356 2356 I sysui_multi_action: [757,0,758,1,759,0,927,5,928,0,1593,0]
11-11 05:11:56.690 2356 2356 I sysui_multi_action: [757,111,758,1]
11-11 05:11:56.691 2356 2356 I sysui_multi_action: [757,126,758,1,759,126,927,0,928,1,1593,1]
11-11 05:11:56.691 2356 2356 I sysui_multi_action: [757,113,758,1,759,113,927,1,928,0,1593,1]
11-11 05:11:56.691 2356 2356 I sysui_multi_action: [757,0,758,1,759,0,927,2,928,0,1593,1]
11-11 05:11:56.691 2356 2356 I sysui_multi_action: [757,0,758,1,759,0,927,3,928,0,1593,1]
11-11 05:11:56.701 2356 2356 I sysui_multi_action: [757,111,758,2]
11-11 05:11:56.701 1490 1490 I notification_enqueue: [10082,2356,com.android.systemui,2048,NULL,0,Notification(channel=updateNotification shortcut=null contentView=null vibrate=null sound=null defaults=0x0 flags=0x0 color=0x00000000 vis=PRIVATE),1]
11-11 05:11:56.701 2356 2356 I sysui_multi_action: [757,111,758,2]
11-11 05:11:56.706 2356 2356 I sysui_multi_action: [757,111,758,1]
11-11 05:11:56.706 2356 2356 I sysui_multi_action: [757,126,758,1,759,126,927,0,928,1,1593,1]
11-11 05:11:56.706 2356 2356 I sysui_multi_action: [757,113,758,1,759,113,927,1,928,0,1593,1]
11-11 05:11:56.706 2356 2356 I sysui_multi_action: [757,0,758,1,759,0,927,2,928,0,1593,1]
11-11 05:11:56.706 2356 2356 I sysui_multi_action: [757,0,758,1,759,0,927,3,928,0,1593,1]
11-11 05:11:56.706 2356 2356 I sysui_multi_action: [757,491,758,1,759,491,927,4,928,0,1311,-1,1593,0]
11-11 05:11:56.707 2356 2356 I sysui_multi_action: [757,0,758,1,759,0,927,5,928,0,1593,0]
11-11 05:11:56.707 2356 2356 I sysui_multi_action: [757,111,758,1]
11-11 05:11:56.707 2356 2356 I sysui_multi_action: [757,126,758,1,759,126,927,0,928,1,1593,1]
11-11 05:11:56.707 2356 2356 I sysui_multi_action: [757,113,758,1,759,113,927,1,928,0,1593,1]
11-11 05:11:56.707 2356 2356 I sysui_multi_action: [757,0,758,1,759,0,927,2,928,0,1593,1]
11-11 05:11:56.707 2356 2356 I sysui_multi_action: [757,0,758,1,759,0,927,3,928,0,1593,1]
11-11 05:11:56.722 2356 2356 I sysui_multi_action: [757,111,758,2]
11-11 05:11:56.722 2356 2356 I sysui_multi_action: [757,111,758,2]
11-11 05:11:56.726 1490 1490 I notification_enqueue: [10082,2356,com.android.systemui,2048,NULL,0,Notification(channel=updateNotification shortcut=null contentView=null vibrate=null sound=null defaults=0x0 flags=0x0 color=0x00000000 vis=PRIVATE),1]
11-11 05:11:56.727 2356 2356 I sysui_multi_action: [757,111,758,1]
11-11 05:11:56.727 2356 2356 I sysui_multi_action: [757,126,758,1,759,126,927,0,928,1,1593,0]
11-11 05:11:56.727 2356 2356 I sysui_multi_action: [757,113,758,1,759,113,927,1,928,0,1593,0]
11-11 05:11:56.727 2356 2356 I sysui_multi_action: [757,0,758,1,759,0,927,2,928,0,1593,0]
11-11 05:11:56.727 2356 2356 I sysui_multi_action: [757,0,758,1,759,0,927,3,928,0,1593,0]
11-11 05:11:56.727 2356 2356 I sysui_multi_action: [757,491,758,1,759,491,927,4,928,0,1311,-1,1593,0]
11-11 05:11:56.727 2356 2356 I sysui_multi_action: [757,0,758,1,759,0,927,5,928,0,1593,0]
11-11 05:11:56.727 2356 2356 I sysui_multi_action: [757,111,758,1]
11-11 05:11:56.728 2356 2356 I sysui_multi_action: [757,126,758,1,759,126,927,0,928,1,1593,0]
11-11 05:11:56.728 2356 2356 I sysui_multi_action: [757,113,758,1,759,113,927,1,928,0,1593,0]
11-11 05:11:56.728 2356 2356 I sysui_multi_action: [757,0,758,1,759,0,927,2,928,0,1593,0]
11-11 05:11:56.728 2356 2356 I sysui_multi_action: [757,0,758,1,759,0,927,3,928,0,1593,0]
11-11 05:11:56.740 1490 7175 I sysui_multi_action: [757,128,758,2,793,1206408,794,4375,795,1206408,796,26,798,0,806,android,857,DEVELOPER_IMPORTANT,858,4,947,0,1395,2,1500,1206205,1688,1]
11-11 05:11:56.740 1490 7175 I notification_visibility: [-1|android|26|null|1000,0,1206408,1206408,0,0]
11-11 05:11:56.741 1490 7175 I sysui_multi_action: [757,128,758,2,793,1510207,794,4374,795,1510207,796,32,798,1,806,android,857,USB,858,1,947,0,1395,2,1500,1509986,1688,1]
11-11 05:11:56.741 1490 7175 I notification_visibility: [-1|android|32|null|1000,0,1510207,1510207,0,1]
11-11 05:11:56.745 2356 2356 I sysui_multi_action: [757,111,758,2]
11-11 05:11:56.745 1490 1490 I notification_enqueue: [10082,2356,com.android.systemui,2048,NULL,0,Notification(channel=updateNotification shortcut=null contentView=null vibrate=null sound=null defaults=0x0 flags=0x0 color=0x00000000 vis=PRIVATE),1]
11-11 05:11:56.745 2356 2356 I sysui_multi_action: [757,111,758,2]
11-11 05:11:56.750 2356 2356 I sysui_multi_action: [757,111,758,1]
11-11 05:11:56.751 2356 2356 I sysui_multi_action: [757,126,758,1,759,126,927,0,928,1,1593,1]
11-11 05:11:56.751 2356 2356 I sysui_multi_action: [757,113,758,1,759,113,927,1,928,0,1593,1]
11-11 05:11:56.751 2356 2356 I sysui_multi_action: [757,0,758,1,759,0,927,2,928,0,1593,1]
11-11 05:11:56.751 2356 2356 I sysui_multi_action: [757,0,758,1,759,0,927,3,928,0,1593,1]
11-11 05:11:56.751 2356 2356 I sysui_multi_action: [757,491,758,1,759,491,927,4,928,0,1311,-1,1593,0]
11-11 05:11:56.751 2356 2356 I sysui_multi_action: [757,0,758,1,759,0,927,5,928,0,1593,0]
11-11 05:11:56.751 2356 2356 I sysui_multi_action: [757,111,758,1]
11-11 05:11:56.751 2356 2356 I sysui_multi_action: [757,126,758,1,759,126,927,0,928,1,1593,1]
11-11 05:11:56.751 2356 2356 I sysui_multi_action: [757,113,758,1,759,113,927,1,928,0,1593,1]
11-11 05:11:56.751 2356 2356 I sysui_multi_action: [757,0,758,1,759,0,927,2,928,0,1593,1]
11-11 05:11:56.751 2356 2356 I sysui_multi_action: [757,0,758,1,759,0,927,3,928,0,1593,1]
11-11 05:11:56.765 2356 2356 I sysui_multi_action: [757,111,758,2]
11-11 05:11:56.765 2356 2356 I sysui_multi_action: [757,111,758,2]
11-11 05:11:56.765 1490 1490 I notification_enqueue: [10082,2356,com.android.systemui,2048,NULL,0,Notification(channel=updateNotification shortcut=null contentView=null vibrate=null sound=null defaults=0x0 flags=0x0 color=0x00000000 vis=PRIVATE),1]
11-11 05:11:56.781 2356 2356 I sysui_multi_action: [757,111,758,1]
11-11 05:11:56.781 2356 2356 I sysui_multi_action: [757,126,758,1,759,126,927,0,928,1,1593,1]
11-11 05:11:56.781 2356 2356 I sysui_multi_action: [757,113,758,1,759,113,927,1,928,0,1593,1]
11-11 05:11:56.781 2356 2356 I sysui_multi_action: [757,0,758,1,759,0,927,2,928,0,1593,1]
11-11 05:11:56.781 2356 2356 I sysui_multi_action: [757,0,758,1,759,0,927,3,928,0,1593,1]
11-11 05:11:56.781 2356 2356 I sysui_multi_action: [757,491,758,1,759,491,927,4,928,0,1311,-1,1593,0]
11-11 05:11:56.781 2356 2356 I sysui_multi_action: [757,0,758,1,759,0,927,5,928,0,1593,0]
11-11 05:11:56.781 2356 2356 I sysui_multi_action: [757,111,758,1]
11-11 05:11:56.781 2356 2356 I sysui_multi_action: [757,126,758,1,759,126,927,0,928,1,1593,1]
11-11 05:11:56.781 2356 2356 I sysui_multi_action: [757,113,758,1,759,113,927,1,928,0,1593,1]
11-11 05:11:56.781 2356 2356 I sysui_multi_action: [757,0,758,1,759,0,927,2,928,0,1593,1]
11-11 05:11:56.782 2356 2356 I sysui_multi_action: [757,0,758,1,759,0,927,3,928,0,1593,1]
11-11 05:11:56.800 2356 2356 I sysui_multi_action: [757,111,758,2]
11-11 05:11:56.800 2356 2356 I sysui_multi_action: [757,111,758,2]
11-11 05:11:56.800 1490 1490 I notification_enqueue: [10082,2356,com.android.systemui,2048,NULL,0,Notification(channel=updateNotification shortcut=null contentView=null vibrate=null sound=null defaults=0x0 flags=0x0 color=0x00000000 vis=PRIVATE),1]
11-11 05:11:56.806 1490 6837 I sysui_multi_action: [757,127,758,2]
11-11 05:11:56.806 1490 6837 I notification_panel_hidden:
11-11 05:11:56.818 2356 2356 I sysui_multi_action: [757,111,758,1]
11-11 05:11:56.818 2356 2356 I sysui_multi_action: [757,126,758,1,759,126,927,0,928,1,1593,0]
11-11 05:11:56.819 2356 2356 I sysui_multi_action: [757,113,758,1,759,113,927,1,928,0,1593,0]
11-11 05:11:56.819 2356 2356 I sysui_multi_action: [757,0,758,1,759,0,927,2,928,0,1593,0]
11-11 05:11:56.819 2356 2356 I sysui_multi_action: [757,0,758,1,759,0,927,3,928,0,1593,0]
11-11 05:11:56.819 2356 2356 I sysui_multi_action: [757,491,758,1,759,491,927,4,928,0,1311,-1,1593,0]
11-11 05:11:56.819 2356 2356 I sysui_multi_action: [757,0,758,1,759,0,927,5,928,0,1593,0]
11-11 05:11:56.819 2356 2356 I sysui_multi_action: [757,111,758,1]
11-11 05:11:56.819 2356 2356 I sysui_multi_action: [757,126,758,1,759,126,927,0,928,1,1593,0]
11-11 05:11:56.819 2356 2356 I sysui_multi_action: [757,113,758,1,759,113,927,1,928,0,1593,0]
11-11 05:11:56.819 2356 2356 I sysui_multi_action: [757,0,758,1,759,0,927,2,928,0,1593,0]
11-11 05:11:56.819 2356 2356 I sysui_multi_action: [757,0,758,1,759,0,927,3,928,0,1593,0]
11-11 05:11:57.025 1490 4839 I wm_task_moved: [1,1,6]
11-11 05:11:57.026 11151 11151 I wm_on_top_resumed_lost_called: [16344225,com.android.settings.Settings,topStateChangedWhenResumed]
11-11 05:11:57.026 1490 4839 I wm_task_moved: [10,1,2147483647]
11-11 05:11:57.026 1490 4839 I wm_task_to_front: [0,10]
11-11 05:11:57.027 1490 4839 I wm_focused_root_task: [0,0,1,83,RecentsAnimation.onAnimationFinished()]
11-11 05:11:57.027 1490 4839 I wm_set_resumed_activity: [0,com.android.launcher3/.uioverrides.QuickstepLauncher,RecentsAnimation.onAnimationFinished()]
11-11 05:11:57.032 1490 4839 I wm_pause_activity: [0,16344225,com.android.settings/.Settings,userLeaving=true,pauseBackTasks]
11-11 05:11:57.035 1490 4839 I wm_add_to_stopping: [0,16344225,com.android.settings/.Settings,makeInvisible]
11-11 05:11:57.036 1490 4839 I wm_set_resumed_activity: [0,com.android.launcher3/.uioverrides.QuickstepLauncher,resumeTopActivityInnerLocked]
11-11 05:11:57.040 1490 4839 I wm_resume_activity: [0,85671939,10,com.android.launcher3/.uioverrides.QuickstepLauncher]
11-11 05:11:57.041 2824 2824 I wm_on_resume_called: [85671939,com.android.launcher3.uioverrides.QuickstepLauncher,RESUME_ACTIVITY]
11-11 05:11:57.050 1490 1635 I input_focus: [Focus request 978e85f com.android.launcher3/com.android.launcher3.uioverrides.QuickstepLauncher,reason=UpdateInputWindows]
11-11 05:11:57.052 2824 2824 I wm_on_top_resumed_gained_called: [85671939,com.android.launcher3.uioverrides.QuickstepLauncher,topStateChangedWhenResumed]
11-11 05:11:57.053 11151 11151 I sysui_multi_action: [757,35,758,2,1089,5949]
11-11 05:11:57.054 11151 11151 I sysui_multi_action: [757,103,758,2,1089,5944]
11-11 05:11:57.054 11151 11151 I sysui_multi_action: [757,849,758,2,1089,5934]
11-11 05:11:57.055 11151 11151 I wm_on_paused_called: [16344225,com.android.settings.Settings,performPause]
11-11 05:11:57.056 1490 1634 I wm_stop_activity: [0,16344225,com.android.settings/.Settings]
11-11 05:11:57.057 1490 1634 I sysui_multi_action: [757,803,799,window_time_0,802,6]
11-11 05:11:57.057 1490 1992 I input_focus: [Focus entering 978e85f com.android.launcher3/com.android.launcher3.uioverrides.QuickstepLauncher (server),reason=setFocusedWindow]
11-11 05:11:57.060 1490 1634 I sysui_multi_action: [757,803,799,window_time_0,802,0]
11-11 05:11:57.109 11151 11151 I wm_on_stop_called: [16344225,com.android.settings.Settings,STOP_ACTIVITY_ITEM]
11-11 05:11:57.315 0 0 I auditd : type=1400 audit(0.0:2167): avc: denied { kill } for comm="swapper/1" capability=5 scontext=u:r:kernel:s0 tcontext=u:r:kernel:s0 tclass=capability permissive=0
11-11 05:11:57.553 1490 1992 I input_interaction: Interaction with: 978e85f com.android.launcher3/com.android.launcher3.uioverrides.QuickstepLauncher (server), f91321f com.android.systemui.ImageWallpaper (server), edge-swipe (server), swipe-up (server), PointerEventDispatcher0 (server),
11-11 05:11:58.315 0 0 I auditd : type=1400 audit(0.0:2168): avc: denied { kill } for comm="swapper/1" capability=5 scontext=u:r:kernel:s0 tcontext=u:r:kernel:s0 tclass=capability permissive=0
11-11 05:11:58.516 1490 1745 I commit_sys_config_file: [settings-1-0,8]
11-11 05:11:59.203 1490 1745 I commit_sys_config_file: [settings-1-0,5]
11-11 05:11:59.315 11085 11085 I auditd : type=1400 audit(0.0:2169): avc: denied { kill } for comm="kworker/u16:28" capability=5 scontext=u:r:kernel:s0 tcontext=u:r:kernel:s0 tclass=capability permissive=0
11-11 05:12:00.315 0 0 I auditd : type=1400 audit(0.0:2170): avc: denied { kill } for comm="swapper/1" capability=5 scontext=u:r:kernel:s0 tcontext=u:r:kernel:s0 tclass=capability permissive=0
11-11 05:12:00.424 2824 2824 I view_enqueue_input_event: [Motion - Cancel,com.android.launcher3/com.android.launcher3.uioverrides.QuickstepLauncher]
11-11 05:12:00.427 1490 1992 I input_interaction: Interaction with: edge-swipe (server), swipe-up (server), PointerEventDispatcher0 (server),
11-11 05:12:00.584 1490 1745 I commit_sys_config_file: [settings-1-0,4]
11-11 05:12:01.315 0 0 I auditd : type=1400 audit(0.0:2171): avc: denied { kill } for comm="swapper/1" capability=5 scontext=u:r:kernel:s0 tcontext=u:r:kernel:s0 tclass=capability permissive=0
11-11 05:12:01.537 1490 1745 I commit_sys_config_file: [settings-1-0,10]
11-11 05:12:02.315 0 0 I auditd : type=1400 audit(0.0:2172): avc: denied { kill } for comm="swapper/1" capability=5 scontext=u:r:kernel:s0 tcontext=u:r:kernel:s0 tclass=capability permissive=0
11-11 05:12:03.315 0 0 I auditd : type=1400 audit(0.0:2173): avc: denied { kill } for comm="swapper/1" capability=5 scontext=u:r:kernel:s0 tcontext=u:r:kernel:s0 tclass=capability permissive=0
11-11 05:12:03.404 1490 1992 I input_interaction: Interaction with: 978e85f com.android.launcher3/com.android.launcher3.uioverrides.QuickstepLauncher (server), f91321f com.android.systemui.ImageWallpaper (server), edge-swipe (server), swipe-up (server), PointerEventDispatcher0 (server),
11-11 05:12:03.482 1490 6837 I wm_task_created: [86,-1]
11-11 05:12:03.488 1490 6837 I wm_task_moved: [86,1,7]
11-11 05:12:03.488 1490 6837 I wm_task_to_front: [0,86]
11-11 05:12:03.488 1490 6837 I wm_create_task: [0,86]
11-11 05:12:03.488 1490 6837 I wm_create_activity: [0,134747363,86,com.android.music/.VideoBrowserActivity,NULL,NULL,NULL,268468224]
11-11 05:12:03.488 1490 6837 I wm_task_moved: [86,1,7]
11-11 05:12:03.491 1490 6837 I wm_restart_activity: [0,134747363,86,com.android.music/.VideoBrowserActivity]
11-11 05:12:03.492 1490 6837 I wm_set_resumed_activity: [0,com.android.music/.VideoBrowserActivity,minimalResumeActivityLocked]
11-11 05:12:03.496 1490 1634 I am_uid_active: 10086
11-11 05:12:03.501 2824 2824 I wm_on_top_resumed_lost_called: [85671939,com.android.launcher3.uioverrides.QuickstepLauncher,topStateChangedWhenResumed]
11-11 05:12:03.536 9089 9089 I wm_on_create_called: [134747363,com.android.music.VideoBrowserActivity,performCreate]
11-11 05:12:03.537 9089 9089 I wm_on_start_called: [134747363,com.android.music.VideoBrowserActivity,handleStartActivity]
11-11 05:12:03.538 9089 9089 I wm_on_resume_called: [134747363,com.android.music.VideoBrowserActivity,RESUME_ACTIVITY]
11-11 05:12:03.541 9089 9089 I wm_on_top_resumed_gained_called: [134747363,com.android.music.VideoBrowserActivity,topStateChangedWhenResumed]
11-11 05:12:03.549 1490 1635 I input_focus: [Focus request 13a690c com.android.music/com.android.music.VideoBrowserActivity,reason=UpdateInputWindows]
11-11 05:12:03.564 1490 1630 I sysui_multi_action: [319,84,322,84,325,1543,757,761,758,8,759,2,806,com.android.music,871,com.android.music.VideoBrowserActivity,904,com.android.launcher3,905,0,1320,4,1321,1]
11-11 05:12:03.567 1490 1630 I wm_activity_launch_time: [0,134747363,com.android.music/.VideoBrowserActivity,84]
11-11 05:12:03.572 1490 1992 I input_focus: [Focus leaving 978e85f com.android.launcher3/com.android.launcher3.uioverrides.QuickstepLauncher (server),reason=setFocusedWindow]
11-11 05:12:03.572 1490 1992 I input_focus: [Focus entering 13a690c com.android.music/com.android.music.VideoBrowserActivity (server),reason=setFocusedWindow]
11-11 05:12:04.315 0 0 I auditd : type=1400 audit(0.0:2174): avc: denied { kill } for comm="swapper/1" capability=5 scontext=u:r:kernel:s0 tcontext=u:r:kernel:s0 tclass=capability permissive=0
11-11 05:12:04.771 2824 2824 I view_enqueue_input_event: [Motion - Cancel,com.android.launcher3/com.android.launcher3.uioverrides.QuickstepLauncher]
11-11 05:12:04.773 1490 1992 I input_interaction: Interaction with: edge-swipe (server), swipe-up (server), PointerEventDispatcher0 (server),
11-11 05:12:05.224 1490 7426 I wm_task_moved: [1,1,7]
11-11 05:12:05.225 1490 7426 I wm_set_resumed_activity: [0,com.android.launcher3/.uioverrides.QuickstepLauncher,positionChildAt]
11-11 05:12:05.225 1490 7426 I wm_task_moved: [10,1,2147483647]
11-11 05:12:05.225 1490 7426 I wm_task_to_front: [0,10]
11-11 05:12:05.225 1490 7426 I wm_focused_root_task: [0,0,1,86,bringingFoundTaskToFront]
11-11 05:12:05.226 1490 7426 I wm_set_resumed_activity: [0,com.android.launcher3/.uioverrides.QuickstepLauncher,bringingFoundTaskToFront]
11-11 05:12:05.229 1490 7426 I wm_new_intent: [0,85671939,10,com.android.launcher3/.uioverrides.QuickstepLauncher,android.intent.action.MAIN,NULL,NULL,268435712]
11-11 05:12:05.230 1490 7426 I wm_task_moved: [1,1,7]
11-11 05:12:05.230 1490 7426 I wm_set_resumed_activity: [0,com.android.launcher3/.uioverrides.QuickstepLauncher,positionChildAt]
11-11 05:12:05.235 2824 2824 I wm_on_paused_called: [85671939,com.android.launcher3.uioverrides.QuickstepLauncher,performPause]
11-11 05:12:05.239 9089 9089 I wm_on_top_resumed_lost_called: [134747363,com.android.music.VideoBrowserActivity,topStateChangedWhenResumed]
11-11 05:12:05.239 2824 2824 I wm_on_resume_called: [85671939,com.android.launcher3.uioverrides.QuickstepLauncher,LIFECYCLER_RESUME_ACTIVITY]
11-11 05:12:05.240 1490 1635 I input_focus: [Focus request 978e85f com.android.launcher3/com.android.launcher3.uioverrides.QuickstepLauncher,reason=UpdateInputWindows]
11-11 05:12:05.245 1490 1992 I input_focus: [Focus leaving 13a690c com.android.music/com.android.music.VideoBrowserActivity (server),reason=setFocusedWindow]
11-11 05:12:05.245 1490 1992 I input_focus: [Focus entering 978e85f com.android.launcher3/com.android.launcher3.uioverrides.QuickstepLauncher (server),reason=setFocusedWindow]
