11-11 05:23:49.315 0 0 I auditd : type=1400 audit(0.0:2963): avc: denied { kill } for comm="swapper/2" capability=5 scontext=u:r:kernel:s0 tcontext=u:r:kernel:s0 tclass=capability permissive=0
11-11 05:23:50.315 0 0 I auditd : type=1400 audit(0.0:2964): avc: denied { kill } for comm="swapper/2" capability=5 scontext=u:r:kernel:s0 tcontext=u:r:kernel:s0 tclass=capability permissive=0
11-11 05:23:51.315 0 0 I auditd : type=1400 audit(0.0:2965): avc: denied { kill } for comm="swapper/2" capability=5 scontext=u:r:kernel:s0 tcontext=u:r:kernel:s0 tclass=capability permissive=0
11-11 05:23:52.315 0 0 I auditd : type=1400 audit(0.0:2966): avc: denied { kill } for comm="swapper/2" capability=5 scontext=u:r:kernel:s0 tcontext=u:r:kernel:s0 tclass=capability permissive=0
11-11 05:23:53.315 0 0 I auditd : type=1400 audit(0.0:2967): avc: denied { kill } for comm="swapper/2" capability=5 scontext=u:r:kernel:s0 tcontext=u:r:kernel:s0 tclass=capability permissive=0
11-11 05:23:54.315 0 0 I auditd : type=1400 audit(0.0:2968): avc: denied { kill } for comm="swapper/2" capability=5 scontext=u:r:kernel:s0 tcontext=u:r:kernel:s0 tclass=capability permissive=0
11-11 05:23:55.315 0 0 I auditd : type=1400 audit(0.0:2969): avc: denied { kill } for comm="swapper/2" capability=5 scontext=u:r:kernel:s0 tcontext=u:r:kernel:s0 tclass=capability permissive=0
11-11 05:23:56.315 0 0 I auditd : type=1400 audit(0.0:2970): avc: denied { kill } for comm="swapper/2" capability=5 scontext=u:r:kernel:s0 tcontext=u:r:kernel:s0 tclass=capability permissive=0
11-11 05:23:57.315 0 0 I auditd : type=1400 audit(0.0:2971): avc: denied { kill } for comm="swapper/2" capability=5 scontext=u:r:kernel:s0 tcontext=u:r:kernel:s0 tclass=capability permissive=0
11-11 05:23:58.971 1400 13424 I liblog : 10
11-11 05:23:58.984 1400 13424 I liblog : 117
11-11 05:23:58.991 1400 1449 I liblog : 15
11-11 05:24:00.315 0 0 I auditd : type=1400 audit(0.0:2972): avc: denied { kill } for comm="swapper/2" capability=5 scontext=u:r:kernel:s0 tcontext=u:r:kernel:s0 tclass=capability permissive=0
11-11 05:24:01.315 0 0 I auditd : type=1400 audit(0.0:2973): avc: denied { kill } for comm="swapper/2" capability=5 scontext=u:r:kernel:s0 tcontext=u:r:kernel:s0 tclass=capability permissive=0
11-11 05:24:02.315 0 0 I auditd : type=1400 audit(0.0:2974): avc: denied { kill } for comm="swapper/2" capability=5 scontext=u:r:kernel:s0 tcontext=u:r:kernel:s0 tclass=capability permissive=0
11-11 05:24:02.786 1490 1642 I am_uid_idle: 10084
11-11 05:24:02.921 1490 1642 I am_uid_idle: 10064
11-11 05:24:03.315 0 0 I auditd : type=1400 audit(0.0:2975): avc: denied { kill } for comm="swapper/2" capability=5 scontext=u:r:kernel:s0 tcontext=u:r:kernel:s0 tclass=capability permissive=0
11-11 05:24:04.315 0 0 I auditd : type=1400 audit(0.0:2976): avc: denied { kill } for comm="swapper/2" capability=5 scontext=u:r:kernel:s0 tcontext=u:r:kernel:s0 tclass=capability permissive=0
11-11 05:24:05.315 0 0 I auditd : type=1400 audit(0.0:2977): avc: denied { kill } for comm="swapper/2" capability=5 scontext=u:r:kernel:s0 tcontext=u:r:kernel:s0 tclass=capability permissive=0
11-11 05:24:06.315 0 0 I auditd : type=1400 audit(0.0:2978): avc: denied { kill } for comm="swapper/2" capability=5 scontext=u:r:kernel:s0 tcontext=u:r:kernel:s0 tclass=capability permissive=0
11-11 05:24:07.315 0 0 I auditd : type=1400 audit(0.0:2979): avc: denied { kill } for comm="swapper/2" capability=5 scontext=u:r:kernel:s0 tcontext=u:r:kernel:s0 tclass=capability permissive=0
11-11 05:24:08.315 0 0 I auditd : type=1400 audit(0.0:2980): avc: denied { kill } for comm="swapper/2" capability=5 scontext=u:r:kernel:s0 tcontext=u:r:kernel:s0 tclass=capability permissive=0
11-11 05:24:09.025 1400 13424 I liblog : 149
11-11 05:24:09.315 0 0 I auditd : type=1400 audit(0.0:2981): avc: denied { kill } for comm="swapper/2" capability=5 scontext=u:r:kernel:s0 tcontext=u:r:kernel:s0 tclass=capability permissive=0
11-11 05:24:10.315 0 0 I auditd : type=1400 audit(0.0:2982): avc: denied { kill } for comm="swapper/2" capability=5 scontext=u:r:kernel:s0 tcontext=u:r:kernel:s0 tclass=capability permissive=0
11-11 05:24:11.315 0 0 I auditd : type=1400 audit(0.0:2983): avc: denied { kill } for comm="swapper/2" capability=5 scontext=u:r:kernel:s0 tcontext=u:r:kernel:s0 tclass=capability permissive=0
11-11 05:24:12.315 0 0 I auditd : type=1400 audit(0.0:2984): avc: denied { kill } for comm="swapper/2" capability=5 scontext=u:r:kernel:s0 tcontext=u:r:kernel:s0 tclass=capability permissive=0
11-11 05:24:14.315 288 288 I auditd : type=1400 audit(0.0:2985): avc: denied { kill } for comm="kgsl_worker_thr" capability=5 scontext=u:r:kernel:s0 tcontext=u:r:kernel:s0 tclass=capability permissive=0
11-11 05:24:15.315 0 0 I auditd : type=1400 audit(0.0:2986): avc: denied { kill } for comm="swapper/2" capability=5 scontext=u:r:kernel:s0 tcontext=u:r:kernel:s0 tclass=capability permissive=0
11-11 05:24:16.315 0 0 I auditd : type=1400 audit(0.0:2987): avc: denied { kill } for comm="swapper/2" capability=5 scontext=u:r:kernel:s0 tcontext=u:r:kernel:s0 tclass=capability permissive=0
11-11 05:24:17.315 0 0 I auditd : type=1400 audit(0.0:2988): avc: denied { kill } for comm="swapper/2" capability=5 scontext=u:r:kernel:s0 tcontext=u:r:kernel:s0 tclass=capability permissive=0
11-11 05:24:18.315 0 0 I auditd : type=1400 audit(0.0:2989): avc: denied { kill } for comm="swapper/2" capability=5 scontext=u:r:kernel:s0 tcontext=u:r:kernel:s0 tclass=capability permissive=0
11-11 05:24:18.746 1400 13424 I liblog : 73
11-11 05:24:19.315 0 0 I auditd : type=1400 audit(0.0:2990): avc: denied { kill } for comm="swapper/2" capability=5 scontext=u:r:kernel:s0 tcontext=u:r:kernel:s0 tclass=capability permissive=0
11-11 05:24:20.315 0 0 I auditd : type=1400 audit(0.0:2991): avc: denied { kill } for comm="swapper/2" capability=5 scontext=u:r:kernel:s0 tcontext=u:r:kernel:s0 tclass=capability permissive=0
11-11 05:24:21.315 0 0 I auditd : type=1400 audit(0.0:2992): avc: denied { kill } for comm="swapper/2" capability=5 scontext=u:r:kernel:s0 tcontext=u:r:kernel:s0 tclass=capability permissive=0
11-11 05:24:22.315 11610 11610 I auditd : type=1400 audit(0.0:2993): avc: denied { kill } for comm="kworker/u17:3" capability=5 scontext=u:r:kernel:s0 tcontext=u:r:kernel:s0 tclass=capability permissive=0
11-11 05:24:23.315 288 288 I auditd : type=1400 audit(0.0:2994): avc: denied { kill } for comm="kgsl_worker_thr" capability=5 scontext=u:r:kernel:s0 tcontext=u:r:kernel:s0 tclass=capability permissive=0
11-11 05:24:24.315 0 0 I auditd : type=1400 audit(0.0:2995): avc: denied { kill } for comm="swapper/2" capability=5 scontext=u:r:kernel:s0 tcontext=u:r:kernel:s0 tclass=capability permissive=0
11-11 05:24:25.286 1490 1490 I volume_changed: [3,21,20,39,android]
11-11 05:24:25.288 2356 2771 I sysui_multi_action: [757,210,758,4,759,3]
11-11 05:24:25.296 2356 2771 I sysui_multi_action: [757,211,758,4,759,3]
11-11 05:24:25.313 2356 2356 I sysui_multi_action: [757,207,758,1]
11-11 05:24:25.313 2356 2356 I sysui_multi_action: [757,804,799,volume_from_keyguard,801,0,802,1]
11-11 05:24:26.012 1490 1745 I commit_sys_config_file: [settings-1-0,13]
11-11 05:24:26.315 0 0 I auditd : type=1400 audit(0.0:2996): avc: denied { kill } for comm="swapper/2" capability=5 scontext=u:r:kernel:s0 tcontext=u:r:kernel:s0 tclass=capability permissive=0
11-11 05:24:26.924 1490 1490 I volume_changed: [3,20,21,39,android]
11-11 05:24:26.946 2356 2771 I sysui_multi_action: [757,211,758,4,759,3]
11-11 05:24:26.949 2356 2356 I sysui_multi_action: [757,207,758,1]
11-11 05:24:26.949 2356 2356 I sysui_multi_action: [757,804,799,volume_from_keyguard,801,0,802,1]
11-11 05:24:27.651 1490 1745 I commit_sys_config_file: [settings-1-0,5]
11-11 05:24:28.315 0 0 I auditd : type=1400 audit(0.0:2997): avc: denied { kill } for comm="swapper/3" capability=5 scontext=u:r:kernel:s0 tcontext=u:r:kernel:s0 tclass=capability permissive=0
11-11 05:24:28.461 1490 1490 I volume_changed: [3,21,22,39,android]
11-11 05:24:28.475 2356 2771 I sysui_multi_action: [757,211,758,4,759,3]
11-11 05:24:28.480 2356 2356 I sysui_multi_action: [757,207,758,1]
11-11 05:24:28.480 2356 2356 I sysui_multi_action: [757,804,799,volume_from_keyguard,801,0,802,1]
11-11 05:24:29.181 1490 1745 I commit_sys_config_file: [settings-1-0,5]
11-11 05:24:29.315 0 0 I auditd : type=1400 audit(0.0:2998): avc: denied { kill } for comm="swapper/3" capability=5 scontext=u:r:kernel:s0 tcontext=u:r:kernel:s0 tclass=capability permissive=0
11-11 05:24:30.315 0 0 I auditd : type=1400 audit(0.0:2999): avc: denied { kill } for comm="swapper/3" capability=5 scontext=u:r:kernel:s0 tcontext=u:r:kernel:s0 tclass=capability permissive=0
11-11 05:24:31.480 2356 2356 I sysui_multi_action: [757,207,758,2]
11-11 05:24:31.483 2356 2771 I sysui_multi_action: [757,210,758,4,759,-1]
11-11 05:24:32.315 0 0 I auditd : type=1400 audit(0.0:3000): avc: denied { kill } for comm="swapper/3" capability=5 scontext=u:r:kernel:s0 tcontext=u:r:kernel:s0 tclass=capability permissive=0
11-11 05:24:33.315 0 0 I auditd : type=1400 audit(0.0:3001): avc: denied { kill } for comm="swapper/3" capability=5 scontext=u:r:kernel:s0 tcontext=u:r:kernel:s0 tclass=capability permissive=0
11-11 05:24:34.315 0 0 I auditd : type=1400 audit(0.0:3002): avc: denied { kill } for comm="swapper/3" capability=5 scontext=u:r:kernel:s0 tcontext=u:r:kernel:s0 tclass=capability permissive=0
11-11 05:24:35.315 0 0 I auditd : type=1400 audit(0.0:3003): avc: denied { kill } for comm="swapper/3" capability=5 scontext=u:r:kernel:s0 tcontext=u:r:kernel:s0 tclass=capability permissive=0
11-11 05:24:36.315 0 0 I auditd : type=1400 audit(0.0:3004): avc: denied { kill } for comm="swapper/3" capability=5 scontext=u:r:kernel:s0 tcontext=u:r:kernel:s0 tclass=capability permissive=0
11-11 05:24:37.315 0 0 I auditd : type=1400 audit(0.0:3005): avc: denied { kill } for comm="swapper/3" capability=5 scontext=u:r:kernel:s0 tcontext=u:r:kernel:s0 tclass=capability permissive=0 --------- beginning of main
11-11 05:24:37.782 649 664 I mpu_uart: [MSG-P:RECV]:No message received in 1000 ms --------- beginning of system
11-11 05:24:37.935 1490 1642 W BroadcastQueue: Permission Denial: broadcasting Intent { act=android.net.conn.CONNECTIVITY_CHANGE flg=0x4200010 (has extras) } from null (pid=-1, uid=-1) requires com.baidu.input.permission.sofire.RECEIVE due to registered receiver BroadcastFilter{f544d8e 10029/u0 ReceiverList{b899989 3731 com.baidu.input/10029/u0 remote:bb2fc90}}
11-11 05:24:38.315 0 0 I auditd : type=1400 audit(0.0:3006): avc: denied { kill } for comm="swapper/3" capability=5 scontext=u:r:kernel:s0 tcontext=u:r:kernel:s0 tclass=capability permissive=0
11-11 05:24:38.315 0 0 W swapper/3: type=1400 audit(0.0:3006): avc: denied { kill } for capability=5 scontext=u:r:kernel:s0 tcontext=u:r:kernel:s0 tclass=capability permissive=0
11-11 05:24:38.782 649 664 I mpu_uart: [MSG-P:RECV]:No message received in 1000 ms
11-11 05:24:38.893 1400 13424 D LOWI-9.0.0.87.a: [LOWI-Scan] wait_event:Wait done with Cmd 34
11-11 05:24:38.893 1400 13424 D LOWI-9.0.0.87.a: [LOWI-Scan] do_listen_events: Rcvd valid Netlink Cmd 34 Err 0
11-11 05:24:38.895 1490 2777 D WifiNl80211Manager: Scan result ready event
11-11 05:24:38.895 1490 2777 D WifiNative: Scan result ready event
11-11 05:24:38.897 1400 13424 D LOWI-9.0.0.87.a: [LOWI-Scan]
11-11 05:24:38.897 1400 13424 D LOWI-9.0.0.87.a: [LOWI-Scan] print_bss_handler: Report Probe TSF 2297156701 as it greater than Beacon TSF 2287113309
11-11 05:24:38.897 1400 13424 D LOWI-9.0.0.87.a: [LOWI-Scan] decode_rsn_wpa_ie: LOWI_ENCRYPTION_TYPE_WPA_PSK
11-11 05:24:38.897 1400 13424 D LOWI-9.0.0.87.a: [LOWI-Scan] is_qcom_ie, bss_age: 0
11-11 05:24:38.897 1400 13424 D LOWI-9.0.0.87.a: [LOWI-Scan] BSS 5c:02:14:f9:4f:d3 LOWI_PHY_MODE_11AC_VHT80(10), Beacon Interval: 100, LOWI_ENCRYPTION_TYPE_WPA_PSK 11mcRanging: No, ANQP: Yes, LCI: No, Civic: No, capability(0x1931): ESS Privacy ShortPreamble SpectrumMgmt APSD
11-11 05:24:38.897 1400 13424 D LOWI-9.0.0.87.a: [LOWI-Scan] BSS 5c:02:14:f9:4f:d3 FREQ: 5220, cFreq1[40:80:160] = [5230:5210:0] cFreq2 = 0 Country Code = CN
11-11 05:24:38.897 1400 13424 D LOWI-9.0.0.87.a: [LOWI-Scan] BSS 5c:02:14:f9:4f:d3 (wlan0) ASSO: NO AddInfo: 0x0, TSF 0, 00:38:17.156, RSSI: -110, CPL: 127, AGE: 1348, SSID ThunderSoft_XTS_5G, TSFDelta: 0x10eeee33, TXRate: 0
11-11 05:24:38.898 1400 13424 D LOWI-9.0.0.87.a: [LOWI-Scan]
11-11 05:24:38.898 1400 13424 D LOWI-9.0.0.87.a: [LOWI-Scan] print_bss_handler: Report Probe TSF 2297406187 as it greater than Beacon TSF 2261523105
11-11 05:24:38.898 1400 13424 D LOWI-9.0.0.87.a: [LOWI-Scan] decode_rsn_wpa_ie: LOWI_ENCRYPTION_TYPE_WPA_PSK
11-11 05:24:38.898 1400 13424 D LOWI-9.0.0.87.a: [LOWI-Scan] is_qcom_ie, bss_age: 0
11-11 05:24:38.898 1400 13424 D LOWI-9.0.0.87.a: [LOWI-Scan] BSS f4:84:8d:21:25:a9 LOWI_PHY_MODE_11AC_VHT80(10), Beacon Interval: 100, LOWI_ENCRYPTION_TYPE_WPA_PSK 11mcRanging: No, ANQP: No, LCI: No, Civic: No, capability(0x1011): ESS Privacy
11-11 05:24:38.898 1400 13424 D LOWI-9.0.0.87.a: [LOWI-Scan] BSS f4:84:8d:21:25:a9 FREQ: 5805, cFreq1[40:80:160] = [5795:5775:0] cFreq2 = 0 Country Code = CN
11-11 05:24:38.899 1400 13424 D LOWI-9.0.0.87.a: [LOWI-Scan] BSS f4:84:8d:21:25:a9 (wlan0) ASSO: NO AddInfo: 0x0, TSF 0, 00:38:17.406, RSSI: -130, CPL: 127, AGE: 1100, SSID hht_test_wifi_fc4318c9, TSFDelta: 0xdba86ae9, TXRate: 0
11-11 05:24:38.899 1400 13424 D LOWI-9.0.0.87.a: [LOWI-Scan]
11-11 05:24:38.899 1400 13424 D LOWI-9.0.0.87.a: [LOWI-Scan] print_bss_handler: Report Probe TSF 2297665374 as it greater than Beacon TSF 2297645272
11-11 05:24:38.899 1400 13424 D LOWI-9.0.0.87.a: [LOWI-Scan] decode_rsn_wpa_ie: LOWI_ENCRYPTION_TYPE_WPA_PSK
11-11 05:24:38.899 1400 13424 D LOWI-9.0.0.87.a: [LOWI-Scan] is_qcom_ie, bss_age: 0
11-11 05:24:38.899 1400 13424 D LOWI-9.0.0.87.a: [LOWI-Scan] BSS 18:6f:2d:80:dd:70 LOWI_PHY_MODE_11AC_VHT20(8), Beacon Interval: 100, LOWI_ENCRYPTION_TYPE_WPA_PSK 11mcRanging: No, ANQP: No, LCI: No, Civic: No, capability(0x0111): ESS Privacy SpectrumMgmt
11-11 05:24:38.899 1400 13424 D LOWI-9.0.0.87.a: [LOWI-Scan] BSS 18:6f:2d:80:dd:70 FREQ: 5280, cFreq1[40:80:160] = [5280:0:0] cFreq2 = 0 Country Code = CN
11-11 05:24:38.899 1400 13424 D LOWI-9.0.0.87.a: [LOWI-Scan] BSS 18:6f:2d:80:dd:70 (wlan0) ASSO: NO AddInfo: 0x0, TSF 0, 00:38:17.665, RSSI: -138, CPL: 127, AGE: 840, SSID Testing , TSFDelta: 0xb2316320, TXRate: 0
11-11 05:24:38.900 1400 13424 D LOWI-9.0.0.87.a: [LOWI-Scan]
11-11 05:24:38.900 1400 13424 D LOWI-9.0.0.87.a: [LOWI-Scan] print_bss_handler: Report Probe TSF 2297667489 as it greater than Beacon TSF 2297645470
11-11 05:24:38.900 1400 13424 D LOWI-9.0.0.87.a: [LOWI-Scan] is_qcom_ie, bss_age: 0
11-11 05:24:38.900 1400 13424 D LOWI-9.0.0.87.a: [LOWI-Scan] BSS 18:6f:2d:80:dd:71 LOWI_PHY_MODE_11AC_VHT20(8), Beacon Interval: 100, LOWI_ENCRYPTION_TYPE_OPEN 11mcRanging: No, ANQP: No, LCI: No, Civic: No, capability(0x0101): ESS SpectrumMgmt
11-11 05:24:38.900 1400 13424 D LOWI-9.0.0.87.a: [LOWI-Scan] BSS 18:6f:2d:80:dd:71 FREQ: 5280, cFreq1[40:80:160] = [5280:0:0] cFreq2 = 0 Country Code = CN
11-11 05:24:38.900 1400 13424 D LOWI-9.0.0.87.a: [LOWI-Scan] BSS 18:6f:2d:80:dd:71 (wlan0) ASSO: NO AddInfo: 0x0, TSF 0, 00:38:17.667, RSSI: -138, CPL: 127, AGE: 840, SSID Guest, TSFDelta: 0xb2392959, TXRate: 0
11-11 05:24:38.901 1400 13424 D LOWI-9.0.0.87.a: [LOWI-Scan]
11-11 05:24:38.901 1400 13424 D LOWI-9.0.0.87.a: [LOWI-Scan] print_bss_handler: Report Probe TSF 2297669119 as it greater than Beacon TSF 2297645845
11-11 05:24:38.901 1400 13424 D LOWI-9.0.0.87.a: [LOWI-Scan] decode_rsn_wpa_ie: LOWI_ENCRYPTION_TYPE_WPA_PSK
11-11 05:24:38.901 1400 13424 D LOWI-9.0.0.87.a: [LOWI-Scan] is_qcom_ie, bss_age: 0
11-11 05:24:38.901 1400 13424 D LOWI-9.0.0.87.a: [LOWI-Scan] BSS 18:6f:2d:80:dd:72 LOWI_PHY_MODE_11AC_VHT20(8), Beacon Interval: 100, LOWI_ENCRYPTION_TYPE_WPA_PSK 11mcRanging: No, ANQP: No, LCI: No, Civic: No, capability(0x0111): ESS Privacy SpectrumMgmt
11-11 05:24:38.901 1400 13424 D LOWI-9.0.0.87.a: [LOWI-Scan] BSS 18:6f:2d:80:dd:72 FREQ: 5280, cFreq1[40:80:160] = [5280:0:0] cFreq2 = 0 Country Code = CN
11-11 05:24:38.901 1400 13424 D LOWI-9.0.0.87.a: [LOWI-Scan] BSS 18:6f:2d:80:dd:72 (wlan0) ASSO: NO AddInfo: 0x0, TSF 0, 00:38:17.669, RSSI: -138, CPL: 127, AGE: 836, SSID ZXHY, TSFDelta: 0xb243244c, TXRate: 0
11-11 05:24:38.902 1400 13424 D LOWI-9.0.0.87.a: [LOWI-Scan]
11-11 05:24:38.902 1400 13424 D LOWI-9.0.0.87.a: [LOWI-Scan] print_bss_handler: Report Probe TSF 2297669189 as it greater than Beacon TSF 2297646225
11-11 05:24:38.902 1400 13424 D LOWI-9.0.0.87.a: [LOWI-Scan] decode_rsn_wpa_ie: LOWI_ENCRYPTION_TYPE_WPA_PSK
11-11 05:24:38.902 1400 13424 D LOWI-9.0.0.87.a: [LOWI-Scan] is_qcom_ie, bss_age: 0
11-11 05:24:38.902 1400 13424 D LOWI-9.0.0.87.a: [LOWI-Scan] BSS 18:6f:2d:80:dd:73 LOWI_PHY_MODE_11AC_VHT20(8), Beacon Interval: 100, LOWI_ENCRYPTION_TYPE_WPA_PSK 11mcRanging: No, ANQP: No, LCI: No, Civic: No, capability(0x0111): ESS Privacy SpectrumMgmt
11-11 05:24:38.902 1400 13424 D LOWI-9.0.0.87.a: [LOWI-Scan] BSS 18:6f:2d:80:dd:73 FREQ: 5280, cFreq1[40:80:160] = [5280:0:0] cFreq2 = 0 Country Code = CN
11-11 05:24:38.902 1400 13424 D LOWI-9.0.0.87.a: [LOWI-Scan] BSS 18:6f:2d:80:dd:73 (wlan0) ASSO: NO AddInfo: 0x0, TSF 0, 00:38:17.669, RSSI: -142, CPL: 127, AGE: 836, SSID Fanya, TSFDelta: 0xb245e6ea, TXRate: 0
11-11 05:24:38.902 1400 13424 D LOWI-9.0.0.87.a: [LOWI-Scan]
11-11 05:24:38.902 1400 13424 D LOWI-9.0.0.87.a: [LOWI-Scan] print_bss_handler: Report Probe TSF 2297672576 as it greater than Beacon TSF 2297646888
11-11 05:24:38.902 1400 13424 D LOWI-9.0.0.87.a: [LOWI-Scan] decode_rsn_wpa_ie: LOWI_ENCRYPTION_TYPE_WPA_PSK
11-11 05:24:38.903 1400 13424 D LOWI-9.0.0.87.a: [LOWI-Scan] is_qcom_ie, bss_age: 0
11-11 05:24:38.903 1400 13424 D LOWI-9.0.0.87.a: [LOWI-Scan] BSS 18:6f:2d:80:dd:75 LOWI_PHY_MODE_11AC_VHT20(8), Beacon Interval: 100, LOWI_ENCRYPTION_TYPE_WPA_PSK 11mcRanging: No, ANQP: No, LCI: No, Civic: No, capability(0x0111): ESS Privacy SpectrumMgmt
11-11 05:24:38.903 1400 13424 D LOWI-9.0.0.87.a: [LOWI-Scan] BSS 18:6f:2d:80:dd:75 FREQ: 5280, cFreq1[40:80:160] = [5280:0:0] cFreq2 = 0 Country Code = CN
11-11 05:24:38.903 1400 13424 D LOWI-9.0.0.87.a: [LOWI-Scan] BSS 18:6f:2d:80:dd:75 (wlan0) ASSO: NO AddInfo: 0x0, TSF 0, 00:38:17.672, RSSI: -142, CPL: 127, AGE: 832, SSID GM, TSFDelta: 0xb25b6bb3, TXRate: 0
11-11 05:24:38.903 1400 13424 D LOWI-9.0.0.87.a: [LOWI-Scan]
11-11 05:24:38.903 1400 13424 D LOWI-9.0.0.87.a: [LOWI-Scan] print_bss_handler: Report Probe TSF 2297672691 as it greater than Beacon TSF 2297647795
11-11 05:24:38.903 1400 13424 D LOWI-9.0.0.87.a: [LOWI-Scan] is_qcom_ie, bss_age: 0
11-11 05:24:38.903 1400 13424 D LOWI-9.0.0.87.a: [LOWI-Scan] BSS 18:6f:2d:80:dd:76 LOWI_PHY_MODE_11AC_VHT20(8), Beacon Interval: 100, LOWI_ENCRYPTION_TYPE_OPEN 11mcRanging: No, ANQP: No, LCI: No, Civic: No, capability(0x0101): ESS SpectrumMgmt
11-11 05:24:38.904 1400 13424 D LOWI-9.0.0.87.a: [LOWI-Scan] BSS 18:6f:2d:80:dd:76 FREQ: 5280, cFreq1[40:80:160] = [5280:0:0] cFreq2 = 0 Country Code = CN
11-11 05:24:38.904 1400 13424 D LOWI-9.0.0.87.a: [LOWI-Scan] BSS 18:6f:2d:80:dd:76 (wlan0) ASSO: NO AddInfo: 0x0, TSF 0, 00:38:17.672, RSSI: -140, CPL: 127, AGE: 832, SSID IT, TSFDelta: 0xb260ad6b, TXRate: 0
11-11 05:24:38.904 1400 13424 D LOWI-9.0.0.87.a: [LOWI-Scan]
11-11 05:24:38.904 1400 13424 D LOWI-9.0.0.87.a: [LOWI-Scan] print_bss_handler: Report Probe TSF 2297672518 as it greater than Beacon TSF 2297646597
11-11 05:24:38.904 1400 13424 D LOWI-9.0.0.87.a: [LOWI-Scan] decode_rsn_wpa_ie: LOWI_ENCRYPTION_TYPE_WPA_PSK
11-11 05:24:38.904 1400 13424 D LOWI-9.0.0.87.a: [LOWI-Scan] is_qcom_ie, bss_age: 0
11-11 05:24:38.905 1400 13424 D LOWI-9.0.0.87.a: [LOWI-Scan] BSS 18:6f:2d:80:dd:74 LOWI_PHY_MODE_11AC_VHT20(8), Beacon Interval: 100, LOWI_ENCRYPTION_TYPE_WPA_PSK 11mcRanging: No, ANQP: No, LCI: No, Civic: No, capability(0x0111): ESS Privacy SpectrumMgmt
11-11 05:24:38.905 1400 13424 D LOWI-9.0.0.87.a: [LOWI-Scan] BSS 18:6f:2d:80:dd:74 FREQ: 5280, cFreq1[40:80:160] = [5280:0:0] cFreq2 = 0 Country Code = CN
11-11 05:24:38.905 1400 13424 D LOWI-9.0.0.87.a: [LOWI-Scan] BSS 18:6f:2d:80:dd:74 (wlan0) ASSO: NO AddInfo: 0x0, TSF 0, 00:38:17.672, RSSI: -140, CPL: 127, AGE: 832, SSID ThunderSoft, TSFDelta: 0xb258a14e, TXRate: 0
11-11 05:24:38.905 1400 13424 D LOWI-9.0.0.87.a: [LOWI-Scan]
11-11 05:24:38.905 1400 13424 D LOWI-9.0.0.87.a: [LOWI-Scan] print_bss_handler: Report Probe TSF 2293064479 as it greater than Beacon TSF 2293051530
11-11 05:24:38.905 1400 13424 D LOWI-9.0.0.87.a: [LOWI-Scan] decode_rsn_wpa_ie: LOWI_ENCRYPTION_TYPE_WPA_PSK
11-11 05:24:38.905 1400 13424 D LOWI-9.0.0.87.a: [LOWI-Scan] is_qcom_ie, bss_age: 0
11-11 05:24:38.906 1400 13424 D LOWI-9.0.0.87.a: [LOWI-Scan] BSS 18:6f:2d:80:dd:64 LOWI_PHY_MODE_11NG_HT20(5), Beacon Interval: 100, LOWI_ENCRYPTION_TYPE_WPA_PSK 11mcRanging: No, ANQP: No, LCI: No, Civic: No, capability(0x0531): ESS Privacy ShortPreamble SpectrumMgmt ShortSlotTime
11-11 05:24:38.906 1400 13424 D LOWI-9.0.0.87.a: [LOWI-Scan] BSS 18:6f:2d:80:dd:64 FREQ: 2472, cFreq1[40:80:160] = [2472:0:0] cFreq2 = 0 Country Code = CN
11-11 05:24:38.906 1400 13424 D LOWI-9.0.0.87.a: [LOWI-Scan] BSS 18:6f:2d:80:dd:64 (wlan0) ASSO: NO AddInfo: 0x0, TSF 0, 00:38:13.064, RSSI: -142, CPL: 127, AGE: 5449, SSID Fanya, TSFDelta: 0xc43d09d9, TXRate: 0
11-11 05:24:38.906 1400 13424 D LOWI-9.0.0.87.a: [LOWI-Scan]
11-11 05:24:38.906 1400 13424 D LOWI-9.0.0.87.a: [LOWI-Scan] print_bss_handler: Report Probe TSF 2293065052 as it greater than Beacon TSF 2288963035
11-11 05:24:38.906 1400 13424 D LOWI-9.0.0.87.a: [LOWI-Scan] is_qcom_ie, bss_age: 0
11-11 05:24:38.906 1400 13424 D LOWI-9.0.0.87.a: [LOWI-Scan] BSS 18:6f:2d:80:dd:65 LOWI_PHY_MODE_11NG_HT20(5), Beacon Interval: 100, LOWI_ENCRYPTION_TYPE_OPEN 11mcRanging: No, ANQP: No, LCI: No, Civic: No, capability(0x0521): ESS ShortPreamble SpectrumMgmt ShortSlotTime
11-11 05:24:38.906 1400 13424 D LOWI-9.0.0.87.a: [LOWI-Scan] BSS 18:6f:2d:80:dd:65 FREQ: 2472, cFreq1[40:80:160] = [2472:0:0] cFreq2 = 0 Country Code = CN
11-11 05:24:38.906 1400 13424 D LOWI-9.0.0.87.a: [LOWI-Scan] BSS 18:6f:2d:80:dd:65 (wlan0) ASSO: NO AddInfo: 0x0, TSF 0, 00:38:13.065, RSSI: -140, CPL: 127, AGE: 5450, SSID IT, TSFDelta: 0xc4426556, TXRate: 0
11-11 05:24:38.907 1400 13424 D LOWI-9.0.0.87.a: [LOWI-Scan]
11-11 05:24:38.907 1400 13424 D LOWI-9.0.0.87.a: [LOWI-Scan] print_bss_handler: Report Probe TSF 2293063675 as it greater than Beacon TSF 2293051004
11-11 05:24:38.907 1400 13424 D LOWI-9.0.0.87.a: [LOWI-Scan] decode_rsn_wpa_ie: LOWI_ENCRYPTION_TYPE_WPA_PSK
11-11 05:24:38.907 1400 13424 D LOWI-9.0.0.87.a: [LOWI-Scan] is_qcom_ie, bss_age: 0
11-11 05:24:38.907 1400 13424 D LOWI-9.0.0.87.a: [LOWI-Scan] BSS 18:6f:2d:80:dd:63 LOWI_PHY_MODE_11NG_HT20(5), Beacon Interval: 100, LOWI_ENCRYPTION_TYPE_WPA_PSK 11mcRanging: No, ANQP: No, LCI: No, Civic: No, capability(0x0531): ESS Privacy ShortPreamble SpectrumMgmt ShortSlotTime
11-11 05:24:38.907 1400 13424 D LOWI-9.0.0.87.a: [LOWI-Scan] BSS 18:6f:2d:80:dd:63 FREQ: 2472, cFreq1[40:80:160] = [2472:0:0] cFreq2 = 0 Country Code = CN
11-11 05:24:38.907 1400 13424 D LOWI-9.0.0.87.a: [LOWI-Scan] BSS 18:6f:2d:80:dd:63 (wlan0) ASSO: NO AddInfo: 0x0, TSF 0, 00:38:13.063, RSSI: -142, CPL: 127, AGE: 5454, SSID ZXHY, TSFDelta: 0xc43704a2, TXRate: 0
11-11 05:24:38.908 1400 13424 D LOWI-9.0.0.87.a: [LOWI-Scan]
11-11 05:24:38.908 1400 13424 D LOWI-9.0.0.87.a: [LOWI-Scan] print_bss_handler: Report beacon TSF 2297560699 as it greater than probe TSF 2291807599
11-11 05:24:38.908 1400 13424 D LOWI-9.0.0.87.a: [LOWI-Scan] is_qcom_ie, bss_age: 0
11-11 05:24:38.908 1400 13424 D LOWI-9.0.0.87.a: [LOWI-Scan] BSS 18:6f:2d:81:18:51 LOWI_PHY_MODE_11AC_VHT20(8), Beacon Interval: 100, LOWI_ENCRYPTION_TYPE_OPEN 11mcRanging: No, ANQP: No, LCI: No, Civic: No, capability(0x0101): ESS SpectrumMgmt
11-11 05:24:38.908 1400 13424 D LOWI-9.0.0.87.a: [LOWI-Scan] BSS 18:6f:2d:81:18:51 FREQ: 5260, cFreq1[40:80:160] = [5260:0:0] cFreq2 = 0 Country Code = CN
11-11 05:24:38.908 1400 13424 D LOWI-9.0.0.87.a: [LOWI-Scan] BSS 18:6f:2d:81:18:51 (wlan0) ASSO: NO AddInfo: 0x1, TSF 0, 00:38:17.560, RSSI: -162, CPL: 127, AGE: 944, SSID Guest, TSFDelta: 0xb1c6520a, TXRate: 0
11-11 05:24:38.909 1400 13424 D LOWI-9.0.0.87.a: [LOWI-Scan]
11-11 05:24:38.909 1400 13424 D LOWI-9.0.0.87.a: [LOWI-Scan] print_bss_handler: Report beacon TSF 2297561109 as it greater than probe TSF 2297547562
11-11 05:24:38.909 1400 13424 D LOWI-9.0.0.87.a: [LOWI-Scan] decode_rsn_wpa_ie: LOWI_ENCRYPTION_TYPE_WPA_PSK
11-11 05:24:38.909 1400 13424 D LOWI-9.0.0.87.a: [LOWI-Scan] is_qcom_ie, bss_age: 0
11-11 05:24:38.909 1400 13424 D LOWI-9.0.0.87.a: [LOWI-Scan] BSS 18:6f:2d:81:18:52 LOWI_PHY_MODE_11AC_VHT20(8), Beacon Interval: 100, LOWI_ENCRYPTION_TYPE_WPA_PSK 11mcRanging: No, ANQP: No, LCI: No, Civic: No, capability(0x0111): ESS Privacy SpectrumMgmt
11-11 05:24:38.909 1400 13424 D LOWI-9.0.0.87.a: [LOWI-Scan] BSS 18:6f:2d:81:18:52 FREQ: 5260, cFreq1[40:80:160] = [5260:0:0] cFreq2 = 0 Country Code = CN
11-11 05:24:38.909 1400 13424 D LOWI-9.0.0.87.a: [LOWI-Scan] BSS 18:6f:2d:81:18:52 (wlan0) ASSO: NO AddInfo: 0x1, TSF 0, 00:38:17.561, RSSI: -162, CPL: 127, AGE: 944, SSID ZXHY, TSFDelta: 0xb0f4259e, TXRate: 0
11-11 05:24:38.910 1400 13424 D LOWI-9.0.0.87.a: [LOWI-Scan]
11-11 05:24:38.910 1400 13424 D LOWI-9.0.0.87.a: [LOWI-Scan] print_bss_handler: Report beacon TSF 2297561755 as it greater than probe TSF 2297536546
11-11 05:24:38.910 1400 13424 D LOWI-9.0.0.87.a: [LOWI-Scan] decode_rsn_wpa_ie: LOWI_ENCRYPTION_TYPE_WPA_PSK
11-11 05:24:38.910 1400 13424 D LOWI-9.0.0.87.a: [LOWI-Scan] is_qcom_ie, bss_age: 0
11-11 05:24:38.910 1400 13424 D LOWI-9.0.0.87.a: [LOWI-Scan] BSS 18:6f:2d:81:18:55 LOWI_PHY_MODE_11AC_VHT20(8), Beacon Interval: 100, LOWI_ENCRYPTION_TYPE_WPA_PSK 11mcRanging: No, ANQP: No, LCI: No, Civic: No, capability(0x0111): ESS Privacy SpectrumMgmt
11-11 05:24:38.910 1400 13424 D LOWI-9.0.0.87.a: [LOWI-Scan] BSS 18:6f:2d:81:18:55 FREQ: 5260, cFreq1[40:80:160] = [5260:0:0] cFreq2 = 0 Country Code = CN
11-11 05:24:38.910 1400 13424 D LOWI-9.0.0.87.a: [LOWI-Scan] BSS 18:6f:2d:81:18:55 (wlan0) ASSO: NO AddInfo: 0x1, TSF 0, 00:38:17.561, RSSI: -162, CPL: 127, AGE: 944, SSID GM, TSFDelta: 0xb0a40f63, TXRate: 0
11-11 05:24:38.910 1400 13424 D LOWI-9.0.0.87.a: [LOWI-Scan]
11-11 05:24:38.910 1400 13424 D LOWI-9.0.0.87.a: [LOWI-Scan] print_bss_handler: Report beacon TSF 2297561144 as it greater than probe TSF 2297547823
11-11 05:24:38.910 1400 13424 D LOWI-9.0.0.87.a: [LOWI-Scan] decode_rsn_wpa_ie: LOWI_ENCRYPTION_TYPE_WPA_PSK
11-11 05:24:38.910 1400 13424 D LOWI-9.0.0.87.a: [LOWI-Scan] is_qcom_ie, bss_age: 0
11-11 05:24:38.910 1400 13424 D LOWI-9.0.0.87.a: [LOWI-Scan] BSS 18:6f:2d:81:18:53 LOWI_PHY_MODE_11AC_VHT20(8), Beacon Interval: 100, LOWI_ENCRYPTION_TYPE_WPA_PSK 11mcRanging: No, ANQP: No, LCI: No, Civic: No, capability(0x0111): ESS Privacy SpectrumMgmt
11-11 05:24:38.910 1400 13424 D LOWI-9.0.0.87.a: [LOWI-Scan] BSS 18:6f:2d:81:18:53 FREQ: 5260, cFreq1[40:80:160] = [5260:0:0] cFreq2 = 0 Country Code = CN
11-11 05:24:38.910 1400 13424 D LOWI-9.0.0.87.a: [LOWI-Scan] BSS 18:6f:2d:81:18:53 (wlan0) ASSO: NO AddInfo: 0x1, TSF 0, 00:38:17.561, RSSI: -162, CPL: 127, AGE: 944, SSID Fanya, TSFDelta: 0xb0f6a3f1, TXRate: 0
11-11 05:24:38.911 1400 13424 D LOWI-9.0.0.87.a: [LOWI-Scan]
11-11 05:24:38.911 1400 13424 D LOWI-9.0.0.87.a: [LOWI-Scan] print_bss_handler: Report beacon TSF 2297561408 as it greater than probe TSF 2297548489
11-11 05:24:38.911 1400 13424 D LOWI-9.0.0.87.a: [LOWI-Scan] decode_rsn_wpa_ie: LOWI_ENCRYPTION_TYPE_WPA_PSK
11-11 05:24:38.911 1400 13424 D LOWI-9.0.0.87.a: [LOWI-Scan] is_qcom_ie, bss_age: 0
11-11 05:24:38.911 1400 13424 D LOWI-9.0.0.87.a: [LOWI-Scan] BSS 18:6f:2d:81:18:54 LOWI_PHY_MODE_11AC_VHT20(8), Beacon Interval: 100, LOWI_ENCRYPTION_TYPE_WPA_PSK 11mcRanging: No, ANQP: No, LCI: No, Civic: No, capability(0x0111): ESS Privacy SpectrumMgmt
11-11 05:24:38.911 1400 13424 D LOWI-9.0.0.87.a: [LOWI-Scan] BSS 18:6f:2d:81:18:54 FREQ: 5260, cFreq1[40:80:160] = [5260:0:0] cFreq2 = 0 Country Code = CN
11-11 05:24:38.911 1400 13424 D LOWI-9.0.0.87.a: [LOWI-Scan] BSS 18:6f:2d:81:18:54 (wlan0) ASSO: NO AddInfo: 0x1, TSF 0, 00:38:17.561, RSSI: -162, CPL: 127, AGE: 944, SSID ThunderSoft, TSFDelta: 0xb0fbdcbd, TXRate: 0
11-11 05:24:38.911 1400 13424 D LOWI-9.0.0.87.a: [LOWI-Scan]
11-11 05:24:38.911 1400 13424 D LOWI-9.0.0.87.a: [LOWI-Scan] print_bss_handler: Report beacon TSF 2297562038 as it greater than probe TSF 2297536789
11-11 05:24:38.911 1400 13424 D LOWI-9.0.0.87.a: [LOWI-Scan] is_qcom_ie, bss_age: 0
11-11 05:24:38.911 1400 13424 D LOWI-9.0.0.87.a: [LOWI-Scan] BSS 18:6f:2d:81:18:56 LOWI_PHY_MODE_11AC_VHT20(8), Beacon Interval: 100, LOWI_ENCRYPTION_TYPE_OPEN 11mcRanging: No, ANQP: No, LCI: No, Civic: No, capability(0x0101): ESS SpectrumMgmt
11-11 05:24:38.911 1400 13424 D LOWI-9.0.0.87.a: [LOWI-Scan] BSS 18:6f:2d:81:18:56 FREQ: 5260, cFreq1[40:80:160] = [5260:0:0] cFreq2 = 0 Country Code = CN
11-11 05:24:38.911 1400 13424 D LOWI-9.0.0.87.a: [LOWI-Scan] BSS 18:6f:2d:81:18:56 (wlan0) ASSO: NO AddInfo: 0x1, TSF 0, 00:38:17.562, RSSI: -162, CPL: 127, AGE: 944, SSID IT, TSFDelta: 0xb0a6a880, TXRate: 0
11-11 05:24:38.912 1400 13424 D LOWI-9.0.0.87.a: [LOWI-Scan]
11-11 05:24:38.912 1400 13424 D LOWI-9.0.0.87.a: [LOWI-Scan] print_bss_handler: Report beacon TSF 2297560485 as it greater than probe TSF 2291807013
11-11 05:24:38.912 1400 13424 D LOWI-9.0.0.87.a: [LOWI-Scan] decode_rsn_wpa_ie: LOWI_ENCRYPTION_TYPE_WPA_PSK
11-11 05:24:38.912 1400 13424 D LOWI-9.0.0.87.a: [LOWI-Scan] is_qcom_ie, bss_age: 0
11-11 05:24:38.912 1400 13424 D LOWI-9.0.0.87.a: [LOWI-Scan] BSS 18:6f:2d:81:18:50 LOWI_PHY_MODE_11AC_VHT20(8), Beacon Interval: 100, LOWI_ENCRYPTION_TYPE_WPA_PSK 11mcRanging: No, ANQP: No, LCI: No, Civic: No, capability(0x0111): ESS Privacy SpectrumMgmt
11-11 05:24:38.912 1400 13424 D LOWI-9.0.0.87.a: [LOWI-Scan] BSS 18:6f:2d:81:18:50 FREQ: 5260, cFreq1[40:80:160] = [5260:0:0] cFreq2 = 0 Country Code = CN
11-11 05:24:38.912 1400 13424 D LOWI-9.0.0.87.a: [LOWI-Scan] BSS 18:6f:2d:81:18:50 (wlan0) ASSO: NO AddInfo: 0x1, TSF 0, 00:38:17.560, RSSI: -162, CPL: 127, AGE: 944, SSID Testing , TSFDelta: 0xb1c0e21a, TXRate: 0
11-11 05:24:38.912 1400 13424 D LOWI-9.0.0.87.a: [LOWI-Scan]
11-11 05:24:38.912 1400 13424 D LOWI-9.0.0.87.a: [LOWI-Scan] print_bss_handler: Report Probe TSF 2297672633 as it greater than Beacon TSF 2297630726
11-11 05:24:38.912 1400 13424 D LOWI-9.0.0.87.a: [LOWI-Scan] decode_rsn_wpa_ie: LOWI_ENCRYPTION_TYPE_WPA_PSK
11-11 05:24:38.912 1400 13424 D LOWI-9.0.0.87.a: [LOWI-Scan] is_qcom_ie, bss_age: 0
11-11 05:24:38.912 1400 13424 D LOWI-9.0.0.87.a: [LOWI-Scan] BSS 18:6f:2d:81:16:f4 LOWI_PHY_MODE_11AC_VHT20(8), Beacon Interval: 100, LOWI_ENCRYPTION_TYPE_WPA_PSK 11mcRanging: No, ANQP: No, LCI: No, Civic: No, capability(0x0111): ESS Privacy SpectrumMgmt
11-11 05:24:38.912 1400 13424 D LOWI-9.0.0.87.a: [LOWI-Scan] BSS 18:6f:2d:81:16:f4 FREQ: 5280, cFreq1[40:80:160] = [5280:0:0] cFreq2 = 0 Country Code = CN
11-11 05:24:38.912 1400 13424 D LOWI-9.0.0.87.a: [LOWI-Scan] BSS 18:6f:2d:81:16:f4 (wlan0) ASSO: NO AddInfo: 0x0, TSF 0, 00:38:17.672, RSSI: -148, CPL: 127, AGE: 832, SSID ThunderSoft, TSFDelta: 0xb2d9516c, TXRate: 0
11-11 05:24:38.912 1400 13424 D LOWI-9.0.0.87.a: [LOWI-Scan]
11-11 05:24:38.912 1400 13424 D LOWI-9.0.0.87.a: [LOWI-Scan] print_bss_handler: Report beacon TSF 2297263450 as it greater than probe TSF 2291523635
11-11 05:24:38.912 1400 13424 D LOWI-9.0.0.87.a: [LOWI-Scan] decode_rsn_wpa_ie: LOWI_ENCRYPTION_TYPE_WPA_PSK
11-11 05:24:38.912 1400 13424 D LOWI-9.0.0.87.a: [LOWI-Scan] is_qcom_ie, bss_age: 0
11-11 05:24:38.912 1400 13424 D LOWI-9.0.0.87.a: [LOWI-Scan] BSS 18:6f:2d:81:0d:80 LOWI_PHY_MODE_11NG_HT20(5), Beacon Interval: 100, LOWI_ENCRYPTION_TYPE_WPA_PSK 11mcRanging: No, ANQP: No, LCI: No, Civic: No, capability(0x0531): ESS Privacy ShortPreamble SpectrumMgmt ShortSlotTime
11-11 05:24:38.912 1400 13424 D LOWI-9.0.0.87.a: [LOWI-Scan] BSS 18:6f:2d:81:0d:80 FREQ: 2422, cFreq1[40:80:160] = [2422:0:0] cFreq2 = 0 Country Code = CN
11-11 05:24:38.912 1400 13424 D LOWI-9.0.0.87.a: [LOWI-Scan] BSS 18:6f:2d:81:0d:80 (wlan0) ASSO: NO AddInfo: 0x1, TSF 0, 00:38:17.263, RSSI: -160, CPL: 127, AGE: 1244, SSID Testing , TSFDelta: 0x958a6b03, TXRate: 0
11-11 05:24:38.913 1400 13424 D LOWI-9.0.0.87.a: [LOWI-Scan]
11-11 05:24:38.913 1400 13424 D LOWI-9.0.0.87.a: [LOWI-Scan] print_bss_handler: Report beacon TSF 2297629205 as it greater than probe TSF 2287670543
11-11 05:24:38.913 1400 13424 D LOWI-9.0.0.87.a: [LOWI-Scan] decode_rsn_wpa_ie: LOWI_ENCRYPTION_TYPE_WPA_PSK
11-11 05:24:38.913 1400 13424 D LOWI-9.0.0.87.a: [LOWI-Scan] is_qcom_ie, bss_age: 0
11-11 05:24:38.913 1400 13424 D LOWI-9.0.0.87.a: [LOWI-Scan] BSS 18:6f:2d:81:16:f0 LOWI_PHY_MODE_11AC_VHT20(8), Beacon Interval: 100, LOWI_ENCRYPTION_TYPE_WPA_PSK 11mcRanging: No, ANQP: No, LCI: No, Civic: No, capability(0x0111): ESS Privacy SpectrumMgmt
11-11 05:24:38.913 1400 13424 D LOWI-9.0.0.87.a: [LOWI-Scan] BSS 18:6f:2d:81:16:f0 FREQ: 5280, cFreq1[40:80:160] = [5280:0:0] cFreq2 = 0 Country Code = CN
11-11 05:24:38.913 1400 13424 D LOWI-9.0.0.87.a: [LOWI-Scan] BSS 18:6f:2d:81:16:f0 (wlan0) ASSO: NO AddInfo: 0x1, TSF 0, 00:38:17.629, RSSI: -152, CPL: 127, AGE: 876, SSID Testing , TSFDelta: 0xb3d70e8d, TXRate: 0
11-11 05:24:38.913 1400 13424 D LOWI-9.0.0.87.a: [LOWI-Scan]
11-11 05:24:38.913 1400 13424 D LOWI-9.0.0.87.a: [LOWI-Scan] print_bss_handler: Report Probe TSF 2297668988 as it greater than Beacon TSF 2297629477
11-11 05:24:38.913 1400 13424 D LOWI-9.0.0.87.a: [LOWI-Scan] is_qcom_ie, bss_age: 0
11-11 05:24:38.913 1400 13424 D LOWI-9.0.0.87.a: [LOWI-Scan] BSS 18:6f:2d:81:16:f1 LOWI_PHY_MODE_11AC_VHT20(8), Beacon Interval: 100, LOWI_ENCRYPTION_TYPE_OPEN 11mcRanging: No, ANQP: No, LCI: No, Civic: No, capability(0x0101): ESS SpectrumMgmt
11-11 05:24:38.913 1400 13424 D LOWI-9.0.0.87.a: [LOWI-Scan] BSS 18:6f:2d:81:16:f1 FREQ: 5280, cFreq1[40:80:160] = [5280:0:0] cFreq2 = 0 Country Code = CN
11-11 05:24:38.913 1400 13424 D LOWI-9.0.0.87.a: [LOWI-Scan] BSS 18:6f:2d:81:16:f1 (wlan0) ASSO: NO AddInfo: 0x0, TSF 0, 00:38:17.668, RSSI: -150, CPL: 127, AGE: 836, SSID Guest, TSFDelta: 0xb2bc0bb9, TXRate: 0
11-11 05:24:38.914 1400 13424 D LOWI-9.0.0.87.a: [LOWI-Scan]
11-11 05:24:38.914 1400 13424 D LOWI-9.0.0.87.a: [LOWI-Scan] print_bss_handler: Report Probe TSF 2297672447 as it greater than Beacon TSF 2297630591
11-11 05:24:38.914 1400 13424 D LOWI-9.0.0.87.a: [LOWI-Scan] decode_rsn_wpa_ie: LOWI_ENCRYPTION_TYPE_WPA_PSK
11-11 05:24:38.914 1400 13424 D LOWI-9.0.0.87.a: [LOWI-Scan] is_qcom_ie, bss_age: 0
11-11 05:24:38.914 1400 13424 D LOWI-9.0.0.87.a: [LOWI-Scan] BSS 18:6f:2d:81:16:f3 LOWI_PHY_MODE_11AC_VHT20(8), Beacon Interval: 100, LOWI_ENCRYPTION_TYPE_WPA_PSK 11mcRanging: No, ANQP: No, LCI: No, Civic: No, capability(0x0111): ESS Privacy SpectrumMgmt
11-11 05:24:38.914 1400 13424 D LOWI-9.0.0.87.a: [LOWI-Scan] BSS 18:6f:2d:81:16:f3 FREQ: 5280, cFreq1[40:80:160] = [5280:0:0] cFreq2 = 0 Country Code = CN
11-11 05:24:38.914 1400 13424 D LOWI-9.0.0.87.a: [LOWI-Scan] BSS 18:6f:2d:81:16:f3 (wlan0) ASSO: NO AddInfo: 0x0, TSF 0, 00:38:17.672, RSSI: -154, CPL: 127, AGE: 832, SSID Fanya, TSFDelta: 0xb2c95efa, TXRate: 0
11-11 05:24:38.914 1400 13424 D LOWI-9.0.0.87.a: [LOWI-Scan]
11-11 05:24:38.914 1400 13424 D LOWI-9.0.0.87.a: [LOWI-Scan] print_bss_handler: Report beacon TSF 2297630895 as it greater than probe TSF 2287673747
11-11 05:24:38.914 1400 13424 D LOWI-9.0.0.87.a: [LOWI-Scan] decode_rsn_wpa_ie: LOWI_ENCRYPTION_TYPE_WPA_PSK
11-11 05:24:38.914 1400 13424 D LOWI-9.0.0.87.a: [LOWI-Scan] is_qcom_ie, bss_age: 0
11-11 05:24:38.914 1400 13424 D LOWI-9.0.0.87.a: [LOWI-Scan] BSS 18:6f:2d:81:16:f5 LOWI_PHY_MODE_11AC_VHT20(8), Beacon Interval: 100, LOWI_ENCRYPTION_TYPE_WPA_PSK 11mcRanging: No, ANQP: No, LCI: No, Civic: No, capability(0x0111): ESS Privacy SpectrumMgmt
11-11 05:24:38.914 1400 13424 D LOWI-9.0.0.87.a: [LOWI-Scan] BSS 18:6f:2d:81:16:f5 FREQ: 5280, cFreq1[40:80:160] = [5280:0:0] cFreq2 = 0 Country Code = CN
11-11 05:24:38.914 1400 13424 D LOWI-9.0.0.87.a: [LOWI-Scan] BSS 18:6f:2d:81:16:f5 (wlan0) ASSO: NO AddInfo: 0x1, TSF 0, 00:38:17.630, RSSI: -152, CPL: 127, AGE: 876, SSID GM, TSFDelta: 0xb4069975, TXRate: 0
11-11 05:24:38.914 1400 13424 D LOWI-9.0.0.87.a: [LOWI-Scan]
11-11 05:24:38.914 1400 13424 D LOWI-9.0.0.87.a: [LOWI-Scan] print_bss_handler: Report Probe TSF 2287053549 as it greater than Beacon TSF 2266964475
11-11 05:24:38.914 1400 13424 D LOWI-9.0.0.87.a: [LOWI-Scan] is_qcom_ie, bss_age: 0
11-11 05:24:38.914 1400 13424 D LOWI-9.0.0.87.a: [LOWI-Scan] adjust_age:AP AGE upper limit reached. Dont store
11-11 05:24:38.914 1400 13424 D LOWI-9.0.0.87.a: [LOWI-Scan] BSS 18:6f:2d:81:20:65 LOWI_PHY_MODE_11NG_HT20(5), Beacon Interval: 100, LOWI_ENCRYPTION_TYPE_OPEN 11mcRanging: No, ANQP: No, LCI: No, Civic: No, capability(0x0521): ESS ShortPreamble SpectrumMgmt ShortSlotTime
11-11 05:24:38.914 1400 13424 D LOWI-9.0.0.87.a: [LOWI-Scan] BSS 18:6f:2d:81:20:65 FREQ: 2412, cFreq1[40:80:160] = [2412:0:0] cFreq2 = 0 Country Code = CN
11-11 05:24:38.914 1400 13424 D LOWI-9.0.0.87.a: [LOWI-Scan] BSS 18:6f:2d:81:20:65 (wlan0) ASSO: NO AddInfo: 0x0, TSF 0, 00:38:07.053, RSSI: -164, CPL: 127, AGE: 11452, SSID IT, TSFDelta: 0x3e190513, TXRate: 0
11-11 05:24:38.915 1400 13424 D LOWI-9.0.0.87.a: [LOWI-Scan]
11-11 05:24:38.915 1400 13424 D LOWI-9.0.0.87.a: [LOWI-Scan] print_bss_handler: Report Probe TSF 2297571519 as it greater than Beacon TSF 2257432491
11-11 05:24:38.915 1400 13424 D LOWI-9.0.0.87.a: [LOWI-Scan] decode_rsn_wpa_ie: LOWI_ENCRYPTION_TYPE_WPA_PSK
11-11 05:24:38.915 1400 13424 D LOWI-9.0.0.87.a: [LOWI-Scan] is_qcom_ie, bss_age: 0
11-11 05:24:38.915 1400 13424 D LOWI-9.0.0.87.a: [LOWI-Scan] BSS 18:6f:2d:81:18:42 LOWI_PHY_MODE_11NG_HT20(5), Beacon Interval: 100, LOWI_ENCRYPTION_TYPE_WPA_PSK 11mcRanging: No, ANQP: No, LCI: No, Civic: No, capability(0x0531): ESS Privacy ShortPreamble SpectrumMgmt ShortSlotTime
11-11 05:24:38.915 1400 13424 D LOWI-9.0.0.87.a: [LOWI-Scan] BSS 18:6f:2d:81:18:42 FREQ: 2432, cFreq1[40:80:160] = [2432:0:0] cFreq2 = 0 Country Code = CN
11-11 05:24:38.915 1400 13424 D LOWI-9.0.0.87.a: [LOWI-Scan] BSS 18:6f:2d:81:18:42 (wlan0) ASSO: NO AddInfo: 0x0, TSF 0, 00:38:17.571, RSSI: -116, CPL: 127, AGE: 936, SSID ThunderSoft_2.4G, TSFDelta: 0x463c659f, TXRate: 0
11-11 05:24:38.915 1400 13424 D LOWI-9.0.0.87.a: [LOWI-Scan]
11-11 05:24:38.915 1400 13424 D LOWI-9.0.0.87.a: [LOWI-Scan] print_bss_handler: Report Probe TSF 2297606773 as it greater than Beacon TSF 2257433337
11-11 05:24:38.915 1400 13424 D LOWI-9.0.0.87.a: [LOWI-Scan] decode_rsn_wpa_ie: LOWI_ENCRYPTION_TYPE_WPA_PSK
11-11 05:24:38.915 1400 13424 D LOWI-9.0.0.87.a: [LOWI-Scan] is_qcom_ie, bss_age: 0
11-11 05:24:38.915 1400 13424 D LOWI-9.0.0.87.a: [LOWI-Scan] BSS 18:6f:2d:81:18:44 LOWI_PHY_MODE_11NG_HT20(5), Beacon Interval: 100, LOWI_ENCRYPTION_TYPE_WPA_PSK 11mcRanging: No, ANQP: No, LCI: No, Civic: No, capability(0x0531): ESS Privacy ShortPreamble SpectrumMgmt ShortSlotTime
11-11 05:24:38.915 1400 13424 D LOWI-9.0.0.87.a: [LOWI-Scan] BSS 18:6f:2d:81:18:44 FREQ: 2432, cFreq1[40:80:160] = [2432:0:0] cFreq2 = 0 Country Code = CN
11-11 05:24:38.915 1400 13424 D LOWI-9.0.0.87.a: [LOWI-Scan] BSS 18:6f:2d:81:18:44 (wlan0) ASSO: NO AddInfo: 0x0, TSF 0, 00:38:17.606, RSSI: -116, CPL: 127, AGE: 900, SSID Fanya, TSFDelta: 0x46551dc3, TXRate: 0
11-11 05:24:38.915 1400 13424 D LOWI-9.0.0.87.a: [LOWI-Scan]
11-11 05:24:38.915 1400 13424 D LOWI-9.0.0.87.a: [LOWI-Scan] print_bss_handler: Report Probe TSF 2297770225 as it greater than Beacon TSF 2241974550
11-11 05:24:38.915 1400 13424 D LOWI-9.0.0.87.a: [LOWI-Scan] decode_rsn_wpa_ie: LOWI_ENCRYPTION_TYPE_WPA_PSK
11-11 05:24:38.915 1400 13424 D LOWI-9.0.0.87.a: [LOWI-Scan] is_qcom_ie, bss_age: 0
11-11 05:24:38.915 1400 13424 D LOWI-9.0.0.87.a: [LOWI-Scan] BSS 18:6f:2d:81:25:40 LOWI_PHY_MODE_11NG_HT20(5), Beacon Interval: 100, LOWI_ENCRYPTION_TYPE_WPA_PSK 11mcRanging: No, ANQP: No, LCI: No, Civic: No, capability(0x0531): ESS Privacy ShortPreamble SpectrumMgmt ShortSlotTime
11-11 05:24:38.915 1400 13424 D LOWI-9.0.0.87.a: [LOWI-Scan] BSS 18:6f:2d:81:25:40 FREQ: 2437, cFreq1[40:80:160] = [2437:0:0] cFreq2 = 0 Country Code = CN
11-11 05:24:38.915 1400 13424 D LOWI-9.0.0.87.a: [LOWI-Scan] BSS 18:6f:2d:81:25:40 (wlan0) ASSO: NO AddInfo: 0x0, TSF 0, 00:38:17.770, RSSI: -98, CPL: 127, AGE: 736, SSID Testing , TSFDelta: 0xab371cf7, TXRate: 0
11-11 05:24:38.916 1400 13424 D LOWI-9.0.0.87.a: [LOWI-Scan]
11-11 05:24:38.916 1400 13424 D LOWI-9.0.0.87.a: [LOWI-Scan] print_bss_handler: Report Probe TSF 2297772440 as it greater than Beacon TSF 2277613752
11-11 05:24:38.916 1400 13424 D LOWI-9.0.0.87.a: [LOWI-Scan] is_qcom_ie, bss_age: 0
11-11 05:24:38.916 1400 13424 D LOWI-9.0.0.87.a: [LOWI-Scan] BSS 18:6f:2d:81:25:41 LOWI_PHY_MODE_11NG_HT20(5), Beacon Interval: 100, LOWI_ENCRYPTION_TYPE_OPEN 11mcRanging: No, ANQP: No, LCI: No, Civic: No, capability(0x0521): ESS ShortPreamble SpectrumMgmt ShortSlotTime
11-11 05:24:38.916 1400 13424 D LOWI-9.0.0.87.a: [LOWI-Scan] BSS 18:6f:2d:81:25:41 FREQ: 2437, cFreq1[40:80:160] = [2437:0:0] cFreq2 = 0 Country Code = CN
11-11 05:24:38.916 1400 13424 D LOWI-9.0.0.87.a: [LOWI-Scan] BSS 18:6f:2d:81:25:41 (wlan0) ASSO: NO AddInfo: 0x0, TSF 0, 00:38:17.772, RSSI: -98, CPL: 127, AGE: 732, SSID Guest, TSFDelta: 0xab451aa8, TXRate: 0
11-11 05:24:38.916 1400 13424 D LOWI-9.0.0.87.a: [LOWI-Scan]
11-11 05:24:38.916 1400 13424 D LOWI-9.0.0.87.a: [LOWI-Scan] print_bss_handler: Report Probe TSF 2287016973 as it greater than Beacon TSF 2286999464
11-11 05:24:38.916 1400 13424 D LOWI-9.0.0.87.a: [LOWI-Scan] decode_rsn_wpa_ie: LOWI_ENCRYPTION_TYPE_WPA_PSK
11-11 05:24:38.916 1400 13424 D LOWI-9.0.0.87.a: [LOWI-Scan] is_qcom_ie, bss_age: 0
11-11 05:24:38.916 1400 13424 D LOWI-9.0.0.87.a: [LOWI-Scan] adjust_age:AP AGE upper limit reached. Dont store
11-11 05:24:38.916 1400 13424 D LOWI-9.0.0.87.a: [LOWI-Scan] BSS 18:6f:2d:81:20:60 LOWI_PHY_MODE_11NG_HT20(5), Beacon Interval: 100, LOWI_ENCRYPTION_TYPE_WPA_PSK 11mcRanging: No, ANQP: No, LCI: No, Civic: No, capability(0x0531): ESS Privacy ShortPreamble SpectrumMgmt ShortSlotTime
11-11 05:24:38.916 1400 13424 D LOWI-9.0.0.87.a: [LOWI-Scan] BSS 18:6f:2d:81:20:60 FREQ: 2412, cFreq1[40:80:160] = [2412:0:0] cFreq2 = 0 Country Code = CN
11-11 05:24:38.916 1400 13424 D LOWI-9.0.0.87.a: [LOWI-Scan] BSS 18:6f:2d:81:20:60 (wlan0) ASSO: NO AddInfo: 0x0, TSF 0, 00:38:07.016, RSSI: -162, CPL: 127, AGE: 11488, SSID Testing , TSFDelta: 0x3d0c2adf, TXRate: 0
11-11 05:24:38.916 1400 13424 D LOWI-9.0.0.87.a: [LOWI-Scan]
11-11 05:24:38.916 1400 13424 D LOWI-9.0.0.87.a: [LOWI-Scan] print_bss_handler: Report Probe TSF 2287051907 as it greater than Beacon TSF 2281225096
11-11 05:24:38.916 1400 13424 D LOWI-9.0.0.87.a: [LOWI-Scan] decode_rsn_wpa_ie: LOWI_ENCRYPTION_TYPE_WPA_PSK
11-11 05:24:38.916 1400 13424 D LOWI-9.0.0.87.a: [LOWI-Scan] is_qcom_ie, bss_age: 0
11-11 05:24:38.916 1400 13424 D LOWI-9.0.0.87.a: [LOWI-Scan] adjust_age:AP AGE upper limit reached. Dont store
11-11 05:24:38.916 1400 13424 D LOWI-9.0.0.87.a: [LOWI-Scan] BSS 18:6f:2d:81:20:64 LOWI_PHY_MODE_11NG_HT20(5), Beacon Interval: 100, LOWI_ENCRYPTION_TYPE_WPA_PSK 11mcRanging: No, ANQP: No, LCI: No, Civic: No, capability(0x0531): ESS Privacy ShortPreamble SpectrumMgmt ShortSlotTime
11-11 05:24:38.916 1400 13424 D LOWI-9.0.0.87.a: [LOWI-Scan] BSS 18:6f:2d:81:20:64 FREQ: 2412, cFreq1[40:80:160] = [2412:0:0] cFreq2 = 0 Country Code = CN
11-11 05:24:38.916 1400 13424 D LOWI-9.0.0.87.a: [LOWI-Scan] BSS 18:6f:2d:81:20:64 (wlan0) ASSO: NO AddInfo: 0x0, TSF 0, 00:38:07.051, RSSI: -160, CPL: 127, AGE: 11456, SSID Fanya, TSFDelta: 0x3e0aee28, TXRate: 0
11-11 05:24:38.917 1400 13424 D LOWI-9.0.0.87.a: [LOWI-Scan] -- associated
11-11 05:24:38.917 1400 13424 D LOWI-9.0.0.87.a: [LOWI-Scan]
11-11 05:24:38.917 1400 13424 D LOWI-9.0.0.87.a: [LOWI-Scan] print_bss_handler: Report beacon TSF 2298415430 as it greater than probe TSF 2297057889
11-11 05:24:38.917 1400 13424 D LOWI-9.0.0.87.a: [LOWI-Scan] decode_rsn_wpa_ie: LOWI_ENCRYPTION_TYPE_WPA_PSK
11-11 05:24:38.917 1400 13424 D LOWI-9.0.0.87.a: [LOWI-Scan] is_qcom_ie, bss_age: 0
11-11 05:24:38.917 1400 13424 D LOWI-9.0.0.87.a: [LOWI-Scan] BSS 58:d9:d5:44:ba:d8 LOWI_PHY_MODE_11NG_HT20(5), Beacon Interval: 100, LOWI_ENCRYPTION_TYPE_WPA_PSK 11mcRanging: No, ANQP: No, LCI: No, Civic: No, capability(0x0411): ESS Privacy ShortSlotTime
11-11 05:24:38.917 1400 13424 D LOWI-9.0.0.87.a: [LOWI-Scan] BSS 58:d9:d5:44:ba:d8 FREQ: 2412, cFreq1[40:80:160] = [0:0:0] cFreq2 = 0 Country Code =
11-11 05:24:38.917 1400 13424 D LOWI-9.0.0.87.a: [LOWI-Scan] BSS 58:d9:d5:44:ba:d8 (wlan0) ASSO: YES AddInfo: 0x1, TSF 0, 00:38:18.415, RSSI: -90, CPL: 127, AGE: 0, SSID TD_LY_2.4G, TSFDelta: 0xfd5cc8d1, TXRate: 0
11-11 05:24:38.917 1400 13424 D LOWI-9.0.0.87.a: [LOWI-Scan]
11-11 05:24:38.917 1400 13424 D LOWI-9.0.0.87.a: [LOWI-Scan] print_bss_handler: Report beacon TSF 2281494607 as it greater than probe TSF 1969111219
11-11 05:24:38.917 1400 13424 D LOWI-9.0.0.87.a: [LOWI-Scan] is_qcom_ie, bss_age: 0
11-11 05:24:38.917 1400 13424 D LOWI-9.0.0.87.a: [LOWI-Scan] adjust_age:AP AGE upper limit reached. Dont store
11-11 05:24:38.917 1400 13424 D LOWI-9.0.0.87.a: [LOWI-Scan] BSS 18:6f:2d:81:0d:85 LOWI_PHY_MODE_11NG_HT20(5), Beacon Interval: 100, LOWI_ENCRYPTION_TYPE_OPEN 11mcRanging: No, ANQP: No, LCI: No, Civic: No, capability(0x0521): ESS ShortPreamble SpectrumMgmt ShortSlotTime
11-11 05:24:38.917 1400 13424 D LOWI-9.0.0.87.a: [LOWI-Scan] BSS 18:6f:2d:81:0d:85 FREQ: 2422, cFreq1[40:80:160] = [2422:0:0] cFreq2 = 0 Country Code = CN
11-11 05:24:38.917 1400 13424 D LOWI-9.0.0.87.a: [LOWI-Scan] BSS 18:6f:2d:81:0d:85 (wlan0) ASSO: NO AddInfo: 0x1, TSF 0, 00:38:01.494, RSSI: -152, CPL: 127, AGE: 17012, SSID IT, TSFDelta: 0xa7be5ef6, TXRate: 0
11-11 05:24:38.917 1400 13424 D LOWI-9.0.0.87.a: [LOWI-Scan]
11-11 05:24:38.917 1400 13424 D LOWI-9.0.0.87.a: [LOWI-Scan] print_bss_handler: Report beacon TSF 2271556428 as it greater than probe TSF 2271556428
11-11 05:24:38.917 1400 13424 D LOWI-9.0.0.87.a: [LOWI-Scan] decode_rsn_wpa_ie: LOWI_ENCRYPTION_TYPE_WPA_PSK
11-11 05:24:38.917 1400 13424 D LOWI-9.0.0.87.a: [LOWI-Scan] is_qcom_ie, bss_age: 0
11-11 05:24:38.917 1400 13424 D LOWI-9.0.0.87.a: [LOWI-Scan] adjust_age:AP AGE upper limit reached. Dont store
11-11 05:24:38.918 1400 13424 D LOWI-9.0.0.87.a: [LOWI-Scan] BSS 18:6f:2d:81:0d:84 LOWI_PHY_MODE_11NG_HT20(5), Beacon Interval: 100, LOWI_ENCRYPTION_TYPE_WPA_PSK 11mcRanging: No, ANQP: No, LCI: No, Civic: No, capability(0x0531): ESS Privacy ShortPreamble SpectrumMgmt ShortSlotTime
11-11 05:24:38.918 1400 13424 D LOWI-9.0.0.87.a: [LOWI-Scan] BSS 18:6f:2d:81:0d:84 FREQ: 2422, cFreq1[40:80:160] = [2422:0:0] cFreq2 = 0 Country Code = CN
11-11 05:24:38.918 1400 13424 D LOWI-9.0.0.87.a: [LOWI-Scan] BSS 18:6f:2d:81:0d:84 (wlan0) ASSO: NO AddInfo: 0x1, TSF 0, 00:37:51.556, RSSI: -148, CPL: 127, AGE: 26948, SSID Fanya, TSFDelta: 0x1ae034f1, TXRate: 0
11-11 05:24:38.918 1400 13424 D LOWI-9.0.0.87.a: [LOWI-Scan]
11-11 05:24:38.918 1400 13424 D LOWI-9.0.0.87.a: [LOWI-Scan] print_bss_handler: Report beacon TSF 2297692725 as it greater than probe TSF 2231750806
11-11 05:24:38.918 1400 13424 D LOWI-9.0.0.87.a: [LOWI-Scan] is_qcom_ie, bss_age: 0
11-11 05:24:38.918 1400 13424 D LOWI-9.0.0.87.a: [LOWI-Scan] BSS 18:6f:2d:81:18:96 LOWI_PHY_MODE_11AC_VHT20(8), Beacon Interval: 100, LOWI_ENCRYPTION_TYPE_OPEN 11mcRanging: No, ANQP: No, LCI: No, Civic: No, capability(0x0101): ESS SpectrumMgmt
11-11 05:24:38.918 1400 13424 D LOWI-9.0.0.87.a: [LOWI-Scan] BSS 18:6f:2d:81:18:96 FREQ: 5280, cFreq1[40:80:160] = [5280:0:0] cFreq2 = 0 Country Code = CN
11-11 05:24:38.918 1400 13424 D LOWI-9.0.0.87.a: [LOWI-Scan] BSS 18:6f:2d:81:18:96 (wlan0) ASSO: NO AddInfo: 0x1, TSF 0, 00:38:17.692, RSSI: -162, CPL: 127, AGE: 812, SSID IT, TSFDelta: 0xb83e932b, TXRate: 0
11-11 05:24:38.918 1400 13424 D LOWI-9.0.0.87.a: [LOWI-Scan]
11-11 05:24:38.918 1400 13424 D LOWI-9.0.0.87.a: [LOWI-Scan] print_bss_handler: Report beacon TSF 2297780711 as it greater than probe TSF 2292088118
11-11 05:24:38.918 1400 13424 D LOWI-9.0.0.87.a: [LOWI-Scan] decode_rsn_wpa_ie: LOWI_ENCRYPTION_TYPE_WPA_PSK
11-11 05:24:38.918 1400 13424 D LOWI-9.0.0.87.a: [LOWI-Scan] is_qcom_ie, bss_age: 0
11-11 05:24:38.918 1400 13424 D LOWI-9.0.0.87.a: [LOWI-Scan] BSS 18:6f:2d:81:20:74 LOWI_PHY_MODE_11AC_VHT20(8), Beacon Interval: 100, LOWI_ENCRYPTION_TYPE_WPA_PSK 11mcRanging: No, ANQP: No, LCI: No, Civic: No, capability(0x0111): ESS Privacy SpectrumMgmt
11-11 05:24:38.918 1400 13424 D LOWI-9.0.0.87.a: [LOWI-Scan] BSS 18:6f:2d:81:20:74 FREQ: 5300, cFreq1[40:80:160] = [5300:0:0] cFreq2 = 0 Country Code = CN
11-11 05:24:38.918 1400 13424 D LOWI-9.0.0.87.a: [LOWI-Scan] BSS 18:6f:2d:81:20:74 (wlan0) ASSO: NO AddInfo: 0x1, TSF 0, 00:38:17.780, RSSI: -168, CPL: 127, AGE: 724, SSID ThunderSoft, TSFDelta: 0xb6cd9343, TXRate: 0
11-11 05:24:38.918 1400 13424 D LOWI-9.0.0.87.a: [LOWI-Scan]
11-11 05:24:38.918 1400 13424 D LOWI-9.0.0.87.a: [LOWI-Scan] print_bss_handler: Report Probe TSF 2297809511 as it greater than Beacon TSF 2297781039
11-11 05:24:38.918 1400 13424 D LOWI-9.0.0.87.a: [LOWI-Scan] decode_rsn_wpa_ie: LOWI_ENCRYPTION_TYPE_WPA_PSK
11-11 05:24:38.918 1400 13424 D LOWI-9.0.0.87.a: [LOWI-Scan] is_qcom_ie, bss_age: 0
11-11 05:24:38.918 1400 13424 D LOWI-9.0.0.87.a: [LOWI-Scan] BSS 18:6f:2d:81:20:75 LOWI_PHY_MODE_11AC_VHT20(8), Beacon Interval: 100, LOWI_ENCRYPTION_TYPE_WPA_PSK 11mcRanging: No, ANQP: No, LCI: No, Civic: No, capability(0x0111): ESS Privacy SpectrumMgmt
11-11 05:24:38.918 1400 13424 D LOWI-9.0.0.87.a: [LOWI-Scan] BSS 18:6f:2d:81:20:75 FREQ: 5300, cFreq1[40:80:160] = [5300:0:0] cFreq2 = 0 Country Code = CN
