11-11 05:13:19.879 1490 1630 I wm_activity_launch_time: [0,113715408,com.android.gallery3d/.app.MovieActivity,184]
11-11 05:13:19.891 1490 1992 I input_focus: [Focus entering c18e4f5 com.android.gallery3d/com.android.gallery3d.app.MovieActivity (server),reason=Window became focusable. Previous reason: NOT_VISIBLE]
11-11 05:13:19.965 1490 6151 I snet_event_log: [172655291,-1,]
11-11 05:13:20.315 351 351 I auditd : type=1400 audit(0.0:2235): avc: denied { kill } for comm="irq/382-atmel_m" capability=5 scontext=u:r:kernel:s0 tcontext=u:r:kernel:s0 tclass=capability permissive=0
11-11 05:13:21.007 1490 1992 I input_interaction: Interaction with: c18e4f5 com.android.gallery3d/com.android.gallery3d.app.MovieActivity (server), edge-swipe (server), swipe-up (server), PointerEventDispatcher0 (server),
11-11 05:13:21.110 1490 7945 I wm_finish_activity: [0,113715408,96,com.android.gallery3d/.app.MovieActivity,finish-activity]
11-11 05:13:21.131 1490 7945 I wm_pause_activity: [0,113715408,com.android.gallery3d/.app.MovieActivity,userLeaving=false,finish]
11-11 05:13:21.134 1490 7945 I wm_finish_activity: [0,123834639,96,com.android.music/.VideoBrowserActivity,finish-activity]
11-11 05:13:21.134 1490 7945 I wm_task_moved: [1,1,8]
11-11 05:13:21.135 1490 7945 I wm_set_resumed_activity: [0,com.android.launcher3/.uioverrides.QuickstepLauncher,positionChildAt]
11-11 05:13:21.135 1490 7945 I wm_task_moved: [10,1,2147483647]
11-11 05:13:21.135 1490 7945 I wm_task_to_front: [0,10]
11-11 05:13:21.135 1490 7945 I wm_focused_root_task: [0,0,1,-1,finish-top adjustFocusToNextFocusableTask]
11-11 05:13:21.135 1490 7945 I wm_set_resumed_activity: [0,com.android.launcher3/.uioverrides.QuickstepLauncher,finish-top]
11-11 05:13:21.136 1490 7945 I wm_destroy_activity: [0,123834639,96,com.android.music/.VideoBrowserActivity,finish-imm:finishIfPossible]
11-11 05:13:21.144 11787 11787 I wm_on_stop_called: [123834639,com.android.music.VideoBrowserActivity,LIFECYCLER_STOP_ACTIVITY]
11-11 05:13:21.147 11787 11787 I wm_on_destroy_called: [123834639,com.android.music.VideoBrowserActivity,performDestroy]
11-11 05:13:21.155 12217 12217 I wm_on_top_resumed_lost_called: [113715408,com.android.gallery3d.app.MovieActivity,topStateChangedWhenResumed]
11-11 05:13:21.155 1490 1635 I input_focus: [Focus request 978e85f com.android.launcher3/com.android.launcher3.uioverrides.QuickstepLauncher,reason=UpdateInputWindows]
11-11 05:13:21.162 2824 2824 I wm_on_top_resumed_gained_called: [85671939,com.android.launcher3.uioverrides.QuickstepLauncher,topStateChangedWhenResumed]
11-11 05:13:21.176 1490 1992 I input_focus: [Focus leaving c18e4f5 com.android.gallery3d/com.android.gallery3d.app.MovieActivity (server),reason=NO_WINDOW]
11-11 05:13:21.177 1490 1992 I input_focus: [Focus entering 978e85f com.android.launcher3/com.android.launcher3.uioverrides.QuickstepLauncher (server),reason=setFocusedWindow]
11-11 05:13:21.181 1490 1634 I sysui_multi_action: [757,803,799,window_time_2,802,1]
11-11 05:13:21.268 12217 12217 I wm_on_paused_called: [113715408,com.android.gallery3d.app.MovieActivity,performPause]
11-11 05:13:21.270 1490 7945 I wm_destroy_activity: [0,113715408,96,com.android.gallery3d/.app.MovieActivity,finish-imm:completePausedLocked]
11-11 05:13:21.274 1490 1634 I sysui_multi_action: [757,803,799,window_time_0,802,0]
11-11 05:13:21.296 12217 12217 I wm_on_stop_called: [113715408,com.android.gallery3d.app.MovieActivity,LIFECYCLER_STOP_ACTIVITY]
11-11 05:13:21.298 12217 12217 I wm_on_destroy_called: [113715408,com.android.gallery3d.app.MovieActivity,performDestroy]
11-11 05:13:21.315 685 685 I auditd : type=1400 audit(0.0:2236): avc: denied { kill } for comm="kworker/u17:10" capability=5 scontext=u:r:kernel:s0 tcontext=u:r:kernel:s0 tclass=capability permissive=0
11-11 05:13:21.441 1490 1635 I wm_task_removed: [96,removeChild:removeChild last r=ActivityRecord{761910f u0 com.android.music/.VideoBrowserActivity t-1 f}} in t=Task{bf5a66e #96 type=standard A=10086:android.task.video U=0 visible=false mode=freeform translucent=true sz=0}]
11-11 05:13:21.441 1490 1635 I wm_task_removed: [96,removeChild]
11-11 05:13:21.890 1490 1992 I input_interaction: Interaction with: 978e85f com.android.launcher3/com.android.launcher3.uioverrides.QuickstepLauncher (server), f91321f com.android.systemui.ImageWallpaper (server), edge-swipe (server), swipe-up (server), PointerEventDispatcher0 (server),
11-11 05:13:21.968 1490 2446 I wm_task_created: [97,-1]
11-11 05:13:21.975 1490 2446 I wm_task_moved: [97,1,8]
11-11 05:13:21.975 1490 2446 I wm_task_to_front: [0,97]
11-11 05:13:21.976 1490 2446 I wm_create_task: [0,97]
11-11 05:13:21.976 1490 2446 I wm_create_activity: [0,136648360,97,com.android.music/.VideoBrowserActivity,android.intent.action.MAIN,NULL,NULL,270532608]
11-11 05:13:21.976 1490 2446 I wm_task_moved: [97,1,8]
11-11 05:13:21.978 1490 2446 I wm_pause_activity: [0,85671939,com.android.launcher3/.uioverrides.QuickstepLauncher,userLeaving=true,pauseBackTasks]
11-11 05:13:21.994 2824 2824 I wm_on_top_resumed_lost_called: [85671939,com.android.launcher3.uioverrides.QuickstepLauncher,topStateChangedWhenResumed]
11-11 05:13:21.997 2824 2824 I wm_on_paused_called: [85671939,com.android.launcher3.uioverrides.QuickstepLauncher,performPause]
11-11 05:13:21.999 1490 7945 I wm_add_to_stopping: [0,85671939,com.android.launcher3/.uioverrides.QuickstepLauncher,makeInvisible]
11-11 05:13:22.002 1490 7945 I wm_restart_activity: [0,136648360,97,com.android.music/.VideoBrowserActivity]
11-11 05:13:22.005 1490 7945 I wm_set_resumed_activity: [0,com.android.music/.VideoBrowserActivity,minimalResumeActivityLocked]
11-11 05:13:22.016 1490 1634 I sysui_multi_action: [757,803,799,window_time_0,802,1]
11-11 05:13:22.036 1490 1641 I am_pss : [11787,10086,com.android.music,26017792,19558400,0,153178112,0,2,8]
11-11 05:13:22.043 1490 1992 I input_focus: [Focus leaving 978e85f com.android.launcher3/com.android.launcher3.uioverrides.QuickstepLauncher (server),reason=NO_WINDOW]
11-11 05:13:22.045 11787 11787 I wm_on_create_called: [136648360,com.android.music.VideoBrowserActivity,performCreate]
11-11 05:13:22.046 11787 11787 I wm_on_start_called: [136648360,com.android.music.VideoBrowserActivity,handleStartActivity]
11-11 05:13:22.047 11787 11787 I wm_on_resume_called: [136648360,com.android.music.VideoBrowserActivity,RESUME_ACTIVITY]
11-11 05:13:22.050 11787 11787 I wm_on_top_resumed_gained_called: [136648360,com.android.music.VideoBrowserActivity,topStateChangedWhenResumed]
11-11 05:13:22.057 1490 1635 I input_focus: [Focus request 2d400bb com.android.music/com.android.music.VideoBrowserActivity,reason=UpdateInputWindows]
11-11 05:13:22.072 1490 1630 I sysui_multi_action: [319,82,321,80,322,103,325,1621,757,761,758,8,759,1,806,com.android.music,871,com.android.music.VideoBrowserActivity,904,com.android.launcher3,905,0,1320,4,1321,1]
11-11 05:13:22.073 1490 1630 I wm_activity_launch_time: [0,136648360,com.android.music/.VideoBrowserActivity,103]
11-11 05:13:22.077 1490 1992 I input_focus: [Focus entering 2d400bb com.android.music/com.android.music.VideoBrowserActivity (server),reason=setFocusedWindow]
11-11 05:13:22.593 1490 1634 I wm_stop_activity: [0,85671939,com.android.launcher3/.uioverrides.QuickstepLauncher]
11-11 05:13:22.645 2824 2824 I wm_on_stop_called: [85671939,com.android.launcher3.uioverrides.QuickstepLauncher,STOP_ACTIVITY_ITEM]
11-11 05:13:23.318 1490 1992 I input_interaction: Interaction with: 2d400bb com.android.music/com.android.music.VideoBrowserActivity (server), edge-swipe (server), swipe-up (server), PointerEventDispatcher0 (server),
11-11 05:13:23.315 12040 12040 I auditd : type=1400 audit(0.0:2237): avc: denied { kill } for comm="kworker/u16:10" capability=5 scontext=u:r:kernel:s0 tcontext=u:r:kernel:s0 tclass=capability permissive=0
11-11 05:13:23.471 1490 5865 I wm_task_moved: [97,1,8]
11-11 05:13:23.471 1490 5865 I wm_set_resumed_activity: [0,com.android.music/.VideoBrowserActivity,positionChildAt]
11-11 05:13:23.471 1490 5865 I wm_create_activity: [0,195590299,97,com.android.gallery3d/.app.MovieActivity,android.intent.action.VIEW,video/mp4,content://media/external/video/media/21,0]
11-11 05:13:23.473 1490 5865 I wm_pause_activity: [0,136648360,com.android.music/.VideoBrowserActivity,userLeaving=true,resumeTopActivityInnerLocked]
11-11 05:13:23.484 11787 11787 I wm_on_top_resumed_lost_called: [136648360,com.android.music.VideoBrowserActivity,topStateChangedWhenResumed]
11-11 05:13:23.488 11787 11787 I wm_on_paused_called: [136648360,com.android.music.VideoBrowserActivity,performPause]
11-11 05:13:23.491 1490 2422 I wm_add_to_stopping: [0,136648360,com.android.music/.VideoBrowserActivity,makeInvisible]
11-11 05:13:23.492 1490 2422 I wm_restart_activity: [0,195590299,97,com.android.gallery3d/.app.MovieActivity]
11-11 05:13:23.494 1490 2422 I wm_set_resumed_activity: [0,com.android.gallery3d/.app.MovieActivity,minimalResumeActivityLocked]
11-11 05:13:23.512 1490 1992 I input_focus: [Focus leaving 2d400bb com.android.music/com.android.music.VideoBrowserActivity (server),reason=NO_WINDOW]
11-11 05:13:23.515 1490 1634 I sysui_multi_action: [757,803,799,window_time_0,802,2]
11-11 05:13:23.533 12217 12217 I wm_on_create_called: [195590299,com.android.gallery3d.app.MovieActivity,performCreate]
11-11 05:13:23.536 12217 12217 I wm_on_start_called: [195590299,com.android.gallery3d.app.MovieActivity,handleStartActivity]
11-11 05:13:23.536 12217 12217 I wm_on_resume_called: [195590299,com.android.gallery3d.app.MovieActivity,RESUME_ACTIVITY]
11-11 05:13:23.541 12217 12217 I wm_on_top_resumed_gained_called: [195590299,com.android.gallery3d.app.MovieActivity,topStateChangedWhenResumed]
11-11 05:13:23.551 1490 1635 I input_focus: [Focus request 257e250 com.android.gallery3d/com.android.gallery3d.app.MovieActivity,reason=UpdateInputWindows]
11-11 05:13:23.558 1490 1490 I notification_enqueue: [10082,2356,com.android.systemui,2048,NULL,0,Notification(channel=updateNotification shortcut=null contentView=null vibrate=null sound=null defaults=0x0 flags=0x0 color=0x00000000 vis=PRIVATE),1]
11-11 05:13:23.558 2356 2356 I sysui_multi_action: [757,111,758,2]
11-11 05:13:23.559 2356 2356 I sysui_multi_action: [757,111,758,2]
11-11 05:13:23.579 2356 2356 I sysui_multi_action: [757,111,758,1]
11-11 05:13:23.579 2356 2356 I sysui_multi_action: [757,126,758,1,759,126,927,0,928,1,1593,0]
11-11 05:13:23.579 2356 2356 I sysui_multi_action: [757,113,758,1,759,113,927,1,928,0,1593,0]
11-11 05:13:23.580 2356 2356 I sysui_multi_action: [757,0,758,1,759,0,927,2,928,0,1593,0]
11-11 05:13:23.580 2356 2356 I sysui_multi_action: [757,0,758,1,759,0,927,3,928,0,1593,0]
11-11 05:13:23.580 2356 2356 I sysui_multi_action: [757,491,758,1,759,491,927,4,928,0,1311,-1,1593,0]
11-11 05:13:23.580 2356 2356 I sysui_multi_action: [757,0,758,1,759,0,927,5,928,0,1593,0]
11-11 05:13:23.580 2356 2356 I sysui_multi_action: [757,111,758,1]
11-11 05:13:23.580 2356 2356 I sysui_multi_action: [757,126,758,1,759,126,927,0,928,1,1593,0]
11-11 05:13:23.580 2356 2356 I sysui_multi_action: [757,113,758,1,759,113,927,1,928,0,1593,0]
11-11 05:13:23.580 2356 2356 I sysui_multi_action: [757,0,758,1,759,0,927,2,928,0,1593,0]
11-11 05:13:23.580 2356 2356 I sysui_multi_action: [757,0,758,1,759,0,927,3,928,0,1593,0]
11-11 05:13:23.590 1490 1630 I sysui_multi_action: [319,122,322,122,325,1623,757,761,758,8,759,2,806,com.android.gallery3d,871,com.android.gallery3d.app.MovieActivity,904,com.android.music,905,0,1320,4,1321,1]
11-11 05:13:23.591 1490 1630 I wm_activity_launch_time: [0,195590299,com.android.gallery3d/.app.MovieActivity,122]
11-11 05:13:23.597 1490 1992 I input_focus: [Focus entering 257e250 com.android.gallery3d/com.android.gallery3d.app.MovieActivity (server),reason=Window became focusable. Previous reason: NOT_VISIBLE]
11-11 05:13:23.674 1490 7945 I service_manager_stats: [100,107,45540]
11-11 05:13:23.701 1490 2446 I snet_event_log: [172655291,-1,]
11-11 05:13:23.982 1490 1634 I wm_stop_activity: [0,136648360,com.android.music/.VideoBrowserActivity]
11-11 05:13:24.011 11787 11787 I wm_on_stop_called: [136648360,com.android.music.VideoBrowserActivity,STOP_ACTIVITY_ITEM]
11-11 05:13:24.315 0 0 I auditd : type=1400 audit(0.0:2238): avc: denied { kill } for comm="swapper/0" capability=5 scontext=u:r:kernel:s0 tcontext=u:r:kernel:s0 tclass=capability permissive=0
11-11 05:13:24.782 1490 1992 I input_interaction: Interaction with: 257e250 com.android.gallery3d/com.android.gallery3d.app.MovieActivity (server), edge-swipe (server), swipe-up (server), PointerEventDispatcher0 (server),
11-11 05:13:25.315 351 351 I auditd : type=1400 audit(0.0:2239): avc: denied { kill } for comm="irq/382-atmel_m" capability=5 scontext=u:r:kernel:s0 tcontext=u:r:kernel:s0 tclass=capability permissive=0
11-11 05:13:25.758 1490 6151 I wm_task_moved: [1,0,0]
11-11 05:13:25.758 1490 6151 I wm_task_moved: [1,0,7]
11-11 05:13:25.784 2824 2824 I wm_on_restart_called: [85671939,com.android.launcher3.uioverrides.QuickstepLauncher,performRestartActivity]
11-11 05:13:25.793 1490 6151 I snet_event_log: [172655291,-1,]
11-11 05:13:25.815 2824 2824 I wm_on_start_called: [85671939,com.android.launcher3.uioverrides.QuickstepLauncher,handleStartActivity]
11-11 05:13:25.832 12217 12217 I view_enqueue_input_event: [Motion - Cancel,com.android.gallery3d/com.android.gallery3d.app.MovieActivity]
11-11 05:13:25.833 2824 2824 I sysui_latency: [1,100]
11-11 05:13:25.836 1490 1992 I input_interaction: Interaction with: edge-swipe (server), swipe-up (server), PointerEventDispatcher0 (server),
11-11 05:13:25.837 1490 1635 I input_focus: [Focus request recents_animation_input_consumer,reason=UpdateInputWindows]
11-11 05:13:25.843 1490 1630 I sysui_multi_action: [319,7,322,80,325,1625,757,761,758,9,759,5,806,com.android.launcher3,871,com.android.launcher3.uioverrides.QuickstepLauncher,905,0,1320,4,1321,1]
11-11 05:13:25.852 1490 1992 I input_focus: [Focus leaving 257e250 com.android.gallery3d/com.android.gallery3d.app.MovieActivity (server),reason=NOT_FOCUSABLE]
11-11 05:13:25.852 1490 1992 I input_focus: [Focus entering recents_animation_input_consumer (server),reason=setFocusedWindow]
11-11 05:13:26.030 1490 1745 I commit_sys_config_file: [settings-1-0,17]
11-11 05:13:26.140 1490 1641 I sysui_latency: [8,107]
11-11 05:13:26.315 0 0 I auditd : type=1400 audit(0.0:2240): avc: denied { kill } for comm="swapper/0" capability=5 scontext=u:r:kernel:s0 tcontext=u:r:kernel:s0 tclass=capability permissive=0
11-11 05:13:27.030 1490 1745 I commit_sys_config_file: [settings-1-0,10]
11-11 05:13:27.315 0 0 I auditd : type=1400 audit(0.0:2241): avc: denied { kill } for comm="swapper/0" capability=5 scontext=u:r:kernel:s0 tcontext=u:r:kernel:s0 tclass=capability permissive=0
11-11 05:13:27.829 1490 1992 I input_interaction: Interaction with: 978e85f com.android.launcher3/com.android.launcher3.uioverrides.QuickstepLauncher (server), edge-swipe (server), swipe-up (server), PointerEventDispatcher0 (server),
11-11 05:13:27.942 1490 2446 I wm_task_created: [98,-1]
11-11 05:13:27.951 1490 2446 I wm_task_moved: [98,1,9]
11-11 05:13:27.951 1490 2446 I wm_task_to_front: [0,98]
11-11 05:13:27.951 1490 2446 I wm_create_task: [0,98]
11-11 05:13:27.952 1490 2446 I wm_create_activity: [0,67987704,98,com.android.gallery3d/.app.MovieActivity,NULL,NULL,NULL,268468224]
11-11 05:13:27.952 1490 2446 I wm_task_moved: [98,1,9]
11-11 05:13:27.952 12217 12217 I wm_on_top_resumed_lost_called: [195590299,com.android.gallery3d.app.MovieActivity,topStateChangedWhenResumed]
11-11 05:13:27.960 1490 2446 I wm_restart_activity: [0,67987704,98,com.android.gallery3d/.app.MovieActivity]
11-11 05:13:27.961 1490 2446 I wm_set_resumed_activity: [0,com.android.gallery3d/.app.MovieActivity,minimalResumeActivityLocked]
11-11 05:13:28.012 1490 2446 I am_crash: [12217,0,com.android.gallery3d,819510341,java.lang.NullPointerException,Attempt to invoke virtual method 'java.lang.String android.net.Uri.getScheme()' on a null object reference,MoviePlayer.java,324]
11-11 05:13:28.018 1490 2446 I wm_finish_activity: [0,67987704,98,com.android.gallery3d/.app.MovieActivity,force-crash]
11-11 05:13:28.018 1490 2446 I wm_task_moved: [97,1,9]
11-11 05:13:28.018 1490 2446 I wm_task_to_front: [0,97]
11-11 05:13:28.019 1490 2446 I wm_set_resumed_activity: [0,com.android.gallery3d/.app.MovieActivity,positionChildAt]
11-11 05:13:28.020 1490 2446 I wm_focused_root_task: [0,0,97,98,finish-top adjustFocusToNextFocusableTask]
11-11 05:13:28.020 1490 2446 I wm_set_resumed_activity: [0,com.android.gallery3d/.app.MovieActivity,finish-top]
11-11 05:13:28.020 1490 2446 I wm_pause_activity: [0,67987704,com.android.gallery3d/.app.MovieActivity,userLeaving=false,finish]
11-11 05:13:28.025 1490 2446 I sysui_multi_action: [757,316,758,4,759,-1]
11-11 05:13:28.027 1490 1634 I sysui_multi_action: [757,1144,758,8,806,com.android.gallery3d,871,com.android.gallery3d.app.MovieActivity]
11-11 05:13:28.081 1490 2774 I am_proc_died: [0,12217,com.android.gallery3d,0,2]
11-11 05:13:28.086 1490 2774 I am_uid_stopped: 10069
11-11 05:13:28.090 1490 2774 I wm_task_removed: [98,removeChild:removeChild last r=ActivityRecord{40d68f8 u0 com.android.gallery3d/.app.MovieActivity t-1 f}} in t=Task{cbfe73f #98 type=standard A=10069:com.android.gallery3d U=0 visible=false mode=freeform translucent=true sz=0}]
11-11 05:13:28.090 1490 2774 I wm_task_removed: [98,removeChild]
11-11 05:13:28.092 1490 2774 I wm_finish_activity: [0,195590299,97,com.android.gallery3d/.app.MovieActivity,proc died without state saved]
11-11 05:13:28.097 1490 2774 I wm_set_resumed_activity: [0,com.android.music/.VideoBrowserActivity,resumeTopActivityInnerLocked]
11-11 05:13:28.099 1490 2774 I wm_resume_activity: [0,136648360,97,com.android.music/.VideoBrowserActivity]
11-11 05:13:28.111 11787 11787 I wm_on_restart_called: [136648360,com.android.music.VideoBrowserActivity,performRestartActivity]
11-11 05:13:28.112 11787 11787 I wm_on_start_called: [136648360,com.android.music.VideoBrowserActivity,handleStartActivity]
11-11 05:13:28.112 11787 11787 I wm_on_resume_called: [136648360,com.android.music.VideoBrowserActivity,RESUME_ACTIVITY]
11-11 05:13:28.115 1490 1634 I am_uid_running: 10069
11-11 05:13:28.125 1490 1643 I am_proc_start: [0,12321,10069,com.android.gallery3d,NULL,]
11-11 05:13:28.161 1490 2406 I am_proc_bound: [0,12321,com.android.gallery3d]
11-11 05:13:28.315 0 0 I auditd : type=1400 audit(0.0:2242): avc: denied { kill } for comm="swapper/0" capability=5 scontext=u:r:kernel:s0 tcontext=u:r:kernel:s0 tclass=capability permissive=0
11-11 05:13:28.398 1490 1592 I wm_task_moved: [1,1,8]
11-11 05:13:28.400 1490 1592 I wm_task_moved: [10,1,2147483647]
11-11 05:13:28.400 1490 1592 I wm_task_to_front: [0,10]
11-11 05:13:28.400 1490 1592 I wm_focused_root_task: [0,0,1,97,RecentsAnimation.onAnimationFinished()]
11-11 05:13:28.402 1490 1592 I wm_set_resumed_activity: [0,com.android.launcher3/.uioverrides.QuickstepLauncher,RecentsAnimation.onAnimationFinished()]
11-11 05:13:28.404 1490 1592 I wm_pause_activity: [0,136648360,com.android.music/.VideoBrowserActivity,userLeaving=true,pauseBackTasks]
11-11 05:13:28.405 11787 11787 I wm_on_paused_called: [136648360,com.android.music.VideoBrowserActivity,performPause]
11-11 05:13:28.408 1490 1592 I wm_add_to_stopping: [0,136648360,com.android.music/.VideoBrowserActivity,makeInvisible]
11-11 05:13:28.408 1490 1592 I wm_set_resumed_activity: [0,com.android.launcher3/.uioverrides.QuickstepLauncher,resumeTopActivityInnerLocked]
11-11 05:13:28.410 1490 1592 I wm_resume_activity: [0,85671939,10,com.android.launcher3/.uioverrides.QuickstepLauncher]
11-11 05:13:28.412 2824 2824 I wm_on_resume_called: [85671939,com.android.launcher3.uioverrides.QuickstepLauncher,RESUME_ACTIVITY]
11-11 05:13:28.428 1490 1635 I input_focus: [Focus request 978e85f com.android.launcher3/com.android.launcher3.uioverrides.QuickstepLauncher,reason=UpdateInputWindows]
11-11 05:13:28.444 1490 1992 I input_focus: [Focus leaving recents_animation_input_consumer (server),reason=NOT_VISIBLE]
11-11 05:13:28.444 1490 1992 I input_focus: [Focus entering 978e85f com.android.launcher3/com.android.launcher3.uioverrides.QuickstepLauncher (server),reason=setFocusedWindow]
11-11 05:13:28.450 1490 2406 I wm_stop_activity: [0,136648360,com.android.music/.VideoBrowserActivity]
11-11 05:13:28.451 11787 11787 I wm_on_stop_called: [136648360,com.android.music.VideoBrowserActivity,STOP_ACTIVITY_ITEM]
11-11 05:13:28.453 1490 1634 I sysui_multi_action: [757,803,799,window_time_0,802,5]
11-11 05:13:28.453 1490 1634 I sysui_multi_action: [757,803,799,window_time_0,802,0]
11-11 05:13:28.519 2824 2824 I wm_on_top_resumed_gained_called: [85671939,com.android.launcher3.uioverrides.QuickstepLauncher,topStateChangedWhenResumed]
11-11 05:13:29.315 351 351 I auditd : type=1400 audit(0.0:2243): avc: denied { kill } for comm="irq/382-atmel_m" capability=5 scontext=u:r:kernel:s0 tcontext=u:r:kernel:s0 tclass=capability permissive=0
11-11 05:13:29.738 1490 1992 I input_interaction: Interaction with: 978e85f com.android.launcher3/com.android.launcher3.uioverrides.QuickstepLauncher (server), f91321f com.android.systemui.ImageWallpaper (server), edge-swipe (server), swipe-up (server), PointerEventDispatcher0 (server),
11-11 05:13:30.315 0 0 I auditd : type=1400 audit(0.0:2244): avc: denied { kill } for comm="swapper/0" capability=5 scontext=u:r:kernel:s0 tcontext=u:r:kernel:s0 tclass=capability permissive=0
11-11 05:13:31.315 0 0 I auditd : type=1400 audit(0.0:2245): avc: denied { kill } for comm="swapper/0" capability=5 scontext=u:r:kernel:s0 tcontext=u:r:kernel:s0 tclass=capability permissive=0
11-11 05:13:32.315 351 351 I auditd : type=1400 audit(0.0:2246): avc: denied { kill } for comm="irq/382-atmel_m" capability=5 scontext=u:r:kernel:s0 tcontext=u:r:kernel:s0 tclass=capability permissive=0
11-11 05:13:33.315 351 351 I auditd : type=1400 audit(0.0:2247): avc: denied { kill } for comm="irq/382-atmel_m" capability=5 scontext=u:r:kernel:s0 tcontext=u:r:kernel:s0 tclass=capability permissive=0
11-11 05:13:34.315 0 0 I auditd : type=1400 audit(0.0:2248): avc: denied { kill } for comm="swapper/0" capability=5 scontext=u:r:kernel:s0 tcontext=u:r:kernel:s0 tclass=capability permissive=0
11-11 05:13:35.315 0 0 I auditd : type=1400 audit(0.0:2249): avc: denied { kill } for comm="swapper/0" capability=5 scontext=u:r:kernel:s0 tcontext=u:r:kernel:s0 tclass=capability permissive=0
11-11 05:13:36.315 351 351 I auditd : type=1400 audit(0.0:2250): avc: denied { kill } for comm="irq/382-atmel_m" capability=5 scontext=u:r:kernel:s0 tcontext=u:r:kernel:s0 tclass=capability permissive=0
11-11 05:13:37.315 0 0 I auditd : type=1400 audit(0.0:2251): avc: denied { kill } for comm="swapper/0" capability=5 scontext=u:r:kernel:s0 tcontext=u:r:kernel:s0 tclass=capability permissive=0
11-11 05:13:38.315 351 351 I auditd : type=1400 audit(0.0:2252): avc: denied { kill } for comm="irq/382-atmel_m" capability=5 scontext=u:r:kernel:s0 tcontext=u:r:kernel:s0 tclass=capability permissive=0
11-11 05:13:39.315 0 0 I auditd : type=1400 audit(0.0:2253): avc: denied { kill } for comm="swapper/0" capability=5 scontext=u:r:kernel:s0 tcontext=u:r:kernel:s0 tclass=capability permissive=0
11-11 05:13:40.315 0 0 I auditd : type=1400 audit(0.0:2254): avc: denied { kill } for comm="swapper/0" capability=5 scontext=u:r:kernel:s0 tcontext=u:r:kernel:s0 tclass=capability permissive=0
11-11 05:13:41.315 0 0 I auditd : type=1400 audit(0.0:2255): avc: denied { kill } for comm="swapper/0" capability=5 scontext=u:r:kernel:s0 tcontext=u:r:kernel:s0 tclass=capability permissive=0
11-11 05:13:42.315 0 0 I auditd : type=1400 audit(0.0:2256): avc: denied { kill } for comm="swapper/0" capability=5 scontext=u:r:kernel:s0 tcontext=u:r:kernel:s0 tclass=capability permissive=0
11-11 05:13:43.315 351 351 I auditd : type=1400 audit(0.0:2257): avc: denied { kill } for comm="irq/382-atmel_m" capability=5 scontext=u:r:kernel:s0 tcontext=u:r:kernel:s0 tclass=capability permissive=0
11-11 05:13:43.649 1490 1642 I am_uid_idle: 10018
11-11 05:13:44.315 0 0 I auditd : type=1400 audit(0.0:2258): avc: denied { kill } for comm="swapper/0" capability=5 scontext=u:r:kernel:s0 tcontext=u:r:kernel:s0 tclass=capability permissive=0
11-11 05:13:45.315 0 0 I auditd : type=1400 audit(0.0:2259): avc: denied { kill } for comm="swapper/0" capability=5 scontext=u:r:kernel:s0 tcontext=u:r:kernel:s0 tclass=capability permissive=0
11-11 05:13:46.315 0 0 I auditd : type=1400 audit(0.0:2260): avc: denied { kill } for comm="swapper/0" capability=5 scontext=u:r:kernel:s0 tcontext=u:r:kernel:s0 tclass=capability permissive=0
11-11 05:13:47.315 0 0 I auditd : type=1400 audit(0.0:2261): avc: denied { kill } for comm="swapper/0" capability=5 scontext=u:r:kernel:s0 tcontext=u:r:kernel:s0 tclass=capability permissive=0
11-11 05:13:48.315 0 0 I auditd : type=1400 audit(0.0:2262): avc: denied { kill } for comm="swapper/0" capability=5 scontext=u:r:kernel:s0 tcontext=u:r:kernel:s0 tclass=capability permissive=0
11-11 05:13:49.315 0 0 I auditd : type=1400 audit(0.0:2263): avc: denied { kill } for comm="swapper/0" capability=5 scontext=u:r:kernel:s0 tcontext=u:r:kernel:s0 tclass=capability permissive=0
11-11 05:13:50.315 351 351 I auditd : type=1400 audit(0.0:2264): avc: denied { kill } for comm="irq/382-atmel_m" capability=5 scontext=u:r:kernel:s0 tcontext=u:r:kernel:s0 tclass=capability permissive=0
11-11 05:13:50.895 1490 1642 I am_uid_idle: 10034
11-11 05:13:50.895 1490 1642 I am_uid_idle: 10033
11-11 05:13:51.315 0 0 I auditd : type=1400 audit(0.0:2265): avc: denied { kill } for comm="swapper/0" capability=5 scontext=u:r:kernel:s0 tcontext=u:r:kernel:s0 tclass=capability permissive=0
11-11 05:13:52.315 351 351 I auditd : type=1400 audit(0.0:2266): avc: denied { kill } for comm="irq/382-atmel_m" capability=5 scontext=u:r:kernel:s0 tcontext=u:r:kernel:s0 tclass=capability permissive=0
11-11 05:13:53.315 0 0 I auditd : type=1400 audit(0.0:2267): avc: denied { kill } for comm="swapper/0" capability=5 scontext=u:r:kernel:s0 tcontext=u:r:kernel:s0 tclass=capability permissive=0
11-11 05:13:54.315 0 0 I auditd : type=1400 audit(0.0:2268): avc: denied { kill } for comm="swapper/0" capability=5 scontext=u:r:kernel:s0 tcontext=u:r:kernel:s0 tclass=capability permissive=0
11-11 05:13:55.315 351 351 I auditd : type=1400 audit(0.0:2269): avc: denied { kill } for comm="irq/382-atmel_m" capability=5 scontext=u:r:kernel:s0 tcontext=u:r:kernel:s0 tclass=capability permissive=0
11-11 05:13:56.315 0 0 I auditd : type=1400 audit(0.0:2270): avc: denied { kill } for comm="swapper/0" capability=5 scontext=u:r:kernel:s0 tcontext=u:r:kernel:s0 tclass=capability permissive=0
11-11 05:13:57.315 351 351 I auditd : type=1400 audit(0.0:2271): avc: denied { kill } for comm="irq/382-atmel_m" capability=5 scontext=u:r:kernel:s0 tcontext=u:r:kernel:s0 tclass=capability permissive=0
11-11 05:13:58.315 0 0 I auditd : type=1400 audit(0.0:2272): avc: denied { kill } for comm="swapper/0" capability=5 scontext=u:r:kernel:s0 tcontext=u:r:kernel:s0 tclass=capability permissive=0
11-11 05:13:59.315 0 0 I auditd : type=1400 audit(0.0:2273): avc: denied { kill } for comm="swapper/0" capability=5 scontext=u:r:kernel:s0 tcontext=u:r:kernel:s0 tclass=capability permissive=0
11-11 05:14:00.315 0 0 I auditd : type=1400 audit(0.0:2274): avc: denied { kill } for comm="swapper/0" capability=5 scontext=u:r:kernel:s0 tcontext=u:r:kernel:s0 tclass=capability permissive=0
11-11 05:14:01.315 351 351 I auditd : type=1400 audit(0.0:2275): avc: denied { kill } for comm="irq/382-atmel_m" capability=5 scontext=u:r:kernel:s0 tcontext=u:r:kernel:s0 tclass=capability permissive=0
11-11 05:14:02.315 351 351 I auditd : type=1400 audit(0.0:2276): avc: denied { kill } for comm="irq/382-atmel_m" capability=5 scontext=u:r:kernel:s0 tcontext=u:r:kernel:s0 tclass=capability permissive=0
11-11 05:14:03.315 0 0 I auditd : type=1400 audit(0.0:2277): avc: denied { kill } for comm="swapper/0" capability=5 scontext=u:r:kernel:s0 tcontext=u:r:kernel:s0 tclass=capability permissive=0
11-11 05:14:04.315 0 0 I auditd : type=1400 audit(0.0:2278): avc: denied { kill } for comm="swapper/0" capability=5 scontext=u:r:kernel:s0 tcontext=u:r:kernel:s0 tclass=capability permissive=0
11-11 05:14:05.315 0 0 I auditd : type=1400 audit(0.0:2279): avc: denied { kill } for comm="swapper/0" capability=5 scontext=u:r:kernel:s0 tcontext=u:r:kernel:s0 tclass=capability permissive=0
11-11 05:14:06.315 0 0 I auditd : type=1400 audit(0.0:2280): avc: denied { kill } for comm="swapper/0" capability=5 scontext=u:r:kernel:s0 tcontext=u:r:kernel:s0 tclass=capability permissive=0
11-11 05:14:07.315 0 0 I auditd : type=1400 audit(0.0:2281): avc: denied { kill } for comm="swapper/0" capability=5 scontext=u:r:kernel:s0 tcontext=u:r:kernel:s0 tclass=capability permissive=0
11-11 05:14:08.315 0 0 I auditd : type=1400 audit(0.0:2282): avc: denied { kill } for comm="swapper/0" capability=5 scontext=u:r:kernel:s0 tcontext=u:r:kernel:s0 tclass=capability permissive=0
11-11 05:14:09.315 0 0 I auditd : type=1400 audit(0.0:2283): avc: denied { kill } for comm="swapper/0" capability=5 scontext=u:r:kernel:s0 tcontext=u:r:kernel:s0 tclass=capability permissive=0
11-11 05:14:10.315 0 0 I auditd : type=1400 audit(0.0:2284): avc: denied { kill } for comm="swapper/0" capability=5 scontext=u:r:kernel:s0 tcontext=u:r:kernel:s0 tclass=capability permissive=0
11-11 05:14:11.315 351 351 I auditd : type=1400 audit(0.0:2285): avc: denied { kill } for comm="irq/382-atmel_m" capability=5 scontext=u:r:kernel:s0 tcontext=u:r:kernel:s0 tclass=capability permissive=0
11-11 05:14:12.315 0 0 I auditd : type=1400 audit(0.0:2286): avc: denied { kill } for comm="swapper/0" capability=5 scontext=u:r:kernel:s0 tcontext=u:r:kernel:s0 tclass=capability permissive=0
11-11 05:14:13.315 351 351 I auditd : type=1400 audit(0.0:2287): avc: denied { kill } for comm="irq/382-atmel_m" capability=5 scontext=u:r:kernel:s0 tcontext=u:r:kernel:s0 tclass=capability permissive=0
11-11 05:14:14.315 0 0 I auditd : type=1400 audit(0.0:2288): avc: denied { kill } for comm="swapper/0" capability=5 scontext=u:r:kernel:s0 tcontext=u:r:kernel:s0 tclass=capability permissive=0
11-11 05:14:15.315 0 0 I auditd : type=1400 audit(0.0:2289): avc: denied { kill } for comm="swapper/0" capability=5 scontext=u:r:kernel:s0 tcontext=u:r:kernel:s0 tclass=capability permissive=0
11-11 05:14:16.315 0 0 I auditd : type=1400 audit(0.0:2290): avc: denied { kill } for comm="swapper/0" capability=5 scontext=u:r:kernel:s0 tcontext=u:r:kernel:s0 tclass=capability permissive=0
11-11 05:14:17.315 0 0 I auditd : type=1400 audit(0.0:2291): avc: denied { kill } for comm="swapper/0" capability=5 scontext=u:r:kernel:s0 tcontext=u:r:kernel:s0 tclass=capability permissive=0
11-11 05:14:18.315 0 0 I auditd : type=1400 audit(0.0:2292): avc: denied { kill } for comm="swapper/0" capability=5 scontext=u:r:kernel:s0 tcontext=u:r:kernel:s0 tclass=capability permissive=0
11-11 05:14:19.315 0 0 I auditd : type=1400 audit(0.0:2293): avc: denied { kill } for comm="swapper/0" capability=5 scontext=u:r:kernel:s0 tcontext=u:r:kernel:s0 tclass=capability permissive=0
11-11 05:14:20.315 0 0 I auditd : type=1400 audit(0.0:2294): avc: denied { kill } for comm="swapper/0" capability=5 scontext=u:r:kernel:s0 tcontext=u:r:kernel:s0 tclass=capability permissive=0
11-11 05:14:21.315 0 0 I auditd : type=1400 audit(0.0:2295): avc: denied { kill } for comm="swapper/0" capability=5 scontext=u:r:kernel:s0 tcontext=u:r:kernel:s0 tclass=capability permissive=0
11-11 05:14:22.315 0 0 I auditd : type=1400 audit(0.0:2296): avc: denied { kill } for comm="swapper/0" capability=5 scontext=u:r:kernel:s0 tcontext=u:r:kernel:s0 tclass=capability permissive=0
11-11 05:14:22.861 1490 1659 I sysui_multi_action: [757,1696,758,6,759,2]
11-11 05:14:22.867 1490 1642 I am_wtf : [0,1490,system_server,-1,DisplayDeviceConfig,requesting nits when no mapping exists.]
11-11 05:14:22.871 1490 1642 I am_wtf : [0,1490,system_server,-1,DisplayDeviceConfig,requesting nits when no mapping exists.]
11-11 05:14:22.884 1490 1642 I am_wtf : [0,1490,system_server,-1,DisplayDeviceConfig,requesting nits when no mapping exists.]
11-11 05:14:22.885 1490 1642 I am_wtf : [0,1490,system_server,-1,DisplayDeviceConfig,requesting nits when no mapping exists.]
11-11 05:14:22.900 1490 1642 I am_wtf : [0,1490,system_server,-1,DisplayDeviceConfig,requesting nits when no mapping exists.]
11-11 05:14:22.902 1490 1642 I am_wtf : [0,1490,system_server,-1,DisplayDeviceConfig,requesting nits when no mapping exists.]
11-11 05:14:22.920 1490 1642 I am_wtf : [0,1490,system_server,-1,DisplayDeviceConfig,requesting nits when no mapping exists.]
11-11 05:14:22.921 1490 1642 I am_wtf : [0,1490,system_server,-1,DisplayDeviceConfig,requesting nits when no mapping exists.]
11-11 05:14:22.936 1490 1642 I am_wtf : [0,1490,system_server,-1,DisplayDeviceConfig,requesting nits when no mapping exists.]
11-11 05:14:22.937 1490 1642 I am_wtf : [0,1490,system_server,-1,DisplayDeviceConfig,requesting nits when no mapping exists.]
11-11 05:14:22.953 1490 1642 I am_wtf : [0,1490,system_server,-1,DisplayDeviceConfig,requesting nits when no mapping exists.]
11-11 05:14:22.954 1490 1642 I am_wtf : [0,1490,system_server,-1,DisplayDeviceConfig,requesting nits when no mapping exists.]
11-11 05:14:22.969 1490 1642 I am_wtf : [0,1490,system_server,-1,DisplayDeviceConfig,requesting nits when no mapping exists.]
11-11 05:14:22.970 1490 1642 I am_wtf : [0,1490,system_server,-1,DisplayDeviceConfig,requesting nits when no mapping exists.]
11-11 05:14:22.986 1490 1642 I am_wtf : [0,1490,system_server,-1,DisplayDeviceConfig,requesting nits when no mapping exists.]
11-11 05:14:22.987 1490 1642 I am_wtf : [0,1490,system_server,-1,DisplayDeviceConfig,requesting nits when no mapping exists.]
11-11 05:14:23.004 1490 1642 I am_wtf : [0,1490,system_server,-1,DisplayDeviceConfig,requesting nits when no mapping exists.]
11-11 05:14:23.005 1490 1642 I am_wtf : [0,1490,system_server,-1,DisplayDeviceConfig,requesting nits when no mapping exists.]
11-11 05:14:23.020 1490 1642 I am_wtf : [0,1490,system_server,-1,DisplayDeviceConfig,requesting nits when no mapping exists.]
11-11 05:14:23.020 1490 1642 I am_wtf : [0,1490,system_server,-1,DisplayDeviceConfig,requesting nits when no mapping exists.]
11-11 05:14:23.037 1490 1642 I am_wtf : [0,1490,system_server,-1,DisplayDeviceConfig,requesting nits when no mapping exists.]
11-11 05:14:23.038 1490 1642 I am_wtf : [0,1490,system_server,-1,DisplayDeviceConfig,requesting nits when no mapping exists.]
11-11 05:14:23.053 1490 1642 I am_wtf : [0,1490,system_server,-1,DisplayDeviceConfig,requesting nits when no mapping exists.]
11-11 05:14:23.054 1490 1642 I am_wtf : [0,1490,system_server,-1,DisplayDeviceConfig,requesting nits when no mapping exists.]
11-11 05:14:23.071 1490 1642 I am_wtf : [0,1490,system_server,-1,DisplayDeviceConfig,requesting nits when no mapping exists.]
11-11 05:14:23.072 1490 1642 I am_wtf : [0,1490,system_server,-1,DisplayDeviceConfig,requesting nits when no mapping exists.]
11-11 05:14:23.087 1490 1642 I am_wtf : [0,1490,system_server,-1,DisplayDeviceConfig,requesting nits when no mapping exists.]
11-11 05:14:23.087 1490 1642 I am_wtf : [0,1490,system_server,-1,DisplayDeviceConfig,requesting nits when no mapping exists.]
11-11 05:14:23.103 1490 1642 I am_wtf : [0,1490,system_server,-1,DisplayDeviceConfig,requesting nits when no mapping exists.]
11-11 05:14:23.104 1490 1642 I am_wtf : [0,1490,system_server,-1,DisplayDeviceConfig,requesting nits when no mapping exists.]
11-11 05:14:23.120 1490 1642 I am_wtf : [0,1490,system_server,-1,DisplayDeviceConfig,requesting nits when no mapping exists.]
11-11 05:14:23.121 1490 1642 I am_wtf : [0,1490,system_server,-1,DisplayDeviceConfig,requesting nits when no mapping exists.]
11-11 05:14:23.137 1490 1642 I am_wtf : [0,1490,system_server,-1,DisplayDeviceConfig,requesting nits when no mapping exists.]
11-11 05:14:23.138 1490 1642 I am_wtf : [0,1490,system_server,-1,DisplayDeviceConfig,requesting nits when no mapping exists.]
11-11 05:14:23.154 1490 1642 I am_wtf : [0,1490,system_server,-1,DisplayDeviceConfig,requesting nits when no mapping exists.]
11-11 05:14:23.155 1490 1642 I am_wtf : [0,1490,system_server,-1,DisplayDeviceConfig,requesting nits when no mapping exists.]
11-11 05:14:23.170 1490 1642 I am_wtf : [0,1490,system_server,-1,DisplayDeviceConfig,requesting nits when no mapping exists.]
11-11 05:14:23.171 1490 1642 I am_wtf : [0,1490,system_server,-1,DisplayDeviceConfig,requesting nits when no mapping exists.]
11-11 05:14:23.187 1490 1642 I am_wtf : [0,1490,system_server,-1,DisplayDeviceConfig,requesting nits when no mapping exists.]
11-11 05:14:23.187 1490 1642 I am_wtf : [0,1490,system_server,-1,DisplayDeviceConfig,requesting nits when no mapping exists.]
11-11 05:14:23.203 1490 1642 I am_wtf : [0,1490,system_server,-1,DisplayDeviceConfig,requesting nits when no mapping exists.]
11-11 05:14:23.204 1490 1642 I am_wtf : [0,1490,system_server,-1,DisplayDeviceConfig,requesting nits when no mapping exists.]
11-11 05:14:23.220 1490 1642 I am_wtf : [0,1490,system_server,-1,DisplayDeviceConfig,requesting nits when no mapping exists.]
11-11 05:14:23.221 1490 1642 I am_wtf : [0,1490,system_server,-1,DisplayDeviceConfig,requesting nits when no mapping exists.]
11-11 05:14:23.237 1490 1642 I am_wtf : [0,1490,system_server,-1,DisplayDeviceConfig,requesting nits when no mapping exists.]
11-11 05:14:23.237 1490 1642 I am_wtf : [0,1490,system_server,-1,DisplayDeviceConfig,requesting nits when no mapping exists.]
11-11 05:14:23.253 1490 1642 I am_wtf : [0,1490,system_server,-1,DisplayDeviceConfig,requesting nits when no mapping exists.]
11-11 05:14:23.254 1490 1642 I am_wtf : [0,1490,system_server,-1,DisplayDeviceConfig,requesting nits when no mapping exists.]
11-11 05:14:23.270 1490 1642 I am_wtf : [0,1490,system_server,-1,DisplayDeviceConfig,requesting nits when no mapping exists.]
11-11 05:14:23.271 1490 1642 I am_wtf : [0,1490,system_server,-1,DisplayDeviceConfig,requesting nits when no mapping exists.]
11-11 05:14:23.287 1490 1642 I am_wtf : [0,1490,system_server,-1,DisplayDeviceConfig,requesting nits when no mapping exists.]
11-11 05:14:23.289 1490 1642 I am_wtf : [0,1490,system_server,-1,DisplayDeviceConfig,requesting nits when no mapping exists.]
11-11 05:14:23.304 1490 1642 I am_wtf : [0,1490,system_server,-1,DisplayDeviceConfig,requesting nits when no mapping exists.]
11-11 05:14:23.305 1490 1642 I am_wtf : [0,1490,system_server,-1,DisplayDeviceConfig,requesting nits when no mapping exists.]
11-11 05:14:23.315 0 0 I auditd : type=1400 audit(0.0:2297): avc: denied { kill } for comm="swapper/0" capability=5 scontext=u:r:kernel:s0 tcontext=u:r:kernel:s0 tclass=capability permissive=0
11-11 05:14:23.320 1490 1642 I am_wtf : [0,1490,system_server,-1,DisplayDeviceConfig,requesting nits when no mapping exists.]
11-11 05:14:23.321 1490 1642 I am_wtf : [0,1490,system_server,-1,DisplayDeviceConfig,requesting nits when no mapping exists.]
11-11 05:14:23.337 1490 1642 I am_wtf : [0,1490,system_server,-1,DisplayDeviceConfig,requesting nits when no mapping exists.]
11-11 05:14:23.338 1490 1642 I am_wtf : [0,1490,system_server,-1,DisplayDeviceConfig,requesting nits when no mapping exists.]
11-11 05:14:23.354 1490 1642 I am_wtf : [0,1490,system_server,-1,DisplayDeviceConfig,requesting nits when no mapping exists.]
11-11 05:14:23.355 1490 1642 I am_wtf : [0,1490,system_server,-1,DisplayDeviceConfig,requesting nits when no mapping exists.]
11-11 05:14:23.371 1490 1642 I am_wtf : [0,1490,system_server,-1,DisplayDeviceConfig,requesting nits when no mapping exists.]
11-11 05:14:23.372 1490 1642 I am_wtf : [0,1490,system_server,-1,DisplayDeviceConfig,requesting nits when no mapping exists.]
11-11 05:14:23.387 1490 1642 I am_wtf : [0,1490,system_server,-1,DisplayDeviceConfig,requesting nits when no mapping exists.]
11-11 05:14:23.389 1490 1642 I am_wtf : [0,1490,system_server,-1,DisplayDeviceConfig,requesting nits when no mapping exists.]
11-11 05:14:23.404 1490 1642 I am_wtf : [0,1490,system_server,-1,DisplayDeviceConfig,requesting nits when no mapping exists.]
11-11 05:14:23.405 1490 1642 I am_wtf : [0,1490,system_server,-1,DisplayDeviceConfig,requesting nits when no mapping exists.]
11-11 05:14:23.421 1490 1642 I am_wtf : [0,1490,system_server,-1,DisplayDeviceConfig,requesting nits when no mapping exists.]
11-11 05:14:23.421 1490 1642 I am_wtf : [0,1490,system_server,-1,DisplayDeviceConfig,requesting nits when no mapping exists.]
11-11 05:14:23.438 1490 1642 I am_wtf : [0,1490,system_server,-1,DisplayDeviceConfig,requesting nits when no mapping exists.]
11-11 05:14:23.439 1490 1642 I am_wtf : [0,1490,system_server,-1,DisplayDeviceConfig,requesting nits when no mapping exists.]
11-11 05:14:23.454 1490 1642 I am_wtf : [0,1490,system_server,-1,DisplayDeviceConfig,requesting nits when no mapping exists.]
11-11 05:14:23.455 1490 1642 I am_wtf : [0,1490,system_server,-1,DisplayDeviceConfig,requesting nits when no mapping exists.]
11-11 05:14:23.471 1490 1642 I am_wtf : [0,1490,system_server,-1,DisplayDeviceConfig,requesting nits when no mapping exists.]
11-11 05:14:23.473 1490 1642 I am_wtf : [0,1490,system_server,-1,DisplayDeviceConfig,requesting nits when no mapping exists.]
11-11 05:14:23.487 1490 1642 I am_wtf : [0,1490,system_server,-1,DisplayDeviceConfig,requesting nits when no mapping exists.]
11-11 05:14:23.489 1490 1642 I am_wtf : [0,1490,system_server,-1,DisplayDeviceConfig,requesting nits when no mapping exists.]
11-11 05:14:23.504 1490 1642 I am_wtf : [0,1490,system_server,-1,DisplayDeviceConfig,requesting nits when no mapping exists.]
11-11 05:14:23.505 1490 1642 I am_wtf : [0,1490,system_server,-1,DisplayDeviceConfig,requesting nits when no mapping exists.]
11-11 05:14:23.521 1490 1642 I am_wtf : [0,1490,system_server,-1,DisplayDeviceConfig,requesting nits when no mapping exists.]
11-11 05:14:23.523 1490 1642 I am_wtf : [0,1490,system_server,-1,DisplayDeviceConfig,requesting nits when no mapping exists.]
11-11 05:14:23.537 1490 1642 I am_wtf : [0,1490,system_server,-1,DisplayDeviceConfig,requesting nits when no mapping exists.]
11-11 05:14:23.539 1490 1642 I am_wtf : [0,1490,system_server,-1,DisplayDeviceConfig,requesting nits when no mapping exists.]
11-11 05:14:23.554 1490 1642 I am_wtf : [0,1490,system_server,-1,DisplayDeviceConfig,requesting nits when no mapping exists.]
11-11 05:14:23.555 1490 1642 I service_manager_stats: [100,51,59881]
11-11 05:14:23.555 1490 1642 I am_wtf : [0,1490,system_server,-1,DisplayDeviceConfig,requesting nits when no mapping exists.]
11-11 05:14:23.571 1490 1642 I am_wtf : [0,1490,system_server,-1,DisplayDeviceConfig,requesting nits when no mapping exists.]
11-11 05:14:23.572 1490 1642 I am_wtf : [0,1490,system_server,-1,DisplayDeviceConfig,requesting nits when no mapping exists.]
11-11 05:14:23.587 1490 1642 I am_wtf : [0,1490,system_server,-1,DisplayDeviceConfig,requesting nits when no mapping exists.]
11-11 05:14:23.589 1490 1642 I am_wtf : [0,1490,system_server,-1,DisplayDeviceConfig,requesting nits when no mapping exists.]
11-11 05:14:23.605 1490 1642 I am_wtf : [0,1490,system_server,-1,DisplayDeviceConfig,requesting nits when no mapping exists.]
11-11 05:14:23.605 1490 1642 I am_wtf : [0,1490,system_server,-1,DisplayDeviceConfig,requesting nits when no mapping exists.]
11-11 05:14:23.621 1490 1642 I am_wtf : [0,1490,system_server,-1,DisplayDeviceConfig,requesting nits when no mapping exists.]
11-11 05:14:23.623 1490 1642 I am_wtf : [0,1490,system_server,-1,DisplayDeviceConfig,requesting nits when no mapping exists.]
11-11 05:14:23.638 1490 1642 I am_wtf : [0,1490,system_server,-1,DisplayDeviceConfig,requesting nits when no mapping exists.]
11-11 05:14:23.639 1490 1642 I am_wtf : [0,1490,system_server,-1,DisplayDeviceConfig,requesting nits when no mapping exists.]
11-11 05:14:23.656 1490 1642 I am_wtf : [0,1490,system_server,-1,DisplayDeviceConfig,requesting nits when no mapping exists.]
11-11 05:14:23.657 1490 1642 I am_wtf : [0,1490,system_server,-1,DisplayDeviceConfig,requesting nits when no mapping exists.]
11-11 05:14:23.671 1490 1642 I am_wtf : [0,1490,system_server,-1,DisplayDeviceConfig,requesting nits when no mapping exists.]
11-11 05:14:23.671 1490 1642 I am_wtf : [0,1490,system_server,-1,DisplayDeviceConfig,requesting nits when no mapping exists.]
11-11 05:14:23.688 1490 1642 I am_wtf : [0,1490,system_server,-1,DisplayDeviceConfig,requesting nits when no mapping exists.]
11-11 05:14:23.688 1490 1642 I am_wtf : [0,1490,system_server,-1,DisplayDeviceConfig,requesting nits when no mapping exists.]
11-11 05:14:23.706 1490 1642 I am_wtf : [0,1490,system_server,-1,DisplayDeviceConfig,requesting nits when no mapping exists.]
11-11 05:14:23.707 1490 1642 I am_wtf : [0,1490,system_server,-1,DisplayDeviceConfig,requesting nits when no mapping exists.]
11-11 05:14:23.722 1490 1642 I am_wtf : [0,1490,system_server,-1,DisplayDeviceConfig,requesting nits when no mapping exists.]
11-11 05:14:23.723 1490 1642 I am_wtf : [0,1490,system_server,-1,DisplayDeviceConfig,requesting nits when no mapping exists.]
11-11 05:14:23.738 1490 1642 I am_wtf : [0,1490,system_server,-1,DisplayDeviceConfig,requesting nits when no mapping exists.]
11-11 05:14:23.739 1490 1642 I am_wtf : [0,1490,system_server,-1,DisplayDeviceConfig,requesting nits when no mapping exists.]
11-11 05:14:23.755 1490 1642 I am_wtf : [0,1490,system_server,-1,DisplayDeviceConfig,requesting nits when no mapping exists.]
11-11 05:14:23.757 1490 1642 I am_wtf : [0,1490,system_server,-1,DisplayDeviceConfig,requesting nits when no mapping exists.]
11-11 05:14:23.771 1490 1642 I am_wtf : [0,1490,system_server,-1,DisplayDeviceConfig,requesting nits when no mapping exists.]
11-11 05:14:23.772 1490 1642 I am_wtf : [0,1490,system_server,-1,DisplayDeviceConfig,requesting nits when no mapping exists.]
11-11 05:14:23.789 1490 1642 I am_wtf : [0,1490,system_server,-1,DisplayDeviceConfig,requesting nits when no mapping exists.]
11-11 05:14:23.791 1490 1642 I am_wtf : [0,1490,system_server,-1,DisplayDeviceConfig,requesting nits when no mapping exists.]
11-11 05:14:23.805 1490 1642 I am_wtf : [0,1490,system_server,-1,DisplayDeviceConfig,requesting nits when no mapping exists.]
11-11 05:14:23.806 1490 1642 I am_wtf : [0,1490,system_server,-1,DisplayDeviceConfig,requesting nits when no mapping exists.]
11-11 05:14:23.822 1490 1642 I am_wtf : [0,1490,system_server,-1,DisplayDeviceConfig,requesting nits when no mapping exists.]
11-11 05:14:23.824 1490 1642 I am_wtf : [0,1490,system_server,-1,DisplayDeviceConfig,requesting nits when no mapping exists.]
11-11 05:14:24.315 0 0 I auditd : type=1400 audit(0.0:2298): avc: denied { kill } for comm="swapper/0" capability=5 scontext=u:r:kernel:s0 tcontext=u:r:kernel:s0 tclass=capability permissive=0
11-11 05:14:25.315 0 0 I auditd : type=1400 audit(0.0:2299): avc: denied { kill } for comm="swapper/0" capability=5 scontext=u:r:kernel:s0 tcontext=u:r:kernel:s0 tclass=capability permissive=0
11-11 05:14:26.315 0 0 I auditd : type=1400 audit(0.0:2300): avc: denied { kill } for comm="swapper/0" capability=5 scontext=u:r:kernel:s0 tcontext=u:r:kernel:s0 tclass=capability permissive=0
11-11 05:14:27.315 0 0 I auditd : type=1400 audit(0.0:2301): avc: denied { kill } for comm="swapper/0" capability=5 scontext=u:r:kernel:s0 tcontext=u:r:kernel:s0 tclass=capability permissive=0
11-11 05:14:28.315 0 0 I auditd : type=1400 audit(0.0:2302): avc: denied { kill } for comm="swapper/0" capability=5 scontext=u:r:kernel:s0 tcontext=u:r:kernel:s0 tclass=capability permissive=0
11-11 05:14:29.315 0 0 I auditd : type=1400 audit(0.0:2303): avc: denied { kill } for comm="swapper/0" capability=5 scontext=u:r:kernel:s0 tcontext=u:r:kernel:s0 tclass=capability permissive=0
11-11 05:14:29.873 1490 1630 I sysui_multi_action: [757,222,758,1]
11-11 05:14:29.875 1490 1630 I am_uid_active: 10051
11-11 05:14:29.894 1490 1641 I am_pss : [11787,10086,com.android.music,27347968,20541440,0,154083328,0,4,13]
11-11 05:14:29.895 1490 1592 I wm_task_created: [99,-1]
11-11 05:14:29.899 1490 1592 I wm_task_moved: [99,1,9]
11-11 05:14:29.899 1490 1592 I wm_task_to_front: [0,99]
11-11 05:14:29.900 1490 1592 I wm_create_task: [0,99]
11-11 05:14:29.900 1490 1592 I wm_create_activity: [0,227525853,99,com.thundercomm.screensaver/android.service.dreams.DreamActivity,NULL,NULL,NULL,276824064]
11-11 05:14:29.900 1490 1592 I wm_task_moved: [99,1,9]
11-11 05:14:29.900 2824 2824 I wm_on_top_resumed_lost_called: [85671939,com.android.launcher3.uioverrides.QuickstepLauncher,topStateChangedWhenResumed]
11-11 05:14:29.902 1490 1592 I wm_pause_activity: [0,85671939,com.android.launcher3/.uioverrides.QuickstepLauncher,userLeaving=true,pauseBackTasks]
11-11 05:14:29.907 2824 2824 I wm_on_paused_called: [85671939,com.android.launcher3.uioverrides.QuickstepLauncher,performPause]
11-11 05:14:29.912 1490 1592 I wm_add_to_stopping: [0,85671939,com.android.launcher3/.uioverrides.QuickstepLauncher,makeInvisible]
11-11 05:14:29.913 1490 1592 I wm_restart_activity: [0,227525853,99,com.thundercomm.screensaver/android.service.dreams.DreamActivity]
11-11 05:14:29.914 1490 1641 I am_pss : [11878,10033,com.android.documentsui,38169600,30990336,0,168816640,0,16,11]
11-11 05:14:29.915 1490 1592 I wm_set_resumed_activity: [0,com.thundercomm.screensaver/android.service.dreams.DreamActivity,minimalResumeActivityLocked]
11-11 05:14:29.925 1490 1641 I am_pss : [12321,10069,com.android.gallery3d,7327744,5107712,0,94097408,0,19,6]
11-11 05:14:29.926 1490 1634 I sysui_multi_action: [757,803,799,window_time_0,802,61]
11-11 05:14:29.932 11329 11329 I wm_on_create_called: [227525853,android.service.dreams.DreamActivity,performCreate]
11-11 05:14:29.933 11329 11329 I wm_on_start_called: [227525853,android.service.dreams.DreamActivity,handleStartActivity]
