11-11 05:17:11.564 1490 1641 I am_pss : [12381,10084,com.qualcomm.qti.qccauthmgr,6337536,4222976,0,95338496,0,19,7]
11-11 05:17:11.579 1490 1643 I am_proc_start: [0,12497,10024,com.microsoft.emmx,NULL,]
11-11 05:17:11.620 1490 7426 I am_proc_bound: [0,12497,com.microsoft.emmx]
11-11 05:17:12.315 0 0 I auditd : type=1400 audit(0.0:2510): avc: denied { kill } for comm="swapper/3" capability=5 scontext=u:r:kernel:s0 tcontext=u:r:kernel:s0 tclass=capability permissive=0
11-11 05:17:13.315 0 0 I auditd : type=1400 audit(0.0:2511): avc: denied { kill } for comm="swapper/3" capability=5 scontext=u:r:kernel:s0 tcontext=u:r:kernel:s0 tclass=capability permissive=0
11-11 05:17:14.315 0 0 I auditd : type=1400 audit(0.0:2512): avc: denied { kill } for comm="swapper/3" capability=5 scontext=u:r:kernel:s0 tcontext=u:r:kernel:s0 tclass=capability permissive=0
11-11 05:17:15.315 0 0 I auditd : type=1400 audit(0.0:2513): avc: denied { kill } for comm="swapper/3" capability=5 scontext=u:r:kernel:s0 tcontext=u:r:kernel:s0 tclass=capability permissive=0
11-11 05:17:16.315 0 0 I auditd : type=1400 audit(0.0:2514): avc: denied { kill } for comm="swapper/3" capability=5 scontext=u:r:kernel:s0 tcontext=u:r:kernel:s0 tclass=capability permissive=0
11-11 05:17:17.315 0 0 I auditd : type=1400 audit(0.0:2515): avc: denied { kill } for comm="swapper/3" capability=5 scontext=u:r:kernel:s0 tcontext=u:r:kernel:s0 tclass=capability permissive=0
11-11 05:17:18.315 0 0 I auditd : type=1400 audit(0.0:2516): avc: denied { kill } for comm="swapper/3" capability=5 scontext=u:r:kernel:s0 tcontext=u:r:kernel:s0 tclass=capability permissive=0
11-11 05:17:19.315 0 0 I auditd : type=1400 audit(0.0:2517): avc: denied { kill } for comm="swapper/3" capability=5 scontext=u:r:kernel:s0 tcontext=u:r:kernel:s0 tclass=capability permissive=0
11-11 05:17:20.315 0 0 I auditd : type=1400 audit(0.0:2518): avc: denied { kill } for comm="swapper/3" capability=5 scontext=u:r:kernel:s0 tcontext=u:r:kernel:s0 tclass=capability permissive=0
11-11 05:17:21.315 0 0 I auditd : type=1400 audit(0.0:2519): avc: denied { kill } for comm="swapper/3" capability=5 scontext=u:r:kernel:s0 tcontext=u:r:kernel:s0 tclass=capability permissive=0
11-11 05:17:22.315 0 0 I auditd : type=1400 audit(0.0:2520): avc: denied { kill } for comm="swapper/3" capability=5 scontext=u:r:kernel:s0 tcontext=u:r:kernel:s0 tclass=capability permissive=0
11-11 05:17:23.315 0 0 I auditd : type=1400 audit(0.0:2521): avc: denied { kill } for comm="swapper/3" capability=5 scontext=u:r:kernel:s0 tcontext=u:r:kernel:s0 tclass=capability permissive=0
11-11 05:17:24.315 0 0 I auditd : type=1400 audit(0.0:2522): avc: denied { kill } for comm="swapper/3" capability=5 scontext=u:r:kernel:s0 tcontext=u:r:kernel:s0 tclass=capability permissive=0
11-11 05:17:25.315 0 0 I auditd : type=1400 audit(0.0:2523): avc: denied { kill } for comm="swapper/3" capability=5 scontext=u:r:kernel:s0 tcontext=u:r:kernel:s0 tclass=capability permissive=0
11-11 05:17:26.315 0 0 I auditd : type=1400 audit(0.0:2524): avc: denied { kill } for comm="swapper/3" capability=5 scontext=u:r:kernel:s0 tcontext=u:r:kernel:s0 tclass=capability permissive=0
11-11 05:17:27.315 0 0 I auditd : type=1400 audit(0.0:2525): avc: denied { kill } for comm="swapper/3" capability=5 scontext=u:r:kernel:s0 tcontext=u:r:kernel:s0 tclass=capability permissive=0
11-11 05:17:28.315 0 0 I auditd : type=1400 audit(0.0:2526): avc: denied { kill } for comm="swapper/3" capability=5 scontext=u:r:kernel:s0 tcontext=u:r:kernel:s0 tclass=capability permissive=0
11-11 05:17:29.315 0 0 I auditd : type=1400 audit(0.0:2527): avc: denied { kill } for comm="swapper/3" capability=5 scontext=u:r:kernel:s0 tcontext=u:r:kernel:s0 tclass=capability permissive=0
11-11 05:17:30.315 0 0 I auditd : type=1400 audit(0.0:2528): avc: denied { kill } for comm="swapper/3" capability=5 scontext=u:r:kernel:s0 tcontext=u:r:kernel:s0 tclass=capability permissive=0
11-11 05:17:31.315 0 0 I auditd : type=1400 audit(0.0:2529): avc: denied { kill } for comm="swapper/3" capability=5 scontext=u:r:kernel:s0 tcontext=u:r:kernel:s0 tclass=capability permissive=0
11-11 05:17:32.315 0 0 I auditd : type=1400 audit(0.0:2530): avc: denied { kill } for comm="swapper/3" capability=5 scontext=u:r:kernel:s0 tcontext=u:r:kernel:s0 tclass=capability permissive=0
11-11 05:17:33.315 0 0 I auditd : type=1400 audit(0.0:2531): avc: denied { kill } for comm="swapper/3" capability=5 scontext=u:r:kernel:s0 tcontext=u:r:kernel:s0 tclass=capability permissive=0
11-11 05:17:34.315 0 0 I auditd : type=1400 audit(0.0:2532): avc: denied { kill } for comm="swapper/3" capability=5 scontext=u:r:kernel:s0 tcontext=u:r:kernel:s0 tclass=capability permissive=0
11-11 05:17:35.315 0 0 I auditd : type=1400 audit(0.0:2533): avc: denied { kill } for comm="swapper/3" capability=5 scontext=u:r:kernel:s0 tcontext=u:r:kernel:s0 tclass=capability permissive=0
11-11 05:17:36.315 0 0 I auditd : type=1400 audit(0.0:2534): avc: denied { kill } for comm="swapper/3" capability=5 scontext=u:r:kernel:s0 tcontext=u:r:kernel:s0 tclass=capability permissive=0
11-11 05:17:37.182 1490 1642 I am_uid_idle: 10064
11-11 05:17:37.315 0 0 I auditd : type=1400 audit(0.0:2535): avc: denied { kill } for comm="swapper/3" capability=5 scontext=u:r:kernel:s0 tcontext=u:r:kernel:s0 tclass=capability permissive=0
11-11 05:17:38.315 0 0 I auditd : type=1400 audit(0.0:2536): avc: denied { kill } for comm="swapper/3" capability=5 scontext=u:r:kernel:s0 tcontext=u:r:kernel:s0 tclass=capability permissive=0
11-11 05:17:39.315 0 0 I auditd : type=1400 audit(0.0:2537): avc: denied { kill } for comm="swapper/3" capability=5 scontext=u:r:kernel:s0 tcontext=u:r:kernel:s0 tclass=capability permissive=0
11-11 05:17:40.315 0 0 I auditd : type=1400 audit(0.0:2538): avc: denied { kill } for comm="swapper/3" capability=5 scontext=u:r:kernel:s0 tcontext=u:r:kernel:s0 tclass=capability permissive=0
11-11 05:17:41.315 0 0 I auditd : type=1400 audit(0.0:2539): avc: denied { kill } for comm="swapper/3" capability=5 scontext=u:r:kernel:s0 tcontext=u:r:kernel:s0 tclass=capability permissive=0
11-11 05:17:42.315 0 0 I auditd : type=1400 audit(0.0:2540): avc: denied { kill } for comm="swapper/3" capability=5 scontext=u:r:kernel:s0 tcontext=u:r:kernel:s0 tclass=capability permissive=0
11-11 05:17:43.315 0 0 I auditd : type=1400 audit(0.0:2541): avc: denied { kill } for comm="swapper/3" capability=5 scontext=u:r:kernel:s0 tcontext=u:r:kernel:s0 tclass=capability permissive=0
11-11 05:17:44.315 0 0 I auditd : type=1400 audit(0.0:2542): avc: denied { kill } for comm="swapper/3" capability=5 scontext=u:r:kernel:s0 tcontext=u:r:kernel:s0 tclass=capability permissive=0
11-11 05:17:45.315 0 0 I auditd : type=1400 audit(0.0:2543): avc: denied { kill } for comm="swapper/3" capability=5 scontext=u:r:kernel:s0 tcontext=u:r:kernel:s0 tclass=capability permissive=0
11-11 05:17:46.315 0 0 I auditd : type=1400 audit(0.0:2544): avc: denied { kill } for comm="swapper/3" capability=5 scontext=u:r:kernel:s0 tcontext=u:r:kernel:s0 tclass=capability permissive=0
11-11 05:17:47.315 0 0 I auditd : type=1400 audit(0.0:2545): avc: denied { kill } for comm="swapper/3" capability=5 scontext=u:r:kernel:s0 tcontext=u:r:kernel:s0 tclass=capability permissive=0
11-11 05:17:48.315 0 0 I auditd : type=1400 audit(0.0:2546): avc: denied { kill } for comm="swapper/3" capability=5 scontext=u:r:kernel:s0 tcontext=u:r:kernel:s0 tclass=capability permissive=0
11-11 05:17:49.315 0 0 I auditd : type=1400 audit(0.0:2547): avc: denied { kill } for comm="swapper/3" capability=5 scontext=u:r:kernel:s0 tcontext=u:r:kernel:s0 tclass=capability permissive=0
11-11 05:17:50.315 0 0 I auditd : type=1400 audit(0.0:2548): avc: denied { kill } for comm="swapper/3" capability=5 scontext=u:r:kernel:s0 tcontext=u:r:kernel:s0 tclass=capability permissive=0
11-11 05:17:50.959 1490 1992 I input_interaction: Interaction with: 482f59b com.thundercomm.screensaver/android.service.dreams.DreamActivity (server), edge-swipe (server), swipe-up (server), PointerEventDispatcher0 (server),
11-11 05:17:50.963 1490 7266 I wm_finish_activity: [0,87543935,101,com.thundercomm.screensaver/android.service.dreams.DreamActivity,finish-activity]
11-11 05:17:50.964 1490 7266 I wm_task_moved: [1,1,9]
11-11 05:17:50.967 1490 7266 I wm_task_moved: [10,1,2147483647]
11-11 05:17:50.967 1490 7266 I wm_task_to_front: [0,10]
11-11 05:17:50.967 1490 7266 I wm_focused_root_task: [0,0,1,101,finish-top adjustFocusToNextFocusableTask]
11-11 05:17:50.968 1490 7266 I wm_set_resumed_activity: [0,com.android.launcher3/.uioverrides.QuickstepLauncher,finish-top adjustFocusToNextFocusableTask]
11-11 05:17:50.971 1490 7266 I wm_pause_activity: [0,87543935,com.thundercomm.screensaver/android.service.dreams.DreamActivity,userLeaving=false,finish]
11-11 05:17:50.983 1490 1634 I sysui_multi_action: [757,803,799,window_time_0,802,80]
11-11 05:17:50.983 11329 11329 I wm_on_top_resumed_lost_called: [87543935,android.service.dreams.DreamActivity,topStateChangedWhenResumed]
11-11 05:17:50.984 11329 11329 I wm_on_paused_called: [87543935,android.service.dreams.DreamActivity,performPause]
11-11 05:17:50.985 1490 7426 I wm_add_to_stopping: [0,87543935,com.thundercomm.screensaver/android.service.dreams.DreamActivity,completeFinishing]
11-11 05:17:50.987 1490 7426 I wm_set_resumed_activity: [0,com.android.launcher3/.uioverrides.QuickstepLauncher,resumeTopActivityInnerLocked]
11-11 05:17:50.989 1490 7426 I wm_resume_activity: [0,85671939,10,com.android.launcher3/.uioverrides.QuickstepLauncher]
11-11 05:17:50.999 2824 2824 I wm_on_restart_called: [85671939,com.android.launcher3.uioverrides.QuickstepLauncher,performRestartActivity]
11-11 05:17:51.000 2824 2824 I wm_on_start_called: [85671939,com.android.launcher3.uioverrides.QuickstepLauncher,handleStartActivity]
11-11 05:17:51.000 2824 2824 I wm_on_resume_called: [85671939,com.android.launcher3.uioverrides.QuickstepLauncher,RESUME_ACTIVITY]
11-11 05:17:51.000 2824 2824 I wm_on_top_resumed_gained_called: [85671939,com.android.launcher3.uioverrides.QuickstepLauncher,topWhenResuming]
11-11 05:17:51.011 1490 1635 I input_focus: [Focus request 978e85f com.android.launcher3/com.android.launcher3.uioverrides.QuickstepLauncher,reason=UpdateInputWindows]
11-11 05:17:51.013 1490 1634 I sysui_multi_action: [757,803,799,window_time_0,802,0]
11-11 05:17:51.023 1490 1992 I input_focus: [Focus leaving 482f59b com.thundercomm.screensaver/android.service.dreams.DreamActivity (server),reason=NO_WINDOW]
11-11 05:17:51.031 1490 1490 I am_uid_active: 10064
11-11 05:17:51.039 1490 1992 I input_focus: [Focus entering 978e85f com.android.launcher3/com.android.launcher3.uioverrides.QuickstepLauncher (server),reason=Window became focusable. Previous reason: NOT_VISIBLE]
11-11 05:17:51.042 1490 1641 I am_pss : [12497,10024,com.microsoft.emmx,39650304,34287616,0,141115392,0,19,7]
11-11 05:17:51.053 1490 1641 I am_pss : [6971,2000,com.android.shell,6211584,4292608,0,93097984,0,19,6]
11-11 05:17:51.275 1490 1634 I wm_destroy_activity: [0,87543935,101,com.thundercomm.screensaver/android.service.dreams.DreamActivity,finish-imm:idle]
11-11 05:17:51.302 11329 11329 I wm_on_stop_called: [87543935,android.service.dreams.DreamActivity,LIFECYCLER_STOP_ACTIVITY]
11-11 05:17:51.306 11329 11329 I wm_on_destroy_called: [87543935,android.service.dreams.DreamActivity,performDestroy]
11-11 05:17:51.311 1490 1630 I sysui_multi_action: [757,222,758,2]
11-11 05:17:51.311 1490 1630 I sysui_multi_action: [757,804,799,dreaming_minutes,801,1,802,1]
11-11 05:17:51.325 1490 2406 I wm_task_removed: [101,removeChild:removeChild last r=ActivityRecord{537d07f u0 com.thundercomm.screensaver/android.service.dreams.DreamActivity t-1 f}} in t=Task{9de6081 #101 type=dream A=10051:android:com.thundercomm.screensaver/dream U=0 visible=false mode=fullscreen translucent=true sz=0}]
11-11 05:17:51.325 1490 2406 I wm_task_removed: [101,removeChild]
11-11 05:17:51.830 1490 1992 I input_interaction: Interaction with: 978e85f com.android.launcher3/com.android.launcher3.uioverrides.QuickstepLauncher (server), f91321f com.android.systemui.ImageWallpaper (server), edge-swipe (server), swipe-up (server), PointerEventDispatcher0 (server),
11-11 05:17:51.916 1490 7426 I wm_task_moved: [100,1,9]
11-11 05:17:51.916 1490 7426 I wm_task_to_front: [0,100]
11-11 05:17:51.917 1490 7426 I wm_focused_root_task: [0,0,100,1,bringingFoundTaskToFront]
11-11 05:17:51.918 1490 7426 I wm_set_resumed_activity: [0,com.android.settings/.Settings,bringingFoundTaskToFront]
11-11 05:17:51.918 1490 7426 I wm_new_intent: [0,120265497,100,com.android.settings/.Settings,android.intent.action.MAIN,NULL,NULL,270532608]
11-11 05:17:51.920 1490 7426 I wm_pause_activity: [0,85671939,com.android.launcher3/.uioverrides.QuickstepLauncher,userLeaving=true,pauseBackTasks]
11-11 05:17:51.927 2824 2824 I wm_on_top_resumed_lost_called: [85671939,com.android.launcher3.uioverrides.QuickstepLauncher,topStateChangedWhenResumed]
11-11 05:17:51.940 2824 2824 I wm_on_paused_called: [85671939,com.android.launcher3.uioverrides.QuickstepLauncher,performPause]
11-11 05:17:51.948 1490 7426 I wm_set_resumed_activity: [0,com.android.settings/.Settings,resumeTopActivityInnerLocked]
11-11 05:17:51.949 1490 7426 I wm_add_to_stopping: [0,85671939,com.android.launcher3/.uioverrides.QuickstepLauncher,makeInvisible]
11-11 05:17:51.951 1490 7426 I wm_resume_activity: [0,120265497,100,com.android.settings/.Settings]
11-11 05:17:51.960 1490 1992 I input_focus: [Focus leaving 978e85f com.android.launcher3/com.android.launcher3.uioverrides.QuickstepLauncher (server),reason=NO_WINDOW]
11-11 05:17:51.973 11823 11823 I wm_on_restart_called: [120265497,com.android.settings.Settings,performRestartActivity]
11-11 05:17:51.979 1490 1634 I sysui_multi_action: [757,803,799,window_time_0,802,1]
11-11 05:17:51.987 11823 11823 I wm_on_start_called: [120265497,com.android.settings.Settings,handleStartActivity]
11-11 05:17:51.988 11823 11823 I snet_event_log: [120484087,-1,]
11-11 05:17:51.988 11823 11823 I wm_on_resume_called: [120265497,com.android.settings.Settings,RESUME_ACTIVITY]
11-11 05:17:51.989 11823 11823 I sysui_multi_action: [757,35,758,1,833,0,1089,0]
11-11 05:17:52.002 11823 11823 I sysui_multi_action: [757,746,758,1,833,0,1089,0]
11-11 05:17:52.003 1490 7426 D TelephonyRegistry: listen oscl: mHasNotifySubscriptionInfoChangedOccurred==false no callback
11-11 05:17:52.007 1490 2774 D TelephonyRegistry: listen oscl: mHasNotifySubscriptionInfoChangedOccurred==false no callback
11-11 05:17:52.018 11823 11823 I wm_on_top_resumed_gained_called: [120265497,com.android.settings.Settings,topWhenResuming]
11-11 05:17:52.022 1490 1635 I input_focus: [Focus request d2dcb97 com.android.settings/com.android.settings.Settings,reason=UpdateInputWindows]
11-11 05:17:52.038 1490 1630 I sysui_multi_action: [319,47,321,43,322,119,325,1891,757,761,758,9,759,4,806,com.android.settings,871,com.android.settings.Settings,904,com.android.launcher3,905,0,1320,4,1321,1]
11-11 05:17:52.042 1490 1992 I input_focus: [Focus entering d2dcb97 com.android.settings/com.android.settings.Settings (server),reason=setFocusedWindow]
11-11 05:17:52.512 1490 1634 I wm_stop_activity: [0,85671939,com.android.launcher3/.uioverrides.QuickstepLauncher]
11-11 05:17:52.541 2824 2824 I wm_on_stop_called: [85671939,com.android.launcher3.uioverrides.QuickstepLauncher,STOP_ACTIVITY_ITEM]
11-11 05:17:53.315 0 0 I auditd : type=1400 audit(0.0:2549): avc: denied { kill } for comm="swapper/1" capability=5 scontext=u:r:kernel:s0 tcontext=u:r:kernel:s0 tclass=capability permissive=0
11-11 05:17:53.325 1490 1992 I input_interaction: Interaction with: 151d967 StatusBar (server), edge-swipe (server), swipe-up (server), PointerEventDispatcher0 (server),
11-11 05:17:53.332 2356 2356 I sysui_multi_action: [757,803,799,panel_open,802,1]
11-11 05:17:53.334 2356 2356 I sysui_multi_action: [757,1328,758,4,1326,46,1327,0,1329,0]
11-11 05:17:53.391 1490 2446 I sysui_multi_action: [757,127,758,1]
11-11 05:17:53.392 1490 2446 I sysui_multi_action: [757,804,799,note_load,801,2,802,1]
11-11 05:17:53.393 1490 2446 I notification_panel_revealed: 2
11-11 05:17:53.396 1490 1490 I notification_enqueue: [10082,2356,com.android.systemui,2048,NULL,0,Notification(channel=updateNotification shortcut=null contentView=null vibrate=null sound=null defaults=0x0 flags=0x0 color=0x00000000 vis=PRIVATE),1]
11-11 05:17:53.398 2356 2356 I sysui_multi_action: [757,111,758,2]
11-11 05:17:53.399 2356 2356 I sysui_multi_action: [757,111,758,2]
11-11 05:17:53.423 1490 1635 I input_focus: [Focus request 374215a NotificationShade,reason=UpdateInputWindows]
11-11 05:17:53.426 2356 2356 I sysui_multi_action: [757,111,758,1]
11-11 05:17:53.426 2356 2356 I sysui_multi_action: [757,126,758,1,759,126,927,0,928,1,1593,0]
11-11 05:17:53.426 2356 2356 I sysui_multi_action: [757,113,758,1,759,113,927,1,928,0,1593,0]
11-11 05:17:53.427 2356 2356 I sysui_multi_action: [757,0,758,1,759,0,927,2,928,0,1593,0]
11-11 05:17:53.427 2356 2356 I sysui_multi_action: [757,0,758,1,759,0,927,3,928,0,1593,0]
11-11 05:17:53.427 2356 2356 I sysui_multi_action: [757,491,758,1,759,491,927,4,928,0,1311,-1,1593,0]
11-11 05:17:53.427 2356 2356 I sysui_multi_action: [757,0,758,1,759,0,927,5,928,0,1593,0]
11-11 05:17:53.427 2356 2356 I sysui_multi_action: [757,111,758,1]
11-11 05:17:53.427 2356 2356 I sysui_multi_action: [757,126,758,1,759,126,927,0,928,1,1593,0]
11-11 05:17:53.427 2356 2356 I sysui_multi_action: [757,113,758,1,759,113,927,1,928,0,1593,0]
11-11 05:17:53.428 2356 2356 I sysui_multi_action: [757,0,758,1,759,0,927,2,928,0,1593,0]
11-11 05:17:53.428 2356 2356 I sysui_multi_action: [757,0,758,1,759,0,927,3,928,0,1593,0]
11-11 05:17:53.446 1490 1490 I notification_enqueue: [10082,2356,com.android.systemui,2048,NULL,0,Notification(channel=updateNotification shortcut=null contentView=null vibrate=null sound=null defaults=0x0 flags=0x0 color=0x00000000 vis=PRIVATE),1]
11-11 05:17:53.448 1490 1992 I input_focus: [Focus leaving d2dcb97 com.android.settings/com.android.settings.Settings (server),reason=setFocusedWindow]
11-11 05:17:53.448 1490 1992 I input_focus: [Focus entering 374215a NotificationShade (server),reason=setFocusedWindow]
11-11 05:17:53.448 2356 2356 I sysui_multi_action: [757,111,758,2]
11-11 05:17:53.449 2356 2356 I sysui_multi_action: [757,111,758,2]
11-11 05:17:53.453 2356 2356 I sysui_multi_action: [757,111,758,1]
11-11 05:17:53.453 2356 2356 I sysui_multi_action: [757,126,758,1,759,126,927,0,928,1,1593,0]
11-11 05:17:53.453 2356 2356 I sysui_multi_action: [757,113,758,1,759,113,927,1,928,0,1593,0]
11-11 05:17:53.453 2356 2356 I sysui_multi_action: [757,0,758,1,759,0,927,2,928,0,1593,0]
11-11 05:17:53.453 2356 2356 I sysui_multi_action: [757,0,758,1,759,0,927,3,928,0,1593,0]
11-11 05:17:53.454 2356 2356 I sysui_multi_action: [757,491,758,1,759,491,927,4,928,0,1311,-1,1593,0]
11-11 05:17:53.454 2356 2356 I sysui_multi_action: [757,0,758,1,759,0,927,5,928,0,1593,0]
11-11 05:17:53.454 2356 2356 I sysui_multi_action: [757,111,758,1]
11-11 05:17:53.454 2356 2356 I sysui_multi_action: [757,126,758,1,759,126,927,0,928,1,1593,0]
11-11 05:17:53.454 2356 2356 I sysui_multi_action: [757,113,758,1,759,113,927,1,928,0,1593,0]
11-11 05:17:53.454 2356 2356 I sysui_multi_action: [757,0,758,1,759,0,927,2,928,0,1593,0]
11-11 05:17:53.454 2356 2356 I sysui_multi_action: [757,0,758,1,759,0,927,3,928,0,1593,0]
11-11 05:17:53.469 2356 2356 I sysui_multi_action: [757,111,758,2]
11-11 05:17:53.469 1490 1490 I notification_enqueue: [10082,2356,com.android.systemui,2048,NULL,0,Notification(channel=updateNotification shortcut=null contentView=null vibrate=null sound=null defaults=0x0 flags=0x0 color=0x00000000 vis=PRIVATE),1]
11-11 05:17:53.469 2356 2356 I sysui_multi_action: [757,111,758,2]
11-11 05:17:53.474 2356 2356 I sysui_multi_action: [757,111,758,1]
11-11 05:17:53.474 2356 2356 I sysui_multi_action: [757,126,758,1,759,126,927,0,928,1,1593,0]
11-11 05:17:53.474 2356 2356 I sysui_multi_action: [757,113,758,1,759,113,927,1,928,0,1593,0]
11-11 05:17:53.474 2356 2356 I sysui_multi_action: [757,0,758,1,759,0,927,2,928,0,1593,0]
11-11 05:17:53.474 2356 2356 I sysui_multi_action: [757,0,758,1,759,0,927,3,928,0,1593,0]
11-11 05:17:53.474 2356 2356 I sysui_multi_action: [757,491,758,1,759,491,927,4,928,0,1311,-1,1593,0]
11-11 05:17:53.474 2356 2356 I sysui_multi_action: [757,0,758,1,759,0,927,5,928,0,1593,0]
11-11 05:17:53.474 2356 2356 I sysui_multi_action: [757,111,758,1]
11-11 05:17:53.474 2356 2356 I sysui_multi_action: [757,126,758,1,759,126,927,0,928,1,1593,0]
11-11 05:17:53.474 2356 2356 I sysui_multi_action: [757,113,758,1,759,113,927,1,928,0,1593,0]
11-11 05:17:53.474 2356 2356 I sysui_multi_action: [757,0,758,1,759,0,927,2,928,0,1593,0]
11-11 05:17:53.474 2356 2356 I sysui_multi_action: [757,0,758,1,759,0,927,3,928,0,1593,0]
11-11 05:17:53.483 2356 2356 I sysui_multi_action: [757,111,758,2]
11-11 05:17:53.483 2356 2356 I sysui_multi_action: [757,111,758,2]
11-11 05:17:53.484 1490 1490 I notification_enqueue: [10082,2356,com.android.systemui,2048,NULL,0,Notification(channel=updateNotification shortcut=null contentView=null vibrate=null sound=null defaults=0x0 flags=0x0 color=0x00000000 vis=PRIVATE),1]
11-11 05:17:53.491 2356 2356 I sysui_multi_action: [757,111,758,1]
11-11 05:17:53.491 2356 2356 I sysui_multi_action: [757,126,758,1,759,126,927,0,928,1,1593,0]
11-11 05:17:53.491 2356 2356 I sysui_multi_action: [757,113,758,1,759,113,927,1,928,0,1593,0]
11-11 05:17:53.491 2356 2356 I sysui_multi_action: [757,0,758,1,759,0,927,2,928,0,1593,0]
11-11 05:17:53.492 2356 2356 I sysui_multi_action: [757,0,758,1,759,0,927,3,928,0,1593,0]
11-11 05:17:53.492 2356 2356 I sysui_multi_action: [757,491,758,1,759,491,927,4,928,0,1311,-1,1593,0]
11-11 05:17:53.492 2356 2356 I sysui_multi_action: [757,0,758,1,759,0,927,5,928,0,1593,0]
11-11 05:17:53.492 2356 2356 I sysui_multi_action: [757,111,758,1]
11-11 05:17:53.492 2356 2356 I sysui_multi_action: [757,126,758,1,759,126,927,0,928,1,1593,0]
11-11 05:17:53.492 2356 2356 I sysui_multi_action: [757,113,758,1,759,113,927,1,928,0,1593,0]
11-11 05:17:53.492 2356 2356 I sysui_multi_action: [757,0,758,1,759,0,927,2,928,0,1593,0]
11-11 05:17:53.492 2356 2356 I sysui_multi_action: [757,0,758,1,759,0,927,3,928,0,1593,0]
11-11 05:17:53.810 1400 9686 I liblog : 1
11-11 05:17:53.812 1400 9686 I liblog : 19
11-11 05:17:53.953 1490 7158 I sysui_multi_action: [757,128,758,1,793,1563621,794,0,795,1563621,796,26,798,0,806,android,857,DEVELOPER_IMPORTANT,858,4,947,0,1395,2,1500,1563418,1688,1]
11-11 05:17:53.953 1490 7158 I sysui_multi_action: [757,804,799,note_freshness,801,1563621,802,1]
11-11 05:17:53.953 1490 7158 I notification_visibility: [-1|android|26|null|1000,1,1563621,1563621,0,0]
11-11 05:17:53.953 1490 7158 I sysui_multi_action: [757,128,758,1,793,1867420,794,0,795,1867420,796,32,798,1,806,android,857,USB,858,1,947,0,1395,2,1500,1867199,1688,1]
11-11 05:17:53.954 1490 7158 I sysui_multi_action: [757,804,799,note_freshness,801,1867420,802,1]
11-11 05:17:53.954 1490 7158 I notification_visibility: [-1|android|32|null|1000,1,1867420,1867420,0,1]
11-11 05:17:54.716 1490 1992 I input_interaction: Interaction with: 374215a NotificationShade (server), edge-swipe (server), swipe-up (server), PointerEventDispatcher0 (server),
11-11 05:17:54.858 2356 2356 I sysui_multi_action: [757,925,758,4,759,126,927,0,928,1,1592,0,1593,1]
11-11 05:17:54.892 1490 7158 D TelephonyRegistry: listen oscl: mHasNotifySubscriptionInfoChangedOccurred==false no callback
11-11 05:17:54.895 2356 2356 W CarrierConfigManager: Error getting config for subId -1 ICarrierConfigLoader is null
11-11 05:17:54.924 1490 1635 I input_focus: [Focus request 83602d4 InternetDialog,reason=UpdateInputWindows]
11-11 05:17:54.952 1490 1992 I input_focus: [Focus leaving 374215a NotificationShade (server),reason=setFocusedWindow]
11-11 05:17:54.952 1490 1992 I input_focus: [Focus entering 83602d4 InternetDialog (server),reason=setFocusedWindow]
11-11 05:17:55.154 1490 1745 I commit_sys_config_file: [settings-0-0,7]
11-11 05:17:55.315 12318 12318 I auditd : type=1400 audit(0.0:2550): avc: denied { kill } for comm="kworker/u16:11" capability=5 scontext=u:r:kernel:s0 tcontext=u:r:kernel:s0 tclass=capability permissive=0
11-11 05:17:56.161 1490 1992 I input_interaction: Interaction with: 83602d4 InternetDialog (server), edge-swipe (server), swipe-up (server), PointerEventDispatcher0 (server),
11-11 05:17:56.306 1490 1635 I input_focus: [Focus request 374215a NotificationShade,reason=UpdateInputWindows]
11-11 05:17:56.315 0 0 I auditd : type=1400 audit(0.0:2551): avc: denied { kill } for comm="swapper/1" capability=5 scontext=u:r:kernel:s0 tcontext=u:r:kernel:s0 tclass=capability permissive=0
11-11 05:17:56.320 1490 1992 I input_focus: [Focus entering 374215a NotificationShade (server),reason=setFocusedWindow]
11-11 05:17:56.327 1490 7158 I wm_task_created: [102,-1]
11-11 05:17:56.330 1490 7158 I wm_task_moved: [102,1,10]
11-11 05:17:56.330 1490 7158 I wm_task_to_front: [0,102]
11-11 05:17:56.331 1490 7158 I wm_create_task: [0,102]
11-11 05:17:56.331 1490 7158 I wm_create_activity: [0,241841041,102,com.android.settings/.Settings$WifiDetailsSettingsActivity,android.settings.WIFI_DETAILS_SETTINGS,NULL,NULL,335544320]
11-11 05:17:56.331 1490 7158 I wm_task_moved: [102,1,10]
11-11 05:17:56.331 11823 11823 I wm_on_top_resumed_lost_called: [120265497,com.android.settings.Settings,topStateChangedWhenResumed]
11-11 05:17:56.333 1490 7158 I wm_pause_activity: [0,120265497,com.android.settings/.Settings,userLeaving=true,pauseBackTasks]
11-11 05:17:56.342 11823 11823 I sysui_multi_action: [757,35,758,2,1089,4353]
11-11 05:17:56.347 11823 11823 I sysui_multi_action: [757,746,758,2,1089,4345]
11-11 05:17:56.349 11823 11823 I wm_on_paused_called: [120265497,com.android.settings.Settings,performPause]
11-11 05:17:56.350 1490 1635 I input_focus: [Focus request d2dcb97 com.android.settings/com.android.settings.Settings,reason=UpdateInputWindows]
11-11 05:17:56.353 1490 6835 I wm_add_to_stopping: [0,120265497,com.android.settings/.Settings,makeInvisible]
11-11 05:17:56.353 1490 6835 I wm_restart_activity: [0,241841041,102,com.android.settings/.Settings$WifiDetailsSettingsActivity]
11-11 05:17:56.356 1490 6835 I wm_set_resumed_activity: [0,com.android.settings/.Settings$WifiDetailsSettingsActivity,minimalResumeActivityLocked]
11-11 05:17:56.364 1490 1634 I sysui_multi_action: [757,803,799,window_time_0,802,4]
11-11 05:17:56.369 1490 1992 I input_focus: [Focus leaving 374215a NotificationShade (server),reason=NOT_FOCUSABLE]
11-11 05:17:56.369 1490 1992 I input_focus: [Focus entering d2dcb97 com.android.settings/com.android.settings.Settings (server),reason=setFocusedWindow]
11-11 05:17:56.376 1490 7175 I am_uid_active: 10084
11-11 05:17:56.386 1490 7175 I wm_task_moved: [100,1,10]
11-11 05:17:56.386 1490 7175 I wm_task_to_front: [0,100]
11-11 05:17:56.386 1490 1992 I input_focus: [Focus leaving d2dcb97 com.android.settings/com.android.settings.Settings (server),reason=NO_WINDOW]
11-11 05:17:56.387 1490 7175 I wm_focused_root_task: [0,0,100,102,bringingFoundTaskToFront]
11-11 05:17:56.387 1490 7175 I wm_set_resumed_activity: [0,com.android.settings/.Settings,bringingFoundTaskToFront]
11-11 05:17:56.387 1490 7175 I wm_new_intent: [0,120265497,100,com.android.settings/.Settings,android.intent.action.MAIN,NULL,NULL,270532608]
11-11 05:17:56.388 1490 7175 I wm_pause_activity: [0,241841041,com.android.settings/.Settings$WifiDetailsSettingsActivity,userLeaving=true,pauseBackTasks]
11-11 05:17:56.395 1490 7175 I wm_finish_activity: [0,241841041,102,com.android.settings/.Settings$WifiDetailsSettingsActivity,app-request]
11-11 05:17:56.395 11823 11823 I wm_on_create_called: [241841041,com.android.settings.Settings$WifiDetailsSettingsActivity,performCreate]
11-11 05:17:56.398 1490 6835 I wm_add_to_stopping: [0,241841041,com.android.settings/.Settings$WifiDetailsSettingsActivity,completeFinishing]
11-11 05:17:56.399 1490 6835 I wm_set_resumed_activity: [0,com.android.settings/.Settings,resumeTopActivityInnerLocked]
11-11 05:17:56.400 1490 6835 I wm_resume_activity: [0,120265497,100,com.android.settings/.Settings]
11-11 05:17:56.425 1490 1635 I input_focus: [Focus request d2dcb97 com.android.settings/com.android.settings.Settings,reason=UpdateInputWindows]
11-11 05:17:56.427 1490 1634 I sysui_multi_action: [757,803,799,window_time_0,802,1]
11-11 05:17:56.436 1490 1992 I input_focus: [Focus entering d2dcb97 com.android.settings/com.android.settings.Settings (server),reason=Window became focusable. Previous reason: NO_WINDOW]
11-11 05:17:56.440 11823 11823 I wm_on_resume_called: [120265497,com.android.settings.Settings,RESUME_ACTIVITY]
11-11 05:17:56.440 11823 11823 I sysui_multi_action: [757,35,758,1,833,0,1089,0]
11-11 05:17:56.447 11823 11823 I sysui_multi_action: [757,746,758,1,833,0,1089,0]
11-11 05:17:56.448 1490 7426 D TelephonyRegistry: listen oscl: mHasNotifySubscriptionInfoChangedOccurred==false no callback
11-11 05:17:56.451 1490 6835 D TelephonyRegistry: listen oscl: mHasNotifySubscriptionInfoChangedOccurred==false no callback
11-11 05:17:56.462 11823 11823 I wm_on_top_resumed_gained_called: [120265497,com.android.settings.Settings,topWhenResuming]
11-11 05:17:56.605 11823 11823 I sysui_multi_action: [757,746,758,2,1089,158]
11-11 05:17:56.685 11823 11823 I sysui_multi_action: [757,849,758,1,833,0,1089,67]
11-11 05:17:56.686 2356 2356 I sysui_multi_action: [757,111,758,2]
11-11 05:17:56.686 1490 1490 I notification_enqueue: [10082,2356,com.android.systemui,2048,NULL,0,Notification(channel=updateNotification shortcut=null contentView=null vibrate=null sound=null defaults=0x0 flags=0x0 color=0x00000000 vis=PRIVATE),1]
11-11 05:17:56.686 2356 2356 I sysui_multi_action: [757,111,758,2]
11-11 05:17:56.689 11823 11823 I sysui_multi_action: [757,1729,758,4,854,isParalleledControllers:false,1089,71]
11-11 05:17:56.690 2356 2356 I sysui_multi_action: [757,111,758,1]
11-11 05:17:56.690 2356 2356 I sysui_multi_action: [757,126,758,1,759,126,927,0,928,1,1593,0]
11-11 05:17:56.690 2356 2356 I sysui_multi_action: [757,113,758,1,759,113,927,1,928,0,1593,0]
11-11 05:17:56.690 2356 2356 I sysui_multi_action: [757,0,758,1,759,0,927,2,928,0,1593,0]
11-11 05:17:56.690 2356 2356 I sysui_multi_action: [757,0,758,1,759,0,927,3,928,0,1593,0]
11-11 05:17:56.690 2356 2356 I sysui_multi_action: [757,491,758,1,759,491,927,4,928,0,1311,-1,1593,0]
11-11 05:17:56.690 2356 2356 I sysui_multi_action: [757,0,758,1,759,0,927,5,928,0,1593,0]
11-11 05:17:56.690 2356 2356 I sysui_multi_action: [757,111,758,1]
11-11 05:17:56.690 2356 2356 I sysui_multi_action: [757,126,758,1,759,126,927,0,928,1,1593,0]
11-11 05:17:56.690 2356 2356 I sysui_multi_action: [757,113,758,1,759,113,927,1,928,0,1593,1]
11-11 05:17:56.690 2356 2356 I sysui_multi_action: [757,0,758,1,759,0,927,2,928,0,1593,1]
11-11 05:17:56.690 2356 2356 I sysui_multi_action: [757,0,758,1,759,0,927,3,928,0,1593,1]
11-11 05:17:56.702 1490 1490 I notification_enqueue: [10082,2356,com.android.systemui,2048,NULL,0,Notification(channel=updateNotification shortcut=null contentView=null vibrate=null sound=null defaults=0x0 flags=0x0 color=0x00000000 vis=PRIVATE),1]
11-11 05:17:56.702 2356 2356 I sysui_multi_action: [757,111,758,2]
11-11 05:17:56.703 2356 2356 I sysui_multi_action: [757,111,758,2]
11-11 05:17:56.706 2356 2356 I sysui_multi_action: [757,111,758,1]
11-11 05:17:56.706 2356 2356 I sysui_multi_action: [757,126,758,1,759,126,927,0,928,1,1593,1]
11-11 05:17:56.706 2356 2356 I sysui_multi_action: [757,113,758,1,759,113,927,1,928,0,1593,1]
11-11 05:17:56.706 2356 2356 I sysui_multi_action: [757,0,758,1,759,0,927,2,928,0,1593,1]
11-11 05:17:56.706 2356 2356 I sysui_multi_action: [757,0,758,1,759,0,927,3,928,0,1593,1]
11-11 05:17:56.706 2356 2356 I sysui_multi_action: [757,491,758,1,759,491,927,4,928,0,1311,-1,1593,1]
11-11 05:17:56.706 2356 2356 I sysui_multi_action: [757,0,758,1,759,0,927,5,928,0,1593,1]
11-11 05:17:56.706 2356 2356 I sysui_multi_action: [757,111,758,1]
11-11 05:17:56.706 2356 2356 I sysui_multi_action: [757,126,758,1,759,126,927,0,928,1,1593,0]
11-11 05:17:56.706 2356 2356 I sysui_multi_action: [757,113,758,1,759,113,927,1,928,0,1593,0]
11-11 05:17:56.706 2356 2356 I sysui_multi_action: [757,0,758,1,759,0,927,2,928,0,1593,0]
11-11 05:17:56.706 2356 2356 I sysui_multi_action: [757,0,758,1,759,0,927,3,928,0,1593,0]
11-11 05:17:56.720 1490 1490 I notification_enqueue: [10082,2356,com.android.systemui,2048,NULL,0,Notification(channel=updateNotification shortcut=null contentView=null vibrate=null sound=null defaults=0x0 flags=0x0 color=0x00000000 vis=PRIVATE),1]
11-11 05:17:56.720 2356 2356 I sysui_multi_action: [757,111,758,2]
11-11 05:17:56.720 2356 2356 I sysui_multi_action: [757,111,758,2]
11-11 05:17:56.723 2356 2356 I sysui_multi_action: [757,111,758,1]
11-11 05:17:56.723 2356 2356 I sysui_multi_action: [757,126,758,1,759,126,927,0,928,1,1593,0]
11-11 05:17:56.723 2356 2356 I sysui_multi_action: [757,113,758,1,759,113,927,1,928,0,1593,0]
11-11 05:17:56.723 2356 2356 I sysui_multi_action: [757,0,758,1,759,0,927,2,928,0,1593,0]
11-11 05:17:56.723 2356 2356 I sysui_multi_action: [757,0,758,1,759,0,927,3,928,0,1593,0]
11-11 05:17:56.724 2356 2356 I sysui_multi_action: [757,491,758,1,759,491,927,4,928,0,1311,-1,1593,0]
11-11 05:17:56.724 2356 2356 I sysui_multi_action: [757,0,758,1,759,0,927,5,928,0,1593,0]
11-11 05:17:56.724 2356 2356 I sysui_multi_action: [757,111,758,1]
11-11 05:17:56.724 2356 2356 I sysui_multi_action: [757,126,758,1,759,126,927,0,928,1,1593,0]
11-11 05:17:56.724 2356 2356 I sysui_multi_action: [757,113,758,1,759,113,927,1,928,0,1593,0]
11-11 05:17:56.724 2356 2356 I sysui_multi_action: [757,0,758,1,759,0,927,2,928,0,1593,0]
11-11 05:17:56.724 2356 2356 I sysui_multi_action: [757,0,758,1,759,0,927,3,928,0,1593,0]
11-11 05:17:56.736 2356 2356 I sysui_multi_action: [757,111,758,2]
11-11 05:17:56.736 2356 2356 I sysui_multi_action: [757,111,758,2]
11-11 05:17:56.737 1490 1490 I notification_enqueue: [10082,2356,com.android.systemui,2048,NULL,0,Notification(channel=updateNotification shortcut=null contentView=null vibrate=null sound=null defaults=0x0 flags=0x0 color=0x00000000 vis=PRIVATE),1]
11-11 05:17:56.739 2356 2356 I sysui_multi_action: [757,111,758,1]
11-11 05:17:56.739 2356 2356 I sysui_multi_action: [757,126,758,1,759,126,927,0,928,1,1593,1]
11-11 05:17:56.739 2356 2356 I sysui_multi_action: [757,113,758,1,759,113,927,1,928,0,1593,1]
11-11 05:17:56.740 2356 2356 I sysui_multi_action: [757,0,758,1,759,0,927,2,928,0,1593,1]
11-11 05:17:56.740 2356 2356 I sysui_multi_action: [757,0,758,1,759,0,927,3,928,0,1593,1]
11-11 05:17:56.740 2356 2356 I sysui_multi_action: [757,491,758,1,759,491,927,4,928,0,1311,-1,1593,0]
11-11 05:17:56.740 2356 2356 I sysui_multi_action: [757,0,758,1,759,0,927,5,928,0,1593,0]
11-11 05:17:56.740 2356 2356 I sysui_multi_action: [757,111,758,1]
11-11 05:17:56.740 2356 2356 I sysui_multi_action: [757,126,758,1,759,126,927,0,928,1,1593,1]
11-11 05:17:56.740 2356 2356 I sysui_multi_action: [757,113,758,1,759,113,927,1,928,0,1593,1]
11-11 05:17:56.740 2356 2356 I sysui_multi_action: [757,0,758,1,759,0,927,2,928,0,1593,1]
11-11 05:17:56.740 2356 2356 I sysui_multi_action: [757,0,758,1,759,0,927,3,928,0,1593,1]
11-11 05:17:56.753 2356 2356 I sysui_multi_action: [757,111,758,2]
11-11 05:17:56.753 2356 2356 I sysui_multi_action: [757,111,758,2]
11-11 05:17:56.753 1490 1490 I notification_enqueue: [10082,2356,com.android.systemui,2048,NULL,0,Notification(channel=updateNotification shortcut=null contentView=null vibrate=null sound=null defaults=0x0 flags=0x0 color=0x00000000 vis=PRIVATE),1]
11-11 05:17:56.756 2356 2356 I sysui_multi_action: [757,111,758,1]
11-11 05:17:56.756 2356 2356 I sysui_multi_action: [757,126,758,1,759,126,927,0,928,1,1593,1]
11-11 05:17:56.756 2356 2356 I sysui_multi_action: [757,113,758,1,759,113,927,1,928,0,1593,1]
11-11 05:17:56.757 2356 2356 I sysui_multi_action: [757,0,758,1,759,0,927,2,928,0,1593,1]
11-11 05:17:56.757 2356 2356 I sysui_multi_action: [757,0,758,1,759,0,927,3,928,0,1593,1]
11-11 05:17:56.757 2356 2356 I sysui_multi_action: [757,491,758,1,759,491,927,4,928,0,1311,-1,1593,0]
11-11 05:17:56.757 2356 2356 I sysui_multi_action: [757,0,758,1,759,0,927,5,928,0,1593,0]
11-11 05:17:56.757 2356 2356 I sysui_multi_action: [757,111,758,1]
11-11 05:17:56.757 2356 2356 I sysui_multi_action: [757,126,758,1,759,126,927,0,928,1,1593,1]
11-11 05:17:56.757 2356 2356 I sysui_multi_action: [757,113,758,1,759,113,927,1,928,0,1593,1]
11-11 05:17:56.757 2356 2356 I sysui_multi_action: [757,0,758,1,759,0,927,2,928,0,1593,1]
11-11 05:17:56.757 2356 2356 I sysui_multi_action: [757,0,758,1,759,0,927,3,928,0,1593,1]
11-11 05:17:56.770 2356 2356 I sysui_multi_action: [757,111,758,2]
11-11 05:17:56.770 1490 1490 I notification_enqueue: [10082,2356,com.android.systemui,2048,NULL,0,Notification(channel=updateNotification shortcut=null contentView=null vibrate=null sound=null defaults=0x0 flags=0x0 color=0x00000000 vis=PRIVATE),1]
11-11 05:17:56.770 2356 2356 I sysui_multi_action: [757,111,758,2]
11-11 05:17:56.774 2356 2356 I sysui_multi_action: [757,111,758,1]
11-11 05:17:56.774 2356 2356 I sysui_multi_action: [757,126,758,1,759,126,927,0,928,1,1593,1]
11-11 05:17:56.774 2356 2356 I sysui_multi_action: [757,113,758,1,759,113,927,1,928,0,1593,1]
11-11 05:17:56.774 2356 2356 I sysui_multi_action: [757,0,758,1,759,0,927,2,928,0,1593,1]
11-11 05:17:56.774 2356 2356 I sysui_multi_action: [757,0,758,1,759,0,927,3,928,0,1593,1]
11-11 05:17:56.774 2356 2356 I sysui_multi_action: [757,491,758,1,759,491,927,4,928,0,1311,-1,1593,0]
11-11 05:17:56.774 2356 2356 I sysui_multi_action: [757,0,758,1,759,0,927,5,928,0,1593,0]
11-11 05:17:56.774 2356 2356 I sysui_multi_action: [757,111,758,1]
11-11 05:17:56.774 2356 2356 I sysui_multi_action: [757,126,758,1,759,126,927,0,928,1,1593,1]
11-11 05:17:56.775 2356 2356 I sysui_multi_action: [757,113,758,1,759,113,927,1,928,0,1593,1]
11-11 05:17:56.775 2356 2356 I sysui_multi_action: [757,0,758,1,759,0,927,2,928,0,1593,1]
11-11 05:17:56.775 2356 2356 I sysui_multi_action: [757,0,758,1,759,0,927,3,928,0,1593,1]
11-11 05:17:56.786 2356 2356 I sysui_multi_action: [757,111,758,2]
11-11 05:17:56.786 2356 2356 I sysui_multi_action: [757,111,758,2]
11-11 05:17:56.786 1490 1490 I notification_enqueue: [10082,2356,com.android.systemui,2048,NULL,0,Notification(channel=updateNotification shortcut=null contentView=null vibrate=null sound=null defaults=0x0 flags=0x0 color=0x00000000 vis=PRIVATE),1]
11-11 05:17:56.789 2356 2356 I sysui_multi_action: [757,111,758,1]
11-11 05:17:56.789 2356 2356 I sysui_multi_action: [757,126,758,1,759,126,927,0,928,1,1593,1]
11-11 05:17:56.789 2356 2356 I sysui_multi_action: [757,113,758,1,759,113,927,1,928,0,1593,1]
11-11 05:17:56.789 2356 2356 I sysui_multi_action: [757,0,758,1,759,0,927,2,928,0,1593,1]
11-11 05:17:56.789 2356 2356 I sysui_multi_action: [757,0,758,1,759,0,927,3,928,0,1593,1]
11-11 05:17:56.789 2356 2356 I sysui_multi_action: [757,491,758,1,759,491,927,4,928,0,1311,-1,1593,0]
11-11 05:17:56.789 2356 2356 I sysui_multi_action: [757,0,758,1,759,0,927,5,928,0,1593,0]
11-11 05:17:56.789 2356 2356 I sysui_multi_action: [757,111,758,1]
11-11 05:17:56.790 2356 2356 I sysui_multi_action: [757,126,758,1,759,126,927,0,928,1,1593,1]
11-11 05:17:56.790 2356 2356 I sysui_multi_action: [757,113,758,1,759,113,927,1,928,0,1593,1]
11-11 05:17:56.790 2356 2356 I sysui_multi_action: [757,0,758,1,759,0,927,2,928,0,1593,1]
11-11 05:17:56.790 2356 2356 I sysui_multi_action: [757,0,758,1,759,0,927,3,928,0,1593,1]
11-11 05:17:56.803 2356 2356 I sysui_multi_action: [757,111,758,2]
11-11 05:17:56.803 1490 1490 I notification_enqueue: [10082,2356,com.android.systemui,2048,NULL,0,Notification(channel=updateNotification shortcut=null contentView=null vibrate=null sound=null defaults=0x0 flags=0x0 color=0x00000000 vis=PRIVATE),1]
11-11 05:17:56.803 2356 2356 I sysui_multi_action: [757,111,758,2]
11-11 05:17:56.806 2356 2356 I sysui_multi_action: [757,111,758,1]
11-11 05:17:56.806 2356 2356 I sysui_multi_action: [757,126,758,1,759,126,927,0,928,1,1593,1]
11-11 05:17:56.806 2356 2356 I sysui_multi_action: [757,113,758,1,759,113,927,1,928,0,1593,1]
11-11 05:17:56.806 2356 2356 I sysui_multi_action: [757,0,758,1,759,0,927,2,928,0,1593,1]
11-11 05:17:56.806 2356 2356 I sysui_multi_action: [757,0,758,1,759,0,927,3,928,0,1593,1]
11-11 05:17:56.806 2356 2356 I sysui_multi_action: [757,491,758,1,759,491,927,4,928,0,1311,-1,1593,0]
11-11 05:17:56.807 2356 2356 I sysui_multi_action: [757,0,758,1,759,0,927,5,928,0,1593,0]
11-11 05:17:56.807 2356 2356 I sysui_multi_action: [757,111,758,1]
11-11 05:17:56.807 2356 2356 I sysui_multi_action: [757,126,758,1,759,126,927,0,928,1,1593,1]
11-11 05:17:56.807 2356 2356 I sysui_multi_action: [757,113,758,1,759,113,927,1,928,0,1593,1]
11-11 05:17:56.807 2356 2356 I sysui_multi_action: [757,0,758,1,759,0,927,2,928,0,1593,1]
11-11 05:17:56.807 2356 2356 I sysui_multi_action: [757,0,758,1,759,0,927,3,928,0,1593,1]
11-11 05:17:56.819 2356 2356 I sysui_multi_action: [757,111,758,2]
11-11 05:17:56.819 2356 2356 I sysui_multi_action: [757,111,758,2]
11-11 05:17:56.819 1490 1490 I notification_enqueue: [10082,2356,com.android.systemui,2048,NULL,0,Notification(channel=updateNotification shortcut=null contentView=null vibrate=null sound=null defaults=0x0 flags=0x0 color=0x00000000 vis=PRIVATE),1]
11-11 05:17:56.823 2356 2356 I sysui_multi_action: [757,111,758,1]
11-11 05:17:56.823 2356 2356 I sysui_multi_action: [757,126,758,1,759,126,927,0,928,1,1593,1]
11-11 05:17:56.823 2356 2356 I sysui_multi_action: [757,113,758,1,759,113,927,1,928,0,1593,1]
11-11 05:17:56.823 2356 2356 I sysui_multi_action: [757,0,758,1,759,0,927,2,928,0,1593,1]
11-11 05:17:56.823 2356 2356 I sysui_multi_action: [757,0,758,1,759,0,927,3,928,0,1593,1]
11-11 05:17:56.823 2356 2356 I sysui_multi_action: [757,491,758,1,759,491,927,4,928,0,1311,-1,1593,0]
11-11 05:17:56.823 2356 2356 I sysui_multi_action: [757,0,758,1,759,0,927,5,928,0,1593,1]
11-11 05:17:56.824 2356 2356 I sysui_multi_action: [757,111,758,1]
11-11 05:17:56.824 2356 2356 I sysui_multi_action: [757,126,758,1,759,126,927,0,928,1,1593,1]
11-11 05:17:56.824 2356 2356 I sysui_multi_action: [757,113,758,1,759,113,927,1,928,0,1593,1]
11-11 05:17:56.824 2356 2356 I sysui_multi_action: [757,0,758,1,759,0,927,2,928,0,1593,1]
11-11 05:17:56.824 2356 2356 I sysui_multi_action: [757,0,758,1,759,0,927,3,928,0,1593,1]
11-11 05:17:56.836 2356 2356 I sysui_multi_action: [757,111,758,2]
11-11 05:17:56.836 2356 2356 I sysui_multi_action: [757,111,758,2]
11-11 05:17:56.836 1490 1490 I notification_enqueue: [10082,2356,com.android.systemui,2048,NULL,0,Notification(channel=updateNotification shortcut=null contentView=null vibrate=null sound=null defaults=0x0 flags=0x0 color=0x00000000 vis=PRIVATE),1]
11-11 05:17:56.839 2356 2356 I sysui_multi_action: [757,111,758,1]
11-11 05:17:56.839 2356 2356 I sysui_multi_action: [757,126,758,1,759,126,927,0,928,1,1593,1]
11-11 05:17:56.839 2356 2356 I sysui_multi_action: [757,113,758,1,759,113,927,1,928,0,1593,1]
11-11 05:17:56.839 2356 2356 I sysui_multi_action: [757,0,758,1,759,0,927,2,928,0,1593,1]
11-11 05:17:56.839 2356 2356 I sysui_multi_action: [757,0,758,1,759,0,927,3,928,0,1593,1]
11-11 05:17:56.839 2356 2356 I sysui_multi_action: [757,491,758,1,759,491,927,4,928,0,1311,-1,1593,0]
11-11 05:17:56.839 2356 2356 I sysui_multi_action: [757,0,758,1,759,0,927,5,928,0,1593,0]
11-11 05:17:56.839 2356 2356 I sysui_multi_action: [757,111,758,1]
11-11 05:17:56.839 2356 2356 I sysui_multi_action: [757,126,758,1,759,126,927,0,928,1,1593,1]
11-11 05:17:56.839 2356 2356 I sysui_multi_action: [757,113,758,1,759,113,927,1,928,0,1593,1]
11-11 05:17:56.840 2356 2356 I sysui_multi_action: [757,0,758,1,759,0,927,2,928,0,1593,1]
11-11 05:17:56.840 2356 2356 I sysui_multi_action: [757,0,758,1,759,0,927,3,928,0,1593,1]
11-11 05:17:56.853 2356 2356 I sysui_multi_action: [757,111,758,2]
11-11 05:17:56.853 1490 1490 I notification_enqueue: [10082,2356,com.android.systemui,2048,NULL,0,Notification(channel=updateNotification shortcut=null contentView=null vibrate=null sound=null defaults=0x0 flags=0x0 color=0x00000000 vis=PRIVATE),1]
11-11 05:17:56.853 2356 2356 I sysui_multi_action: [757,111,758,2]
11-11 05:17:56.856 2356 2356 I sysui_multi_action: [757,111,758,1]
11-11 05:17:56.856 2356 2356 I sysui_multi_action: [757,126,758,1,759,126,927,0,928,1,1593,1]
11-11 05:17:56.856 2356 2356 I sysui_multi_action: [757,113,758,1,759,113,927,1,928,0,1593,1]
11-11 05:17:56.856 2356 2356 I sysui_multi_action: [757,0,758,1,759,0,927,2,928,0,1593,1]
11-11 05:17:56.856 2356 2356 I sysui_multi_action: [757,0,758,1,759,0,927,3,928,0,1593,1]
11-11 05:17:56.856 2356 2356 I sysui_multi_action: [757,491,758,1,759,491,927,4,928,0,1311,-1,1593,0]
11-11 05:17:56.856 2356 2356 I sysui_multi_action: [757,0,758,1,759,0,927,5,928,0,1593,0]
11-11 05:17:56.856 2356 2356 I sysui_multi_action: [757,111,758,1]
11-11 05:17:56.856 2356 2356 I sysui_multi_action: [757,126,758,1,759,126,927,0,928,1,1593,1]
11-11 05:17:56.856 2356 2356 I sysui_multi_action: [757,113,758,1,759,113,927,1,928,0,1593,1]
11-11 05:17:56.856 2356 2356 I sysui_multi_action: [757,0,758,1,759,0,927,2,928,0,1593,1]
11-11 05:17:56.856 2356 2356 I sysui_multi_action: [757,0,758,1,759,0,927,3,928,0,1593,1]
11-11 05:17:56.861 1490 6835 I sysui_multi_action: [757,128,758,2,793,1566529,794,2908,795,1566529,796,26,798,0,806,android,857,DEVELOPER_IMPORTANT,858,4,947,0,1395,2,1500,1566326,1688,1]
11-11 05:17:56.861 1490 6835 I notification_visibility: [-1|android|26|null|1000,0,1566529,1566529,0,0]
11-11 05:17:56.862 1490 6835 I sysui_multi_action: [757,128,758,2,793,1870328,794,2908,795,1870328,796,32,798,1,806,android,857,USB,858,1,947,0,1395,2,1500,1870107,1688,1]
11-11 05:17:56.862 1490 6835 I notification_visibility: [-1|android|32|null|1000,0,1870328,1870328,0,1]
11-11 05:17:56.869 1490 1490 I notification_enqueue: [10082,2356,com.android.systemui,2048,NULL,0,Notification(channel=updateNotification shortcut=null contentView=null vibrate=null sound=null defaults=0x0 flags=0x0 color=0x00000000 vis=PRIVATE),1]
11-11 05:17:56.869 2356 2356 I sysui_multi_action: [757,111,758,2]
11-11 05:17:56.869 2356 2356 I sysui_multi_action: [757,111,758,2]
11-11 05:17:56.872 2356 2356 I sysui_multi_action: [757,111,758,1]
11-11 05:17:56.872 2356 2356 I sysui_multi_action: [757,126,758,1,759,126,927,0,928,1,1593,1]
11-11 05:17:56.872 2356 2356 I sysui_multi_action: [757,113,758,1,759,113,927,1,928,0,1593,1]
11-11 05:17:56.872 2356 2356 I sysui_multi_action: [757,0,758,1,759,0,927,2,928,0,1593,1]
11-11 05:17:56.872 2356 2356 I sysui_multi_action: [757,0,758,1,759,0,927,3,928,0,1593,1]
11-11 05:17:56.873 2356 2356 I sysui_multi_action: [757,491,758,1,759,491,927,4,928,0,1311,-1,1593,0]
11-11 05:17:56.873 2356 2356 I sysui_multi_action: [757,0,758,1,759,0,927,5,928,0,1593,0]
11-11 05:17:56.873 2356 2356 I sysui_multi_action: [757,111,758,1]
11-11 05:17:56.873 2356 2356 I sysui_multi_action: [757,126,758,1,759,126,927,0,928,1,1593,1]
11-11 05:17:56.873 2356 2356 I sysui_multi_action: [757,113,758,1,759,113,927,1,928,0,1593,1]
11-11 05:17:56.873 2356 2356 I sysui_multi_action: [757,0,758,1,759,0,927,2,928,0,1593,1]
11-11 05:17:56.873 2356 2356 I sysui_multi_action: [757,0,758,1,759,0,927,3,928,0,1593,1]
11-11 05:17:56.886 2356 2356 I sysui_multi_action: [757,111,758,2]
11-11 05:17:56.887 2356 2356 I sysui_multi_action: [757,111,758,2]
11-11 05:17:56.887 1490 1490 I notification_enqueue: [10082,2356,com.android.systemui,2048,NULL,0,Notification(channel=updateNotification shortcut=null contentView=null vibrate=null sound=null defaults=0x0 flags=0x0 color=0x00000000 vis=PRIVATE),1]
11-11 05:17:56.890 2356 2356 I sysui_multi_action: [757,111,758,1]
11-11 05:17:56.890 2356 2356 I sysui_multi_action: [757,126,758,1,759,126,927,0,928,1,1593,0]
11-11 05:17:56.890 2356 2356 I sysui_multi_action: [757,113,758,1,759,113,927,1,928,0,1593,0]
11-11 05:17:56.890 2356 2356 I sysui_multi_action: [757,0,758,1,759,0,927,2,928,0,1593,0]
11-11 05:17:56.890 2356 2356 I sysui_multi_action: [757,0,758,1,759,0,927,3,928,0,1593,0]
11-11 05:17:56.890 2356 2356 I sysui_multi_action: [757,491,758,1,759,491,927,4,928,0,1311,-1,1593,0]
11-11 05:17:56.890 2356 2356 I sysui_multi_action: [757,0,758,1,759,0,927,5,928,0,1593,0]
11-11 05:17:56.890 2356 2356 I sysui_multi_action: [757,111,758,1]
11-11 05:17:56.890 2356 2356 I sysui_multi_action: [757,126,758,1,759,126,927,0,928,1,1593,0]
11-11 05:17:56.890 2356 2356 I sysui_multi_action: [757,113,758,1,759,113,927,1,928,0,1593,0]
11-11 05:17:56.890 2356 2356 I sysui_multi_action: [757,0,758,1,759,0,927,2,928,0,1593,0]
11-11 05:17:56.890 2356 2356 I sysui_multi_action: [757,0,758,1,759,0,927,3,928,0,1593,0]
11-11 05:17:56.903 2356 2356 I sysui_multi_action: [757,111,758,2]
11-11 05:17:56.903 2356 2356 I sysui_multi_action: [757,111,758,2]
11-11 05:17:56.904 1490 1634 I wm_destroy_activity: [0,241841041,102,com.android.settings/.Settings$WifiDetailsSettingsActivity,finish-imm:idle]
11-11 05:17:56.905 1490 1490 I notification_enqueue: [10082,2356,com.android.systemui,2048,NULL,0,Notification(channel=updateNotification shortcut=null contentView=null vibrate=null sound=null defaults=0x0 flags=0x0 color=0x00000000 vis=PRIVATE),1]
11-11 05:17:56.905 11823 11823 I wm_on_destroy_called: [241841041,com.android.settings.Settings$WifiDetailsSettingsActivity,performDestroy]
11-11 05:17:56.906 2356 2356 I sysui_multi_action: [757,111,758,1]
11-11 05:17:56.906 2356 2356 I sysui_multi_action: [757,126,758,1,759,126,927,0,928,1,1593,1]
11-11 05:17:56.906 2356 2356 I sysui_multi_action: [757,113,758,1,759,113,927,1,928,0,1593,1]
11-11 05:17:56.906 2356 2356 I sysui_multi_action: [757,0,758,1,759,0,927,2,928,0,1593,1]
