11-11 04:56:44.484 2360 2360 I wm_on_destroy_called: [206885632,com.android.permissioncontroller.permission.ui.GrantPermissionsActivity,performDestroy]
11-11 04:56:44.681 1490 1634 I wm_destroy_activity: [0,47255272,66,com.android.soundrecorder/.util.PermissionUtils,finish-imm:idle]
11-11 04:56:44.691 8707 8707 I wm_on_stop_called: [47255272,com.android.soundrecorder.util.PermissionUtils,LIFECYCLER_STOP_ACTIVITY]
11-11 04:56:44.691 8707 8707 I wm_on_destroy_called: [47255272,com.android.soundrecorder.util.PermissionUtils,performDestroy]
11-11 04:56:45.123 1490 1992 I input_interaction: Interaction with: da8aca2 com.android.soundrecorder/com.android.soundrecorder.SoundRecorder (server), edge-swipe (server), swipe-up (server), PointerEventDispatcher0 (server),
11-11 04:56:45.235 1490 3527 I wm_relaunch_resume_activity: [0,76813561,66,com.android.soundrecorder/.SoundRecorder]
11-11 04:56:45.236 1490 3527 I wm_add_to_stopping: [0,85671939,com.android.launcher3/.uioverrides.QuickstepLauncher,makeInvisible]
11-11 04:56:45.241 8707 8707 I wm_on_top_resumed_lost_called: [76813561,com.android.soundrecorder.SoundRecorder,pausing]
11-11 04:56:45.245 8707 8707 I wm_on_paused_called: [76813561,com.android.soundrecorder.SoundRecorder,performPause]
11-11 04:56:45.254 8707 8707 I wm_on_stop_called: [76813561,com.android.soundrecorder.SoundRecorder,handleRelaunchActivity]
11-11 04:56:45.262 8707 8707 I wm_on_destroy_called: [76813561,com.android.soundrecorder.SoundRecorder,performDestroy]
11-11 04:56:45.281 8707 8707 I wm_on_create_called: [76813561,com.android.soundrecorder.SoundRecorder,performCreate]
11-11 04:56:45.282 8707 8707 I wm_on_start_called: [76813561,com.android.soundrecorder.SoundRecorder,handleStartActivity]
11-11 04:56:45.282 8707 8707 I wm_on_resume_called: [76813561,com.android.soundrecorder.SoundRecorder,RESUME_ACTIVITY]
11-11 04:56:45.282 8707 8707 I wm_on_top_resumed_gained_called: [76813561,com.android.soundrecorder.SoundRecorder,topWhenResuming]
11-11 04:56:45.315 0 0 I auditd : type=1400 audit(0.0:1062): avc: denied { kill } for comm="swapper/3" capability=5 scontext=u:r:kernel:s0 tcontext=u:r:kernel:s0 tclass=capability permissive=0
11-11 04:56:45.647 1490 1634 I wm_stop_activity: [0,85671939,com.android.launcher3/.uioverrides.QuickstepLauncher]
11-11 04:56:45.675 2824 2824 I wm_on_paused_called: [85671939,com.android.launcher3.uioverrides.QuickstepLauncher,performPause]
11-11 04:56:45.680 2824 2824 I wm_on_stop_called: [85671939,com.android.launcher3.uioverrides.QuickstepLauncher,STOP_ACTIVITY_ITEM]
11-11 04:56:46.315 0 0 I auditd : type=1400 audit(0.0:1063): avc: denied { kill } for comm="swapper/3" capability=5 scontext=u:r:kernel:s0 tcontext=u:r:kernel:s0 tclass=capability permissive=0
11-11 04:56:47.143 1490 1772 I am_freeze: [3403,com.android.keychain]
11-11 04:56:47.147 1490 1772 I am_freeze: [3425,com.android.provision]
11-11 04:56:47.150 1490 1772 I am_kill : [0,3403,com.android.keychain,985,Unable to freeze binder interface]
11-11 04:56:47.153 1490 1772 I am_kill : [0,3425,com.android.provision,985,Unable to freeze binder interface]
11-11 04:56:47.191 1490 6835 I am_proc_died: [0,3403,com.android.keychain,985,19]
11-11 04:56:47.196 1490 2406 I am_proc_died: [0,3425,com.android.provision,985,19]
11-11 04:56:47.196 1490 2406 I am_uid_stopped: 10076
11-11 04:56:47.215 1490 1772 I am_freeze: [3567,com.android.documentsui]
11-11 04:56:47.217 1490 1772 I am_kill : [0,3567,com.android.documentsui,985,Unable to freeze binder interface]
11-11 04:56:47.251 1490 6835 I am_proc_died: [0,3567,com.android.documentsui,985,19]
11-11 04:56:47.252 1490 6835 I am_uid_stopped: 10033
11-11 04:56:47.315 0 0 I auditd : type=1400 audit(0.0:1064): avc: denied { kill } for comm="swapper/3" capability=5 scontext=u:r:kernel:s0 tcontext=u:r:kernel:s0 tclass=capability permissive=0
11-11 04:56:47.805 1490 1772 I am_freeze: [3825,com.android.traceur]
11-11 04:56:47.807 1490 1772 I am_kill : [0,3825,com.android.traceur,975,Unable to freeze binder interface]
11-11 04:56:47.849 1490 2446 I am_proc_died: [0,3825,com.android.traceur,975,19]
11-11 04:56:47.850 1490 2446 I am_uid_stopped: 10035
11-11 04:56:47.861 1490 1641 I am_pss : [3853,10063,com.qualcomm.qti.devicestatisticsservice,5000192,3551232,0,89296896,0,0,6]
11-11 04:56:48.233 1490 1772 I am_freeze: [3984,com.android.dynsystem]
11-11 04:56:48.234 1490 1772 I am_kill : [0,3984,com.android.dynsystem,975,Unable to freeze binder interface]
11-11 04:56:48.253 1490 2446 I am_proc_died: [0,3984,com.android.dynsystem,975,19]
11-11 04:56:48.262 1490 1641 I am_pss : [8510,10069,com.android.gallery3d,7859200,6279168,0,94117888,0,19,6]
11-11 04:56:48.315 0 0 I auditd : type=1400 audit(0.0:1065): avc: denied { kill } for comm="swapper/3" capability=5 scontext=u:r:kernel:s0 tcontext=u:r:kernel:s0 tclass=capability permissive=0
11-11 04:56:48.405 1490 1772 I am_freeze: [4009,com.android.dynsystem:dynsystem]
11-11 04:56:48.406 1490 1772 I am_kill : [0,4009,com.android.dynsystem:dynsystem,975,Unable to freeze binder interface]
11-11 04:56:48.442 1490 2446 I am_proc_died: [0,4009,com.android.dynsystem:dynsystem,975,19]
11-11 04:56:48.455 1490 2446 I wm_task_moved: [1,0,0]
11-11 04:56:48.457 1490 2446 I wm_task_moved: [1,0,5]
11-11 04:56:48.483 2824 2824 I wm_on_restart_called: [85671939,com.android.launcher3.uioverrides.QuickstepLauncher,performRestartActivity]
11-11 04:56:48.507 2824 2824 I wm_on_start_called: [85671939,com.android.launcher3.uioverrides.QuickstepLauncher,handleStartActivity]
11-11 04:56:48.527 1490 1630 I sysui_multi_action: [319,17,322,63,325,628,757,761,758,9,759,5,806,com.android.launcher3,871,com.android.launcher3.uioverrides.QuickstepLauncher,905,0,1320,4,1321,1]
11-11 04:56:48.529 8707 8707 I view_enqueue_input_event: [Motion - Cancel,com.android.soundrecorder/com.android.soundrecorder.SoundRecorder]
11-11 04:56:48.530 2824 2824 I sysui_latency: [1,89]
11-11 04:56:48.536 1490 1992 I input_interaction: Interaction with: edge-swipe (server), swipe-up (server), PointerEventDispatcher0 (server),
11-11 04:56:48.537 1490 1635 I input_focus: [Focus request recents_animation_input_consumer,reason=UpdateInputWindows]
11-11 04:56:48.567 1490 1992 I input_focus: [Focus leaving da8aca2 com.android.soundrecorder/com.android.soundrecorder.SoundRecorder (server),reason=NOT_FOCUSABLE]
11-11 04:56:48.567 1490 1992 I input_focus: [Focus entering recents_animation_input_consumer (server),reason=setFocusedWindow]
11-11 04:56:48.714 1490 1745 I commit_sys_config_file: [settings-1-0,8]
11-11 04:56:48.820 1490 1641 I sysui_latency: [8,86]
11-11 04:56:49.052 1490 1772 I am_freeze: [4130,com.android.onetimeinitializer]
11-11 04:56:49.053 1490 1772 I am_kill : [0,4130,com.android.onetimeinitializer,965,Unable to freeze binder interface]
11-11 04:56:49.102 1490 6835 I am_proc_died: [0,4130,com.android.onetimeinitializer,965,19]
11-11 04:56:49.103 1490 6835 I am_uid_stopped: 10059
11-11 04:56:49.420 1490 1772 I am_freeze: [4190,com.android.phone]
11-11 04:56:49.422 1490 1772 I am_kill : [0,4190,com.android.phone,985,Unable to freeze binder interface]
11-11 04:56:49.466 1490 7584 I am_proc_died: [0,4190,com.android.phone,985,19]
11-11 04:56:49.757 1490 1772 I am_freeze: [4254,com.android.localtransport]
11-11 04:56:49.759 1490 1772 I am_kill : [0,4254,com.android.localtransport,975,Unable to freeze binder interface]
11-11 04:56:49.797 1490 7448 I am_proc_died: [0,4254,com.android.localtransport,975,19]
11-11 04:56:49.877 1490 1745 I commit_sys_config_file: [settings-1-0,5]
11-11 04:56:49.952 1490 1772 I am_freeze: [4276,com.qualcomm.qti.qms.service.connectionsecurity]
11-11 04:56:49.954 1490 1772 I am_kill : [0,4276,com.qualcomm.qti.qms.service.connectionsecurity,975,Unable to freeze binder interface]
11-11 04:56:49.979 1490 7448 I am_proc_died: [0,4276,com.qualcomm.qti.qms.service.connectionsecurity,975,19]
11-11 04:56:49.980 1490 7448 I am_uid_stopped: 10057
11-11 04:56:50.008 1490 1772 I am_freeze: [3473,com.qualcomm.qtil.aptxui]
11-11 04:56:50.010 1490 1772 I am_kill : [0,3473,com.qualcomm.qtil.aptxui,965,Unable to freeze binder interface]
11-11 04:56:50.033 1490 2446 I am_proc_died: [0,3473,com.qualcomm.qtil.aptxui,965,19]
11-11 04:56:50.035 1490 2446 I am_uid_stopped: 10090
11-11 04:56:50.282 1490 1992 I input_interaction: Interaction with: 978e85f com.android.launcher3/com.android.launcher3.uioverrides.QuickstepLauncher (server), edge-swipe (server), swipe-up (server), PointerEventDispatcher0 (server),
11-11 04:56:50.315 8019 8019 I auditd : type=1400 audit(0.0:1066): avc: denied { kill } for comm="kworker/u17:3" capability=5 scontext=u:r:kernel:s0 tcontext=u:r:kernel:s0 tclass=capability permissive=0
11-11 04:56:50.630 1490 1772 I am_freeze: [3643,com.android.externalstorage]
11-11 04:56:50.631 1490 1772 I am_kill : [0,3643,com.android.externalstorage,965,Unable to freeze binder interface]
11-11 04:56:50.683 1490 3527 I am_proc_died: [0,3643,com.android.externalstorage,965,19]
11-11 04:56:50.684 1490 3527 I am_uid_stopped: 10034
11-11 04:56:50.767 1490 3527 I wm_task_moved: [1,1,6]
11-11 04:56:50.771 1490 3527 I wm_focused_root_task: [0,0,1,66,RecentsAnimation.onAnimationFinished()]
11-11 04:56:50.773 8707 8707 I wm_on_top_resumed_lost_called: [76813561,com.android.soundrecorder.SoundRecorder,topStateChangedWhenResumed]
11-11 04:56:50.773 1490 3527 I wm_pause_activity: [0,76813561,com.android.soundrecorder/.SoundRecorder,userLeaving=false,pauseBackTasks]
11-11 04:56:50.775 1490 3527 I wm_set_resumed_activity: [0,com.android.launcher3/.uioverrides.QuickstepLauncher,resumeTopActivityInnerLocked]
11-11 04:56:50.777 1490 3527 I wm_resume_activity: [0,85671939,10,com.android.launcher3/.uioverrides.QuickstepLauncher]
11-11 04:56:50.777 1490 3527 I wm_add_to_stopping: [0,76813561,com.android.soundrecorder/.SoundRecorder,makeInvisible]
11-11 04:56:50.782 2824 2824 I wm_on_resume_called: [85671939,com.android.launcher3.uioverrides.QuickstepLauncher,RESUME_ACTIVITY]
11-11 04:56:50.789 1490 1635 I input_focus: [Focus request 978e85f com.android.launcher3/com.android.launcher3.uioverrides.QuickstepLauncher,reason=UpdateInputWindows]
11-11 04:56:50.793 2824 2824 I wm_on_top_resumed_gained_called: [85671939,com.android.launcher3.uioverrides.QuickstepLauncher,topStateChangedWhenResumed]
11-11 04:56:50.793 1490 1634 I sysui_multi_action: [757,803,799,window_time_2,802,7]
11-11 04:56:50.795 8707 8707 I wm_on_paused_called: [76813561,com.android.soundrecorder.SoundRecorder,performPause]
11-11 04:56:50.797 1490 2446 I wm_stop_activity: [0,76813561,com.android.soundrecorder/.SoundRecorder]
11-11 04:56:50.801 1490 1634 I sysui_multi_action: [757,803,799,window_time_0,802,0]
11-11 04:56:50.807 1490 1992 I input_focus: [Focus leaving recents_animation_input_consumer (server),reason=NOT_VISIBLE]
11-11 04:56:50.807 1490 1992 I input_focus: [Focus entering 978e85f com.android.launcher3/com.android.launcher3.uioverrides.QuickstepLauncher (server),reason=setFocusedWindow]
11-11 04:56:50.822 8707 8707 I wm_on_stop_called: [76813561,com.android.soundrecorder.SoundRecorder,STOP_ACTIVITY_ITEM]
11-11 04:56:50.891 1490 3527 I wm_finish_activity: [0,76813561,66,com.android.soundrecorder/.SoundRecorder,remove-task]
11-11 04:56:50.892 1490 3527 I wm_destroy_activity: [0,76813561,66,com.android.soundrecorder/.SoundRecorder,finish-imm:finishIfPossible]
11-11 04:56:50.894 8707 8707 I wm_on_destroy_called: [76813561,com.android.soundrecorder.SoundRecorder,performDestroy]
11-11 04:56:50.896 1490 1634 I am_kill : [0,8707,com.android.soundrecorder,900,remove task]
11-11 04:56:50.897 1490 1634 I sysui_multi_action: [757,803,799,window_time_0,802,0]
11-11 04:56:50.925 1490 7448 I am_proc_died: [0,8707,com.android.soundrecorder,900,18]
11-11 04:56:50.925 1490 7448 I am_uid_stopped: 10060
11-11 04:56:50.927 1490 7448 I wm_task_removed: [66,removeChild:removeChild last r=ActivityRecord{49414f9 u0 com.android.soundrecorder/.SoundRecorder t-1 f}} in t=Task{d636859 #66 type=standard A=10060:com.android.soundrecorder U=0 visible=false mode=fullscreen translucent=true sz=0}]
11-11 04:56:50.927 1490 7448 I wm_task_removed: [66,removeChild]
11-11 04:56:50.935 1490 1992 I input_interaction: Interaction with: 978e85f com.android.launcher3/com.android.launcher3.uioverrides.QuickstepLauncher (server), f91321f com.android.systemui.ImageWallpaper (server), edge-swipe (server), swipe-up (server), PointerEventDispatcher0 (server),
11-11 04:56:51.315 0 0 I auditd : type=1400 audit(0.0:1067): avc: denied { kill } for comm="swapper/3" capability=5 scontext=u:r:kernel:s0 tcontext=u:r:kernel:s0 tclass=capability permissive=0
11-11 04:56:53.774 1490 1669 I commit_sys_config_file: [package-user-0,3]
11-11 04:56:53.774 1490 1669 I commit_sys_config_file: [package,66]
11-11 04:56:54.248 1490 7266 I wm_task_created: [67,-1]
11-11 04:56:54.254 1490 7266 I wm_task_moved: [67,1,6]
11-11 04:56:54.254 1490 7266 I wm_task_to_front: [0,67]
11-11 04:56:54.254 1490 7266 I wm_create_task: [0,67]
11-11 04:56:54.254 1490 7266 I wm_create_activity: [0,156005244,67,com.thundercomm.mcuupgrade/.MainActivity,NULL,NULL,NULL,268468224]
11-11 04:56:54.254 1490 7266 I wm_task_moved: [67,1,6]
11-11 04:56:54.260 1490 7266 I wm_restart_activity: [0,156005244,67,com.thundercomm.mcuupgrade/.MainActivity]
11-11 04:56:54.261 1490 7266 I wm_set_resumed_activity: [0,com.thundercomm.mcuupgrade/.MainActivity,minimalResumeActivityLocked]
11-11 04:56:54.276 2824 2824 I wm_on_top_resumed_lost_called: [85671939,com.android.launcher3.uioverrides.QuickstepLauncher,topStateChangedWhenResumed]
11-11 04:56:54.305 8360 8360 I wm_on_create_called: [156005244,com.thundercomm.mcuupgrade.MainActivity,performCreate]
11-11 04:56:54.305 8360 8360 I wm_on_start_called: [156005244,com.thundercomm.mcuupgrade.MainActivity,handleStartActivity]
11-11 04:56:54.306 8360 8360 I wm_on_resume_called: [156005244,com.thundercomm.mcuupgrade.MainActivity,RESUME_ACTIVITY]
11-11 04:56:54.315 8360 8360 I wm_on_top_resumed_gained_called: [156005244,com.thundercomm.mcuupgrade.MainActivity,topStateChangedWhenResumed]
11-11 04:56:54.315 0 0 I auditd : type=1400 audit(0.0:1068): avc: denied { kill } for comm="swapper/3" capability=5 scontext=u:r:kernel:s0 tcontext=u:r:kernel:s0 tclass=capability permissive=0
11-11 04:56:54.327 1490 1635 I input_focus: [Focus request 2bbccb2 com.thundercomm.mcuupgrade/com.thundercomm.mcuupgrade.MainActivity,reason=UpdateInputWindows]
11-11 04:56:54.348 1490 1992 I input_focus: [Focus leaving 978e85f com.android.launcher3/com.android.launcher3.uioverrides.QuickstepLauncher (server),reason=Waiting for window because NOT_VISIBLE]
11-11 04:56:54.386 1490 1630 I sysui_multi_action: [319,141,322,141,325,633,757,761,758,8,759,2,806,com.thundercomm.mcuupgrade,871,com.thundercomm.mcuupgrade.MainActivity,904,com.android.launcher3,905,0,1320,4,1321,1]
11-11 04:56:54.388 1490 1630 I wm_activity_launch_time: [0,156005244,com.thundercomm.mcuupgrade/.MainActivity,141]
11-11 04:56:54.398 1490 1992 I input_focus: [Focus entering 2bbccb2 com.thundercomm.mcuupgrade/com.thundercomm.mcuupgrade.MainActivity (server),reason=Window became focusable. Previous reason: NOT_VISIBLE]
11-11 04:56:55.315 0 0 I auditd : type=1400 audit(0.0:1069): avc: denied { kill } for comm="swapper/3" capability=5 scontext=u:r:kernel:s0 tcontext=u:r:kernel:s0 tclass=capability permissive=0
11-11 04:56:55.506 1490 1772 I am_freeze: [4538,com.qualcomm.qti.qms.service.trustzoneaccess]
11-11 04:56:55.508 1490 1772 I am_kill : [0,4538,com.qualcomm.qti.qms.service.trustzoneaccess,955,Unable to freeze binder interface]
11-11 04:56:55.548 1490 7448 I am_proc_died: [0,4538,com.qualcomm.qti.qms.service.trustzoneaccess,955,19]
11-11 04:56:55.549 1490 7448 I am_uid_stopped: 10055
11-11 04:56:55.763 1490 1992 I input_interaction: Interaction with: 2bbccb2 com.thundercomm.mcuupgrade/com.thundercomm.mcuupgrade.MainActivity (server), edge-swipe (server), swipe-up (server), PointerEventDispatcher0 (server),
11-11 04:56:55.894 1490 7158 I wm_relaunch_resume_activity: [0,156005244,67,com.thundercomm.mcuupgrade/.MainActivity]
11-11 04:56:55.894 1490 7158 I wm_add_to_stopping: [0,85671939,com.android.launcher3/.uioverrides.QuickstepLauncher,makeInvisible]
11-11 04:56:55.934 8360 8360 I wm_on_top_resumed_lost_called: [156005244,com.thundercomm.mcuupgrade.MainActivity,pausing]
11-11 04:56:55.935 8360 8360 I wm_on_paused_called: [156005244,com.thundercomm.mcuupgrade.MainActivity,performPause]
11-11 04:56:55.940 8360 8360 I wm_on_stop_called: [156005244,com.thundercomm.mcuupgrade.MainActivity,handleRelaunchActivity]
11-11 04:56:55.945 1490 7158 I am_crash: [8360,0,com.thundercomm.mcuupgrade,818462277,java.lang.IllegalArgumentException,Service not registered: com.thundercomm.mcuupgrade.MainActivity$1@de69345,LoadedApk.java,1880]
11-11 04:56:55.947 1490 7158 I wm_finish_activity: [0,156005244,67,com.thundercomm.mcuupgrade/.MainActivity,force-crash]
11-11 04:56:55.947 1490 7158 I wm_task_moved: [1,1,6]
11-11 04:56:55.948 1490 7158 I wm_set_resumed_activity: [0,com.android.launcher3/.uioverrides.QuickstepLauncher,positionChildAt]
11-11 04:56:55.948 1490 7158 I wm_task_moved: [10,1,2147483647]
11-11 04:56:55.948 1490 7158 I wm_task_to_front: [0,10]
11-11 04:56:55.948 1490 7158 I wm_focused_root_task: [0,0,1,67,finish-top adjustFocusToNextFocusableTask]
11-11 04:56:55.948 1490 7158 I wm_set_resumed_activity: [0,com.android.launcher3/.uioverrides.QuickstepLauncher,finish-top adjustFocusToNextFocusableTask]
11-11 04:56:55.954 1490 7158 I wm_pause_activity: [0,156005244,com.thundercomm.mcuupgrade/.MainActivity,userLeaving=false,finish]
11-11 04:56:55.960 1490 7158 I sysui_multi_action: [757,316,758,4,759,-1]
11-11 04:56:55.968 1490 1992 I input_focus: [Focus leaving 2bbccb2 com.thundercomm.mcuupgrade/com.thundercomm.mcuupgrade.MainActivity (server),reason=NO_WINDOW]
11-11 04:56:56.000 1490 7448 I am_proc_died: [0,8360,com.thundercomm.mcuupgrade,0,2]
11-11 04:56:56.008 1490 7448 I wm_task_removed: [67,removeChild:removeChild last r=ActivityRecord{94c737c u0 com.thundercomm.mcuupgrade/.MainActivity t-1 f}} in t=Task{2400a6f #67 type=standard A=1000:com.thundercomm.mcuupgrade U=0 visible=false mode=fullscreen translucent=true sz=0}]
11-11 04:56:56.008 1490 7448 I wm_task_removed: [67,removeChild]
11-11 04:56:56.014 1490 1635 I input_focus: [Focus request 978e85f com.android.launcher3/com.android.launcher3.uioverrides.QuickstepLauncher,reason=UpdateInputWindows]
11-11 04:56:56.035 1490 1992 I input_focus: [Focus entering 978e85f com.android.launcher3/com.android.launcher3.uioverrides.QuickstepLauncher (server),reason=setFocusedWindow]
11-11 04:56:56.315 0 0 I auditd : type=1400 audit(0.0:1070): avc: denied { kill } for comm="swapper/3" capability=5 scontext=u:r:kernel:s0 tcontext=u:r:kernel:s0 tclass=capability permissive=0
11-11 04:56:56.450 2824 2824 I wm_on_top_resumed_gained_called: [85671939,com.android.launcher3.uioverrides.QuickstepLauncher,topStateChangedWhenResumed]
11-11 04:56:57.171 1490 1992 I input_interaction: Interaction with: 978e85f com.android.launcher3/com.android.launcher3.uioverrides.QuickstepLauncher (server), f91321f com.android.systemui.ImageWallpaper (server), edge-swipe (server), swipe-up (server), PointerEventDispatcher0 (server),
11-11 04:56:58.315 0 0 I auditd : type=1400 audit(0.0:1071): avc: denied { kill } for comm="swapper/3" capability=5 scontext=u:r:kernel:s0 tcontext=u:r:kernel:s0 tclass=capability permissive=0
11-11 04:56:58.483 1490 7266 I wm_task_created: [68,-1]
11-11 04:56:58.492 1490 7266 I wm_task_moved: [68,1,6]
11-11 04:56:58.492 1490 7266 I wm_task_to_front: [0,68]
11-11 04:56:58.493 1490 7266 I wm_create_task: [0,68]
11-11 04:56:58.493 1490 7266 I wm_create_activity: [0,7250714,68,com.microsoft.emmx/com.microsoft.ruby.Main,NULL,NULL,NULL,268468224]
11-11 04:56:58.493 1490 7266 I wm_task_moved: [68,1,6]
11-11 04:56:58.499 1490 7266 I wm_restart_activity: [0,7250714,68,com.microsoft.emmx/com.microsoft.ruby.Main]
11-11 04:56:58.500 1490 7266 I wm_set_resumed_activity: [0,com.microsoft.emmx/com.microsoft.ruby.Main,minimalResumeActivityLocked]
11-11 04:56:58.504 1490 1634 I am_uid_active: 10024
11-11 04:56:58.506 1490 1634 I am_uid_active: 90000
11-11 04:56:58.507 2824 2824 I wm_on_top_resumed_lost_called: [85671939,com.android.launcher3.uioverrides.QuickstepLauncher,topStateChangedWhenResumed]
11-11 04:56:58.516 1490 6837 I wm_task_created: [69,-1]
11-11 04:56:58.517 1490 6837 I wm_finish_activity: [0,7250714,68,com.microsoft.emmx/com.microsoft.ruby.Main,app-request]
11-11 04:56:58.517 1490 6837 I wm_task_moved: [1,1,7]
11-11 04:56:58.517 1490 6837 I wm_set_resumed_activity: [0,com.android.launcher3/.uioverrides.QuickstepLauncher,positionChildAt]
11-11 04:56:58.517 1490 6837 I wm_task_moved: [10,1,2147483647]
11-11 04:56:58.517 1490 6837 I wm_task_to_front: [0,10]
11-11 04:56:58.517 1490 6837 I wm_focused_root_task: [0,0,1,-1,finish-top adjustFocusToNextFocusableTask]
11-11 04:56:58.517 1490 6837 I wm_set_resumed_activity: [0,com.android.launcher3/.uioverrides.QuickstepLauncher,finish-top]
11-11 04:56:58.518 1490 6837 I wm_pause_activity: [0,7250714,com.microsoft.emmx/com.microsoft.ruby.Main,userLeaving=false,finish]
11-11 04:56:58.520 1490 6837 I wm_task_moved: [69,1,7]
11-11 04:56:58.520 1490 6837 I wm_task_to_front: [0,69]
11-11 04:56:58.520 1490 6837 I wm_focused_root_task: [0,0,69,1,reuseOrNewTask]
11-11 04:56:58.520 1490 6837 I wm_create_task: [0,69]
11-11 04:56:58.520 1490 6837 I wm_create_activity: [0,256104166,69,com.microsoft.emmx/com.microsoft.edge.fre.OrientationAdaptiveFirstRunActivity,NULL,NULL,NULL,276824064]
11-11 04:56:58.520 1490 6837 I wm_task_moved: [69,1,7]
11-11 04:56:58.523 1490 1635 I input_focus: [Focus request 978e85f com.android.launcher3/com.android.launcher3.uioverrides.QuickstepLauncher,reason=UpdateInputWindows]
11-11 04:56:58.535 8092 8092 I wm_on_create_called: [7250714,com.microsoft.ruby.Main,performCreate]
11-11 04:56:58.536 1490 2959 I wm_add_to_stopping: [0,7250714,com.microsoft.emmx/com.microsoft.ruby.Main,completeFinishing]
11-11 04:56:58.538 1490 2959 I wm_restart_activity: [0,256104166,69,com.microsoft.emmx/com.microsoft.edge.fre.OrientationAdaptiveFirstRunActivity]
11-11 04:56:58.539 1490 2959 I wm_set_resumed_activity: [0,com.microsoft.emmx/com.microsoft.edge.fre.OrientationAdaptiveFirstRunActivity,minimalResumeActivityLocked]
11-11 04:56:58.541 1490 1634 I wm_destroy_activity: [0,7250714,68,com.microsoft.emmx/com.microsoft.ruby.Main,finish-imm:idle]
11-11 04:56:58.544 1490 1634 I sysui_multi_action: [757,803,799,window_time_0,802,8]
11-11 04:56:58.555 8092 8092 I wm_on_create_called: [256104166,com.microsoft.edge.fre.OrientationAdaptiveFirstRunActivity,performCreate]
11-11 04:56:58.556 8092 8092 I wm_on_start_called: [256104166,com.microsoft.edge.fre.OrientationAdaptiveFirstRunActivity,handleStartActivity]
11-11 04:56:58.557 8092 8092 I wm_on_resume_called: [256104166,com.microsoft.edge.fre.OrientationAdaptiveFirstRunActivity,RESUME_ACTIVITY]
11-11 04:56:58.559 8092 8092 I wm_on_top_resumed_gained_called: [256104166,com.microsoft.edge.fre.OrientationAdaptiveFirstRunActivity,topStateChangedWhenResumed]
11-11 04:56:58.563 8092 8092 I wm_on_destroy_called: [7250714,com.microsoft.ruby.Main,performDestroy]
11-11 04:56:58.564 1490 6837 I wm_task_removed: [68,removeChild:removeChild last r=ActivityRecord{6ea31a u0 com.microsoft.emmx/com.microsoft.ruby.Main t-1 f}} in t=Task{1a0ddc5 #68 type=standard A=10024:com.microsoft.emmx U=0 visible=false mode=freeform translucent=true sz=0}]
11-11 04:56:58.564 1490 6837 I wm_task_removed: [68,removeChild]
11-11 04:56:58.587 1490 1635 I input_focus: [Focus request 7cdc235 com.microsoft.emmx/com.microsoft.edge.fre.OrientationAdaptiveFirstRunActivity,reason=UpdateInputWindows]
11-11 04:56:58.607 1490 1630 I sysui_multi_action: [319,138,322,136,325,638,757,761,758,8,759,2,806,com.microsoft.emmx,871,com.microsoft.edge.fre.OrientationAdaptiveFirstRunActivity,904,com.microsoft.emmx,905,0,1320,4,1321,2]
11-11 04:56:58.608 1490 1630 I wm_activity_launch_time: [0,256104166,com.microsoft.emmx/com.microsoft.edge.fre.OrientationAdaptiveFirstRunActivity,136]
11-11 04:56:58.609 1490 1992 I input_focus: [Focus leaving 978e85f com.android.launcher3/com.android.launcher3.uioverrides.QuickstepLauncher (server),reason=setFocusedWindow]
11-11 04:56:58.609 1490 1992 I input_focus: [Focus entering 7cdc235 com.microsoft.emmx/com.microsoft.edge.fre.OrientationAdaptiveFirstRunActivity (server),reason=setFocusedWindow]
11-11 04:56:59.315 0 0 I auditd : type=1400 audit(0.0:1072): avc: denied { kill } for comm="swapper/3" capability=5 scontext=u:r:kernel:s0 tcontext=u:r:kernel:s0 tclass=capability permissive=0
11-11 04:57:00.160 1490 1992 I input_interaction: Interaction with: 7cdc235 com.microsoft.emmx/com.microsoft.edge.fre.OrientationAdaptiveFirstRunActivity (server), edge-swipe (server), swipe-up (server), PointerEventDispatcher0 (server),
11-11 04:57:00.315 0 0 I auditd : type=1400 audit(0.0:1073): avc: denied { kill } for comm="swapper/3" capability=5 scontext=u:r:kernel:s0 tcontext=u:r:kernel:s0 tclass=capability permissive=0
11-11 04:57:00.711 1490 1635 I input_focus: [Focus request 8cb4c40 com.microsoft.emmx/com.microsoft.edge.fre.OrientationAdaptiveFirstRunActivity,reason=UpdateInputWindows]
11-11 04:57:00.719 1490 7448 I wm_finish_activity: [0,256104166,69,com.microsoft.emmx/com.microsoft.edge.fre.OrientationAdaptiveFirstRunActivity,app-request]
11-11 04:57:00.720 1490 7448 I wm_task_moved: [1,1,6]
11-11 04:57:00.722 1490 7448 I wm_set_resumed_activity: [0,com.android.launcher3/.uioverrides.QuickstepLauncher,positionChildAt]
11-11 04:57:00.722 1490 7448 I wm_task_moved: [10,1,2147483647]
11-11 04:57:00.722 1490 7448 I wm_task_to_front: [0,10]
11-11 04:57:00.722 1490 7448 I wm_focused_root_task: [0,0,1,-1,finish-top adjustFocusToNextFocusableTask]
11-11 04:57:00.722 1490 7448 I wm_set_resumed_activity: [0,com.android.launcher3/.uioverrides.QuickstepLauncher,finish-top]
11-11 04:57:00.740 1490 1992 I input_focus: [Focus entering 8cb4c40 com.microsoft.emmx/com.microsoft.edge.fre.OrientationAdaptiveFirstRunActivity (server),reason=setFocusedWindow]
11-11 04:57:00.742 1490 7448 I wm_pause_activity: [0,256104166,com.microsoft.emmx/com.microsoft.edge.fre.OrientationAdaptiveFirstRunActivity,userLeaving=false,finish]
11-11 04:57:00.751 8092 8092 I wm_on_top_resumed_lost_called: [256104166,com.microsoft.edge.fre.OrientationAdaptiveFirstRunActivity,topStateChangedWhenResumed]
11-11 04:57:00.753 1490 1635 I input_focus: [Focus request 978e85f com.android.launcher3/com.android.launcher3.uioverrides.QuickstepLauncher,reason=UpdateInputWindows]
11-11 04:57:00.753 2824 2824 I wm_on_top_resumed_gained_called: [85671939,com.android.launcher3.uioverrides.QuickstepLauncher,topStateChangedWhenResumed]
11-11 04:57:00.755 8092 8092 I wm_on_paused_called: [256104166,com.microsoft.edge.fre.OrientationAdaptiveFirstRunActivity,performPause]
11-11 04:57:00.756 1490 7584 I wm_destroy_activity: [0,256104166,69,com.microsoft.emmx/com.microsoft.edge.fre.OrientationAdaptiveFirstRunActivity,finish-imm:completePausedLocked]
11-11 04:57:00.766 1490 1992 I input_focus: [Focus leaving 8cb4c40 com.microsoft.emmx/com.microsoft.edge.fre.OrientationAdaptiveFirstRunActivity (server),reason=NO_WINDOW]
11-11 04:57:00.766 1490 1992 I input_focus: [Focus entering 978e85f com.android.launcher3/com.android.launcher3.uioverrides.QuickstepLauncher (server),reason=setFocusedWindow]
11-11 04:57:00.787 1490 1634 I sysui_multi_action: [757,803,799,window_time_2,802,2]
11-11 04:57:00.794 8092 8092 I wm_on_stop_called: [256104166,com.microsoft.edge.fre.OrientationAdaptiveFirstRunActivity,LIFECYCLER_STOP_ACTIVITY]
11-11 04:57:00.813 8092 8092 I wm_on_destroy_called: [256104166,com.microsoft.edge.fre.OrientationAdaptiveFirstRunActivity,performDestroy]
11-11 04:57:01.046 1490 1635 I wm_task_removed: [69,removeChild:removeChild last r=ActivityRecord{f43d6e6 u0 com.microsoft.emmx/com.microsoft.edge.fre.OrientationAdaptiveFirstRunActivity t-1 f}} in t=Task{8b69141 #69 type=standard A=10024:com.microsoft.emmx U=0 visible=false mode=freeform translucent=true sz=0}]
11-11 04:57:01.046 1490 1635 I wm_task_removed: [69,removeChild]
11-11 04:57:01.315 0 0 I auditd : type=1400 audit(0.0:1074): avc: denied { kill } for comm="swapper/3" capability=5 scontext=u:r:kernel:s0 tcontext=u:r:kernel:s0 tclass=capability permissive=0
11-11 04:57:01.899 1490 1992 I input_interaction: Interaction with: 978e85f com.android.launcher3/com.android.launcher3.uioverrides.QuickstepLauncher (server), f91321f com.android.systemui.ImageWallpaper (server), edge-swipe (server), swipe-up (server), PointerEventDispatcher0 (server),
11-11 04:57:02.315 0 0 I auditd : type=1400 audit(0.0:1075): avc: denied { kill } for comm="swapper/3" capability=5 scontext=u:r:kernel:s0 tcontext=u:r:kernel:s0 tclass=capability permissive=0
11-11 04:57:03.038 1490 7584 I wm_task_created: [70,-1]
11-11 04:57:03.044 1490 7584 I wm_task_moved: [70,1,6]
11-11 04:57:03.044 1490 7584 I wm_task_to_front: [0,70]
11-11 04:57:03.045 1490 7584 I wm_create_task: [0,70]
11-11 04:57:03.045 1490 7584 I wm_create_activity: [0,213772850,70,com.microsoft.emmx/com.microsoft.ruby.Main,NULL,NULL,NULL,268468224]
11-11 04:57:03.045 1490 7584 I wm_task_moved: [70,1,6]
11-11 04:57:03.048 1490 7584 I wm_restart_activity: [0,213772850,70,com.microsoft.emmx/com.microsoft.ruby.Main]
11-11 04:57:03.050 1490 7584 I wm_set_resumed_activity: [0,com.microsoft.emmx/com.microsoft.ruby.Main,minimalResumeActivityLocked]
11-11 04:57:03.056 2824 2824 I wm_on_top_resumed_lost_called: [85671939,com.android.launcher3.uioverrides.QuickstepLauncher,topStateChangedWhenResumed]
11-11 04:57:03.071 1490 6160 I wm_task_created: [71,-1]
11-11 04:57:03.072 1490 6160 I wm_finish_activity: [0,213772850,70,com.microsoft.emmx/com.microsoft.ruby.Main,app-request]
11-11 04:57:03.072 1490 6160 I wm_task_moved: [1,1,7]
11-11 04:57:03.073 1490 6160 I wm_set_resumed_activity: [0,com.android.launcher3/.uioverrides.QuickstepLauncher,positionChildAt]
11-11 04:57:03.073 1490 6160 I wm_task_moved: [10,1,2147483647]
11-11 04:57:03.073 1490 6160 I wm_task_to_front: [0,10]
11-11 04:57:03.073 1490 6160 I wm_focused_root_task: [0,0,1,-1,finish-top adjustFocusToNextFocusableTask]
11-11 04:57:03.073 1490 6160 I wm_set_resumed_activity: [0,com.android.launcher3/.uioverrides.QuickstepLauncher,finish-top]
11-11 04:57:03.074 1490 6160 I wm_pause_activity: [0,213772850,com.microsoft.emmx/com.microsoft.ruby.Main,userLeaving=false,finish]
11-11 04:57:03.077 1490 6160 I wm_task_moved: [71,1,7]
11-11 04:57:03.077 1490 6160 I wm_task_to_front: [0,71]
11-11 04:57:03.077 1490 6160 I wm_focused_root_task: [0,0,71,1,reuseOrNewTask]
11-11 04:57:03.077 1490 6160 I wm_create_task: [0,71]
11-11 04:57:03.077 1490 6160 I wm_create_activity: [0,196179257,71,com.microsoft.emmx/com.microsoft.edge.fre.OrientationAdaptiveFirstRunActivity,NULL,NULL,NULL,276824064]
11-11 04:57:03.077 1490 6160 I wm_task_moved: [71,1,7]
11-11 04:57:03.084 1490 1635 I input_focus: [Focus request 978e85f com.android.launcher3/com.android.launcher3.uioverrides.QuickstepLauncher,reason=UpdateInputWindows]
11-11 04:57:03.098 8092 8092 I wm_on_create_called: [213772850,com.microsoft.ruby.Main,performCreate]
11-11 04:57:03.099 1490 2453 I wm_add_to_stopping: [0,213772850,com.microsoft.emmx/com.microsoft.ruby.Main,completeFinishing]
11-11 04:57:03.102 1490 2453 I wm_restart_activity: [0,196179257,71,com.microsoft.emmx/com.microsoft.edge.fre.OrientationAdaptiveFirstRunActivity]
11-11 04:57:03.104 1490 2453 I wm_set_resumed_activity: [0,com.microsoft.emmx/com.microsoft.edge.fre.OrientationAdaptiveFirstRunActivity,minimalResumeActivityLocked]
11-11 04:57:03.108 1490 1634 I wm_destroy_activity: [0,213772850,70,com.microsoft.emmx/com.microsoft.ruby.Main,finish-imm:idle]
11-11 04:57:03.113 1490 1634 I sysui_multi_action: [757,803,799,window_time_0,802,2]
11-11 04:57:03.128 8092 8092 I wm_on_create_called: [196179257,com.microsoft.edge.fre.OrientationAdaptiveFirstRunActivity,performCreate]
11-11 04:57:03.131 8092 8092 I wm_on_start_called: [196179257,com.microsoft.edge.fre.OrientationAdaptiveFirstRunActivity,handleStartActivity]
11-11 04:57:03.132 8092 8092 I wm_on_resume_called: [196179257,com.microsoft.edge.fre.OrientationAdaptiveFirstRunActivity,RESUME_ACTIVITY]
11-11 04:57:03.132 1490 1641 I am_pss : [8681,10068,com.android.calendar,6692864,4878336,0,91971584,0,19,5]
11-11 04:57:03.135 8092 8092 I wm_on_top_resumed_gained_called: [196179257,com.microsoft.edge.fre.OrientationAdaptiveFirstRunActivity,topStateChangedWhenResumed]
11-11 04:57:03.144 8092 8092 I wm_on_destroy_called: [213772850,com.microsoft.ruby.Main,performDestroy]
11-11 04:57:03.145 1490 7426 I wm_task_removed: [70,removeChild:removeChild last r=ActivityRecord{cbdea32 u0 com.microsoft.emmx/com.microsoft.ruby.Main t-1 f}} in t=Task{382f23d #70 type=standard A=10024:com.microsoft.emmx U=0 visible=false mode=freeform translucent=true sz=0}]
11-11 04:57:03.145 1490 7426 I wm_task_removed: [70,removeChild]
11-11 04:57:03.185 1490 1635 I input_focus: [Focus request ef9e4ad com.microsoft.emmx/com.microsoft.edge.fre.OrientationAdaptiveFirstRunActivity,reason=UpdateInputWindows]
11-11 04:57:03.203 1490 1992 I input_focus: [Focus leaving 978e85f com.android.launcher3/com.android.launcher3.uioverrides.QuickstepLauncher (server),reason=setFocusedWindow]
11-11 04:57:03.203 1490 1992 I input_focus: [Focus entering ef9e4ad com.microsoft.emmx/com.microsoft.edge.fre.OrientationAdaptiveFirstRunActivity (server),reason=setFocusedWindow]
11-11 04:57:03.215 1490 1630 I sysui_multi_action: [319,163,322,162,325,642,757,761,758,8,759,2,806,com.microsoft.emmx,871,com.microsoft.edge.fre.OrientationAdaptiveFirstRunActivity,904,com.microsoft.emmx,905,0,1320,4,1321,2]
11-11 04:57:03.217 1490 1630 I wm_activity_launch_time: [0,196179257,com.microsoft.emmx/com.microsoft.edge.fre.OrientationAdaptiveFirstRunActivity,162]
11-11 04:57:04.315 0 0 I auditd : type=1400 audit(0.0:1076): avc: denied { kill } for comm="swapper/3" capability=5 scontext=u:r:kernel:s0 tcontext=u:r:kernel:s0 tclass=capability permissive=0
11-11 04:57:04.395 1490 1992 I input_interaction: Interaction with: ef9e4ad com.microsoft.emmx/com.microsoft.edge.fre.OrientationAdaptiveFirstRunActivity (server), edge-swipe (server), swipe-up (server), PointerEventDispatcher0 (server),
11-11 04:57:04.969 1490 1635 I input_focus: [Focus request 9f32818 com.microsoft.emmx/com.microsoft.edge.fre.OrientationAdaptiveFirstRunActivity,reason=UpdateInputWindows]
11-11 04:57:04.992 1490 1992 I input_focus: [Focus entering 9f32818 com.microsoft.emmx/com.microsoft.edge.fre.OrientationAdaptiveFirstRunActivity (server),reason=setFocusedWindow]
11-11 04:57:05.478 1490 1745 I commit_sys_config_file: [settings-3-0,2]
11-11 04:57:05.586 1490 1992 I input_interaction: Interaction with: 9f32818 com.microsoft.emmx/com.microsoft.edge.fre.OrientationAdaptiveFirstRunActivity (server), edge-swipe (server), swipe-up (server), PointerEventDispatcher0 (server),
11-11 04:57:05.733 1490 6160 I wm_add_to_stopping: [0,85671939,com.android.launcher3/.uioverrides.QuickstepLauncher,makeInvisible]
11-11 04:57:06.131 1490 1634 I wm_stop_activity: [0,85671939,com.android.launcher3/.uioverrides.QuickstepLauncher]
11-11 04:57:06.158 2824 2824 I wm_on_paused_called: [85671939,com.android.launcher3.uioverrides.QuickstepLauncher,performPause]
11-11 04:57:06.161 2824 2824 I wm_on_stop_called: [85671939,com.android.launcher3.uioverrides.QuickstepLauncher,STOP_ACTIVITY_ITEM]
11-11 04:57:06.315 474 474 I auditd : type=1400 audit(0.0:1077): avc: denied { kill } for comm="kworker/u16:17" capability=5 scontext=u:r:kernel:s0 tcontext=u:r:kernel:s0 tclass=capability permissive=0
11-11 04:57:07.315 8680 8680 I auditd : type=1400 audit(0.0:1078): avc: denied { kill } for comm="kworker/u16:12" capability=5 scontext=u:r:kernel:s0 tcontext=u:r:kernel:s0 tclass=capability permissive=0
11-11 04:57:08.070 1490 7266 I wm_task_moved: [1,0,0]
11-11 04:57:08.071 1490 7266 I wm_task_moved: [1,0,5]
11-11 04:57:08.077 2824 2824 I wm_on_restart_called: [85671939,com.android.launcher3.uioverrides.QuickstepLauncher,performRestartActivity]
11-11 04:57:08.109 2824 2824 I wm_on_start_called: [85671939,com.android.launcher3.uioverrides.QuickstepLauncher,handleStartActivity]
11-11 04:57:08.127 1490 1630 I sysui_multi_action: [319,11,322,52,325,647,757,761,758,9,759,5,806,com.android.launcher3,871,com.android.launcher3.uioverrides.QuickstepLauncher,905,0,1320,4,1321,1]
11-11 04:57:08.181 2824 2824 I sysui_latency: [1,73]
11-11 04:57:08.182 8092 8092 I view_enqueue_input_event: [Motion - Cancel,com.microsoft.emmx/com.microsoft.edge.fre.OrientationAdaptiveFirstRunActivity]
11-11 04:57:08.186 1490 1635 I input_focus: [Focus request recents_animation_input_consumer,reason=UpdateInputWindows]
11-11 04:57:08.190 1490 1992 I input_interaction: Interaction with: edge-swipe (server), swipe-up (server), PointerEventDispatcher0 (server),
11-11 04:57:08.215 1490 1992 I input_focus: [Focus leaving 9f32818 com.microsoft.emmx/com.microsoft.edge.fre.OrientationAdaptiveFirstRunActivity (server),reason=NOT_FOCUSABLE]
11-11 04:57:08.215 1490 1992 I input_focus: [Focus entering recents_animation_input_consumer (server),reason=setFocusedWindow]
11-11 04:57:08.309 1490 1745 I commit_sys_config_file: [settings-1-0,3]
11-11 04:57:08.315 24 24 I auditd : type=1400 audit(0.0:1079): avc: denied { kill } for comm="rcuop/1" capability=5 scontext=u:r:kernel:s0 tcontext=u:r:kernel:s0 tclass=capability permissive=0
11-11 04:57:08.426 1490 1641 I sysui_latency: [8,70]
11-11 04:57:09.371 1490 1641 I sysui_multi_action: [757,1717,758,1,759,0]
11-11 04:57:09.372 1490 1641 I sysui_multi_action: [757,1717,758,2,759,0]
11-11 04:57:09.372 1490 1641 I sysui_multi_action: [757,1717,758,3,759,0]
11-11 04:57:09.726 1490 1745 I commit_sys_config_file: [settings-1-0,6]
11-11 04:57:10.315 0 0 I auditd : type=1400 audit(0.0:1080): avc: denied { kill } for comm="swapper/3" capability=5 scontext=u:r:kernel:s0 tcontext=u:r:kernel:s0 tclass=capability permissive=0
11-11 04:57:10.459 1490 1992 I input_interaction: Interaction with: 978e85f com.android.launcher3/com.android.launcher3.uioverrides.QuickstepLauncher (server), edge-swipe (server), swipe-up (server), PointerEventDispatcher0 (server),
11-11 04:57:11.041 1490 7266 I wm_task_moved: [1,1,6]
11-11 04:57:11.048 1490 7266 I wm_focused_root_task: [0,0,1,71,RecentsAnimation.onAnimationFinished()]
11-11 04:57:11.048 8092 8092 I wm_on_top_resumed_lost_called: [196179257,com.microsoft.edge.fre.OrientationAdaptiveFirstRunActivity,topStateChangedWhenResumed]
11-11 04:57:11.051 1490 7266 I wm_pause_activity: [0,196179257,com.microsoft.emmx/com.microsoft.edge.fre.OrientationAdaptiveFirstRunActivity,userLeaving=false,pauseBackTasks]
11-11 04:57:11.054 1490 7266 I wm_set_resumed_activity: [0,com.android.launcher3/.uioverrides.QuickstepLauncher,resumeTopActivityInnerLocked]
11-11 04:57:11.058 1490 7266 I wm_resume_activity: [0,85671939,10,com.android.launcher3/.uioverrides.QuickstepLauncher]
11-11 04:57:11.059 1490 7266 I wm_add_to_stopping: [0,196179257,com.microsoft.emmx/com.microsoft.edge.fre.OrientationAdaptiveFirstRunActivity,makeInvisible]
11-11 04:57:11.060 2824 2824 I wm_on_resume_called: [85671939,com.android.launcher3.uioverrides.QuickstepLauncher,RESUME_ACTIVITY]
11-11 04:57:11.067 1490 1635 I input_focus: [Focus request 978e85f com.android.launcher3/com.android.launcher3.uioverrides.QuickstepLauncher,reason=UpdateInputWindows]
11-11 04:57:11.068 1490 1634 I sysui_multi_action: [757,803,799,window_time_2,802,8]
11-11 04:57:11.073 1490 1634 I wm_stop_activity: [0,196179257,com.microsoft.emmx/com.microsoft.edge.fre.OrientationAdaptiveFirstRunActivity]
11-11 04:57:11.074 1490 1992 I input_focus: [Focus leaving recents_animation_input_consumer (server),reason=NOT_VISIBLE]
11-11 04:57:11.074 1490 1634 I sysui_multi_action: [757,803,799,window_time_0,802,0]
11-11 04:57:11.088 1490 1992 I input_focus: [Focus entering 978e85f com.android.launcher3/com.android.launcher3.uioverrides.QuickstepLauncher (server),reason=setFocusedWindow]
11-11 04:57:11.091 8092 8092 I wm_on_paused_called: [196179257,com.microsoft.edge.fre.OrientationAdaptiveFirstRunActivity,performPause]
11-11 04:57:11.105 8092 8092 I wm_on_stop_called: [196179257,com.microsoft.edge.fre.OrientationAdaptiveFirstRunActivity,STOP_ACTIVITY_ITEM]
11-11 04:57:11.118 2824 2824 I wm_on_top_resumed_gained_called: [85671939,com.android.launcher3.uioverrides.QuickstepLauncher,topStateChangedWhenResumed]
11-11 04:57:11.168 1490 2406 I wm_finish_activity: [0,196179257,71,com.microsoft.emmx/com.microsoft.edge.fre.OrientationAdaptiveFirstRunActivity,remove-task]
11-11 04:57:11.170 1490 2406 I wm_destroy_activity: [0,196179257,71,com.microsoft.emmx/com.microsoft.edge.fre.OrientationAdaptiveFirstRunActivity,finish-imm:finishIfPossible]
11-11 04:57:11.172 1490 1634 I am_kill : [0,8175,com.microsoft.emmx:sandboxed_process0:org.chromium.content.app.SandboxedProcessService0:0,905,remove task]
11-11 04:57:11.173 1490 1634 I am_kill : [0,8092,com.microsoft.emmx,905,remove task]
11-11 04:57:11.173 1490 1634 I sysui_multi_action: [757,803,799,window_time_0,802,0]
11-11 04:57:11.219 1490 7426 I am_proc_died: [0,8175,com.microsoft.emmx:sandboxed_process0:org.chromium.content.app.SandboxedProcessService0:0,905,19]
11-11 04:57:11.221 1490 7426 I am_schedule_service_restart: [0,com.microsoft.emmx/org.chromium.content.app.SandboxedProcessService0:0,1000]
11-11 04:57:11.221 1490 7426 I am_uid_stopped: 90000
11-11 04:57:11.258 1490 7426 I am_proc_died: [0,8092,com.microsoft.emmx,905,19]
11-11 04:57:11.262 1490 7426 I am_uid_stopped: 10024
11-11 04:57:11.263 1490 7426 I wm_task_removed: [71,removeChild:removeChild last r=ActivityRecord{bb17539 u0 com.microsoft.emmx/com.microsoft.edge.fre.OrientationAdaptiveFirstRunActivity t-1 f}} in t=Task{4473900 #71 type=standard A=10024:com.microsoft.emmx U=0 visible=false mode=fullscreen translucent=true sz=0}]
11-11 04:57:11.263 1490 7426 I wm_task_removed: [71,removeChild]
11-11 04:57:11.268 1490 1634 I am_uid_running: 10024
11-11 04:57:11.282 1490 1643 I am_proc_start: [0,8948,10024,com.microsoft.emmx,NULL,]
11-11 04:57:11.305 1490 2774 I am_proc_bound: [0,8948,com.microsoft.emmx]
11-11 04:57:11.571 1490 1992 I input_interaction: Interaction with: 978e85f com.android.launcher3/com.android.launcher3.uioverrides.QuickstepLauncher (server), f91321f com.android.systemui.ImageWallpaper (server), edge-swipe (server), swipe-up (server), PointerEventDispatcher0 (server),
11-11 04:57:11.675 1490 6837 I wm_task_created: [72,-1]
11-11 04:57:11.682 1490 6837 I wm_task_moved: [72,1,6]
11-11 04:57:11.683 1490 6837 I wm_task_to_front: [0,72]
11-11 04:57:11.683 1490 6837 I wm_create_task: [0,72]
11-11 04:57:11.683 1490 6837 I wm_create_activity: [0,139347778,72,com.android.deskclock/.DeskClock,NULL,NULL,NULL,268468224]
11-11 04:57:11.683 1490 6837 I wm_task_moved: [72,1,6]
11-11 04:57:11.692 1490 1634 I am_uid_running: 10066
11-11 04:57:11.693 2824 2824 I wm_on_top_resumed_lost_called: [85671939,com.android.launcher3.uioverrides.QuickstepLauncher,topStateChangedWhenResumed]
11-11 04:57:11.707 1490 1643 I am_proc_start: [0,9003,10066,com.android.deskclock,top-activity,{com.android.deskclock/com.android.deskclock.DeskClock}]
11-11 04:57:11.731 1490 6837 I am_proc_bound: [0,9003,com.android.deskclock]
11-11 04:57:11.734 1490 6837 I wm_restart_activity: [0,139347778,72,com.android.deskclock/.DeskClock]
11-11 04:57:11.736 1490 6837 I wm_set_resumed_activity: [0,com.android.deskclock/.DeskClock,minimalResumeActivityLocked]
11-11 04:57:11.737 1490 6837 I am_uid_active: 10066
11-11 04:57:11.803 1490 2959 I wm_task_moved: [72,1,6]
11-11 04:57:11.803 1490 2959 I wm_set_resumed_activity: [0,com.android.deskclock/.DeskClock,positionChildAt]
11-11 04:57:11.803 1490 2959 I wm_create_activity: [0,27963941,72,com.android.permissioncontroller/.permission.ui.GrantPermissionsActivity,android.content.pm.action.REQUEST_PERMISSIONS,NULL,NULL,8388608]
11-11 04:57:11.805 1490 2959 I wm_pause_activity: [0,139347778,com.android.deskclock/.DeskClock,userLeaving=true,resumeTopActivityInnerLocked]
11-11 04:57:11.826 9003 9003 I wm_on_create_called: [139347778,com.android.deskclock.DeskClock,performCreate]
11-11 04:57:11.827 9003 9003 I wm_on_start_called: [139347778,com.android.deskclock.DeskClock,handleStartActivity]
11-11 04:57:11.829 9003 9003 I wm_on_resume_called: [139347778,com.android.deskclock.DeskClock,RESUME_ACTIVITY]
11-11 04:57:11.834 9003 9003 I wm_on_top_resumed_gained_called: [139347778,com.android.deskclock.DeskClock,topStateChangedWhenResumed]
11-11 04:57:11.835 9003 9003 I wm_on_top_resumed_lost_called: [139347778,com.android.deskclock.DeskClock,topStateChangedWhenResumed]
11-11 04:57:11.835 9003 9003 I wm_on_paused_called: [139347778,com.android.deskclock.DeskClock,performPause]
11-11 04:57:11.837 1490 2774 I wm_restart_activity: [0,27963941,72,com.android.permissioncontroller/.permission.ui.GrantPermissionsActivity]
11-11 04:57:11.841 1490 2774 I wm_set_resumed_activity: [0,com.android.permissioncontroller/.permission.ui.GrantPermissionsActivity,minimalResumeActivityLocked]
11-11 04:57:11.848 1490 1634 I sysui_multi_action: [757,803,799,window_time_0,802,1]
11-11 04:57:11.864 2360 2360 I wm_on_create_called: [27963941,com.android.permissioncontroller.permission.ui.GrantPermissionsActivity,performCreate]
11-11 04:57:11.864 2360 2360 I wm_on_start_called: [27963941,com.android.permissioncontroller.permission.ui.GrantPermissionsActivity,handleStartActivity]
11-11 04:57:11.865 2360 2360 I wm_on_resume_called: [27963941,com.android.permissioncontroller.permission.ui.GrantPermissionsActivity,RESUME_ACTIVITY]
11-11 04:57:11.867 2360 2360 I wm_on_top_resumed_gained_called: [27963941,com.android.permissioncontroller.permission.ui.GrantPermissionsActivity,topStateChangedWhenResumed]
11-11 04:57:11.872 1490 6837 I wm_finish_activity: [0,27963941,72,com.android.permissioncontroller/.permission.ui.GrantPermissionsActivity,app-request]
11-11 04:57:11.872 1490 6837 I wm_pause_activity: [0,27963941,com.android.permissioncontroller/.permission.ui.GrantPermissionsActivity,userLeaving=false,finish]
11-11 04:57:11.880 2360 2360 I wm_on_top_resumed_lost_called: [27963941,com.android.permissioncontroller.permission.ui.GrantPermissionsActivity,topStateChangedWhenResumed]
11-11 04:57:11.881 2360 2360 I wm_on_paused_called: [27963941,com.android.permissioncontroller.permission.ui.GrantPermissionsActivity,performPause]
11-11 04:57:11.882 1490 2774 I wm_add_to_stopping: [0,27963941,com.android.permissioncontroller/.permission.ui.GrantPermissionsActivity,completeFinishing]
11-11 04:57:11.883 1490 2774 I wm_set_resumed_activity: [0,com.android.deskclock/.DeskClock,resumeTopActivityInnerLocked]
11-11 04:57:11.884 1490 2774 I wm_resume_activity: [0,139347778,72,com.android.deskclock/.DeskClock]
11-11 04:57:11.890 1490 1634 I sysui_multi_action: [757,803,799,window_time_2,802,0]
11-11 04:57:11.902 1490 1635 I input_focus: [Focus request a7cf587 com.android.deskclock/com.android.deskclock.DeskClock,reason=UpdateInputWindows]
11-11 04:57:11.923 1490 1992 I input_focus: [Focus leaving 978e85f com.android.launcher3/com.android.launcher3.uioverrides.QuickstepLauncher (server),reason=Waiting for window because NOT_VISIBLE]
11-11 04:57:11.973 9003 9003 I wm_on_activity_result_called: [139347778,com.android.deskclock.DeskClock,ACTIVITY_RESULT]
11-11 04:57:11.974 9003 9003 I wm_on_resume_called: [139347778,com.android.deskclock.DeskClock,RESUME_ACTIVITY]
11-11 04:57:11.974 1490 1992 I input_focus: [Focus entering a7cf587 com.android.deskclock/com.android.deskclock.DeskClock (server),reason=Window became focusable. Previous reason: NOT_VISIBLE]
11-11 04:57:11.975 9003 9003 I wm_on_top_resumed_gained_called: [139347778,com.android.deskclock.DeskClock,topWhenResuming]
11-11 04:57:12.245 1490 1634 I wm_destroy_activity: [0,27963941,72,com.android.permissioncontroller/.permission.ui.GrantPermissionsActivity,finish-imm:idle]
11-11 04:57:12.249 2360 2360 I wm_on_stop_called: [27963941,com.android.permissioncontroller.permission.ui.GrantPermissionsActivity,LIFECYCLER_STOP_ACTIVITY]
11-11 04:57:12.250 2360 2360 I wm_on_destroy_called: [27963941,com.android.permissioncontroller.permission.ui.GrantPermissionsActivity,performDestroy]
11-11 04:57:13.746 1490 1992 I input_interaction: Interaction with: a7cf587 com.android.deskclock/com.android.deskclock.DeskClock (server), edge-swipe (server), swipe-up (server), PointerEventDispatcher0 (server),
11-11 04:57:13.852 1490 2774 I wm_relaunch_resume_activity: [0,139347778,72,com.android.deskclock/.DeskClock]
11-11 04:57:13.853 1490 2774 I wm_add_to_stopping: [0,85671939,com.android.launcher3/.uioverrides.QuickstepLauncher,makeInvisible]
11-11 04:57:13.858 9003 9003 I wm_on_top_resumed_lost_called: [139347778,com.android.deskclock.DeskClock,pausing]
11-11 04:57:13.862 9003 9003 I wm_on_paused_called: [139347778,com.android.deskclock.DeskClock,performPause]
11-11 04:57:13.863 9003 9003 I wm_on_stop_called: [139347778,com.android.deskclock.DeskClock,handleRelaunchActivity]
11-11 04:57:13.873 9003 9003 I wm_on_destroy_called: [139347778,com.android.deskclock.DeskClock,performDestroy]
11-11 04:57:13.896 1490 2774 I wm_task_moved: [72,1,6]
11-11 04:57:13.896 1490 2774 I wm_set_resumed_activity: [0,com.android.deskclock/.DeskClock,positionChildAt]
11-11 04:57:13.896 1490 2774 I wm_create_activity: [0,76315913,72,com.android.permissioncontroller/.permission.ui.GrantPermissionsActivity,android.content.pm.action.REQUEST_PERMISSIONS,NULL,NULL,8388608]
11-11 04:57:13.897 1490 2774 I wm_pause_activity: [0,85671939,com.android.launcher3/.uioverrides.QuickstepLauncher,userLeaving=true,pauseBackTasks]
