11-11 05:05:24.435 2356 2356 I sysui_multi_action: [757,207,758,1]
11-11 05:05:24.435 2356 2356 I sysui_multi_action: [757,804,799,volume_from_keyguard,801,0,802,1]
11-11 05:05:25.128 1490 1745 I commit_sys_config_file: [settings-1-0,7]
11-11 05:05:25.315 0 0 I auditd : type=1400 audit(0.0:1690): avc: denied { kill } for comm="swapper/1" capability=5 scontext=u:r:kernel:s0 tcontext=u:r:kernel:s0 tclass=capability permissive=0
11-11 05:05:26.315 0 0 I auditd : type=1400 audit(0.0:1691): avc: denied { kill } for comm="swapper/1" capability=5 scontext=u:r:kernel:s0 tcontext=u:r:kernel:s0 tclass=capability permissive=0
11-11 05:05:27.315 0 0 I auditd : type=1400 audit(0.0:1692): avc: denied { kill } for comm="swapper/1" capability=5 scontext=u:r:kernel:s0 tcontext=u:r:kernel:s0 tclass=capability permissive=0
11-11 05:05:27.432 2356 2356 I sysui_multi_action: [757,207,758,2]
11-11 05:05:27.435 2356 2771 I sysui_multi_action: [757,210,758,4,759,-1]
11-11 05:05:28.315 0 0 I auditd : type=1400 audit(0.0:1693): avc: denied { kill } for comm="swapper/1" capability=5 scontext=u:r:kernel:s0 tcontext=u:r:kernel:s0 tclass=capability permissive=0
11-11 05:05:29.315 0 0 I auditd : type=1400 audit(0.0:1694): avc: denied { kill } for comm="swapper/1" capability=5 scontext=u:r:kernel:s0 tcontext=u:r:kernel:s0 tclass=capability permissive=0
11-11 05:05:30.315 0 0 I auditd : type=1400 audit(0.0:1695): avc: denied { kill } for comm="swapper/1" capability=5 scontext=u:r:kernel:s0 tcontext=u:r:kernel:s0 tclass=capability permissive=0
11-11 05:05:31.315 0 0 I auditd : type=1400 audit(0.0:1696): avc: denied { kill } for comm="swapper/1" capability=5 scontext=u:r:kernel:s0 tcontext=u:r:kernel:s0 tclass=capability permissive=0
11-11 05:05:32.315 0 0 I auditd : type=1400 audit(0.0:1697): avc: denied { kill } for comm="swapper/1" capability=5 scontext=u:r:kernel:s0 tcontext=u:r:kernel:s0 tclass=capability permissive=0
11-11 05:05:33.315 0 0 I auditd : type=1400 audit(0.0:1698): avc: denied { kill } for comm="swapper/1" capability=5 scontext=u:r:kernel:s0 tcontext=u:r:kernel:s0 tclass=capability permissive=0
11-11 05:05:33.980 1490 1490 I volume_changed: [3,17,16,39,android]
11-11 05:05:33.992 2356 2771 I sysui_multi_action: [757,210,758,4,759,3]
11-11 05:05:33.995 2356 2771 I sysui_multi_action: [757,211,758,4,759,3]
11-11 05:05:34.002 2356 2356 I sysui_multi_action: [757,207,758,1]
11-11 05:05:34.002 2356 2356 I sysui_multi_action: [757,804,799,volume_from_keyguard,801,0,802,1]
11-11 05:05:34.315 0 0 I auditd : type=1400 audit(0.0:1699): avc: denied { kill } for comm="swapper/1" capability=5 scontext=u:r:kernel:s0 tcontext=u:r:kernel:s0 tclass=capability permissive=0
11-11 05:05:34.702 1490 1745 I commit_sys_config_file: [settings-1-0,8]
11-11 05:05:35.315 0 0 I auditd : type=1400 audit(0.0:1700): avc: denied { kill } for comm="swapper/1" capability=5 scontext=u:r:kernel:s0 tcontext=u:r:kernel:s0 tclass=capability permissive=0
11-11 05:05:36.315 0 0 I auditd : type=1400 audit(0.0:1701): avc: denied { kill } for comm="swapper/1" capability=5 scontext=u:r:kernel:s0 tcontext=u:r:kernel:s0 tclass=capability permissive=0
11-11 05:05:36.391 1490 1490 I volume_changed: [3,16,17,39,android]
11-11 05:05:36.424 2356 2356 I sysui_multi_action: [757,207,758,1]
11-11 05:05:36.424 2356 2356 I sysui_multi_action: [757,804,799,volume_from_keyguard,801,0,802,1]
11-11 05:05:36.560 1490 1490 I volume_changed: [3,17,18,39,android]
11-11 05:05:36.586 2356 2356 I sysui_multi_action: [757,207,758,1]
11-11 05:05:36.587 2356 2356 I sysui_multi_action: [757,804,799,volume_from_keyguard,801,0,802,1]
11-11 05:05:37.126 1490 1745 I commit_sys_config_file: [settings-1-0,7]
11-11 05:05:37.315 0 0 I auditd : type=1400 audit(0.0:1702): avc: denied { kill } for comm="swapper/1" capability=5 scontext=u:r:kernel:s0 tcontext=u:r:kernel:s0 tclass=capability permissive=0
11-11 05:05:38.315 0 0 I auditd : type=1400 audit(0.0:1703): avc: denied { kill } for comm="swapper/1" capability=5 scontext=u:r:kernel:s0 tcontext=u:r:kernel:s0 tclass=capability permissive=0
11-11 05:05:39.315 0 0 I auditd : type=1400 audit(0.0:1704): avc: denied { kill } for comm="swapper/1" capability=5 scontext=u:r:kernel:s0 tcontext=u:r:kernel:s0 tclass=capability permissive=0
11-11 05:05:39.589 2356 2356 I sysui_multi_action: [757,207,758,2]
11-11 05:05:39.591 2356 2771 I sysui_multi_action: [757,210,758,4,759,-1]
11-11 05:05:40.315 0 0 I auditd : type=1400 audit(0.0:1705): avc: denied { kill } for comm="swapper/1" capability=5 scontext=u:r:kernel:s0 tcontext=u:r:kernel:s0 tclass=capability permissive=0
11-11 05:05:41.315 0 0 I auditd : type=1400 audit(0.0:1706): avc: denied { kill } for comm="swapper/1" capability=5 scontext=u:r:kernel:s0 tcontext=u:r:kernel:s0 tclass=capability permissive=0
11-11 05:05:42.315 0 0 I auditd : type=1400 audit(0.0:1707): avc: denied { kill } for comm="swapper/1" capability=5 scontext=u:r:kernel:s0 tcontext=u:r:kernel:s0 tclass=capability permissive=0
11-11 05:05:43.315 0 0 I auditd : type=1400 audit(0.0:1708): avc: denied { kill } for comm="swapper/1" capability=5 scontext=u:r:kernel:s0 tcontext=u:r:kernel:s0 tclass=capability permissive=0
11-11 05:05:44.315 0 0 I auditd : type=1400 audit(0.0:1709): avc: denied { kill } for comm="swapper/1" capability=5 scontext=u:r:kernel:s0 tcontext=u:r:kernel:s0 tclass=capability permissive=0
11-11 05:05:45.315 0 0 I auditd : type=1400 audit(0.0:1710): avc: denied { kill } for comm="swapper/1" capability=5 scontext=u:r:kernel:s0 tcontext=u:r:kernel:s0 tclass=capability permissive=0
11-11 05:05:46.315 0 0 I auditd : type=1400 audit(0.0:1711): avc: denied { kill } for comm="swapper/1" capability=5 scontext=u:r:kernel:s0 tcontext=u:r:kernel:s0 tclass=capability permissive=0
11-11 05:05:47.315 0 0 I auditd : type=1400 audit(0.0:1712): avc: denied { kill } for comm="swapper/1" capability=5 scontext=u:r:kernel:s0 tcontext=u:r:kernel:s0 tclass=capability permissive=0
11-11 05:05:48.315 0 0 I auditd : type=1400 audit(0.0:1713): avc: denied { kill } for comm="swapper/1" capability=5 scontext=u:r:kernel:s0 tcontext=u:r:kernel:s0 tclass=capability permissive=0
11-11 05:05:49.315 0 0 I auditd : type=1400 audit(0.0:1714): avc: denied { kill } for comm="swapper/1" capability=5 scontext=u:r:kernel:s0 tcontext=u:r:kernel:s0 tclass=capability permissive=0
11-11 05:05:49.945 1490 1490 I volume_changed: [3,18,19,39,android]
11-11 05:05:49.966 2356 2771 I sysui_multi_action: [757,210,758,4,759,3]
11-11 05:05:49.968 2356 2771 I sysui_multi_action: [757,211,758,4,759,3]
11-11 05:05:49.981 2356 2356 I sysui_multi_action: [757,207,758,1]
11-11 05:05:49.981 2356 2356 I sysui_multi_action: [757,804,799,volume_from_keyguard,801,0,802,1]
11-11 05:05:50.673 1490 1745 I commit_sys_config_file: [settings-1-0,5]
11-11 05:05:51.315 0 0 I auditd : type=1400 audit(0.0:1715): avc: denied { kill } for comm="swapper/1" capability=5 scontext=u:r:kernel:s0 tcontext=u:r:kernel:s0 tclass=capability permissive=0
11-11 05:05:52.315 0 0 I auditd : type=1400 audit(0.0:1716): avc: denied { kill } for comm="swapper/1" capability=5 scontext=u:r:kernel:s0 tcontext=u:r:kernel:s0 tclass=capability permissive=0
11-11 05:05:52.974 2356 2356 I sysui_multi_action: [757,207,758,2]
11-11 05:05:52.977 2356 2771 I sysui_multi_action: [757,210,758,4,759,-1]
11-11 05:05:54.315 0 0 I auditd : type=1400 audit(0.0:1717): avc: denied { kill } for comm="swapper/1" capability=5 scontext=u:r:kernel:s0 tcontext=u:r:kernel:s0 tclass=capability permissive=0
11-11 05:05:55.315 0 0 I auditd : type=1400 audit(0.0:1718): avc: denied { kill } for comm="swapper/1" capability=5 scontext=u:r:kernel:s0 tcontext=u:r:kernel:s0 tclass=capability permissive=0
11-11 05:05:56.315 0 0 I auditd : type=1400 audit(0.0:1719): avc: denied { kill } for comm="swapper/1" capability=5 scontext=u:r:kernel:s0 tcontext=u:r:kernel:s0 tclass=capability permissive=0
11-11 05:05:56.552 1490 1490 I volume_changed: [3,19,18,39,android]
11-11 05:05:56.553 2356 2771 I sysui_multi_action: [757,210,758,4,759,3]
11-11 05:05:56.574 2356 2771 I sysui_multi_action: [757,211,758,4,759,3]
11-11 05:05:56.584 2356 2356 I sysui_multi_action: [757,207,758,1]
11-11 05:05:56.584 2356 2356 I sysui_multi_action: [757,804,799,volume_from_keyguard,801,0,802,1]
11-11 05:05:57.282 1490 1745 I commit_sys_config_file: [settings-1-0,7]
11-11 05:05:57.315 0 0 I auditd : type=1400 audit(0.0:1720): avc: denied { kill } for comm="swapper/1" capability=5 scontext=u:r:kernel:s0 tcontext=u:r:kernel:s0 tclass=capability permissive=0
11-11 05:05:58.315 0 0 I auditd : type=1400 audit(0.0:1721): avc: denied { kill } for comm="swapper/1" capability=5 scontext=u:r:kernel:s0 tcontext=u:r:kernel:s0 tclass=capability permissive=0
11-11 05:05:59.045 1490 1642 I am_uid_idle: 10051
11-11 05:05:59.315 0 0 I auditd : type=1400 audit(0.0:1722): avc: denied { kill } for comm="swapper/1" capability=5 scontext=u:r:kernel:s0 tcontext=u:r:kernel:s0 tclass=capability permissive=0
11-11 05:05:59.579 2356 2356 I sysui_multi_action: [757,207,758,2]
11-11 05:05:59.583 2356 2771 I sysui_multi_action: [757,210,758,4,759,-1]
11-11 05:06:00.315 0 0 I auditd : type=1400 audit(0.0:1723): avc: denied { kill } for comm="swapper/1" capability=5 scontext=u:r:kernel:s0 tcontext=u:r:kernel:s0 tclass=capability permissive=0
11-11 05:06:01.315 81 81 I auditd : type=1400 audit(0.0:1724): avc: denied { kill } for comm="kworker/1:1" capability=5 scontext=u:r:kernel:s0 tcontext=u:r:kernel:s0 tclass=capability permissive=0
11-11 05:06:02.315 0 0 I auditd : type=1400 audit(0.0:1725): avc: denied { kill } for comm="swapper/1" capability=5 scontext=u:r:kernel:s0 tcontext=u:r:kernel:s0 tclass=capability permissive=0
11-11 05:06:03.315 0 0 I auditd : type=1400 audit(0.0:1726): avc: denied { kill } for comm="swapper/1" capability=5 scontext=u:r:kernel:s0 tcontext=u:r:kernel:s0 tclass=capability permissive=0
11-11 05:06:03.628 1490 1642 I am_uid_idle: 10086
11-11 05:06:04.315 0 0 I auditd : type=1400 audit(0.0:1727): avc: denied { kill } for comm="swapper/1" capability=5 scontext=u:r:kernel:s0 tcontext=u:r:kernel:s0 tclass=capability permissive=0
11-11 05:06:05.018 1490 1642 I am_uid_idle: 10064
11-11 05:06:05.315 0 0 I auditd : type=1400 audit(0.0:1728): avc: denied { kill } for comm="swapper/1" capability=5 scontext=u:r:kernel:s0 tcontext=u:r:kernel:s0 tclass=capability permissive=0
11-11 05:06:06.315 0 0 I auditd : type=1400 audit(0.0:1729): avc: denied { kill } for comm="swapper/1" capability=5 scontext=u:r:kernel:s0 tcontext=u:r:kernel:s0 tclass=capability permissive=0
11-11 05:06:08.315 0 0 I auditd : type=1400 audit(0.0:1730): avc: denied { kill } for comm="swapper/1" capability=5 scontext=u:r:kernel:s0 tcontext=u:r:kernel:s0 tclass=capability permissive=0
11-11 05:06:09.315 0 0 I auditd : type=1400 audit(0.0:1731): avc: denied { kill } for comm="swapper/1" capability=5 scontext=u:r:kernel:s0 tcontext=u:r:kernel:s0 tclass=capability permissive=0
11-11 05:06:10.315 0 0 I auditd : type=1400 audit(0.0:1732): avc: denied { kill } for comm="swapper/1" capability=5 scontext=u:r:kernel:s0 tcontext=u:r:kernel:s0 tclass=capability permissive=0
11-11 05:06:11.315 0 0 I auditd : type=1400 audit(0.0:1733): avc: denied { kill } for comm="swapper/1" capability=5 scontext=u:r:kernel:s0 tcontext=u:r:kernel:s0 tclass=capability permissive=0
11-11 05:06:12.315 0 0 I auditd : type=1400 audit(0.0:1734): avc: denied { kill } for comm="swapper/1" capability=5 scontext=u:r:kernel:s0 tcontext=u:r:kernel:s0 tclass=capability permissive=0
11-11 05:06:13.315 0 0 I auditd : type=1400 audit(0.0:1735): avc: denied { kill } for comm="swapper/1" capability=5 scontext=u:r:kernel:s0 tcontext=u:r:kernel:s0 tclass=capability permissive=0
11-11 05:06:14.315 0 0 I auditd : type=1400 audit(0.0:1736): avc: denied { kill } for comm="swapper/1" capability=5 scontext=u:r:kernel:s0 tcontext=u:r:kernel:s0 tclass=capability permissive=0
11-11 05:06:15.315 0 0 I auditd : type=1400 audit(0.0:1737): avc: denied { kill } for comm="swapper/1" capability=5 scontext=u:r:kernel:s0 tcontext=u:r:kernel:s0 tclass=capability permissive=0
11-11 05:06:16.315 0 0 I auditd : type=1400 audit(0.0:1738): avc: denied { kill } for comm="swapper/1" capability=5 scontext=u:r:kernel:s0 tcontext=u:r:kernel:s0 tclass=capability permissive=0
11-11 05:06:17.315 0 0 I auditd : type=1400 audit(0.0:1739): avc: denied { kill } for comm="swapper/1" capability=5 scontext=u:r:kernel:s0 tcontext=u:r:kernel:s0 tclass=capability permissive=0
11-11 05:06:18.315 0 0 I auditd : type=1400 audit(0.0:1740): avc: denied { kill } for comm="swapper/1" capability=5 scontext=u:r:kernel:s0 tcontext=u:r:kernel:s0 tclass=capability permissive=0
11-11 05:06:19.315 0 0 I auditd : type=1400 audit(0.0:1741): avc: denied { kill } for comm="swapper/1" capability=5 scontext=u:r:kernel:s0 tcontext=u:r:kernel:s0 tclass=capability permissive=0
11-11 05:06:20.315 0 0 I auditd : type=1400 audit(0.0:1742): avc: denied { kill } for comm="swapper/1" capability=5 scontext=u:r:kernel:s0 tcontext=u:r:kernel:s0 tclass=capability permissive=0
11-11 05:06:21.315 0 0 I auditd : type=1400 audit(0.0:1743): avc: denied { kill } for comm="swapper/1" capability=5 scontext=u:r:kernel:s0 tcontext=u:r:kernel:s0 tclass=capability permissive=0
11-11 05:06:22.315 0 0 I auditd : type=1400 audit(0.0:1744): avc: denied { kill } for comm="swapper/1" capability=5 scontext=u:r:kernel:s0 tcontext=u:r:kernel:s0 tclass=capability permissive=0
11-11 05:06:23.315 0 0 I auditd : type=1400 audit(0.0:1745): avc: denied { kill } for comm="swapper/1" capability=5 scontext=u:r:kernel:s0 tcontext=u:r:kernel:s0 tclass=capability permissive=0
11-11 05:06:23.719 1490 1490 I volume_changed: [3,18,17,39,android]
11-11 05:06:23.721 2356 2771 I sysui_multi_action: [757,210,758,4,759,3]
11-11 05:06:23.743 2356 2771 I sysui_multi_action: [757,211,758,4,759,3]
11-11 05:06:23.757 2356 2356 I sysui_multi_action: [757,207,758,1]
11-11 05:06:23.757 2356 2356 I sysui_multi_action: [757,804,799,volume_from_keyguard,801,0,802,1]
11-11 05:06:24.315 0 0 I auditd : type=1400 audit(0.0:1746): avc: denied { kill } for comm="swapper/1" capability=5 scontext=u:r:kernel:s0 tcontext=u:r:kernel:s0 tclass=capability permissive=0
11-11 05:06:24.451 1490 1745 I commit_sys_config_file: [settings-1-0,7]
11-11 05:06:25.315 0 0 I auditd : type=1400 audit(0.0:1747): avc: denied { kill } for comm="swapper/1" capability=5 scontext=u:r:kernel:s0 tcontext=u:r:kernel:s0 tclass=capability permissive=0
11-11 05:06:26.315 0 0 I auditd : type=1400 audit(0.0:1748): avc: denied { kill } for comm="swapper/1" capability=5 scontext=u:r:kernel:s0 tcontext=u:r:kernel:s0 tclass=capability permissive=0
11-11 05:06:26.750 2356 2356 I sysui_multi_action: [757,207,758,2]
11-11 05:06:26.752 2356 2771 I sysui_multi_action: [757,210,758,4,759,-1]
11-11 05:06:27.315 11085 11085 I auditd : type=1400 audit(0.0:1749): avc: denied { kill } for comm="kworker/u16:28" capability=5 scontext=u:r:kernel:s0 tcontext=u:r:kernel:s0 tclass=capability permissive=0
11-11 05:06:28.315 0 0 I auditd : type=1400 audit(0.0:1750): avc: denied { kill } for comm="swapper/1" capability=5 scontext=u:r:kernel:s0 tcontext=u:r:kernel:s0 tclass=capability permissive=0
11-11 05:06:29.031 1490 1992 I input_interaction: Interaction with: 978e85f com.android.launcher3/com.android.launcher3.uioverrides.QuickstepLauncher (server), f91321f com.android.systemui.ImageWallpaper (server), edge-swipe (server), swipe-up (server), PointerEventDispatcher0 (server),
11-11 05:06:29.154 1490 2302 I wm_task_moved: [83,1,6]
11-11 05:06:29.154 1490 2302 I wm_task_to_front: [0,83]
11-11 05:06:29.156 1490 2302 I wm_focused_root_task: [0,0,83,1,bringingFoundTaskToFront]
11-11 05:06:29.156 1490 2302 I wm_set_resumed_activity: [0,com.android.settings/.Settings,bringingFoundTaskToFront]
11-11 05:06:29.157 1490 2302 I wm_new_intent: [0,16344225,83,com.android.settings/.Settings,android.intent.action.MAIN,NULL,NULL,270532608]
11-11 05:06:29.159 1490 2302 I wm_pause_activity: [0,85671939,com.android.launcher3/.uioverrides.QuickstepLauncher,userLeaving=true,pauseBackTasks]
11-11 05:06:29.168 2824 2824 I wm_on_top_resumed_lost_called: [85671939,com.android.launcher3.uioverrides.QuickstepLauncher,topStateChangedWhenResumed]
11-11 05:06:29.178 2824 2824 I wm_on_paused_called: [85671939,com.android.launcher3.uioverrides.QuickstepLauncher,performPause]
11-11 05:06:29.181 1490 7175 I wm_set_resumed_activity: [0,com.android.settings/.Settings,resumeTopActivityInnerLocked]
11-11 05:06:29.182 1490 7175 I wm_add_to_stopping: [0,85671939,com.android.launcher3/.uioverrides.QuickstepLauncher,makeInvisible]
11-11 05:06:29.185 1490 7175 I wm_resume_activity: [0,16344225,83,com.android.settings/.Settings]
11-11 05:06:29.207 1490 1634 I sysui_multi_action: [757,803,799,window_time_0,802,86]
11-11 05:06:29.207 11151 11151 I wm_on_restart_called: [16344225,com.android.settings.Settings,performRestartActivity]
11-11 05:06:29.219 1490 1992 I input_focus: [Focus leaving 978e85f com.android.launcher3/com.android.launcher3.uioverrides.QuickstepLauncher (server),reason=NO_WINDOW]
11-11 05:06:29.224 1490 1490 I am_uid_active: 10064
11-11 05:06:29.232 11151 11151 I wm_on_start_called: [16344225,com.android.settings.Settings,handleStartActivity]
11-11 05:06:29.233 11151 11151 I snet_event_log: [120484087,-1,]
11-11 05:06:29.234 11151 11151 I wm_on_resume_called: [16344225,com.android.settings.Settings,RESUME_ACTIVITY]
11-11 05:06:29.234 11151 11151 I sysui_multi_action: [757,35,758,1,833,0,1089,0]
11-11 05:06:29.238 11151 11151 I sysui_multi_action: [757,103,758,1,833,0,1089,0]
11-11 05:06:29.242 1490 1641 I am_pss : [11329,10051,com.thundercomm.screensaver,26856448,20144128,0,148389888,0,19,7]
11-11 05:06:29.247 11151 11151 I sysui_multi_action: [757,849,758,1,833,0,1089,0]
11-11 05:06:29.253 11151 11151 I wm_on_top_resumed_gained_called: [16344225,com.android.settings.Settings,topWhenResuming]
11-11 05:06:29.264 1490 1635 I input_focus: [Focus request da1c781 com.android.settings/com.android.settings.Settings,reason=UpdateInputWindows]
11-11 05:06:29.279 1490 1630 I sysui_multi_action: [319,54,321,45,322,135,325,1208,757,761,758,9,759,4,806,com.android.settings,871,com.android.settings.Settings,904,com.android.launcher3,905,0,1320,4,1321,1]
11-11 05:06:29.286 1490 1992 I input_focus: [Focus entering da1c781 com.android.settings/com.android.settings.Settings (server),reason=setFocusedWindow]
11-11 05:06:29.740 1490 1634 I wm_stop_activity: [0,85671939,com.android.launcher3/.uioverrides.QuickstepLauncher]
11-11 05:06:29.763 2824 2824 I wm_on_stop_called: [85671939,com.android.launcher3.uioverrides.QuickstepLauncher,STOP_ACTIVITY_ITEM]
11-11 05:06:30.315 0 0 I auditd : type=1400 audit(0.0:1751): avc: denied { kill } for comm="swapper/1" capability=5 scontext=u:r:kernel:s0 tcontext=u:r:kernel:s0 tclass=capability permissive=0
11-11 05:06:30.845 1490 1992 I input_interaction: Interaction with: 151d967 StatusBar (server), edge-swipe (server), swipe-up (server), PointerEventDispatcher0 (server),
11-11 05:06:30.859 2356 2356 I sysui_multi_action: [757,803,799,panel_open,802,1]
11-11 05:06:30.861 2356 2356 I sysui_multi_action: [757,1328,758,4,1326,72,1327,0,1329,0]
11-11 05:06:30.965 1400 9686 I liblog : 68
11-11 05:06:30.973 1490 7448 I sysui_multi_action: [757,127,758,1]
11-11 05:06:30.973 1490 7448 I sysui_multi_action: [757,804,799,note_load,801,2,802,1]
11-11 05:06:30.974 1490 7448 I notification_panel_revealed: 2
11-11 05:06:30.981 1490 1490 I notification_enqueue: [10082,2356,com.android.systemui,2048,NULL,0,Notification(channel=updateNotification shortcut=null contentView=null vibrate=null sound=null defaults=0x0 flags=0x0 color=0x00000000 vis=PRIVATE),1]
11-11 05:06:30.981 2356 2356 I sysui_multi_action: [757,111,758,2]
11-11 05:06:30.981 2356 2356 I sysui_multi_action: [757,111,758,2]
11-11 05:06:30.995 1490 1635 I input_focus: [Focus request 374215a NotificationShade,reason=UpdateInputWindows]
11-11 05:06:30.998 2356 2356 I sysui_multi_action: [757,111,758,1]
11-11 05:06:30.998 2356 2356 I sysui_multi_action: [757,126,758,1,759,126,927,0,928,1,1593,0]
11-11 05:06:30.998 2356 2356 I sysui_multi_action: [757,113,758,1,759,113,927,1,928,1,1593,0]
11-11 05:06:30.998 2356 2356 I sysui_multi_action: [757,0,758,1,759,0,927,2,928,0,1593,0]
11-11 05:06:30.998 2356 2356 I sysui_multi_action: [757,0,758,1,759,0,927,3,928,0,1593,0]
11-11 05:06:30.998 2356 2356 I sysui_multi_action: [757,491,758,1,759,491,927,4,928,0,1311,-1,1593,0]
11-11 05:06:30.998 2356 2356 I sysui_multi_action: [757,0,758,1,759,0,927,5,928,0,1593,0]
11-11 05:06:30.998 2356 2356 I sysui_multi_action: [757,111,758,1]
11-11 05:06:30.998 2356 2356 I sysui_multi_action: [757,126,758,1,759,126,927,0,928,1,1593,0]
11-11 05:06:30.998 2356 2356 I sysui_multi_action: [757,113,758,1,759,113,927,1,928,1,1593,0]
11-11 05:06:30.999 2356 2356 I sysui_multi_action: [757,0,758,1,759,0,927,2,928,0,1593,0]
11-11 05:06:30.999 2356 2356 I sysui_multi_action: [757,0,758,1,759,0,927,3,928,0,1593,0]
11-11 05:06:31.023 2356 2356 I sysui_multi_action: [757,111,758,2]
11-11 05:06:31.023 1490 1490 I notification_enqueue: [10082,2356,com.android.systemui,2048,NULL,0,Notification(channel=updateNotification shortcut=null contentView=null vibrate=null sound=null defaults=0x0 flags=0x0 color=0x00000000 vis=PRIVATE),1]
11-11 05:06:31.023 2356 2356 I sysui_multi_action: [757,111,758,2]
11-11 05:06:31.025 1490 1992 I input_focus: [Focus leaving da1c781 com.android.settings/com.android.settings.Settings (server),reason=setFocusedWindow]
11-11 05:06:31.025 1490 1992 I input_focus: [Focus entering 374215a NotificationShade (server),reason=setFocusedWindow]
11-11 05:06:31.028 2356 2356 I sysui_multi_action: [757,111,758,1]
11-11 05:06:31.028 2356 2356 I sysui_multi_action: [757,126,758,1,759,126,927,0,928,1,1593,0]
11-11 05:06:31.028 2356 2356 I sysui_multi_action: [757,113,758,1,759,113,927,1,928,1,1593,0]
11-11 05:06:31.028 2356 2356 I sysui_multi_action: [757,0,758,1,759,0,927,2,928,0,1593,0]
11-11 05:06:31.028 2356 2356 I sysui_multi_action: [757,0,758,1,759,0,927,3,928,0,1593,0]
11-11 05:06:31.029 2356 2356 I sysui_multi_action: [757,491,758,1,759,491,927,4,928,0,1311,-1,1593,0]
11-11 05:06:31.029 2356 2356 I sysui_multi_action: [757,0,758,1,759,0,927,5,928,0,1593,0]
11-11 05:06:31.029 2356 2356 I sysui_multi_action: [757,111,758,1]
11-11 05:06:31.029 2356 2356 I sysui_multi_action: [757,126,758,1,759,126,927,0,928,1,1593,0]
11-11 05:06:31.029 2356 2356 I sysui_multi_action: [757,113,758,1,759,113,927,1,928,1,1593,0]
11-11 05:06:31.029 2356 2356 I sysui_multi_action: [757,0,758,1,759,0,927,2,928,0,1593,0]
11-11 05:06:31.029 2356 2356 I sysui_multi_action: [757,0,758,1,759,0,927,3,928,0,1593,0]
11-11 05:06:31.315 0 0 I auditd : type=1400 audit(0.0:1752): avc: denied { kill } for comm="swapper/1" capability=5 scontext=u:r:kernel:s0 tcontext=u:r:kernel:s0 tclass=capability permissive=0
11-11 05:06:31.527 1490 4839 I sysui_multi_action: [757,128,758,1,793,881195,794,0,795,881195,796,26,798,0,806,android,857,DEVELOPER_IMPORTANT,858,4,947,0,1395,2,1500,880992,1688,1]
11-11 05:06:31.528 1490 4839 I sysui_multi_action: [757,804,799,note_freshness,801,881195,802,1]
11-11 05:06:31.529 1490 4839 I notification_visibility: [-1|android|26|null|1000,1,881195,881195,0,0]
11-11 05:06:31.530 1490 4839 I sysui_multi_action: [757,128,758,1,793,1184997,794,0,795,1184997,796,32,798,1,806,android,857,USB,858,1,947,0,1395,2,1500,1184776,1688,1]
11-11 05:06:31.531 1490 4839 I sysui_multi_action: [757,804,799,note_freshness,801,1184997,802,1]
11-11 05:06:31.531 1490 4839 I notification_visibility: [-1|android|32|null|1000,1,1184997,1184997,0,1]
11-11 05:06:32.742 1490 1992 I input_interaction: Interaction with: 374215a NotificationShade (server), edge-swipe (server), swipe-up (server), PointerEventDispatcher0 (server),
11-11 05:06:32.862 2356 2356 I sysui_multi_action: [757,925,758,4,759,113,927,1,928,1,1592,0,1593,1]
11-11 05:06:33.075 1490 1745 I commit_sys_config_file: [settings-0-0,6]
11-11 05:06:33.199 1490 1490 I notification_cancel_all: [1002,2340,com.android.bluetooth,0,0,64,9,NULL]
11-11 05:06:33.257 1490 4839 I sysui_multi_action: [757,856,758,2,806,com.android.bluetooth,857,avrcp_notification,858,3]
11-11 05:06:33.257 1490 1490 I notification_cancel_all: [1000,1490,com.android.bluetooth,0,0,0,20,NULL]
11-11 05:06:33.312 1490 2301 I stream_devices_changed: [3,128,2]
11-11 05:06:33.334 1490 2301 I stream_devices_changed: [6,128,1]
11-11 05:06:33.352 2356 2771 I sysui_multi_action: [757,210,758,4,759,11]
11-11 05:06:33.429 2356 2771 I sysui_multi_action: [757,210,758,4,759,10]
11-11 05:06:33.471 2356 2771 I sysui_multi_action: [757,210,758,4,759,8]
11-11 05:06:33.501 2356 2771 I sysui_multi_action: [757,210,758,4,759,7]
11-11 05:06:33.512 1490 1633 I commit_sys_config_file: [notification-policy,1188767]
11-11 05:06:33.538 2356 2771 I sysui_multi_action: [757,210,758,4,759,5]
11-11 05:06:33.573 2356 2771 I sysui_multi_action: [757,210,758,4,759,4]
11-11 05:06:33.614 2356 2771 I sysui_multi_action: [757,210,758,4,759,2]
11-11 05:06:33.648 2356 2771 I sysui_multi_action: [757,210,758,4,759,1]
11-11 05:06:33.685 2356 2771 I sysui_multi_action: [757,210,758,4,759,0]
11-11 05:06:33.686 2356 2771 I sysui_multi_action: [757,210,758,4,759,3]
11-11 05:06:33.687 2356 2771 I sysui_multi_action: [757,210,758,4,759,6]
11-11 05:06:34.008 1490 1745 I commit_sys_config_file: [settings-1-0,5]
11-11 05:06:34.202 1490 1630 I am_uid_active: 10094
11-11 05:06:34.315 0 0 I auditd : type=1400 audit(0.0:1753): avc: denied { kill } for comm="swapper/1" capability=5 scontext=u:r:kernel:s0 tcontext=u:r:kernel:s0 tclass=capability permissive=0
11-11 05:06:34.487 834 834 I auditd : type=1400 audit(0.0:1754): avc: denied { read } for comm="bluetooth@1.0-s" name="ssrdump" dev="dm-10" ino=237 scontext=u:r:hal_bluetooth_default:s0 tcontext=u:object_r:vendor_ramdump_vendor_data_file:s0 tclass=dir permissive=0
11-11 05:06:34.811 1490 2302 I am_proc_died: [0,2340,com.android.bluetooth,0,10]
11-11 05:06:34.812 1490 2302 I am_uid_stopped: 1002
11-11 05:06:35.315 0 0 I auditd : type=1400 audit(0.0:1755): avc: denied { kill } for comm="swapper/1" capability=5 scontext=u:r:kernel:s0 tcontext=u:r:kernel:s0 tclass=capability permissive=0
11-11 05:06:36.315 0 0 I auditd : type=1400 audit(0.0:1756): avc: denied { kill } for comm="swapper/1" capability=5 scontext=u:r:kernel:s0 tcontext=u:r:kernel:s0 tclass=capability permissive=0
11-11 05:06:37.315 0 0 I auditd : type=1400 audit(0.0:1757): avc: denied { kill } for comm="swapper/1" capability=5 scontext=u:r:kernel:s0 tcontext=u:r:kernel:s0 tclass=capability permissive=0
11-11 05:06:38.315 0 0 I auditd : type=1400 audit(0.0:1758): avc: denied { kill } for comm="swapper/1" capability=5 scontext=u:r:kernel:s0 tcontext=u:r:kernel:s0 tclass=capability permissive=0
11-11 05:06:39.315 0 0 I auditd : type=1400 audit(0.0:1759): avc: denied { kill } for comm="swapper/1" capability=5 scontext=u:r:kernel:s0 tcontext=u:r:kernel:s0 tclass=capability permissive=0
11-11 05:06:40.315 0 0 I auditd : type=1400 audit(0.0:1760): avc: denied { kill } for comm="swapper/1" capability=5 scontext=u:r:kernel:s0 tcontext=u:r:kernel:s0 tclass=capability permissive=0
11-11 05:06:41.315 0 0 I auditd : type=1400 audit(0.0:1761): avc: denied { kill } for comm="swapper/1" capability=5 scontext=u:r:kernel:s0 tcontext=u:r:kernel:s0 tclass=capability permissive=0
11-11 05:06:42.315 0 0 I auditd : type=1400 audit(0.0:1762): avc: denied { kill } for comm="swapper/1" capability=5 scontext=u:r:kernel:s0 tcontext=u:r:kernel:s0 tclass=capability permissive=0
11-11 05:06:43.237 1490 1669 I commit_sys_config_file: [package-user-0,10]
11-11 05:06:43.315 0 0 I auditd : type=1400 audit(0.0:1763): avc: denied { kill } for comm="swapper/1" capability=5 scontext=u:r:kernel:s0 tcontext=u:r:kernel:s0 tclass=capability permissive=0
11-11 05:06:44.315 0 0 I auditd : type=1400 audit(0.0:1764): avc: denied { kill } for comm="swapper/1" capability=5 scontext=u:r:kernel:s0 tcontext=u:r:kernel:s0 tclass=capability permissive=0
11-11 05:06:45.315 0 0 I auditd : type=1400 audit(0.0:1765): avc: denied { kill } for comm="swapper/1" capability=5 scontext=u:r:kernel:s0 tcontext=u:r:kernel:s0 tclass=capability permissive=0
11-11 05:06:46.315 0 0 I auditd : type=1400 audit(0.0:1766): avc: denied { kill } for comm="swapper/1" capability=5 scontext=u:r:kernel:s0 tcontext=u:r:kernel:s0 tclass=capability permissive=0
11-11 05:06:47.315 0 0 I auditd : type=1400 audit(0.0:1767): avc: denied { kill } for comm="swapper/1" capability=5 scontext=u:r:kernel:s0 tcontext=u:r:kernel:s0 tclass=capability permissive=0
11-11 05:06:47.997 1490 1992 I input_interaction: Interaction with: 374215a NotificationShade (server), PointerEventDispatcher0 (server),
11-11 05:06:48.003 1490 1490 I volume_changed: [6,7,6,15,android]
11-11 05:06:48.010 2356 2771 I sysui_multi_action: [757,211,758,4,759,6]
11-11 05:06:48.028 2356 2356 I sysui_multi_action: [757,207,758,1]
11-11 05:06:48.028 2356 2356 I sysui_multi_action: [757,804,799,volume_from_keyguard,801,0,802,1]
11-11 05:06:48.315 0 0 I auditd : type=1400 audit(0.0:1768): avc: denied { kill } for comm="swapper/1" capability=5 scontext=u:r:kernel:s0 tcontext=u:r:kernel:s0 tclass=capability permissive=0
11-11 05:06:50.315 0 0 I auditd : type=1400 audit(0.0:1769): avc: denied { kill } for comm="swapper/1" capability=5 scontext=u:r:kernel:s0 tcontext=u:r:kernel:s0 tclass=capability permissive=0
11-11 05:06:51.014 2356 2356 I sysui_multi_action: [757,207,758,2]
11-11 05:06:51.018 2356 2771 I sysui_multi_action: [757,210,758,4,759,-1]
11-11 05:06:51.315 0 0 I auditd : type=1400 audit(0.0:1770): avc: denied { kill } for comm="swapper/1" capability=5 scontext=u:r:kernel:s0 tcontext=u:r:kernel:s0 tclass=capability permissive=0
11-11 05:06:52.315 0 0 I auditd : type=1400 audit(0.0:1771): avc: denied { kill } for comm="swapper/1" capability=5 scontext=u:r:kernel:s0 tcontext=u:r:kernel:s0 tclass=capability permissive=0
11-11 05:06:53.315 0 0 I auditd : type=1400 audit(0.0:1772): avc: denied { kill } for comm="swapper/1" capability=5 scontext=u:r:kernel:s0 tcontext=u:r:kernel:s0 tclass=capability permissive=0
11-11 05:06:53.959 1490 1490 I volume_changed: [3,22,23,39,android]
11-11 05:06:53.964 2356 2771 I sysui_multi_action: [757,210,758,4,759,3]
11-11 05:06:53.978 2356 2771 I sysui_multi_action: [757,211,758,4,759,3]
11-11 05:06:53.987 2356 2356 I sysui_multi_action: [757,207,758,1]
11-11 05:06:53.987 2356 2356 I sysui_multi_action: [757,804,799,volume_from_keyguard,801,0,802,1]
11-11 05:06:54.689 1490 1745 I commit_sys_config_file: [settings-1-0,8]
11-11 05:06:55.315 0 0 I auditd : type=1400 audit(0.0:1773): avc: denied { kill } for comm="swapper/1" capability=5 scontext=u:r:kernel:s0 tcontext=u:r:kernel:s0 tclass=capability permissive=0
11-11 05:06:55.376 1490 1490 I volume_changed: [3,23,22,39,android]
11-11 05:06:55.403 2356 2356 I sysui_multi_action: [757,207,758,1]
11-11 05:06:55.403 2356 2356 I sysui_multi_action: [757,804,799,volume_from_keyguard,801,0,802,1]
11-11 05:06:56.097 1490 1745 I commit_sys_config_file: [settings-1-0,5]
11-11 05:06:56.315 0 0 I auditd : type=1400 audit(0.0:1774): avc: denied { kill } for comm="swapper/1" capability=5 scontext=u:r:kernel:s0 tcontext=u:r:kernel:s0 tclass=capability permissive=0
11-11 05:06:56.667 1490 1490 I volume_changed: [3,22,21,39,android]
11-11 05:06:56.670 2356 2771 I sysui_multi_action: [757,211,758,4,759,3]
11-11 05:06:56.693 2356 2356 I sysui_multi_action: [757,207,758,1]
11-11 05:06:56.693 2356 2356 I sysui_multi_action: [757,804,799,volume_from_keyguard,801,0,802,1]
11-11 05:06:57.315 0 0 I auditd : type=1400 audit(0.0:1775): avc: denied { kill } for comm="swapper/1" capability=5 scontext=u:r:kernel:s0 tcontext=u:r:kernel:s0 tclass=capability permissive=0
11-11 05:06:57.391 1490 1745 I commit_sys_config_file: [settings-1-0,5]
11-11 05:06:57.812 1490 1490 I volume_changed: [3,21,22,39,android]
11-11 05:06:57.825 2356 2771 I sysui_multi_action: [757,211,758,4,759,3]
11-11 05:06:57.838 2356 2356 I sysui_multi_action: [757,207,758,1]
11-11 05:06:57.839 2356 2356 I sysui_multi_action: [757,804,799,volume_from_keyguard,801,0,802,1]
11-11 05:06:58.315 0 0 I auditd : type=1400 audit(0.0:1776): avc: denied { kill } for comm="swapper/1" capability=5 scontext=u:r:kernel:s0 tcontext=u:r:kernel:s0 tclass=capability permissive=0
11-11 05:06:58.532 1490 1745 I commit_sys_config_file: [settings-1-0,5]
11-11 05:06:58.645 1490 1490 I volume_changed: [3,22,21,39,android]
11-11 05:06:58.671 2356 2356 I sysui_multi_action: [757,207,758,1]
11-11 05:06:58.671 2356 2356 I sysui_multi_action: [757,804,799,volume_from_keyguard,801,0,802,1]
11-11 05:06:59.315 0 0 I auditd : type=1400 audit(0.0:1777): avc: denied { kill } for comm="swapper/1" capability=5 scontext=u:r:kernel:s0 tcontext=u:r:kernel:s0 tclass=capability permissive=0
11-11 05:06:59.376 1490 1745 I commit_sys_config_file: [settings-1-0,8]
11-11 05:07:00.315 0 0 I auditd : type=1400 audit(0.0:1778): avc: denied { kill } for comm="swapper/1" capability=5 scontext=u:r:kernel:s0 tcontext=u:r:kernel:s0 tclass=capability permissive=0
11-11 05:07:01.315 0 0 I auditd : type=1400 audit(0.0:1779): avc: denied { kill } for comm="swapper/1" capability=5 scontext=u:r:kernel:s0 tcontext=u:r:kernel:s0 tclass=capability permissive=0
11-11 05:07:01.671 2356 2356 I sysui_multi_action: [757,207,758,2]
11-11 05:07:01.674 2356 2771 I sysui_multi_action: [757,210,758,4,759,-1]
11-11 05:07:02.315 0 0 I auditd : type=1400 audit(0.0:1780): avc: denied { kill } for comm="swapper/1" capability=5 scontext=u:r:kernel:s0 tcontext=u:r:kernel:s0 tclass=capability permissive=0
11-11 05:07:03.315 0 0 I auditd : type=1400 audit(0.0:1781): avc: denied { kill } for comm="swapper/1" capability=5 scontext=u:r:kernel:s0 tcontext=u:r:kernel:s0 tclass=capability permissive=0
11-11 05:07:04.315 0 0 I auditd : type=1400 audit(0.0:1782): avc: denied { kill } for comm="swapper/1" capability=5 scontext=u:r:kernel:s0 tcontext=u:r:kernel:s0 tclass=capability permissive=0
11-11 05:07:05.315 0 0 I auditd : type=1400 audit(0.0:1783): avc: denied { kill } for comm="swapper/1" capability=5 scontext=u:r:kernel:s0 tcontext=u:r:kernel:s0 tclass=capability permissive=0
11-11 05:07:06.315 0 0 I auditd : type=1400 audit(0.0:1784): avc: denied { kill } for comm="swapper/1" capability=5 scontext=u:r:kernel:s0 tcontext=u:r:kernel:s0 tclass=capability permissive=0
11-11 05:07:07.315 0 0 I auditd : type=1400 audit(0.0:1785): avc: denied { kill } for comm="swapper/1" capability=5 scontext=u:r:kernel:s0 tcontext=u:r:kernel:s0 tclass=capability permissive=0
11-11 05:07:08.315 0 0 I auditd : type=1400 audit(0.0:1786): avc: denied { kill } for comm="swapper/1" capability=5 scontext=u:r:kernel:s0 tcontext=u:r:kernel:s0 tclass=capability permissive=0
11-11 05:07:09.084 1490 2281 I netstats_mobile_sample: [0,0,0,0,0,0,0,0,0,0,0,0,1668114429084]
11-11 05:07:09.085 1490 2281 I netstats_wifi_sample: [42957655,50663,9981663,31942,42957655,50663,9981663,31942,44909525,62001,5414320,21428,1668114429084]
11-11 05:07:09.315 0 0 I auditd : type=1400 audit(0.0:1787): avc: denied { kill } for comm="swapper/1" capability=5 scontext=u:r:kernel:s0 tcontext=u:r:kernel:s0 tclass=capability permissive=0
11-11 05:07:10.315 0 0 I auditd : type=1400 audit(0.0:1788): avc: denied { kill } for comm="swapper/1" capability=5 scontext=u:r:kernel:s0 tcontext=u:r:kernel:s0 tclass=capability permissive=0
11-11 05:07:11.315 0 0 I auditd : type=1400 audit(0.0:1789): avc: denied { kill } for comm="swapper/1" capability=5 scontext=u:r:kernel:s0 tcontext=u:r:kernel:s0 tclass=capability permissive=0
11-11 05:07:11.337 1490 1772 I am_freeze: [8948,com.microsoft.emmx]
11-11 05:07:11.338 1490 1772 I am_kill : [0,8948,com.microsoft.emmx,945,Unable to freeze binder interface]
11-11 05:07:11.379 1490 4839 I am_proc_died: [0,8948,com.microsoft.emmx,945,19]
11-11 05:07:11.380 1490 4839 I am_uid_stopped: 10024
11-11 05:07:11.386 1490 1634 I am_uid_running: 10024
11-11 05:07:11.391 1490 1641 I am_pss : [11329,10051,com.thundercomm.screensaver,26973184,20144128,0,148389888,0,19,8]
11-11 05:07:11.396 1490 1641 I am_pss : [3853,10063,com.qualcomm.qti.devicestatisticsservice,5384192,3551232,0,89296896,0,0,5]
11-11 05:07:11.403 1490 1643 I am_proc_start: [0,11525,10024,com.microsoft.emmx,NULL,]
11-11 05:07:11.410 1400 9686 I liblog : 123
11-11 05:07:11.410 1400 9686 I liblog : 1
11-11 05:07:11.411 1400 9686 I liblog : 5
11-11 05:07:11.436 1490 4839 I am_proc_bound: [0,11525,com.microsoft.emmx]
11-11 05:07:12.315 0 0 I auditd : type=1400 audit(0.0:1790): avc: denied { kill } for comm="swapper/1" capability=5 scontext=u:r:kernel:s0 tcontext=u:r:kernel:s0 tclass=capability permissive=0
11-11 05:07:13.315 0 0 I auditd : type=1400 audit(0.0:1791): avc: denied { kill } for comm="swapper/1" capability=5 scontext=u:r:kernel:s0 tcontext=u:r:kernel:s0 tclass=capability permissive=0
11-11 05:07:14.315 0 0 I auditd : type=1400 audit(0.0:1792): avc: denied { kill } for comm="swapper/1" capability=5 scontext=u:r:kernel:s0 tcontext=u:r:kernel:s0 tclass=capability permissive=0
11-11 05:07:15.315 0 0 I auditd : type=1400 audit(0.0:1793): avc: denied { kill } for comm="swapper/1" capability=5 scontext=u:r:kernel:s0 tcontext=u:r:kernel:s0 tclass=capability permissive=0
11-11 05:07:16.315 0 0 I auditd : type=1400 audit(0.0:1794): avc: denied { kill } for comm="swapper/1" capability=5 scontext=u:r:kernel:s0 tcontext=u:r:kernel:s0 tclass=capability permissive=0
11-11 05:07:17.315 0 0 I auditd : type=1400 audit(0.0:1795): avc: denied { kill } for comm="swapper/1" capability=5 scontext=u:r:kernel:s0 tcontext=u:r:kernel:s0 tclass=capability permissive=0
11-11 05:07:18.315 0 0 I auditd : type=1400 audit(0.0:1796): avc: denied { kill } for comm="swapper/1" capability=5 scontext=u:r:kernel:s0 tcontext=u:r:kernel:s0 tclass=capability permissive=0
11-11 05:07:19.315 0 0 I auditd : type=1400 audit(0.0:1797): avc: denied { kill } for comm="swapper/1" capability=5 scontext=u:r:kernel:s0 tcontext=u:r:kernel:s0 tclass=capability permissive=0
11-11 05:07:20.315 0 0 I auditd : type=1400 audit(0.0:1798): avc: denied { kill } for comm="swapper/1" capability=5 scontext=u:r:kernel:s0 tcontext=u:r:kernel:s0 tclass=capability permissive=0
11-11 05:07:21.315 0 0 I auditd : type=1400 audit(0.0:1799): avc: denied { kill } for comm="swapper/1" capability=5 scontext=u:r:kernel:s0 tcontext=u:r:kernel:s0 tclass=capability permissive=0
11-11 05:07:22.315 0 0 I auditd : type=1400 audit(0.0:1800): avc: denied { kill } for comm="swapper/1" capability=5 scontext=u:r:kernel:s0 tcontext=u:r:kernel:s0 tclass=capability permissive=0
11-11 05:07:23.315 0 0 I auditd : type=1400 audit(0.0:1801): avc: denied { kill } for comm="swapper/1" capability=5 scontext=u:r:kernel:s0 tcontext=u:r:kernel:s0 tclass=capability permissive=0
11-11 05:07:24.315 0 0 I auditd : type=1400 audit(0.0:1802): avc: denied { kill } for comm="swapper/1" capability=5 scontext=u:r:kernel:s0 tcontext=u:r:kernel:s0 tclass=capability permissive=0
11-11 05:07:25.315 0 0 I auditd : type=1400 audit(0.0:1803): avc: denied { kill } for comm="swapper/1" capability=5 scontext=u:r:kernel:s0 tcontext=u:r:kernel:s0 tclass=capability permissive=0
11-11 05:07:26.315 0 0 I auditd : type=1400 audit(0.0:1804): avc: denied { kill } for comm="swapper/1" capability=5 scontext=u:r:kernel:s0 tcontext=u:r:kernel:s0 tclass=capability permissive=0
11-11 05:07:27.315 0 0 I auditd : type=1400 audit(0.0:1805): avc: denied { kill } for comm="swapper/1" capability=5 scontext=u:r:kernel:s0 tcontext=u:r:kernel:s0 tclass=capability permissive=0
11-11 05:07:28.315 0 0 I auditd : type=1400 audit(0.0:1806): avc: denied { kill } for comm="swapper/1" capability=5 scontext=u:r:kernel:s0 tcontext=u:r:kernel:s0 tclass=capability permissive=0
11-11 05:07:29.315 0 0 I auditd : type=1400 audit(0.0:1807): avc: denied { kill } for comm="swapper/1" capability=5 scontext=u:r:kernel:s0 tcontext=u:r:kernel:s0 tclass=capability permissive=0
11-11 05:07:30.315 0 0 I auditd : type=1400 audit(0.0:1808): avc: denied { kill } for comm="swapper/1" capability=5 scontext=u:r:kernel:s0 tcontext=u:r:kernel:s0 tclass=capability permissive=0
11-11 05:07:31.315 0 0 I auditd : type=1400 audit(0.0:1809): avc: denied { kill } for comm="swapper/1" capability=5 scontext=u:r:kernel:s0 tcontext=u:r:kernel:s0 tclass=capability permissive=0
11-11 05:07:32.315 0 0 I auditd : type=1400 audit(0.0:1810): avc: denied { kill } for comm="swapper/1" capability=5 scontext=u:r:kernel:s0 tcontext=u:r:kernel:s0 tclass=capability permissive=0
11-11 05:07:34.315 0 0 I auditd : type=1400 audit(0.0:1811): avc: denied { kill } for comm="swapper/1" capability=5 scontext=u:r:kernel:s0 tcontext=u:r:kernel:s0 tclass=capability permissive=0
11-11 05:07:35.315 0 0 I auditd : type=1400 audit(0.0:1812): avc: denied { kill } for comm="swapper/1" capability=5 scontext=u:r:kernel:s0 tcontext=u:r:kernel:s0 tclass=capability permissive=0
11-11 05:07:35.798 1490 1642 I am_uid_idle: 10064
11-11 05:07:36.315 0 0 I auditd : type=1400 audit(0.0:1813): avc: denied { kill } for comm="swapper/1" capability=5 scontext=u:r:kernel:s0 tcontext=u:r:kernel:s0 tclass=capability permissive=0
11-11 05:07:37.315 0 0 I auditd : type=1400 audit(0.0:1814): avc: denied { kill } for comm="swapper/1" capability=5 scontext=u:r:kernel:s0 tcontext=u:r:kernel:s0 tclass=capability permissive=0
11-11 05:07:38.315 0 0 I auditd : type=1400 audit(0.0:1815): avc: denied { kill } for comm="swapper/1" capability=5 scontext=u:r:kernel:s0 tcontext=u:r:kernel:s0 tclass=capability permissive=0
11-11 05:07:39.315 0 0 I auditd : type=1400 audit(0.0:1816): avc: denied { kill } for comm="swapper/1" capability=5 scontext=u:r:kernel:s0 tcontext=u:r:kernel:s0 tclass=capability permissive=0
11-11 05:07:40.315 0 0 I auditd : type=1400 audit(0.0:1817): avc: denied { kill } for comm="swapper/1" capability=5 scontext=u:r:kernel:s0 tcontext=u:r:kernel:s0 tclass=capability permissive=0
11-11 05:07:42.315 0 0 I auditd : type=1400 audit(0.0:1818): avc: denied { kill } for comm="swapper/3" capability=5 scontext=u:r:kernel:s0 tcontext=u:r:kernel:s0 tclass=capability permissive=0
11-11 05:07:43.315 0 0 I auditd : type=1400 audit(0.0:1819): avc: denied { kill } for comm="swapper/3" capability=5 scontext=u:r:kernel:s0 tcontext=u:r:kernel:s0 tclass=capability permissive=0
11-11 05:07:44.315 0 0 I auditd : type=1400 audit(0.0:1820): avc: denied { kill } for comm="swapper/3" capability=5 scontext=u:r:kernel:s0 tcontext=u:r:kernel:s0 tclass=capability permissive=0
11-11 05:07:45.315 0 0 I auditd : type=1400 audit(0.0:1821): avc: denied { kill } for comm="swapper/3" capability=5 scontext=u:r:kernel:s0 tcontext=u:r:kernel:s0 tclass=capability permissive=0
11-11 05:07:46.315 0 0 I auditd : type=1400 audit(0.0:1822): avc: denied { kill } for comm="swapper/3" capability=5 scontext=u:r:kernel:s0 tcontext=u:r:kernel:s0 tclass=capability permissive=0
11-11 05:07:47.315 0 0 I auditd : type=1400 audit(0.0:1823): avc: denied { kill } for comm="swapper/3" capability=5 scontext=u:r:kernel:s0 tcontext=u:r:kernel:s0 tclass=capability permissive=0
11-11 05:07:48.315 0 0 I auditd : type=1400 audit(0.0:1824): avc: denied { kill } for comm="swapper/3" capability=5 scontext=u:r:kernel:s0 tcontext=u:r:kernel:s0 tclass=capability permissive=0
11-11 05:07:49.286 1490 1642 I am_uid_idle: 10094
11-11 05:07:49.315 0 0 I auditd : type=1400 audit(0.0:1825): avc: denied { kill } for comm="swapper/3" capability=5 scontext=u:r:kernel:s0 tcontext=u:r:kernel:s0 tclass=capability permissive=0
11-11 05:07:50.315 0 0 I auditd : type=1400 audit(0.0:1826): avc: denied { kill } for comm="swapper/3" capability=5 scontext=u:r:kernel:s0 tcontext=u:r:kernel:s0 tclass=capability permissive=0
11-11 05:07:51.170 1400 1449 I liblog : 261
11-11 05:07:51.170 1400 1449 I liblog : 1
11-11 05:07:51.315 0 0 I auditd : type=1400 audit(0.0:1827): avc: denied { kill } for comm="swapper/3" capability=5 scontext=u:r:kernel:s0 tcontext=u:r:kernel:s0 tclass=capability permissive=0
11-11 05:07:51.678 1490 1659 I sysui_multi_action: [757,1696,758,6,759,2]
11-11 05:07:51.682 1490 1642 I am_wtf : [0,1490,system_server,-1,DisplayDeviceConfig,requesting nits when no mapping exists.]
11-11 05:07:51.686 1490 1642 I am_wtf : [0,1490,system_server,-1,DisplayDeviceConfig,requesting nits when no mapping exists.]
11-11 05:07:51.697 1490 1642 I am_wtf : [0,1490,system_server,-1,DisplayDeviceConfig,requesting nits when no mapping exists.]
11-11 05:07:51.698 1490 1642 I am_wtf : [0,1490,system_server,-1,DisplayDeviceConfig,requesting nits when no mapping exists.]
11-11 05:07:51.714 1490 1642 I am_wtf : [0,1490,system_server,-1,DisplayDeviceConfig,requesting nits when no mapping exists.]
11-11 05:07:51.715 1490 1642 I am_wtf : [0,1490,system_server,-1,DisplayDeviceConfig,requesting nits when no mapping exists.]
11-11 05:07:51.730 1490 1642 I am_wtf : [0,1490,system_server,-1,DisplayDeviceConfig,requesting nits when no mapping exists.]
11-11 05:07:51.731 1490 1642 I am_wtf : [0,1490,system_server,-1,DisplayDeviceConfig,requesting nits when no mapping exists.]
11-11 05:07:51.747 1490 1642 I am_wtf : [0,1490,system_server,-1,DisplayDeviceConfig,requesting nits when no mapping exists.]
11-11 05:07:51.748 1490 1642 I am_wtf : [0,1490,system_server,-1,DisplayDeviceConfig,requesting nits when no mapping exists.]
11-11 05:07:51.763 1490 1642 I am_wtf : [0,1490,system_server,-1,DisplayDeviceConfig,requesting nits when no mapping exists.]
11-11 05:07:51.764 1490 1642 I am_wtf : [0,1490,system_server,-1,DisplayDeviceConfig,requesting nits when no mapping exists.]
11-11 05:07:51.781 1490 1642 I am_wtf : [0,1490,system_server,-1,DisplayDeviceConfig,requesting nits when no mapping exists.]
11-11 05:07:51.782 1490 1642 I am_wtf : [0,1490,system_server,-1,DisplayDeviceConfig,requesting nits when no mapping exists.]
11-11 05:07:51.797 1490 1642 I am_wtf : [0,1490,system_server,-1,DisplayDeviceConfig,requesting nits when no mapping exists.]
11-11 05:07:51.797 1490 1642 I am_wtf : [0,1490,system_server,-1,DisplayDeviceConfig,requesting nits when no mapping exists.]
11-11 05:07:51.813 1490 1642 I am_wtf : [0,1490,system_server,-1,DisplayDeviceConfig,requesting nits when no mapping exists.]
11-11 05:07:51.814 1490 1642 I am_wtf : [0,1490,system_server,-1,DisplayDeviceConfig,requesting nits when no mapping exists.]
11-11 05:07:51.830 1490 1642 I am_wtf : [0,1490,system_server,-1,DisplayDeviceConfig,requesting nits when no mapping exists.]
11-11 05:07:51.830 1490 1642 I am_wtf : [0,1490,system_server,-1,DisplayDeviceConfig,requesting nits when no mapping exists.]
11-11 05:07:51.847 1490 1642 I am_wtf : [0,1490,system_server,-1,DisplayDeviceConfig,requesting nits when no mapping exists.]
11-11 05:07:51.848 1490 1642 I am_wtf : [0,1490,system_server,-1,DisplayDeviceConfig,requesting nits when no mapping exists.]
11-11 05:07:51.864 1490 1642 I am_wtf : [0,1490,system_server,-1,DisplayDeviceConfig,requesting nits when no mapping exists.]
11-11 05:07:51.865 1490 1642 I am_wtf : [0,1490,system_server,-1,DisplayDeviceConfig,requesting nits when no mapping exists.]
11-11 05:07:51.880 1490 1642 I am_wtf : [0,1490,system_server,-1,DisplayDeviceConfig,requesting nits when no mapping exists.]
11-11 05:07:51.881 1490 1642 I am_wtf : [0,1490,system_server,-1,DisplayDeviceConfig,requesting nits when no mapping exists.]
11-11 05:07:51.897 1490 1642 I am_wtf : [0,1490,system_server,-1,DisplayDeviceConfig,requesting nits when no mapping exists.]
11-11 05:07:51.898 1490 1642 I service_manager_stats: [100,58,173222]
11-11 05:07:51.898 1490 1642 I am_wtf : [0,1490,system_server,-1,DisplayDeviceConfig,requesting nits when no mapping exists.]
11-11 05:07:51.914 1490 1642 I am_wtf : [0,1490,system_server,-1,DisplayDeviceConfig,requesting nits when no mapping exists.]
11-11 05:07:51.915 1490 1642 I am_wtf : [0,1490,system_server,-1,DisplayDeviceConfig,requesting nits when no mapping exists.]
11-11 05:07:51.931 1490 1642 I am_wtf : [0,1490,system_server,-1,DisplayDeviceConfig,requesting nits when no mapping exists.]
11-11 05:07:51.932 1490 1642 I am_wtf : [0,1490,system_server,-1,DisplayDeviceConfig,requesting nits when no mapping exists.]
11-11 05:07:51.947 1490 1642 I am_wtf : [0,1490,system_server,-1,DisplayDeviceConfig,requesting nits when no mapping exists.]
11-11 05:07:51.949 1490 1642 I am_wtf : [0,1490,system_server,-1,DisplayDeviceConfig,requesting nits when no mapping exists.]
11-11 05:07:51.964 1490 1642 I am_wtf : [0,1490,system_server,-1,DisplayDeviceConfig,requesting nits when no mapping exists.]
11-11 05:07:51.964 1490 1642 I am_wtf : [0,1490,system_server,-1,DisplayDeviceConfig,requesting nits when no mapping exists.]
11-11 05:07:51.981 1490 1642 I am_wtf : [0,1490,system_server,-1,DisplayDeviceConfig,requesting nits when no mapping exists.]
11-11 05:07:51.982 1490 1642 I am_wtf : [0,1490,system_server,-1,DisplayDeviceConfig,requesting nits when no mapping exists.]
11-11 05:07:51.997 1490 1642 I am_wtf : [0,1490,system_server,-1,DisplayDeviceConfig,requesting nits when no mapping exists.]
11-11 05:07:51.998 1490 1642 I am_wtf : [0,1490,system_server,-1,DisplayDeviceConfig,requesting nits when no mapping exists.]
11-11 05:07:52.014 1490 1642 I am_wtf : [0,1490,system_server,-1,DisplayDeviceConfig,requesting nits when no mapping exists.]
11-11 05:07:52.016 1490 1642 I am_wtf : [0,1490,system_server,-1,DisplayDeviceConfig,requesting nits when no mapping exists.]
11-11 05:07:52.031 1490 1642 I am_wtf : [0,1490,system_server,-1,DisplayDeviceConfig,requesting nits when no mapping exists.]
11-11 05:07:52.032 1490 1642 I am_wtf : [0,1490,system_server,-1,DisplayDeviceConfig,requesting nits when no mapping exists.]
11-11 05:07:52.048 1490 1642 I am_wtf : [0,1490,system_server,-1,DisplayDeviceConfig,requesting nits when no mapping exists.]
