--------- beginning of radio
11-11 04:46:44.383 1490 1490 D TelephonyRegistry: listen oscl: mHasNotifySubscriptionInfoChangedOccurred==false no callback
11-11 04:46:44.940 1490 1592 D TelephonyRegistry: listen oscl: mHasNotifySubscriptionInfoChangedOccurred==false no callback
11-11 04:46:44.965 1490 2281 D TelephonyRegistry: listen oscl: mHasNotifySubscriptionInfoChangedOccurred==false no callback
11-11 04:46:44.983 1490 1490 D TelephonyRegistry: listen oscl: mHasNotifySubscriptionInfoChangedOccurred==false no callback
11-11 04:46:44.985 1490 2282 D TelephonyRegistry: listen oscl: mHasNotifySubscriptionInfoChangedOccurred==false no callback
11-11 04:46:45.046 1490 1490 D TelephonyRegistry: listen oscl: mHasNotifySubscriptionInfoChangedOccurred==false no callback
11-11 04:46:45.061 1490 1630 W CarrierConfigManager: Error getting config for subId -1 ICarrierConfigLoader is null
11-11 04:46:45.103 1490 1490 D TelephonyRegistry: systemRunning register for intents
11-11 04:46:45.182 1490 1641 D TelephonyRegistry: listen oscl: mHasNotifySubscriptionInfoChangedOccurred==false no callback
11-11 04:46:45.491 2356 2356 W CarrierConfigManager: Error getting config for subId -1 ICarrierConfigLoader is null
11-11 04:46:45.500 1490 2777 D TelephonyRegistry: listen oscl: mHasNotifySubscriptionInfoChangedOccurred==false no callback
11-11 04:46:45.934 1490 1490 D TelephonyRegistry: listen oscl: mHasNotifySubscriptionInfoChangedOccurred==false no callback
11-11 04:46:45.936 1490 1490 W CarrierConfigManager: Error getting config for subId -1 ICarrierConfigLoader is null
11-11 04:46:46.391 1490 1490 D TelephonyRegistry: notifyCellLocationForSubscriber: subId=2147483647 cellIdentity=null
11-11 04:46:46.649 1490 2422 D TelephonyRegistry: listen oscl: mHasNotifySubscriptionInfoChangedOccurred==false no callback
11-11 04:46:47.135 1490 1593 D TelephonyRegistry: listen oscl: mHasNotifySubscriptionInfoChangedOccurred==false no callback
11-11 04:46:47.814 1490 1593 D TelephonyRegistry: listen oscl: mHasNotifySubscriptionInfoChangedOccurred==false no callback
11-11 04:46:48.933 1490 1490 W CarrierConfigManager: Error getting config for subId -1 ICarrierConfigLoader is null
11-11 04:46:48.935 1490 1490 W CarrierConfigManager: Error getting config for subId -1 ICarrierConfigLoader is null
11-11 04:46:49.362 4190 4190 D CAT : BootCompletedReceiver: [ACTION_BOOT_COMPLETED]
11-11 04:46:49.363 4190 4190 D CAT : StkAppService: onCreate()+
11-11 04:46:49.364 4190 4190 D CAT : StkAppService: simCount: 1
11-11 04:46:49.364 4190 4190 D CAT : StkAppService: slotId: 0
11-11 04:46:49.365 4190 4190 D CAT : StkAppService: onStart sim id: 0, op: 5, *****
11-11 04:46:49.365 4190 4190 D CAT : StkAppService: mStkService is: -1
11-11 04:46:49.376 4190 4190 D CAT : StkAppService: onDestroy()
11-11 04:47:41.488 2912 2912 W CarrierConfigManager: Error getting config for subId -1 ICarrierConfigLoader is null
11-11 04:47:41.548 1490 2453 D TelephonyRegistry: listen oscl: mHasNotifySubscriptionInfoChangedOccurred==false no callback
11-11 04:47:41.555 1490 2453 D TelephonyRegistry: listen oscl: mHasNotifySubscriptionInfoChangedOccurred==false no callback
11-11 04:47:43.280 2912 2912 W FeatureConnector: [ImsConnector, 0] connect: not supported.
11-11 04:47:45.094 2912 2912 W CarrierConfigManager: Error getting config for subId -1 ICarrierConfigLoader is null
11-11 04:47:45.162 1490 2777 D TelephonyRegistry: listen oscl: mHasNotifySubscriptionInfoChangedOccurred==false no callback
11-11 04:47:45.164 1490 2777 D TelephonyRegistry: listen oscl: mHasNotifySubscriptionInfoChangedOccurred==false no callback
11-11 04:48:08.203 2912 2912 W FeatureConnector: [ImsConnector, 0] connect: not supported.
11-11 04:48:10.624 2912 2912 W CarrierConfigManager: Error getting config for subId -1 ICarrierConfigLoader is null
11-11 04:48:10.687 1490 4839 D TelephonyRegistry: listen oscl: mHasNotifySubscriptionInfoChangedOccurred==false no callback
11-11 04:48:10.691 1490 4839 D TelephonyRegistry: listen oscl: mHasNotifySubscriptionInfoChangedOccurred==false no callback
11-11 04:49:48.142 6477 6477 W CarrierConfigManager: Error getting config for subId -1 ICarrierConfigLoader is null
11-11 04:49:48.204 1490 3779 D TelephonyRegistry: listen oscl: mHasNotifySubscriptionInfoChangedOccurred==false no callback
11-11 04:49:48.208 1490 3779 D TelephonyRegistry: listen oscl: mHasNotifySubscriptionInfoChangedOccurred==false no callback
11-11 04:51:17.252 6839 6839 W CarrierConfigManager: Error getting config for subId -1 ICarrierConfigLoader is null
11-11 04:51:17.322 1490 1592 D TelephonyRegistry: listen oscl: mHasNotifySubscriptionInfoChangedOccurred==false no callback
11-11 04:51:17.327 1490 2774 D TelephonyRegistry: listen oscl: mHasNotifySubscriptionInfoChangedOccurred==false no callback
11-11 04:51:18.779 6839 6839 W FeatureConnector: [ImsConnector, 0] connect: not supported.
11-11 04:51:46.385 1490 2774 D TelephonyRegistry: listen oscl: mHasNotifySubscriptionInfoChangedOccurred==false no callback
11-11 04:51:46.388 1490 2774 D TelephonyRegistry: listen oscl: mHasNotifySubscriptionInfoChangedOccurred==false no callback
11-11 04:52:14.698 1490 4839 D TelephonyRegistry: listen oscl: mHasNotifySubscriptionInfoChangedOccurred==false no callback
11-11 04:52:14.703 1490 4839 D TelephonyRegistry: listen oscl: mHasNotifySubscriptionInfoChangedOccurred==false no callback
11-11 04:52:59.537 7159 7159 W CarrierConfigManager: Error getting config for subId -1 ICarrierConfigLoader is null
11-11 04:52:59.598 1490 1593 D TelephonyRegistry: listen oscl: mHasNotifySubscriptionInfoChangedOccurred==false no callback
11-11 04:52:59.602 1490 1593 D TelephonyRegistry: listen oscl: mHasNotifySubscriptionInfoChangedOccurred==false no callback
11-11 04:54:14.831 1490 2453 D TelephonyRegistry: listen oscl: mHasNotifySubscriptionInfoChangedOccurred==false no callback
11-11 04:54:14.832 2356 2356 W CarrierConfigManager: Error getting config for subId -1 ICarrierConfigLoader is null
11-11 04:54:25.457 7706 7706 W CarrierConfigManager: Error getting config for subId -1 ICarrierConfigLoader is null
11-11 04:54:25.501 1490 2453 D TelephonyRegistry: listen oscl: mHasNotifySubscriptionInfoChangedOccurred==false no callback
11-11 04:54:25.506 1490 6160 D TelephonyRegistry: listen oscl: mHasNotifySubscriptionInfoChangedOccurred==false no callback
11-11 04:54:27.574 1490 7626 D TelephonyRegistry: listen oscl: mHasNotifySubscriptionInfoChangedOccurred==false no callback
11-11 04:54:27.575 2356 2356 W CarrierConfigManager: Error getting config for subId -1 ICarrierConfigLoader is null --------- beginning of events
11-11 04:55:47.914 1490 2302 I wm_create_activity: [0,26897150,60,com.android.music/.VideoBrowserActivity,NULL,NULL,NULL,268468224]
11-11 04:55:47.914 1490 2302 I wm_task_moved: [60,1,6]
11-11 04:55:47.920 1490 2302 I wm_restart_activity: [0,26897150,60,com.android.music/.VideoBrowserActivity]
11-11 04:55:47.923 1490 2302 I wm_set_resumed_activity: [0,com.android.music/.VideoBrowserActivity,minimalResumeActivityLocked]
11-11 04:55:47.931 1490 1634 I am_uid_active: 10086
11-11 04:55:47.935 2824 2824 I wm_on_top_resumed_lost_called: [85671939,com.android.launcher3.uioverrides.QuickstepLauncher,topStateChangedWhenResumed]
11-11 04:55:47.972 7568 7568 I wm_on_create_called: [26897150,com.android.music.VideoBrowserActivity,performCreate]
11-11 04:55:47.973 7568 7568 I wm_on_start_called: [26897150,com.android.music.VideoBrowserActivity,handleStartActivity]
11-11 04:55:47.974 7568 7568 I wm_on_resume_called: [26897150,com.android.music.VideoBrowserActivity,RESUME_ACTIVITY]
11-11 04:55:47.978 7568 7568 I wm_on_top_resumed_gained_called: [26897150,com.android.music.VideoBrowserActivity,topStateChangedWhenResumed]
11-11 04:55:47.986 1490 1635 I input_focus: [Focus request 58efd44 com.android.music/com.android.music.VideoBrowserActivity,reason=UpdateInputWindows]
11-11 04:55:48.006 1490 1992 I input_focus: [Focus leaving 978e85f com.android.launcher3/com.android.launcher3.uioverrides.QuickstepLauncher (server),reason=Waiting for window because NOT_VISIBLE]
11-11 04:55:48.035 1490 1630 I sysui_multi_action: [319,143,322,143,325,567,757,761,758,8,759,2,806,com.android.music,871,com.android.music.VideoBrowserActivity,904,com.android.launcher3,905,0,1320,4,1321,1]
11-11 04:55:48.036 1490 1630 I wm_activity_launch_time: [0,26897150,com.android.music/.VideoBrowserActivity,143]
11-11 04:55:48.038 1490 1992 I input_focus: [Focus entering 58efd44 com.android.music/com.android.music.VideoBrowserActivity (server),reason=Window became focusable. Previous reason: NOT_VISIBLE]
11-11 04:55:48.049 1490 1641 I am_pss : [7946,1000,com.android.settings,26374144,24891392,0,112652288,0,19,6]
11-11 04:55:48.315 0 0 I auditd : type=1400 audit(0.0:1022): avc: denied { kill } for comm="swapper/2" capability=5 scontext=u:r:kernel:s0 tcontext=u:r:kernel:s0 tclass=capability permissive=0
11-11 04:55:49.212 1490 1992 I input_interaction: Interaction with: 58efd44 com.android.music/com.android.music.VideoBrowserActivity (server), edge-swipe (server), swipe-up (server), PointerEventDispatcher0 (server),
11-11 04:55:49.315 0 0 I auditd : type=1400 audit(0.0:1023): avc: denied { kill } for comm="swapper/2" capability=5 scontext=u:r:kernel:s0 tcontext=u:r:kernel:s0 tclass=capability permissive=0
11-11 04:55:49.393 1490 7584 I wm_relaunch_resume_activity: [0,26897150,60,com.android.music/.VideoBrowserActivity]
11-11 04:55:49.394 1490 7584 I wm_add_to_stopping: [0,85671939,com.android.launcher3/.uioverrides.QuickstepLauncher,makeInvisible]
11-11 04:55:49.400 7568 7568 I wm_on_top_resumed_lost_called: [26897150,com.android.music.VideoBrowserActivity,pausing]
11-11 04:55:49.400 7568 7568 I wm_on_paused_called: [26897150,com.android.music.VideoBrowserActivity,performPause]
11-11 04:55:49.400 7568 7568 I wm_on_stop_called: [26897150,com.android.music.VideoBrowserActivity,handleRelaunchActivity]
11-11 04:55:49.404 7568 7568 I wm_on_destroy_called: [26897150,com.android.music.VideoBrowserActivity,performDestroy]
11-11 04:55:49.452 7568 7568 I wm_on_create_called: [26897150,com.android.music.VideoBrowserActivity,performCreate]
11-11 04:55:49.453 7568 7568 I wm_on_start_called: [26897150,com.android.music.VideoBrowserActivity,handleStartActivity]
11-11 04:55:49.456 7568 7568 I wm_on_resume_called: [26897150,com.android.music.VideoBrowserActivity,RESUME_ACTIVITY]
11-11 04:55:49.456 7568 7568 I wm_on_top_resumed_gained_called: [26897150,com.android.music.VideoBrowserActivity,topWhenResuming]
11-11 04:55:49.812 1490 1634 I wm_stop_activity: [0,85671939,com.android.launcher3/.uioverrides.QuickstepLauncher]
11-11 04:55:49.846 2824 2824 I wm_on_paused_called: [85671939,com.android.launcher3.uioverrides.QuickstepLauncher,performPause]
11-11 04:55:49.850 2824 2824 I wm_on_stop_called: [85671939,com.android.launcher3.uioverrides.QuickstepLauncher,STOP_ACTIVITY_ITEM]
11-11 04:55:51.356 1490 7426 I wm_task_moved: [1,0,0]
11-11 04:55:51.356 1490 7426 I wm_task_moved: [1,0,5]
11-11 04:55:51.361 2824 2824 I wm_on_restart_called: [85671939,com.android.launcher3.uioverrides.QuickstepLauncher,performRestartActivity]
11-11 04:55:51.402 2824 2824 I wm_on_start_called: [85671939,com.android.launcher3.uioverrides.QuickstepLauncher,handleStartActivity]
11-11 04:55:51.420 1490 1630 I sysui_multi_action: [319,13,322,58,325,570,757,761,758,9,759,5,806,com.android.launcher3,871,com.android.launcher3.uioverrides.QuickstepLauncher,905,0,1320,4,1321,1]
11-11 04:55:51.425 7568 7568 I view_enqueue_input_event: [Motion - Cancel,com.android.music/com.android.music.VideoBrowserActivity]
11-11 04:55:51.427 2824 2824 I sysui_latency: [1,83]
11-11 04:55:51.430 1490 1635 I input_focus: [Focus request recents_animation_input_consumer,reason=UpdateInputWindows]
11-11 04:55:51.442 1490 1992 I input_interaction: Interaction with: edge-swipe (server), swipe-up (server), PointerEventDispatcher0 (server),
11-11 04:55:51.463 1490 1992 I input_focus: [Focus leaving 58efd44 com.android.music/com.android.music.VideoBrowserActivity (server),reason=NOT_FOCUSABLE]
11-11 04:55:51.463 1490 1992 I input_focus: [Focus entering recents_animation_input_consumer (server),reason=setFocusedWindow]
11-11 04:55:51.607 1490 1745 I commit_sys_config_file: [settings-1-0,6]
11-11 04:55:51.716 1490 1641 I sysui_latency: [8,81]
11-11 04:55:52.463 1490 1745 I commit_sys_config_file: [settings-1-0,4]
11-11 04:55:52.898 1490 1992 I input_interaction: Interaction with: 978e85f com.android.launcher3/com.android.launcher3.uioverrides.QuickstepLauncher (server), edge-swipe (server), swipe-up (server), PointerEventDispatcher0 (server),
11-11 04:55:53.315 0 0 I auditd : type=1400 audit(0.0:1024): avc: denied { kill } for comm="swapper/0" capability=5 scontext=u:r:kernel:s0 tcontext=u:r:kernel:s0 tclass=capability permissive=0
11-11 04:55:53.454 1490 1634 I sysui_multi_action: [757,803,799,window_time_0,802,10]
11-11 04:55:53.943 1490 4918 I wm_task_moved: [1,1,6]
11-11 04:55:53.947 1490 4918 I wm_focused_root_task: [0,0,1,60,RecentsAnimation.onAnimationFinished()]
11-11 04:55:53.948 7568 7568 I wm_on_top_resumed_lost_called: [26897150,com.android.music.VideoBrowserActivity,topStateChangedWhenResumed]
11-11 04:55:53.950 1490 4918 I wm_pause_activity: [0,26897150,com.android.music/.VideoBrowserActivity,userLeaving=false,pauseBackTasks]
11-11 04:55:53.955 1490 4918 I wm_set_resumed_activity: [0,com.android.launcher3/.uioverrides.QuickstepLauncher,resumeTopActivityInnerLocked]
11-11 04:55:53.959 1490 4918 I wm_resume_activity: [0,85671939,10,com.android.launcher3/.uioverrides.QuickstepLauncher]
11-11 04:55:53.960 1490 4918 I wm_add_to_stopping: [0,26897150,com.android.music/.VideoBrowserActivity,makeInvisible]
11-11 04:55:53.962 2824 2824 I wm_on_resume_called: [85671939,com.android.launcher3.uioverrides.QuickstepLauncher,RESUME_ACTIVITY]
11-11 04:55:53.970 1490 1635 I input_focus: [Focus request 978e85f com.android.launcher3/com.android.launcher3.uioverrides.QuickstepLauncher,reason=UpdateInputWindows]
11-11 04:55:53.974 1490 1634 I sysui_multi_action: [757,803,799,window_time_0,802,0]
11-11 04:55:53.977 1490 2302 I wm_stop_activity: [0,26897150,com.android.music/.VideoBrowserActivity]
11-11 04:55:53.978 7568 7568 I wm_on_paused_called: [26897150,com.android.music.VideoBrowserActivity,performPause]
11-11 04:55:53.979 7568 7568 I wm_on_stop_called: [26897150,com.android.music.VideoBrowserActivity,STOP_ACTIVITY_ITEM]
11-11 04:55:53.983 1490 1634 I sysui_multi_action: [757,803,799,window_time_0,802,0]
11-11 04:55:53.991 1490 1992 I input_focus: [Focus leaving recents_animation_input_consumer (server),reason=NOT_VISIBLE]
11-11 04:55:53.991 1490 1992 I input_focus: [Focus entering 978e85f com.android.launcher3/com.android.launcher3.uioverrides.QuickstepLauncher (server),reason=setFocusedWindow]
11-11 04:55:53.994 2824 2824 I wm_on_top_resumed_gained_called: [85671939,com.android.launcher3.uioverrides.QuickstepLauncher,topStateChangedWhenResumed]
11-11 04:55:53.998 1490 1643 I am_proc_start: [0,8360,1000,com.thundercomm.mcuupgrade,NULL,]
11-11 04:55:54.001 1490 1641 I am_pss : [8247,10069,com.android.gallery3d,7119872,5062656,0,94015488,0,19,6]
11-11 04:55:54.016 1490 2422 I am_proc_bound: [0,8360,com.thundercomm.mcuupgrade]
11-11 04:55:54.072 1490 7426 I wm_finish_activity: [0,26897150,60,com.android.music/.VideoBrowserActivity,remove-task]
11-11 04:55:54.073 1490 7426 I wm_destroy_activity: [0,26897150,60,com.android.music/.VideoBrowserActivity,finish-imm:finishIfPossible]
11-11 04:55:54.075 7568 7568 I wm_on_destroy_called: [26897150,com.android.music.VideoBrowserActivity,performDestroy]
11-11 04:55:54.076 1490 1634 I am_kill : [0,7568,com.android.music,900,remove task]
11-11 04:55:54.078 1490 1634 I sysui_multi_action: [757,803,799,window_time_0,802,0]
11-11 04:55:54.123 1490 2302 I am_proc_died: [0,7568,com.android.music,900,18]
11-11 04:55:54.126 1490 2302 I am_uid_stopped: 10086
11-11 04:55:54.127 1490 2302 I wm_task_removed: [60,removeChild:removeChild last r=ActivityRecord{19a6afe u0 com.android.music/.VideoBrowserActivity t-1 f}} in t=Task{3842080 #60 type=standard A=10086:android.task.video U=0 visible=false mode=fullscreen translucent=true sz=0}]
11-11 04:55:54.127 1490 2302 I wm_task_removed: [60,removeChild]
11-11 04:55:54.133 1490 1634 I am_uid_running: 10086
11-11 04:55:54.135 1490 1992 I input_interaction: Interaction with: 978e85f com.android.launcher3/com.android.launcher3.uioverrides.QuickstepLauncher (server), f91321f com.android.systemui.ImageWallpaper (server), edge-swipe (server), swipe-up (server), PointerEventDispatcher0 (server),
11-11 04:55:54.145 1490 1643 I am_proc_start: [0,8380,10086,com.android.music,NULL,]
11-11 04:55:54.175 1490 2302 I am_proc_bound: [0,8380,com.android.music]
11-11 04:55:54.315 0 0 I auditd : type=1400 audit(0.0:1025): avc: denied { kill } for comm="swapper/0" capability=5 scontext=u:r:kernel:s0 tcontext=u:r:kernel:s0 tclass=capability permissive=0
11-11 04:55:56.412 1490 2302 I wm_task_created: [61,-1]
11-11 04:55:56.422 1490 2302 I wm_task_moved: [61,1,6]
11-11 04:55:56.422 1490 2302 I wm_task_to_front: [0,61]
11-11 04:55:56.423 1490 2302 I wm_create_task: [0,61]
11-11 04:55:56.423 1490 2302 I wm_create_activity: [0,21060891,61,com.android.gallery3d/.app.GalleryActivity,NULL,NULL,NULL,268468224]
11-11 04:55:56.423 1490 2302 I wm_task_moved: [61,1,6]
11-11 04:55:56.427 1490 2302 I wm_restart_activity: [0,21060891,61,com.android.gallery3d/.app.GalleryActivity]
11-11 04:55:56.429 1490 2302 I wm_set_resumed_activity: [0,com.android.gallery3d/.app.GalleryActivity,minimalResumeActivityLocked]
11-11 04:55:56.434 1490 1634 I am_uid_active: 10069
11-11 04:55:56.438 2824 2824 I wm_on_top_resumed_lost_called: [85671939,com.android.launcher3.uioverrides.QuickstepLauncher,topStateChangedWhenResumed]
11-11 04:55:56.486 8247 8247 I wm_on_create_called: [21060891,com.android.gallery3d.app.GalleryActivity,performCreate]
11-11 04:55:56.487 8247 8247 I wm_on_start_called: [21060891,com.android.gallery3d.app.GalleryActivity,handleStartActivity]
11-11 04:55:56.491 8247 8247 I wm_on_resume_called: [21060891,com.android.gallery3d.app.GalleryActivity,RESUME_ACTIVITY]
11-11 04:55:56.497 8247 8247 I wm_on_top_resumed_gained_called: [21060891,com.android.gallery3d.app.GalleryActivity,topStateChangedWhenResumed]
11-11 04:55:56.519 1490 1635 I input_focus: [Focus request abdb401 com.android.gallery3d/com.android.gallery3d.app.GalleryActivity,reason=UpdateInputWindows]
11-11 04:55:56.542 1490 1992 I input_focus: [Focus leaving 978e85f com.android.launcher3/com.android.launcher3.uioverrides.QuickstepLauncher (server),reason=Waiting for window because NOT_VISIBLE]
11-11 04:55:56.587 1490 1630 I sysui_multi_action: [319,177,322,177,325,576,757,761,758,8,759,2,806,com.android.gallery3d,871,com.android.gallery3d.app.GalleryActivity,904,com.android.launcher3,905,0,1320,4,1321,1]
11-11 04:55:56.589 1490 1630 I wm_activity_launch_time: [0,21060891,com.android.gallery3d/.app.GalleryActivity,177]
11-11 04:55:56.592 1490 1992 I input_focus: [Focus entering abdb401 com.android.gallery3d/com.android.gallery3d.app.GalleryActivity (server),reason=Window became focusable. Previous reason: NOT_VISIBLE]
11-11 04:55:57.315 0 0 I auditd : type=1400 audit(0.0:1026): avc: denied { kill } for comm="swapper/3" capability=5 scontext=u:r:kernel:s0 tcontext=u:r:kernel:s0 tclass=capability permissive=0
11-11 04:55:57.744 1490 1992 I input_interaction: Interaction with: abdb401 com.android.gallery3d/com.android.gallery3d.app.GalleryActivity (server), edge-swipe (server), swipe-up (server), PointerEventDispatcher0 (server),
11-11 04:55:57.925 1490 2453 I wm_relaunch_resume_activity: [0,21060891,61,com.android.gallery3d/.app.GalleryActivity]
11-11 04:55:57.926 1490 2453 I wm_add_to_stopping: [0,85671939,com.android.launcher3/.uioverrides.QuickstepLauncher,makeInvisible]
11-11 04:55:57.932 8247 8247 I wm_on_top_resumed_lost_called: [21060891,com.android.gallery3d.app.GalleryActivity,pausing]
11-11 04:55:57.939 8247 8247 I wm_on_paused_called: [21060891,com.android.gallery3d.app.GalleryActivity,performPause]
11-11 04:55:57.940 8247 8247 I wm_on_stop_called: [21060891,com.android.gallery3d.app.GalleryActivity,handleRelaunchActivity]
11-11 04:55:57.946 8247 8247 I wm_on_destroy_called: [21060891,com.android.gallery3d.app.GalleryActivity,performDestroy]
11-11 04:55:57.950 1490 1641 I am_pss : [8175,90000,com.microsoft.emmx:sandboxed_process0:org.chromium.content.app.SandboxedProcessService0:0,14836736,3837952,0,112095232,0,19,6]
11-11 04:55:57.972 8247 8247 I wm_on_create_called: [21060891,com.android.gallery3d.app.GalleryActivity,performCreate]
11-11 04:55:57.973 8247 8247 I wm_on_start_called: [21060891,com.android.gallery3d.app.GalleryActivity,handleStartActivity]
11-11 04:55:57.975 1490 1641 I am_pss : [8092,10024,com.microsoft.emmx,69722112,44933120,0,224706560,0,19,9]
11-11 04:55:57.980 8247 8247 I wm_on_resume_called: [21060891,com.android.gallery3d.app.GalleryActivity,RESUME_ACTIVITY]
11-11 04:55:57.980 8247 8247 I wm_on_top_resumed_gained_called: [21060891,com.android.gallery3d.app.GalleryActivity,topWhenResuming]
11-11 04:55:57.990 1490 1490 I notification_enqueue: [10082,2356,com.android.systemui,2048,NULL,0,Notification(channel=updateNotification shortcut=null contentView=null vibrate=null sound=null defaults=0x0 flags=0x0 color=0x00000000 vis=PRIVATE),1]
11-11 04:55:57.992 2356 2356 I sysui_multi_action: [757,111,758,2]
11-11 04:55:57.993 2356 2356 I sysui_multi_action: [757,111,758,2]
11-11 04:55:58.016 2356 2356 I sysui_multi_action: [757,111,758,1]
11-11 04:55:58.017 2356 2356 I sysui_multi_action: [757,126,758,1,759,126,927,0,928,0,1593,0]
11-11 04:55:58.017 2356 2356 I sysui_multi_action: [757,113,758,1,759,113,927,1,928,1,1593,0]
11-11 04:55:58.017 2356 2356 I sysui_multi_action: [757,0,758,1,759,0,927,2,928,0,1593,0]
11-11 04:55:58.018 2356 2356 I sysui_multi_action: [757,0,758,1,759,0,927,3,928,0,1593,0]
11-11 04:55:58.018 2356 2356 I sysui_multi_action: [757,491,758,1,759,491,927,4,928,0,1311,-1,1593,0]
11-11 04:55:58.018 2356 2356 I sysui_multi_action: [757,0,758,1,759,0,927,5,928,0,1593,0]
11-11 04:55:58.018 2356 2356 I sysui_multi_action: [757,111,758,1]
11-11 04:55:58.019 2356 2356 I sysui_multi_action: [757,126,758,1,759,126,927,0,928,0,1593,0]
11-11 04:55:58.019 2356 2356 I sysui_multi_action: [757,113,758,1,759,113,927,1,928,1,1593,0]
11-11 04:55:58.019 2356 2356 I sysui_multi_action: [757,0,758,1,759,0,927,2,928,0,1593,0]
11-11 04:55:58.019 2356 2356 I sysui_multi_action: [757,0,758,1,759,0,927,3,928,0,1593,0]
11-11 04:55:58.315 0 0 I auditd : type=1400 audit(0.0:1027): avc: denied { kill } for comm="swapper/3" capability=5 scontext=u:r:kernel:s0 tcontext=u:r:kernel:s0 tclass=capability permissive=0
11-11 04:55:58.350 1490 1634 I wm_stop_activity: [0,85671939,com.android.launcher3/.uioverrides.QuickstepLauncher]
11-11 04:55:58.381 2824 2824 I wm_on_paused_called: [85671939,com.android.launcher3.uioverrides.QuickstepLauncher,performPause]
11-11 04:55:58.388 2824 2824 I wm_on_stop_called: [85671939,com.android.launcher3.uioverrides.QuickstepLauncher,STOP_ACTIVITY_ITEM]
11-11 04:55:59.315 0 0 I auditd : type=1400 audit(0.0:1028): avc: denied { kill } for comm="swapper/3" capability=5 scontext=u:r:kernel:s0 tcontext=u:r:kernel:s0 tclass=capability permissive=0
11-11 04:55:59.376 1490 4918 I wm_task_moved: [1,0,0]
11-11 04:55:59.377 1490 4918 I wm_task_moved: [1,0,5]
11-11 04:55:59.391 2824 2824 I wm_on_restart_called: [85671939,com.android.launcher3.uioverrides.QuickstepLauncher,performRestartActivity]
11-11 04:55:59.414 2824 2824 I wm_on_start_called: [85671939,com.android.launcher3.uioverrides.QuickstepLauncher,handleStartActivity]
11-11 04:55:59.434 1490 1630 I sysui_multi_action: [319,16,322,53,325,578,757,761,758,9,759,5,806,com.android.launcher3,871,com.android.launcher3.uioverrides.QuickstepLauncher,905,0,1320,4,1321,1]
11-11 04:55:59.478 8247 8247 I view_enqueue_input_event: [Motion - Cancel,com.android.gallery3d/com.android.gallery3d.app.GalleryActivity]
11-11 04:55:59.478 1490 1992 I input_interaction: Interaction with: edge-swipe (server), swipe-up (server), PointerEventDispatcher0 (server),
11-11 04:55:59.479 2824 2824 I sysui_latency: [1,81]
11-11 04:55:59.485 1490 1635 I input_focus: [Focus request recents_animation_input_consumer,reason=UpdateInputWindows]
11-11 04:55:59.518 1490 1992 I input_focus: [Focus leaving abdb401 com.android.gallery3d/com.android.gallery3d.app.GalleryActivity (server),reason=NOT_FOCUSABLE]
11-11 04:55:59.518 1490 1992 I input_focus: [Focus entering recents_animation_input_consumer (server),reason=setFocusedWindow]
11-11 04:55:59.619 1490 1745 I commit_sys_config_file: [settings-1-0,7]
11-11 04:55:59.731 1490 1641 I sysui_latency: [8,81]
11-11 04:56:00.265 1490 2422 I wm_task_moved: [1,1,6]
11-11 04:56:00.268 1490 2422 I wm_task_moved: [10,1,2147483647]
11-11 04:56:00.268 1490 2422 I wm_task_to_front: [0,10]
11-11 04:56:00.268 8247 8247 I wm_on_top_resumed_lost_called: [21060891,com.android.gallery3d.app.GalleryActivity,topStateChangedWhenResumed]
11-11 04:56:00.268 1490 2422 I wm_focused_root_task: [0,0,1,61,RecentsAnimation.onAnimationFinished()]
11-11 04:56:00.269 1490 2422 I wm_set_resumed_activity: [0,com.android.launcher3/.uioverrides.QuickstepLauncher,RecentsAnimation.onAnimationFinished()]
11-11 04:56:00.270 1490 2422 I wm_pause_activity: [0,21060891,com.android.gallery3d/.app.GalleryActivity,userLeaving=true,pauseBackTasks]
11-11 04:56:00.271 1490 2422 I wm_add_to_stopping: [0,21060891,com.android.gallery3d/.app.GalleryActivity,makeInvisible]
11-11 04:56:00.272 1490 2422 I wm_set_resumed_activity: [0,com.android.launcher3/.uioverrides.QuickstepLauncher,resumeTopActivityInnerLocked]
11-11 04:56:00.273 1490 2422 I wm_resume_activity: [0,85671939,10,com.android.launcher3/.uioverrides.QuickstepLauncher]
11-11 04:56:00.275 2824 2824 I wm_on_resume_called: [85671939,com.android.launcher3.uioverrides.QuickstepLauncher,RESUME_ACTIVITY]
11-11 04:56:00.279 1490 1635 I input_focus: [Focus request 978e85f com.android.launcher3/com.android.launcher3.uioverrides.QuickstepLauncher,reason=UpdateInputWindows]
11-11 04:56:00.282 8247 8247 I wm_on_paused_called: [21060891,com.android.gallery3d.app.GalleryActivity,performPause]
11-11 04:56:00.285 2824 2824 I wm_on_top_resumed_gained_called: [85671939,com.android.launcher3.uioverrides.QuickstepLauncher,topStateChangedWhenResumed]
11-11 04:56:00.285 1490 1992 I input_focus: [Focus leaving recents_animation_input_consumer (server),reason=NOT_VISIBLE]
11-11 04:56:00.286 1490 1992 I input_focus: [Focus entering 978e85f com.android.launcher3/com.android.launcher3.uioverrides.QuickstepLauncher (server),reason=setFocusedWindow]
11-11 04:56:00.295 1490 2430 I wm_stop_activity: [0,21060891,com.android.gallery3d/.app.GalleryActivity]
11-11 04:56:00.299 1490 1634 I sysui_multi_action: [757,803,799,window_time_0,802,6]
11-11 04:56:00.302 1490 1634 I sysui_multi_action: [757,803,799,window_time_0,802,0]
11-11 04:56:00.315 0 0 I auditd : type=1400 audit(0.0:1029): avc: denied { kill } for comm="swapper/3" capability=5 scontext=u:r:kernel:s0 tcontext=u:r:kernel:s0 tclass=capability permissive=0
11-11 04:56:00.323 8247 8247 I wm_on_stop_called: [21060891,com.android.gallery3d.app.GalleryActivity,STOP_ACTIVITY_ITEM]
11-11 04:56:00.443 1490 1992 I input_interaction: Interaction with: 978e85f com.android.launcher3/com.android.launcher3.uioverrides.QuickstepLauncher (server), f91321f com.android.systemui.ImageWallpaper (server), edge-swipe (server), swipe-up (server), PointerEventDispatcher0 (server),
11-11 04:56:00.754 1490 1745 I commit_sys_config_file: [settings-1-0,11]
11-11 04:56:01.315 0 0 I auditd : type=1400 audit(0.0:1030): avc: denied { kill } for comm="swapper/3" capability=5 scontext=u:r:kernel:s0 tcontext=u:r:kernel:s0 tclass=capability permissive=0
11-11 04:56:01.983 1490 1490 I service_manager_stats: [100,90,37605]
11-11 04:56:02.315 0 0 I auditd : type=1400 audit(0.0:1031): avc: denied { kill } for comm="swapper/3" capability=5 scontext=u:r:kernel:s0 tcontext=u:r:kernel:s0 tclass=capability permissive=0
11-11 04:56:02.686 1490 2422 I wm_task_created: [62,-1]
11-11 04:56:02.696 1490 2422 I wm_task_moved: [62,1,7]
11-11 04:56:02.696 1490 2422 I wm_task_to_front: [0,62]
11-11 04:56:02.696 1490 2422 I wm_create_task: [0,62]
11-11 04:56:02.696 1490 2422 I wm_create_activity: [0,261428044,62,com.android.deskclock/.DeskClock,NULL,NULL,NULL,268468224]
11-11 04:56:02.697 1490 2422 I wm_task_moved: [62,1,7]
11-11 04:56:02.705 1490 1634 I am_uid_running: 10066
11-11 04:56:02.707 2824 2824 I wm_on_top_resumed_lost_called: [85671939,com.android.launcher3.uioverrides.QuickstepLauncher,topStateChangedWhenResumed]
11-11 04:56:02.727 1490 1643 I am_proc_start: [0,8445,10066,com.android.deskclock,top-activity,{com.android.deskclock/com.android.deskclock.DeskClock}]
11-11 04:56:02.748 1490 2422 I am_proc_bound: [0,8445,com.android.deskclock]
11-11 04:56:02.751 1490 2422 I wm_restart_activity: [0,261428044,62,com.android.deskclock/.DeskClock]
11-11 04:56:02.752 1490 2422 I wm_set_resumed_activity: [0,com.android.deskclock/.DeskClock,minimalResumeActivityLocked]
11-11 04:56:02.752 1490 2422 I am_uid_active: 10066
11-11 04:56:02.809 1490 2422 I wm_task_moved: [62,1,7]
11-11 04:56:02.809 1490 2422 I wm_set_resumed_activity: [0,com.android.deskclock/.DeskClock,positionChildAt]
11-11 04:56:02.809 1490 2422 I wm_create_activity: [0,258665815,62,com.android.permissioncontroller/.permission.ui.GrantPermissionsActivity,android.content.pm.action.REQUEST_PERMISSIONS,NULL,NULL,8388608]
11-11 04:56:02.810 1490 2422 I wm_pause_activity: [0,261428044,com.android.deskclock/.DeskClock,userLeaving=true,resumeTopActivityInnerLocked]
11-11 04:56:02.828 8445 8445 I wm_on_create_called: [261428044,com.android.deskclock.DeskClock,performCreate]
11-11 04:56:02.830 8445 8445 I wm_on_start_called: [261428044,com.android.deskclock.DeskClock,handleStartActivity]
11-11 04:56:02.832 8445 8445 I wm_on_resume_called: [261428044,com.android.deskclock.DeskClock,RESUME_ACTIVITY]
11-11 04:56:02.836 8445 8445 I wm_on_top_resumed_gained_called: [261428044,com.android.deskclock.DeskClock,topStateChangedWhenResumed]
11-11 04:56:02.837 8445 8445 I wm_on_top_resumed_lost_called: [261428044,com.android.deskclock.DeskClock,topStateChangedWhenResumed]
11-11 04:56:02.837 8445 8445 I wm_on_paused_called: [261428044,com.android.deskclock.DeskClock,performPause]
11-11 04:56:02.839 1490 2422 I wm_restart_activity: [0,258665815,62,com.android.permissioncontroller/.permission.ui.GrantPermissionsActivity]
11-11 04:56:02.840 1490 2422 I wm_set_resumed_activity: [0,com.android.permissioncontroller/.permission.ui.GrantPermissionsActivity,minimalResumeActivityLocked]
11-11 04:56:02.844 1490 1634 I sysui_multi_action: [757,803,799,window_time_0,802,3]
11-11 04:56:02.855 2360 2360 I wm_on_create_called: [258665815,com.android.permissioncontroller.permission.ui.GrantPermissionsActivity,performCreate]
11-11 04:56:02.856 2360 2360 I wm_on_start_called: [258665815,com.android.permissioncontroller.permission.ui.GrantPermissionsActivity,handleStartActivity]
11-11 04:56:02.857 2360 2360 I wm_on_resume_called: [258665815,com.android.permissioncontroller.permission.ui.GrantPermissionsActivity,RESUME_ACTIVITY]
11-11 04:56:02.859 2360 2360 I wm_on_top_resumed_gained_called: [258665815,com.android.permissioncontroller.permission.ui.GrantPermissionsActivity,topStateChangedWhenResumed]
11-11 04:56:02.866 1490 2422 I wm_finish_activity: [0,258665815,62,com.android.permissioncontroller/.permission.ui.GrantPermissionsActivity,app-request]
11-11 04:56:02.866 1490 2422 I wm_pause_activity: [0,258665815,com.android.permissioncontroller/.permission.ui.GrantPermissionsActivity,userLeaving=false,finish]
11-11 04:56:02.875 1490 1745 I commit_sys_config_file: [settings-1-0,6]
11-11 04:56:02.876 2360 2360 I wm_on_top_resumed_lost_called: [258665815,com.android.permissioncontroller.permission.ui.GrantPermissionsActivity,topStateChangedWhenResumed]
11-11 04:56:02.877 2360 2360 I wm_on_paused_called: [258665815,com.android.permissioncontroller.permission.ui.GrantPermissionsActivity,performPause]
11-11 04:56:02.878 1490 2430 I wm_add_to_stopping: [0,258665815,com.android.permissioncontroller/.permission.ui.GrantPermissionsActivity,completeFinishing]
11-11 04:56:02.878 1490 2430 I wm_set_resumed_activity: [0,com.android.deskclock/.DeskClock,resumeTopActivityInnerLocked]
11-11 04:56:02.879 1490 2430 I wm_resume_activity: [0,261428044,62,com.android.deskclock/.DeskClock]
11-11 04:56:02.881 1490 1634 I sysui_multi_action: [757,803,799,window_time_2,802,0]
11-11 04:56:02.899 1490 1635 I input_focus: [Focus request 38c8729 com.android.deskclock/com.android.deskclock.DeskClock,reason=UpdateInputWindows]
11-11 04:56:02.925 1490 1992 I input_focus: [Focus leaving 978e85f com.android.launcher3/com.android.launcher3.uioverrides.QuickstepLauncher (server),reason=Waiting for window because NOT_VISIBLE]
11-11 04:56:02.974 8445 8445 I wm_on_activity_result_called: [261428044,com.android.deskclock.DeskClock,ACTIVITY_RESULT]
11-11 04:56:02.974 8445 8445 I wm_on_resume_called: [261428044,com.android.deskclock.DeskClock,RESUME_ACTIVITY]
11-11 04:56:02.975 1490 1992 I input_focus: [Focus entering 38c8729 com.android.deskclock/com.android.deskclock.DeskClock (server),reason=Window became focusable. Previous reason: NOT_VISIBLE]
11-11 04:56:02.976 8445 8445 I wm_on_top_resumed_gained_called: [261428044,com.android.deskclock.DeskClock,topWhenResuming]
11-11 04:56:03.246 1490 1634 I wm_destroy_activity: [0,258665815,62,com.android.permissioncontroller/.permission.ui.GrantPermissionsActivity,finish-imm:idle]
11-11 04:56:03.252 2360 2360 I wm_on_stop_called: [258665815,com.android.permissioncontroller.permission.ui.GrantPermissionsActivity,LIFECYCLER_STOP_ACTIVITY]
11-11 04:56:03.253 2360 2360 I wm_on_destroy_called: [258665815,com.android.permissioncontroller.permission.ui.GrantPermissionsActivity,performDestroy]
11-11 04:56:03.315 0 0 I auditd : type=1400 audit(0.0:1032): avc: denied { kill } for comm="swapper/3" capability=5 scontext=u:r:kernel:s0 tcontext=u:r:kernel:s0 tclass=capability permissive=0
11-11 04:56:03.841 1490 1992 I input_interaction: Interaction with: 38c8729 com.android.deskclock/com.android.deskclock.DeskClock (server), edge-swipe (server), swipe-up (server), PointerEventDispatcher0 (server),
11-11 04:56:03.991 1490 4918 I wm_relaunch_resume_activity: [0,261428044,62,com.android.deskclock/.DeskClock]
11-11 04:56:03.992 1490 4918 I wm_add_to_stopping: [0,85671939,com.android.launcher3/.uioverrides.QuickstepLauncher,makeInvisible]
11-11 04:56:04.013 8445 8445 I wm_on_top_resumed_lost_called: [261428044,com.android.deskclock.DeskClock,pausing]
11-11 04:56:04.017 8445 8445 I wm_on_paused_called: [261428044,com.android.deskclock.DeskClock,performPause]
11-11 04:56:04.020 8445 8445 I wm_on_stop_called: [261428044,com.android.deskclock.DeskClock,handleRelaunchActivity]
11-11 04:56:04.037 8445 8445 I wm_on_destroy_called: [261428044,com.android.deskclock.DeskClock,performDestroy]
11-11 04:56:04.063 1490 2302 I wm_task_moved: [62,1,7]
11-11 04:56:04.063 1490 2302 I wm_set_resumed_activity: [0,com.android.deskclock/.DeskClock,positionChildAt]
11-11 04:56:04.063 1490 2302 I wm_create_activity: [0,103941353,62,com.android.permissioncontroller/.permission.ui.GrantPermissionsActivity,android.content.pm.action.REQUEST_PERMISSIONS,NULL,NULL,8388608]
11-11 04:56:04.063 1490 2302 I wm_pause_activity: [0,85671939,com.android.launcher3/.uioverrides.QuickstepLauncher,userLeaving=true,pauseBackTasks]
11-11 04:56:04.064 1490 2302 I wm_pause_activity: [0,261428044,com.android.deskclock/.DeskClock,userLeaving=true,resumeTopActivityInnerLocked]
11-11 04:56:04.064 2824 2824 I wm_on_paused_called: [85671939,com.android.launcher3.uioverrides.QuickstepLauncher,performPause]
11-11 04:56:04.070 1490 1634 I sysui_multi_action: [757,803,799,window_time_2,802,1]
11-11 04:56:04.087 8445 8445 I wm_on_create_called: [261428044,com.android.deskclock.DeskClock,performCreate]
11-11 04:56:04.112 8445 8445 I wm_on_start_called: [261428044,com.android.deskclock.DeskClock,handleStartActivity]
11-11 04:56:04.113 8445 8445 I wm_on_resume_called: [261428044,com.android.deskclock.DeskClock,RESUME_ACTIVITY]
11-11 04:56:04.115 8445 8445 I wm_on_top_resumed_gained_called: [261428044,com.android.deskclock.DeskClock,topWhenResuming]
11-11 04:56:04.158 8445 8445 I wm_on_top_resumed_lost_called: [261428044,com.android.deskclock.DeskClock,topStateChangedWhenResumed]
11-11 04:56:04.159 8445 8445 I wm_on_paused_called: [261428044,com.android.deskclock.DeskClock,performPause]
11-11 04:56:04.170 1490 2302 I wm_restart_activity: [0,103941353,62,com.android.permissioncontroller/.permission.ui.GrantPermissionsActivity]
11-11 04:56:04.172 1490 2302 I wm_set_resumed_activity: [0,com.android.permissioncontroller/.permission.ui.GrantPermissionsActivity,minimalResumeActivityLocked]
11-11 04:56:04.180 1490 1634 I sysui_multi_action: [757,803,799,window_time_0,802,0]
11-11 04:56:04.213 2360 2360 I wm_on_create_called: [103941353,com.android.permissioncontroller.permission.ui.GrantPermissionsActivity,performCreate]
11-11 04:56:04.214 2360 2360 I wm_on_start_called: [103941353,com.android.permissioncontroller.permission.ui.GrantPermissionsActivity,handleStartActivity]
11-11 04:56:04.214 2360 2360 I wm_on_resume_called: [103941353,com.android.permissioncontroller.permission.ui.GrantPermissionsActivity,RESUME_ACTIVITY]
11-11 04:56:04.217 2360 2360 I wm_on_top_resumed_gained_called: [103941353,com.android.permissioncontroller.permission.ui.GrantPermissionsActivity,topStateChangedWhenResumed]
11-11 04:56:04.223 1490 4918 I wm_finish_activity: [0,103941353,62,com.android.permissioncontroller/.permission.ui.GrantPermissionsActivity,app-request]
11-11 04:56:04.231 1490 4918 I wm_pause_activity: [0,103941353,com.android.permissioncontroller/.permission.ui.GrantPermissionsActivity,userLeaving=false,finish]
11-11 04:56:04.236 1490 1634 I sysui_multi_action: [757,1144,758,8,806,com.android.permissioncontroller,871,com.android.permissioncontroller.permission.ui.GrantPermissionsActivity]
11-11 04:56:04.243 2360 2360 I wm_on_top_resumed_lost_called: [103941353,com.android.permissioncontroller.permission.ui.GrantPermissionsActivity,topStateChangedWhenResumed]
11-11 04:56:04.244 2360 2360 I wm_on_paused_called: [103941353,com.android.permissioncontroller.permission.ui.GrantPermissionsActivity,performPause]
11-11 04:56:04.246 1490 2302 I wm_set_resumed_activity: [0,com.android.deskclock/.DeskClock,resumeTopActivityInnerLocked]
11-11 04:56:04.247 1490 2302 I wm_resume_activity: [0,261428044,62,com.android.deskclock/.DeskClock]
11-11 04:56:04.250 8445 8445 I wm_on_activity_result_called: [261428044,com.android.deskclock.DeskClock,ACTIVITY_RESULT]
11-11 04:56:04.250 8445 8445 I wm_on_resume_called: [261428044,com.android.deskclock.DeskClock,RESUME_ACTIVITY]
11-11 04:56:04.254 8445 8445 I wm_on_top_resumed_gained_called: [261428044,com.android.deskclock.DeskClock,topWhenResuming]
11-11 04:56:04.256 1490 1635 I input_focus: [Focus request 38c8729 com.android.deskclock/com.android.deskclock.DeskClock,reason=UpdateInputWindows]
11-11 04:56:04.256 1490 1634 I sysui_multi_action: [757,803,799,window_time_0,802,0]
11-11 04:56:04.269 1490 2302 I wm_destroy_activity: [0,103941353,62,com.android.permissioncontroller/.permission.ui.GrantPermissionsActivity,finish-idle]
11-11 04:56:04.275 2360 2360 I wm_on_stop_called: [103941353,com.android.permissioncontroller.permission.ui.GrantPermissionsActivity,LIFECYCLER_STOP_ACTIVITY]
11-11 04:56:04.280 2360 2360 I wm_on_destroy_called: [103941353,com.android.permissioncontroller.permission.ui.GrantPermissionsActivity,performDestroy]
11-11 04:56:04.596 1490 1634 I wm_stop_activity: [0,85671939,com.android.launcher3/.uioverrides.QuickstepLauncher]
11-11 04:56:04.608 2824 2824 I wm_on_stop_called: [85671939,com.android.launcher3.uioverrides.QuickstepLauncher,STOP_ACTIVITY_ITEM]
11-11 04:56:05.315 0 0 I auditd : type=1400 audit(0.0:1033): avc: denied { kill } for comm="swapper/3" capability=5 scontext=u:r:kernel:s0 tcontext=u:r:kernel:s0 tclass=capability permissive=0
11-11 04:56:05.533 1490 4918 I wm_task_moved: [1,0,0]
11-11 04:56:05.534 1490 4918 I wm_task_moved: [1,0,6]
11-11 04:56:05.544 2824 2824 I wm_on_restart_called: [85671939,com.android.launcher3.uioverrides.QuickstepLauncher,performRestartActivity]
11-11 04:56:05.567 2824 2824 I wm_on_start_called: [85671939,com.android.launcher3.uioverrides.QuickstepLauncher,handleStartActivity]
11-11 04:56:05.596 1490 1630 I sysui_multi_action: [319,9,322,52,325,585,757,761,758,9,759,5,806,com.android.launcher3,871,com.android.launcher3.uioverrides.QuickstepLauncher,905,0,1320,4,1321,1]
11-11 04:56:05.599 8445 8445 I view_enqueue_input_event: [Motion - Cancel,com.android.deskclock/com.android.deskclock.DeskClock]
11-11 04:56:05.600 2824 2824 I sysui_latency: [1,67]
11-11 04:56:05.606 1490 1635 I input_focus: [Focus request recents_animation_input_consumer,reason=UpdateInputWindows]
11-11 04:56:05.608 1490 1992 I input_interaction: Interaction with: edge-swipe (server), swipe-up (server), PointerEventDispatcher0 (server),
11-11 04:56:05.631 1490 1992 I input_focus: [Focus leaving 38c8729 com.android.deskclock/com.android.deskclock.DeskClock (server),reason=NOT_FOCUSABLE]
11-11 04:56:05.631 1490 1992 I input_focus: [Focus entering recents_animation_input_consumer (server),reason=setFocusedWindow]
11-11 04:56:05.779 1490 1745 I commit_sys_config_file: [settings-1-0,14]
11-11 04:56:05.888 1490 1641 I sysui_latency: [8,67]
11-11 04:56:06.315 13 13 I auditd : type=1400 audit(0.0:1034): avc: denied { kill } for comm="rcuop/0" capability=5 scontext=u:r:kernel:s0 tcontext=u:r:kernel:s0 tclass=capability permissive=0
11-11 04:56:06.533 1490 1745 I commit_sys_config_file: [settings-1-0,5]
11-11 04:56:06.976 1490 1992 I input_interaction: Interaction with: 978e85f com.android.launcher3/com.android.launcher3.uioverrides.QuickstepLauncher (server), edge-swipe (server), swipe-up (server), PointerEventDispatcher0 (server),
11-11 04:56:07.408 1490 4918 I wm_task_moved: [1,1,7]
11-11 04:56:07.412 1490 4918 I wm_focused_root_task: [0,0,1,62,RecentsAnimation.onAnimationFinished()]
11-11 04:56:07.412 8445 8445 I wm_on_top_resumed_lost_called: [261428044,com.android.deskclock.DeskClock,topStateChangedWhenResumed]
11-11 04:56:07.414 1490 4918 I wm_pause_activity: [0,261428044,com.android.deskclock/.DeskClock,userLeaving=false,pauseBackTasks]
11-11 04:56:07.418 1490 4918 I wm_set_resumed_activity: [0,com.android.launcher3/.uioverrides.QuickstepLauncher,resumeTopActivityInnerLocked]
11-11 04:56:07.420 1490 4918 I wm_resume_activity: [0,85671939,10,com.android.launcher3/.uioverrides.QuickstepLauncher]
11-11 04:56:07.421 1490 4918 I wm_add_to_stopping: [0,261428044,com.android.deskclock/.DeskClock,makeInvisible]
11-11 04:56:07.421 2824 2824 I wm_on_resume_called: [85671939,com.android.launcher3.uioverrides.QuickstepLauncher,RESUME_ACTIVITY]
11-11 04:56:07.433 1490 1635 I input_focus: [Focus request 978e85f com.android.launcher3/com.android.launcher3.uioverrides.QuickstepLauncher,reason=UpdateInputWindows]
11-11 04:56:07.435 1490 1992 I input_focus: [Focus leaving recents_animation_input_consumer (server),reason=NOT_VISIBLE]
11-11 04:56:07.436 1490 1634 I sysui_multi_action: [757,803,799,window_time_0,802,4]
11-11 04:56:07.437 8445 8445 I wm_on_paused_called: [261428044,com.android.deskclock.DeskClock,performPause]
11-11 04:56:07.445 1490 3779 I wm_stop_activity: [0,261428044,com.android.deskclock/.DeskClock]
11-11 04:56:07.446 1490 1634 I sysui_multi_action: [757,803,799,window_time_0,802,0]
11-11 04:56:07.451 1490 1992 I input_focus: [Focus entering 978e85f com.android.launcher3/com.android.launcher3.uioverrides.QuickstepLauncher (server),reason=setFocusedWindow]
11-11 04:56:07.452 2824 2824 I wm_on_top_resumed_gained_called: [85671939,com.android.launcher3.uioverrides.QuickstepLauncher,topStateChangedWhenResumed]
11-11 04:56:07.467 8445 8445 I wm_on_stop_called: [261428044,com.android.deskclock.DeskClock,STOP_ACTIVITY_ITEM]
11-11 04:56:07.535 1490 2430 I wm_finish_activity: [0,21060891,61,com.android.gallery3d/.app.GalleryActivity,recent-task-trimmed]
11-11 04:56:07.537 1490 2430 I wm_destroy_activity: [0,21060891,61,com.android.gallery3d/.app.GalleryActivity,finish-imm:finishIfPossible]
11-11 04:56:07.539 1490 1634 I am_kill : [0,8247,com.android.gallery3d,900,remove task]
11-11 04:56:07.539 1490 2430 I wm_finish_activity: [0,261428044,62,com.android.deskclock/.DeskClock,recent-task-trimmed]
11-11 04:56:07.541 1490 2430 I wm_destroy_activity: [0,261428044,62,com.android.deskclock/.DeskClock,finish-imm:finishIfPossible]
11-11 04:56:07.544 1490 1634 I sysui_multi_action: [757,803,799,window_time_0,802,0]
11-11 04:56:07.547 1490 1634 I am_kill : [0,8445,com.android.deskclock,905,remove task]
11-11 04:56:07.550 1490 1634 I sysui_multi_action: [757,803,799,window_time_0,802,0]
11-11 04:56:07.580 1490 2430 I am_proc_died: [0,8445,com.android.deskclock,905,19]
11-11 04:56:07.587 1490 2430 I am_uid_stopped: 10066
11-11 04:56:07.593 1490 2430 I wm_task_removed: [62,removeChild:removeChild last r=ActivityRecord{f95134c u0 com.android.deskclock/.DeskClock t-1 f}} in t=Task{5bded9 #62 type=standard A=10066:com.android.deskclock U=0 visible=false mode=fullscreen translucent=true sz=0}]
11-11 04:56:07.593 1490 2430 I wm_task_removed: [62,removeChild]
11-11 04:56:07.598 1490 3527 I am_proc_died: [0,8247,com.android.gallery3d,900,18]
11-11 04:56:07.600 1490 1992 I input_interaction: Interaction with: 978e85f com.android.launcher3/com.android.launcher3.uioverrides.QuickstepLauncher (server), f91321f com.android.systemui.ImageWallpaper (server), edge-swipe (server), swipe-up (server), PointerEventDispatcher0 (server),
11-11 04:56:07.602 1490 3527 I am_uid_stopped: 10069
11-11 04:56:07.603 1490 3527 I wm_task_removed: [61,removeChild:removeChild last r=ActivityRecord{1415d1b u0 com.android.gallery3d/.app.GalleryActivity t-1 f}} in t=Task{32e3c15 #61 type=standard A=10069:com.android.gallery3d U=0 visible=false mode=fullscreen translucent=true sz=0}]
11-11 04:56:07.603 1490 3527 I wm_task_removed: [61,removeChild]
11-11 04:56:07.610 1490 1634 I am_uid_running: 10069
11-11 04:56:07.617 1490 1643 I am_proc_start: [0,8510,10069,com.android.gallery3d,NULL,]
11-11 04:56:07.633 1490 3527 I am_proc_bound: [0,8510,com.android.gallery3d]
11-11 04:56:08.315 351 351 I auditd : type=1400 audit(0.0:1035): avc: denied { kill } for comm="irq/382-atmel_m" capability=5 scontext=u:r:kernel:s0 tcontext=u:r:kernel:s0 tclass=capability permissive=0
11-11 04:56:09.315 0 0 I auditd : type=1400 audit(0.0:1036): avc: denied { kill } for comm="swapper/0" capability=5 scontext=u:r:kernel:s0 tcontext=u:r:kernel:s0 tclass=capability permissive=0
11-11 04:56:09.456 1490 1745 I commit_sys_config_file: [settings-1-0,10]
11-11 04:56:10.315 0 0 I auditd : type=1400 audit(0.0:1037): avc: denied { kill } for comm="swapper/0" capability=5 scontext=u:r:kernel:s0 tcontext=u:r:kernel:s0 tclass=capability permissive=0
11-11 04:56:11.315 0 0 I auditd : type=1400 audit(0.0:1038): avc: denied { kill } for comm="swapper/0" capability=5 scontext=u:r:kernel:s0 tcontext=u:r:kernel:s0 tclass=capability permissive=0
11-11 04:56:11.318 1490 6160 I wm_task_created: [63,-1]
11-11 04:56:11.327 1490 6160 I wm_task_moved: [63,1,6]
11-11 04:56:11.327 1490 6160 I wm_task_to_front: [0,63]
11-11 04:56:11.327 1490 6160 I wm_create_task: [0,63]
11-11 04:56:11.327 1490 6160 I wm_create_activity: [0,213258051,63,com.android.calendar/.AllInOneActivity,NULL,NULL,NULL,268468224]
11-11 04:56:11.328 1490 6160 I wm_task_moved: [63,1,6]
11-11 04:56:11.332 1490 6160 I wm_restart_activity: [0,213258051,63,com.android.calendar/.AllInOneActivity]
11-11 04:56:11.333 1490 6160 I wm_set_resumed_activity: [0,com.android.calendar/.AllInOneActivity,minimalResumeActivityLocked]
11-11 04:56:11.336 1490 1634 I am_uid_active: 10068
11-11 04:56:11.346 2824 2824 I wm_on_top_resumed_lost_called: [85671939,com.android.launcher3.uioverrides.QuickstepLauncher,topStateChangedWhenResumed]
11-11 04:56:11.364 1490 2430 I am_uid_active: 10023
11-11 04:56:11.373 3898 3898 I wm_on_create_called: [213258051,com.android.calendar.AllInOneActivity,performCreate]
11-11 04:56:11.390 3898 3898 I wm_on_start_called: [213258051,com.android.calendar.AllInOneActivity,handleStartActivity]
11-11 04:56:11.392 3898 3898 I wm_on_resume_called: [213258051,com.android.calendar.AllInOneActivity,RESUME_ACTIVITY]
11-11 04:56:11.398 3898 3898 I wm_on_top_resumed_gained_called: [213258051,com.android.calendar.AllInOneActivity,topStateChangedWhenResumed]
11-11 04:56:11.411 1490 1635 I input_focus: [Focus request adfab8f com.android.calendar/com.android.calendar.AllInOneActivity,reason=UpdateInputWindows]
11-11 04:56:11.428 1490 1992 I input_focus: [Focus leaving 978e85f com.android.launcher3/com.android.launcher3.uioverrides.QuickstepLauncher (server),reason=Waiting for window because NOT_VISIBLE]
11-11 04:56:11.475 1490 1630 I sysui_multi_action: [319,161,322,160,325,590,757,761,758,8,759,2,806,com.android.calendar,871,com.android.calendar.AllInOneActivity,904,com.android.launcher3,905,0,1320,4,1321,1]
11-11 04:56:11.476 1490 1630 I wm_activity_launch_time: [0,213258051,com.android.calendar/.AllInOneActivity,160]
11-11 04:56:11.483 1490 1992 I input_focus: [Focus entering adfab8f com.android.calendar/com.android.calendar.AllInOneActivity (server),reason=Window became focusable. Previous reason: NOT_VISIBLE]
11-11 04:56:11.506 1490 1745 I commit_sys_config_file: [settings-1-0,4]
11-11 04:56:12.315 0 0 I auditd : type=1400 audit(0.0:1039): avc: denied { kill } for comm="swapper/0" capability=5 scontext=u:r:kernel:s0 tcontext=u:r:kernel:s0 tclass=capability permissive=0
