11-11 05:40:10.827 3685 3703 W ContextImpl: Calling a method in the system process without a qualified user: android.app.ContextImpl.startService:1816 android.content.ContextWrapper.startService:774 com.thundercomm.gamemode.ingame.services.GameModeActionUtils.startGameModeService:93 com.thundercomm.gamemode.ingame.services.GameModeActionUtils.startGameModeEntry:21 com.thundercomm.gamemode.ingame.services.ActivityMonitoringService$1.onActivityLaunch:126
11-11 05:40:10.831 1514 1514 I GameModeConfig: Current uri is uri = content://com.thundercomm.gamemode.api/gamemode_settings/gamemode_isgaming
11-11 05:40:10.833 1514 1514 I GameModeConfig: isGameModeOn = false
11-11 05:40:10.833 1514 1514 I GameModeConfig: isGameModeOn = false
11-11 05:40:10.833 1514 1514 I GameModeConfig: isDisableVoice = true
11-11 05:40:11.105 1514 8092 I wm_task_moved: [39,1,7]
11-11 05:40:11.106 1514 8092 I wm_task_moved: [40,1,2147483647]
11-11 05:40:11.106 1514 8092 I wm_task_to_front: [0,40]
11-11 05:40:11.106 1514 8092 I wm_focused_root_task: [0,0,39,95,RecentsAnimation.onAnimationFinished()]
11-11 05:40:11.106 1514 8092 I wm_set_resumed_activity: [0,com.android.launcher3/.uioverrides.QuickstepLauncher,RecentsAnimation.onAnimationFinished()]
11-11 05:40:11.107 1514 8092 I ActivityTaskManager: FOREGROUND_APPLICATION_CHANGED to com.android.launcher3.uioverrides.QuickstepLauncher
11-11 05:40:11.107 12981 12981 I wm_on_top_resumed_lost_called: [119829622,com.android.gallery3d.app.GalleryActivity,topStateChangedWhenResumed]
11-11 05:40:11.108 1514 8092 I wm_set_resumed_activity: [0,com.android.launcher3/.uioverrides.QuickstepLauncher,resumeTopActivityInnerLocked]
11-11 05:40:11.109 1514 8092 I wm_resume_activity: [0,157690489,40,com.android.launcher3/.uioverrides.QuickstepLauncher]
11-11 05:40:11.115 2503 2503 I wm_on_resume_called: [157690489,com.android.launcher3.uioverrides.QuickstepLauncher,RESUME_ACTIVITY]
11-11 05:40:11.115 1514 1596 I input_focus: [Focus request eea03e8 com.android.launcher3/com.android.launcher3.uioverrides.QuickstepLauncher,reason=UpdateInputWindows]
11-11 05:40:11.122 1514 1595 I sysui_multi_action: [757,803,799,window_time_2,802,0]
11-11 05:40:11.137 1514 1770 I input_focus: [Focus leaving recents_animation_input_consumer (server),reason=NOT_VISIBLE]
11-11 05:40:11.137 1514 1770 I input_focus: [Focus entering eea03e8 com.android.launcher3/com.android.launcher3.uioverrides.QuickstepLauncher (server),reason=setFocusedWindow]
11-11 05:40:11.155 1514 1595 I wm_destroy_activity: [0,8037899,95,com.android.gallery3d/.app.GalleryActivity,finish-imm:transit]
11-11 05:40:11.165 2503 2503 I wm_on_top_resumed_gained_called: [157690489,com.android.launcher3.uioverrides.QuickstepLauncher,topStateChangedWhenResumed]
11-11 05:40:11.188 12981 12981 I wm_on_stop_called: [8037899,com.android.gallery3d.app.GalleryActivity,LIFECYCLER_STOP_ACTIVITY]
11-11 05:40:11.191 12981 12981 I wm_on_destroy_called: [8037899,com.android.gallery3d.app.GalleryActivity,performDestroy]
11-11 05:40:11.220 3685 3703 W ContextImpl: Calling a method in the system process without a qualified user: android.app.ContextImpl.startService:1816 android.content.ContextWrapper.startService:774 com.thundercomm.gamemode.ingame.services.GameModeActionUtils.startGameModeService:93 com.thundercomm.gamemode.ingame.services.GameModeActionUtils.startGameModeEntry:21 com.thundercomm.gamemode.ingame.services.ActivityMonitoringService$1.onActivityLaunch:126
11-11 05:40:11.228 1514 1514 I GameModeConfig: Current uri is uri = content://com.thundercomm.gamemode.api/gamemode_settings/gamemode_isgaming
11-11 05:40:11.230 1514 1514 I GameModeConfig: isGameModeOn = false
11-11 05:40:11.231 1514 1514 I GameModeConfig: isGameModeOn = false
11-11 05:40:11.231 1514 1514 I GameModeConfig: isDisableVoice = true
11-11 05:40:11.399 0 0 I auditd : type=1400 audit(0.0:3864): avc: denied { kill } for comm="swapper/1" capability=5 scontext=u:r:kernel:s0 tcontext=u:r:kernel:s0 tclass=capability permissive=0
11-11 05:40:11.683 1514 1770 I input_interaction: Interaction with: eea03e8 com.android.launcher3/com.android.launcher3.uioverrides.QuickstepLauncher (server), 8068647 com.android.systemui.ImageWallpaper (server), edge-swipe (server), swipe-up (server), PointerEventDispatcher0 (server),
11-11 05:40:11.704 1514 1614 I am_uid_idle: 10051
11-11 05:40:11.749 2503 2503 I view_enqueue_input_event: [Motion - Cancel,com.android.launcher3/com.android.launcher3.uioverrides.QuickstepLauncher]
11-11 05:40:11.752 1514 1770 I input_interaction: Interaction with: edge-swipe (server), swipe-up (server), PointerEventDispatcher0 (server),
11-11 05:40:11.930 1514 1715 I commit_sys_config_file: [settings-1-0,10]
11-11 05:40:12.261 1514 1715 I commit_sys_config_file: [settings-1-0,3]
11-11 05:40:12.371 1514 6145 I wm_finish_activity: [0,119829622,95,com.android.gallery3d/.app.GalleryActivity,app-request]
11-11 05:40:12.377 1514 6145 I wm_pause_activity: [0,119829622,com.android.gallery3d/.app.GalleryActivity,userLeaving=false,finish]
11-11 05:40:12.393 12981 12981 I wm_on_paused_called: [119829622,com.android.gallery3d.app.GalleryActivity,performPause]
11-11 05:40:12.396 1514 8092 I wm_destroy_activity: [0,119829622,95,com.android.gallery3d/.app.GalleryActivity,finish-imm:completePausedLocked]
11-11 05:40:12.399 10210 10210 I auditd : type=1400 audit(0.0:3865): avc: denied { kill } for comm="kworker/u16:17" capability=5 scontext=u:r:kernel:s0 tcontext=u:r:kernel:s0 tclass=capability permissive=0
11-11 05:40:12.415 1514 1595 I sysui_multi_action: [757,803,799,window_time_0,802,1]
11-11 05:40:12.416 12981 12981 I wm_on_stop_called: [119829622,com.android.gallery3d.app.GalleryActivity,LIFECYCLER_STOP_ACTIVITY]
11-11 05:40:12.419 12981 12981 I wm_on_destroy_called: [119829622,com.android.gallery3d.app.GalleryActivity,performDestroy]
11-11 05:40:12.423 3685 3703 W ContextImpl: Calling a method in the system process without a qualified user: android.app.ContextImpl.startService:1816 android.content.ContextWrapper.startService:774 com.thundercomm.gamemode.ingame.services.GameModeActionUtils.startGameModeService:93 com.thundercomm.gamemode.ingame.services.GameModeActionUtils.startGameModeEntry:21 com.thundercomm.gamemode.ingame.services.ActivityMonitoringService$1.onActivityLaunch:126
11-11 05:40:12.432 1514 1514 I GameModeConfig: Current uri is uri = content://com.thundercomm.gamemode.api/gamemode_settings/gamemode_isgaming
11-11 05:40:12.436 1514 1514 I GameModeConfig: isGameModeOn = false
11-11 05:40:12.436 1514 1514 I GameModeConfig: isGameModeOn = false
11-11 05:40:12.436 1514 1514 I GameModeConfig: isDisableVoice = true
11-11 05:40:12.509 3685 3703 W ContextImpl: Calling a method in the system process without a qualified user: android.app.ContextImpl.startService:1816 android.content.ContextWrapper.startService:774 com.thundercomm.gamemode.ingame.services.GameModeActionUtils.startGameModeService:93 com.thundercomm.gamemode.ingame.services.GameModeActionUtils.startGameModeEntry:21 com.thundercomm.gamemode.ingame.services.ActivityMonitoringService$1.onActivityLaunch:126
11-11 05:40:12.517 1514 1514 I GameModeConfig: Current uri is uri = content://com.thundercomm.gamemode.api/gamemode_settings/gamemode_isgaming
11-11 05:40:12.520 1514 1514 I GameModeConfig: isGameModeOn = false
11-11 05:40:12.521 1514 1514 I GameModeConfig: isGameModeOn = false
11-11 05:40:12.521 1514 1514 I GameModeConfig: isDisableVoice = true
11-11 05:40:12.706 1514 1596 I wm_task_removed: [95,removeChild:removeChild last r=ActivityRecord{7247476 u0 com.android.gallery3d/.app.GalleryActivity t-1 f}} in t=Task{10dc100 #95 type=standard A=10068:com.android.gallery3d U=0 visible=false mode=freeform translucent=true sz=0}]
11-11 05:40:12.706 1514 1596 I wm_task_removed: [95,removeChild]
11-11 05:40:12.706 1514 1596 D FreeFormWindowHelper: Remove freefrom task=Task{10dc100 #95 type=standard A=10068:com.android.gallery3d U=0 visible=false mode=freeform translucent=true sz=0}
11-11 05:40:14.202 1514 2742 E TaskPersister: File error accessing recents directory (directory doesn't exist?).
11-11 05:40:14.399 0 0 I auditd : type=1400 audit(0.0:3866): avc: denied { kill } for comm="swapper/3" capability=5 scontext=u:r:kernel:s0 tcontext=u:r:kernel:s0 tclass=capability permissive=0
11-11 05:40:15.399 0 0 I auditd : type=1400 audit(0.0:3867): avc: denied { kill } for comm="swapper/3" capability=5 scontext=u:r:kernel:s0 tcontext=u:r:kernel:s0 tclass=capability permissive=0
11-11 05:40:15.439 1514 1901 I GameModeConfig: isGameModeOn = false
11-11 05:40:16.403 0 0 I auditd : type=1400 audit(0.0:3868): avc: denied { kill } for comm="swapper/3" capability=5 scontext=u:r:kernel:s0 tcontext=u:r:kernel:s0 tclass=capability permissive=0
11-11 05:40:16.766 1514 1770 I input_interaction: Interaction with: eea03e8 com.android.launcher3/com.android.launcher3.uioverrides.QuickstepLauncher (server), 8068647 com.android.systemui.ImageWallpaper (server), edge-swipe (server), swipe-up (server), PointerEventDispatcher0 (server),
11-11 05:40:16.900 1514 8092 W ContextImpl: Calling a method in the system process without a qualified user: android.app.ContextImpl.startActivity:1067 com.android.server.wm.FreeFormWindowHelper.exitRecentTasks:387 com.android.server.wm.ActivityTaskManagerService.exitRecentTasks:3795 android.app.IActivityTaskManager$Stub.onTransact:2295 com.android.server.wm.ActivityTaskManagerService.onTransact:5039
11-11 05:40:16.901 1514 8092 I ActivityTaskManager: START u0 {act=android.intent.action.MAIN cat=[android.intent.category.LAUNCHER] flg=0x10200000 cmp=com.android.gallery3d/.app.GalleryActivity} from uid 1000
11-11 05:40:16.906 1514 8092 I wm_task_created: [96,-1]
11-11 05:40:16.906 1514 8092 W ActivityTaskManager: Can't find TaskDisplayArea to determine support for multi window. Task id=96 attached=false
11-11 05:40:16.907 1514 8092 D FreeFormWindowHelper: Add freeform task=Task{7589e9d #96 type=standard ?? U=0 visible=false mode=freeform translucent=true sz=0}
11-11 05:40:16.910 1514 8092 I wm_task_moved: [96,1,7]
11-11 05:40:16.910 1514 8092 I wm_task_to_front: [0,96]
11-11 05:40:16.911 1514 8092 I wm_create_task: [0,96]
11-11 05:40:16.911 1514 8092 I wm_create_activity: [0,265328864,96,com.android.gallery3d/.app.GalleryActivity,android.intent.action.MAIN,NULL,NULL,270532608]
11-11 05:40:16.911 1514 8092 I wm_task_moved: [96,1,7]
11-11 05:40:16.913 1514 8092 I ActivityTaskManager: FOREGROUND_APPLICATION_CHANGED to com.android.gallery3d.app.GalleryActivity
11-11 05:40:16.913 1514 8092 I ActivityTaskManager: The Process com.android.gallery3d Already Exists in BG. So sending its PID: 12981
11-11 05:40:16.913 1514 8092 W ActivityTaskManager: Tried to set launchTime (0) < mLastActivityLaunchTime (3226132)
11-11 05:40:16.915 1514 8092 I wm_restart_activity: [0,265328864,96,com.android.gallery3d/.app.GalleryActivity]
11-11 05:40:16.917 1514 8092 I wm_set_resumed_activity: [0,com.android.gallery3d/.app.GalleryActivity,minimalResumeActivityLocked]
11-11 05:40:16.925 2503 2503 I wm_on_top_resumed_lost_called: [157690489,com.android.launcher3.uioverrides.QuickstepLauncher,topStateChangedWhenResumed]
11-11 05:40:16.949 3685 3703 W ContextImpl: Calling a method in the system process without a qualified user: android.app.ContextImpl.startService:1816 android.content.ContextWrapper.startService:774 com.thundercomm.gamemode.ingame.services.GameModeActionUtils.startGameModeService:93 com.thundercomm.gamemode.ingame.services.GameModeActionUtils.startGameModeEntry:21 com.thundercomm.gamemode.ingame.services.ActivityMonitoringService$1.onActivityLaunch:126
11-11 05:40:16.957 12981 12981 I wm_on_create_called: [265328864,com.android.gallery3d.app.GalleryActivity,performCreate]
11-11 05:40:16.958 1514 1514 I GameModeConfig: Current uri is uri = content://com.thundercomm.gamemode.api/gamemode_settings/gamemode_isgaming
11-11 05:40:16.959 12981 12981 I wm_on_start_called: [265328864,com.android.gallery3d.app.GalleryActivity,handleStartActivity]
11-11 05:40:16.960 1514 1514 I GameModeConfig: isGameModeOn = false
11-11 05:40:16.961 1514 1514 I GameModeConfig: isGameModeOn = false
11-11 05:40:16.961 1514 1514 I GameModeConfig: isDisableVoice = true
11-11 05:40:16.962 12981 12981 I wm_on_resume_called: [265328864,com.android.gallery3d.app.GalleryActivity,RESUME_ACTIVITY]
11-11 05:40:16.964 12981 12981 I wm_on_top_resumed_gained_called: [265328864,com.android.gallery3d.app.GalleryActivity,topStateChangedWhenResumed]
11-11 05:40:16.971 1514 1596 I input_focus: [Focus request 877ee6a com.android.gallery3d/com.android.gallery3d.app.GalleryActivity,reason=UpdateInputWindows]
11-11 05:40:17.004 1514 1592 I sysui_multi_action: [319,102,322,101,325,3232,757,761,758,8,759,2,806,com.android.gallery3d,871,com.android.gallery3d.app.GalleryActivity,904,android,905,0,1320,4,1321,1]
11-11 05:40:17.004 1514 1592 I wm_activity_launch_time: [0,265328864,com.android.gallery3d/.app.GalleryActivity,101]
11-11 05:40:17.006 1514 1770 I input_focus: [Focus leaving eea03e8 com.android.launcher3/com.android.launcher3.uioverrides.QuickstepLauncher (server),reason=Waiting for window because NOT_VISIBLE]
11-11 05:40:17.018 1514 1770 I input_focus: [Focus entering 877ee6a com.android.gallery3d/com.android.gallery3d.app.GalleryActivity (server),reason=Window became focusable. Previous reason: NOT_VISIBLE]
11-11 05:40:17.399 0 0 I auditd : type=1400 audit(0.0:3869): avc: denied { kill } for comm="swapper/3" capability=5 scontext=u:r:kernel:s0 tcontext=u:r:kernel:s0 tclass=capability permissive=0
11-11 05:40:18.101 1514 1770 I input_interaction: Interaction with: 877ee6a com.android.gallery3d/com.android.gallery3d.app.GalleryActivity (server), edge-swipe (server), swipe-up (server), PointerEventDispatcher0 (server),
11-11 05:40:18.399 0 0 I auditd : type=1400 audit(0.0:3870): avc: denied { kill } for comm="swapper/3" capability=5 scontext=u:r:kernel:s0 tcontext=u:r:kernel:s0 tclass=capability permissive=0
11-11 05:40:19.399 0 0 I auditd : type=1400 audit(0.0:3871): avc: denied { kill } for comm="swapper/3" capability=5 scontext=u:r:kernel:s0 tcontext=u:r:kernel:s0 tclass=capability permissive=0
11-11 05:40:20.399 0 0 I auditd : type=1400 audit(0.0:3872): avc: denied { kill } for comm="swapper/3" capability=5 scontext=u:r:kernel:s0 tcontext=u:r:kernel:s0 tclass=capability permissive=0
11-11 05:40:20.584 1514 1770 I input_interaction: Interaction with: eea03e8 com.android.launcher3/com.android.launcher3.uioverrides.QuickstepLauncher (server), 8068647 com.android.systemui.ImageWallpaper (server), edge-swipe (server), swipe-up (server), PointerEventDispatcher0 (server),
11-11 05:40:20.672 2503 2503 I view_enqueue_input_event: [Motion - Cancel,com.android.launcher3/com.android.launcher3.uioverrides.QuickstepLauncher]
11-11 05:40:20.673 1514 1770 I input_interaction: Interaction with: edge-swipe (server), swipe-up (server), PointerEventDispatcher0 (server),
11-11 05:40:20.927 1514 2742 E TaskPersister: File error accessing recents directory (directory doesn't exist?).
11-11 05:40:20.993 1514 6421 I ActivityTaskManager: START u0 {act=android.intent.action.MAIN cat=[android.intent.category.HOME] flg=0x10000000 cmp=com.android.launcher3/.uioverrides.QuickstepLauncher} from uid 10079
11-11 05:40:20.999 1514 6421 I wm_task_moved: [39,1,7]
11-11 05:40:21.001 12981 12981 I wm_on_top_resumed_lost_called: [265328864,com.android.gallery3d.app.GalleryActivity,topStateChangedWhenResumed]
11-11 05:40:21.001 1514 6421 I wm_set_resumed_activity: [0,com.android.launcher3/.uioverrides.QuickstepLauncher,positionChildAt]
11-11 05:40:21.002 1514 6421 I wm_task_moved: [40,1,2147483647]
11-11 05:40:21.002 1514 6421 I wm_task_to_front: [0,40]
11-11 05:40:21.002 1514 6421 I wm_focused_root_task: [0,0,39,96,bringingFoundTaskToFront]
11-11 05:40:21.002 1514 6421 I wm_set_resumed_activity: [0,com.android.launcher3/.uioverrides.QuickstepLauncher,bringingFoundTaskToFront]
11-11 05:40:21.002 1514 6421 I wm_new_intent: [0,157690489,40,com.android.launcher3/.uioverrides.QuickstepLauncher,android.intent.action.MAIN,NULL,NULL,268500992]
11-11 05:40:21.003 1514 6421 I wm_task_moved: [39,1,7]
11-11 05:40:21.003 1514 6421 I wm_set_resumed_activity: [0,com.android.launcher3/.uioverrides.QuickstepLauncher,positionChildAt]
11-11 05:40:21.003 1514 6421 I ActivityTaskManager: FOREGROUND_APPLICATION_CHANGED to com.android.launcher3.uioverrides.QuickstepLauncher
11-11 05:40:21.008 1514 1596 I input_focus: [Focus request eea03e8 com.android.launcher3/com.android.launcher3.uioverrides.QuickstepLauncher,reason=UpdateInputWindows]
11-11 05:40:21.010 2503 2503 I wm_on_paused_called: [157690489,com.android.launcher3.uioverrides.QuickstepLauncher,performPause]
11-11 05:40:21.012 2503 2503 I wm_on_resume_called: [157690489,com.android.launcher3.uioverrides.QuickstepLauncher,LIFECYCLER_RESUME_ACTIVITY]
11-11 05:40:21.013 2503 2503 I wm_on_top_resumed_gained_called: [157690489,com.android.launcher3.uioverrides.QuickstepLauncher,topStateChangedWhenResumed]
11-11 05:40:21.032 1514 1770 I input_focus: [Focus leaving 877ee6a com.android.gallery3d/com.android.gallery3d.app.GalleryActivity (server),reason=setFocusedWindow]
11-11 05:40:21.032 1514 1770 I input_focus: [Focus entering eea03e8 com.android.launcher3/com.android.launcher3.uioverrides.QuickstepLauncher (server),reason=setFocusedWindow]
11-11 05:40:21.201 1514 1770 I input_interaction: Interaction with: eea03e8 com.android.launcher3/com.android.launcher3.uioverrides.QuickstepLauncher (server), 8068647 com.android.systemui.ImageWallpaper (server), edge-swipe (server), swipe-up (server), PointerEventDispatcher0 (server),
11-11 05:40:21.277 2503 2503 I view_enqueue_input_event: [Motion - Cancel,com.android.launcher3/com.android.launcher3.uioverrides.QuickstepLauncher]
11-11 05:40:21.279 1514 1770 I input_interaction: Interaction with: edge-swipe (server), swipe-up (server), PointerEventDispatcher0 (server),
11-11 05:40:21.399 0 0 I auditd : type=1400 audit(0.0:3873): avc: denied { kill } for comm="swapper/3" capability=5 scontext=u:r:kernel:s0 tcontext=u:r:kernel:s0 tclass=capability permissive=0
11-11 05:40:21.466 1514 1715 I commit_sys_config_file: [settings-1-0,6]
11-11 05:40:21.784 1514 1715 I commit_sys_config_file: [settings-1-0,5]
11-11 05:40:21.894 1514 8092 I wm_finish_activity: [0,265328864,96,com.android.gallery3d/.app.GalleryActivity,app-request]
11-11 05:40:21.901 1514 8092 I wm_pause_activity: [0,265328864,com.android.gallery3d/.app.GalleryActivity,userLeaving=false,finish]
11-11 05:40:21.928 12981 12981 I wm_on_paused_called: [265328864,com.android.gallery3d.app.GalleryActivity,performPause]
11-11 05:40:21.934 1514 8092 I wm_destroy_activity: [0,265328864,96,com.android.gallery3d/.app.GalleryActivity,finish-imm:completePausedLocked]
11-11 05:40:21.942 1514 1595 I sysui_multi_action: [757,803,799,window_time_0,802,10]
11-11 05:40:21.950 3685 3703 W ContextImpl: Calling a method in the system process without a qualified user: android.app.ContextImpl.startService:1816 android.content.ContextWrapper.startService:774 com.thundercomm.gamemode.ingame.services.GameModeActionUtils.startGameModeService:93 com.thundercomm.gamemode.ingame.services.GameModeActionUtils.startGameModeEntry:21 com.thundercomm.gamemode.ingame.services.ActivityMonitoringService$1.onActivityLaunch:126
11-11 05:40:21.957 1514 1514 I GameModeConfig: Current uri is uri = content://com.thundercomm.gamemode.api/gamemode_settings/gamemode_isgaming
11-11 05:40:21.963 1514 1514 I GameModeConfig: isGameModeOn = false
11-11 05:40:21.963 1514 1514 I GameModeConfig: isGameModeOn = false
11-11 05:40:21.963 1514 1514 I GameModeConfig: isDisableVoice = true
11-11 05:40:21.966 12981 12981 I wm_on_stop_called: [265328864,com.android.gallery3d.app.GalleryActivity,LIFECYCLER_STOP_ACTIVITY]
11-11 05:40:21.969 12981 12981 I wm_on_destroy_called: [265328864,com.android.gallery3d.app.GalleryActivity,performDestroy]
11-11 05:40:22.047 3685 3703 W ContextImpl: Calling a method in the system process without a qualified user: android.app.ContextImpl.startService:1816 android.content.ContextWrapper.startService:774 com.thundercomm.gamemode.ingame.services.GameModeActionUtils.startGameModeService:93 com.thundercomm.gamemode.ingame.services.GameModeActionUtils.startGameModeEntry:21 com.thundercomm.gamemode.ingame.services.ActivityMonitoringService$1.onActivityLaunch:126
11-11 05:40:22.056 1514 1514 I GameModeConfig: Current uri is uri = content://com.thundercomm.gamemode.api/gamemode_settings/gamemode_isgaming
11-11 05:40:22.061 1514 1514 I GameModeConfig: isGameModeOn = false
11-11 05:40:22.061 1514 1514 I GameModeConfig: isGameModeOn = false
11-11 05:40:22.061 1514 1514 I GameModeConfig: isDisableVoice = true
11-11 05:40:22.228 1514 1596 I wm_task_removed: [96,removeChild:removeChild last r=ActivityRecord{fd098e0 u0 com.android.gallery3d/.app.GalleryActivity t-1 f}} in t=Task{7589e9d #96 type=standard A=10068:com.android.gallery3d U=0 visible=false mode=freeform translucent=true sz=0}]
11-11 05:40:22.228 1514 1596 I wm_task_removed: [96,removeChild]
11-11 05:40:22.228 1514 1596 D FreeFormWindowHelper: Remove freefrom task=Task{7589e9d #96 type=standard A=10068:com.android.gallery3d U=0 visible=false mode=freeform translucent=true sz=0}
11-11 05:40:22.399 0 0 I auditd : type=1400 audit(0.0:3874): avc: denied { kill } for comm="swapper/3" capability=5 scontext=u:r:kernel:s0 tcontext=u:r:kernel:s0 tclass=capability permissive=0
11-11 05:40:22.467 1514 1770 I input_interaction: Interaction with: eea03e8 com.android.launcher3/com.android.launcher3.uioverrides.QuickstepLauncher (server), 8068647 com.android.systemui.ImageWallpaper (server), edge-swipe (server), swipe-up (server), PointerEventDispatcher0 (server),
11-11 05:40:22.600 1514 8092 W ContextImpl: Calling a method in the system process without a qualified user: android.app.ContextImpl.startActivity:1067 com.android.server.wm.FreeFormWindowHelper.exitRecentTasks:387 com.android.server.wm.ActivityTaskManagerService.exitRecentTasks:3795 android.app.IActivityTaskManager$Stub.onTransact:2295 com.android.server.wm.ActivityTaskManagerService.onTransact:5039
11-11 05:40:22.603 1514 8092 I ActivityTaskManager: START u0 {act=android.intent.action.MAIN cat=[android.intent.category.LAUNCHER] flg=0x10200000 cmp=com.android.gallery3d/.app.GalleryActivity} from uid 1000
11-11 05:40:22.608 1514 8092 I wm_task_created: [97,-1]
11-11 05:40:22.608 1514 8092 W ActivityTaskManager: Can't find TaskDisplayArea to determine support for multi window. Task id=97 attached=false
11-11 05:40:22.610 1514 8092 D FreeFormWindowHelper: Add freeform task=Task{917c51e #97 type=standard ?? U=0 visible=false mode=freeform translucent=true sz=0}
11-11 05:40:22.612 1514 8092 I wm_task_moved: [97,1,7]
11-11 05:40:22.612 1514 8092 I wm_task_to_front: [0,97]
11-11 05:40:22.613 1514 8092 I wm_create_task: [0,97]
11-11 05:40:22.613 1514 8092 I wm_create_activity: [0,154832405,97,com.android.gallery3d/.app.GalleryActivity,android.intent.action.MAIN,NULL,NULL,270532608]
11-11 05:40:22.613 1514 8092 I wm_task_moved: [97,1,7]
11-11 05:40:22.614 1514 8092 I ActivityTaskManager: FOREGROUND_APPLICATION_CHANGED to com.android.gallery3d.app.GalleryActivity
11-11 05:40:22.614 1514 8092 I ActivityTaskManager: The Process com.android.gallery3d Already Exists in BG. So sending its PID: 12981
11-11 05:40:22.614 1514 8092 W ActivityTaskManager: Tried to set launchTime (0) < mLastActivityLaunchTime (3232329)
11-11 05:40:22.615 1514 8092 I wm_restart_activity: [0,154832405,97,com.android.gallery3d/.app.GalleryActivity]
11-11 05:40:22.622 1514 8092 I wm_set_resumed_activity: [0,com.android.gallery3d/.app.GalleryActivity,minimalResumeActivityLocked]
11-11 05:40:22.630 2503 2503 I wm_on_top_resumed_lost_called: [157690489,com.android.launcher3.uioverrides.QuickstepLauncher,topStateChangedWhenResumed]
11-11 05:40:22.655 12981 12981 I wm_on_create_called: [154832405,com.android.gallery3d.app.GalleryActivity,performCreate]
11-11 05:40:22.656 12981 12981 I wm_on_start_called: [154832405,com.android.gallery3d.app.GalleryActivity,handleStartActivity]
11-11 05:40:22.659 12981 12981 I wm_on_resume_called: [154832405,com.android.gallery3d.app.GalleryActivity,RESUME_ACTIVITY]
11-11 05:40:22.659 3685 3703 W ContextImpl: Calling a method in the system process without a qualified user: android.app.ContextImpl.startService:1816 android.content.ContextWrapper.startService:774 com.thundercomm.gamemode.ingame.services.GameModeActionUtils.startGameModeService:93 com.thundercomm.gamemode.ingame.services.GameModeActionUtils.startGameModeEntry:21 com.thundercomm.gamemode.ingame.services.ActivityMonitoringService$1.onActivityLaunch:126
11-11 05:40:22.662 12981 12981 I wm_on_top_resumed_gained_called: [154832405,com.android.gallery3d.app.GalleryActivity,topStateChangedWhenResumed]
11-11 05:40:22.663 1514 1514 I GameModeConfig: Current uri is uri = content://com.thundercomm.gamemode.api/gamemode_settings/gamemode_isgaming
11-11 05:40:22.670 1514 1596 I input_focus: [Focus request b6871f7 com.android.gallery3d/com.android.gallery3d.app.GalleryActivity,reason=UpdateInputWindows]
11-11 05:40:22.671 1514 1514 I GameModeConfig: isGameModeOn = false
11-11 05:40:22.671 1514 1514 I GameModeConfig: isGameModeOn = false
11-11 05:40:22.671 1514 1514 I GameModeConfig: isDisableVoice = true
11-11 05:40:22.698 1514 1770 I input_focus: [Focus leaving eea03e8 com.android.launcher3/com.android.launcher3.uioverrides.QuickstepLauncher (server),reason=Waiting for window because NOT_VISIBLE]
11-11 05:40:22.745 1514 1592 I sysui_multi_action: [319,135,322,134,325,3238,757,761,758,8,759,2,806,com.android.gallery3d,871,com.android.gallery3d.app.GalleryActivity,904,android,905,0,1320,4,1321,1]
11-11 05:40:22.748 1514 1770 I input_focus: [Focus entering b6871f7 com.android.gallery3d/com.android.gallery3d.app.GalleryActivity (server),reason=Window became focusable. Previous reason: NOT_VISIBLE]
11-11 05:40:22.752 1514 1592 I wm_activity_launch_time: [0,154832405,com.android.gallery3d/.app.GalleryActivity,134]
11-11 05:40:23.263 2503 2503 I view_enqueue_input_event: [Motion - Cancel,com.android.launcher3/com.android.launcher3.uioverrides.QuickstepLauncher]
11-11 05:40:23.268 1514 1770 I input_interaction: Interaction with: edge-swipe (server), swipe-up (server), PointerEventDispatcher0 (server),
11-11 05:40:23.726 1514 1514 I service_manager_stats: [100,88,72653]
11-11 05:40:23.728 1514 10322 I ActivityTaskManager: START u0 {act=android.intent.action.MAIN cat=[android.intent.category.HOME] flg=0x10000000 cmp=com.android.launcher3/.uioverrides.QuickstepLauncher} from uid 10079
11-11 05:40:23.730 1514 10322 I wm_task_moved: [39,1,7]
11-11 05:40:23.731 1514 10322 I wm_set_resumed_activity: [0,com.android.launcher3/.uioverrides.QuickstepLauncher,positionChildAt]
11-11 05:40:23.731 12981 12981 I wm_on_top_resumed_lost_called: [154832405,com.android.gallery3d.app.GalleryActivity,topStateChangedWhenResumed]
11-11 05:40:23.731 1514 10322 I wm_task_moved: [40,1,2147483647]
11-11 05:40:23.731 1514 10322 I wm_task_to_front: [0,40]
11-11 05:40:23.731 1514 10322 I wm_focused_root_task: [0,0,39,97,bringingFoundTaskToFront]
11-11 05:40:23.732 1514 10322 I wm_set_resumed_activity: [0,com.android.launcher3/.uioverrides.QuickstepLauncher,bringingFoundTaskToFront]
11-11 05:40:23.733 1514 10322 I wm_new_intent: [0,157690489,40,com.android.launcher3/.uioverrides.QuickstepLauncher,android.intent.action.MAIN,NULL,NULL,268500992]
11-11 05:40:23.733 1514 10322 I wm_task_moved: [39,1,7]
11-11 05:40:23.733 1514 10322 I wm_set_resumed_activity: [0,com.android.launcher3/.uioverrides.QuickstepLauncher,positionChildAt]
11-11 05:40:23.733 1514 10322 I ActivityTaskManager: FOREGROUND_APPLICATION_CHANGED to com.android.launcher3.uioverrides.QuickstepLauncher
11-11 05:40:23.738 1514 1596 I input_focus: [Focus request eea03e8 com.android.launcher3/com.android.launcher3.uioverrides.QuickstepLauncher,reason=UpdateInputWindows]
11-11 05:40:23.740 2503 2503 I wm_on_paused_called: [157690489,com.android.launcher3.uioverrides.QuickstepLauncher,performPause]
11-11 05:40:23.743 2503 2503 I wm_on_resume_called: [157690489,com.android.launcher3.uioverrides.QuickstepLauncher,LIFECYCLER_RESUME_ACTIVITY]
11-11 05:40:23.743 2503 2503 I wm_on_top_resumed_gained_called: [157690489,com.android.launcher3.uioverrides.QuickstepLauncher,topStateChangedWhenResumed]
11-11 05:40:23.768 1514 1770 I input_focus: [Focus leaving b6871f7 com.android.gallery3d/com.android.gallery3d.app.GalleryActivity (server),reason=setFocusedWindow]
11-11 05:40:23.768 1514 1770 I input_focus: [Focus entering eea03e8 com.android.launcher3/com.android.launcher3.uioverrides.QuickstepLauncher (server),reason=setFocusedWindow]
11-11 05:40:24.399 0 0 I auditd : type=1400 audit(0.0:3875): avc: denied { kill } for comm="swapper/3" capability=5 scontext=u:r:kernel:s0 tcontext=u:r:kernel:s0 tclass=capability permissive=0
11-11 05:40:24.853 1514 1770 I input_interaction: Interaction with: 13ab22c StatusBar (server), edge-swipe (server), swipe-up (server), PointerEventDispatcher0 (server),
11-11 05:40:24.859 1998 1998 I sysui_multi_action: [757,803,799,panel_open,802,1]
11-11 05:40:24.865 1998 1998 I sysui_multi_action: [757,1328,758,4,1326,19,1327,7,1329,0]
11-11 05:40:25.403 0 0 I auditd : type=1400 audit(0.0:3876): avc: denied { kill } for comm="swapper/3" capability=5 scontext=u:r:kernel:s0 tcontext=u:r:kernel:s0 tclass=capability permissive=0
11-11 05:40:25.550 1514 1770 I input_interaction: Interaction with: b6871f7 com.android.gallery3d/com.android.gallery3d.app.GalleryActivity (server), edge-swipe (server), swipe-up (server), PointerEventDispatcher0 (server),
11-11 05:40:25.553 1514 1595 I wm_task_moved: [97,1,7]
11-11 05:40:25.553 1514 1595 I wm_task_to_front: [0,97]
11-11 05:40:25.558 1514 1595 I wm_set_resumed_activity: [0,com.android.gallery3d/.app.GalleryActivity,positionChildAt]
11-11 05:40:25.558 1514 1595 I wm_focused_root_task: [0,0,97,39,setFocusedTask]
11-11 05:40:25.558 1514 1595 I wm_set_resumed_activity: [0,com.android.gallery3d/.app.GalleryActivity,setFocusedTask]
11-11 05:40:25.558 2503 2503 I wm_on_top_resumed_lost_called: [157690489,com.android.launcher3.uioverrides.QuickstepLauncher,topStateChangedWhenResumed]
11-11 05:40:25.558 1514 1595 I ActivityTaskManager: FOREGROUND_APPLICATION_CHANGED to com.android.gallery3d.app.GalleryActivity
11-11 05:40:25.559 12981 12981 I wm_on_top_resumed_gained_called: [154832405,com.android.gallery3d.app.GalleryActivity,topStateChangedWhenResumed]
11-11 05:40:25.560 1514 1596 I input_focus: [Focus request b6871f7 com.android.gallery3d/com.android.gallery3d.app.GalleryActivity,reason=UpdateInputWindows]
11-11 05:40:25.589 1514 1770 I input_focus: [Focus leaving eea03e8 com.android.launcher3/com.android.launcher3.uioverrides.QuickstepLauncher (server),reason=setFocusedWindow]
11-11 05:40:25.589 1514 1770 I input_focus: [Focus entering b6871f7 com.android.gallery3d/com.android.gallery3d.app.GalleryActivity (server),reason=setFocusedWindow]
11-11 05:40:25.627 1514 10322 I wm_finish_activity: [0,154832405,97,com.android.gallery3d/.app.GalleryActivity,finish-activity]
11-11 05:40:25.628 1514 10322 I wm_task_moved: [39,1,7]
11-11 05:40:25.630 1514 10322 I wm_set_resumed_activity: [0,com.android.launcher3/.uioverrides.QuickstepLauncher,positionChildAt]
11-11 05:40:25.630 1514 10322 I wm_task_moved: [40,1,2147483647]
11-11 05:40:25.630 1514 10322 I wm_task_to_front: [0,40]
11-11 05:40:25.631 1514 10322 I wm_focused_root_task: [0,0,39,-1,finish-top adjustFocusToNextFocusableTask]
11-11 05:40:25.631 1514 10322 I wm_set_resumed_activity: [0,com.android.launcher3/.uioverrides.QuickstepLauncher,finish-top]
11-11 05:40:25.637 1514 10322 I wm_pause_activity: [0,154832405,com.android.gallery3d/.app.GalleryActivity,userLeaving=false,finish]
11-11 05:40:25.641 12981 12981 I wm_on_top_resumed_lost_called: [154832405,com.android.gallery3d.app.GalleryActivity,topStateChangedWhenResumed]
11-11 05:40:25.642 1514 1596 I input_focus: [Focus request eea03e8 com.android.launcher3/com.android.launcher3.uioverrides.QuickstepLauncher,reason=UpdateInputWindows]
11-11 05:40:25.643 2503 2503 I wm_on_top_resumed_gained_called: [157690489,com.android.launcher3.uioverrides.QuickstepLauncher,topStateChangedWhenResumed]
11-11 05:40:25.645 1514 1595 I sysui_multi_action: [757,803,799,window_time_0,802,4]
11-11 05:40:25.652 12981 12981 I wm_on_paused_called: [154832405,com.android.gallery3d.app.GalleryActivity,performPause]
11-11 05:40:25.654 1514 10322 I ActivityTaskManager: FOREGROUND_APPLICATION_CHANGED to com.android.launcher3.uioverrides.QuickstepLauncher
11-11 05:40:25.655 1514 10322 I wm_destroy_activity: [0,154832405,97,com.android.gallery3d/.app.GalleryActivity,finish-imm:completePausedLocked]
11-11 05:40:25.670 1514 1595 I sysui_multi_action: [757,803,799,window_time_0,802,0]
11-11 05:40:25.672 1514 1770 I input_focus: [Focus leaving b6871f7 com.android.gallery3d/com.android.gallery3d.app.GalleryActivity (server),reason=NO_WINDOW]
11-11 05:40:25.672 1514 1770 I input_focus: [Focus entering eea03e8 com.android.launcher3/com.android.launcher3.uioverrides.QuickstepLauncher (server),reason=setFocusedWindow]
11-11 05:40:25.677 12981 12981 I wm_on_stop_called: [154832405,com.android.gallery3d.app.GalleryActivity,LIFECYCLER_STOP_ACTIVITY]
11-11 05:40:25.680 3685 3703 W ContextImpl: Calling a method in the system process without a qualified user: android.app.ContextImpl.startService:1816 android.content.ContextWrapper.startService:774 com.thundercomm.gamemode.ingame.services.GameModeActionUtils.startGameModeService:93 com.thundercomm.gamemode.ingame.services.GameModeActionUtils.startGameModeEntry:21 com.thundercomm.gamemode.ingame.services.ActivityMonitoringService$1.onActivityLaunch:126
11-11 05:40:25.681 12981 12981 I wm_on_destroy_called: [154832405,com.android.gallery3d.app.GalleryActivity,performDestroy]
11-11 05:40:25.682 1514 2742 E TaskPersister: File error accessing recents directory (directory doesn't exist?).
11-11 05:40:25.689 1514 1514 I GameModeConfig: Current uri is uri = content://com.thundercomm.gamemode.api/gamemode_settings/gamemode_isgaming
11-11 05:40:25.695 1514 1514 I GameModeConfig: isGameModeOn = false
11-11 05:40:25.696 1514 1514 I GameModeConfig: isGameModeOn = false
11-11 05:40:25.696 1514 1514 I GameModeConfig: isDisableVoice = true
11-11 05:40:25.768 3685 3703 W ContextImpl: Calling a method in the system process without a qualified user: android.app.ContextImpl.startService:1816 android.content.ContextWrapper.startService:774 com.thundercomm.gamemode.ingame.services.GameModeActionUtils.startGameModeService:93 com.thundercomm.gamemode.ingame.services.GameModeActionUtils.startGameModeEntry:21 com.thundercomm.gamemode.ingame.services.ActivityMonitoringService$1.onActivityLaunch:126
11-11 05:40:25.773 1514 1514 I GameModeConfig: Current uri is uri = content://com.thundercomm.gamemode.api/gamemode_settings/gamemode_isgaming
11-11 05:40:25.776 1514 1514 I GameModeConfig: isGameModeOn = false
11-11 05:40:25.776 1514 1514 I GameModeConfig: isGameModeOn = false
11-11 05:40:25.776 1514 1514 I GameModeConfig: isDisableVoice = true
11-11 05:40:25.954 1514 1596 I wm_task_removed: [97,removeChild:removeChild last r=ActivityRecord{93a8e15 u0 com.android.gallery3d/.app.GalleryActivity t-1 f}} in t=Task{917c51e #97 type=standard A=10068:com.android.gallery3d U=0 visible=false mode=freeform translucent=true sz=0}]
11-11 05:40:25.954 1514 1596 I wm_task_removed: [97,removeChild]
11-11 05:40:25.955 1514 1596 D FreeFormWindowHelper: Remove freefrom task=Task{917c51e #97 type=standard A=10068:com.android.gallery3d U=0 visible=false mode=freeform translucent=true sz=0}
11-11 05:40:26.399 0 0 I auditd : type=1400 audit(0.0:3877): avc: denied { kill } for comm="swapper/3" capability=5 scontext=u:r:kernel:s0 tcontext=u:r:kernel:s0 tclass=capability permissive=0
11-11 05:40:27.065 1514 1770 I input_interaction: Interaction with: eea03e8 com.android.launcher3/com.android.launcher3.uioverrides.QuickstepLauncher (server), 8068647 com.android.systemui.ImageWallpaper (server), edge-swipe (server), swipe-up (server), PointerEventDispatcher0 (server),
11-11 05:40:27.399 0 0 I auditd : type=1400 audit(0.0:3878): avc: denied { kill } for comm="swapper/3" capability=5 scontext=u:r:kernel:s0 tcontext=u:r:kernel:s0 tclass=capability permissive=0
11-11 05:40:28.399 0 0 I auditd : type=1400 audit(0.0:3879): avc: denied { kill } for comm="swapper/3" capability=5 scontext=u:r:kernel:s0 tcontext=u:r:kernel:s0 tclass=capability permissive=0
11-11 05:40:28.719 1514 6421 I ActivityTaskManager: START u0 {flg=0x10008000 cmp=com.android.gallery3d/.app.GalleryActivity} from uid 10079
11-11 05:40:28.724 1514 6421 I wm_task_created: [98,-1]
11-11 05:40:28.724 1514 6421 W ActivityTaskManager: Can't find TaskDisplayArea to determine support for multi window. Task id=98 attached=false
11-11 05:40:28.726 1514 6421 D FreeFormWindowHelper: Add freeform task=Task{d2238e1 #98 type=standard ?? U=0 visible=false mode=freeform translucent=true sz=0}
11-11 05:40:28.728 1514 6421 I wm_task_moved: [98,1,7]
11-11 05:40:28.728 1514 6421 I wm_task_to_front: [0,98]
11-11 05:40:28.728 1514 6421 I wm_create_task: [0,98]
11-11 05:40:28.728 1514 6421 I wm_create_activity: [0,65861126,98,com.android.gallery3d/.app.GalleryActivity,NULL,NULL,NULL,268468224]
11-11 05:40:28.728 1514 6421 I wm_task_moved: [98,1,7]
11-11 05:40:28.729 1514 6421 I ActivityTaskManager: FOREGROUND_APPLICATION_CHANGED to com.android.gallery3d.app.GalleryActivity
11-11 05:40:28.729 1514 6421 I ActivityTaskManager: The Process com.android.gallery3d Already Exists in BG. So sending its PID: 12981
11-11 05:40:28.730 1514 6421 W ActivityTaskManager: Tried to set launchTime (0) < mLastActivityLaunchTime (3238029)
11-11 05:40:28.731 1514 6421 I wm_restart_activity: [0,65861126,98,com.android.gallery3d/.app.GalleryActivity]
11-11 05:40:28.732 1514 6421 I wm_set_resumed_activity: [0,com.android.gallery3d/.app.GalleryActivity,minimalResumeActivityLocked]
11-11 05:40:28.741 2503 2503 I wm_on_top_resumed_lost_called: [157690489,com.android.launcher3.uioverrides.QuickstepLauncher,topStateChangedWhenResumed]
11-11 05:40:28.755 3685 3703 W ContextImpl: Calling a method in the system process without a qualified user: android.app.ContextImpl.startService:1816 android.content.ContextWrapper.startService:774 com.thundercomm.gamemode.ingame.services.GameModeActionUtils.startGameModeService:93 com.thundercomm.gamemode.ingame.services.GameModeActionUtils.startGameModeEntry:21 com.thundercomm.gamemode.ingame.services.ActivityMonitoringService$1.onActivityLaunch:126
11-11 05:40:28.765 1514 1514 I GameModeConfig: Current uri is uri = content://com.thundercomm.gamemode.api/gamemode_settings/gamemode_isgaming
11-11 05:40:28.765 12981 12981 I wm_on_create_called: [65861126,com.android.gallery3d.app.GalleryActivity,performCreate]
11-11 05:40:28.767 12981 12981 I wm_on_start_called: [65861126,com.android.gallery3d.app.GalleryActivity,handleStartActivity]
11-11 05:40:28.769 12981 12981 I wm_on_resume_called: [65861126,com.android.gallery3d.app.GalleryActivity,RESUME_ACTIVITY]
11-11 05:40:28.770 1514 1514 I GameModeConfig: isGameModeOn = false
11-11 05:40:28.770 1514 1514 I GameModeConfig: isGameModeOn = false
11-11 05:40:28.770 1514 1514 I GameModeConfig: isDisableVoice = true
11-11 05:40:28.772 12981 12981 I wm_on_top_resumed_gained_called: [65861126,com.android.gallery3d.app.GalleryActivity,topStateChangedWhenResumed]
11-11 05:40:28.784 1514 1596 I input_focus: [Focus request a5e7260 com.android.gallery3d/com.android.gallery3d.app.GalleryActivity,reason=UpdateInputWindows]
11-11 05:40:28.813 1514 1770 I input_focus: [Focus leaving eea03e8 com.android.launcher3/com.android.launcher3.uioverrides.QuickstepLauncher (server),reason=Waiting for window because NOT_VISIBLE]
11-11 05:40:28.854 1514 1592 I sysui_multi_action: [319,131,322,130,325,3244,757,761,758,8,759,2,806,com.android.gallery3d,871,com.android.gallery3d.app.GalleryActivity,904,com.android.launcher3,905,0,1320,4,1321,1]
11-11 05:40:28.856 1514 1592 I wm_activity_launch_time: [0,65861126,com.android.gallery3d/.app.GalleryActivity,130]
11-11 05:40:28.867 1514 1770 I input_focus: [Focus entering a5e7260 com.android.gallery3d/com.android.gallery3d.app.GalleryActivity (server),reason=Window became focusable. Previous reason: NOT_VISIBLE]
11-11 05:40:29.399 0 0 I auditd : type=1400 audit(0.0:3880): avc: denied { kill } for comm="swapper/3" capability=5 scontext=u:r:kernel:s0 tcontext=u:r:kernel:s0 tclass=capability permissive=0
11-11 05:40:29.857 1514 1770 I input_interaction: Interaction with: a5e7260 com.android.gallery3d/com.android.gallery3d.app.GalleryActivity (server), edge-swipe (server), swipe-up (server), PointerEventDispatcher0 (server),
11-11 05:40:29.965 1514 2742 E TaskPersister: File error accessing recents directory (directory doesn't exist?).
11-11 05:40:30.399 0 0 I auditd : type=1400 audit(0.0:3881): avc: denied { kill } for comm="swapper/3" capability=5 scontext=u:r:kernel:s0 tcontext=u:r:kernel:s0 tclass=capability permissive=0
11-11 05:40:30.707 1514 6421 I ActivityTaskManager: START u0 {act=android.intent.action.VIEW dat=content://media/external/video/media/20 typ=video/* cmp=com.android.gallery3d/.app.MovieActivity (has extras)} from uid 10068
11-11 05:40:30.713 1514 6421 I wm_task_moved: [98,1,7]
11-11 05:40:30.713 1514 6421 I wm_set_resumed_activity: [0,com.android.gallery3d/.app.GalleryActivity,positionChildAt]
11-11 05:40:30.714 1514 6421 I wm_create_activity: [0,119681946,98,com.android.gallery3d/.app.MovieActivity,android.intent.action.VIEW,video/*,content://media/external/video/media/20,0]
11-11 05:40:30.716 1514 6421 I wm_pause_activity: [0,65861126,com.android.gallery3d/.app.GalleryActivity,userLeaving=true,resumeTopActivityInnerLocked]
11-11 05:40:30.721 12981 12981 I wm_on_top_resumed_lost_called: [65861126,com.android.gallery3d.app.GalleryActivity,topStateChangedWhenResumed]
11-11 05:40:30.735 12981 12981 I wm_on_paused_called: [65861126,com.android.gallery3d.app.GalleryActivity,performPause]
11-11 05:40:30.736 1514 6421 I ActivityTaskManager: FOREGROUND_APPLICATION_CHANGED to com.android.gallery3d.app.MovieActivity
11-11 05:40:30.736 1514 6421 I ActivityTaskManager: The Process com.android.gallery3d Already Exists in BG. So sending its PID: 12981
11-11 05:40:30.740 1514 6421 W ActivityTaskManager: Tried to set launchTime (0) < mLastActivityLaunchTime (3244145)
11-11 05:40:30.742 1514 6421 I wm_restart_activity: [0,119681946,98,com.android.gallery3d/.app.MovieActivity]
11-11 05:40:30.743 1514 6421 I wm_set_resumed_activity: [0,com.android.gallery3d/.app.MovieActivity,minimalResumeActivityLocked]
11-11 05:40:30.746 1514 1595 I sysui_multi_action: [757,803,799,window_time_0,802,5]
11-11 05:40:30.773 12981 12981 I wm_on_create_called: [119681946,com.android.gallery3d.app.MovieActivity,performCreate]
11-11 05:40:30.781 12981 12981 I wm_on_start_called: [119681946,com.android.gallery3d.app.MovieActivity,handleStartActivity]
11-11 05:40:30.781 12981 12981 I wm_on_resume_called: [119681946,com.android.gallery3d.app.MovieActivity,RESUME_ACTIVITY]
11-11 05:40:30.787 12981 12981 I wm_on_top_resumed_gained_called: [119681946,com.android.gallery3d.app.MovieActivity,topStateChangedWhenResumed]
11-11 05:40:30.796 1514 1596 I input_focus: [Focus request 844a354 com.android.gallery3d/com.android.gallery3d.app.MovieActivity,reason=UpdateInputWindows]
11-11 05:40:30.817 1514 1770 I input_focus: [Focus leaving a5e7260 com.android.gallery3d/com.android.gallery3d.app.GalleryActivity (server),reason=Waiting for window because NOT_VISIBLE]
11-11 05:40:30.851 1514 1592 I wm_activity_launch_time: [0,119681946,com.android.gallery3d/.app.MovieActivity,145]
11-11 05:40:30.857 3685 3703 W ContextImpl: Calling a method in the system process without a qualified user: android.app.ContextImpl.startService:1816 android.content.ContextWrapper.startService:774 com.thundercomm.gamemode.ingame.services.GameModeActionUtils.startGameModeService:93 com.thundercomm.gamemode.ingame.services.GameModeActionUtils.startGameModeEntry:21 com.thundercomm.gamemode.ingame.services.ActivityMonitoringService$1.onActivityLaunch:126
11-11 05:40:30.862 1514 1514 I GameModeConfig: Current uri is uri = content://com.thundercomm.gamemode.api/gamemode_settings/gamemode_isgaming
11-11 05:40:30.864 1514 1514 I GameModeConfig: isGameModeOn = false
11-11 05:40:30.864 1514 1514 I GameModeConfig: isGameModeOn = false
11-11 05:40:30.864 1514 1514 I GameModeConfig: isDisableVoice = true
11-11 05:40:30.867 1514 1770 I input_focus: [Focus entering 844a354 com.android.gallery3d/com.android.gallery3d.app.MovieActivity (server),reason=Window became focusable. Previous reason: NOT_VISIBLE]
11-11 05:40:30.998 1514 8092 I snet_event_log: [172655291,-1,]
11-11 05:40:31.459 1514 1770 I input_interaction: Interaction with: eea03e8 com.android.launcher3/com.android.launcher3.uioverrides.QuickstepLauncher (server), 8068647 com.android.systemui.ImageWallpaper (server), edge-swipe (server), swipe-up (server), PointerEventDispatcher0 (server),
11-11 05:40:31.549 2503 2503 I view_enqueue_input_event: [Motion - Cancel,com.android.launcher3/com.android.launcher3.uioverrides.QuickstepLauncher]
11-11 05:40:31.550 1514 1770 I input_interaction: Interaction with: edge-swipe (server), swipe-up (server), PointerEventDispatcher0 (server),
11-11 05:40:31.915 1514 6145 I ActivityTaskManager: START u0 {act=android.intent.action.MAIN cat=[android.intent.category.HOME] flg=0x10000000 cmp=com.android.launcher3/.uioverrides.QuickstepLauncher} from uid 10079
11-11 05:40:31.921 1514 6145 I wm_task_moved: [39,1,7]
11-11 05:40:31.923 12981 12981 I wm_on_top_resumed_lost_called: [119681946,com.android.gallery3d.app.MovieActivity,topStateChangedWhenResumed]
11-11 05:40:31.923 1514 6145 I wm_set_resumed_activity: [0,com.android.launcher3/.uioverrides.QuickstepLauncher,positionChildAt]
11-11 05:40:31.923 1514 6145 I wm_task_moved: [40,1,2147483647]
11-11 05:40:31.923 1514 6145 I wm_task_to_front: [0,40]
11-11 05:40:31.923 1514 6145 I wm_focused_root_task: [0,0,39,98,bringingFoundTaskToFront]
11-11 05:40:31.923 1514 6145 I wm_set_resumed_activity: [0,com.android.launcher3/.uioverrides.QuickstepLauncher,bringingFoundTaskToFront]
11-11 05:40:31.925 1514 6145 I wm_new_intent: [0,157690489,40,com.android.launcher3/.uioverrides.QuickstepLauncher,android.intent.action.MAIN,NULL,NULL,268500992]
11-11 05:40:31.925 1514 6145 I wm_task_moved: [39,1,7]
11-11 05:40:31.925 1514 6145 I wm_set_resumed_activity: [0,com.android.launcher3/.uioverrides.QuickstepLauncher,positionChildAt]
11-11 05:40:31.926 1514 6145 I ActivityTaskManager: FOREGROUND_APPLICATION_CHANGED to com.android.launcher3.uioverrides.QuickstepLauncher
11-11 05:40:31.934 1514 1596 I input_focus: [Focus request eea03e8 com.android.launcher3/com.android.launcher3.uioverrides.QuickstepLauncher,reason=UpdateInputWindows]
11-11 05:40:31.942 2503 2503 I wm_on_paused_called: [157690489,com.android.launcher3.uioverrides.QuickstepLauncher,performPause]
11-11 05:40:31.945 2503 2503 I wm_on_resume_called: [157690489,com.android.launcher3.uioverrides.QuickstepLauncher,LIFECYCLER_RESUME_ACTIVITY]
11-11 05:40:31.945 2503 2503 I wm_on_top_resumed_gained_called: [157690489,com.android.launcher3.uioverrides.QuickstepLauncher,topStateChangedWhenResumed]
11-11 05:40:31.955 1514 1770 I input_focus: [Focus leaving 844a354 com.android.gallery3d/com.android.gallery3d.app.MovieActivity (server),reason=setFocusedWindow]
11-11 05:40:31.955 1514 1770 I input_focus: [Focus entering eea03e8 com.android.launcher3/com.android.launcher3.uioverrides.QuickstepLauncher (server),reason=setFocusedWindow]
11-11 05:40:32.289 1514 1770 I input_interaction: Interaction with: eea03e8 com.android.launcher3/com.android.launcher3.uioverrides.QuickstepLauncher (server), 8068647 com.android.systemui.ImageWallpaper (server), edge-swipe (server), swipe-up (server), PointerEventDispatcher0 (server),
11-11 05:40:32.386 1514 1770 I input_interaction: Interaction with: edge-swipe (server), swipe-up (server), PointerEventDispatcher0 (server),
11-11 05:40:32.387 2503 2503 I view_enqueue_input_event: [Motion - Cancel,com.android.launcher3/com.android.launcher3.uioverrides.QuickstepLauncher]
11-11 05:40:32.399 12669 12669 I auditd : type=1400 audit(0.0:3882): avc: denied { kill } for comm="kworker/u16:10" capability=5 scontext=u:r:kernel:s0 tcontext=u:r:kernel:s0 tclass=capability permissive=0
11-11 05:40:32.577 1514 1715 I commit_sys_config_file: [settings-1-0,7]
11-11 05:40:32.884 1514 1715 I commit_sys_config_file: [settings-1-0,9]
11-11 05:40:32.988 1514 8092 I wm_finish_activity: [0,119681946,98,com.android.gallery3d/.app.MovieActivity,app-request]
11-11 05:40:33.011 1514 8092 I wm_pause_activity: [0,119681946,com.android.gallery3d/.app.MovieActivity,userLeaving=false,finish]
11-11 05:40:33.017 1514 8092 I wm_finish_activity: [0,65861126,98,com.android.gallery3d/.app.GalleryActivity,app-request]
11-11 05:40:33.022 1514 8092 I wm_destroy_activity: [0,65861126,98,com.android.gallery3d/.app.GalleryActivity,finish-imm:finishIfPossible]
11-11 05:40:33.152 12981 12981 I wm_on_paused_called: [119681946,com.android.gallery3d.app.MovieActivity,performPause]
11-11 05:40:33.155 1514 1539 I wm_destroy_activity: [0,119681946,98,com.android.gallery3d/.app.MovieActivity,finish-imm:completePausedLocked]
11-11 05:40:33.158 1514 1595 I sysui_multi_action: [757,803,799,window_time_2,802,2]
