11-11 06:16:44.382 1514 8092 I wm_task_moved: [110,1,6]
11-11 06:16:44.382 1514 8092 I wm_task_to_front: [0,110]
11-11 06:16:44.382 1514 8092 I wm_create_task: [0,110]
11-11 06:16:44.382 1514 8092 I wm_create_activity: [0,248615517,110,com.android.soundrecorder/.SoundRecorder,android.intent.action.MAIN,NULL,NULL,270532608]
11-11 06:16:44.382 1514 8092 I wm_task_moved: [110,1,6]
11-11 06:16:44.384 1514 8092 I wm_pause_activity: [0,157690489,com.android.launcher3/.uioverrides.QuickstepLauncher,userLeaving=true,pauseBackTasks]
11-11 06:16:44.388 2503 2503 I wm_on_top_resumed_lost_called: [157690489,com.android.launcher3.uioverrides.QuickstepLauncher,topStateChangedWhenResumed]
11-11 06:16:44.393 2503 2503 I wm_on_paused_called: [157690489,com.android.launcher3.uioverrides.QuickstepLauncher,performPause]
11-11 06:16:44.394 1514 8092 I ActivityTaskManager: FOREGROUND_APPLICATION_CHANGED to com.android.soundrecorder.SoundRecorder
11-11 06:16:44.396 1514 8092 I ActivityTaskManager: The Process com.android.soundrecorder Already Exists in BG. So sending its PID: 14152
11-11 06:16:44.397 1514 8092 W ActivityTaskManager: Tried to set launchTime (0) < mLastActivityLaunchTime (5417631)
11-11 06:16:44.398 1514 8092 I wm_add_to_stopping: [0,157690489,com.android.launcher3/.uioverrides.QuickstepLauncher,makeInvisible]
11-11 06:16:44.400 1514 8092 I wm_restart_activity: [0,248615517,110,com.android.soundrecorder/.SoundRecorder]
11-11 06:16:44.403 1514 8092 I wm_set_resumed_activity: [0,com.android.soundrecorder/.SoundRecorder,minimalResumeActivityLocked]
11-11 06:16:44.421 1514 1595 I sysui_multi_action: [757,803,799,window_time_0,802,0]
11-11 06:16:44.424 1514 1770 I input_focus: [Focus leaving eea03e8 com.android.launcher3/com.android.launcher3.uioverrides.QuickstepLauncher (server),reason=NO_WINDOW]
11-11 06:16:44.434 14152 14152 I wm_on_create_called: [248615517,com.android.soundrecorder.SoundRecorder,performCreate]
11-11 06:16:44.434 3685 3703 W ContextImpl: Calling a method in the system process without a qualified user: android.app.ContextImpl.startService:1816 android.content.ContextWrapper.startService:774 com.thundercomm.gamemode.ingame.services.GameModeActionUtils.startGameModeService:93 com.thundercomm.gamemode.ingame.services.GameModeActionUtils.startGameModeEntry:21 com.thundercomm.gamemode.ingame.services.ActivityMonitoringService$1.onActivityLaunch:126
11-11 06:16:44.435 14152 14152 I wm_on_start_called: [248615517,com.android.soundrecorder.SoundRecorder,handleStartActivity]
11-11 06:16:44.435 14152 14152 I wm_on_resume_called: [248615517,com.android.soundrecorder.SoundRecorder,RESUME_ACTIVITY]
11-11 06:16:44.439 1514 1514 I GameModeConfig: Current uri is uri = content://com.thundercomm.gamemode.api/gamemode_settings/gamemode_isgaming
11-11 06:16:44.442 1514 1514 I GameModeConfig: isGameModeOn = false
11-11 06:16:44.443 1514 1514 I GameModeConfig: isGameModeOn = false
11-11 06:16:44.443 1514 1514 I GameModeConfig: isDisableVoice = true
11-11 06:16:44.446 14152 14152 I wm_on_top_resumed_gained_called: [248615517,com.android.soundrecorder.SoundRecorder,topStateChangedWhenResumed]
11-11 06:16:44.459 1514 1596 I input_focus: [Focus request b6bfaef com.android.soundrecorder/com.android.soundrecorder.SoundRecorder,reason=UpdateInputWindows]
11-11 06:16:44.472 1514 1592 I sysui_multi_action: [319,60,321,56,322,92,325,5419,757,761,758,8,759,1,806,com.android.soundrecorder,871,com.android.soundrecorder.SoundRecorder,904,com.android.launcher3,905,0,1320,4,1321,1]
11-11 06:16:44.474 1514 1592 I wm_activity_launch_time: [0,248615517,com.android.soundrecorder/.SoundRecorder,92]
11-11 06:16:44.489 1514 1770 I input_focus: [Focus entering b6bfaef com.android.soundrecorder/com.android.soundrecorder.SoundRecorder (server),reason=Window became focusable. Previous reason: NOT_VISIBLE]
11-11 06:16:44.510 3685 3703 W ContextImpl: Calling a method in the system process without a qualified user: android.app.ContextImpl.startService:1816 android.content.ContextWrapper.startService:774 com.thundercomm.gamemode.ingame.services.GameModeActionUtils.startGameModeService:93 com.thundercomm.gamemode.ingame.services.GameModeActionUtils.startGameModeEntry:21 com.thundercomm.gamemode.ingame.services.ActivityMonitoringService$1.onActivityLaunch:126
11-11 06:16:44.514 1514 1514 I GameModeConfig: Current uri is uri = content://com.thundercomm.gamemode.api/gamemode_settings/gamemode_isgaming
11-11 06:16:44.517 1514 1514 I GameModeConfig: isGameModeOn = false
11-11 06:16:44.517 1514 1514 I GameModeConfig: isGameModeOn = false
11-11 06:16:44.517 1514 1514 I GameModeConfig: isDisableVoice = true
11-11 06:16:44.669 1514 1770 I input_interaction: Interaction with: b6bfaef com.android.soundrecorder/com.android.soundrecorder.SoundRecorder (server), edge-swipe (server), swipe-up (server), PointerEventDispatcher0 (server),
11-11 06:16:44.981 1514 1595 I wm_stop_activity: [0,157690489,com.android.launcher3/.uioverrides.QuickstepLauncher]
11-11 06:16:45.018 2503 2503 I wm_on_stop_called: [157690489,com.android.launcher3.uioverrides.QuickstepLauncher,STOP_ACTIVITY_ITEM]
11-11 06:16:45.035 3685 3703 W ContextImpl: Calling a method in the system process without a qualified user: android.app.ContextImpl.startService:1816 android.content.ContextWrapper.startService:774 com.thundercomm.gamemode.ingame.services.GameModeActionUtils.startGameModeService:93 com.thundercomm.gamemode.ingame.services.GameModeActionUtils.startGameModeEntry:21 com.thundercomm.gamemode.ingame.services.ActivityMonitoringService$1.onActivityLaunch:126
11-11 06:16:45.040 1514 1514 I GameModeConfig: Current uri is uri = content://com.thundercomm.gamemode.api/gamemode_settings/gamemode_isgaming
11-11 06:16:45.042 1514 1514 I GameModeConfig: isGameModeOn = false
11-11 06:16:45.042 1514 1514 I GameModeConfig: isGameModeOn = false
11-11 06:16:45.042 1514 1514 I GameModeConfig: isDisableVoice = true
11-11 06:16:45.083 1514 1836 I netstats_mobile_sample: [0,0,0,0,0,0,0,0,0,0,0,0,1668118605082]
11-11 06:16:45.083 1514 1836 I netstats_wifi_sample: [110405676,250321,60389869,138830,110405676,250321,60389869,138830,127762811,347369,30428154,71832,1668118605082]
11-11 06:16:45.399 0 0 I auditd : type=1400 audit(0.0:6222): avc: denied { kill } for comm="swapper/1" capability=5 scontext=u:r:kernel:s0 tcontext=u:r:kernel:s0 tclass=capability permissive=0
11-11 06:16:46.070 1514 4820 D CompatibilityChangeReporter: Compat change id reported: 149924527; UID 10060; state: ENABLED
11-11 06:16:46.071 1514 4820 D CompatibilityChangeReporter: Compat change id reported: 132649864; UID 10060; state: DISABLED
11-11 06:16:46.081 1514 1596 I input_focus: [Focus request 9f62c48 正在启动录音,reason=UpdateInputWindows]
11-11 06:16:46.094 1514 1770 I input_focus: [Focus leaving b6bfaef com.android.soundrecorder/com.android.soundrecorder.SoundRecorder (server),reason=Waiting for window because NOT_VISIBLE]
11-11 06:16:46.112 1514 1770 I input_focus: [Focus entering 9f62c48 正在启动录音 (server),reason=Window became focusable. Previous reason: NOT_VISIBLE]
11-11 06:16:46.111 501 512 I auditd : type=1401 audit(0.0:6223): op=security_compute_sid invalid_context=u:r:np_thundercomm_tlog_pstore:s0 scontext=u:r:init:s0 tcontext=u:object_r:np_thundercomm_tlog_pstore_exec:s0 tclass=process
11-11 06:16:46.161 503 503 I auditd : avc: denied { find } for pid=1190 uid=1013 name=package_native scontext=u:r:mediaserver:s0 tcontext=u:object_r:package_native_service:s0 tclass=service_manager permissive=0
11-11 06:16:46.162 503 503 I auditd : avc: denied { find } for pid=1190 uid=1013 name=package_native scontext=u:r:mediaserver:s0 tcontext=u:object_r:package_native_service:s0 tclass=service_manager permissive=0
11-11 06:16:46.836 1514 1596 I input_focus: [Focus request b6bfaef com.android.soundrecorder/com.android.soundrecorder.SoundRecorder,reason=UpdateInputWindows]
11-11 06:16:46.862 1514 1770 I input_focus: [Focus entering b6bfaef com.android.soundrecorder/com.android.soundrecorder.SoundRecorder (server),reason=setFocusedWindow]
11-11 06:16:47.399 0 0 I auditd : type=1400 audit(0.0:6224): avc: denied { kill } for comm="swapper/1" capability=5 scontext=u:r:kernel:s0 tcontext=u:r:kernel:s0 tclass=capability permissive=0
11-11 06:16:47.784 1514 2742 E TaskPersister: File error accessing recents directory (directory doesn't exist?).
11-11 06:16:47.875 1514 10536 I wm_task_moved: [39,0,0]
11-11 06:16:47.876 1514 10536 I wm_task_moved: [39,0,5]
11-11 06:16:47.899 2503 2503 I wm_on_restart_called: [157690489,com.android.launcher3.uioverrides.QuickstepLauncher,performRestartActivity]
11-11 06:16:47.917 3685 3703 W ContextImpl: Calling a method in the system process without a qualified user: android.app.ContextImpl.startService:1816 android.content.ContextWrapper.startService:774 com.thundercomm.gamemode.ingame.services.GameModeActionUtils.startGameModeService:93 com.thundercomm.gamemode.ingame.services.GameModeActionUtils.startGameModeEntry:21 com.thundercomm.gamemode.ingame.services.ActivityMonitoringService$1.onActivityLaunch:126
11-11 06:16:47.920 2503 2503 I wm_on_start_called: [157690489,com.android.launcher3.uioverrides.QuickstepLauncher,handleStartActivity]
11-11 06:16:47.921 14152 14152 I view_enqueue_input_event: [Motion - Cancel,com.android.soundrecorder/com.android.soundrecorder.SoundRecorder]
11-11 06:16:47.922 1514 1514 I GameModeConfig: Current uri is uri = content://com.thundercomm.gamemode.api/gamemode_settings/gamemode_isgaming
11-11 06:16:47.925 1514 1514 I GameModeConfig: isGameModeOn = false
11-11 06:16:47.926 1514 1514 I GameModeConfig: isGameModeOn = false
11-11 06:16:47.926 1514 1514 I GameModeConfig: isDisableVoice = true
11-11 06:16:47.932 2503 2503 I sysui_latency: [1,78]
11-11 06:16:47.935 1514 1770 I input_interaction: Interaction with: edge-swipe (server), swipe-up (server), PointerEventDispatcher0 (server),
11-11 06:16:47.939 1514 1596 I input_focus: [Focus request recents_animation_input_consumer,reason=UpdateInputWindows]
11-11 06:16:47.943 1514 1592 I sysui_multi_action: [319,17,322,62,325,5423,757,761,758,9,759,5,806,com.android.launcher3,871,com.android.launcher3.uioverrides.QuickstepLauncher,904,com.android.launcher3,905,0,1320,8,1321,5]
11-11 06:16:47.964 1514 1770 I input_focus: [Focus leaving b6bfaef com.android.soundrecorder/com.android.soundrecorder.SoundRecorder (server),reason=NOT_FOCUSABLE]
11-11 06:16:47.964 1514 1770 I input_focus: [Focus entering recents_animation_input_consumer (server),reason=setFocusedWindow]
11-11 06:16:48.124 1514 1715 I commit_sys_config_file: [settings-1-0,8]
11-11 06:16:48.238 1514 1612 I sysui_latency: [8,76]
11-11 06:16:48.399 0 0 I auditd : type=1400 audit(0.0:6225): avc: denied { kill } for comm="swapper/1" capability=5 scontext=u:r:kernel:s0 tcontext=u:r:kernel:s0 tclass=capability permissive=0
11-11 06:16:48.571 14342 14342 I auditd : type=1400 audit(0.0:6226): avc: denied { read } for comm="ls" name="/" dev="dm-5" ino=2 scontext=u:r:system_app:s0 tcontext=u:object_r:rootfs:s0 tclass=dir permissive=0
11-11 06:16:48.631 14346 14346 I auditd : type=1400 audit(0.0:6227): avc: denied { read } for comm="ls" name="/" dev="dm-5" ino=2 scontext=u:r:system_app:s0 tcontext=u:object_r:rootfs:s0 tclass=dir permissive=0
11-11 06:16:48.845 1514 1715 I commit_sys_config_file: [settings-1-0,7]
11-11 06:16:49.399 0 0 I auditd : type=1400 audit(0.0:6228): avc: denied { kill } for comm="swapper/1" capability=5 scontext=u:r:kernel:s0 tcontext=u:r:kernel:s0 tclass=capability permissive=0
11-11 06:16:49.492 1514 1770 I input_interaction: Interaction with: eea03e8 com.android.launcher3/com.android.launcher3.uioverrides.QuickstepLauncher (server), edge-swipe (server), swipe-up (server), PointerEventDispatcher0 (server),
11-11 06:16:49.600 1514 2116 I ActivityTaskManager: START u0 {flg=0x10008000 cmp=com.android.soundrecorder/.SoundRecorder} from uid 10079
11-11 06:16:49.643 1514 2116 D FreeFormWindowHelper: Add freeform task=Task{bc23891 #110 type=standard A=10060:com.android.soundrecorder U=0 visible=true mode=freeform translucent=false sz=1}
11-11 06:16:49.644 1514 2116 I wm_finish_activity: [0,248615517,110,com.android.soundrecorder/.SoundRecorder,clear-task-all]
11-11 06:16:49.646 1514 2116 I wm_pause_activity: [0,248615517,com.android.soundrecorder/.SoundRecorder,userLeaving=false,finish]
11-11 06:16:49.648 14152 14152 I wm_on_top_resumed_lost_called: [248615517,com.android.soundrecorder.SoundRecorder,topStateChangedWhenResumed]
11-11 06:16:49.651 1514 2116 I wm_task_moved: [110,1,6]
11-11 06:16:49.651 1514 2116 I wm_create_activity: [0,39122397,110,com.android.soundrecorder/.SoundRecorder,NULL,NULL,NULL,268468224]
11-11 06:16:49.732 1514 1539 D CompatibilityChangeReporter: Compat change id reported: 182734110; UID 10060; state: ENABLED
11-11 06:16:49.749 14152 14152 I wm_on_paused_called: [248615517,com.android.soundrecorder.SoundRecorder,performPause]
11-11 06:16:49.750 1514 4820 I wm_add_to_stopping: [0,248615517,com.android.soundrecorder/.SoundRecorder,completeFinishing]
11-11 06:16:49.752 1514 4820 I ActivityTaskManager: The Process com.android.soundrecorder Already Exists in BG. So sending its PID: 14152
11-11 06:16:49.752 1514 4820 W ActivityTaskManager: Tried to set launchTime (0) < mLastActivityLaunchTime (5419814)
11-11 06:16:49.754 1514 4820 I wm_restart_activity: [0,39122397,110,com.android.soundrecorder/.SoundRecorder]
11-11 06:16:49.756 1514 4820 I wm_set_resumed_activity: [0,com.android.soundrecorder/.SoundRecorder,minimalResumeActivityLocked]
11-11 06:16:49.760 1514 1595 I sysui_multi_action: [757,803,799,window_time_0,802,6]
11-11 06:16:49.791 14152 14152 I wm_on_create_called: [39122397,com.android.soundrecorder.SoundRecorder,performCreate]
11-11 06:16:49.792 14152 14152 I wm_on_start_called: [39122397,com.android.soundrecorder.SoundRecorder,handleStartActivity]
11-11 06:16:49.792 14152 14152 I wm_on_resume_called: [39122397,com.android.soundrecorder.SoundRecorder,RESUME_ACTIVITY]
11-11 06:16:49.794 14152 14152 I wm_on_top_resumed_gained_called: [39122397,com.android.soundrecorder.SoundRecorder,topStateChangedWhenResumed]
11-11 06:16:49.817 1514 1592 I wm_activity_launch_time: [0,39122397,com.android.soundrecorder/.SoundRecorder,216]
11-11 06:16:49.862 3685 3703 W ContextImpl: Calling a method in the system process without a qualified user: android.app.ContextImpl.startService:1816 android.content.ContextWrapper.startService:774 com.thundercomm.gamemode.ingame.services.GameModeActionUtils.startGameModeService:93 com.thundercomm.gamemode.ingame.services.GameModeActionUtils.startGameModeEntry:21 com.thundercomm.gamemode.ingame.services.ActivityMonitoringService$1.onActivityLaunch:126
11-11 06:16:49.869 1514 1514 I GameModeConfig: Current uri is uri = content://com.thundercomm.gamemode.api/gamemode_settings/gamemode_isgaming
11-11 06:16:49.873 1514 1514 I GameModeConfig: isGameModeOn = false
11-11 06:16:49.874 1514 1514 I GameModeConfig: isGameModeOn = false
11-11 06:16:49.874 1514 1514 I GameModeConfig: isDisableVoice = true
11-11 06:16:50.071 1514 2116 I wm_task_moved: [39,1,6]
11-11 06:16:50.071 1514 2116 I wm_task_moved: [40,1,2147483647]
11-11 06:16:50.072 1514 2116 I wm_task_to_front: [0,40]
11-11 06:16:50.072 1514 2116 I wm_focused_root_task: [0,0,39,110,RecentsAnimation.onAnimationFinished()]
11-11 06:16:50.072 1514 2116 I wm_set_resumed_activity: [0,com.android.launcher3/.uioverrides.QuickstepLauncher,RecentsAnimation.onAnimationFinished()]
11-11 06:16:50.072 1514 2116 I ActivityTaskManager: FOREGROUND_APPLICATION_CHANGED to com.android.launcher3.uioverrides.QuickstepLauncher
11-11 06:16:50.073 14152 14152 I wm_on_top_resumed_lost_called: [39122397,com.android.soundrecorder.SoundRecorder,topStateChangedWhenResumed]
11-11 06:16:50.073 1514 2116 I wm_set_resumed_activity: [0,com.android.launcher3/.uioverrides.QuickstepLauncher,resumeTopActivityInnerLocked]
11-11 06:16:50.074 1514 2116 I wm_resume_activity: [0,157690489,40,com.android.launcher3/.uioverrides.QuickstepLauncher]
11-11 06:16:50.082 1514 1596 I input_focus: [Focus request eea03e8 com.android.launcher3/com.android.launcher3.uioverrides.QuickstepLauncher,reason=UpdateInputWindows]
11-11 06:16:50.087 2503 2503 I wm_on_resume_called: [157690489,com.android.launcher3.uioverrides.QuickstepLauncher,RESUME_ACTIVITY]
11-11 06:16:50.088 1514 1770 I input_focus: [Focus leaving recents_animation_input_consumer (server),reason=NOT_VISIBLE]
11-11 06:16:50.088 1514 1770 I input_focus: [Focus entering eea03e8 com.android.launcher3/com.android.launcher3.uioverrides.QuickstepLauncher (server),reason=setFocusedWindow]
11-11 06:16:50.092 1514 1595 I sysui_multi_action: [757,803,799,window_time_2,802,0]
11-11 06:16:50.093 2503 2503 I wm_on_top_resumed_gained_called: [157690489,com.android.launcher3.uioverrides.QuickstepLauncher,topStateChangedWhenResumed]
11-11 06:16:50.169 1514 1595 I wm_destroy_activity: [0,248615517,110,com.android.soundrecorder/.SoundRecorder,finish-imm:idle]
11-11 06:16:50.174 1514 4820 W AS.AudioService: Updated cached param hdr_record_on from false to false
11-11 06:16:50.176 1514 4820 W AS.AudioService: Updated cached param hdr_audio_channel_count from 0 to 0
11-11 06:16:50.179 1514 4820 W AS.AudioService: Updated cached param hdr_audio_sampling_rate from 0 to 0
11-11 06:16:50.179 14152 14152 I wm_on_stop_called: [248615517,com.android.soundrecorder.SoundRecorder,LIFECYCLER_STOP_ACTIVITY]
11-11 06:16:50.181 14152 14152 I wm_on_destroy_called: [248615517,com.android.soundrecorder.SoundRecorder,performDestroy]
11-11 06:16:50.212 3685 3703 W ContextImpl: Calling a method in the system process without a qualified user: android.app.ContextImpl.startService:1816 android.content.ContextWrapper.startService:774 com.thundercomm.gamemode.ingame.services.GameModeActionUtils.startGameModeService:93 com.thundercomm.gamemode.ingame.services.GameModeActionUtils.startGameModeEntry:21 com.thundercomm.gamemode.ingame.services.ActivityMonitoringService$1.onActivityLaunch:126
11-11 06:16:50.219 1514 1514 I GameModeConfig: Current uri is uri = content://com.thundercomm.gamemode.api/gamemode_settings/gamemode_isgaming
11-11 06:16:50.221 1514 1514 I GameModeConfig: isGameModeOn = false
11-11 06:16:50.221 1514 1514 I GameModeConfig: isGameModeOn = false
11-11 06:16:50.221 1514 1514 I GameModeConfig: isDisableVoice = true
11-11 06:16:51.399 0 0 I auditd : type=1400 audit(0.0:6229): avc: denied { kill } for comm="swapper/2" capability=5 scontext=u:r:kernel:s0 tcontext=u:r:kernel:s0 tclass=capability permissive=0
11-11 06:16:52.348 1514 4820 W NotificationService: Toast already killed. pkg=com.android.soundrecorder token=android.os.BinderProxy@f3b92d
11-11 06:16:52.979 1514 1614 I am_uid_idle: 10051
11-11 06:16:53.172 1514 2742 E TaskPersister: File error accessing recents directory (directory doesn't exist?).
11-11 06:16:53.399 0 0 I auditd : type=1400 audit(0.0:6230): avc: denied { kill } for comm="swapper/2" capability=5 scontext=u:r:kernel:s0 tcontext=u:r:kernel:s0 tclass=capability permissive=0
11-11 06:16:54.399 0 0 I auditd : type=1400 audit(0.0:6231): avc: denied { kill } for comm="swapper/2" capability=5 scontext=u:r:kernel:s0 tcontext=u:r:kernel:s0 tclass=capability permissive=0
11-11 06:16:55.399 0 0 I auditd : type=1400 audit(0.0:6232): avc: denied { kill } for comm="swapper/2" capability=5 scontext=u:r:kernel:s0 tcontext=u:r:kernel:s0 tclass=capability permissive=0
11-11 06:16:56.399 0 0 I auditd : type=1400 audit(0.0:6233): avc: denied { kill } for comm="swapper/2" capability=5 scontext=u:r:kernel:s0 tcontext=u:r:kernel:s0 tclass=capability permissive=0
11-11 06:16:57.399 0 0 I auditd : type=1400 audit(0.0:6234): avc: denied { kill } for comm="swapper/2" capability=5 scontext=u:r:kernel:s0 tcontext=u:r:kernel:s0 tclass=capability permissive=0
11-11 06:16:58.399 0 0 I auditd : type=1400 audit(0.0:6235): avc: denied { kill } for comm="swapper/2" capability=5 scontext=u:r:kernel:s0 tcontext=u:r:kernel:s0 tclass=capability permissive=0
11-11 06:16:59.399 0 0 I auditd : type=1400 audit(0.0:6236): avc: denied { kill } for comm="swapper/2" capability=5 scontext=u:r:kernel:s0 tcontext=u:r:kernel:s0 tclass=capability permissive=0
11-11 06:17:00.399 0 0 I auditd : type=1400 audit(0.0:6237): avc: denied { kill } for comm="swapper/2" capability=5 scontext=u:r:kernel:s0 tcontext=u:r:kernel:s0 tclass=capability permissive=0
11-11 06:17:01.399 0 0 I auditd : type=1400 audit(0.0:6238): avc: denied { kill } for comm="swapper/2" capability=5 scontext=u:r:kernel:s0 tcontext=u:r:kernel:s0 tclass=capability permissive=0
11-11 06:17:02.399 0 0 I auditd : type=1400 audit(0.0:6239): avc: denied { kill } for comm="swapper/2" capability=5 scontext=u:r:kernel:s0 tcontext=u:r:kernel:s0 tclass=capability permissive=0
11-11 06:17:03.073 1514 1614 I am_uid_idle: 10094
11-11 06:17:03.087 1514 1514 W WindowManager: removeWindowToken: Attempted to remove non-existing token: android.os.Binder@e8d4920
11-11 06:17:03.399 0 0 I auditd : type=1400 audit(0.0:6240): avc: denied { kill } for comm="swapper/2" capability=5 scontext=u:r:kernel:s0 tcontext=u:r:kernel:s0 tclass=capability permissive=0
11-11 06:17:04.399 0 0 I auditd : type=1400 audit(0.0:6241): avc: denied { kill } for comm="swapper/2" capability=5 scontext=u:r:kernel:s0 tcontext=u:r:kernel:s0 tclass=capability permissive=0
11-11 06:17:04.806 1514 1836 I netstats_mobile_sample: [0,0,0,0,0,0,0,0,0,0,0,0,1668118624806]
11-11 06:17:04.807 1514 1836 I netstats_wifi_sample: [110592653,250736,60601887,139304,110592653,250736,60601887,139304,127969297,347913,30534403,72073,1668118624806]
11-11 06:17:05.399 0 0 I auditd : type=1400 audit(0.0:6242): avc: denied { kill } for comm="swapper/2" capability=5 scontext=u:r:kernel:s0 tcontext=u:r:kernel:s0 tclass=capability permissive=0
11-11 06:17:06.399 0 0 I auditd : type=1400 audit(0.0:6243): avc: denied { kill } for comm="swapper/2" capability=5 scontext=u:r:kernel:s0 tcontext=u:r:kernel:s0 tclass=capability permissive=0
11-11 06:17:07.399 0 0 I auditd : type=1400 audit(0.0:6244): avc: denied { kill } for comm="swapper/2" capability=5 scontext=u:r:kernel:s0 tcontext=u:r:kernel:s0 tclass=capability permissive=0
11-11 06:17:08.397 1514 1770 I input_interaction: Interaction with: 92e6449 com.android.soundrecorder/com.android.soundrecorder.SoundRecorder (server), edge-swipe (server), swipe-up (server), PointerEventDispatcher0 (server),
11-11 06:17:08.399 1514 1595 I wm_task_moved: [110,1,6]
11-11 06:17:08.399 1514 1595 I wm_task_to_front: [0,110]
11-11 06:17:08.399 0 0 I auditd : type=1400 audit(0.0:6245): avc: denied { kill } for comm="swapper/2" capability=5 scontext=u:r:kernel:s0 tcontext=u:r:kernel:s0 tclass=capability permissive=0
11-11 06:17:08.407 1514 1595 I wm_set_resumed_activity: [0,com.android.soundrecorder/.SoundRecorder,positionChildAt]
11-11 06:17:08.407 1514 1595 I wm_focused_root_task: [0,0,110,39,setFocusedTask]
11-11 06:17:08.408 1514 1595 I wm_set_resumed_activity: [0,com.android.soundrecorder/.SoundRecorder,setFocusedTask]
11-11 06:17:08.408 1514 1595 I ActivityTaskManager: FOREGROUND_APPLICATION_CHANGED to com.android.soundrecorder.SoundRecorder
11-11 06:17:08.409 1514 1596 I input_focus: [Focus request 92e6449 com.android.soundrecorder/com.android.soundrecorder.SoundRecorder,reason=UpdateInputWindows]
11-11 06:17:08.411 2503 2503 I wm_on_top_resumed_lost_called: [157690489,com.android.launcher3.uioverrides.QuickstepLauncher,topStateChangedWhenResumed]
11-11 06:17:08.416 14152 14152 I wm_on_top_resumed_gained_called: [39122397,com.android.soundrecorder.SoundRecorder,topStateChangedWhenResumed]
11-11 06:17:08.442 1514 1770 I input_focus: [Focus leaving eea03e8 com.android.launcher3/com.android.launcher3.uioverrides.QuickstepLauncher (server),reason=setFocusedWindow]
11-11 06:17:08.442 1514 1770 I input_focus: [Focus entering 92e6449 com.android.soundrecorder/com.android.soundrecorder.SoundRecorder (server),reason=setFocusedWindow]
11-11 06:17:08.494 1514 1539 I wm_finish_activity: [0,39122397,110,com.android.soundrecorder/.SoundRecorder,finish-activity]
11-11 06:17:08.495 1514 1539 I wm_task_moved: [39,1,6]
11-11 06:17:08.497 1514 1539 I wm_set_resumed_activity: [0,com.android.launcher3/.uioverrides.QuickstepLauncher,positionChildAt]
11-11 06:17:08.497 1514 1539 I wm_task_moved: [40,1,2147483647]
11-11 06:17:08.497 1514 1539 I wm_task_to_front: [0,40]
11-11 06:17:08.497 1514 1539 I wm_focused_root_task: [0,0,39,-1,finish-top adjustFocusToNextFocusableTask]
11-11 06:17:08.497 1514 1539 I wm_set_resumed_activity: [0,com.android.launcher3/.uioverrides.QuickstepLauncher,finish-top]
11-11 06:17:08.512 1514 1539 I wm_pause_activity: [0,39122397,com.android.soundrecorder/.SoundRecorder,userLeaving=false,finish]
11-11 06:17:08.516 14152 14152 I wm_on_top_resumed_lost_called: [39122397,com.android.soundrecorder.SoundRecorder,topStateChangedWhenResumed]
11-11 06:17:08.516 2503 2503 I wm_on_top_resumed_gained_called: [157690489,com.android.launcher3.uioverrides.QuickstepLauncher,topStateChangedWhenResumed]
11-11 06:17:08.517 1514 2742 E TaskPersister: File error accessing recents directory (directory doesn't exist?).
11-11 06:17:08.517 1514 1596 I input_focus: [Focus request eea03e8 com.android.launcher3/com.android.launcher3.uioverrides.QuickstepLauncher,reason=UpdateInputWindows]
11-11 06:17:08.524 1514 1595 I sysui_multi_action: [757,803,799,window_time_0,802,18]
11-11 06:17:08.525 14152 14152 I wm_on_paused_called: [39122397,com.android.soundrecorder.SoundRecorder,performPause]
11-11 06:17:08.527 1514 1539 I ActivityTaskManager: FOREGROUND_APPLICATION_CHANGED to com.android.launcher3.uioverrides.QuickstepLauncher
11-11 06:17:08.527 1514 1539 I wm_destroy_activity: [0,39122397,110,com.android.soundrecorder/.SoundRecorder,finish-imm:completePausedLocked]
11-11 06:17:08.530 1514 1770 I input_focus: [Focus leaving 92e6449 com.android.soundrecorder/com.android.soundrecorder.SoundRecorder (server),reason=NO_WINDOW]
11-11 06:17:08.530 1514 1770 I input_focus: [Focus entering eea03e8 com.android.launcher3/com.android.launcher3.uioverrides.QuickstepLauncher (server),reason=setFocusedWindow]
11-11 06:17:08.542 1514 1595 I sysui_multi_action: [757,803,799,window_time_0,802,0]
11-11 06:17:08.550 3685 3703 W ContextImpl: Calling a method in the system process without a qualified user: android.app.ContextImpl.startService:1816 android.content.ContextWrapper.startService:774 com.thundercomm.gamemode.ingame.services.GameModeActionUtils.startGameModeService:93 com.thundercomm.gamemode.ingame.services.GameModeActionUtils.startGameModeEntry:21 com.thundercomm.gamemode.ingame.services.ActivityMonitoringService$1.onActivityLaunch:126
11-11 06:17:08.556 1514 1514 I GameModeConfig: Current uri is uri = content://com.thundercomm.gamemode.api/gamemode_settings/gamemode_isgaming
11-11 06:17:08.560 1514 1514 I GameModeConfig: isGameModeOn = false
11-11 06:17:08.560 1514 1514 I GameModeConfig: isGameModeOn = false
11-11 06:17:08.560 1514 1514 I GameModeConfig: isDisableVoice = true
11-11 06:17:08.570 1514 4820 W AS.AudioService: Updated cached param hdr_record_on from false to false
11-11 06:17:08.571 1514 4820 W AS.AudioService: Updated cached param hdr_audio_channel_count from 0 to 0
11-11 06:17:08.572 1514 4820 W AS.AudioService: Updated cached param hdr_audio_sampling_rate from 0 to 0
11-11 06:17:08.572 14152 14152 I wm_on_stop_called: [39122397,com.android.soundrecorder.SoundRecorder,LIFECYCLER_STOP_ACTIVITY]
11-11 06:17:08.574 14152 14152 I wm_on_destroy_called: [39122397,com.android.soundrecorder.SoundRecorder,performDestroy]
11-11 06:17:08.639 3685 3703 W ContextImpl: Calling a method in the system process without a qualified user: android.app.ContextImpl.startService:1816 android.content.ContextWrapper.startService:774 com.thundercomm.gamemode.ingame.services.GameModeActionUtils.startGameModeService:93 com.thundercomm.gamemode.ingame.services.GameModeActionUtils.startGameModeEntry:21 com.thundercomm.gamemode.ingame.services.ActivityMonitoringService$1.onActivityLaunch:126
11-11 06:17:08.647 1514 1514 I GameModeConfig: Current uri is uri = content://com.thundercomm.gamemode.api/gamemode_settings/gamemode_isgaming
11-11 06:17:08.649 1514 1514 I GameModeConfig: isGameModeOn = false
11-11 06:17:08.649 1514 1514 I GameModeConfig: isGameModeOn = false
11-11 06:17:08.649 1514 1514 I GameModeConfig: isDisableVoice = true
11-11 06:17:08.829 1514 1596 I wm_task_removed: [110,removeChild:removeChild last r=ActivityRecord{254f5dd u0 com.android.soundrecorder/.SoundRecorder t-1 f}} in t=Task{bc23891 #110 type=standard A=10060:com.android.soundrecorder U=0 visible=false mode=freeform translucent=true sz=0}]
11-11 06:17:08.829 1514 1596 I wm_task_removed: [110,removeChild]
11-11 06:17:08.829 1514 1596 D FreeFormWindowHelper: Remove freefrom task=Task{bc23891 #110 type=standard A=10060:com.android.soundrecorder U=0 visible=false mode=freeform translucent=true sz=0}
11-11 06:17:09.399 0 0 I auditd : type=1400 audit(0.0:6246): avc: denied { kill } for comm="swapper/2" capability=5 scontext=u:r:kernel:s0 tcontext=u:r:kernel:s0 tclass=capability permissive=0
11-11 06:17:09.646 1514 1770 I input_interaction: Interaction with: eea03e8 com.android.launcher3/com.android.launcher3.uioverrides.QuickstepLauncher (server), 8068647 com.android.systemui.ImageWallpaper (server), edge-swipe (server), swipe-up (server), PointerEventDispatcher0 (server),
11-11 06:17:09.967 1514 1715 I commit_sys_config_file: [settings-1-0,7]
11-11 06:17:10.399 0 0 I auditd : type=1400 audit(0.0:6247): avc: denied { kill } for comm="swapper/2" capability=5 scontext=u:r:kernel:s0 tcontext=u:r:kernel:s0 tclass=capability permissive=0
11-11 06:17:11.399 0 0 I auditd : type=1400 audit(0.0:6248): avc: denied { kill } for comm="swapper/2" capability=5 scontext=u:r:kernel:s0 tcontext=u:r:kernel:s0 tclass=capability permissive=0
11-11 06:17:11.839 1514 2742 E TaskPersister: File error accessing recents directory (directory doesn't exist?).
11-11 06:17:12.337 1514 6729 I ActivityTaskManager: START u0 {flg=0x10008000 cmp=com.android.deskclock/.DeskClock} from uid 10079
11-11 06:17:12.345 1514 6729 I wm_task_created: [111,-1]
11-11 06:17:12.345 1514 6729 W ActivityTaskManager: Can't find TaskDisplayArea to determine support for multi window. Task id=111 attached=false
11-11 06:17:12.346 1514 6729 D FreeFormWindowHelper: Add freeform task=Task{85bf4a4 #111 type=standard ?? U=0 visible=false mode=freeform translucent=true sz=0}
11-11 06:17:12.349 1514 6729 D CompatibilityChangeReporter: Compat change id reported: 184838306; UID 10066; state: DISABLED
11-11 06:17:12.350 1514 6729 D CompatibilityChangeReporter: Compat change id reported: 185004937; UID 10066; state: DISABLED
11-11 06:17:12.350 1514 6729 I service_manager_stats: [100,93,291264]
11-11 06:17:12.350 1514 6729 D CompatibilityChangeReporter: Compat change id reported: 181136395; UID 10066; state: DISABLED
11-11 06:17:12.351 1514 6729 D CompatibilityChangeReporter: Compat change id reported: 174042936; UID 10066; state: DISABLED
11-11 06:17:12.351 1514 6729 I wm_task_moved: [111,1,6]
11-11 06:17:12.351 1514 6729 I wm_task_to_front: [0,111]
11-11 06:17:12.352 1514 6729 I wm_create_task: [0,111]
11-11 06:17:12.352 1514 6729 I wm_create_activity: [0,197431251,111,com.android.deskclock/.DeskClock,NULL,NULL,NULL,268468224]
11-11 06:17:12.352 1514 6729 I wm_task_moved: [111,1,6]
11-11 06:17:12.353 1514 6729 I ActivityTaskManager: FOREGROUND_APPLICATION_CHANGED to com.android.deskclock.DeskClock
11-11 06:17:12.360 1514 1595 I am_uid_running: 10066
11-11 06:17:12.360 1514 1595 D CompatibilityChangeReporter: Compat change id reported: 135634846; UID 10066; state: DISABLED
11-11 06:17:12.360 1514 1595 D CompatibilityChangeReporter: Compat change id reported: 177438394; UID 10066; state: DISABLED
11-11 06:17:12.360 1514 1595 D CompatibilityChangeReporter: Compat change id reported: 135772972; UID 10066; state: DISABLED
11-11 06:17:12.361 1514 1595 D CompatibilityChangeReporter: Compat change id reported: 135754954; UID 10066; state: DISABLED
11-11 06:17:12.361 1514 1615 D CompatibilityChangeReporter: Compat change id reported: 143937733; UID 10066; state: DISABLED
11-11 06:17:12.366 2503 2503 I wm_on_top_resumed_lost_called: [157690489,com.android.launcher3.uioverrides.QuickstepLauncher,topStateChangedWhenResumed]
11-11 06:17:12.383 1514 1615 I am_proc_start: [0,14384,10066,com.android.deskclock,top-activity,{com.android.deskclock/com.android.deskclock.DeskClock}]
11-11 06:17:12.383 1514 1615 I ActivityManager: Start proc 14384:com.android.deskclock/u0a66 for top-activity {com.android.deskclock/com.android.deskclock.DeskClock}
11-11 06:17:12.399 1514 6729 I am_proc_bound: [0,14384,com.android.deskclock]
11-11 06:17:12.402 1514 6729 I ActivityTaskManager: The Process com.android.deskclock Already Exists in BG. So sending its PID: 14384
11-11 06:17:12.403 1514 6729 I wm_restart_activity: [0,197431251,111,com.android.deskclock/.DeskClock]
11-11 06:17:12.404 1514 6729 I wm_set_resumed_activity: [0,com.android.deskclock/.DeskClock,minimalResumeActivityLocked]
11-11 06:17:12.404 1514 6729 I am_uid_active: 10066
11-11 06:17:12.415 3685 3703 W ContextImpl: Calling a method in the system process without a qualified user: android.app.ContextImpl.startService:1816 android.content.ContextWrapper.startService:774 com.thundercomm.gamemode.ingame.services.GameModeActionUtils.startGameModeService:93 com.thundercomm.gamemode.ingame.services.GameModeActionUtils.startGameModeEntry:21 com.thundercomm.gamemode.ingame.services.ActivityMonitoringService$1.onActivityLaunch:126
11-11 06:17:12.424 1514 1514 I GameModeConfig: Current uri is uri = content://com.thundercomm.gamemode.api/gamemode_settings/gamemode_isgaming
11-11 06:17:12.431 1514 1514 I GameModeConfig: isGameModeOn = false
11-11 06:17:12.431 1514 1514 I GameModeConfig: isGameModeOn = false
11-11 06:17:12.431 1514 1514 I GameModeConfig: isDisableVoice = true
11-11 06:17:12.460 1514 6729 I ActivityTaskManager: START u0 {act=android.content.pm.action.REQUEST_PERMISSIONS pkg=com.android.permissioncontroller cmp=com.android.permissioncontroller/.permission.ui.GrantPermissionsActivity (has extras)} from uid 10066
11-11 06:17:12.462 1514 6729 D CompatibilityChangeReporter: Compat change id reported: 174042980; UID 10094; state: DISABLED
11-11 06:17:12.462 1514 6729 D CompatibilityChangeReporter: Compat change id reported: 184838306; UID 10094; state: DISABLED
11-11 06:17:12.463 1514 6729 D CompatibilityChangeReporter: Compat change id reported: 185004937; UID 10094; state: DISABLED
11-11 06:17:12.463 1514 6729 D CompatibilityChangeReporter: Compat change id reported: 181136395; UID 10094; state: DISABLED
11-11 06:17:12.464 1514 6729 D CompatibilityChangeReporter: Compat change id reported: 174042936; UID 10094; state: DISABLED
11-11 06:17:12.464 1514 6729 I wm_task_moved: [111,1,6]
11-11 06:17:12.465 1514 6729 I wm_set_resumed_activity: [0,com.android.deskclock/.DeskClock,positionChildAt]
11-11 06:17:12.465 1514 6729 I wm_create_activity: [0,51883642,111,com.android.permissioncontroller/.permission.ui.GrantPermissionsActivity,android.content.pm.action.REQUEST_PERMISSIONS,NULL,NULL,8388608]
11-11 06:17:12.465 1514 6729 D CompatibilityChangeReporter: Compat change id reported: 168419799; UID 10094; state: DISABLED
11-11 06:17:12.467 1514 6729 I wm_pause_activity: [0,197431251,com.android.deskclock/.DeskClock,userLeaving=true,resumeTopActivityInnerLocked]
11-11 06:17:12.487 14384 14384 I wm_on_create_called: [197431251,com.android.deskclock.DeskClock,performCreate]
11-11 06:17:12.489 14384 14384 I wm_on_start_called: [197431251,com.android.deskclock.DeskClock,handleStartActivity]
11-11 06:17:12.490 14384 14384 I wm_on_resume_called: [197431251,com.android.deskclock.DeskClock,RESUME_ACTIVITY]
11-11 06:17:12.496 14384 14384 I wm_on_top_resumed_gained_called: [197431251,com.android.deskclock.DeskClock,topStateChangedWhenResumed]
11-11 06:17:12.496 14384 14384 I wm_on_top_resumed_lost_called: [197431251,com.android.deskclock.DeskClock,topStateChangedWhenResumed]
11-11 06:17:12.497 14384 14384 I wm_on_paused_called: [197431251,com.android.deskclock.DeskClock,performPause]
11-11 06:17:12.498 1514 6729 I ActivityTaskManager: FOREGROUND_APPLICATION_CHANGED to com.android.permissioncontroller.permission.ui.GrantPermissionsActivity
11-11 06:17:12.498 1514 6729 I ActivityTaskManager: The Process com.android.permissioncontroller Already Exists in BG. So sending its PID: 14181
11-11 06:17:12.499 1514 6729 W ActivityTaskManager: Tried to set launchTime (0) < mLastActivityLaunchTime (5374788)
11-11 06:17:12.500 1514 6729 I wm_restart_activity: [0,51883642,111,com.android.permissioncontroller/.permission.ui.GrantPermissionsActivity]
11-11 06:17:12.501 1514 6729 I wm_set_resumed_activity: [0,com.android.permissioncontroller/.permission.ui.GrantPermissionsActivity,minimalResumeActivityLocked]
11-11 06:17:12.501 1514 1595 I am_uid_active: 10094
11-11 06:17:12.509 1514 1595 I sysui_multi_action: [757,803,799,window_time_0,802,4]
11-11 06:17:12.516 3685 3703 W ContextImpl: Calling a method in the system process without a qualified user: android.app.ContextImpl.startService:1816 android.content.ContextWrapper.startService:774 com.thundercomm.gamemode.ingame.services.GameModeActionUtils.startGameModeService:93 com.thundercomm.gamemode.ingame.services.GameModeActionUtils.startGameModeEntry:21 com.thundercomm.gamemode.ingame.services.ActivityMonitoringService$1.onActivityLaunch:126
11-11 06:17:12.522 1514 1514 I GameModeConfig: Current uri is uri = content://com.thundercomm.gamemode.api/gamemode_settings/gamemode_isgaming
11-11 06:17:12.524 14181 14181 I wm_on_create_called: [51883642,com.android.permissioncontroller.permission.ui.GrantPermissionsActivity,performCreate]
11-11 06:17:12.525 14181 14181 I wm_on_start_called: [51883642,com.android.permissioncontroller.permission.ui.GrantPermissionsActivity,handleStartActivity]
11-11 06:17:12.525 14181 14181 I wm_on_resume_called: [51883642,com.android.permissioncontroller.permission.ui.GrantPermissionsActivity,RESUME_ACTIVITY]
11-11 06:17:12.526 1514 1514 I GameModeConfig: isGameModeOn = false
11-11 06:17:12.527 1514 1514 I GameModeConfig: isGameModeOn = false
11-11 06:17:12.527 1514 1514 I GameModeConfig: isDisableVoice = true
11-11 06:17:12.527 14181 14181 I wm_on_top_resumed_gained_called: [51883642,com.android.permissioncontroller.permission.ui.GrantPermissionsActivity,topStateChangedWhenResumed]
11-11 06:17:12.531 1514 6729 I wm_finish_activity: [0,51883642,111,com.android.permissioncontroller/.permission.ui.GrantPermissionsActivity,app-request]
11-11 06:17:12.531 1514 6729 I wm_pause_activity: [0,51883642,com.android.permissioncontroller/.permission.ui.GrantPermissionsActivity,userLeaving=false,finish]
11-11 06:17:12.542 14181 14181 I wm_on_top_resumed_lost_called: [51883642,com.android.permissioncontroller.permission.ui.GrantPermissionsActivity,topStateChangedWhenResumed]
11-11 06:17:12.544 14181 14181 I wm_on_paused_called: [51883642,com.android.permissioncontroller.permission.ui.GrantPermissionsActivity,performPause]
11-11 06:17:12.544 1514 4820 I wm_add_to_stopping: [0,51883642,com.android.permissioncontroller/.permission.ui.GrantPermissionsActivity,completeFinishing]
11-11 06:17:12.544 1514 4820 I ActivityTaskManager: FOREGROUND_APPLICATION_CHANGED to com.android.deskclock.DeskClock
11-11 06:17:12.544 1514 4820 I wm_set_resumed_activity: [0,com.android.deskclock/.DeskClock,resumeTopActivityInnerLocked]
11-11 06:17:12.545 1514 4820 I wm_resume_activity: [0,197431251,111,com.android.deskclock/.DeskClock]
11-11 06:17:12.548 1514 1595 I sysui_multi_action: [757,803,799,window_time_2,802,0]
11-11 06:17:12.556 1514 6729 D CompatibilityChangeReporter: Compat change id reported: 149924527; UID 10066; state: ENABLED
11-11 06:17:12.556 1514 6729 D CompatibilityChangeReporter: Compat change id reported: 132649864; UID 10066; state: DISABLED
11-11 06:17:12.557 1514 6729 D CompatibilityChangeReporter: Compat change id reported: 182734110; UID 10066; state: DISABLED
11-11 06:17:12.558 1514 1715 I commit_sys_config_file: [settings-1-0,29]
11-11 06:17:12.568 1514 1596 I input_focus: [Focus request f4b4734 com.android.deskclock/com.android.deskclock.DeskClock,reason=UpdateInputWindows]
11-11 06:17:12.589 1514 1770 I input_focus: [Focus leaving eea03e8 com.android.launcher3/com.android.launcher3.uioverrides.QuickstepLauncher (server),reason=Waiting for window because NOT_VISIBLE]
11-11 06:17:12.648 14384 14384 I wm_on_activity_result_called: [197431251,com.android.deskclock.DeskClock,ACTIVITY_RESULT]
11-11 06:17:12.648 14384 14384 I wm_on_resume_called: [197431251,com.android.deskclock.DeskClock,RESUME_ACTIVITY]
11-11 06:17:12.650 14384 14384 I wm_on_top_resumed_gained_called: [197431251,com.android.deskclock.DeskClock,topWhenResuming]
11-11 06:17:12.655 3685 3703 W ContextImpl: Calling a method in the system process without a qualified user: android.app.ContextImpl.startService:1816 android.content.ContextWrapper.startService:774 com.thundercomm.gamemode.ingame.services.GameModeActionUtils.startGameModeService:93 com.thundercomm.gamemode.ingame.services.GameModeActionUtils.startGameModeEntry:21 com.thundercomm.gamemode.ingame.services.ActivityMonitoringService$1.onActivityLaunch:126
11-11 06:17:12.656 1514 1770 I input_focus: [Focus entering f4b4734 com.android.deskclock/com.android.deskclock.DeskClock (server),reason=Window became focusable. Previous reason: NOT_VISIBLE]
11-11 06:17:12.659 1514 1514 I GameModeConfig: Current uri is uri = content://com.thundercomm.gamemode.api/gamemode_settings/gamemode_isgaming
11-11 06:17:12.662 1514 1514 I GameModeConfig: isGameModeOn = false
11-11 06:17:12.662 1514 1514 I GameModeConfig: isGameModeOn = false
11-11 06:17:12.662 1514 1514 I GameModeConfig: isDisableVoice = true
11-11 06:17:12.924 1514 1595 I wm_destroy_activity: [0,51883642,111,com.android.permissioncontroller/.permission.ui.GrantPermissionsActivity,finish-imm:idle]
11-11 06:17:12.926 14181 14181 I wm_on_stop_called: [51883642,com.android.permissioncontroller.permission.ui.GrantPermissionsActivity,LIFECYCLER_STOP_ACTIVITY]
11-11 06:17:12.928 14181 14181 I wm_on_destroy_called: [51883642,com.android.permissioncontroller.permission.ui.GrantPermissionsActivity,performDestroy]
11-11 06:17:12.939 3685 3703 W ContextImpl: Calling a method in the system process without a qualified user: android.app.ContextImpl.startService:1816 android.content.ContextWrapper.startService:774 com.thundercomm.gamemode.ingame.services.GameModeActionUtils.startGameModeService:93 com.thundercomm.gamemode.ingame.services.GameModeActionUtils.startGameModeEntry:21 com.thundercomm.gamemode.ingame.services.ActivityMonitoringService$1.onActivityLaunch:126
11-11 06:17:12.945 1514 1514 I GameModeConfig: Current uri is uri = content://com.thundercomm.gamemode.api/gamemode_settings/gamemode_isgaming
11-11 06:17:12.947 1514 1514 I GameModeConfig: isGameModeOn = false
11-11 06:17:12.947 1514 1514 I GameModeConfig: isGameModeOn = false
11-11 06:17:12.947 1514 1514 I GameModeConfig: isDisableVoice = true
11-11 06:17:14.399 0 0 I auditd : type=1400 audit(0.0:6249): avc: denied { kill } for comm="swapper/2" capability=5 scontext=u:r:kernel:s0 tcontext=u:r:kernel:s0 tclass=capability permissive=0
11-11 06:17:14.452 1514 1770 I input_interaction: Interaction with: f4b4734 com.android.deskclock/com.android.deskclock.DeskClock (server), edge-swipe (server), swipe-up (server), PointerEventDispatcher0 (server),
11-11 06:17:15.361 1514 2742 E TaskPersister: File error accessing recents directory (directory doesn't exist?).
11-11 06:17:16.399 0 0 I auditd : type=1400 audit(0.0:6250): avc: denied { kill } for comm="swapper/1" capability=5 scontext=u:r:kernel:s0 tcontext=u:r:kernel:s0 tclass=capability permissive=0
11-11 06:17:18.399 0 0 I auditd : type=1400 audit(0.0:6251): avc: denied { kill } for comm="swapper/1" capability=5 scontext=u:r:kernel:s0 tcontext=u:r:kernel:s0 tclass=capability permissive=0
11-11 06:17:19.195 1514 4820 I wm_finish_activity: [0,197431251,111,com.android.deskclock/.DeskClock,finish-activity]
11-11 06:17:19.195 1514 4820 I wm_task_moved: [39,1,6]
11-11 06:17:19.199 1514 4820 I wm_set_resumed_activity: [0,com.android.launcher3/.uioverrides.QuickstepLauncher,positionChildAt]
11-11 06:17:19.199 1514 4820 I wm_task_moved: [40,1,2147483647]
11-11 06:17:19.199 1514 4820 I wm_task_to_front: [0,40]
11-11 06:17:19.199 1514 4820 I wm_focused_root_task: [0,0,39,-1,finish-top adjustFocusToNextFocusableTask]
11-11 06:17:19.199 1514 4820 I wm_set_resumed_activity: [0,com.android.launcher3/.uioverrides.QuickstepLauncher,finish-top]
11-11 06:17:19.206 1514 4820 I wm_pause_activity: [0,197431251,com.android.deskclock/.DeskClock,userLeaving=false,finish]
11-11 06:17:19.210 1514 1596 I input_focus: [Focus request eea03e8 com.android.launcher3/com.android.launcher3.uioverrides.QuickstepLauncher,reason=UpdateInputWindows]
11-11 06:17:19.213 14384 14384 I wm_on_top_resumed_lost_called: [197431251,com.android.deskclock.DeskClock,topStateChangedWhenResumed]
11-11 06:17:19.216 1514 1595 I sysui_multi_action: [757,803,799,window_time_2,802,7]
11-11 06:17:19.217 2503 2503 I wm_on_top_resumed_gained_called: [157690489,com.android.launcher3.uioverrides.QuickstepLauncher,topStateChangedWhenResumed]
11-11 06:17:19.219 1514 2742 E TaskPersister: File error accessing recents directory (directory doesn't exist?).
11-11 06:17:19.221 14384 14384 I wm_on_paused_called: [197431251,com.android.deskclock.DeskClock,performPause]
11-11 06:17:19.222 1514 4820 I ActivityTaskManager: FOREGROUND_APPLICATION_CHANGED to com.android.launcher3.uioverrides.QuickstepLauncher
11-11 06:17:19.222 1514 4820 I wm_destroy_activity: [0,197431251,111,com.android.deskclock/.DeskClock,finish-imm:completePausedLocked]
11-11 06:17:19.237 1514 1595 I sysui_multi_action: [757,803,799,window_time_0,802,0]
11-11 06:17:19.239 3685 3703 W ContextImpl: Calling a method in the system process without a qualified user: android.app.ContextImpl.startService:1816 android.content.ContextWrapper.startService:774 com.thundercomm.gamemode.ingame.services.GameModeActionUtils.startGameModeService:93 com.thundercomm.gamemode.ingame.services.GameModeActionUtils.startGameModeEntry:21 com.thundercomm.gamemode.ingame.services.ActivityMonitoringService$1.onActivityLaunch:126
11-11 06:17:19.240 1514 1770 I input_focus: [Focus leaving f4b4734 com.android.deskclock/com.android.deskclock.DeskClock (server),reason=NO_WINDOW]
11-11 06:17:19.240 1514 1770 I input_focus: [Focus entering eea03e8 com.android.launcher3/com.android.launcher3.uioverrides.QuickstepLauncher (server),reason=setFocusedWindow]
11-11 06:17:19.244 1514 1514 I GameModeConfig: Current uri is uri = content://com.thundercomm.gamemode.api/gamemode_settings/gamemode_isgaming
11-11 06:17:19.251 1514 1514 I GameModeConfig: isGameModeOn = false
11-11 06:17:19.251 1514 1514 I GameModeConfig: isGameModeOn = false
11-11 06:17:19.251 1514 1514 I GameModeConfig: isDisableVoice = true
11-11 06:17:19.270 1514 1539 I sysui_multi_action: [757,856,758,1,806,com.android.deskclock,857,StopwatchNotification,858,3]
11-11 06:17:19.273 1514 1514 I notification_enqueue: [10066,14384,com.android.deskclock,2147483646,NULL,0,Notification(channel=StopwatchNotification shortcut=null contentView=com.android.deskclock/0x7f0d0024 vibrate=null sound=null defaults=0x0 flags=0x102 color=0xff1a237e groupKey=3 actions=2 vis=PRIVATE),0]
11-11 06:17:19.275 14384 14384 I wm_on_stop_called: [197431251,com.android.deskclock.DeskClock,LIFECYCLER_STOP_ACTIVITY]
11-11 06:17:19.287 14384 14384 I wm_on_destroy_called: [197431251,com.android.deskclock.DeskClock,performDestroy]
11-11 06:17:19.331 3685 3703 W ContextImpl: Calling a method in the system process without a qualified user: android.app.ContextImpl.startService:1816 android.content.ContextWrapper.startService:774 com.thundercomm.gamemode.ingame.services.GameModeActionUtils.startGameModeService:93 com.thundercomm.gamemode.ingame.services.GameModeActionUtils.startGameModeEntry:21 com.thundercomm.gamemode.ingame.services.ActivityMonitoringService$1.onActivityLaunch:126
11-11 06:17:19.337 1514 1514 I GameModeConfig: Current uri is uri = content://com.thundercomm.gamemode.api/gamemode_settings/gamemode_isgaming
11-11 06:17:19.343 1514 1514 I GameModeConfig: isGameModeOn = false
11-11 06:17:19.343 1514 1514 I GameModeConfig: isGameModeOn = false
11-11 06:17:19.343 1514 1514 I GameModeConfig: isDisableVoice = true
11-11 06:17:19.475 1514 1514 I sysui_multi_action: [757,1501,758,1,793,204,794,0,795,204,796,2147483646,806,com.android.deskclock,857,StopwatchNotification,858,3,946,3,947,0,1500,0,1688,1,1745,-868672399]
11-11 06:17:19.476 1514 1514 I sysui_multi_action: [757,804,799,note_interruptive,801,0,802,1]
11-11 06:17:19.476 1514 1514 I GameModeConfig: isGameModeOn = false
11-11 06:17:19.477 1514 1514 I sysui_multi_action: [757,1501,758,1,793,206,794,0,795,206,796,2147483646,806,com.android.deskclock,857,StopwatchNotification,858,3,946,3,947,0,1500,0,1688,1,1745,-868672399]
11-11 06:17:19.477 1514 1514 I sysui_multi_action: [757,804,799,note_interruptive,801,0,802,1]
11-11 06:17:19.478 1514 1514 I sysui_multi_action: [757,199,758,1,759,2,793,207,794,0,795,207,796,2147483646,806,com.android.deskclock,857,StopwatchNotification,858,3,946,3,947,0,1500,1,1688,1,1745,-868672399]
11-11 06:17:19.478 1514 1514 I notification_alert: [0|com.android.deskclock|2147483646|null|10066,0,1,0]
11-11 06:17:19.482 1514 1514 W NotificationHistory: Attempted to add notif for locked/gone/disabled user 0
11-11 06:17:19.520 1514 1596 I wm_task_removed: [111,removeChild:removeChild last r=ActivityRecord{bc48fd3 u0 com.android.deskclock/.DeskClock t-1 f}} in t=Task{85bf4a4 #111 type=standard A=10066:com.android.deskclock U=0 visible=false mode=freeform translucent=true sz=0}]
