11-11 05:41:33.336 1514 1614 I am_wtf : [0,1514,system_server,-1,DisplayDeviceConfig,requesting nits when no mapping exists.]
11-11 05:41:33.350 1514 1974 E DisplayDeviceConfig: requesting nits when no mapping exists.
11-11 05:41:33.351 1514 1614 I am_wtf : [0,1514,system_server,-1,DisplayDeviceConfig,requesting nits when no mapping exists.]
11-11 05:41:33.351 1514 1974 E DisplayDeviceConfig: requesting nits when no mapping exists.
11-11 05:41:33.354 1514 1614 I am_wtf : [0,1514,system_server,-1,DisplayDeviceConfig,requesting nits when no mapping exists.]
11-11 05:41:33.367 1514 1974 E DisplayDeviceConfig: requesting nits when no mapping exists.
11-11 05:41:33.368 1514 1974 E DisplayDeviceConfig: requesting nits when no mapping exists.
11-11 05:41:33.368 1514 1614 I am_wtf : [0,1514,system_server,-1,DisplayDeviceConfig,requesting nits when no mapping exists.]
11-11 05:41:33.368 1514 1614 I am_wtf : [0,1514,system_server,-1,DisplayDeviceConfig,requesting nits when no mapping exists.]
11-11 05:41:33.383 1514 1974 E DisplayDeviceConfig: requesting nits when no mapping exists.
11-11 05:41:33.385 1514 1974 E DisplayDeviceConfig: requesting nits when no mapping exists.
11-11 05:41:33.385 1514 1614 I am_wtf : [0,1514,system_server,-1,DisplayDeviceConfig,requesting nits when no mapping exists.]
11-11 05:41:33.386 1514 1614 I am_wtf : [0,1514,system_server,-1,DisplayDeviceConfig,requesting nits when no mapping exists.]
11-11 05:41:33.399 1514 1974 E DisplayDeviceConfig: requesting nits when no mapping exists.
11-11 05:41:33.400 1514 1974 E DisplayDeviceConfig: requesting nits when no mapping exists.
11-11 05:41:33.400 1514 1614 I am_wtf : [0,1514,system_server,-1,DisplayDeviceConfig,requesting nits when no mapping exists.]
11-11 05:41:33.400 1514 1614 I am_wtf : [0,1514,system_server,-1,DisplayDeviceConfig,requesting nits when no mapping exists.]
11-11 05:41:33.421 1514 1974 E DisplayDeviceConfig: requesting nits when no mapping exists.
11-11 05:41:33.422 1514 1974 E DisplayDeviceConfig: requesting nits when no mapping exists.
11-11 05:41:33.422 1514 1614 I am_wtf : [0,1514,system_server,-1,DisplayDeviceConfig,requesting nits when no mapping exists.]
11-11 05:41:33.423 1514 1614 I am_wtf : [0,1514,system_server,-1,DisplayDeviceConfig,requesting nits when no mapping exists.]
11-11 05:41:33.441 1514 1974 E DisplayDeviceConfig: requesting nits when no mapping exists.
11-11 05:41:33.441 1514 1974 E DisplayDeviceConfig: requesting nits when no mapping exists.
11-11 05:41:33.441 1514 1614 I am_wtf : [0,1514,system_server,-1,DisplayDeviceConfig,requesting nits when no mapping exists.]
11-11 05:41:33.442 1514 1614 I am_wtf : [0,1514,system_server,-1,DisplayDeviceConfig,requesting nits when no mapping exists.]
11-11 05:41:33.452 1514 1974 E DisplayDeviceConfig: requesting nits when no mapping exists.
11-11 05:41:33.452 1514 1614 I am_wtf : [0,1514,system_server,-1,DisplayDeviceConfig,requesting nits when no mapping exists.]
11-11 05:41:33.452 1514 1974 E DisplayDeviceConfig: requesting nits when no mapping exists.
11-11 05:41:33.453 1514 1614 I am_wtf : [0,1514,system_server,-1,DisplayDeviceConfig,requesting nits when no mapping exists.]
11-11 05:41:33.459 1514 1514 I GameModeConfig: isGameModeOn = false
11-11 05:41:33.460 1514 1514 I sysui_multi_action: [757,1501,758,1,793,3287580,794,0,795,205,796,2048,806,com.android.systemui,857,updateNotification,858,3,947,0,1500,0,1688,1]
11-11 05:41:33.460 1514 1514 I sysui_multi_action: [757,804,799,note_interruptive,801,0,802,1]
11-11 05:41:33.461 1514 1514 I sysui_multi_action: [757,199,758,1,759,2,793,3287580,794,0,795,205,796,2048,806,com.android.systemui,857,updateNotification,858,3,947,0,1500,0,1688,1]
11-11 05:41:33.461 1514 1514 I notification_alert: [0|com.android.systemui|2048|null|10082,0,1,0]
11-11 05:41:33.463 1514 1514 W NotificationHistory: Attempted to add notif for locked/gone/disabled user 0
11-11 05:41:33.478 1514 1974 E DisplayDeviceConfig: requesting nits when no mapping exists.
11-11 05:41:33.478 1514 1974 E DisplayDeviceConfig: requesting nits when no mapping exists.
11-11 05:41:33.478 1514 1614 I am_wtf : [0,1514,system_server,-1,DisplayDeviceConfig,requesting nits when no mapping exists.]
11-11 05:41:33.479 1514 1614 I am_wtf : [0,1514,system_server,-1,DisplayDeviceConfig,requesting nits when no mapping exists.]
11-11 05:41:33.486 1514 1974 E DisplayDeviceConfig: requesting nits when no mapping exists.
11-11 05:41:33.486 1514 1974 E DisplayDeviceConfig: requesting nits when no mapping exists.
11-11 05:41:33.489 1514 1614 I am_wtf : [0,1514,system_server,-1,DisplayDeviceConfig,requesting nits when no mapping exists.]
11-11 05:41:33.490 1514 1614 I am_wtf : [0,1514,system_server,-1,DisplayDeviceConfig,requesting nits when no mapping exists.]
11-11 05:41:33.499 1514 1974 E DisplayDeviceConfig: requesting nits when no mapping exists.
11-11 05:41:33.500 1514 1974 E DisplayDeviceConfig: requesting nits when no mapping exists.
11-11 05:41:33.500 1514 1614 I am_wtf : [0,1514,system_server,-1,DisplayDeviceConfig,requesting nits when no mapping exists.]
11-11 05:41:33.501 1514 1614 I am_wtf : [0,1514,system_server,-1,DisplayDeviceConfig,requesting nits when no mapping exists.]
11-11 05:41:33.516 1514 1974 E DisplayDeviceConfig: requesting nits when no mapping exists.
11-11 05:41:33.517 1514 1974 E DisplayDeviceConfig: requesting nits when no mapping exists.
11-11 05:41:33.517 1514 1614 I am_wtf : [0,1514,system_server,-1,DisplayDeviceConfig,requesting nits when no mapping exists.]
11-11 05:41:33.518 1514 1614 I am_wtf : [0,1514,system_server,-1,DisplayDeviceConfig,requesting nits when no mapping exists.]
11-11 05:41:33.534 1514 1974 E DisplayDeviceConfig: requesting nits when no mapping exists.
11-11 05:41:33.534 1514 1974 E DisplayDeviceConfig: requesting nits when no mapping exists.
11-11 05:41:33.534 1514 1614 I am_wtf : [0,1514,system_server,-1,DisplayDeviceConfig,requesting nits when no mapping exists.]
11-11 05:41:33.535 1514 1614 I am_wtf : [0,1514,system_server,-1,DisplayDeviceConfig,requesting nits when no mapping exists.]
11-11 05:41:33.551 1514 1974 E DisplayDeviceConfig: requesting nits when no mapping exists.
11-11 05:41:33.552 1514 1974 E DisplayDeviceConfig: requesting nits when no mapping exists.
11-11 05:41:33.552 1514 1614 I am_wtf : [0,1514,system_server,-1,DisplayDeviceConfig,requesting nits when no mapping exists.]
11-11 05:41:33.553 1514 1614 I am_wtf : [0,1514,system_server,-1,DisplayDeviceConfig,requesting nits when no mapping exists.]
11-11 05:41:33.572 1514 1974 E DisplayDeviceConfig: requesting nits when no mapping exists.
11-11 05:41:33.572 1514 1595 I wm_stop_activity: [0,157690489,com.android.launcher3/.uioverrides.QuickstepLauncher]
11-11 05:41:33.572 1514 1614 I am_wtf : [0,1514,system_server,-1,DisplayDeviceConfig,requesting nits when no mapping exists.]
11-11 05:41:33.574 1514 1974 E DisplayDeviceConfig: requesting nits when no mapping exists.
11-11 05:41:33.580 1514 1614 I am_wtf : [0,1514,system_server,-1,DisplayDeviceConfig,requesting nits when no mapping exists.]
11-11 05:41:33.586 1514 1974 E DisplayDeviceConfig: requesting nits when no mapping exists.
11-11 05:41:33.586 1514 1974 E DisplayDeviceConfig: requesting nits when no mapping exists.
11-11 05:41:33.586 1514 1614 I am_wtf : [0,1514,system_server,-1,DisplayDeviceConfig,requesting nits when no mapping exists.]
11-11 05:41:33.588 1514 1614 I am_wtf : [0,1514,system_server,-1,DisplayDeviceConfig,requesting nits when no mapping exists.]
11-11 05:41:33.600 1514 1974 E DisplayDeviceConfig: requesting nits when no mapping exists.
11-11 05:41:33.601 1514 1974 E DisplayDeviceConfig: requesting nits when no mapping exists.
11-11 05:41:33.606 1514 1614 I am_wtf : [0,1514,system_server,-1,DisplayDeviceConfig,requesting nits when no mapping exists.]
11-11 05:41:33.609 1514 1614 I am_wtf : [0,1514,system_server,-1,DisplayDeviceConfig,requesting nits when no mapping exists.]
11-11 05:41:33.613 1514 1539 W ContextImpl: Calling a method in the system process without a qualified user: android.app.ContextImpl.startActivity:1067 com.android.server.wm.FreeFormWindowHelper.exitRecentTasks:387 com.android.server.wm.ActivityTaskManagerService.exitRecentTasks:3795 android.app.IActivityTaskManager$Stub.onTransact:2295 com.android.server.wm.ActivityTaskManagerService.onTransact:5039
11-11 05:41:33.614 1514 1539 I ActivityTaskManager: START u0 {flg=0x10008000 cmp=com.android.gallery3d/.app.GalleryActivity} from uid 1000
11-11 05:41:33.616 1514 1974 E DisplayDeviceConfig: requesting nits when no mapping exists.
11-11 05:41:33.617 1514 1974 E DisplayDeviceConfig: requesting nits when no mapping exists.
11-11 05:41:33.617 1514 1614 I am_wtf : [0,1514,system_server,-1,DisplayDeviceConfig,requesting nits when no mapping exists.]
11-11 05:41:33.618 1514 1614 I am_wtf : [0,1514,system_server,-1,DisplayDeviceConfig,requesting nits when no mapping exists.]
11-11 05:41:33.621 1514 1539 I wm_task_created: [100,-1]
11-11 05:41:33.621 1514 1539 W ActivityTaskManager: Can't find TaskDisplayArea to determine support for multi window. Task id=100 attached=false
11-11 05:41:33.623 1514 1539 D FreeFormWindowHelper: Add freeform task=Task{44ede9f #100 type=standard ?? U=0 visible=false mode=freeform translucent=true sz=0}
11-11 05:41:33.625 1514 1539 I wm_task_moved: [100,1,7]
11-11 05:41:33.625 1514 1539 I wm_task_to_front: [0,100]
11-11 05:41:33.625 1514 1539 I wm_create_task: [0,100]
11-11 05:41:33.625 1514 1539 I wm_create_activity: [0,31937098,100,com.android.gallery3d/.app.GalleryActivity,NULL,NULL,NULL,268468224]
11-11 05:41:33.626 1514 1539 I ActivityTaskManager: The Process com.android.gallery3d Already Exists in BG. So sending its PID: 12981
11-11 05:41:33.626 1514 1539 W ActivityTaskManager: Tried to set launchTime (0) < mLastActivityLaunchTime (3246156)
11-11 05:41:33.627 1514 1539 I wm_restart_activity: [0,31937098,100,com.android.gallery3d/.app.GalleryActivity]
11-11 05:41:33.628 1514 1539 I wm_task_moved: [100,1,7]
11-11 05:41:33.628 1514 1539 I wm_focused_root_task: [0,0,100,99,startActivityInner]
11-11 05:41:33.628 4894 4894 I wm_on_top_resumed_lost_called: [264429815,android.service.dreams.DreamActivity,topStateChangedWhenResumed]
11-11 05:41:33.628 1514 1539 I ActivityTaskManager: FOREGROUND_APPLICATION_CHANGED to com.android.gallery3d.app.GalleryActivity
11-11 05:41:33.629 1514 1539 I wm_set_resumed_activity: [0,com.android.gallery3d/.app.GalleryActivity,resumeTopActivityInnerLocked]
11-11 05:41:33.630 1514 1539 I wm_resume_activity: [0,31937098,100,com.android.gallery3d/.app.GalleryActivity]
11-11 05:41:33.632 1514 1974 E DisplayDeviceConfig: requesting nits when no mapping exists.
11-11 05:41:33.633 1514 1974 E DisplayDeviceConfig: requesting nits when no mapping exists.
11-11 05:41:33.633 1514 1614 I am_wtf : [0,1514,system_server,-1,DisplayDeviceConfig,requesting nits when no mapping exists.]
11-11 05:41:33.633 1514 1595 I am_uid_active: 10068
11-11 05:41:33.637 1514 1614 I am_wtf : [0,1514,system_server,-1,DisplayDeviceConfig,requesting nits when no mapping exists.]
11-11 05:41:33.639 2503 2503 I wm_on_stop_called: [157690489,com.android.launcher3.uioverrides.QuickstepLauncher,STOP_ACTIVITY_ITEM]
11-11 05:41:33.647 3685 3703 W ContextImpl: Calling a method in the system process without a qualified user: android.app.ContextImpl.startService:1816 android.content.ContextWrapper.startService:774 com.thundercomm.gamemode.ingame.services.GameModeActionUtils.startGameModeService:93 com.thundercomm.gamemode.ingame.services.GameModeActionUtils.startGameModeEntry:21 com.thundercomm.gamemode.ingame.services.ActivityMonitoringService$1.onActivityLaunch:126
11-11 05:41:33.650 1514 1974 E DisplayDeviceConfig: requesting nits when no mapping exists.
11-11 05:41:33.651 1514 1974 E DisplayDeviceConfig: requesting nits when no mapping exists.
11-11 05:41:33.651 1514 1614 I am_wtf : [0,1514,system_server,-1,DisplayDeviceConfig,requesting nits when no mapping exists.]
11-11 05:41:33.651 1514 1614 I am_wtf : [0,1514,system_server,-1,DisplayDeviceConfig,requesting nits when no mapping exists.]
11-11 05:41:33.653 1514 1514 I GameModeConfig: Current uri is uri = content://com.thundercomm.gamemode.api/gamemode_settings/gamemode_isgaming
11-11 05:41:33.656 1514 1514 I GameModeConfig: isGameModeOn = false
11-11 05:41:33.656 1514 1514 I GameModeConfig: isGameModeOn = false
11-11 05:41:33.656 1514 1514 I GameModeConfig: isDisableVoice = true
11-11 05:41:33.659 12981 12981 I wm_on_create_called: [31937098,com.android.gallery3d.app.GalleryActivity,performCreate]
11-11 05:41:33.660 12981 12981 I wm_on_start_called: [31937098,com.android.gallery3d.app.GalleryActivity,handleStartActivity]
11-11 05:41:33.663 12981 12981 I wm_on_resume_called: [31937098,com.android.gallery3d.app.GalleryActivity,LIFECYCLER_RESUME_ACTIVITY]
11-11 05:41:33.666 12981 12981 I wm_on_paused_called: [31937098,com.android.gallery3d.app.GalleryActivity,performPause]
11-11 05:41:33.666 3685 3703 W ContextImpl: Calling a method in the system process without a qualified user: android.app.ContextImpl.startService:1816 android.content.ContextWrapper.startService:774 com.thundercomm.gamemode.ingame.services.GameModeActionUtils.startGameModeService:93 com.thundercomm.gamemode.ingame.services.GameModeActionUtils.startGameModeEntry:21 com.thundercomm.gamemode.ingame.services.ActivityMonitoringService$1.onActivityLaunch:126
11-11 05:41:33.667 12981 12981 I wm_on_resume_called: [31937098,com.android.gallery3d.app.GalleryActivity,RESUME_ACTIVITY]
11-11 05:41:33.667 12981 12981 I wm_on_top_resumed_gained_called: [31937098,com.android.gallery3d.app.GalleryActivity,topStateChangedWhenResumed]
11-11 05:41:33.669 1514 1974 E DisplayDeviceConfig: requesting nits when no mapping exists.
11-11 05:41:33.669 1514 1974 E DisplayDeviceConfig: requesting nits when no mapping exists.
11-11 05:41:33.670 1514 1614 I am_wtf : [0,1514,system_server,-1,DisplayDeviceConfig,requesting nits when no mapping exists.]
11-11 05:41:33.670 1514 1614 I am_wtf : [0,1514,system_server,-1,DisplayDeviceConfig,requesting nits when no mapping exists.]
11-11 05:41:33.675 1514 1514 I GameModeConfig: Current uri is uri = content://com.thundercomm.gamemode.api/gamemode_settings/gamemode_isgaming
11-11 05:41:33.679 1514 1514 I GameModeConfig: isGameModeOn = false
11-11 05:41:33.679 1514 1514 I GameModeConfig: isGameModeOn = false
11-11 05:41:33.679 1514 1514 I GameModeConfig: isDisableVoice = true
11-11 05:41:33.684 1514 1974 E DisplayDeviceConfig: requesting nits when no mapping exists.
11-11 05:41:33.685 1514 1974 E DisplayDeviceConfig: requesting nits when no mapping exists.
11-11 05:41:33.685 1514 1614 I am_wtf : [0,1514,system_server,-1,DisplayDeviceConfig,requesting nits when no mapping exists.]
11-11 05:41:33.689 1514 1614 I am_wtf : [0,1514,system_server,-1,DisplayDeviceConfig,requesting nits when no mapping exists.]
11-11 05:41:33.700 1514 1974 E DisplayDeviceConfig: requesting nits when no mapping exists.
11-11 05:41:33.701 1514 1614 I am_wtf : [0,1514,system_server,-1,DisplayDeviceConfig,requesting nits when no mapping exists.]
11-11 05:41:33.702 1514 1974 E DisplayDeviceConfig: requesting nits when no mapping exists.
11-11 05:41:33.705 1514 1614 I am_wtf : [0,1514,system_server,-1,DisplayDeviceConfig,requesting nits when no mapping exists.]
11-11 05:41:33.706 1514 1592 I sysui_multi_action: [319,90,322,90,325,3309,757,761,758,8,759,2,806,com.android.gallery3d,871,com.android.gallery3d.app.GalleryActivity,904,android,905,0,1320,4,1321,1]
11-11 05:41:33.712 1514 1592 I wm_activity_launch_time: [0,31937098,com.android.gallery3d/.app.GalleryActivity,90]
11-11 05:41:33.725 1514 1974 E DisplayDeviceConfig: requesting nits when no mapping exists.
11-11 05:41:33.726 1514 1974 E DisplayDeviceConfig: requesting nits when no mapping exists.
11-11 05:41:33.726 1514 1614 I am_wtf : [0,1514,system_server,-1,DisplayDeviceConfig,requesting nits when no mapping exists.]
11-11 05:41:33.727 1514 1614 I am_wtf : [0,1514,system_server,-1,DisplayDeviceConfig,requesting nits when no mapping exists.]
11-11 05:41:33.733 1514 1974 E DisplayDeviceConfig: requesting nits when no mapping exists.
11-11 05:41:33.734 1514 1974 E DisplayDeviceConfig: requesting nits when no mapping exists.
11-11 05:41:33.734 1514 1614 I am_wtf : [0,1514,system_server,-1,DisplayDeviceConfig,requesting nits when no mapping exists.]
11-11 05:41:33.735 1514 1614 I service_manager_stats: [100,68,7502]
11-11 05:41:33.735 1514 1614 I am_wtf : [0,1514,system_server,-1,DisplayDeviceConfig,requesting nits when no mapping exists.]
11-11 05:41:33.741 1514 1539 I NotificationService: cancelToast pkg=com.android.gallery3d token=android.os.BinderProxy@8966881
11-11 05:41:33.742 1514 1539 W WindowManager: removeWindowToken: Attempted to remove non-existing token: android.os.Binder@34985a1
11-11 05:41:33.750 1514 1974 E DisplayDeviceConfig: requesting nits when no mapping exists.
11-11 05:41:33.751 1514 1974 E DisplayDeviceConfig: requesting nits when no mapping exists.
11-11 05:41:33.751 1514 1614 I am_wtf : [0,1514,system_server,-1,DisplayDeviceConfig,requesting nits when no mapping exists.]
11-11 05:41:33.753 1514 1614 I am_wtf : [0,1514,system_server,-1,DisplayDeviceConfig,requesting nits when no mapping exists.]
11-11 05:41:33.767 1514 1974 E DisplayDeviceConfig: requesting nits when no mapping exists.
11-11 05:41:33.767 1514 1974 E DisplayDeviceConfig: requesting nits when no mapping exists.
11-11 05:41:33.767 1514 1614 I am_wtf : [0,1514,system_server,-1,DisplayDeviceConfig,requesting nits when no mapping exists.]
11-11 05:41:33.769 1514 1614 I am_wtf : [0,1514,system_server,-1,DisplayDeviceConfig,requesting nits when no mapping exists.]
11-11 05:41:33.784 1514 1974 E DisplayDeviceConfig: requesting nits when no mapping exists.
11-11 05:41:33.784 1514 1974 E DisplayDeviceConfig: requesting nits when no mapping exists.
11-11 05:41:33.784 1514 1614 I am_wtf : [0,1514,system_server,-1,DisplayDeviceConfig,requesting nits when no mapping exists.]
11-11 05:41:33.785 1514 1614 I am_wtf : [0,1514,system_server,-1,DisplayDeviceConfig,requesting nits when no mapping exists.]
11-11 05:41:33.800 1514 1974 E DisplayDeviceConfig: requesting nits when no mapping exists.
11-11 05:41:33.801 1514 1974 E DisplayDeviceConfig: requesting nits when no mapping exists.
11-11 05:41:33.801 1514 1614 I am_wtf : [0,1514,system_server,-1,DisplayDeviceConfig,requesting nits when no mapping exists.]
11-11 05:41:33.802 1514 1614 I am_wtf : [0,1514,system_server,-1,DisplayDeviceConfig,requesting nits when no mapping exists.]
11-11 05:41:33.817 1514 1974 E DisplayDeviceConfig: requesting nits when no mapping exists.
11-11 05:41:33.817 1514 1974 E DisplayDeviceConfig: requesting nits when no mapping exists.
11-11 05:41:33.817 1514 1614 I am_wtf : [0,1514,system_server,-1,DisplayDeviceConfig,requesting nits when no mapping exists.]
11-11 05:41:33.818 1514 1614 I am_wtf : [0,1514,system_server,-1,DisplayDeviceConfig,requesting nits when no mapping exists.]
11-11 05:41:33.834 1514 1974 E DisplayDeviceConfig: requesting nits when no mapping exists.
11-11 05:41:33.834 1514 1614 I am_wtf : [0,1514,system_server,-1,DisplayDeviceConfig,requesting nits when no mapping exists.]
11-11 05:41:33.835 1514 1974 E DisplayDeviceConfig: requesting nits when no mapping exists.
11-11 05:41:33.835 1514 1614 I am_wtf : [0,1514,system_server,-1,DisplayDeviceConfig,requesting nits when no mapping exists.]
11-11 05:41:33.850 1514 1974 E DisplayDeviceConfig: requesting nits when no mapping exists.
11-11 05:41:33.851 1514 1974 E DisplayDeviceConfig: requesting nits when no mapping exists.
11-11 05:41:33.851 1514 1614 I am_wtf : [0,1514,system_server,-1,DisplayDeviceConfig,requesting nits when no mapping exists.]
11-11 05:41:33.852 1514 1614 I am_wtf : [0,1514,system_server,-1,DisplayDeviceConfig,requesting nits when no mapping exists.]
11-11 05:41:33.872 1514 1974 E DisplayDeviceConfig: requesting nits when no mapping exists.
11-11 05:41:33.873 1514 1614 I am_wtf : [0,1514,system_server,-1,DisplayDeviceConfig,requesting nits when no mapping exists.]
11-11 05:41:33.873 1514 1974 E DisplayDeviceConfig: requesting nits when no mapping exists.
11-11 05:41:33.874 1514 1614 I am_wtf : [0,1514,system_server,-1,DisplayDeviceConfig,requesting nits when no mapping exists.]
11-11 05:41:33.890 1514 1974 E DisplayDeviceConfig: requesting nits when no mapping exists.
11-11 05:41:33.891 1514 1974 E DisplayDeviceConfig: requesting nits when no mapping exists.
11-11 05:41:33.893 1514 1614 I am_wtf : [0,1514,system_server,-1,DisplayDeviceConfig,requesting nits when no mapping exists.]
11-11 05:41:33.894 1514 1614 I am_wtf : [0,1514,system_server,-1,DisplayDeviceConfig,requesting nits when no mapping exists.]
11-11 05:41:33.907 1514 1974 E DisplayDeviceConfig: requesting nits when no mapping exists.
11-11 05:41:33.908 1514 1974 E DisplayDeviceConfig: requesting nits when no mapping exists.
11-11 05:41:33.908 1514 1614 I am_wtf : [0,1514,system_server,-1,DisplayDeviceConfig,requesting nits when no mapping exists.]
11-11 05:41:33.909 1514 1614 I am_wtf : [0,1514,system_server,-1,DisplayDeviceConfig,requesting nits when no mapping exists.]
11-11 05:41:33.918 1514 1974 E DisplayDeviceConfig: requesting nits when no mapping exists.
11-11 05:41:33.918 1514 1974 E DisplayDeviceConfig: requesting nits when no mapping exists.
11-11 05:41:33.918 1514 1614 I am_wtf : [0,1514,system_server,-1,DisplayDeviceConfig,requesting nits when no mapping exists.]
11-11 05:41:33.920 1514 1614 I am_wtf : [0,1514,system_server,-1,DisplayDeviceConfig,requesting nits when no mapping exists.]
11-11 05:41:33.935 1514 1974 E DisplayDeviceConfig: requesting nits when no mapping exists.
11-11 05:41:33.936 1514 1974 E DisplayDeviceConfig: requesting nits when no mapping exists.
11-11 05:41:33.936 1514 1614 I am_wtf : [0,1514,system_server,-1,DisplayDeviceConfig,requesting nits when no mapping exists.]
11-11 05:41:33.937 1514 1614 I am_wtf : [0,1514,system_server,-1,DisplayDeviceConfig,requesting nits when no mapping exists.]
11-11 05:41:33.951 1514 1974 E DisplayDeviceConfig: requesting nits when no mapping exists.
11-11 05:41:33.951 1514 1974 E DisplayDeviceConfig: requesting nits when no mapping exists.
11-11 05:41:33.951 1514 1614 I am_wtf : [0,1514,system_server,-1,DisplayDeviceConfig,requesting nits when no mapping exists.]
11-11 05:41:33.952 1514 1614 I am_wtf : [0,1514,system_server,-1,DisplayDeviceConfig,requesting nits when no mapping exists.]
11-11 05:41:33.968 1514 1974 E DisplayDeviceConfig: requesting nits when no mapping exists.
11-11 05:41:33.969 1514 1614 I am_wtf : [0,1514,system_server,-1,DisplayDeviceConfig,requesting nits when no mapping exists.]
11-11 05:41:33.970 1514 1974 E DisplayDeviceConfig: requesting nits when no mapping exists.
11-11 05:41:33.971 1514 1614 I am_wtf : [0,1514,system_server,-1,DisplayDeviceConfig,requesting nits when no mapping exists.]
11-11 05:41:33.987 1514 1974 E DisplayDeviceConfig: requesting nits when no mapping exists.
11-11 05:41:33.988 1514 1614 I am_wtf : [0,1514,system_server,-1,DisplayDeviceConfig,requesting nits when no mapping exists.]
11-11 05:41:33.988 1514 1974 E DisplayDeviceConfig: requesting nits when no mapping exists.
11-11 05:41:33.989 1514 1614 I am_wtf : [0,1514,system_server,-1,DisplayDeviceConfig,requesting nits when no mapping exists.]
11-11 05:41:34.011 1514 1974 E DisplayDeviceConfig: requesting nits when no mapping exists.
11-11 05:41:34.011 1514 1974 E DisplayDeviceConfig: requesting nits when no mapping exists.
11-11 05:41:34.011 1514 1614 I am_wtf : [0,1514,system_server,-1,DisplayDeviceConfig,requesting nits when no mapping exists.]
11-11 05:41:34.012 1514 1614 I am_wtf : [0,1514,system_server,-1,DisplayDeviceConfig,requesting nits when no mapping exists.]
11-11 05:41:34.022 1514 1974 E DisplayDeviceConfig: requesting nits when no mapping exists.
11-11 05:41:34.022 1514 1974 E DisplayDeviceConfig: requesting nits when no mapping exists.
11-11 05:41:34.023 1514 1614 I am_wtf : [0,1514,system_server,-1,DisplayDeviceConfig,requesting nits when no mapping exists.]
11-11 05:41:34.024 1514 1614 I am_wtf : [0,1514,system_server,-1,DisplayDeviceConfig,requesting nits when no mapping exists.]
11-11 05:41:34.036 1514 1974 E DisplayDeviceConfig: requesting nits when no mapping exists.
11-11 05:41:34.036 1514 1974 E DisplayDeviceConfig: requesting nits when no mapping exists.
11-11 05:41:34.042 1514 1614 I am_wtf : [0,1514,system_server,-1,DisplayDeviceConfig,requesting nits when no mapping exists.]
11-11 05:41:34.043 1514 1614 I am_wtf : [0,1514,system_server,-1,DisplayDeviceConfig,requesting nits when no mapping exists.]
11-11 05:41:34.053 1514 1974 E DisplayDeviceConfig: requesting nits when no mapping exists.
11-11 05:41:34.053 1514 1614 I am_wtf : [0,1514,system_server,-1,DisplayDeviceConfig,requesting nits when no mapping exists.]
11-11 05:41:34.053 1514 1974 E DisplayDeviceConfig: requesting nits when no mapping exists.
11-11 05:41:34.057 1514 1614 I am_wtf : [0,1514,system_server,-1,DisplayDeviceConfig,requesting nits when no mapping exists.]
11-11 05:41:34.077 1514 1974 E DisplayDeviceConfig: requesting nits when no mapping exists.
11-11 05:41:34.078 1514 1974 E DisplayDeviceConfig: requesting nits when no mapping exists.
11-11 05:41:34.079 1514 1614 I am_wtf : [0,1514,system_server,-1,DisplayDeviceConfig,requesting nits when no mapping exists.]
11-11 05:41:34.080 1514 1614 I am_wtf : [0,1514,system_server,-1,DisplayDeviceConfig,requesting nits when no mapping exists.]
11-11 05:41:34.088 1514 1974 E DisplayDeviceConfig: requesting nits when no mapping exists.
11-11 05:41:34.088 1514 1974 E DisplayDeviceConfig: requesting nits when no mapping exists.
11-11 05:41:34.090 1514 1614 I am_wtf : [0,1514,system_server,-1,DisplayDeviceConfig,requesting nits when no mapping exists.]
11-11 05:41:34.090 1514 1614 I am_wtf : [0,1514,system_server,-1,DisplayDeviceConfig,requesting nits when no mapping exists.]
11-11 05:41:34.106 1514 1974 E DisplayDeviceConfig: requesting nits when no mapping exists.
11-11 05:41:34.106 1514 1974 E DisplayDeviceConfig: requesting nits when no mapping exists.
11-11 05:41:34.109 1514 1614 I am_wtf : [0,1514,system_server,-1,DisplayDeviceConfig,requesting nits when no mapping exists.]
11-11 05:41:34.112 1514 1614 I am_wtf : [0,1514,system_server,-1,DisplayDeviceConfig,requesting nits when no mapping exists.]
11-11 05:41:34.123 1514 1974 E DisplayDeviceConfig: requesting nits when no mapping exists.
11-11 05:41:34.124 1514 1974 E DisplayDeviceConfig: requesting nits when no mapping exists.
11-11 05:41:34.124 1514 1614 I am_wtf : [0,1514,system_server,-1,DisplayDeviceConfig,requesting nits when no mapping exists.]
11-11 05:41:34.124 1514 1614 I am_wtf : [0,1514,system_server,-1,DisplayDeviceConfig,requesting nits when no mapping exists.]
11-11 05:41:34.140 1514 1974 E DisplayDeviceConfig: requesting nits when no mapping exists.
11-11 05:41:34.141 1514 1974 E DisplayDeviceConfig: requesting nits when no mapping exists.
11-11 05:41:34.141 1514 1614 I am_wtf : [0,1514,system_server,-1,DisplayDeviceConfig,requesting nits when no mapping exists.]
11-11 05:41:34.141 1514 1614 I am_wtf : [0,1514,system_server,-1,DisplayDeviceConfig,requesting nits when no mapping exists.]
11-11 05:41:34.157 1514 1974 E DisplayDeviceConfig: requesting nits when no mapping exists.
11-11 05:41:34.157 1514 1974 E DisplayDeviceConfig: requesting nits when no mapping exists.
11-11 05:41:34.160 1514 1614 I am_wtf : [0,1514,system_server,-1,DisplayDeviceConfig,requesting nits when no mapping exists.]
11-11 05:41:34.162 1514 1614 I am_wtf : [0,1514,system_server,-1,DisplayDeviceConfig,requesting nits when no mapping exists.]
11-11 05:41:34.177 1514 1974 E DisplayDeviceConfig: requesting nits when no mapping exists.
11-11 05:41:34.177 1514 1974 E DisplayDeviceConfig: requesting nits when no mapping exists.
11-11 05:41:34.178 1514 1614 I am_wtf : [0,1514,system_server,-1,DisplayDeviceConfig,requesting nits when no mapping exists.]
11-11 05:41:34.179 1514 1614 I am_wtf : [0,1514,system_server,-1,DisplayDeviceConfig,requesting nits when no mapping exists.]
11-11 05:41:34.190 1514 1974 E DisplayDeviceConfig: requesting nits when no mapping exists.
11-11 05:41:34.191 1514 1974 E DisplayDeviceConfig: requesting nits when no mapping exists.
11-11 05:41:34.191 1514 1614 I am_wtf : [0,1514,system_server,-1,DisplayDeviceConfig,requesting nits when no mapping exists.]
11-11 05:41:34.192 1514 1614 I am_wtf : [0,1514,system_server,-1,DisplayDeviceConfig,requesting nits when no mapping exists.]
11-11 05:41:34.210 1514 1974 E DisplayDeviceConfig: requesting nits when no mapping exists.
11-11 05:41:34.211 1514 1614 I am_wtf : [0,1514,system_server,-1,DisplayDeviceConfig,requesting nits when no mapping exists.]
11-11 05:41:34.212 1514 1974 E DisplayDeviceConfig: requesting nits when no mapping exists.
11-11 05:41:34.213 1514 1614 I am_wtf : [0,1514,system_server,-1,DisplayDeviceConfig,requesting nits when no mapping exists.]
11-11 05:41:34.225 1514 1974 E DisplayDeviceConfig: requesting nits when no mapping exists.
11-11 05:41:34.226 1514 1974 E DisplayDeviceConfig: requesting nits when no mapping exists.
11-11 05:41:34.226 1514 1614 I am_wtf : [0,1514,system_server,-1,DisplayDeviceConfig,requesting nits when no mapping exists.]
11-11 05:41:34.227 1514 1614 I am_wtf : [0,1514,system_server,-1,DisplayDeviceConfig,requesting nits when no mapping exists.]
11-11 05:41:34.240 1514 1974 E DisplayDeviceConfig: requesting nits when no mapping exists.
11-11 05:41:34.240 1514 1974 E DisplayDeviceConfig: requesting nits when no mapping exists.
11-11 05:41:34.240 1514 1614 I am_wtf : [0,1514,system_server,-1,DisplayDeviceConfig,requesting nits when no mapping exists.]
11-11 05:41:34.241 1514 1614 I am_wtf : [0,1514,system_server,-1,DisplayDeviceConfig,requesting nits when no mapping exists.]
11-11 05:41:34.399 9427 9427 I auditd : type=1400 audit(0.0:3941): avc: denied { kill } for comm="kworker/u16:8" capability=5 scontext=u:r:kernel:s0 tcontext=u:r:kernel:s0 tclass=capability permissive=0
11-11 05:41:34.530 1514 1595 I sysui_multi_action: [757,803,799,window_time_0,802,1]
11-11 05:41:34.635 3685 3703 W ContextImpl: Calling a method in the system process without a qualified user: android.app.ContextImpl.startService:1816 android.content.ContextWrapper.startService:774 com.thundercomm.gamemode.ingame.services.GameModeActionUtils.startGameModeService:93 com.thundercomm.gamemode.ingame.services.GameModeActionUtils.startGameModeEntry:21 com.thundercomm.gamemode.ingame.services.ActivityMonitoringService$1.onActivityLaunch:126
11-11 05:41:34.641 1514 1514 I GameModeConfig: Current uri is uri = content://com.thundercomm.gamemode.api/gamemode_settings/gamemode_isgaming
11-11 05:41:34.648 1514 1514 I GameModeConfig: isGameModeOn = false
11-11 05:41:34.648 1514 1514 I GameModeConfig: isGameModeOn = false
11-11 05:41:34.648 1514 1514 I GameModeConfig: isDisableVoice = true
11-11 05:41:35.399 0 0 I auditd : type=1400 audit(0.0:3942): avc: denied { kill } for comm="swapper/3" capability=5 scontext=u:r:kernel:s0 tcontext=u:r:kernel:s0 tclass=capability permissive=0
11-11 05:41:36.399 0 0 I auditd : type=1400 audit(0.0:3943): avc: denied { kill } for comm="swapper/3" capability=5 scontext=u:r:kernel:s0 tcontext=u:r:kernel:s0 tclass=capability permissive=0
11-11 05:41:37.138 1514 2742 E TaskPersister: File error accessing recents directory (directory doesn't exist?).
11-11 05:41:37.399 0 0 I auditd : type=1400 audit(0.0:3944): avc: denied { kill } for comm="swapper/3" capability=5 scontext=u:r:kernel:s0 tcontext=u:r:kernel:s0 tclass=capability permissive=0
11-11 05:41:37.710 1514 1595 W WindowManager: Unable to start animation, surface is null or no children.
11-11 05:41:38.399 0 0 I auditd : type=1400 audit(0.0:3945): avc: denied { kill } for comm="swapper/3" capability=5 scontext=u:r:kernel:s0 tcontext=u:r:kernel:s0 tclass=capability permissive=0
11-11 05:41:39.399 0 0 I auditd : type=1400 audit(0.0:3946): avc: denied { kill } for comm="swapper/3" capability=5 scontext=u:r:kernel:s0 tcontext=u:r:kernel:s0 tclass=capability permissive=0
11-11 05:41:40.399 0 0 I auditd : type=1400 audit(0.0:3947): avc: denied { kill } for comm="swapper/3" capability=5 scontext=u:r:kernel:s0 tcontext=u:r:kernel:s0 tclass=capability permissive=0
11-11 05:41:41.399 0 0 I auditd : type=1400 audit(0.0:3948): avc: denied { kill } for comm="swapper/3" capability=5 scontext=u:r:kernel:s0 tcontext=u:r:kernel:s0 tclass=capability permissive=0
11-11 05:41:42.399 0 0 I auditd : type=1400 audit(0.0:3949): avc: denied { kill } for comm="swapper/3" capability=5 scontext=u:r:kernel:s0 tcontext=u:r:kernel:s0 tclass=capability permissive=0
11-11 05:41:43.399 0 0 I auditd : type=1400 audit(0.0:3950): avc: denied { kill } for comm="swapper/3" capability=5 scontext=u:r:kernel:s0 tcontext=u:r:kernel:s0 tclass=capability permissive=0
11-11 05:41:43.506 1514 1901 I GameModeConfig: isGameModeOn = false
11-11 05:41:44.399 0 0 I auditd : type=1400 audit(0.0:3951): avc: denied { kill } for comm="swapper/3" capability=5 scontext=u:r:kernel:s0 tcontext=u:r:kernel:s0 tclass=capability permissive=0
11-11 05:41:44.744 1514 1514 W WindowManager: removeWindowToken: Attempted to remove non-existing token: android.os.Binder@34985a1
11-11 05:41:45.399 0 0 I auditd : type=1400 audit(0.0:3952): avc: denied { kill } for comm="swapper/3" capability=5 scontext=u:r:kernel:s0 tcontext=u:r:kernel:s0 tclass=capability permissive=0
11-11 05:41:46.399 0 0 I auditd : type=1400 audit(0.0:3953): avc: denied { kill } for comm="swapper/3" capability=5 scontext=u:r:kernel:s0 tcontext=u:r:kernel:s0 tclass=capability permissive=0
11-11 05:41:47.399 0 0 I auditd : type=1400 audit(0.0:3954): avc: denied { kill } for comm="swapper/3" capability=5 scontext=u:r:kernel:s0 tcontext=u:r:kernel:s0 tclass=capability permissive=0
11-11 05:41:48.399 0 0 I auditd : type=1400 audit(0.0:3955): avc: denied { kill } for comm="swapper/3" capability=5 scontext=u:r:kernel:s0 tcontext=u:r:kernel:s0 tclass=capability permissive=0
11-11 05:41:49.399 0 0 I auditd : type=1400 audit(0.0:3956): avc: denied { kill } for comm="swapper/3" capability=5 scontext=u:r:kernel:s0 tcontext=u:r:kernel:s0 tclass=capability permissive=0
11-11 05:41:50.399 0 0 I auditd : type=1400 audit(0.0:3957): avc: denied { kill } for comm="swapper/3" capability=5 scontext=u:r:kernel:s0 tcontext=u:r:kernel:s0 tclass=capability permissive=0
11-11 05:41:51.399 0 0 I auditd : type=1400 audit(0.0:3958): avc: denied { kill } for comm="swapper/3" capability=5 scontext=u:r:kernel:s0 tcontext=u:r:kernel:s0 tclass=capability permissive=0
11-11 05:41:52.399 0 0 I auditd : type=1400 audit(0.0:3959): avc: denied { kill } for comm="swapper/3" capability=5 scontext=u:r:kernel:s0 tcontext=u:r:kernel:s0 tclass=capability permissive=0
11-11 05:41:53.399 0 0 I auditd : type=1400 audit(0.0:3960): avc: denied { kill } for comm="swapper/3" capability=5 scontext=u:r:kernel:s0 tcontext=u:r:kernel:s0 tclass=capability permissive=0
11-11 05:41:54.399 0 0 I auditd : type=1400 audit(0.0:3961): avc: denied { kill } for comm="swapper/3" capability=5 scontext=u:r:kernel:s0 tcontext=u:r:kernel:s0 tclass=capability permissive=0
11-11 05:41:55.399 0 0 I auditd : type=1400 audit(0.0:3962): avc: denied { kill } for comm="swapper/3" capability=5 scontext=u:r:kernel:s0 tcontext=u:r:kernel:s0 tclass=capability permissive=0
11-11 05:41:56.399 0 0 I auditd : type=1400 audit(0.0:3963): avc: denied { kill } for comm="swapper/3" capability=5 scontext=u:r:kernel:s0 tcontext=u:r:kernel:s0 tclass=capability permissive=0
11-11 05:41:57.399 0 0 I auditd : type=1400 audit(0.0:3964): avc: denied { kill } for comm="swapper/3" capability=5 scontext=u:r:kernel:s0 tcontext=u:r:kernel:s0 tclass=capability permissive=0
11-11 05:41:58.399 0 0 I auditd : type=1400 audit(0.0:3965): avc: denied { kill } for comm="swapper/3" capability=5 scontext=u:r:kernel:s0 tcontext=u:r:kernel:s0 tclass=capability permissive=0
11-11 05:42:00.399 0 0 I auditd : type=1400 audit(0.0:3966): avc: denied { kill } for comm="swapper/3" capability=5 scontext=u:r:kernel:s0 tcontext=u:r:kernel:s0 tclass=capability permissive=0
11-11 05:42:01.399 0 0 I auditd : type=1400 audit(0.0:3967): avc: denied { kill } for comm="swapper/3" capability=5 scontext=u:r:kernel:s0 tcontext=u:r:kernel:s0 tclass=capability permissive=0
11-11 05:42:02.399 0 0 I auditd : type=1400 audit(0.0:3968): avc: denied { kill } for comm="swapper/3" capability=5 scontext=u:r:kernel:s0 tcontext=u:r:kernel:s0 tclass=capability permissive=0
11-11 05:42:03.399 0 0 I auditd : type=1400 audit(0.0:3969): avc: denied { kill } for comm="swapper/3" capability=5 scontext=u:r:kernel:s0 tcontext=u:r:kernel:s0 tclass=capability permissive=0
11-11 05:42:04.399 0 0 I auditd : type=1400 audit(0.0:3970): avc: denied { kill } for comm="swapper/3" capability=5 scontext=u:r:kernel:s0 tcontext=u:r:kernel:s0 tclass=capability permissive=0
11-11 05:42:05.399 0 0 I auditd : type=1400 audit(0.0:3971): avc: denied { kill } for comm="swapper/3" capability=5 scontext=u:r:kernel:s0 tcontext=u:r:kernel:s0 tclass=capability permissive=0
11-11 05:42:06.399 0 0 I auditd : type=1400 audit(0.0:3972): avc: denied { kill } for comm="swapper/3" capability=5 scontext=u:r:kernel:s0 tcontext=u:r:kernel:s0 tclass=capability permissive=0
11-11 05:42:07.399 0 0 I auditd : type=1400 audit(0.0:3973): avc: denied { kill } for comm="swapper/3" capability=5 scontext=u:r:kernel:s0 tcontext=u:r:kernel:s0 tclass=capability permissive=0
11-11 05:42:08.399 0 0 I auditd : type=1400 audit(0.0:3974): avc: denied { kill } for comm="swapper/3" capability=5 scontext=u:r:kernel:s0 tcontext=u:r:kernel:s0 tclass=capability permissive=0
11-11 05:42:09.399 0 0 I auditd : type=1400 audit(0.0:3975): avc: denied { kill } for comm="swapper/3" capability=5 scontext=u:r:kernel:s0 tcontext=u:r:kernel:s0 tclass=capability permissive=0
11-11 05:42:10.399 0 0 I auditd : type=1400 audit(0.0:3976): avc: denied { kill } for comm="swapper/3" capability=5 scontext=u:r:kernel:s0 tcontext=u:r:kernel:s0 tclass=capability permissive=0
11-11 05:42:11.399 0 0 I auditd : type=1400 audit(0.0:3977): avc: denied { kill } for comm="swapper/3" capability=5 scontext=u:r:kernel:s0 tcontext=u:r:kernel:s0 tclass=capability permissive=0
11-11 05:42:12.399 0 0 I auditd : type=1400 audit(0.0:3978): avc: denied { kill } for comm="swapper/3" capability=5 scontext=u:r:kernel:s0 tcontext=u:r:kernel:s0 tclass=capability permissive=0
11-11 05:42:13.399 0 0 I auditd : type=1400 audit(0.0:3979): avc: denied { kill } for comm="swapper/3" capability=5 scontext=u:r:kernel:s0 tcontext=u:r:kernel:s0 tclass=capability permissive=0
11-11 05:42:14.399 0 0 I auditd : type=1400 audit(0.0:3980): avc: denied { kill } for comm="swapper/3" capability=5 scontext=u:r:kernel:s0 tcontext=u:r:kernel:s0 tclass=capability permissive=0
11-11 05:42:15.399 0 0 I auditd : type=1400 audit(0.0:3981): avc: denied { kill } for comm="swapper/3" capability=5 scontext=u:r:kernel:s0 tcontext=u:r:kernel:s0 tclass=capability permissive=0
11-11 05:42:16.399 0 0 I auditd : type=1400 audit(0.0:3982): avc: denied { kill } for comm="swapper/3" capability=5 scontext=u:r:kernel:s0 tcontext=u:r:kernel:s0 tclass=capability permissive=0
11-11 05:42:17.399 0 0 I auditd : type=1400 audit(0.0:3983): avc: denied { kill } for comm="swapper/3" capability=5 scontext=u:r:kernel:s0 tcontext=u:r:kernel:s0 tclass=capability permissive=0
11-11 05:42:18.399 0 0 I auditd : type=1400 audit(0.0:3984): avc: denied { kill } for comm="swapper/3" capability=5 scontext=u:r:kernel:s0 tcontext=u:r:kernel:s0 tclass=capability permissive=0
11-11 05:42:19.399 0 0 I auditd : type=1400 audit(0.0:3985): avc: denied { kill } for comm="swapper/3" capability=5 scontext=u:r:kernel:s0 tcontext=u:r:kernel:s0 tclass=capability permissive=0
11-11 05:42:20.399 0 0 I auditd : type=1400 audit(0.0:3986): avc: denied { kill } for comm="swapper/3" capability=5 scontext=u:r:kernel:s0 tcontext=u:r:kernel:s0 tclass=capability permissive=0
11-11 05:42:21.399 0 0 I auditd : type=1400 audit(0.0:3987): avc: denied { kill } for comm="swapper/3" capability=5 scontext=u:r:kernel:s0 tcontext=u:r:kernel:s0 tclass=capability permissive=0
11-11 05:42:22.399 0 0 I auditd : type=1400 audit(0.0:3988): avc: denied { kill } for comm="swapper/3" capability=5 scontext=u:r:kernel:s0 tcontext=u:r:kernel:s0 tclass=capability permissive=0
11-11 05:42:23.399 0 0 I auditd : type=1400 audit(0.0:3989): avc: denied { kill } for comm="swapper/3" capability=5 scontext=u:r:kernel:s0 tcontext=u:r:kernel:s0 tclass=capability permissive=0
11-11 05:42:24.399 0 0 I auditd : type=1400 audit(0.0:3990): avc: denied { kill } for comm="swapper/3" capability=5 scontext=u:r:kernel:s0 tcontext=u:r:kernel:s0 tclass=capability permissive=0
11-11 05:42:25.399 0 0 I auditd : type=1400 audit(0.0:3991): avc: denied { kill } for comm="swapper/3" capability=5 scontext=u:r:kernel:s0 tcontext=u:r:kernel:s0 tclass=capability permissive=0
11-11 05:42:26.399 0 0 I auditd : type=1400 audit(0.0:3992): avc: denied { kill } for comm="swapper/3" capability=5 scontext=u:r:kernel:s0 tcontext=u:r:kernel:s0 tclass=capability permissive=0
11-11 05:42:27.399 0 0 I auditd : type=1400 audit(0.0:3993): avc: denied { kill } for comm="swapper/3" capability=5 scontext=u:r:kernel:s0 tcontext=u:r:kernel:s0 tclass=capability permissive=0
11-11 05:42:28.399 0 0 I auditd : type=1400 audit(0.0:3994): avc: denied { kill } for comm="swapper/3" capability=5 scontext=u:r:kernel:s0 tcontext=u:r:kernel:s0 tclass=capability permissive=0
11-11 05:42:29.399 0 0 I auditd : type=1400 audit(0.0:3995): avc: denied { kill } for comm="swapper/3" capability=5 scontext=u:r:kernel:s0 tcontext=u:r:kernel:s0 tclass=capability permissive=0
11-11 05:42:30.399 0 0 I auditd : type=1400 audit(0.0:3996): avc: denied { kill } for comm="swapper/3" capability=5 scontext=u:r:kernel:s0 tcontext=u:r:kernel:s0 tclass=capability permissive=0
11-11 05:42:31.399 0 0 I auditd : type=1400 audit(0.0:3997): avc: denied { kill } for comm="swapper/3" capability=5 scontext=u:r:kernel:s0 tcontext=u:r:kernel:s0 tclass=capability permissive=0
11-11 05:42:32.399 0 0 I auditd : type=1400 audit(0.0:3998): avc: denied { kill } for comm="swapper/3" capability=5 scontext=u:r:kernel:s0 tcontext=u:r:kernel:s0 tclass=capability permissive=0
11-11 05:42:33.399 0 0 I auditd : type=1400 audit(0.0:3999): avc: denied { kill } for comm="swapper/3" capability=5 scontext=u:r:kernel:s0 tcontext=u:r:kernel:s0 tclass=capability permissive=0
11-11 05:42:34.399 0 0 I auditd : type=1400 audit(0.0:4000): avc: denied { kill } for comm="swapper/3" capability=5 scontext=u:r:kernel:s0 tcontext=u:r:kernel:s0 tclass=capability permissive=0
11-11 05:42:35.399 0 0 I auditd : type=1400 audit(0.0:4001): avc: denied { kill } for comm="swapper/3" capability=5 scontext=u:r:kernel:s0 tcontext=u:r:kernel:s0 tclass=capability permissive=0
11-11 05:42:36.399 0 0 I auditd : type=1400 audit(0.0:4002): avc: denied { kill } for comm="swapper/3" capability=5 scontext=u:r:kernel:s0 tcontext=u:r:kernel:s0 tclass=capability permissive=0
11-11 05:42:37.399 0 0 I auditd : type=1400 audit(0.0:4003): avc: denied { kill } for comm="swapper/3" capability=5 scontext=u:r:kernel:s0 tcontext=u:r:kernel:s0 tclass=capability permissive=0
11-11 05:42:38.399 0 0 I auditd : type=1400 audit(0.0:4004): avc: denied { kill } for comm="swapper/3" capability=5 scontext=u:r:kernel:s0 tcontext=u:r:kernel:s0 tclass=capability permissive=0
11-11 05:42:39.399 0 0 I auditd : type=1400 audit(0.0:4005): avc: denied { kill } for comm="swapper/3" capability=5 scontext=u:r:kernel:s0 tcontext=u:r:kernel:s0 tclass=capability permissive=0
11-11 05:42:40.086 1514 1836 I netstats_mobile_sample: [0,0,0,0,0,0,0,0,0,0,0,0,1668116560086]
11-11 05:42:40.088 1514 1836 I netstats_wifi_sample: [85300934,194153,37537863,87571,85300934,194153,37537863,87571,99829562,272543,18956023,45624,1668116560086]
11-11 05:42:40.399 0 0 I auditd : type=1400 audit(0.0:4006): avc: denied { kill } for comm="swapper/3" capability=5 scontext=u:r:kernel:s0 tcontext=u:r:kernel:s0 tclass=capability permissive=0
11-11 05:42:40.657 1514 1614 I am_uid_idle: 10065
11-11 05:42:41.399 0 0 I auditd : type=1400 audit(0.0:4007): avc: denied { kill } for comm="swapper/3" capability=5 scontext=u:r:kernel:s0 tcontext=u:r:kernel:s0 tclass=capability permissive=0
11-11 05:42:42.399 0 0 I auditd : type=1400 audit(0.0:4008): avc: denied { kill } for comm="swapper/3" capability=5 scontext=u:r:kernel:s0 tcontext=u:r:kernel:s0 tclass=capability permissive=0
11-11 05:42:43.399 0 0 I auditd : type=1400 audit(0.0:4009): avc: denied { kill } for comm="swapper/3" capability=5 scontext=u:r:kernel:s0 tcontext=u:r:kernel:s0 tclass=capability permissive=0
11-11 05:42:44.399 0 0 I auditd : type=1400 audit(0.0:4010): avc: denied { kill } for comm="swapper/3" capability=5 scontext=u:r:kernel:s0 tcontext=u:r:kernel:s0 tclass=capability permissive=0
11-11 05:42:45.399 0 0 I auditd : type=1400 audit(0.0:4011): avc: denied { kill } for comm="swapper/3" capability=5 scontext=u:r:kernel:s0 tcontext=u:r:kernel:s0 tclass=capability permissive=0
11-11 05:42:46.399 0 0 I auditd : type=1400 audit(0.0:4012): avc: denied { kill } for comm="swapper/3" capability=5 scontext=u:r:kernel:s0 tcontext=u:r:kernel:s0 tclass=capability permissive=0
11-11 05:42:47.399 0 0 I auditd : type=1400 audit(0.0:4013): avc: denied { kill } for comm="swapper/3" capability=5 scontext=u:r:kernel:s0 tcontext=u:r:kernel:s0 tclass=capability permissive=0
11-11 05:42:48.399 0 0 I auditd : type=1400 audit(0.0:4014): avc: denied { kill } for comm="swapper/3" capability=5 scontext=u:r:kernel:s0 tcontext=u:r:kernel:s0 tclass=capability permissive=0
11-11 05:42:49.399 0 0 I auditd : type=1400 audit(0.0:4015): avc: denied { kill } for comm="swapper/3" capability=5 scontext=u:r:kernel:s0 tcontext=u:r:kernel:s0 tclass=capability permissive=0
11-11 05:42:50.399 0 0 I auditd : type=1400 audit(0.0:4016): avc: denied { kill } for comm="swapper/3" capability=5 scontext=u:r:kernel:s0 tcontext=u:r:kernel:s0 tclass=capability permissive=0
11-11 05:42:51.399 0 0 I auditd : type=1400 audit(0.0:4017): avc: denied { kill } for comm="swapper/3" capability=5 scontext=u:r:kernel:s0 tcontext=u:r:kernel:s0 tclass=capability permissive=0
11-11 05:42:52.399 0 0 I auditd : type=1400 audit(0.0:4018): avc: denied { kill } for comm="swapper/3" capability=5 scontext=u:r:kernel:s0 tcontext=u:r:kernel:s0 tclass=capability permissive=0
11-11 05:42:53.399 0 0 I auditd : type=1400 audit(0.0:4019): avc: denied { kill } for comm="swapper/3" capability=5 scontext=u:r:kernel:s0 tcontext=u:r:kernel:s0 tclass=capability permissive=0
11-11 05:42:54.399 0 0 I auditd : type=1400 audit(0.0:4020): avc: denied { kill } for comm="swapper/3" capability=5 scontext=u:r:kernel:s0 tcontext=u:r:kernel:s0 tclass=capability permissive=0
11-11 05:42:55.399 0 0 I auditd : type=1400 audit(0.0:4021): avc: denied { kill } for comm="swapper/3" capability=5 scontext=u:r:kernel:s0 tcontext=u:r:kernel:s0 tclass=capability permissive=0
11-11 05:42:56.399 0 0 I auditd : type=1400 audit(0.0:4022): avc: denied { kill } for comm="swapper/3" capability=5 scontext=u:r:kernel:s0 tcontext=u:r:kernel:s0 tclass=capability permissive=0
11-11 05:42:57.399 0 0 I auditd : type=1400 audit(0.0:4023): avc: denied { kill } for comm="swapper/3" capability=5 scontext=u:r:kernel:s0 tcontext=u:r:kernel:s0 tclass=capability permissive=0
11-11 05:42:59.399 0 0 I auditd : type=1400 audit(0.0:4024): avc: denied { kill } for comm="swapper/2" capability=5 scontext=u:r:kernel:s0 tcontext=u:r:kernel:s0 tclass=capability permissive=0
11-11 05:43:00.399 0 0 I auditd : type=1400 audit(0.0:4025): avc: denied { kill } for comm="swapper/2" capability=5 scontext=u:r:kernel:s0 tcontext=u:r:kernel:s0 tclass=capability permissive=0
11-11 05:43:02.399 0 0 I auditd : type=1400 audit(0.0:4026): avc: denied { kill } for comm="swapper/2" capability=5 scontext=u:r:kernel:s0 tcontext=u:r:kernel:s0 tclass=capability permissive=0
11-11 05:43:03.399 0 0 I auditd : type=1400 audit(0.0:4027): avc: denied { kill } for comm="swapper/2" capability=5 scontext=u:r:kernel:s0 tcontext=u:r:kernel:s0 tclass=capability permissive=0
11-11 05:43:04.399 0 0 I auditd : type=1400 audit(0.0:4028): avc: denied { kill } for comm="swapper/2" capability=5 scontext=u:r:kernel:s0 tcontext=u:r:kernel:s0 tclass=capability permissive=0
11-11 05:43:05.399 0 0 I auditd : type=1400 audit(0.0:4029): avc: denied { kill } for comm="swapper/2" capability=5 scontext=u:r:kernel:s0 tcontext=u:r:kernel:s0 tclass=capability permissive=0
11-11 05:43:06.399 0 0 I auditd : type=1400 audit(0.0:4030): avc: denied { kill } for comm="swapper/2" capability=5 scontext=u:r:kernel:s0 tcontext=u:r:kernel:s0 tclass=capability permissive=0
11-11 05:43:08.399 0 0 I auditd : type=1400 audit(0.0:4031): avc: denied { kill } for comm="swapper/2" capability=5 scontext=u:r:kernel:s0 tcontext=u:r:kernel:s0 tclass=capability permissive=0
11-11 05:43:09.399 0 0 I auditd : type=1400 audit(0.0:4032): avc: denied { kill } for comm="swapper/2" capability=5 scontext=u:r:kernel:s0 tcontext=u:r:kernel:s0 tclass=capability permissive=0
11-11 05:43:10.399 0 0 I auditd : type=1400 audit(0.0:4033): avc: denied { kill } for comm="swapper/2" capability=5 scontext=u:r:kernel:s0 tcontext=u:r:kernel:s0 tclass=capability permissive=0
11-11 05:43:11.399 0 0 I auditd : type=1400 audit(0.0:4034): avc: denied { kill } for comm="swapper/2" capability=5 scontext=u:r:kernel:s0 tcontext=u:r:kernel:s0 tclass=capability permissive=0
11-11 05:43:12.399 0 0 I auditd : type=1400 audit(0.0:4035): avc: denied { kill } for comm="swapper/2" capability=5 scontext=u:r:kernel:s0 tcontext=u:r:kernel:s0 tclass=capability permissive=0
