11-11 05:39:02.372 1514 1974 E DisplayDeviceConfig: requesting nits when no mapping exists.
11-11 05:39:02.373 1514 1974 E DisplayDeviceConfig: requesting nits when no mapping exists.
11-11 05:39:02.387 1514 1974 E DisplayDeviceConfig: requesting nits when no mapping exists.
11-11 05:39:02.388 1514 1974 E DisplayDeviceConfig: requesting nits when no mapping exists.
11-11 05:39:02.404 1514 1974 E DisplayDeviceConfig: requesting nits when no mapping exists.
11-11 05:39:02.406 1514 1974 E DisplayDeviceConfig: requesting nits when no mapping exists.
11-11 05:39:02.420 1514 1974 E DisplayDeviceConfig: requesting nits when no mapping exists.
11-11 05:39:02.420 1514 1974 E DisplayDeviceConfig: requesting nits when no mapping exists.
11-11 05:39:02.437 1514 1974 E DisplayDeviceConfig: requesting nits when no mapping exists.
11-11 05:39:02.438 1514 1974 E DisplayDeviceConfig: requesting nits when no mapping exists.
11-11 05:39:02.454 1514 1974 E DisplayDeviceConfig: requesting nits when no mapping exists.
11-11 05:39:02.454 1514 1974 E DisplayDeviceConfig: requesting nits when no mapping exists.
11-11 05:39:02.470 1514 1974 E DisplayDeviceConfig: requesting nits when no mapping exists.
11-11 05:39:02.471 1514 1974 E DisplayDeviceConfig: requesting nits when no mapping exists.
11-11 05:39:02.473 1514 1514 I GameModeConfig: isGameModeOn = false
11-11 05:39:02.475 1514 1514 W NotificationHistory: Attempted to add notif for locked/gone/disabled user 0
11-11 05:39:02.487 1514 1974 E DisplayDeviceConfig: requesting nits when no mapping exists.
11-11 05:39:02.487 1514 1974 E DisplayDeviceConfig: requesting nits when no mapping exists.
11-11 05:39:02.506 1514 1974 E DisplayDeviceConfig: requesting nits when no mapping exists.
11-11 05:39:02.507 1514 1974 E DisplayDeviceConfig: requesting nits when no mapping exists.
11-11 05:39:02.522 1514 1974 E DisplayDeviceConfig: requesting nits when no mapping exists.
11-11 05:39:02.522 1514 1974 E DisplayDeviceConfig: requesting nits when no mapping exists.
11-11 05:39:02.537 1514 1974 E DisplayDeviceConfig: requesting nits when no mapping exists.
11-11 05:39:02.537 1514 1974 E DisplayDeviceConfig: requesting nits when no mapping exists.
11-11 05:39:02.555 1514 1974 E DisplayDeviceConfig: requesting nits when no mapping exists.
11-11 05:39:02.556 1514 1974 E DisplayDeviceConfig: requesting nits when no mapping exists.
11-11 05:39:02.572 1514 1974 E DisplayDeviceConfig: requesting nits when no mapping exists.
11-11 05:39:02.573 1514 1974 E DisplayDeviceConfig: requesting nits when no mapping exists.
11-11 05:39:02.595 1514 1974 E DisplayDeviceConfig: requesting nits when no mapping exists.
11-11 05:39:02.595 1514 1974 E DisplayDeviceConfig: requesting nits when no mapping exists.
11-11 05:39:02.607 1514 1974 E DisplayDeviceConfig: requesting nits when no mapping exists.
11-11 05:39:02.607 1514 1974 E DisplayDeviceConfig: requesting nits when no mapping exists.
11-11 05:39:02.623 1514 1974 E DisplayDeviceConfig: requesting nits when no mapping exists.
11-11 05:39:02.623 1514 1974 E DisplayDeviceConfig: requesting nits when no mapping exists.
11-11 05:39:02.640 1514 1974 E DisplayDeviceConfig: requesting nits when no mapping exists.
11-11 05:39:02.641 1514 1974 E DisplayDeviceConfig: requesting nits when no mapping exists.
11-11 05:39:02.657 1514 1974 E DisplayDeviceConfig: requesting nits when no mapping exists.
11-11 05:39:02.657 1514 1974 E DisplayDeviceConfig: requesting nits when no mapping exists.
11-11 05:39:02.673 1514 1974 E DisplayDeviceConfig: requesting nits when no mapping exists.
11-11 05:39:02.673 1514 1974 E DisplayDeviceConfig: requesting nits when no mapping exists.
11-11 05:39:02.689 1514 1974 E DisplayDeviceConfig: requesting nits when no mapping exists.
11-11 05:39:02.689 1514 1974 E DisplayDeviceConfig: requesting nits when no mapping exists.
11-11 05:39:02.704 1514 1974 E DisplayDeviceConfig: requesting nits when no mapping exists.
11-11 05:39:02.705 1514 1974 E DisplayDeviceConfig: requesting nits when no mapping exists.
11-11 05:39:02.723 1514 1974 E DisplayDeviceConfig: requesting nits when no mapping exists.
11-11 05:39:02.724 1514 1974 E DisplayDeviceConfig: requesting nits when no mapping exists.
11-11 05:39:02.738 1514 1974 E DisplayDeviceConfig: requesting nits when no mapping exists.
11-11 05:39:02.738 1514 1974 E DisplayDeviceConfig: requesting nits when no mapping exists.
11-11 05:39:02.756 1514 1974 E DisplayDeviceConfig: requesting nits when no mapping exists.
11-11 05:39:02.756 1514 1974 E DisplayDeviceConfig: requesting nits when no mapping exists.
11-11 05:39:02.772 1514 1974 E DisplayDeviceConfig: requesting nits when no mapping exists.
11-11 05:39:02.774 1514 1974 E DisplayDeviceConfig: requesting nits when no mapping exists.
11-11 05:39:02.788 1514 1974 E DisplayDeviceConfig: requesting nits when no mapping exists.
11-11 05:39:02.789 1514 1974 E DisplayDeviceConfig: requesting nits when no mapping exists.
11-11 05:39:02.811 1514 1974 E DisplayDeviceConfig: requesting nits when no mapping exists.
11-11 05:39:02.812 1514 1974 E DisplayDeviceConfig: requesting nits when no mapping exists.
11-11 05:39:02.828 1514 1974 E DisplayDeviceConfig: requesting nits when no mapping exists.
11-11 05:39:02.828 1514 1974 E DisplayDeviceConfig: requesting nits when no mapping exists.
11-11 05:39:02.838 1514 1974 E DisplayDeviceConfig: requesting nits when no mapping exists.
11-11 05:39:02.839 1514 1974 E DisplayDeviceConfig: requesting nits when no mapping exists.
11-11 05:39:02.852 1514 1974 E DisplayDeviceConfig: requesting nits when no mapping exists.
11-11 05:39:02.852 1514 1974 E DisplayDeviceConfig: requesting nits when no mapping exists.
11-11 05:39:02.855 3685 3703 W ContextImpl: Calling a method in the system process without a qualified user: android.app.ContextImpl.startService:1816 android.content.ContextWrapper.startService:774 com.thundercomm.gamemode.ingame.services.GameModeActionUtils.startGameModeService:93 com.thundercomm.gamemode.ingame.services.GameModeActionUtils.startGameModeEntry:21 com.thundercomm.gamemode.ingame.services.ActivityMonitoringService$1.onActivityLaunch:126
11-11 05:39:02.858 1514 1514 I GameModeConfig: Current uri is uri = content://com.thundercomm.gamemode.api/gamemode_settings/gamemode_isgaming
11-11 05:39:02.860 1514 1514 I GameModeConfig: isGameModeOn = false
11-11 05:39:02.860 1514 1514 I GameModeConfig: isGameModeOn = false
11-11 05:39:02.860 1514 1514 I GameModeConfig: isDisableVoice = true
11-11 05:39:02.870 1514 1974 E DisplayDeviceConfig: requesting nits when no mapping exists.
11-11 05:39:02.870 1514 1974 E DisplayDeviceConfig: requesting nits when no mapping exists.
11-11 05:39:02.886 1514 1974 E DisplayDeviceConfig: requesting nits when no mapping exists.
11-11 05:39:02.886 1514 1974 E DisplayDeviceConfig: requesting nits when no mapping exists.
11-11 05:39:02.905 1514 1974 E DisplayDeviceConfig: requesting nits when no mapping exists.
11-11 05:39:02.905 1514 1974 E DisplayDeviceConfig: requesting nits when no mapping exists.
11-11 05:39:02.919 1514 1974 E DisplayDeviceConfig: requesting nits when no mapping exists.
11-11 05:39:02.920 1514 1974 E DisplayDeviceConfig: requesting nits when no mapping exists.
11-11 05:39:02.936 1514 1974 E DisplayDeviceConfig: requesting nits when no mapping exists.
11-11 05:39:02.936 1514 1974 E DisplayDeviceConfig: requesting nits when no mapping exists.
11-11 05:39:02.953 1514 1974 E DisplayDeviceConfig: requesting nits when no mapping exists.
11-11 05:39:02.953 1514 1974 E DisplayDeviceConfig: requesting nits when no mapping exists.
11-11 05:39:02.969 1514 1974 E DisplayDeviceConfig: requesting nits when no mapping exists.
11-11 05:39:02.970 1514 1974 E DisplayDeviceConfig: requesting nits when no mapping exists.
11-11 05:39:02.987 1514 1974 E DisplayDeviceConfig: requesting nits when no mapping exists.
11-11 05:39:02.988 1514 1974 E DisplayDeviceConfig: requesting nits when no mapping exists.
11-11 05:39:03.003 1514 1974 E DisplayDeviceConfig: requesting nits when no mapping exists.
11-11 05:39:03.003 1514 1974 E DisplayDeviceConfig: requesting nits when no mapping exists.
11-11 05:39:03.019 1514 1974 E DisplayDeviceConfig: requesting nits when no mapping exists.
11-11 05:39:03.020 1514 1974 E DisplayDeviceConfig: requesting nits when no mapping exists.
11-11 05:39:03.036 1514 1974 E DisplayDeviceConfig: requesting nits when no mapping exists.
11-11 05:39:03.037 1514 1974 E DisplayDeviceConfig: requesting nits when no mapping exists.
11-11 05:39:03.053 1514 1974 E DisplayDeviceConfig: requesting nits when no mapping exists.
11-11 05:39:03.055 1514 1974 E DisplayDeviceConfig: requesting nits when no mapping exists.
11-11 05:39:03.071 1514 1974 E DisplayDeviceConfig: requesting nits when no mapping exists.
11-11 05:39:03.072 1514 1974 E DisplayDeviceConfig: requesting nits when no mapping exists.
11-11 05:39:03.086 1514 1974 E DisplayDeviceConfig: requesting nits when no mapping exists.
11-11 05:39:03.087 1514 1974 E DisplayDeviceConfig: requesting nits when no mapping exists.
11-11 05:39:03.104 1514 1974 E DisplayDeviceConfig: requesting nits when no mapping exists.
11-11 05:39:03.104 1514 1974 E DisplayDeviceConfig: requesting nits when no mapping exists.
11-11 05:39:03.126 1514 1974 E DisplayDeviceConfig: requesting nits when no mapping exists.
11-11 05:39:03.126 1514 1974 E DisplayDeviceConfig: requesting nits when no mapping exists.
11-11 05:39:03.136 1514 1974 E DisplayDeviceConfig: requesting nits when no mapping exists.
11-11 05:39:03.137 1514 1974 E DisplayDeviceConfig: requesting nits when no mapping exists.
11-11 05:39:03.153 1514 1974 E DisplayDeviceConfig: requesting nits when no mapping exists.
11-11 05:39:03.155 1514 1974 E DisplayDeviceConfig: requesting nits when no mapping exists.
11-11 05:39:03.169 1514 1974 E DisplayDeviceConfig: requesting nits when no mapping exists.
11-11 05:39:03.170 1514 1974 E DisplayDeviceConfig: requesting nits when no mapping exists.
11-11 05:39:03.188 1514 1974 E DisplayDeviceConfig: requesting nits when no mapping exists.
11-11 05:39:03.190 1514 1974 E DisplayDeviceConfig: requesting nits when no mapping exists.
11-11 05:39:03.204 1514 1974 E DisplayDeviceConfig: requesting nits when no mapping exists.
11-11 05:39:03.205 1514 1974 E DisplayDeviceConfig: requesting nits when no mapping exists.
11-11 05:39:03.220 1514 1974 E DisplayDeviceConfig: requesting nits when no mapping exists.
11-11 05:39:03.220 1514 1974 E DisplayDeviceConfig: requesting nits when no mapping exists.
11-11 05:39:03.237 1514 1974 E DisplayDeviceConfig: requesting nits when no mapping exists.
11-11 05:39:03.238 1514 1974 E DisplayDeviceConfig: requesting nits when no mapping exists.
11-11 05:39:11.077 1514 6421 I DreamManagerService: Gently waking up from dream.
11-11 05:39:11.079 1514 1592 I DreamManagerService: Performing gentle wake from dream.
11-11 05:39:11.085 1514 2116 I ActivityTaskManager: FOREGROUND_APPLICATION_CHANGED to com.android.settings.homepage.SettingsHomepageActivity
11-11 05:39:11.108 10325 10325 E ActivityThread: Failed to find provider info for com.google.android.gms.nearby.fastpair
11-11 05:39:11.109 10325 12709 E ActivityThread: Failed to find provider info for com.google.android.gms.nearby.fastpair
11-11 05:39:11.113 3685 3703 W ContextImpl: Calling a method in the system process without a qualified user: android.app.ContextImpl.startService:1816 android.content.ContextWrapper.startService:774 com.thundercomm.gamemode.ingame.services.GameModeActionUtils.startGameModeService:93 com.thundercomm.gamemode.ingame.services.GameModeActionUtils.startGameModeEntry:21 com.thundercomm.gamemode.ingame.services.ActivityMonitoringService$1.onActivityLaunch:126
11-11 05:39:11.123 1514 1514 I GameModeConfig: Current uri is uri = content://com.thundercomm.gamemode.api/gamemode_settings/gamemode_isgaming
11-11 05:39:11.131 1514 1514 I GameModeConfig: isGameModeOn = false
11-11 05:39:11.131 1514 1514 I GameModeConfig: isGameModeOn = false
11-11 05:39:11.131 1514 1514 I GameModeConfig: isDisableVoice = true
11-11 05:39:11.159 1514 1649 I PowerManagerService: Powering on display group fromDreaming (groupId=0, uid=1000, reason=WAKE_REASON_UNKNOWN, details=android.server.power:DREAM_FINISHED)...
11-11 05:39:11.159 1514 1649 I PowerManagerService: Waking up from Dreaming (uid=1000, reason=WAKE_REASON_UNKNOWN, details=android.server.power:DREAM_FINISHED)...
11-11 05:39:11.201 3685 3703 W ContextImpl: Calling a method in the system process without a qualified user: android.app.ContextImpl.startService:1816 android.content.ContextWrapper.startService:774 com.thundercomm.gamemode.ingame.services.GameModeActionUtils.startGameModeService:93 com.thundercomm.gamemode.ingame.services.GameModeActionUtils.startGameModeEntry:21 com.thundercomm.gamemode.ingame.services.ActivityMonitoringService$1.onActivityLaunch:126
11-11 05:39:11.204 1514 1514 I GameModeConfig: Current uri is uri = content://com.thundercomm.gamemode.api/gamemode_settings/gamemode_isgaming
11-11 05:39:11.206 1514 1514 I GameModeConfig: isGameModeOn = false
11-11 05:39:11.206 1514 1514 I GameModeConfig: isGameModeOn = false
11-11 05:39:11.206 1514 1514 I GameModeConfig: isDisableVoice = true
11-11 05:39:11.674 3685 3703 W ContextImpl: Calling a method in the system process without a qualified user: android.app.ContextImpl.startService:1816 android.content.ContextWrapper.startService:774 com.thundercomm.gamemode.ingame.services.GameModeActionUtils.startGameModeService:93 com.thundercomm.gamemode.ingame.services.GameModeActionUtils.startGameModeEntry:21 com.thundercomm.gamemode.ingame.services.ActivityMonitoringService$1.onActivityLaunch:126
11-11 05:39:11.679 1514 1514 I GameModeConfig: Current uri is uri = content://com.thundercomm.gamemode.api/gamemode_settings/gamemode_isgaming
11-11 05:39:11.682 1514 1514 I GameModeConfig: isGameModeOn = false
11-11 05:39:11.682 1514 1514 I GameModeConfig: isGameModeOn = false
11-11 05:39:11.682 1514 1514 I GameModeConfig: isDisableVoice = true
11-11 05:39:11.700 1514 2116 I DreamManagerService: Leaving dreamland.
11-11 05:39:11.701 1514 1592 I DreamManagerService: Performing gentle wake from dream.
11-11 05:39:11.701 1514 1592 I DreamController: Stopping dream: name=ComponentInfo{com.thundercomm.screensaver/com.thundercomm.saverclock.service.ClockScreensaver}, isTest=false, canDoze=false, userId=0, reason='finished self'(from 'finished self')
11-11 05:39:11.711 1514 1596 W ActivityTaskManager: Can't find TaskDisplayArea to determine support for multi window. Task id=92 attached=false
11-11 05:39:11.870 1514 1901 I GameModeConfig: isGameModeOn = false
11-11 05:39:11.870 1514 1901 I GameModeConfig: isGameModeOn = false
11-11 05:39:11.870 1514 1901 I GameModeConfig: isGameModeOn = false
11-11 05:39:11.870 1514 1901 I GameModeConfig: isGameModeOn = false
11-11 05:39:11.904 1514 1901 I GameModeConfig: isGameModeOn = false
11-11 05:39:11.905 1514 1901 I GameModeConfig: isGameModeOn = false
11-11 05:39:11.905 1514 1901 I GameModeConfig: isGameModeOn = false
11-11 05:39:11.906 1514 1901 I GameModeConfig: isGameModeOn = false
11-11 05:39:11.926 1514 1901 I GameModeConfig: isGameModeOn = false
11-11 05:39:11.926 1514 1901 I GameModeConfig: isGameModeOn = false
11-11 05:39:11.926 1514 1901 I GameModeConfig: isGameModeOn = false
11-11 05:39:11.926 1514 1901 I GameModeConfig: isGameModeOn = false
11-11 05:39:12.076 1514 1514 I GameModeConfig: isGameModeOn = false
11-11 05:39:12.078 1514 1514 W NotificationHistory: Attempted to add notif for locked/gone/disabled user 0
11-11 05:39:12.112 1514 1514 I GameModeConfig: isGameModeOn = false
11-11 05:39:12.112 1514 1514 E NotificationService: Muting recently noisy 0|com.android.systemui|2048|null|10082
11-11 05:39:12.128 1514 1514 I GameModeConfig: isGameModeOn = false
11-11 05:39:12.128 1514 1514 E NotificationService: Muting recently noisy 0|com.android.systemui|2048|null|10082
11-11 05:39:12.476 1514 1901 I GameModeConfig: isGameModeOn = false
11-11 05:39:14.248 1514 1901 I GameModeConfig: isGameModeOn = false
11-11 05:39:14.248 1514 1901 I GameModeConfig: isGameModeOn = false
11-11 05:39:14.248 1514 1901 I GameModeConfig: isGameModeOn = false
11-11 05:39:14.248 1514 1901 I GameModeConfig: isGameModeOn = false
11-11 05:39:14.274 1514 1901 I GameModeConfig: isGameModeOn = false
11-11 05:39:14.274 1514 1901 I GameModeConfig: isGameModeOn = false
11-11 05:39:14.274 1514 1901 I GameModeConfig: isGameModeOn = false
11-11 05:39:14.274 1514 1901 I GameModeConfig: isGameModeOn = false
11-11 05:39:14.293 1514 1901 I GameModeConfig: isGameModeOn = false
11-11 05:39:14.294 1514 1901 I GameModeConfig: isGameModeOn = false
11-11 05:39:14.294 1514 1901 I GameModeConfig: isGameModeOn = false
11-11 05:39:14.294 1514 1901 I GameModeConfig: isGameModeOn = false
11-11 05:39:14.312 1514 1901 I GameModeConfig: isGameModeOn = false
11-11 05:39:14.313 1514 1901 I GameModeConfig: isGameModeOn = false
11-11 05:39:14.313 1514 1901 I GameModeConfig: isGameModeOn = false
11-11 05:39:14.314 1514 1901 I GameModeConfig: isGameModeOn = false
11-11 05:39:14.324 1514 1901 I GameModeConfig: isGameModeOn = false
11-11 05:39:14.324 1514 1901 I GameModeConfig: isGameModeOn = false
11-11 05:39:14.324 1514 1901 I GameModeConfig: isGameModeOn = false
11-11 05:39:14.324 1514 1901 I GameModeConfig: isGameModeOn = false
11-11 05:39:14.330 1514 1901 I GameModeConfig: isGameModeOn = false
11-11 05:39:14.330 1514 1901 I GameModeConfig: isGameModeOn = false
11-11 05:39:14.330 1514 1901 I GameModeConfig: isGameModeOn = false
11-11 05:39:14.330 1514 1901 I GameModeConfig: isGameModeOn = false
11-11 05:39:14.347 1514 1901 I GameModeConfig: isGameModeOn = false
11-11 05:39:14.347 1514 1901 I GameModeConfig: isGameModeOn = false
11-11 05:39:14.347 1514 1901 I GameModeConfig: isGameModeOn = false
11-11 05:39:14.347 1514 1901 I GameModeConfig: isGameModeOn = false
11-11 05:39:14.363 1514 1901 I GameModeConfig: isGameModeOn = false
11-11 05:39:14.364 1514 1901 I GameModeConfig: isGameModeOn = false
11-11 05:39:14.364 1514 1901 I GameModeConfig: isGameModeOn = false
11-11 05:39:14.364 1514 1901 I GameModeConfig: isGameModeOn = false
11-11 05:39:14.380 1514 1901 I GameModeConfig: isGameModeOn = false
11-11 05:39:14.380 1514 1901 I GameModeConfig: isGameModeOn = false
11-11 05:39:14.380 1514 1901 I GameModeConfig: isGameModeOn = false
11-11 05:39:14.381 1514 1901 I GameModeConfig: isGameModeOn = false
11-11 05:39:14.397 1514 1901 I GameModeConfig: isGameModeOn = false
11-11 05:39:14.397 1514 1901 I GameModeConfig: isGameModeOn = false
11-11 05:39:14.397 1514 1901 I GameModeConfig: isGameModeOn = false
11-11 05:39:14.397 1514 1901 I GameModeConfig: isGameModeOn = false
11-11 05:39:14.415 1514 1901 I GameModeConfig: isGameModeOn = false
11-11 05:39:14.415 1514 1901 I GameModeConfig: isGameModeOn = false
11-11 05:39:14.415 1514 1901 I GameModeConfig: isGameModeOn = false
11-11 05:39:14.415 1514 1901 I GameModeConfig: isGameModeOn = false
11-11 05:39:14.433 1514 1901 I GameModeConfig: isGameModeOn = false
11-11 05:39:14.433 1514 1901 I GameModeConfig: isGameModeOn = false
11-11 05:39:14.433 1514 1901 I GameModeConfig: isGameModeOn = false
11-11 05:39:14.434 1514 1901 I GameModeConfig: isGameModeOn = false
11-11 05:39:14.450 1514 1901 I GameModeConfig: isGameModeOn = false
11-11 05:39:14.450 1514 1901 I GameModeConfig: isGameModeOn = false
11-11 05:39:14.450 1514 1901 I GameModeConfig: isGameModeOn = false
11-11 05:39:14.450 1514 1901 I GameModeConfig: isGameModeOn = false
11-11 05:39:14.455 1514 1514 I GameModeConfig: isGameModeOn = false
11-11 05:39:14.457 1514 1514 W NotificationHistory: Attempted to add notif for locked/gone/disabled user 0
11-11 05:39:14.471 1514 1901 I GameModeConfig: isGameModeOn = false
11-11 05:39:14.472 1514 1901 I GameModeConfig: isGameModeOn = false
11-11 05:39:14.472 1514 1901 I GameModeConfig: isGameModeOn = false
11-11 05:39:14.472 1514 1901 I GameModeConfig: isGameModeOn = false
11-11 05:39:14.478 1514 1514 I GameModeConfig: isGameModeOn = false
11-11 05:39:14.478 1514 1514 E NotificationService: Muting recently noisy 0|com.android.systemui|2048|null|10082
11-11 05:39:14.486 1514 1901 I GameModeConfig: isGameModeOn = false
11-11 05:39:14.486 1514 1901 I GameModeConfig: isGameModeOn = false
11-11 05:39:14.486 1514 1901 I GameModeConfig: isGameModeOn = false
11-11 05:39:14.486 1514 1901 I GameModeConfig: isGameModeOn = false
11-11 05:39:14.497 1514 1514 I GameModeConfig: isGameModeOn = false
11-11 05:39:14.497 1514 1514 E NotificationService: Muting recently noisy 0|com.android.systemui|2048|null|10082
11-11 05:39:14.500 1514 1901 I GameModeConfig: isGameModeOn = false
11-11 05:39:14.500 1514 1901 I GameModeConfig: isGameModeOn = false
11-11 05:39:14.500 1514 1901 I GameModeConfig: isGameModeOn = false
11-11 05:39:14.500 1514 1901 I GameModeConfig: isGameModeOn = false
11-11 05:39:14.516 1514 1514 I GameModeConfig: isGameModeOn = false
11-11 05:39:14.516 1514 1514 E NotificationService: Muting recently noisy 0|com.android.systemui|2048|null|10082
11-11 05:39:14.516 1514 1901 I GameModeConfig: isGameModeOn = false
11-11 05:39:14.517 1514 1901 I GameModeConfig: isGameModeOn = false
11-11 05:39:14.517 1514 1901 I GameModeConfig: isGameModeOn = false
11-11 05:39:14.517 1514 1901 I GameModeConfig: isGameModeOn = false
11-11 05:39:14.525 1514 1514 I GameModeConfig: isGameModeOn = false
11-11 05:39:14.525 1514 1514 E NotificationService: Muting recently noisy 0|com.android.systemui|2048|null|10082
11-11 05:39:14.532 1514 1514 I GameModeConfig: isGameModeOn = false
11-11 05:39:14.533 1514 1514 E NotificationService: Muting recently noisy 0|com.android.systemui|2048|null|10082
11-11 05:39:14.541 1514 1901 I GameModeConfig: isGameModeOn = false
11-11 05:39:14.541 1514 1901 I GameModeConfig: isGameModeOn = false
11-11 05:39:14.541 1514 1901 I GameModeConfig: isGameModeOn = false
11-11 05:39:14.541 1514 1901 I GameModeConfig: isGameModeOn = false
11-11 05:39:14.550 1514 1514 I GameModeConfig: isGameModeOn = false
11-11 05:39:14.550 1514 1514 E NotificationService: Muting recently noisy 0|com.android.systemui|2048|null|10082
11-11 05:39:14.571 1514 1514 I GameModeConfig: isGameModeOn = false
11-11 05:39:14.571 1514 1514 E NotificationService: Muting recently noisy 0|com.android.systemui|2048|null|10082
11-11 05:39:14.584 1514 1514 I GameModeConfig: isGameModeOn = false
11-11 05:39:14.584 1514 1514 E NotificationService: Muting recently noisy 0|com.android.systemui|2048|null|10082
11-11 05:39:14.601 1514 1514 I GameModeConfig: isGameModeOn = false
11-11 05:39:14.602 1514 1514 E NotificationService: Muting recently noisy 0|com.android.systemui|2048|null|10082
11-11 05:39:14.623 1514 1514 I GameModeConfig: isGameModeOn = false
11-11 05:39:14.623 1514 1514 E NotificationService: Muting recently noisy 0|com.android.systemui|2048|null|10082
11-11 05:39:14.636 1514 1514 I GameModeConfig: isGameModeOn = false
11-11 05:39:14.636 1514 1514 E NotificationService: Muting recently noisy 0|com.android.systemui|2048|null|10082
11-11 05:39:14.655 1514 1514 I GameModeConfig: isGameModeOn = false
11-11 05:39:14.655 1514 1514 E NotificationService: Muting recently noisy 0|com.android.systemui|2048|null|10082
11-11 05:39:14.671 1514 1514 I GameModeConfig: isGameModeOn = false
11-11 05:39:14.672 1514 1514 E NotificationService: Muting recently noisy 0|com.android.systemui|2048|null|10082
11-11 05:39:14.683 1514 1514 I GameModeConfig: isGameModeOn = false
11-11 05:39:14.684 1514 1514 E NotificationService: Muting recently noisy 0|com.android.systemui|2048|null|10082
11-11 05:39:14.703 1514 1514 I GameModeConfig: isGameModeOn = false
11-11 05:39:14.704 1514 1514 E NotificationService: Muting recently noisy 0|com.android.systemui|2048|null|10082
11-11 05:39:14.719 1514 1514 I GameModeConfig: isGameModeOn = false
11-11 05:39:14.720 1514 1514 E NotificationService: Muting recently noisy 0|com.android.systemui|2048|null|10082
11-11 05:39:14.744 1514 1514 I GameModeConfig: isGameModeOn = false
11-11 05:39:14.744 1514 1514 E NotificationService: Muting recently noisy 0|com.android.systemui|2048|null|10082
11-11 05:39:15.690 3685 3703 W ContextImpl: Calling a method in the system process without a qualified user: android.app.ContextImpl.startService:1816 android.content.ContextWrapper.startService:774 com.thundercomm.gamemode.ingame.services.GameModeActionUtils.startGameModeService:93 com.thundercomm.gamemode.ingame.services.GameModeActionUtils.startGameModeEntry:21 com.thundercomm.gamemode.ingame.services.ActivityMonitoringService$1.onActivityLaunch:126
11-11 05:39:15.695 1514 1514 I GameModeConfig: Current uri is uri = content://com.thundercomm.gamemode.api/gamemode_settings/gamemode_isgaming
11-11 05:39:15.698 1514 1514 I GameModeConfig: isGameModeOn = false
11-11 05:39:15.698 1514 1514 I GameModeConfig: isGameModeOn = false
11-11 05:39:15.698 1514 1514 I GameModeConfig: isDisableVoice = true
11-11 05:39:16.428 1514 2116 I ActivityTaskManager: FOREGROUND_APPLICATION_CHANGED to com.android.launcher3.uioverrides.QuickstepLauncher
11-11 05:39:16.493 3685 3703 W ContextImpl: Calling a method in the system process without a qualified user: android.app.ContextImpl.startService:1816 android.content.ContextWrapper.startService:774 com.thundercomm.gamemode.ingame.services.GameModeActionUtils.startGameModeService:93 com.thundercomm.gamemode.ingame.services.GameModeActionUtils.startGameModeEntry:21 com.thundercomm.gamemode.ingame.services.ActivityMonitoringService$1.onActivityLaunch:126
11-11 05:39:16.497 1514 1514 I GameModeConfig: Current uri is uri = content://com.thundercomm.gamemode.api/gamemode_settings/gamemode_isgaming
11-11 05:39:16.499 1514 1514 I GameModeConfig: isGameModeOn = false
11-11 05:39:16.499 1514 1514 I GameModeConfig: isGameModeOn = false
11-11 05:39:16.499 1514 1514 I GameModeConfig: isDisableVoice = true
11-11 05:39:16.545 3685 3703 W ContextImpl: Calling a method in the system process without a qualified user: android.app.ContextImpl.startService:1816 android.content.ContextWrapper.startService:774 com.thundercomm.gamemode.ingame.services.GameModeActionUtils.startGameModeService:93 com.thundercomm.gamemode.ingame.services.GameModeActionUtils.startGameModeEntry:21 com.thundercomm.gamemode.ingame.services.ActivityMonitoringService$1.onActivityLaunch:126
11-11 05:39:16.550 1514 1514 I GameModeConfig: Current uri is uri = content://com.thundercomm.gamemode.api/gamemode_settings/gamemode_isgaming
11-11 05:39:16.552 1514 1514 I GameModeConfig: isGameModeOn = false
11-11 05:39:16.552 1514 1514 I GameModeConfig: isGameModeOn = false
11-11 05:39:16.552 1514 1514 I GameModeConfig: isDisableVoice = true
11-11 05:39:18.744 1514 3207 I ActivityTaskManager: START u0 {act=android.intent.action.MAIN cat=[android.intent.category.LAUNCHER] flg=0x10200000 cmp=com.android.gallery3d/.app.GalleryActivity bnds=[2233,174][2408,357]} from uid 10079
11-11 05:39:18.751 1514 3207 W ActivityTaskManager: Can't find TaskDisplayArea to determine support for multi window. Task id=93 attached=false
11-11 05:39:18.757 1514 3207 D CompatibilityChangeReporter: Compat change id reported: 174042980; UID 10068; state: DISABLED
11-11 05:39:18.758 1514 3207 D CompatibilityChangeReporter: Compat change id reported: 184838306; UID 10068; state: DISABLED
11-11 05:39:18.759 1514 3207 D CompatibilityChangeReporter: Compat change id reported: 185004937; UID 10068; state: DISABLED
11-11 05:39:18.759 1514 3207 D CompatibilityChangeReporter: Compat change id reported: 181136395; UID 10068; state: DISABLED
11-11 05:39:18.760 1514 3207 D CompatibilityChangeReporter: Compat change id reported: 174042936; UID 10068; state: DISABLED
11-11 05:39:18.763 1514 3207 D CompatibilityChangeReporter: Compat change id reported: 168419799; UID 10068; state: DISABLED
11-11 05:39:18.777 1514 1595 D CompatibilityChangeReporter: Compat change id reported: 135634846; UID 10068; state: DISABLED
11-11 05:39:18.777 1514 1595 D CompatibilityChangeReporter: Compat change id reported: 177438394; UID 10068; state: DISABLED
11-11 05:39:18.777 1514 1595 D CompatibilityChangeReporter: Compat change id reported: 135772972; UID 10068; state: DISABLED
11-11 05:39:18.777 1514 1595 D CompatibilityChangeReporter: Compat change id reported: 135754954; UID 10068; state: DISABLED
11-11 05:39:18.780 1514 1615 D CompatibilityChangeReporter: Compat change id reported: 143937733; UID 10068; state: DISABLED
11-11 05:39:18.793 1514 10536 I ActivityTaskManager: FOREGROUND_APPLICATION_CHANGED to com.android.gallery3d.app.GalleryActivity
11-11 05:39:18.807 1514 1615 I ActivityManager: Start proc 12756:com.android.gallery3d/u0a68 for pre-top-activity {com.android.gallery3d/com.android.gallery3d.app.GalleryActivity}
11-11 05:39:18.808 1514 12757 W ContextImpl: Calling a method in the system process without a qualified user: android.app.ContextImpl.sendBroadcast:1173 com.qualcomm.qti.Performance$SendGameLaunchBroadcast.run:217 java.lang.Thread.run:920
11-11 05:39:18.841 3685 3703 W ContextImpl: Calling a method in the system process without a qualified user: android.app.ContextImpl.startService:1816 android.content.ContextWrapper.startService:774 com.thundercomm.gamemode.ingame.services.GameModeActionUtils.startGameModeService:93 com.thundercomm.gamemode.ingame.services.GameModeActionUtils.startGameModeEntry:21 com.thundercomm.gamemode.ingame.services.ActivityMonitoringService$1.onActivityLaunch:126
11-11 05:39:18.852 1514 1514 I GameModeConfig: Current uri is uri = content://com.thundercomm.gamemode.api/gamemode_settings/gamemode_isgaming
11-11 05:39:18.855 1514 1514 I GameModeConfig: isGameModeOn = false
11-11 05:39:18.855 1514 1514 I GameModeConfig: isGameModeOn = false
11-11 05:39:18.855 1514 1514 I GameModeConfig: isDisableVoice = true
11-11 05:39:18.883 1514 10083 W WindowManager: Failed looking up window session=Session{2dfb7c7 12756:u0a10068} callers=com.android.server.wm.WindowManagerService.windowForClientLocked:5628 com.android.server.wm.Session.insetsModified:629 android.view.IWindowSession$Stub.onTransact:1151
11-11 05:39:18.914 1514 1901 I GameModeConfig: isGameModeOn = false
11-11 05:39:18.915 1514 1901 I GameModeConfig: isGameModeOn = false
11-11 05:39:18.915 1514 1901 I GameModeConfig: isGameModeOn = false
11-11 05:39:18.915 1514 1901 I GameModeConfig: isGameModeOn = false
11-11 05:39:18.932 3685 3703 W ContextImpl: Calling a method in the system process without a qualified user: android.app.ContextImpl.startService:1816 android.content.ContextWrapper.startService:774 com.thundercomm.gamemode.ingame.services.GameModeActionUtils.startGameModeService:93 com.thundercomm.gamemode.ingame.services.GameModeActionUtils.startGameModeEntry:21 com.thundercomm.gamemode.ingame.services.ActivityMonitoringService$1.onActivityLaunch:126
11-11 05:39:18.937 1514 1514 I GameModeConfig: Current uri is uri = content://com.thundercomm.gamemode.api/gamemode_settings/gamemode_isgaming
11-11 05:39:18.939 1514 1514 I GameModeConfig: isGameModeOn = false
11-11 05:39:18.939 1514 1514 I GameModeConfig: isGameModeOn = false
11-11 05:39:18.939 1514 1514 I GameModeConfig: isDisableVoice = true
11-11 05:39:19.113 1514 1514 I GameModeConfig: isGameModeOn = false
11-11 05:39:19.120 1514 1514 W NotificationHistory: Attempted to add notif for locked/gone/disabled user 0
11-11 05:39:19.448 3685 3703 W ContextImpl: Calling a method in the system process without a qualified user: android.app.ContextImpl.startService:1816 android.content.ContextWrapper.startService:774 com.thundercomm.gamemode.ingame.services.GameModeActionUtils.startGameModeService:93 com.thundercomm.gamemode.ingame.services.GameModeActionUtils.startGameModeEntry:21 com.thundercomm.gamemode.ingame.services.ActivityMonitoringService$1.onActivityLaunch:126
11-11 05:39:19.454 1514 1514 I GameModeConfig: Current uri is uri = content://com.thundercomm.gamemode.api/gamemode_settings/gamemode_isgaming
11-11 05:39:19.456 1514 1514 I GameModeConfig: isGameModeOn = false
11-11 05:39:19.457 1514 1514 I GameModeConfig: isGameModeOn = false
11-11 05:39:19.457 1514 1514 I GameModeConfig: isDisableVoice = true
11-11 05:39:20.868 1514 9439 I ActivityTaskManager: START u0 {act=android.intent.action.VIEW dat=content://media/external/video/media/20 typ=video/* cmp=com.android.gallery3d/.app.MovieActivity (has extras)} from uid 10068
11-11 05:39:20.890 1514 10536 I ActivityTaskManager: FOREGROUND_APPLICATION_CHANGED to com.android.gallery3d.app.MovieActivity
11-11 05:39:20.890 1514 10536 I ActivityTaskManager: The Process com.android.gallery3d Already Exists in BG. So sending its PID: 12756
11-11 05:39:20.891 1514 10536 W ActivityTaskManager: Tried to set launchTime (0) < mLastActivityLaunchTime (3174246)
11-11 05:39:20.934 1514 10536 W WindowManager: Failed looking up window session=Session{2dfb7c7 12756:u0a10068} callers=com.android.server.wm.WindowManagerService.windowForClientLocked:5628 com.android.server.wm.Session.insetsModified:629 android.view.IWindowSession$Stub.onTransact:1151
11-11 05:39:21.001 3685 3703 W ContextImpl: Calling a method in the system process without a qualified user: android.app.ContextImpl.startService:1816 android.content.ContextWrapper.startService:774 com.thundercomm.gamemode.ingame.services.GameModeActionUtils.startGameModeService:93 com.thundercomm.gamemode.ingame.services.GameModeActionUtils.startGameModeEntry:21 com.thundercomm.gamemode.ingame.services.ActivityMonitoringService$1.onActivityLaunch:126
11-11 05:39:21.006 1514 1514 I GameModeConfig: Current uri is uri = content://com.thundercomm.gamemode.api/gamemode_settings/gamemode_isgaming
11-11 05:39:21.012 1514 1514 I GameModeConfig: isGameModeOn = false
11-11 05:39:21.012 1514 1514 I GameModeConfig: isGameModeOn = false
11-11 05:39:21.012 1514 1514 I GameModeConfig: isDisableVoice = true
11-11 05:39:21.882 1514 1901 I GameModeConfig: isGameModeOn = false
11-11 05:39:21.906 1514 1901 I GameModeConfig: isGameModeOn = false
11-11 05:39:21.926 1514 1901 I GameModeConfig: isGameModeOn = false
11-11 05:39:22.077 1514 1901 I GameModeConfig: isGameModeOn = false
11-11 05:39:22.113 1514 1901 I GameModeConfig: isGameModeOn = false
11-11 05:39:22.128 1514 1901 I GameModeConfig: isGameModeOn = false
11-11 05:39:22.283 1514 2742 E TaskPersister: File error accessing recents directory (directory doesn't exist?).
11-11 05:39:23.856 3685 3703 W ContextImpl: Calling a method in the system process without a qualified user: android.app.ContextImpl.startService:1816 android.content.ContextWrapper.startService:774 com.thundercomm.gamemode.ingame.services.GameModeActionUtils.startGameModeService:93 com.thundercomm.gamemode.ingame.services.GameModeActionUtils.startGameModeEntry:21 com.thundercomm.gamemode.ingame.services.ActivityMonitoringService$1.onActivityLaunch:126
11-11 05:39:23.860 1514 1514 I GameModeConfig: Current uri is uri = content://com.thundercomm.gamemode.api/gamemode_settings/gamemode_isgaming
11-11 05:39:23.864 1514 1514 I GameModeConfig: isGameModeOn = false
11-11 05:39:23.865 1514 1514 I GameModeConfig: isGameModeOn = false
11-11 05:39:23.865 1514 1514 I GameModeConfig: isDisableVoice = true
11-11 05:39:24.259 1514 1901 I GameModeConfig: isGameModeOn = false
11-11 05:39:24.274 1514 1901 I GameModeConfig: isGameModeOn = false
11-11 05:39:24.294 1514 1901 I GameModeConfig: isGameModeOn = false
11-11 05:39:24.312 1514 1901 I GameModeConfig: isGameModeOn = false
11-11 05:39:24.324 1514 1901 I GameModeConfig: isGameModeOn = false
11-11 05:39:24.330 1514 1901 I GameModeConfig: isGameModeOn = false
11-11 05:39:24.347 1514 1901 I GameModeConfig: isGameModeOn = false
11-11 05:39:24.363 1514 1901 I GameModeConfig: isGameModeOn = false
11-11 05:39:24.383 1514 1901 I GameModeConfig: isGameModeOn = false
11-11 05:39:24.398 1514 1901 I GameModeConfig: isGameModeOn = false
11-11 05:39:24.419 1514 1901 I GameModeConfig: isGameModeOn = false
11-11 05:39:24.437 1514 1901 I GameModeConfig: isGameModeOn = false
11-11 05:39:24.451 1514 1901 I GameModeConfig: isGameModeOn = false
11-11 05:39:24.456 1514 1901 I GameModeConfig: isGameModeOn = false
11-11 05:39:24.471 1514 1901 I GameModeConfig: isGameModeOn = false
11-11 05:39:24.479 1514 1901 I GameModeConfig: isGameModeOn = false
11-11 05:39:24.486 1514 1901 I GameModeConfig: isGameModeOn = false
11-11 05:39:24.497 1514 1901 I GameModeConfig: isGameModeOn = false
11-11 05:39:24.500 1514 1901 I GameModeConfig: isGameModeOn = false
11-11 05:39:24.516 1514 1901 I GameModeConfig: isGameModeOn = false
11-11 05:39:24.517 1514 1901 I GameModeConfig: isGameModeOn = false
11-11 05:39:24.525 1514 1901 I GameModeConfig: isGameModeOn = false
11-11 05:39:24.534 1514 1901 I GameModeConfig: isGameModeOn = false
11-11 05:39:24.542 1514 1901 I GameModeConfig: isGameModeOn = false
11-11 05:39:24.550 1514 1901 I GameModeConfig: isGameModeOn = false
11-11 05:39:24.572 1514 1901 I GameModeConfig: isGameModeOn = false
11-11 05:39:24.585 1514 1901 I GameModeConfig: isGameModeOn = false
11-11 05:39:24.601 1514 1901 I GameModeConfig: isGameModeOn = false
11-11 05:39:24.625 1514 1901 I GameModeConfig: isGameModeOn = false
11-11 05:39:24.637 1514 1901 I GameModeConfig: isGameModeOn = false
11-11 05:39:24.655 1514 1901 I GameModeConfig: isGameModeOn = false
11-11 05:39:24.671 1514 1901 I GameModeConfig: isGameModeOn = false
11-11 05:39:24.683 1514 1901 I GameModeConfig: isGameModeOn = false
11-11 05:39:24.704 1514 1901 I GameModeConfig: isGameModeOn = false
11-11 05:39:24.720 1514 1901 I GameModeConfig: isGameModeOn = false
11-11 05:39:24.745 1514 1901 I GameModeConfig: isGameModeOn = false
11-11 05:39:25.638 1514 9439 I ActivityTaskManager: START u0 {flg=0x10008000 cmp=com.android.gallery3d/.app.MovieActivity} from uid 10079
11-11 05:39:25.687 1514 9439 D FreeFormWindowHelper: Add freeform task=Task{8745f5 #93 type=standard A=10068:com.android.gallery3d U=0 visible=true mode=freeform translucent=false sz=2}
11-11 05:39:25.847 1514 10536 I ActivityTaskManager: The Process com.android.gallery3d Already Exists in BG. So sending its PID: 12756
11-11 05:39:25.848 1514 10536 W ActivityTaskManager: Tried to set launchTime (0) < mLastActivityLaunchTime (3176306)
11-11 05:39:25.930 12756 12756 E AndroidRuntime: FATAL EXCEPTION: main
11-11 05:39:25.930 12756 12756 E AndroidRuntime: Process: com.android.gallery3d, PID: 12756
11-11 05:39:25.930 12756 12756 E AndroidRuntime: java.lang.RuntimeException: Unable to start activity ComponentInfo{com.android.gallery3d/com.android.gallery3d.app.MovieActivity}: java.lang.NullPointerException: Attempt to invoke virtual method 'java.lang.String android.net.Uri.getScheme()' on a null object reference
11-11 05:39:25.930 12756 12756 E AndroidRuntime: at android.app.ActivityThread.performLaunchActivity(ActivityThread.java:3636)
11-11 05:39:25.930 12756 12756 E AndroidRuntime: at android.app.ActivityThread.handleLaunchActivity(ActivityThread.java:3793)
11-11 05:39:25.930 12756 12756 E AndroidRuntime: at android.app.servertransaction.LaunchActivityItem.execute(LaunchActivityItem.java:103)
11-11 05:39:25.930 12756 12756 E AndroidRuntime: at android.app.servertransaction.TransactionExecutor.executeCallbacks(TransactionExecutor.java:135)
11-11 05:39:25.930 12756 12756 E AndroidRuntime: at android.app.servertransaction.TransactionExecutor.execute(TransactionExecutor.java:95)
11-11 05:39:25.930 12756 12756 E AndroidRuntime: at android.app.ActivityThread$H.handleMessage(ActivityThread.java:2211)
11-11 05:39:25.930 12756 12756 E AndroidRuntime: at android.os.Handler.dispatchMessage(Handler.java:106)
11-11 05:39:25.930 12756 12756 E AndroidRuntime: at android.os.Looper.loopOnce(Looper.java:201)
11-11 05:39:25.930 12756 12756 E AndroidRuntime: at android.os.Looper.loop(Looper.java:288)
11-11 05:39:25.930 12756 12756 E AndroidRuntime: at android.app.ActivityThread.main(ActivityThread.java:7880)
11-11 05:39:25.930 12756 12756 E AndroidRuntime: at java.lang.reflect.Method.invoke(Native Method)
11-11 05:39:25.930 12756 12756 E AndroidRuntime: at com.android.internal.os.RuntimeInit$MethodAndArgsCaller.run(RuntimeInit.java:548)
11-11 05:39:25.930 12756 12756 E AndroidRuntime: at com.android.internal.os.ZygoteInit.main(ZygoteInit.java:1009)
11-11 05:39:25.930 12756 12756 E AndroidRuntime: Caused by: java.lang.NullPointerException: Attempt to invoke virtual method 'java.lang.String android.net.Uri.getScheme()' on a null object reference
11-11 05:39:25.930 12756 12756 E AndroidRuntime: at com.android.gallery3d.app.MoviePlayer.startVideo(MoviePlayer.java:324)
11-11 05:39:25.930 12756 12756 E AndroidRuntime: at com.android.gallery3d.app.MoviePlayer.(MoviePlayer.java:200)
11-11 05:39:25.930 12756 12756 E AndroidRuntime: at com.android.gallery3d.app.MovieActivity$1.(MovieActivity.java:95)
11-11 05:39:25.930 12756 12756 E AndroidRuntime: at com.android.gallery3d.app.MovieActivity.onCreate(MovieActivity.java:94)
11-11 05:39:25.930 12756 12756 E AndroidRuntime: at android.app.Activity.performCreate(Activity.java:8070)
11-11 05:39:25.930 12756 12756 E AndroidRuntime: at android.app.Activity.performCreate(Activity.java:8050)
11-11 05:39:25.930 12756 12756 E AndroidRuntime: at android.app.Instrumentation.callActivityOnCreate(Instrumentation.java:1330)
11-11 05:39:25.930 12756 12756 E AndroidRuntime: at android.app.ActivityThread.performLaunchActivity(ActivityThread.java:3609)
11-11 05:39:25.930 12756 12756 E AndroidRuntime: ... 12 more
11-11 05:39:25.932 1514 10536 W ActivityTaskManager: Force finishing activity com.android.gallery3d/.app.MovieActivity
11-11 05:39:25.935 1514 12853 I DropBoxManagerService: add tag=system_app_crash isTagEnabled=true flags=0x2
11-11 05:39:25.954 1514 2505 I ActivityManager: Process com.android.gallery3d (pid 12756) has died: fg TOP
11-11 05:39:25.954 1514 8092 I WindowManager: WIN DEATH: Window{9d05960 u0 com.android.gallery3d/com.android.gallery3d.app.GalleryActivity}
11-11 05:39:25.959 1514 2960 I WindowManager: WIN DEATH: Window{3d0bedd u0 com.android.gallery3d/com.android.gallery3d.app.MovieActivity}
11-11 05:39:25.982 1514 2505 D FreeFormWindowHelper: Remove freefrom task=Task{8745f5 #93 type=standard A=10068:com.android.gallery3d U=0 visible=false mode=freeform translucent=true sz=0}
11-11 05:39:25.982 1514 2505 I ActivityTaskManager: FOREGROUND_APPLICATION_CHANGED to com.android.launcher3.uioverrides.QuickstepLauncher
11-11 05:39:25.993 3685 3703 W ContextImpl: Calling a method in the system process without a qualified user: android.app.ContextImpl.startService:1816 android.content.ContextWrapper.startService:774 com.thundercomm.gamemode.ingame.services.GameModeActionUtils.startGameModeService:93 com.thundercomm.gamemode.ingame.services.GameModeActionUtils.startGameModeEntry:21 com.thundercomm.gamemode.ingame.services.ActivityMonitoringService$1.onActivityLaunch:126
11-11 05:39:25.998 1514 1595 W ActivityManager: setHasOverlayUi called on unknown pid: 12756
11-11 05:39:26.001 1514 1612 W UsageStatsService: Unexpected activity event reported! (com.android.gallery3d/com.android.gallery3d.app.GalleryActivity event : 23 instanceId : 199165617)
11-11 05:39:26.004 1514 1514 I GameModeConfig: Current uri is uri = content://com.thundercomm.gamemode.api/gamemode_settings/gamemode_isgaming
11-11 05:39:26.017 1514 1514 I GameModeConfig: isGameModeOn = false
11-11 05:39:26.017 1514 1514 I GameModeConfig: isGameModeOn = false
11-11 05:39:26.017 1514 1514 I GameModeConfig: isDisableVoice = true
11-11 05:39:26.227 3685 3703 W ContextImpl: Calling a method in the system process without a qualified user: android.app.ContextImpl.startService:1816 android.content.ContextWrapper.startService:774 com.thundercomm.gamemode.ingame.services.GameModeActionUtils.startGameModeService:93 com.thundercomm.gamemode.ingame.services.GameModeActionUtils.startGameModeEntry:21 com.thundercomm.gamemode.ingame.services.ActivityMonitoringService$1.onActivityLaunch:126
11-11 05:39:26.235 1514 1514 I GameModeConfig: Current uri is uri = content://com.thundercomm.gamemode.api/gamemode_settings/gamemode_isgaming
11-11 05:39:26.240 1514 1514 I GameModeConfig: isGameModeOn = false
11-11 05:39:26.240 1514 1514 I GameModeConfig: isGameModeOn = false
11-11 05:39:26.240 1514 1514 I GameModeConfig: isDisableVoice = true
11-11 05:39:26.434 1514 1595 W ActivityTaskManager: Activity top resumed state loss timeout for ActivityRecord{8075528 u0 com.android.gallery3d/.app.MovieActivity t-1 f}}
11-11 05:39:28.927 1514 1901 I GameModeConfig: isGameModeOn = false
11-11 05:39:29.114 1514 1901 I GameModeConfig: isGameModeOn = false
11-11 05:39:29.208 1514 2742 E TaskPersister: File error accessing recents directory (directory doesn't exist?).
11-11 05:39:29.802 1514 6145 I ActivityTaskManager: START u0 {act=android.intent.action.MAIN cat=[android.intent.category.LAUNCHER] flg=0x10200000 cmp=com.android.gallery3d/.app.GalleryActivity bnds=[2233,174][2408,357]} from uid 10079
11-11 05:39:29.807 1514 6145 W ActivityTaskManager: Can't find TaskDisplayArea to determine support for multi window. Task id=94 attached=false
11-11 05:39:29.823 1514 1595 D CompatibilityChangeReporter: Compat change id reported: 135634846; UID 10068; state: DISABLED
11-11 05:39:29.823 1514 1595 D CompatibilityChangeReporter: Compat change id reported: 177438394; UID 10068; state: DISABLED
11-11 05:39:29.823 1514 1595 D CompatibilityChangeReporter: Compat change id reported: 135772972; UID 10068; state: DISABLED
11-11 05:39:29.823 1514 1595 D CompatibilityChangeReporter: Compat change id reported: 135754954; UID 10068; state: DISABLED
11-11 05:39:29.824 1514 6145 I ActivityTaskManager: FOREGROUND_APPLICATION_CHANGED to com.android.gallery3d.app.GalleryActivity
11-11 05:39:29.824 1514 1615 D CompatibilityChangeReporter: Compat change id reported: 143937733; UID 10068; state: DISABLED
11-11 05:39:29.834 1514 1615 I ActivityManager: Start proc 12863:com.android.gallery3d/u0a68 for pre-top-activity {com.android.gallery3d/com.android.gallery3d.app.GalleryActivity}
11-11 05:39:29.848 1514 12864 W ContextImpl: Calling a method in the system process without a qualified user: android.app.ContextImpl.sendBroadcast:1173 com.qualcomm.qti.Performance$SendGameLaunchBroadcast.run:217 java.lang.Thread.run:920
11-11 05:39:29.887 3685 3703 W ContextImpl: Calling a method in the system process without a qualified user: android.app.ContextImpl.startService:1816 android.content.ContextWrapper.startService:774 com.thundercomm.gamemode.ingame.services.GameModeActionUtils.startGameModeService:93 com.thundercomm.gamemode.ingame.services.GameModeActionUtils.startGameModeEntry:21 com.thundercomm.gamemode.ingame.services.ActivityMonitoringService$1.onActivityLaunch:126
11-11 05:39:29.892 1514 1514 I GameModeConfig: Current uri is uri = content://com.thundercomm.gamemode.api/gamemode_settings/gamemode_isgaming
11-11 05:39:29.894 1514 1514 I GameModeConfig: isGameModeOn = false
11-11 05:39:29.894 1514 1514 I GameModeConfig: isGameModeOn = false
11-11 05:39:29.895 1514 1514 I GameModeConfig: isDisableVoice = true
11-11 05:39:29.915 1514 1921 W WindowManager: Failed looking up window session=Session{32a69e8 12863:u0a10068} callers=com.android.server.wm.WindowManagerService.windowForClientLocked:5628 com.android.server.wm.Session.insetsModified:629 android.view.IWindowSession$Stub.onTransact:1151
11-11 05:39:29.933 1514 1901 I GameModeConfig: isGameModeOn = false
11-11 05:39:29.934 1514 1901 I GameModeConfig: isGameModeOn = false
11-11 05:39:29.934 1514 1901 I GameModeConfig: isGameModeOn = false
11-11 05:39:29.934 1514 1901 I GameModeConfig: isGameModeOn = false
11-11 05:39:29.947 3685 3703 W ContextImpl: Calling a method in the system process without a qualified user: android.app.ContextImpl.startService:1816 android.content.ContextWrapper.startService:774 com.thundercomm.gamemode.ingame.services.GameModeActionUtils.startGameModeService:93 com.thundercomm.gamemode.ingame.services.GameModeActionUtils.startGameModeEntry:21 com.thundercomm.gamemode.ingame.services.ActivityMonitoringService$1.onActivityLaunch:126
11-11 05:39:29.956 1514 1514 I GameModeConfig: Current uri is uri = content://com.thundercomm.gamemode.api/gamemode_settings/gamemode_isgaming
11-11 05:39:29.964 1514 1514 I GameModeConfig: isGameModeOn = false
11-11 05:39:29.964 1514 1514 I GameModeConfig: isGameModeOn = false
11-11 05:39:29.964 1514 1514 I GameModeConfig: isDisableVoice = true
11-11 05:39:30.143 1514 1514 I GameModeConfig: isGameModeOn = false
11-11 05:39:30.145 1514 1514 W NotificationHistory: Attempted to add notif for locked/gone/disabled user 0
11-11 05:39:30.481 3685 3703 W ContextImpl: Calling a method in the system process without a qualified user: android.app.ContextImpl.startService:1816 android.content.ContextWrapper.startService:774 com.thundercomm.gamemode.ingame.services.GameModeActionUtils.startGameModeService:93 com.thundercomm.gamemode.ingame.services.GameModeActionUtils.startGameModeEntry:21 com.thundercomm.gamemode.ingame.services.ActivityMonitoringService$1.onActivityLaunch:126
11-11 05:39:30.485 1514 1514 I GameModeConfig: Current uri is uri = content://com.thundercomm.gamemode.api/gamemode_settings/gamemode_isgaming
11-11 05:39:30.487 1514 1514 I GameModeConfig: isGameModeOn = false
11-11 05:39:30.487 1514 1514 I GameModeConfig: isGameModeOn = false
11-11 05:39:30.487 1514 1514 I GameModeConfig: isDisableVoice = true
11-11 05:39:32.379 1514 2505 I ActivityTaskManager: START u0 {act=android.intent.action.VIEW dat=content://media/external/video/media/20 typ=video/* cmp=com.android.gallery3d/.app.MovieActivity (has extras)} from uid 10068
11-11 05:39:32.422 1514 1921 I ActivityTaskManager: FOREGROUND_APPLICATION_CHANGED to com.android.gallery3d.app.MovieActivity
11-11 05:39:32.422 1514 1921 I ActivityTaskManager: The Process com.android.gallery3d Already Exists in BG. So sending its PID: 12863
