11-11 06:06:06.118 1514 1514 W NotificationHistory: Attempted to add notif for locked/gone/disabled user 0
11-11 06:06:06.123 1514 1974 E DisplayDeviceConfig: requesting nits when no mapping exists.
11-11 06:06:06.124 1514 1974 E DisplayDeviceConfig: requesting nits when no mapping exists.
11-11 06:06:06.125 1514 1614 I am_wtf : [0,1514,system_server,-1,DisplayDeviceConfig,requesting nits when no mapping exists.]
11-11 06:06:06.126 1514 1614 I am_wtf : [0,1514,system_server,-1,DisplayDeviceConfig,requesting nits when no mapping exists.]
11-11 06:06:06.139 1514 1974 E DisplayDeviceConfig: requesting nits when no mapping exists.
11-11 06:06:06.139 1514 1974 E DisplayDeviceConfig: requesting nits when no mapping exists.
11-11 06:06:06.139 1514 1614 I am_wtf : [0,1514,system_server,-1,DisplayDeviceConfig,requesting nits when no mapping exists.]
11-11 06:06:06.140 1514 1614 I am_wtf : [0,1514,system_server,-1,DisplayDeviceConfig,requesting nits when no mapping exists.]
11-11 06:06:06.155 1514 1974 E DisplayDeviceConfig: requesting nits when no mapping exists.
11-11 06:06:06.155 1514 1974 E DisplayDeviceConfig: requesting nits when no mapping exists.
11-11 06:06:06.155 1514 1614 I am_wtf : [0,1514,system_server,-1,DisplayDeviceConfig,requesting nits when no mapping exists.]
11-11 06:06:06.157 1514 1614 I am_wtf : [0,1514,system_server,-1,DisplayDeviceConfig,requesting nits when no mapping exists.]
11-11 06:06:06.170 1514 1974 E DisplayDeviceConfig: requesting nits when no mapping exists.
11-11 06:06:06.171 1514 1974 E DisplayDeviceConfig: requesting nits when no mapping exists.
11-11 06:06:06.171 1514 1614 I am_wtf : [0,1514,system_server,-1,DisplayDeviceConfig,requesting nits when no mapping exists.]
11-11 06:06:06.172 1514 1614 I service_manager_stats: [100,79,6903]
11-11 06:06:06.172 1514 1614 I am_wtf : [0,1514,system_server,-1,DisplayDeviceConfig,requesting nits when no mapping exists.]
11-11 06:06:06.187 1514 1974 E DisplayDeviceConfig: requesting nits when no mapping exists.
11-11 06:06:06.188 1514 1974 E DisplayDeviceConfig: requesting nits when no mapping exists.
11-11 06:06:06.188 1514 1614 I am_wtf : [0,1514,system_server,-1,DisplayDeviceConfig,requesting nits when no mapping exists.]
11-11 06:06:06.190 1514 1614 I am_wtf : [0,1514,system_server,-1,DisplayDeviceConfig,requesting nits when no mapping exists.]
11-11 06:06:06.206 1514 1974 E DisplayDeviceConfig: requesting nits when no mapping exists.
11-11 06:06:06.206 1514 1595 I wm_stop_activity: [0,157690489,com.android.launcher3/.uioverrides.QuickstepLauncher]
11-11 06:06:06.207 1514 1614 I am_wtf : [0,1514,system_server,-1,DisplayDeviceConfig,requesting nits when no mapping exists.]
11-11 06:06:06.208 1514 1974 E DisplayDeviceConfig: requesting nits when no mapping exists.
11-11 06:06:06.208 1514 1614 I am_wtf : [0,1514,system_server,-1,DisplayDeviceConfig,requesting nits when no mapping exists.]
11-11 06:06:06.223 1514 1974 E DisplayDeviceConfig: requesting nits when no mapping exists.
11-11 06:06:06.224 1514 1614 I am_wtf : [0,1514,system_server,-1,DisplayDeviceConfig,requesting nits when no mapping exists.]
11-11 06:06:06.225 1514 1974 E DisplayDeviceConfig: requesting nits when no mapping exists.
11-11 06:06:06.226 1514 1614 I am_wtf : [0,1514,system_server,-1,DisplayDeviceConfig,requesting nits when no mapping exists.]
11-11 06:06:06.241 2503 2503 I wm_on_stop_called: [157690489,com.android.launcher3.uioverrides.QuickstepLauncher,STOP_ACTIVITY_ITEM]
11-11 06:06:06.242 1514 1974 E DisplayDeviceConfig: requesting nits when no mapping exists.
11-11 06:06:06.242 1514 1974 E DisplayDeviceConfig: requesting nits when no mapping exists.
11-11 06:06:06.242 1514 1614 I am_wtf : [0,1514,system_server,-1,DisplayDeviceConfig,requesting nits when no mapping exists.]
11-11 06:06:06.243 1514 1614 I am_wtf : [0,1514,system_server,-1,DisplayDeviceConfig,requesting nits when no mapping exists.]
11-11 06:06:06.255 1514 1974 E DisplayDeviceConfig: requesting nits when no mapping exists.
11-11 06:06:06.256 1514 1614 I am_wtf : [0,1514,system_server,-1,DisplayDeviceConfig,requesting nits when no mapping exists.]
11-11 06:06:06.257 1514 1974 E DisplayDeviceConfig: requesting nits when no mapping exists.
11-11 06:06:06.258 1514 1614 I am_wtf : [0,1514,system_server,-1,DisplayDeviceConfig,requesting nits when no mapping exists.]
11-11 06:06:06.264 3685 3703 W ContextImpl: Calling a method in the system process without a qualified user: android.app.ContextImpl.startService:1816 android.content.ContextWrapper.startService:774 com.thundercomm.gamemode.ingame.services.GameModeActionUtils.startGameModeService:93 com.thundercomm.gamemode.ingame.services.GameModeActionUtils.startGameModeEntry:21 com.thundercomm.gamemode.ingame.services.ActivityMonitoringService$1.onActivityLaunch:126
11-11 06:06:06.268 1514 1974 E DisplayDeviceConfig: requesting nits when no mapping exists.
11-11 06:06:06.268 1514 1614 I am_wtf : [0,1514,system_server,-1,DisplayDeviceConfig,requesting nits when no mapping exists.]
11-11 06:06:06.268 1514 1974 E DisplayDeviceConfig: requesting nits when no mapping exists.
11-11 06:06:06.268 1514 1514 I GameModeConfig: Current uri is uri = content://com.thundercomm.gamemode.api/gamemode_settings/gamemode_isgaming
11-11 06:06:06.269 1514 1614 I am_wtf : [0,1514,system_server,-1,DisplayDeviceConfig,requesting nits when no mapping exists.]
11-11 06:06:06.271 1514 1514 I GameModeConfig: isGameModeOn = false
11-11 06:06:06.271 1514 1514 I GameModeConfig: isGameModeOn = false
11-11 06:06:06.271 1514 1514 I GameModeConfig: isDisableVoice = true
11-11 06:06:06.284 1514 1974 E DisplayDeviceConfig: requesting nits when no mapping exists.
11-11 06:06:06.285 1514 1974 E DisplayDeviceConfig: requesting nits when no mapping exists.
11-11 06:06:06.285 1514 1614 I am_wtf : [0,1514,system_server,-1,DisplayDeviceConfig,requesting nits when no mapping exists.]
11-11 06:06:06.286 1514 1614 I am_wtf : [0,1514,system_server,-1,DisplayDeviceConfig,requesting nits when no mapping exists.]
11-11 06:06:06.301 1514 1974 E DisplayDeviceConfig: requesting nits when no mapping exists.
11-11 06:06:06.302 1514 1974 E DisplayDeviceConfig: requesting nits when no mapping exists.
11-11 06:06:06.302 1514 1614 I am_wtf : [0,1514,system_server,-1,DisplayDeviceConfig,requesting nits when no mapping exists.]
11-11 06:06:06.303 1514 1614 I am_wtf : [0,1514,system_server,-1,DisplayDeviceConfig,requesting nits when no mapping exists.]
11-11 06:06:06.318 1514 1974 E DisplayDeviceConfig: requesting nits when no mapping exists.
11-11 06:06:06.319 1514 1974 E DisplayDeviceConfig: requesting nits when no mapping exists.
11-11 06:06:06.319 1514 1614 I am_wtf : [0,1514,system_server,-1,DisplayDeviceConfig,requesting nits when no mapping exists.]
11-11 06:06:06.320 1514 1614 I am_wtf : [0,1514,system_server,-1,DisplayDeviceConfig,requesting nits when no mapping exists.]
11-11 06:06:06.335 1514 1974 E DisplayDeviceConfig: requesting nits when no mapping exists.
11-11 06:06:06.335 1514 1614 I am_wtf : [0,1514,system_server,-1,DisplayDeviceConfig,requesting nits when no mapping exists.]
11-11 06:06:06.335 1514 1974 E DisplayDeviceConfig: requesting nits when no mapping exists.
11-11 06:06:06.336 1514 1614 I am_wtf : [0,1514,system_server,-1,DisplayDeviceConfig,requesting nits when no mapping exists.]
11-11 06:06:06.352 1514 1974 E DisplayDeviceConfig: requesting nits when no mapping exists.
11-11 06:06:06.352 1514 1974 E DisplayDeviceConfig: requesting nits when no mapping exists.
11-11 06:06:06.352 1514 1614 I am_wtf : [0,1514,system_server,-1,DisplayDeviceConfig,requesting nits when no mapping exists.]
11-11 06:06:06.353 1514 1614 I am_wtf : [0,1514,system_server,-1,DisplayDeviceConfig,requesting nits when no mapping exists.]
11-11 06:06:06.368 1514 1974 E DisplayDeviceConfig: requesting nits when no mapping exists.
11-11 06:06:06.369 1514 1614 I am_wtf : [0,1514,system_server,-1,DisplayDeviceConfig,requesting nits when no mapping exists.]
11-11 06:06:06.370 1514 1974 E DisplayDeviceConfig: requesting nits when no mapping exists.
11-11 06:06:06.371 1514 1614 I am_wtf : [0,1514,system_server,-1,DisplayDeviceConfig,requesting nits when no mapping exists.]
11-11 06:06:06.385 1514 1974 E DisplayDeviceConfig: requesting nits when no mapping exists.
11-11 06:06:06.385 1514 1614 I am_wtf : [0,1514,system_server,-1,DisplayDeviceConfig,requesting nits when no mapping exists.]
11-11 06:06:06.386 1514 1974 E DisplayDeviceConfig: requesting nits when no mapping exists.
11-11 06:06:06.387 1514 1614 I am_wtf : [0,1514,system_server,-1,DisplayDeviceConfig,requesting nits when no mapping exists.]
11-11 06:06:06.402 1514 1974 E DisplayDeviceConfig: requesting nits when no mapping exists.
11-11 06:06:06.403 1514 1614 I am_wtf : [0,1514,system_server,-1,DisplayDeviceConfig,requesting nits when no mapping exists.]
11-11 06:06:06.404 1514 1974 E DisplayDeviceConfig: requesting nits when no mapping exists.
11-11 06:06:06.404 1514 1614 I am_wtf : [0,1514,system_server,-1,DisplayDeviceConfig,requesting nits when no mapping exists.]
11-11 06:06:06.399 0 0 I auditd : type=1400 audit(0.0:5571): avc: denied { kill } for comm="swapper/2" capability=5 scontext=u:r:kernel:s0 tcontext=u:r:kernel:s0 tclass=capability permissive=0
11-11 06:06:06.420 1514 1974 E DisplayDeviceConfig: requesting nits when no mapping exists.
11-11 06:06:06.421 1514 1974 E DisplayDeviceConfig: requesting nits when no mapping exists.
11-11 06:06:06.421 1514 1614 I am_wtf : [0,1514,system_server,-1,DisplayDeviceConfig,requesting nits when no mapping exists.]
11-11 06:06:06.421 1514 1614 I am_wtf : [0,1514,system_server,-1,DisplayDeviceConfig,requesting nits when no mapping exists.]
11-11 06:06:06.435 1514 1974 E DisplayDeviceConfig: requesting nits when no mapping exists.
11-11 06:06:06.436 1514 1614 I am_wtf : [0,1514,system_server,-1,DisplayDeviceConfig,requesting nits when no mapping exists.]
11-11 06:06:06.436 1514 1974 E DisplayDeviceConfig: requesting nits when no mapping exists.
11-11 06:06:06.437 1514 1614 I am_wtf : [0,1514,system_server,-1,DisplayDeviceConfig,requesting nits when no mapping exists.]
11-11 06:06:06.452 1514 1974 E DisplayDeviceConfig: requesting nits when no mapping exists.
11-11 06:06:06.452 1514 1974 E DisplayDeviceConfig: requesting nits when no mapping exists.
11-11 06:06:06.452 1514 1614 I am_wtf : [0,1514,system_server,-1,DisplayDeviceConfig,requesting nits when no mapping exists.]
11-11 06:06:06.454 1514 1614 I am_wtf : [0,1514,system_server,-1,DisplayDeviceConfig,requesting nits when no mapping exists.]
11-11 06:06:06.469 1514 1974 E DisplayDeviceConfig: requesting nits when no mapping exists.
11-11 06:06:06.469 1514 1974 E DisplayDeviceConfig: requesting nits when no mapping exists.
11-11 06:06:06.469 1514 1614 I am_wtf : [0,1514,system_server,-1,DisplayDeviceConfig,requesting nits when no mapping exists.]
11-11 06:06:06.471 1514 1614 I am_wtf : [0,1514,system_server,-1,DisplayDeviceConfig,requesting nits when no mapping exists.]
11-11 06:06:06.486 1514 1974 E DisplayDeviceConfig: requesting nits when no mapping exists.
11-11 06:06:06.486 1514 1974 E DisplayDeviceConfig: requesting nits when no mapping exists.
11-11 06:06:06.486 1514 1614 I am_wtf : [0,1514,system_server,-1,DisplayDeviceConfig,requesting nits when no mapping exists.]
11-11 06:06:06.488 1514 1614 I am_wtf : [0,1514,system_server,-1,DisplayDeviceConfig,requesting nits when no mapping exists.]
11-11 06:06:06.507 1514 1974 E DisplayDeviceConfig: requesting nits when no mapping exists.
11-11 06:06:06.509 1514 1614 I am_wtf : [0,1514,system_server,-1,DisplayDeviceConfig,requesting nits when no mapping exists.]
11-11 06:06:06.510 1514 1974 E DisplayDeviceConfig: requesting nits when no mapping exists.
11-11 06:06:06.511 1514 1614 I am_wtf : [0,1514,system_server,-1,DisplayDeviceConfig,requesting nits when no mapping exists.]
11-11 06:06:06.520 1514 1974 E DisplayDeviceConfig: requesting nits when no mapping exists.
11-11 06:06:06.521 1514 1974 E DisplayDeviceConfig: requesting nits when no mapping exists.
11-11 06:06:06.521 1514 1614 I am_wtf : [0,1514,system_server,-1,DisplayDeviceConfig,requesting nits when no mapping exists.]
11-11 06:06:06.523 1514 1614 I am_wtf : [0,1514,system_server,-1,DisplayDeviceConfig,requesting nits when no mapping exists.]
11-11 06:06:06.535 1514 1974 E DisplayDeviceConfig: requesting nits when no mapping exists.
11-11 06:06:06.536 1514 1974 E DisplayDeviceConfig: requesting nits when no mapping exists.
11-11 06:06:06.537 1514 1614 I am_wtf : [0,1514,system_server,-1,DisplayDeviceConfig,requesting nits when no mapping exists.]
11-11 06:06:06.538 1514 1614 I am_wtf : [0,1514,system_server,-1,DisplayDeviceConfig,requesting nits when no mapping exists.]
11-11 06:06:06.552 1514 1974 E DisplayDeviceConfig: requesting nits when no mapping exists.
11-11 06:06:06.552 1514 1974 E DisplayDeviceConfig: requesting nits when no mapping exists.
11-11 06:06:06.552 1514 1614 I am_wtf : [0,1514,system_server,-1,DisplayDeviceConfig,requesting nits when no mapping exists.]
11-11 06:06:06.554 1514 1614 I am_wtf : [0,1514,system_server,-1,DisplayDeviceConfig,requesting nits when no mapping exists.]
11-11 06:06:06.569 1514 1974 E DisplayDeviceConfig: requesting nits when no mapping exists.
11-11 06:06:06.570 1514 1614 I am_wtf : [0,1514,system_server,-1,DisplayDeviceConfig,requesting nits when no mapping exists.]
11-11 06:06:06.571 1514 1974 E DisplayDeviceConfig: requesting nits when no mapping exists.
11-11 06:06:06.572 1514 1614 I am_wtf : [0,1514,system_server,-1,DisplayDeviceConfig,requesting nits when no mapping exists.]
11-11 06:06:06.585 1514 1974 E DisplayDeviceConfig: requesting nits when no mapping exists.
11-11 06:06:06.586 1514 1614 I am_wtf : [0,1514,system_server,-1,DisplayDeviceConfig,requesting nits when no mapping exists.]
11-11 06:06:06.586 1514 1974 E DisplayDeviceConfig: requesting nits when no mapping exists.
11-11 06:06:06.588 1514 1614 I am_wtf : [0,1514,system_server,-1,DisplayDeviceConfig,requesting nits when no mapping exists.]
11-11 06:06:06.602 1514 1974 E DisplayDeviceConfig: requesting nits when no mapping exists.
11-11 06:06:06.603 1514 1974 E DisplayDeviceConfig: requesting nits when no mapping exists.
11-11 06:06:06.604 1514 1614 I am_wtf : [0,1514,system_server,-1,DisplayDeviceConfig,requesting nits when no mapping exists.]
11-11 06:06:06.605 1514 1614 I am_wtf : [0,1514,system_server,-1,DisplayDeviceConfig,requesting nits when no mapping exists.]
11-11 06:06:06.619 1514 1974 E DisplayDeviceConfig: requesting nits when no mapping exists.
11-11 06:06:06.619 1514 1614 I am_wtf : [0,1514,system_server,-1,DisplayDeviceConfig,requesting nits when no mapping exists.]
11-11 06:06:06.620 1514 1974 E DisplayDeviceConfig: requesting nits when no mapping exists.
11-11 06:06:06.622 1514 1614 I am_wtf : [0,1514,system_server,-1,DisplayDeviceConfig,requesting nits when no mapping exists.]
11-11 06:06:06.636 1514 1974 E DisplayDeviceConfig: requesting nits when no mapping exists.
11-11 06:06:06.637 1514 1614 I am_wtf : [0,1514,system_server,-1,DisplayDeviceConfig,requesting nits when no mapping exists.]
11-11 06:06:06.638 1514 1974 E DisplayDeviceConfig: requesting nits when no mapping exists.
11-11 06:06:06.639 1514 1614 I am_wtf : [0,1514,system_server,-1,DisplayDeviceConfig,requesting nits when no mapping exists.]
11-11 06:06:06.652 1514 1974 E DisplayDeviceConfig: requesting nits when no mapping exists.
11-11 06:06:06.653 1514 1974 E DisplayDeviceConfig: requesting nits when no mapping exists.
11-11 06:06:06.653 1514 1614 I am_wtf : [0,1514,system_server,-1,DisplayDeviceConfig,requesting nits when no mapping exists.]
11-11 06:06:06.656 1514 1614 I am_wtf : [0,1514,system_server,-1,DisplayDeviceConfig,requesting nits when no mapping exists.]
11-11 06:06:06.672 1514 1974 E DisplayDeviceConfig: requesting nits when no mapping exists.
11-11 06:06:06.673 1514 1974 E DisplayDeviceConfig: requesting nits when no mapping exists.
11-11 06:06:06.673 1514 1614 I am_wtf : [0,1514,system_server,-1,DisplayDeviceConfig,requesting nits when no mapping exists.]
11-11 06:06:06.674 1514 1614 I am_wtf : [0,1514,system_server,-1,DisplayDeviceConfig,requesting nits when no mapping exists.]
11-11 06:06:06.686 1514 1974 E DisplayDeviceConfig: requesting nits when no mapping exists.
11-11 06:06:06.686 1514 1974 E DisplayDeviceConfig: requesting nits when no mapping exists.
11-11 06:06:06.688 1514 1614 I am_wtf : [0,1514,system_server,-1,DisplayDeviceConfig,requesting nits when no mapping exists.]
11-11 06:06:06.688 1514 1614 I am_wtf : [0,1514,system_server,-1,DisplayDeviceConfig,requesting nits when no mapping exists.]
11-11 06:06:06.705 1514 1974 E DisplayDeviceConfig: requesting nits when no mapping exists.
11-11 06:06:06.705 1514 1974 E DisplayDeviceConfig: requesting nits when no mapping exists.
11-11 06:06:06.705 1514 1614 I am_wtf : [0,1514,system_server,-1,DisplayDeviceConfig,requesting nits when no mapping exists.]
11-11 06:06:06.706 1514 1614 I am_wtf : [0,1514,system_server,-1,DisplayDeviceConfig,requesting nits when no mapping exists.]
11-11 06:06:06.719 1514 1974 E DisplayDeviceConfig: requesting nits when no mapping exists.
11-11 06:06:06.719 1514 1974 E DisplayDeviceConfig: requesting nits when no mapping exists.
11-11 06:06:06.719 1514 1614 I am_wtf : [0,1514,system_server,-1,DisplayDeviceConfig,requesting nits when no mapping exists.]
11-11 06:06:06.721 1514 1614 I am_wtf : [0,1514,system_server,-1,DisplayDeviceConfig,requesting nits when no mapping exists.]
11-11 06:06:06.737 1514 1974 E DisplayDeviceConfig: requesting nits when no mapping exists.
11-11 06:06:06.737 1514 1974 E DisplayDeviceConfig: requesting nits when no mapping exists.
11-11 06:06:06.737 1514 1614 I am_wtf : [0,1514,system_server,-1,DisplayDeviceConfig,requesting nits when no mapping exists.]
11-11 06:06:06.738 1514 1614 I am_wtf : [0,1514,system_server,-1,DisplayDeviceConfig,requesting nits when no mapping exists.]
11-11 06:06:06.755 1514 1974 E DisplayDeviceConfig: requesting nits when no mapping exists.
11-11 06:06:06.755 1514 1974 E DisplayDeviceConfig: requesting nits when no mapping exists.
11-11 06:06:06.755 1514 1614 I am_wtf : [0,1514,system_server,-1,DisplayDeviceConfig,requesting nits when no mapping exists.]
11-11 06:06:06.756 1514 1614 I am_wtf : [0,1514,system_server,-1,DisplayDeviceConfig,requesting nits when no mapping exists.]
11-11 06:06:06.769 1514 1974 E DisplayDeviceConfig: requesting nits when no mapping exists.
11-11 06:06:06.770 1514 1974 E DisplayDeviceConfig: requesting nits when no mapping exists.
11-11 06:06:06.770 1514 1614 I am_wtf : [0,1514,system_server,-1,DisplayDeviceConfig,requesting nits when no mapping exists.]
11-11 06:06:06.771 1514 1614 I am_wtf : [0,1514,system_server,-1,DisplayDeviceConfig,requesting nits when no mapping exists.]
11-11 06:06:06.786 1514 1974 E DisplayDeviceConfig: requesting nits when no mapping exists.
11-11 06:06:06.787 1514 1974 E DisplayDeviceConfig: requesting nits when no mapping exists.
11-11 06:06:06.787 1514 1614 I am_wtf : [0,1514,system_server,-1,DisplayDeviceConfig,requesting nits when no mapping exists.]
11-11 06:06:06.788 1514 1614 I am_wtf : [0,1514,system_server,-1,DisplayDeviceConfig,requesting nits when no mapping exists.]
11-11 06:06:06.803 1514 1974 E DisplayDeviceConfig: requesting nits when no mapping exists.
11-11 06:06:06.803 1514 1974 E DisplayDeviceConfig: requesting nits when no mapping exists.
11-11 06:06:06.803 1514 1614 I am_wtf : [0,1514,system_server,-1,DisplayDeviceConfig,requesting nits when no mapping exists.]
11-11 06:06:06.804 1514 1614 I am_wtf : [0,1514,system_server,-1,DisplayDeviceConfig,requesting nits when no mapping exists.]
11-11 06:06:06.819 1514 1974 E DisplayDeviceConfig: requesting nits when no mapping exists.
11-11 06:06:06.820 1514 1614 I am_wtf : [0,1514,system_server,-1,DisplayDeviceConfig,requesting nits when no mapping exists.]
11-11 06:06:06.820 1514 1974 E DisplayDeviceConfig: requesting nits when no mapping exists.
11-11 06:06:06.821 1514 1614 I am_wtf : [0,1514,system_server,-1,DisplayDeviceConfig,requesting nits when no mapping exists.]
11-11 06:06:06.836 1514 1974 E DisplayDeviceConfig: requesting nits when no mapping exists.
11-11 06:06:06.837 1514 1974 E DisplayDeviceConfig: requesting nits when no mapping exists.
11-11 06:06:06.838 1514 1614 I am_wtf : [0,1514,system_server,-1,DisplayDeviceConfig,requesting nits when no mapping exists.]
11-11 06:06:06.839 1514 1614 I am_wtf : [0,1514,system_server,-1,DisplayDeviceConfig,requesting nits when no mapping exists.]
11-11 06:06:06.853 1514 1974 E DisplayDeviceConfig: requesting nits when no mapping exists.
11-11 06:06:06.854 1514 1974 E DisplayDeviceConfig: requesting nits when no mapping exists.
11-11 06:06:06.854 1514 1614 I am_wtf : [0,1514,system_server,-1,DisplayDeviceConfig,requesting nits when no mapping exists.]
11-11 06:06:06.854 1514 1614 I am_wtf : [0,1514,system_server,-1,DisplayDeviceConfig,requesting nits when no mapping exists.]
11-11 06:06:06.870 1514 1974 E DisplayDeviceConfig: requesting nits when no mapping exists.
11-11 06:06:06.871 1514 1614 I am_wtf : [0,1514,system_server,-1,DisplayDeviceConfig,requesting nits when no mapping exists.]
11-11 06:06:06.872 1514 1974 E DisplayDeviceConfig: requesting nits when no mapping exists.
11-11 06:06:06.873 1514 1614 I am_wtf : [0,1514,system_server,-1,DisplayDeviceConfig,requesting nits when no mapping exists.]
11-11 06:06:07.399 0 0 I auditd : type=1400 audit(0.0:5572): avc: denied { kill } for comm="swapper/2" capability=5 scontext=u:r:kernel:s0 tcontext=u:r:kernel:s0 tclass=capability permissive=0
11-11 06:06:08.399 0 0 I auditd : type=1400 audit(0.0:5573): avc: denied { kill } for comm="swapper/2" capability=5 scontext=u:r:kernel:s0 tcontext=u:r:kernel:s0 tclass=capability permissive=0
11-11 06:06:09.399 0 0 I auditd : type=1400 audit(0.0:5574): avc: denied { kill } for comm="swapper/2" capability=5 scontext=u:r:kernel:s0 tcontext=u:r:kernel:s0 tclass=capability permissive=0
11-11 06:06:10.399 0 0 I auditd : type=1400 audit(0.0:5575): avc: denied { kill } for comm="swapper/2" capability=5 scontext=u:r:kernel:s0 tcontext=u:r:kernel:s0 tclass=capability permissive=0
11-11 06:06:11.399 0 0 I auditd : type=1400 audit(0.0:5576): avc: denied { kill } for comm="swapper/2" capability=5 scontext=u:r:kernel:s0 tcontext=u:r:kernel:s0 tclass=capability permissive=0
11-11 06:06:12.399 0 0 I auditd : type=1400 audit(0.0:5577): avc: denied { kill } for comm="swapper/2" capability=5 scontext=u:r:kernel:s0 tcontext=u:r:kernel:s0 tclass=capability permissive=0
11-11 06:06:13.399 0 0 I auditd : type=1400 audit(0.0:5578): avc: denied { kill } for comm="swapper/2" capability=5 scontext=u:r:kernel:s0 tcontext=u:r:kernel:s0 tclass=capability permissive=0
11-11 06:06:14.399 0 0 I auditd : type=1400 audit(0.0:5579): avc: denied { kill } for comm="swapper/2" capability=5 scontext=u:r:kernel:s0 tcontext=u:r:kernel:s0 tclass=capability permissive=0
11-11 06:06:15.399 0 0 I auditd : type=1400 audit(0.0:5580): avc: denied { kill } for comm="swapper/2" capability=5 scontext=u:r:kernel:s0 tcontext=u:r:kernel:s0 tclass=capability permissive=0
11-11 06:06:16.166 1514 1901 I GameModeConfig: isGameModeOn = false
11-11 06:06:16.399 0 0 I auditd : type=1400 audit(0.0:5581): avc: denied { kill } for comm="swapper/2" capability=5 scontext=u:r:kernel:s0 tcontext=u:r:kernel:s0 tclass=capability permissive=0
11-11 06:06:17.399 0 0 I auditd : type=1400 audit(0.0:5582): avc: denied { kill } for comm="swapper/2" capability=5 scontext=u:r:kernel:s0 tcontext=u:r:kernel:s0 tclass=capability permissive=0
11-11 06:06:18.399 0 0 I auditd : type=1400 audit(0.0:5583): avc: denied { kill } for comm="swapper/2" capability=5 scontext=u:r:kernel:s0 tcontext=u:r:kernel:s0 tclass=capability permissive=0
11-11 06:06:19.399 0 0 I auditd : type=1400 audit(0.0:5584): avc: denied { kill } for comm="swapper/2" capability=5 scontext=u:r:kernel:s0 tcontext=u:r:kernel:s0 tclass=capability permissive=0
11-11 06:06:20.399 0 0 I auditd : type=1400 audit(0.0:5585): avc: denied { kill } for comm="swapper/2" capability=5 scontext=u:r:kernel:s0 tcontext=u:r:kernel:s0 tclass=capability permissive=0
11-11 06:06:21.399 0 0 I auditd : type=1400 audit(0.0:5586): avc: denied { kill } for comm="swapper/2" capability=5 scontext=u:r:kernel:s0 tcontext=u:r:kernel:s0 tclass=capability permissive=0
11-11 06:06:22.399 0 0 I auditd : type=1400 audit(0.0:5587): avc: denied { kill } for comm="swapper/2" capability=5 scontext=u:r:kernel:s0 tcontext=u:r:kernel:s0 tclass=capability permissive=0
11-11 06:06:23.399 0 0 I auditd : type=1400 audit(0.0:5588): avc: denied { kill } for comm="swapper/2" capability=5 scontext=u:r:kernel:s0 tcontext=u:r:kernel:s0 tclass=capability permissive=0
11-11 06:06:24.399 0 0 I auditd : type=1400 audit(0.0:5589): avc: denied { kill } for comm="swapper/2" capability=5 scontext=u:r:kernel:s0 tcontext=u:r:kernel:s0 tclass=capability permissive=0
11-11 06:06:25.399 0 0 I auditd : type=1400 audit(0.0:5590): avc: denied { kill } for comm="swapper/2" capability=5 scontext=u:r:kernel:s0 tcontext=u:r:kernel:s0 tclass=capability permissive=0
11-11 06:06:26.399 0 0 I auditd : type=1400 audit(0.0:5591): avc: denied { kill } for comm="swapper/2" capability=5 scontext=u:r:kernel:s0 tcontext=u:r:kernel:s0 tclass=capability permissive=0
11-11 06:06:27.399 0 0 I auditd : type=1400 audit(0.0:5592): avc: denied { kill } for comm="swapper/2" capability=5 scontext=u:r:kernel:s0 tcontext=u:r:kernel:s0 tclass=capability permissive=0
11-11 06:06:28.399 0 0 I auditd : type=1400 audit(0.0:5593): avc: denied { kill } for comm="swapper/2" capability=5 scontext=u:r:kernel:s0 tcontext=u:r:kernel:s0 tclass=capability permissive=0
11-11 06:06:29.399 0 0 I auditd : type=1400 audit(0.0:5594): avc: denied { kill } for comm="swapper/2" capability=5 scontext=u:r:kernel:s0 tcontext=u:r:kernel:s0 tclass=capability permissive=0
11-11 06:06:30.399 0 0 I auditd : type=1400 audit(0.0:5595): avc: denied { kill } for comm="swapper/3" capability=5 scontext=u:r:kernel:s0 tcontext=u:r:kernel:s0 tclass=capability permissive=0
11-11 06:06:32.403 0 0 I auditd : type=1400 audit(0.0:5596): avc: denied { kill } for comm="swapper/3" capability=5 scontext=u:r:kernel:s0 tcontext=u:r:kernel:s0 tclass=capability permissive=0
11-11 06:06:33.399 0 0 I auditd : type=1400 audit(0.0:5597): avc: denied { kill } for comm="swapper/3" capability=5 scontext=u:r:kernel:s0 tcontext=u:r:kernel:s0 tclass=capability permissive=0
11-11 06:06:34.316 1514 1612 I UsageStatsService: User[0] Flushing usage stats to disk
11-11 06:06:34.403 0 0 I auditd : type=1400 audit(0.0:5598): avc: denied { kill } for comm="swapper/3" capability=5 scontext=u:r:kernel:s0 tcontext=u:r:kernel:s0 tclass=capability permissive=0
11-11 06:06:35.399 0 0 I auditd : type=1400 audit(0.0:5599): avc: denied { kill } for comm="swapper/3" capability=5 scontext=u:r:kernel:s0 tcontext=u:r:kernel:s0 tclass=capability permissive=0
11-11 06:06:36.403 0 0 I auditd : type=1400 audit(0.0:5600): avc: denied { kill } for comm="swapper/3" capability=5 scontext=u:r:kernel:s0 tcontext=u:r:kernel:s0 tclass=capability permissive=0
11-11 06:06:37.403 0 0 I auditd : type=1400 audit(0.0:5601): avc: denied { kill } for comm="swapper/3" capability=5 scontext=u:r:kernel:s0 tcontext=u:r:kernel:s0 tclass=capability permissive=0
11-11 06:06:38.403 0 0 I auditd : type=1400 audit(0.0:5602): avc: denied { kill } for comm="swapper/3" capability=5 scontext=u:r:kernel:s0 tcontext=u:r:kernel:s0 tclass=capability permissive=0
11-11 06:06:39.399 0 0 I auditd : type=1400 audit(0.0:5603): avc: denied { kill } for comm="swapper/3" capability=5 scontext=u:r:kernel:s0 tcontext=u:r:kernel:s0 tclass=capability permissive=0
11-11 06:06:40.399 0 0 I auditd : type=1400 audit(0.0:5604): avc: denied { kill } for comm="swapper/3" capability=5 scontext=u:r:kernel:s0 tcontext=u:r:kernel:s0 tclass=capability permissive=0
11-11 06:06:41.403 0 0 I auditd : type=1400 audit(0.0:5605): avc: denied { kill } for comm="swapper/3" capability=5 scontext=u:r:kernel:s0 tcontext=u:r:kernel:s0 tclass=capability permissive=0
11-11 06:06:42.127 1514 1836 I netstats_mobile_sample: [0,0,0,0,0,0,0,0,0,0,0,0,1668118002127]
11-11 06:06:42.127 1514 1836 I netstats_wifi_sample: [103822749,235675,53657917,123793,103822749,235675,53657917,123793,120469524,328052,27051630,64181,1668118002127]
11-11 06:06:42.399 0 0 I auditd : type=1400 audit(0.0:5606): avc: denied { kill } for comm="swapper/3" capability=5 scontext=u:r:kernel:s0 tcontext=u:r:kernel:s0 tclass=capability permissive=0
11-11 06:06:43.399 0 0 I auditd : type=1400 audit(0.0:5607): avc: denied { kill } for comm="swapper/3" capability=5 scontext=u:r:kernel:s0 tcontext=u:r:kernel:s0 tclass=capability permissive=0
11-11 06:06:44.399 0 0 I auditd : type=1400 audit(0.0:5608): avc: denied { kill } for comm="swapper/3" capability=5 scontext=u:r:kernel:s0 tcontext=u:r:kernel:s0 tclass=capability permissive=0
11-11 06:06:45.399 0 0 I auditd : type=1400 audit(0.0:5609): avc: denied { kill } for comm="swapper/3" capability=5 scontext=u:r:kernel:s0 tcontext=u:r:kernel:s0 tclass=capability permissive=0
11-11 06:06:46.399 0 0 I auditd : type=1400 audit(0.0:5610): avc: denied { kill } for comm="swapper/3" capability=5 scontext=u:r:kernel:s0 tcontext=u:r:kernel:s0 tclass=capability permissive=0
11-11 06:06:47.399 0 0 I auditd : type=1400 audit(0.0:5611): avc: denied { kill } for comm="swapper/3" capability=5 scontext=u:r:kernel:s0 tcontext=u:r:kernel:s0 tclass=capability permissive=0
11-11 06:06:48.403 0 0 I auditd : type=1400 audit(0.0:5612): avc: denied { kill } for comm="swapper/3" capability=5 scontext=u:r:kernel:s0 tcontext=u:r:kernel:s0 tclass=capability permissive=0
11-11 06:06:49.399 0 0 I auditd : type=1400 audit(0.0:5613): avc: denied { kill } for comm="swapper/3" capability=5 scontext=u:r:kernel:s0 tcontext=u:r:kernel:s0 tclass=capability permissive=0
11-11 06:06:50.399 0 0 I auditd : type=1400 audit(0.0:5614): avc: denied { kill } for comm="swapper/3" capability=5 scontext=u:r:kernel:s0 tcontext=u:r:kernel:s0 tclass=capability permissive=0
11-11 06:06:51.403 0 0 I auditd : type=1400 audit(0.0:5615): avc: denied { kill } for comm="swapper/3" capability=5 scontext=u:r:kernel:s0 tcontext=u:r:kernel:s0 tclass=capability permissive=0
11-11 06:06:52.403 0 0 I auditd : type=1400 audit(0.0:5616): avc: denied { kill } for comm="swapper/3" capability=5 scontext=u:r:kernel:s0 tcontext=u:r:kernel:s0 tclass=capability permissive=0
11-11 06:06:53.399 0 0 I auditd : type=1400 audit(0.0:5617): avc: denied { kill } for comm="swapper/3" capability=5 scontext=u:r:kernel:s0 tcontext=u:r:kernel:s0 tclass=capability permissive=0
11-11 06:06:54.399 0 0 I auditd : type=1400 audit(0.0:5618): avc: denied { kill } for comm="swapper/3" capability=5 scontext=u:r:kernel:s0 tcontext=u:r:kernel:s0 tclass=capability permissive=0
11-11 06:06:55.399 0 0 I auditd : type=1400 audit(0.0:5619): avc: denied { kill } for comm="swapper/3" capability=5 scontext=u:r:kernel:s0 tcontext=u:r:kernel:s0 tclass=capability permissive=0
11-11 06:06:56.403 0 0 I auditd : type=1400 audit(0.0:5620): avc: denied { kill } for comm="swapper/3" capability=5 scontext=u:r:kernel:s0 tcontext=u:r:kernel:s0 tclass=capability permissive=0
11-11 06:06:57.399 0 0 I auditd : type=1400 audit(0.0:5621): avc: denied { kill } for comm="swapper/3" capability=5 scontext=u:r:kernel:s0 tcontext=u:r:kernel:s0 tclass=capability permissive=0
11-11 06:06:58.399 0 0 I auditd : type=1400 audit(0.0:5622): avc: denied { kill } for comm="swapper/3" capability=5 scontext=u:r:kernel:s0 tcontext=u:r:kernel:s0 tclass=capability permissive=0
11-11 06:06:59.399 0 0 I auditd : type=1400 audit(0.0:5623): avc: denied { kill } for comm="swapper/3" capability=5 scontext=u:r:kernel:s0 tcontext=u:r:kernel:s0 tclass=capability permissive=0
11-11 06:07:00.399 13630 13630 I auditd : type=1400 audit(0.0:5624): avc: denied { kill } for comm="kworker/u17:2" capability=5 scontext=u:r:kernel:s0 tcontext=u:r:kernel:s0 tclass=capability permissive=0
11-11 06:07:01.399 0 0 I auditd : type=1400 audit(0.0:5625): avc: denied { kill } for comm="swapper/3" capability=5 scontext=u:r:kernel:s0 tcontext=u:r:kernel:s0 tclass=capability permissive=0
11-11 06:07:02.399 0 0 I auditd : type=1400 audit(0.0:5626): avc: denied { kill } for comm="swapper/3" capability=5 scontext=u:r:kernel:s0 tcontext=u:r:kernel:s0 tclass=capability permissive=0
11-11 06:07:03.399 0 0 I auditd : type=1400 audit(0.0:5627): avc: denied { kill } for comm="swapper/3" capability=5 scontext=u:r:kernel:s0 tcontext=u:r:kernel:s0 tclass=capability permissive=0
11-11 06:07:04.399 0 0 I auditd : type=1400 audit(0.0:5628): avc: denied { kill } for comm="swapper/3" capability=5 scontext=u:r:kernel:s0 tcontext=u:r:kernel:s0 tclass=capability permissive=0
11-11 06:07:05.399 0 0 I auditd : type=1400 audit(0.0:5629): avc: denied { kill } for comm="swapper/3" capability=5 scontext=u:r:kernel:s0 tcontext=u:r:kernel:s0 tclass=capability permissive=0
11-11 06:07:06.399 0 0 I auditd : type=1400 audit(0.0:5630): avc: denied { kill } for comm="swapper/3" capability=5 scontext=u:r:kernel:s0 tcontext=u:r:kernel:s0 tclass=capability permissive=0
11-11 06:07:07.399 0 0 I auditd : type=1400 audit(0.0:5631): avc: denied { kill } for comm="swapper/3" capability=5 scontext=u:r:kernel:s0 tcontext=u:r:kernel:s0 tclass=capability permissive=0
11-11 06:07:08.403 0 0 I auditd : type=1400 audit(0.0:5632): avc: denied { kill } for comm="swapper/3" capability=5 scontext=u:r:kernel:s0 tcontext=u:r:kernel:s0 tclass=capability permissive=0
11-11 06:07:09.399 0 0 I auditd : type=1400 audit(0.0:5633): avc: denied { kill } for comm="swapper/3" capability=5 scontext=u:r:kernel:s0 tcontext=u:r:kernel:s0 tclass=capability permissive=0
11-11 06:07:10.399 0 0 I auditd : type=1400 audit(0.0:5634): avc: denied { kill } for comm="swapper/3" capability=5 scontext=u:r:kernel:s0 tcontext=u:r:kernel:s0 tclass=capability permissive=0
11-11 06:07:11.399 0 0 I auditd : type=1400 audit(0.0:5635): avc: denied { kill } for comm="swapper/3" capability=5 scontext=u:r:kernel:s0 tcontext=u:r:kernel:s0 tclass=capability permissive=0
11-11 06:07:12.278 1514 1614 I am_uid_idle: 10065
11-11 06:07:12.399 0 0 I auditd : type=1400 audit(0.0:5636): avc: denied { kill } for comm="swapper/3" capability=5 scontext=u:r:kernel:s0 tcontext=u:r:kernel:s0 tclass=capability permissive=0
11-11 06:07:13.399 0 0 I auditd : type=1400 audit(0.0:5637): avc: denied { kill } for comm="swapper/3" capability=5 scontext=u:r:kernel:s0 tcontext=u:r:kernel:s0 tclass=capability permissive=0
11-11 06:07:14.403 0 0 I auditd : type=1400 audit(0.0:5638): avc: denied { kill } for comm="swapper/3" capability=5 scontext=u:r:kernel:s0 tcontext=u:r:kernel:s0 tclass=capability permissive=0
11-11 06:07:15.399 0 0 I auditd : type=1400 audit(0.0:5639): avc: denied { kill } for comm="swapper/3" capability=5 scontext=u:r:kernel:s0 tcontext=u:r:kernel:s0 tclass=capability permissive=0
11-11 06:07:16.403 0 0 I auditd : type=1400 audit(0.0:5640): avc: denied { kill } for comm="swapper/3" capability=5 scontext=u:r:kernel:s0 tcontext=u:r:kernel:s0 tclass=capability permissive=0
11-11 06:07:17.399 0 0 I auditd : type=1400 audit(0.0:5641): avc: denied { kill } for comm="swapper/3" capability=5 scontext=u:r:kernel:s0 tcontext=u:r:kernel:s0 tclass=capability permissive=0
11-11 06:07:18.403 0 0 I auditd : type=1400 audit(0.0:5642): avc: denied { kill } for comm="swapper/3" capability=5 scontext=u:r:kernel:s0 tcontext=u:r:kernel:s0 tclass=capability permissive=0
11-11 06:07:19.399 0 0 I auditd : type=1400 audit(0.0:5643): avc: denied { kill } for comm="swapper/3" capability=5 scontext=u:r:kernel:s0 tcontext=u:r:kernel:s0 tclass=capability permissive=0
11-11 06:07:20.399 0 0 I auditd : type=1400 audit(0.0:5644): avc: denied { kill } for comm="swapper/3" capability=5 scontext=u:r:kernel:s0 tcontext=u:r:kernel:s0 tclass=capability permissive=0
11-11 06:07:21.399 0 0 I auditd : type=1400 audit(0.0:5645): avc: denied { kill } for comm="swapper/3" capability=5 scontext=u:r:kernel:s0 tcontext=u:r:kernel:s0 tclass=capability permissive=0
11-11 06:07:22.399 0 0 I auditd : type=1400 audit(0.0:5646): avc: denied { kill } for comm="swapper/3" capability=5 scontext=u:r:kernel:s0 tcontext=u:r:kernel:s0 tclass=capability permissive=0
11-11 06:07:23.399 0 0 I auditd : type=1400 audit(0.0:5647): avc: denied { kill } for comm="swapper/3" capability=5 scontext=u:r:kernel:s0 tcontext=u:r:kernel:s0 tclass=capability permissive=0
11-11 06:07:24.403 0 0 I auditd : type=1400 audit(0.0:5648): avc: denied { kill } for comm="swapper/3" capability=5 scontext=u:r:kernel:s0 tcontext=u:r:kernel:s0 tclass=capability permissive=0
11-11 06:07:25.399 0 0 I auditd : type=1400 audit(0.0:5649): avc: denied { kill } for comm="swapper/3" capability=5 scontext=u:r:kernel:s0 tcontext=u:r:kernel:s0 tclass=capability permissive=0
11-11 06:07:26.399 0 0 I auditd : type=1400 audit(0.0:5650): avc: denied { kill } for comm="swapper/3" capability=5 scontext=u:r:kernel:s0 tcontext=u:r:kernel:s0 tclass=capability permissive=0
11-11 06:07:27.399 0 0 I auditd : type=1400 audit(0.0:5651): avc: denied { kill } for comm="swapper/3" capability=5 scontext=u:r:kernel:s0 tcontext=u:r:kernel:s0 tclass=capability permissive=0
11-11 06:07:28.399 0 0 I auditd : type=1400 audit(0.0:5652): avc: denied { kill } for comm="swapper/3" capability=5 scontext=u:r:kernel:s0 tcontext=u:r:kernel:s0 tclass=capability permissive=0
11-11 06:07:29.403 0 0 I auditd : type=1400 audit(0.0:5653): avc: denied { kill } for comm="swapper/3" capability=5 scontext=u:r:kernel:s0 tcontext=u:r:kernel:s0 tclass=capability permissive=0
11-11 06:07:30.403 0 0 I auditd : type=1400 audit(0.0:5654): avc: denied { kill } for comm="swapper/3" capability=5 scontext=u:r:kernel:s0 tcontext=u:r:kernel:s0 tclass=capability permissive=0
11-11 06:07:31.399 0 0 I auditd : type=1400 audit(0.0:5655): avc: denied { kill } for comm="swapper/3" capability=5 scontext=u:r:kernel:s0 tcontext=u:r:kernel:s0 tclass=capability permissive=0
11-11 06:07:32.399 0 0 I auditd : type=1400 audit(0.0:5656): avc: denied { kill } for comm="swapper/3" capability=5 scontext=u:r:kernel:s0 tcontext=u:r:kernel:s0 tclass=capability permissive=0
11-11 06:07:33.399 0 0 I auditd : type=1400 audit(0.0:5657): avc: denied { kill } for comm="swapper/3" capability=5 scontext=u:r:kernel:s0 tcontext=u:r:kernel:s0 tclass=capability permissive=0
11-11 06:07:34.399 0 0 I auditd : type=1400 audit(0.0:5658): avc: denied { kill } for comm="swapper/3" capability=5 scontext=u:r:kernel:s0 tcontext=u:r:kernel:s0 tclass=capability permissive=0
11-11 06:07:35.399 0 0 I auditd : type=1400 audit(0.0:5659): avc: denied { kill } for comm="swapper/3" capability=5 scontext=u:r:kernel:s0 tcontext=u:r:kernel:s0 tclass=capability permissive=0
11-11 06:07:36.399 0 0 I auditd : type=1400 audit(0.0:5660): avc: denied { kill } for comm="swapper/3" capability=5 scontext=u:r:kernel:s0 tcontext=u:r:kernel:s0 tclass=capability permissive=0
11-11 06:07:37.399 0 0 I auditd : type=1400 audit(0.0:5661): avc: denied { kill } for comm="swapper/3" capability=5 scontext=u:r:kernel:s0 tcontext=u:r:kernel:s0 tclass=capability permissive=0
11-11 06:07:38.399 0 0 I auditd : type=1400 audit(0.0:5662): avc: denied { kill } for comm="swapper/3" capability=5 scontext=u:r:kernel:s0 tcontext=u:r:kernel:s0 tclass=capability permissive=0
11-11 06:07:39.403 0 0 I auditd : type=1400 audit(0.0:5663): avc: denied { kill } for comm="swapper/3" capability=5 scontext=u:r:kernel:s0 tcontext=u:r:kernel:s0 tclass=capability permissive=0
11-11 06:07:40.403 0 0 I auditd : type=1400 audit(0.0:5664): avc: denied { kill } for comm="swapper/3" capability=5 scontext=u:r:kernel:s0 tcontext=u:r:kernel:s0 tclass=capability permissive=0
11-11 06:07:41.399 0 0 I auditd : type=1400 audit(0.0:5665): avc: denied { kill } for comm="swapper/3" capability=5 scontext=u:r:kernel:s0 tcontext=u:r:kernel:s0 tclass=capability permissive=0
11-11 06:07:42.399 0 0 I auditd : type=1400 audit(0.0:5666): avc: denied { kill } for comm="swapper/3" capability=5 scontext=u:r:kernel:s0 tcontext=u:r:kernel:s0 tclass=capability permissive=0
11-11 06:07:43.399 0 0 I auditd : type=1400 audit(0.0:5667): avc: denied { kill } for comm="swapper/3" capability=5 scontext=u:r:kernel:s0 tcontext=u:r:kernel:s0 tclass=capability permissive=0
11-11 06:07:44.403 0 0 I auditd : type=1400 audit(0.0:5668): avc: denied { kill } for comm="swapper/3" capability=5 scontext=u:r:kernel:s0 tcontext=u:r:kernel:s0 tclass=capability permissive=0
11-11 06:07:45.399 0 0 I auditd : type=1400 audit(0.0:5669): avc: denied { kill } for comm="swapper/3" capability=5 scontext=u:r:kernel:s0 tcontext=u:r:kernel:s0 tclass=capability permissive=0
11-11 06:07:46.399 0 0 I auditd : type=1400 audit(0.0:5670): avc: denied { kill } for comm="swapper/3" capability=5 scontext=u:r:kernel:s0 tcontext=u:r:kernel:s0 tclass=capability permissive=0
11-11 06:07:47.399 0 0 I auditd : type=1400 audit(0.0:5671): avc: denied { kill } for comm="swapper/3" capability=5 scontext=u:r:kernel:s0 tcontext=u:r:kernel:s0 tclass=capability permissive=0
11-11 06:07:48.399 0 0 I auditd : type=1400 audit(0.0:5672): avc: denied { kill } for comm="swapper/3" capability=5 scontext=u:r:kernel:s0 tcontext=u:r:kernel:s0 tclass=capability permissive=0
11-11 06:07:49.399 0 0 I auditd : type=1400 audit(0.0:5673): avc: denied { kill } for comm="swapper/3" capability=5 scontext=u:r:kernel:s0 tcontext=u:r:kernel:s0 tclass=capability permissive=0
11-11 06:07:50.399 0 0 I auditd : type=1400 audit(0.0:5674): avc: denied { kill } for comm="swapper/3" capability=5 scontext=u:r:kernel:s0 tcontext=u:r:kernel:s0 tclass=capability permissive=0
11-11 06:07:51.399 0 0 I auditd : type=1400 audit(0.0:5675): avc: denied { kill } for comm="swapper/3" capability=5 scontext=u:r:kernel:s0 tcontext=u:r:kernel:s0 tclass=capability permissive=0
11-11 06:07:52.399 0 0 I auditd : type=1400 audit(0.0:5676): avc: denied { kill } for comm="swapper/3" capability=5 scontext=u:r:kernel:s0 tcontext=u:r:kernel:s0 tclass=capability permissive=0
11-11 06:07:53.399 13449 13449 I auditd : type=1400 audit(0.0:5677): avc: denied { kill } for comm="kworker/u16:0" capability=5 scontext=u:r:kernel:s0 tcontext=u:r:kernel:s0 tclass=capability permissive=0
11-11 06:07:54.403 0 0 I auditd : type=1400 audit(0.0:5678): avc: denied { kill } for comm="swapper/3" capability=5 scontext=u:r:kernel:s0 tcontext=u:r:kernel:s0 tclass=capability permissive=0
11-11 06:07:55.399 0 0 I auditd : type=1400 audit(0.0:5679): avc: denied { kill } for comm="swapper/3" capability=5 scontext=u:r:kernel:s0 tcontext=u:r:kernel:s0 tclass=capability permissive=0
11-11 06:07:56.399 0 0 I auditd : type=1400 audit(0.0:5680): avc: denied { kill } for comm="swapper/3" capability=5 scontext=u:r:kernel:s0 tcontext=u:r:kernel:s0 tclass=capability permissive=0
11-11 06:07:58.399 0 0 I auditd : type=1400 audit(0.0:5681): avc: denied { kill } for comm="swapper/3" capability=5 scontext=u:r:kernel:s0 tcontext=u:r:kernel:s0 tclass=capability permissive=0
11-11 06:07:59.399 0 0 I auditd : type=1400 audit(0.0:5682): avc: denied { kill } for comm="swapper/3" capability=5 scontext=u:r:kernel:s0 tcontext=u:r:kernel:s0 tclass=capability permissive=0
11-11 06:08:01.399 0 0 I auditd : type=1400 audit(0.0:5683): avc: denied { kill } for comm="swapper/3" capability=5 scontext=u:r:kernel:s0 tcontext=u:r:kernel:s0 tclass=capability permissive=0
11-11 06:08:03.399 0 0 I auditd : type=1400 audit(0.0:5684): avc: denied { kill } for comm="swapper/2" capability=5 scontext=u:r:kernel:s0 tcontext=u:r:kernel:s0 tclass=capability permissive=0
11-11 06:08:04.399 0 0 I auditd : type=1400 audit(0.0:5685): avc: denied { kill } for comm="swapper/2" capability=5 scontext=u:r:kernel:s0 tcontext=u:r:kernel:s0 tclass=capability permissive=0
11-11 06:08:04.812 1514 1722 D ActivityManager: freezing 13482 com.qualcomm.qti.qccauthmgr
11-11 06:08:04.812 1514 1722 E ActivityManager: Unable to freeze binder for 13482 com.qualcomm.qti.qccauthmgr
11-11 06:08:04.813 1514 1722 D ActivityManager: froze 13482 com.qualcomm.qti.qccauthmgr
11-11 06:08:04.813 1514 1722 I am_freeze: [13482,com.qualcomm.qti.qccauthmgr]
11-11 06:08:04.814 1514 1722 E ActivityManager: Unable to freeze binder for 13482 com.qualcomm.qti.qccauthmgr
11-11 06:08:04.815 1514 1722 I ActivityManager: Killing 13482:com.qualcomm.qti.qccauthmgr/u0a84 (adj 925): Unable to freeze binder interface
11-11 06:08:04.815 1514 1722 I am_kill : [0,13482,com.qualcomm.qti.qccauthmgr,925,Unable to freeze binder interface]
11-11 06:08:04.853 1514 4820 I am_proc_died: [0,13482,com.qualcomm.qti.qccauthmgr,925,19]
11-11 06:08:04.854 1514 4820 I am_uid_stopped: 10084
11-11 06:08:05.399 0 0 I auditd : type=1400 audit(0.0:5686): avc: denied { kill } for comm="swapper/2" capability=5 scontext=u:r:kernel:s0 tcontext=u:r:kernel:s0 tclass=capability permissive=0
11-11 06:08:06.399 0 0 I auditd : type=1400 audit(0.0:5687): avc: denied { kill } for comm="swapper/2" capability=5 scontext=u:r:kernel:s0 tcontext=u:r:kernel:s0 tclass=capability permissive=0
11-11 06:08:07.399 0 0 I auditd : type=1400 audit(0.0:5688): avc: denied { kill } for comm="swapper/2" capability=5 scontext=u:r:kernel:s0 tcontext=u:r:kernel:s0 tclass=capability permissive=0
11-11 06:08:08.399 0 0 I auditd : type=1400 audit(0.0:5689): avc: denied { kill } for comm="swapper/2" capability=5 scontext=u:r:kernel:s0 tcontext=u:r:kernel:s0 tclass=capability permissive=0
11-11 06:08:10.399 0 0 I auditd : type=1400 audit(0.0:5690): avc: denied { kill } for comm="swapper/2" capability=5 scontext=u:r:kernel:s0 tcontext=u:r:kernel:s0 tclass=capability permissive=0
11-11 06:08:11.399 0 0 I auditd : type=1400 audit(0.0:5691): avc: denied { kill } for comm="swapper/2" capability=5 scontext=u:r:kernel:s0 tcontext=u:r:kernel:s0 tclass=capability permissive=0
11-11 06:08:12.399 0 0 I auditd : type=1400 audit(0.0:5692): avc: denied { kill } for comm="swapper/2" capability=5 scontext=u:r:kernel:s0 tcontext=u:r:kernel:s0 tclass=capability permissive=0
11-11 06:08:13.399 0 0 I auditd : type=1400 audit(0.0:5693): avc: denied { kill } for comm="swapper/2" capability=5 scontext=u:r:kernel:s0 tcontext=u:r:kernel:s0 tclass=capability permissive=0
11-11 06:08:14.399 0 0 I auditd : type=1400 audit(0.0:5694): avc: denied { kill } for comm="swapper/2" capability=5 scontext=u:r:kernel:s0 tcontext=u:r:kernel:s0 tclass=capability permissive=0
11-11 06:08:15.399 0 0 I auditd : type=1400 audit(0.0:5695): avc: denied { kill } for comm="swapper/2" capability=5 scontext=u:r:kernel:s0 tcontext=u:r:kernel:s0 tclass=capability permissive=0
11-11 06:08:16.399 0 0 I auditd : type=1400 audit(0.0:5696): avc: denied { kill } for comm="swapper/2" capability=5 scontext=u:r:kernel:s0 tcontext=u:r:kernel:s0 tclass=capability permissive=0
11-11 06:08:17.399 0 0 I auditd : type=1400 audit(0.0:5697): avc: denied { kill } for comm="swapper/2" capability=5 scontext=u:r:kernel:s0 tcontext=u:r:kernel:s0 tclass=capability permissive=0
11-11 06:08:18.399 0 0 I auditd : type=1400 audit(0.0:5698): avc: denied { kill } for comm="swapper/2" capability=5 scontext=u:r:kernel:s0 tcontext=u:r:kernel:s0 tclass=capability permissive=0
11-11 06:08:19.399 10210 10210 I auditd : type=1400 audit(0.0:5699): avc: denied { kill } for comm="kworker/u16:17" capability=5 scontext=u:r:kernel:s0 tcontext=u:r:kernel:s0 tclass=capability permissive=0
11-11 06:08:20.399 0 0 I auditd : type=1400 audit(0.0:5700): avc: denied { kill } for comm="swapper/1" capability=5 scontext=u:r:kernel:s0 tcontext=u:r:kernel:s0 tclass=capability permissive=0
11-11 06:08:21.399 0 0 I auditd : type=1400 audit(0.0:5701): avc: denied { kill } for comm="swapper/1" capability=5 scontext=u:r:kernel:s0 tcontext=u:r:kernel:s0 tclass=capability permissive=0
11-11 06:08:22.399 0 0 I auditd : type=1400 audit(0.0:5702): avc: denied { kill } for comm="swapper/1" capability=5 scontext=u:r:kernel:s0 tcontext=u:r:kernel:s0 tclass=capability permissive=0
11-11 06:08:23.399 0 0 I auditd : type=1400 audit(0.0:5703): avc: denied { kill } for comm="swapper/1" capability=5 scontext=u:r:kernel:s0 tcontext=u:r:kernel:s0 tclass=capability permissive=0
11-11 06:08:24.399 0 0 I auditd : type=1400 audit(0.0:5704): avc: denied { kill } for comm="swapper/1" capability=5 scontext=u:r:kernel:s0 tcontext=u:r:kernel:s0 tclass=capability permissive=0
11-11 06:08:25.399 0 0 I auditd : type=1400 audit(0.0:5705): avc: denied { kill } for comm="swapper/1" capability=5 scontext=u:r:kernel:s0 tcontext=u:r:kernel:s0 tclass=capability permissive=0
11-11 06:08:26.399 0 0 I auditd : type=1400 audit(0.0:5706): avc: denied { kill } for comm="swapper/1" capability=5 scontext=u:r:kernel:s0 tcontext=u:r:kernel:s0 tclass=capability permissive=0
11-11 06:08:27.399 0 0 I auditd : type=1400 audit(0.0:5707): avc: denied { kill } for comm="swapper/1" capability=5 scontext=u:r:kernel:s0 tcontext=u:r:kernel:s0 tclass=capability permissive=0
11-11 06:08:28.031 1514 1836 I netstats_mobile_sample: [0,0,0,0,0,0,0,0,0,0,0,0,1668118108031]
11-11 06:08:28.031 1514 1836 I netstats_wifi_sample: [105250200,238856,54835311,126420,105250200,238856,54835311,126420,122053385,332265,27642001,65516,1668118108031]
11-11 06:08:28.399 0 0 I auditd : type=1400 audit(0.0:5708): avc: denied { kill } for comm="swapper/1" capability=5 scontext=u:r:kernel:s0 tcontext=u:r:kernel:s0 tclass=capability permissive=0
11-11 06:08:29.399 0 0 I auditd : type=1400 audit(0.0:5709): avc: denied { kill } for comm="swapper/1" capability=5 scontext=u:r:kernel:s0 tcontext=u:r:kernel:s0 tclass=capability permissive=0
11-11 06:08:30.399 0 0 I auditd : type=1400 audit(0.0:5710): avc: denied { kill } for comm="swapper/1" capability=5 scontext=u:r:kernel:s0 tcontext=u:r:kernel:s0 tclass=capability permissive=0
