11-11 06:17:36.578 3685 3703 W ContextImpl: Calling a method in the system process without a qualified user: android.app.ContextImpl.startService:1816 android.content.ContextWrapper.startService:774 com.thundercomm.gamemode.ingame.services.GameModeActionUtils.startGameModeService:93 com.thundercomm.gamemode.ingame.services.GameModeActionUtils.startGameModeEntry:21 com.thundercomm.gamemode.ingame.services.ActivityMonitoringService$1.onActivityLaunch:126
11-11 06:17:36.593 1514 1514 I GameModeConfig: Current uri is uri = content://com.thundercomm.gamemode.api/gamemode_settings/gamemode_isgaming
11-11 06:17:36.596 1514 1514 I GameModeConfig: isGameModeOn = false
11-11 06:17:36.596 1514 1514 I GameModeConfig: isGameModeOn = false
11-11 06:17:36.596 1514 1514 I GameModeConfig: isDisableVoice = true
11-11 06:17:36.635 3685 3703 W ContextImpl: Calling a method in the system process without a qualified user: android.app.ContextImpl.startService:1816 android.content.ContextWrapper.startService:774 com.thundercomm.gamemode.ingame.services.GameModeActionUtils.startGameModeService:93 com.thundercomm.gamemode.ingame.services.GameModeActionUtils.startGameModeEntry:21 com.thundercomm.gamemode.ingame.services.ActivityMonitoringService$1.onActivityLaunch:126
11-11 06:17:36.638 1514 1514 I GameModeConfig: Current uri is uri = content://com.thundercomm.gamemode.api/gamemode_settings/gamemode_isgaming
11-11 06:17:36.639 1514 1514 I GameModeConfig: isGameModeOn = false
11-11 06:17:36.639 1514 1514 I GameModeConfig: isGameModeOn = false
11-11 06:17:36.639 1514 1514 I GameModeConfig: isDisableVoice = true
11-11 06:17:37.399 0 0 I auditd : type=1400 audit(0.0:6259): avc: denied { kill } for comm="swapper/2" capability=5 scontext=u:r:kernel:s0 tcontext=u:r:kernel:s0 tclass=capability permissive=0
11-11 06:17:37.432 1514 1770 I input_interaction: Interaction with: eea03e8 com.android.launcher3/com.android.launcher3.uioverrides.QuickstepLauncher (server), 8068647 com.android.systemui.ImageWallpaper (server), edge-swipe (server), swipe-up (server), PointerEventDispatcher0 (server),
11-11 06:17:37.564 2503 2503 I view_enqueue_input_event: [Motion - Cancel,com.android.launcher3/com.android.launcher3.uioverrides.QuickstepLauncher]
11-11 06:17:37.565 1514 1770 I input_interaction: Interaction with: edge-swipe (server), swipe-up (server), PointerEventDispatcher0 (server),
11-11 06:17:37.737 1514 1715 I commit_sys_config_file: [settings-1-0,5]
11-11 06:17:38.009 1514 1715 I commit_sys_config_file: [settings-1-0,3]
11-11 06:17:39.127 1514 1770 I input_interaction: Interaction with: eea03e8 com.android.launcher3/com.android.launcher3.uioverrides.QuickstepLauncher (server), 8068647 com.android.systemui.ImageWallpaper (server), edge-swipe (server), swipe-up (server), PointerEventDispatcher0 (server),
11-11 06:17:39.259 1514 6729 I ActivityTaskManager: START u0 {flg=0x10008000 cmp=com.android.soundrecorder/.SoundRecorder} from uid 10079
11-11 06:17:39.261 1514 6729 I wm_task_moved: [113,1,6]
11-11 06:17:39.261 1514 6729 I wm_task_to_front: [0,113]
11-11 06:17:39.263 1514 6729 I wm_focused_root_task: [0,0,113,39,bringingFoundTaskToFront]
11-11 06:17:39.263 1514 6729 I wm_set_resumed_activity: [0,com.android.soundrecorder/.SoundRecorder,bringingFoundTaskToFront]
11-11 06:17:39.266 1514 6729 D FreeFormWindowHelper: Add freeform task=Task{3fc4ea3 #113 type=standard A=10060:com.android.soundrecorder U=0 visible=true mode=freeform translucent=true sz=1}
11-11 06:17:39.269 1514 6729 I ActivityTaskManager: FOREGROUND_APPLICATION_CHANGED to com.android.soundrecorder.SoundRecorder
11-11 06:17:39.272 1514 6729 I wm_set_resumed_activity: [0,com.android.soundrecorder/.SoundRecorder,resumeTopActivityInnerLocked]
11-11 06:17:39.274 1514 6729 I wm_resume_activity: [0,79262497,113,com.android.soundrecorder/.SoundRecorder]
11-11 06:17:39.275 1514 6729 I wm_finish_activity: [0,79262497,113,com.android.soundrecorder/.SoundRecorder,clear-task-all]
11-11 06:17:39.276 1514 6729 I wm_pause_activity: [0,79262497,com.android.soundrecorder/.SoundRecorder,userLeaving=false,finish]
11-11 06:17:39.285 1514 6729 I wm_task_moved: [113,1,6]
11-11 06:17:39.285 1514 6729 I wm_create_activity: [0,34319186,113,com.android.soundrecorder/.SoundRecorder,NULL,NULL,NULL,272662528]
11-11 06:17:39.293 2503 2503 I wm_on_top_resumed_lost_called: [157690489,com.android.launcher3.uioverrides.QuickstepLauncher,topStateChangedWhenResumed]
11-11 06:17:39.294 14152 14152 I wm_on_restart_called: [79262497,com.android.soundrecorder.SoundRecorder,performRestartActivity]
11-11 06:17:39.294 14152 14152 I wm_on_start_called: [79262497,com.android.soundrecorder.SoundRecorder,handleStartActivity]
11-11 06:17:39.298 14152 14152 I wm_on_resume_called: [79262497,com.android.soundrecorder.SoundRecorder,RESUME_ACTIVITY]
11-11 06:17:39.301 14152 14152 I wm_on_paused_called: [79262497,com.android.soundrecorder.SoundRecorder,performPause]
11-11 06:17:39.301 1514 10536 I wm_add_to_stopping: [0,79262497,com.android.soundrecorder/.SoundRecorder,completeFinishing]
11-11 06:17:39.302 1514 10536 I ActivityTaskManager: The Process com.android.soundrecorder Already Exists in BG. So sending its PID: 14152
11-11 06:17:39.303 1514 10536 W ActivityTaskManager: Tried to set launchTime (0) < mLastActivityLaunchTime (5462826)
11-11 06:17:39.307 1514 10536 I wm_restart_activity: [0,34319186,113,com.android.soundrecorder/.SoundRecorder]
11-11 06:17:39.308 1514 10536 I wm_set_resumed_activity: [0,com.android.soundrecorder/.SoundRecorder,minimalResumeActivityLocked]
11-11 06:17:39.311 1514 1595 I sysui_multi_action: [757,803,799,window_time_0,802,3]
11-11 06:17:39.317 3685 3703 W ContextImpl: Calling a method in the system process without a qualified user: android.app.ContextImpl.startService:1816 android.content.ContextWrapper.startService:774 com.thundercomm.gamemode.ingame.services.GameModeActionUtils.startGameModeService:93 com.thundercomm.gamemode.ingame.services.GameModeActionUtils.startGameModeEntry:21 com.thundercomm.gamemode.ingame.services.ActivityMonitoringService$1.onActivityLaunch:126
11-11 06:17:39.321 1514 1514 I GameModeConfig: Current uri is uri = content://com.thundercomm.gamemode.api/gamemode_settings/gamemode_isgaming
11-11 06:17:39.323 1514 1514 I GameModeConfig: isGameModeOn = false
11-11 06:17:39.323 1514 1612 I am_pss : [2609,10065,com.thundercomm.gamemode.provider,8730624,6524928,0,96690176,0,5,6]
11-11 06:17:39.323 1514 1514 I GameModeConfig: isGameModeOn = false
11-11 06:17:39.323 1514 1514 I GameModeConfig: isDisableVoice = true
11-11 06:17:39.344 14152 14152 I wm_on_create_called: [34319186,com.android.soundrecorder.SoundRecorder,performCreate]
11-11 06:17:39.345 14152 14152 I wm_on_start_called: [34319186,com.android.soundrecorder.SoundRecorder,handleStartActivity]
11-11 06:17:39.345 14152 14152 I wm_on_resume_called: [34319186,com.android.soundrecorder.SoundRecorder,RESUME_ACTIVITY]
11-11 06:17:39.348 14152 14152 I wm_on_top_resumed_gained_called: [34319186,com.android.soundrecorder.SoundRecorder,topStateChangedWhenResumed]
11-11 06:17:39.360 1514 1596 I input_focus: [Focus request 5391977 com.android.soundrecorder/com.android.soundrecorder.SoundRecorder,reason=UpdateInputWindows]
11-11 06:17:39.373 1514 1592 I wm_activity_launch_time: [0,34319186,com.android.soundrecorder/.SoundRecorder,113]
11-11 06:17:39.387 1514 1770 I input_focus: [Focus leaving eea03e8 com.android.launcher3/com.android.launcher3.uioverrides.QuickstepLauncher (server),reason=setFocusedWindow]
11-11 06:17:39.387 1514 1770 I input_focus: [Focus entering 5391977 com.android.soundrecorder/com.android.soundrecorder.SoundRecorder (server),reason=setFocusedWindow]
11-11 06:17:39.407 1514 1612 I am_pss : [14384,10066,com.android.deskclock,33381376,25522176,0,164327424,0,18,8]
11-11 06:17:39.413 3685 3703 W ContextImpl: Calling a method in the system process without a qualified user: android.app.ContextImpl.startService:1816 android.content.ContextWrapper.startService:774 com.thundercomm.gamemode.ingame.services.GameModeActionUtils.startGameModeService:93 com.thundercomm.gamemode.ingame.services.GameModeActionUtils.startGameModeEntry:21 com.thundercomm.gamemode.ingame.services.ActivityMonitoringService$1.onActivityLaunch:126
11-11 06:17:39.416 1514 1514 I GameModeConfig: Current uri is uri = content://com.thundercomm.gamemode.api/gamemode_settings/gamemode_isgaming
11-11 06:17:39.419 1514 1514 I GameModeConfig: isGameModeOn = false
11-11 06:17:39.419 1514 1514 I GameModeConfig: isGameModeOn = false
11-11 06:17:39.419 1514 1514 I GameModeConfig: isDisableVoice = true
11-11 06:17:39.658 1514 1595 I wm_destroy_activity: [0,79262497,113,com.android.soundrecorder/.SoundRecorder,finish-imm:idle]
11-11 06:17:39.663 1514 4820 W AS.AudioService: Updated cached param hdr_record_on from false to false
11-11 06:17:39.664 1514 4820 W AS.AudioService: Updated cached param hdr_audio_channel_count from 0 to 0
11-11 06:17:39.665 1514 4820 W AS.AudioService: Updated cached param hdr_audio_sampling_rate from 0 to 0
11-11 06:17:39.666 14152 14152 I wm_on_stop_called: [79262497,com.android.soundrecorder.SoundRecorder,LIFECYCLER_STOP_ACTIVITY]
11-11 06:17:39.667 14152 14152 I wm_on_destroy_called: [79262497,com.android.soundrecorder.SoundRecorder,performDestroy]
11-11 06:17:40.399 0 0 I auditd : type=1400 audit(0.0:6260): avc: denied { kill } for comm="swapper/3" capability=5 scontext=u:r:kernel:s0 tcontext=u:r:kernel:s0 tclass=capability permissive=0
11-11 06:17:40.871 1514 1770 I input_interaction: Interaction with: 5391977 com.android.soundrecorder/com.android.soundrecorder.SoundRecorder (server), edge-swipe (server), swipe-up (server), PointerEventDispatcher0 (server),
11-11 06:17:40.960 1514 8092 I wm_finish_activity: [0,34319186,113,com.android.soundrecorder/.SoundRecorder,finish-activity]
11-11 06:17:40.962 1514 8092 I wm_task_moved: [39,1,6]
11-11 06:17:40.964 1514 8092 I wm_set_resumed_activity: [0,com.android.launcher3/.uioverrides.QuickstepLauncher,positionChildAt]
11-11 06:17:40.964 1514 8092 I wm_task_moved: [40,1,2147483647]
11-11 06:17:40.964 1514 8092 I wm_task_to_front: [0,40]
11-11 06:17:40.965 1514 8092 I wm_focused_root_task: [0,0,39,-1,finish-top adjustFocusToNextFocusableTask]
11-11 06:17:40.965 1514 8092 I wm_set_resumed_activity: [0,com.android.launcher3/.uioverrides.QuickstepLauncher,finish-top]
11-11 06:17:40.975 1514 8092 I wm_pause_activity: [0,34319186,com.android.soundrecorder/.SoundRecorder,userLeaving=false,finish]
11-11 06:17:40.981 14152 14152 I wm_on_top_resumed_lost_called: [34319186,com.android.soundrecorder.SoundRecorder,topStateChangedWhenResumed]
11-11 06:17:40.982 1514 1596 I input_focus: [Focus request eea03e8 com.android.launcher3/com.android.launcher3.uioverrides.QuickstepLauncher,reason=UpdateInputWindows]
11-11 06:17:40.986 1514 1595 I sysui_multi_action: [757,803,799,window_time_2,802,2]
11-11 06:17:40.992 14152 14152 I wm_on_paused_called: [34319186,com.android.soundrecorder.SoundRecorder,performPause]
11-11 06:17:40.995 1514 10536 I ActivityTaskManager: FOREGROUND_APPLICATION_CHANGED to com.android.launcher3.uioverrides.QuickstepLauncher
11-11 06:17:40.995 1514 10536 I wm_destroy_activity: [0,34319186,113,com.android.soundrecorder/.SoundRecorder,finish-imm:completePausedLocked]
11-11 06:17:40.997 2503 2503 I wm_on_top_resumed_gained_called: [157690489,com.android.launcher3.uioverrides.QuickstepLauncher,topStateChangedWhenResumed]
11-11 06:17:41.012 1514 1770 I input_focus: [Focus leaving 5391977 com.android.soundrecorder/com.android.soundrecorder.SoundRecorder (server),reason=NO_WINDOW]
11-11 06:17:41.012 1514 1770 I input_focus: [Focus entering eea03e8 com.android.launcher3/com.android.launcher3.uioverrides.QuickstepLauncher (server),reason=setFocusedWindow]
11-11 06:17:41.017 1514 1595 I sysui_multi_action: [757,803,799,window_time_0,802,0]
11-11 06:17:41.018 3685 3703 W ContextImpl: Calling a method in the system process without a qualified user: android.app.ContextImpl.startService:1816 android.content.ContextWrapper.startService:774 com.thundercomm.gamemode.ingame.services.GameModeActionUtils.startGameModeService:93 com.thundercomm.gamemode.ingame.services.GameModeActionUtils.startGameModeEntry:21 com.thundercomm.gamemode.ingame.services.ActivityMonitoringService$1.onActivityLaunch:126
11-11 06:17:41.027 1514 2742 E TaskPersister: File error accessing recents directory (directory doesn't exist?).
11-11 06:17:41.028 1514 1514 I GameModeConfig: Current uri is uri = content://com.thundercomm.gamemode.api/gamemode_settings/gamemode_isgaming
11-11 06:17:41.035 1514 1514 I GameModeConfig: isGameModeOn = false
11-11 06:17:41.035 1514 1514 I GameModeConfig: isGameModeOn = false
11-11 06:17:41.035 1514 1514 I GameModeConfig: isDisableVoice = true
11-11 06:17:41.036 1514 1539 W AS.AudioService: Updated cached param hdr_record_on from false to false
11-11 06:17:41.037 1514 1539 W AS.AudioService: Updated cached param hdr_audio_channel_count from 0 to 0
11-11 06:17:41.038 1514 1539 W AS.AudioService: Updated cached param hdr_audio_sampling_rate from 0 to 0
11-11 06:17:41.038 14152 14152 I wm_on_stop_called: [34319186,com.android.soundrecorder.SoundRecorder,LIFECYCLER_STOP_ACTIVITY]
11-11 06:17:41.039 14152 14152 I wm_on_destroy_called: [34319186,com.android.soundrecorder.SoundRecorder,performDestroy]
11-11 06:17:41.115 3685 3703 W ContextImpl: Calling a method in the system process without a qualified user: android.app.ContextImpl.startService:1816 android.content.ContextWrapper.startService:774 com.thundercomm.gamemode.ingame.services.GameModeActionUtils.startGameModeService:93 com.thundercomm.gamemode.ingame.services.GameModeActionUtils.startGameModeEntry:21 com.thundercomm.gamemode.ingame.services.ActivityMonitoringService$1.onActivityLaunch:126
11-11 06:17:41.119 1514 1514 I GameModeConfig: Current uri is uri = content://com.thundercomm.gamemode.api/gamemode_settings/gamemode_isgaming
11-11 06:17:41.122 1514 1514 I GameModeConfig: isGameModeOn = false
11-11 06:17:41.122 1514 1514 I GameModeConfig: isGameModeOn = false
11-11 06:17:41.122 1514 1514 I GameModeConfig: isDisableVoice = true
11-11 06:17:41.306 1514 1596 I wm_task_removed: [113,removeChild:removeChild last r=ActivityRecord{20bab52 u0 com.android.soundrecorder/.SoundRecorder t-1 f}} in t=Task{3fc4ea3 #113 type=standard A=10060:com.android.soundrecorder U=0 visible=false mode=freeform translucent=true sz=0}]
11-11 06:17:41.306 1514 1596 I wm_task_removed: [113,removeChild]
11-11 06:17:41.306 1514 1596 D FreeFormWindowHelper: Remove freefrom task=Task{3fc4ea3 #113 type=standard A=10060:com.android.soundrecorder U=0 visible=false mode=freeform translucent=true sz=0}
11-11 06:17:41.399 0 0 I auditd : type=1400 audit(0.0:6261): avc: denied { kill } for comm="swapper/3" capability=5 scontext=u:r:kernel:s0 tcontext=u:r:kernel:s0 tclass=capability permissive=0
11-11 06:17:41.974 1514 1770 I input_interaction: Interaction with: eea03e8 com.android.launcher3/com.android.launcher3.uioverrides.QuickstepLauncher (server), 8068647 com.android.systemui.ImageWallpaper (server), edge-swipe (server), swipe-up (server), PointerEventDispatcher0 (server),
11-11 06:17:42.074 1514 1770 I input_interaction: Interaction with: edge-swipe (server), swipe-up (server), PointerEventDispatcher0 (server),
11-11 06:17:42.076 2503 2503 I view_enqueue_input_event: [Motion - Cancel,com.android.launcher3/com.android.launcher3.uioverrides.QuickstepLauncher]
11-11 06:17:42.255 1514 1715 I commit_sys_config_file: [settings-1-0,11]
11-11 06:17:42.540 1514 1715 I commit_sys_config_file: [settings-1-0,14]
11-11 06:17:43.328 1514 1770 I input_interaction: Interaction with: eea03e8 com.android.launcher3/com.android.launcher3.uioverrides.QuickstepLauncher (server), 8068647 com.android.systemui.ImageWallpaper (server), edge-swipe (server), swipe-up (server), PointerEventDispatcher0 (server),
11-11 06:17:43.417 1514 1539 I ActivityTaskManager: START u0 {flg=0x10008000 cmp=com.android.deskclock/.DeskClock} from uid 10079
11-11 06:17:43.423 1514 1539 I wm_task_created: [114,-1]
11-11 06:17:43.423 1514 1539 W ActivityTaskManager: Can't find TaskDisplayArea to determine support for multi window. Task id=114 attached=false
11-11 06:17:43.425 1514 1539 D FreeFormWindowHelper: Add freeform task=Task{cd36dba #114 type=standard ?? U=0 visible=false mode=freeform translucent=true sz=0}
11-11 06:17:43.428 1514 1539 D CompatibilityChangeReporter: Compat change id reported: 174042980; UID 10066; state: DISABLED
11-11 06:17:43.429 1514 1539 I wm_task_moved: [114,1,6]
11-11 06:17:43.429 1514 1539 I wm_task_to_front: [0,114]
11-11 06:17:43.430 1514 1539 I wm_create_task: [0,114]
11-11 06:17:43.430 1514 1539 I wm_create_activity: [0,156275819,114,com.android.deskclock/.DeskClock,NULL,NULL,NULL,268468224]
11-11 06:17:43.430 1514 1539 I wm_task_moved: [114,1,6]
11-11 06:17:43.431 1514 1539 D CompatibilityChangeReporter: Compat change id reported: 168419799; UID 10066; state: DISABLED
11-11 06:17:43.431 1514 1539 I ActivityTaskManager: FOREGROUND_APPLICATION_CHANGED to com.android.deskclock.DeskClock
11-11 06:17:43.432 1514 1539 I ActivityTaskManager: The Process com.android.deskclock Already Exists in BG. So sending its PID: 14384
11-11 06:17:43.432 1514 1539 W ActivityTaskManager: Tried to set launchTime (0) < mLastActivityLaunchTime (5447817)
11-11 06:17:43.434 1514 1539 I wm_restart_activity: [0,156275819,114,com.android.deskclock/.DeskClock]
11-11 06:17:43.436 1514 1539 I wm_set_resumed_activity: [0,com.android.deskclock/.DeskClock,minimalResumeActivityLocked]
11-11 06:17:43.452 2503 2503 I wm_on_top_resumed_lost_called: [157690489,com.android.launcher3.uioverrides.QuickstepLauncher,topStateChangedWhenResumed]
11-11 06:17:43.459 3685 3703 W ContextImpl: Calling a method in the system process without a qualified user: android.app.ContextImpl.startService:1816 android.content.ContextWrapper.startService:774 com.thundercomm.gamemode.ingame.services.GameModeActionUtils.startGameModeService:93 com.thundercomm.gamemode.ingame.services.GameModeActionUtils.startGameModeEntry:21 com.thundercomm.gamemode.ingame.services.ActivityMonitoringService$1.onActivityLaunch:126
11-11 06:17:43.468 1514 1514 I GameModeConfig: Current uri is uri = content://com.thundercomm.gamemode.api/gamemode_settings/gamemode_isgaming
11-11 06:17:43.470 1514 1514 I GameModeConfig: isGameModeOn = false
11-11 06:17:43.470 1514 1514 I GameModeConfig: isGameModeOn = false
11-11 06:17:43.470 1514 1514 I GameModeConfig: isDisableVoice = true
11-11 06:17:43.479 1514 2116 I ActivityTaskManager: START u0 {act=android.content.pm.action.REQUEST_PERMISSIONS pkg=com.android.permissioncontroller cmp=com.android.permissioncontroller/.permission.ui.GrantPermissionsActivity (has extras)} from uid 10066
11-11 06:17:43.483 1514 2116 I wm_task_moved: [114,1,6]
11-11 06:17:43.483 1514 2116 I wm_set_resumed_activity: [0,com.android.deskclock/.DeskClock,positionChildAt]
11-11 06:17:43.484 1514 2116 I wm_create_activity: [0,37399430,114,com.android.permissioncontroller/.permission.ui.GrantPermissionsActivity,android.content.pm.action.REQUEST_PERMISSIONS,NULL,NULL,8388608]
11-11 06:17:43.489 1514 2116 I wm_pause_activity: [0,156275819,com.android.deskclock/.DeskClock,userLeaving=true,resumeTopActivityInnerLocked]
11-11 06:17:43.520 14384 14384 I wm_on_create_called: [156275819,com.android.deskclock.DeskClock,performCreate]
11-11 06:17:43.522 14384 14384 I wm_on_start_called: [156275819,com.android.deskclock.DeskClock,handleStartActivity]
11-11 06:17:43.522 1514 1514 I sysui_multi_action: [757,128,758,5,759,8,793,24251,794,0,795,24251,796,2147483646,806,com.android.deskclock,857,StopwatchNotification,858,3,946,3,947,0,1500,24045,1688,1,1745,-868672399]
11-11 06:17:43.523 1514 1514 I notification_canceled: [0|com.android.deskclock|2147483646|null|10066,8,24251,24251,0,-1,-1,NULL]
11-11 06:17:43.523 14384 14384 I wm_on_resume_called: [156275819,com.android.deskclock.DeskClock,RESUME_ACTIVITY]
11-11 06:17:43.525 1514 1514 D CompatibilityChangeReporter: Compat change id reported: 175319604; UID 1000; state: ENABLED
11-11 06:17:43.525 1514 1514 D CompatibilityChangeReporter: Compat change id reported: 175319604; UID 1000; state: DISABLED
11-11 06:17:43.527 14384 14384 I wm_on_top_resumed_gained_called: [156275819,com.android.deskclock.DeskClock,topStateChangedWhenResumed]
11-11 06:17:43.527 14384 14384 I wm_on_top_resumed_lost_called: [156275819,com.android.deskclock.DeskClock,topStateChangedWhenResumed]
11-11 06:17:43.527 14384 14384 I wm_on_paused_called: [156275819,com.android.deskclock.DeskClock,performPause]
11-11 06:17:43.528 1514 10536 I ActivityTaskManager: FOREGROUND_APPLICATION_CHANGED to com.android.permissioncontroller.permission.ui.GrantPermissionsActivity
11-11 06:17:43.528 1514 10536 I ActivityTaskManager: The Process com.android.permissioncontroller Already Exists in BG. So sending its PID: 14181
11-11 06:17:43.528 1514 10536 W ActivityTaskManager: Tried to set launchTime (0) < mLastActivityLaunchTime (5447914)
11-11 06:17:43.529 1514 10536 I wm_restart_activity: [0,37399430,114,com.android.permissioncontroller/.permission.ui.GrantPermissionsActivity]
11-11 06:17:43.530 1514 10536 I wm_set_resumed_activity: [0,com.android.permissioncontroller/.permission.ui.GrantPermissionsActivity,minimalResumeActivityLocked]
11-11 06:17:43.532 1514 1595 I sysui_multi_action: [757,803,799,window_time_0,802,2]
11-11 06:17:43.548 3685 3703 W ContextImpl: Calling a method in the system process without a qualified user: android.app.ContextImpl.startService:1816 android.content.ContextWrapper.startService:774 com.thundercomm.gamemode.ingame.services.GameModeActionUtils.startGameModeService:93 com.thundercomm.gamemode.ingame.services.GameModeActionUtils.startGameModeEntry:21 com.thundercomm.gamemode.ingame.services.ActivityMonitoringService$1.onActivityLaunch:126
11-11 06:17:43.552 1514 1514 I GameModeConfig: Current uri is uri = content://com.thundercomm.gamemode.api/gamemode_settings/gamemode_isgaming
11-11 06:17:43.555 1514 1514 I GameModeConfig: isGameModeOn = false
11-11 06:17:43.555 1514 1514 I GameModeConfig: isGameModeOn = false
11-11 06:17:43.555 1514 1514 I GameModeConfig: isDisableVoice = true
11-11 06:17:43.556 14181 14181 I wm_on_create_called: [37399430,com.android.permissioncontroller.permission.ui.GrantPermissionsActivity,performCreate]
11-11 06:17:43.556 14181 14181 I wm_on_start_called: [37399430,com.android.permissioncontroller.permission.ui.GrantPermissionsActivity,handleStartActivity]
11-11 06:17:43.556 14181 14181 I wm_on_resume_called: [37399430,com.android.permissioncontroller.permission.ui.GrantPermissionsActivity,RESUME_ACTIVITY]
11-11 06:17:43.562 14181 14181 I wm_on_top_resumed_gained_called: [37399430,com.android.permissioncontroller.permission.ui.GrantPermissionsActivity,topStateChangedWhenResumed]
11-11 06:17:43.568 1514 1596 I input_focus: [Focus request ec5a55e com.android.permissioncontroller/com.android.permissioncontroller.permission.ui.GrantPermissionsActivity,reason=UpdateInputWindows]
11-11 06:17:43.573 1514 4820 I wm_finish_activity: [0,37399430,114,com.android.permissioncontroller/.permission.ui.GrantPermissionsActivity,app-request]
11-11 06:17:43.574 1514 4820 I wm_pause_activity: [0,37399430,com.android.permissioncontroller/.permission.ui.GrantPermissionsActivity,userLeaving=false,finish]
11-11 06:17:43.578 14181 14181 I wm_on_top_resumed_lost_called: [37399430,com.android.permissioncontroller.permission.ui.GrantPermissionsActivity,topStateChangedWhenResumed]
11-11 06:17:43.581 1514 1770 I input_focus: [Focus leaving eea03e8 com.android.launcher3/com.android.launcher3.uioverrides.QuickstepLauncher (server),reason=Waiting for window because NOT_VISIBLE]
11-11 06:17:43.584 14181 14181 I wm_on_paused_called: [37399430,com.android.permissioncontroller.permission.ui.GrantPermissionsActivity,performPause]
11-11 06:17:43.585 1514 1539 I wm_add_to_stopping: [0,37399430,com.android.permissioncontroller/.permission.ui.GrantPermissionsActivity,completeFinishing]
11-11 06:17:43.586 1514 1539 I ActivityTaskManager: FOREGROUND_APPLICATION_CHANGED to com.android.deskclock.DeskClock
11-11 06:17:43.589 1514 1539 I wm_set_resumed_activity: [0,com.android.deskclock/.DeskClock,resumeTopActivityInnerLocked]
11-11 06:17:43.590 1514 1539 I wm_resume_activity: [0,156275819,114,com.android.deskclock/.DeskClock]
11-11 06:17:43.594 1514 1596 I input_focus: [Focus request e3d59d com.android.deskclock/com.android.deskclock.DeskClock,reason=UpdateInputWindows]
11-11 06:17:43.598 1514 1595 I sysui_multi_action: [757,803,799,window_time_2,802,1]
11-11 06:17:43.620 14384 14384 I wm_on_activity_result_called: [156275819,com.android.deskclock.DeskClock,ACTIVITY_RESULT]
11-11 06:17:43.620 14384 14384 I wm_on_resume_called: [156275819,com.android.deskclock.DeskClock,RESUME_ACTIVITY]
11-11 06:17:43.621 14384 14384 I wm_on_top_resumed_gained_called: [156275819,com.android.deskclock.DeskClock,topWhenResuming]
11-11 06:17:43.630 1514 1770 I input_focus: [Focus entering e3d59d com.android.deskclock/com.android.deskclock.DeskClock (server),reason=Window became focusable. Previous reason: NOT_VISIBLE]
11-11 06:17:43.699 3685 3703 W ContextImpl: Calling a method in the system process without a qualified user: android.app.ContextImpl.startService:1816 android.content.ContextWrapper.startService:774 com.thundercomm.gamemode.ingame.services.GameModeActionUtils.startGameModeService:93 com.thundercomm.gamemode.ingame.services.GameModeActionUtils.startGameModeEntry:21 com.thundercomm.gamemode.ingame.services.ActivityMonitoringService$1.onActivityLaunch:126
11-11 06:17:43.710 1514 1514 I GameModeConfig: Current uri is uri = content://com.thundercomm.gamemode.api/gamemode_settings/gamemode_isgaming
11-11 06:17:43.711 1514 1514 I GameModeConfig: isGameModeOn = false
11-11 06:17:43.712 1514 1514 I GameModeConfig: isGameModeOn = false
11-11 06:17:43.712 1514 1514 I GameModeConfig: isDisableVoice = true
11-11 06:17:43.900 1514 1595 I wm_destroy_activity: [0,37399430,114,com.android.permissioncontroller/.permission.ui.GrantPermissionsActivity,finish-imm:idle]
11-11 06:17:43.904 14181 14181 I wm_on_stop_called: [37399430,com.android.permissioncontroller.permission.ui.GrantPermissionsActivity,LIFECYCLER_STOP_ACTIVITY]
11-11 06:17:43.905 14181 14181 I wm_on_destroy_called: [37399430,com.android.permissioncontroller.permission.ui.GrantPermissionsActivity,performDestroy]
11-11 06:17:43.909 3685 3703 W ContextImpl: Calling a method in the system process without a qualified user: android.app.ContextImpl.startService:1816 android.content.ContextWrapper.startService:774 com.thundercomm.gamemode.ingame.services.GameModeActionUtils.startGameModeService:93 com.thundercomm.gamemode.ingame.services.GameModeActionUtils.startGameModeEntry:21 com.thundercomm.gamemode.ingame.services.ActivityMonitoringService$1.onActivityLaunch:126
11-11 06:17:43.913 1514 1514 I GameModeConfig: Current uri is uri = content://com.thundercomm.gamemode.api/gamemode_settings/gamemode_isgaming
11-11 06:17:43.915 1514 1514 I GameModeConfig: isGameModeOn = false
11-11 06:17:43.915 1514 1514 I GameModeConfig: isGameModeOn = false
11-11 06:17:43.915 1514 1514 I GameModeConfig: isDisableVoice = true
11-11 06:17:44.399 0 0 I auditd : type=1400 audit(0.0:6262): avc: denied { kill } for comm="swapper/3" capability=5 scontext=u:r:kernel:s0 tcontext=u:r:kernel:s0 tclass=capability permissive=0
11-11 06:17:45.332 1514 2742 E TaskPersister: File error accessing recents directory (directory doesn't exist?).
11-11 06:17:45.815 1514 1770 I input_interaction: Interaction with: e3d59d com.android.deskclock/com.android.deskclock.DeskClock (server), edge-swipe (server), swipe-up (server), PointerEventDispatcher0 (server),
11-11 06:17:47.399 13449 13449 I auditd : type=1400 audit(0.0:6263): avc: denied { kill } for comm="kworker/u16:0" capability=5 scontext=u:r:kernel:s0 tcontext=u:r:kernel:s0 tclass=capability permissive=0
11-11 06:17:48.399 0 0 I auditd : type=1400 audit(0.0:6264): avc: denied { kill } for comm="swapper/3" capability=5 scontext=u:r:kernel:s0 tcontext=u:r:kernel:s0 tclass=capability permissive=0
11-11 06:17:48.957 1514 1612 I sysui_multi_action: [757,1717,758,1,759,0]
11-11 06:17:48.957 1514 1612 I sysui_multi_action: [757,1717,758,2,759,0]
11-11 06:17:48.958 1514 1612 I sysui_multi_action: [757,1717,758,3,759,0]
11-11 06:17:49.399 0 0 I auditd : type=1400 audit(0.0:6265): avc: denied { kill } for comm="swapper/3" capability=5 scontext=u:r:kernel:s0 tcontext=u:r:kernel:s0 tclass=capability permissive=0
11-11 06:17:50.403 0 0 I auditd : type=1400 audit(0.0:6266): avc: denied { kill } for comm="swapper/3" capability=5 scontext=u:r:kernel:s0 tcontext=u:r:kernel:s0 tclass=capability permissive=0
11-11 06:17:51.399 0 0 I auditd : type=1400 audit(0.0:6267): avc: denied { kill } for comm="swapper/3" capability=5 scontext=u:r:kernel:s0 tcontext=u:r:kernel:s0 tclass=capability permissive=0
11-11 06:17:52.399 0 0 I auditd : type=1400 audit(0.0:6268): avc: denied { kill } for comm="swapper/3" capability=5 scontext=u:r:kernel:s0 tcontext=u:r:kernel:s0 tclass=capability permissive=0
11-11 06:17:53.403 0 0 I auditd : type=1400 audit(0.0:6269): avc: denied { kill } for comm="swapper/3" capability=5 scontext=u:r:kernel:s0 tcontext=u:r:kernel:s0 tclass=capability permissive=0
11-11 06:17:54.399 0 0 I auditd : type=1400 audit(0.0:6270): avc: denied { kill } for comm="swapper/1" capability=5 scontext=u:r:kernel:s0 tcontext=u:r:kernel:s0 tclass=capability permissive=0
11-11 06:17:54.738 1514 1612 I sysui_multi_action: [757,1717,758,1,759,0]
11-11 06:17:54.739 1514 1612 I sysui_multi_action: [757,1717,758,2,759,0]
11-11 06:17:54.739 1514 1612 I sysui_multi_action: [757,1717,758,3,759,0]
11-11 06:17:55.399 0 0 I auditd : type=1400 audit(0.0:6271): avc: denied { kill } for comm="swapper/1" capability=5 scontext=u:r:kernel:s0 tcontext=u:r:kernel:s0 tclass=capability permissive=0
11-11 06:17:56.403 0 0 I auditd : type=1400 audit(0.0:6272): avc: denied { kill } for comm="swapper/1" capability=5 scontext=u:r:kernel:s0 tcontext=u:r:kernel:s0 tclass=capability permissive=0
11-11 06:17:57.403 0 0 I auditd : type=1400 audit(0.0:6273): avc: denied { kill } for comm="swapper/1" capability=5 scontext=u:r:kernel:s0 tcontext=u:r:kernel:s0 tclass=capability permissive=0
11-11 06:17:58.403 0 0 I auditd : type=1400 audit(0.0:6274): avc: denied { kill } for comm="swapper/1" capability=5 scontext=u:r:kernel:s0 tcontext=u:r:kernel:s0 tclass=capability permissive=0
11-11 06:17:59.399 0 0 I auditd : type=1400 audit(0.0:6275): avc: denied { kill } for comm="swapper/1" capability=5 scontext=u:r:kernel:s0 tcontext=u:r:kernel:s0 tclass=capability permissive=0
11-11 06:18:00.399 0 0 I auditd : type=1400 audit(0.0:6276): avc: denied { kill } for comm="swapper/1" capability=5 scontext=u:r:kernel:s0 tcontext=u:r:kernel:s0 tclass=capability permissive=0
11-11 06:18:01.399 0 0 I auditd : type=1400 audit(0.0:6277): avc: denied { kill } for comm="swapper/1" capability=5 scontext=u:r:kernel:s0 tcontext=u:r:kernel:s0 tclass=capability permissive=0
11-11 06:18:02.399 0 0 I auditd : type=1400 audit(0.0:6278): avc: denied { kill } for comm="swapper/1" capability=5 scontext=u:r:kernel:s0 tcontext=u:r:kernel:s0 tclass=capability permissive=0
11-11 06:18:03.399 0 0 I auditd : type=1400 audit(0.0:6279): avc: denied { kill } for comm="swapper/1" capability=5 scontext=u:r:kernel:s0 tcontext=u:r:kernel:s0 tclass=capability permissive=0
11-11 06:18:04.399 0 0 I auditd : type=1400 audit(0.0:6280): avc: denied { kill } for comm="swapper/1" capability=5 scontext=u:r:kernel:s0 tcontext=u:r:kernel:s0 tclass=capability permissive=0
11-11 06:18:05.403 0 0 I auditd : type=1400 audit(0.0:6281): avc: denied { kill } for comm="swapper/1" capability=5 scontext=u:r:kernel:s0 tcontext=u:r:kernel:s0 tclass=capability permissive=0
11-11 06:18:06.399 0 0 I auditd : type=1400 audit(0.0:6282): avc: denied { kill } for comm="swapper/1" capability=5 scontext=u:r:kernel:s0 tcontext=u:r:kernel:s0 tclass=capability permissive=0
11-11 06:18:07.399 0 0 I auditd : type=1400 audit(0.0:6283): avc: denied { kill } for comm="swapper/1" capability=5 scontext=u:r:kernel:s0 tcontext=u:r:kernel:s0 tclass=capability permissive=0
11-11 06:18:08.403 0 0 I auditd : type=1400 audit(0.0:6284): avc: denied { kill } for comm="swapper/1" capability=5 scontext=u:r:kernel:s0 tcontext=u:r:kernel:s0 tclass=capability permissive=0
11-11 06:18:09.399 0 0 I auditd : type=1400 audit(0.0:6285): avc: denied { kill } for comm="swapper/1" capability=5 scontext=u:r:kernel:s0 tcontext=u:r:kernel:s0 tclass=capability permissive=0
11-11 06:18:10.399 0 0 I auditd : type=1400 audit(0.0:6286): avc: denied { kill } for comm="swapper/1" capability=5 scontext=u:r:kernel:s0 tcontext=u:r:kernel:s0 tclass=capability permissive=0
11-11 06:18:11.399 0 0 I auditd : type=1400 audit(0.0:6287): avc: denied { kill } for comm="swapper/1" capability=5 scontext=u:r:kernel:s0 tcontext=u:r:kernel:s0 tclass=capability permissive=0
11-11 06:18:12.399 0 0 I auditd : type=1400 audit(0.0:6288): avc: denied { kill } for comm="swapper/1" capability=5 scontext=u:r:kernel:s0 tcontext=u:r:kernel:s0 tclass=capability permissive=0
11-11 06:18:13.399 0 0 I auditd : type=1400 audit(0.0:6289): avc: denied { kill } for comm="swapper/1" capability=5 scontext=u:r:kernel:s0 tcontext=u:r:kernel:s0 tclass=capability permissive=0
11-11 06:18:14.399 0 0 I auditd : type=1400 audit(0.0:6290): avc: denied { kill } for comm="swapper/1" capability=5 scontext=u:r:kernel:s0 tcontext=u:r:kernel:s0 tclass=capability permissive=0
11-11 06:18:15.399 0 0 I auditd : type=1400 audit(0.0:6291): avc: denied { kill } for comm="swapper/1" capability=5 scontext=u:r:kernel:s0 tcontext=u:r:kernel:s0 tclass=capability permissive=0
11-11 06:18:16.403 0 0 I auditd : type=1400 audit(0.0:6292): avc: denied { kill } for comm="swapper/1" capability=5 scontext=u:r:kernel:s0 tcontext=u:r:kernel:s0 tclass=capability permissive=0
11-11 06:18:17.399 0 0 I auditd : type=1400 audit(0.0:6293): avc: denied { kill } for comm="swapper/1" capability=5 scontext=u:r:kernel:s0 tcontext=u:r:kernel:s0 tclass=capability permissive=0
11-11 06:18:18.403 0 0 I auditd : type=1400 audit(0.0:6294): avc: denied { kill } for comm="swapper/1" capability=5 scontext=u:r:kernel:s0 tcontext=u:r:kernel:s0 tclass=capability permissive=0
11-11 06:18:19.399 0 0 I auditd : type=1400 audit(0.0:6295): avc: denied { kill } for comm="swapper/1" capability=5 scontext=u:r:kernel:s0 tcontext=u:r:kernel:s0 tclass=capability permissive=0
11-11 06:18:20.399 0 0 I auditd : type=1400 audit(0.0:6296): avc: denied { kill } for comm="swapper/1" capability=5 scontext=u:r:kernel:s0 tcontext=u:r:kernel:s0 tclass=capability permissive=0
11-11 06:18:21.399 0 0 I auditd : type=1400 audit(0.0:6297): avc: denied { kill } for comm="swapper/1" capability=5 scontext=u:r:kernel:s0 tcontext=u:r:kernel:s0 tclass=capability permissive=0
11-11 06:18:22.399 0 0 I auditd : type=1400 audit(0.0:6298): avc: denied { kill } for comm="swapper/1" capability=5 scontext=u:r:kernel:s0 tcontext=u:r:kernel:s0 tclass=capability permissive=0
11-11 06:18:23.399 0 0 I auditd : type=1400 audit(0.0:6299): avc: denied { kill } for comm="swapper/1" capability=5 scontext=u:r:kernel:s0 tcontext=u:r:kernel:s0 tclass=capability permissive=0
11-11 06:18:24.399 0 0 I auditd : type=1400 audit(0.0:6300): avc: denied { kill } for comm="swapper/1" capability=5 scontext=u:r:kernel:s0 tcontext=u:r:kernel:s0 tclass=capability permissive=0
11-11 06:18:25.403 0 0 I auditd : type=1400 audit(0.0:6301): avc: denied { kill } for comm="swapper/1" capability=5 scontext=u:r:kernel:s0 tcontext=u:r:kernel:s0 tclass=capability permissive=0
11-11 06:18:26.399 0 0 I auditd : type=1400 audit(0.0:6302): avc: denied { kill } for comm="swapper/1" capability=5 scontext=u:r:kernel:s0 tcontext=u:r:kernel:s0 tclass=capability permissive=0
11-11 06:18:27.399 0 0 I auditd : type=1400 audit(0.0:6303): avc: denied { kill } for comm="swapper/1" capability=5 scontext=u:r:kernel:s0 tcontext=u:r:kernel:s0 tclass=capability permissive=0
11-11 06:18:28.399 0 0 I auditd : type=1400 audit(0.0:6304): avc: denied { kill } for comm="swapper/1" capability=5 scontext=u:r:kernel:s0 tcontext=u:r:kernel:s0 tclass=capability permissive=0
11-11 06:18:29.399 0 0 I auditd : type=1400 audit(0.0:6305): avc: denied { kill } for comm="swapper/1" capability=5 scontext=u:r:kernel:s0 tcontext=u:r:kernel:s0 tclass=capability permissive=0
11-11 06:18:30.403 0 0 I auditd : type=1400 audit(0.0:6306): avc: denied { kill } for comm="swapper/3" capability=5 scontext=u:r:kernel:s0 tcontext=u:r:kernel:s0 tclass=capability permissive=0
11-11 06:18:31.399 0 0 I auditd : type=1400 audit(0.0:6307): avc: denied { kill } for comm="swapper/3" capability=5 scontext=u:r:kernel:s0 tcontext=u:r:kernel:s0 tclass=capability permissive=0
11-11 06:18:32.399 0 0 I auditd : type=1400 audit(0.0:6308): avc: denied { kill } for comm="swapper/3" capability=5 scontext=u:r:kernel:s0 tcontext=u:r:kernel:s0 tclass=capability permissive=0
11-11 06:18:33.399 0 0 I auditd : type=1400 audit(0.0:6309): avc: denied { kill } for comm="swapper/3" capability=5 scontext=u:r:kernel:s0 tcontext=u:r:kernel:s0 tclass=capability permissive=0
11-11 06:18:34.399 0 0 I auditd : type=1400 audit(0.0:6310): avc: denied { kill } for comm="swapper/3" capability=5 scontext=u:r:kernel:s0 tcontext=u:r:kernel:s0 tclass=capability permissive=0
11-11 06:18:35.399 0 0 I auditd : type=1400 audit(0.0:6311): avc: denied { kill } for comm="swapper/3" capability=5 scontext=u:r:kernel:s0 tcontext=u:r:kernel:s0 tclass=capability permissive=0
11-11 06:18:36.399 0 0 I auditd : type=1400 audit(0.0:6312): avc: denied { kill } for comm="swapper/3" capability=5 scontext=u:r:kernel:s0 tcontext=u:r:kernel:s0 tclass=capability permissive=0
11-11 06:18:37.399 0 0 I auditd : type=1400 audit(0.0:6313): avc: denied { kill } for comm="swapper/3" capability=5 scontext=u:r:kernel:s0 tcontext=u:r:kernel:s0 tclass=capability permissive=0
11-11 06:18:38.399 0 0 I auditd : type=1400 audit(0.0:6314): avc: denied { kill } for comm="swapper/3" capability=5 scontext=u:r:kernel:s0 tcontext=u:r:kernel:s0 tclass=capability permissive=0
11-11 06:18:39.399 0 0 I auditd : type=1400 audit(0.0:6315): avc: denied { kill } for comm="swapper/3" capability=5 scontext=u:r:kernel:s0 tcontext=u:r:kernel:s0 tclass=capability permissive=0
11-11 06:18:40.399 0 0 I auditd : type=1400 audit(0.0:6316): avc: denied { kill } for comm="swapper/3" capability=5 scontext=u:r:kernel:s0 tcontext=u:r:kernel:s0 tclass=capability permissive=0
11-11 06:18:40.999 1514 1614 I am_uid_idle: 10060
11-11 06:18:41.399 0 0 I auditd : type=1400 audit(0.0:6317): avc: denied { kill } for comm="swapper/3" capability=5 scontext=u:r:kernel:s0 tcontext=u:r:kernel:s0 tclass=capability permissive=0
11-11 06:18:42.399 0 0 I auditd : type=1400 audit(0.0:6318): avc: denied { kill } for comm="swapper/3" capability=5 scontext=u:r:kernel:s0 tcontext=u:r:kernel:s0 tclass=capability permissive=0
11-11 06:18:43.403 0 0 I auditd : type=1400 audit(0.0:6319): avc: denied { kill } for comm="swapper/3" capability=5 scontext=u:r:kernel:s0 tcontext=u:r:kernel:s0 tclass=capability permissive=0
11-11 06:18:43.702 1514 1614 I am_uid_idle: 10094
11-11 06:18:44.715 1514 1649 V DisplayPowerController[0]: Brightness [0.05] reason changing to: 'manual [ dim ]', previous reason: 'manual'.
11-11 06:18:44.716 1514 1649 I sysui_multi_action: [757,1696,758,6,759,2]
11-11 06:18:44.716 1514 1649 W PowerManagerService: Screen on took 172016 ms
11-11 06:18:44.717 1514 1974 E DisplayDeviceConfig: requesting nits when no mapping exists.
11-11 06:18:44.718 1514 1974 E DisplayDeviceConfig: requesting nits when no mapping exists.
11-11 06:18:44.718 1514 1614 I am_wtf : [0,1514,system_server,-1,DisplayDeviceConfig,requesting nits when no mapping exists.]
11-11 06:18:44.720 1514 1614 I DropBoxManagerService: add tag=system_server_wtf isTagEnabled=true flags=0x2
11-11 06:18:44.722 1514 1614 I am_wtf : [0,1514,system_server,-1,DisplayDeviceConfig,requesting nits when no mapping exists.]
11-11 06:18:44.723 1514 1614 I DropBoxManagerService: add tag=system_server_wtf isTagEnabled=true flags=0x2
11-11 06:18:44.734 1514 1974 E DisplayDeviceConfig: requesting nits when no mapping exists.
11-11 06:18:44.734 1514 1614 I am_wtf : [0,1514,system_server,-1,DisplayDeviceConfig,requesting nits when no mapping exists.]
11-11 06:18:44.735 1514 1974 E DisplayDeviceConfig: requesting nits when no mapping exists.
11-11 06:18:44.736 1514 1614 I DropBoxManagerService: add tag=system_server_wtf isTagEnabled=true flags=0x2
11-11 06:18:44.737 1514 1614 I am_wtf : [0,1514,system_server,-1,DisplayDeviceConfig,requesting nits when no mapping exists.]
11-11 06:18:44.737 1514 1614 I DropBoxManagerService: add tag=system_server_wtf isTagEnabled=true flags=0x2
11-11 06:18:44.751 1514 1974 E DisplayDeviceConfig: requesting nits when no mapping exists.
11-11 06:18:44.751 1514 1974 E DisplayDeviceConfig: requesting nits when no mapping exists.
11-11 06:18:44.751 1514 1614 I am_wtf : [0,1514,system_server,-1,DisplayDeviceConfig,requesting nits when no mapping exists.]
11-11 06:18:44.752 1514 1614 I DropBoxManagerService: add tag=system_server_wtf isTagEnabled=true flags=0x2
11-11 06:18:44.753 1514 1614 I am_wtf : [0,1514,system_server,-1,DisplayDeviceConfig,requesting nits when no mapping exists.]
11-11 06:18:44.757 1514 1974 E DisplayDeviceConfig: requesting nits when no mapping exists.
11-11 06:18:44.758 1514 1614 I am_wtf : [0,1514,system_server,-1,DisplayDeviceConfig,requesting nits when no mapping exists.]
11-11 06:18:44.758 1514 1974 E DisplayDeviceConfig: requesting nits when no mapping exists.
11-11 06:18:44.759 1514 1614 I am_wtf : [0,1514,system_server,-1,DisplayDeviceConfig,requesting nits when no mapping exists.]
11-11 06:18:44.773 1514 1974 E DisplayDeviceConfig: requesting nits when no mapping exists.
11-11 06:18:44.774 1514 1614 I am_wtf : [0,1514,system_server,-1,DisplayDeviceConfig,requesting nits when no mapping exists.]
11-11 06:18:44.774 1514 1974 E DisplayDeviceConfig: requesting nits when no mapping exists.
11-11 06:18:44.775 1514 1614 I am_wtf : [0,1514,system_server,-1,DisplayDeviceConfig,requesting nits when no mapping exists.]
11-11 06:18:44.790 1514 1974 E DisplayDeviceConfig: requesting nits when no mapping exists.
11-11 06:18:44.790 1514 1974 E DisplayDeviceConfig: requesting nits when no mapping exists.
11-11 06:18:44.790 1514 1614 I am_wtf : [0,1514,system_server,-1,DisplayDeviceConfig,requesting nits when no mapping exists.]
11-11 06:18:44.791 1514 1614 I am_wtf : [0,1514,system_server,-1,DisplayDeviceConfig,requesting nits when no mapping exists.]
11-11 06:18:44.806 1514 1974 E DisplayDeviceConfig: requesting nits when no mapping exists.
11-11 06:18:44.807 1514 1614 I am_wtf : [0,1514,system_server,-1,DisplayDeviceConfig,requesting nits when no mapping exists.]
11-11 06:18:44.808 1514 1974 E DisplayDeviceConfig: requesting nits when no mapping exists.
11-11 06:18:44.808 1514 1614 I am_wtf : [0,1514,system_server,-1,DisplayDeviceConfig,requesting nits when no mapping exists.]
11-11 06:18:44.823 1514 1974 E DisplayDeviceConfig: requesting nits when no mapping exists.
11-11 06:18:44.824 1514 1974 E DisplayDeviceConfig: requesting nits when no mapping exists.
11-11 06:18:44.824 1514 1614 I am_wtf : [0,1514,system_server,-1,DisplayDeviceConfig,requesting nits when no mapping exists.]
11-11 06:18:44.824 1514 1614 I am_wtf : [0,1514,system_server,-1,DisplayDeviceConfig,requesting nits when no mapping exists.]
11-11 06:18:44.840 1514 1974 E DisplayDeviceConfig: requesting nits when no mapping exists.
11-11 06:18:44.841 1514 1614 I am_wtf : [0,1514,system_server,-1,DisplayDeviceConfig,requesting nits when no mapping exists.]
11-11 06:18:44.841 1514 1974 E DisplayDeviceConfig: requesting nits when no mapping exists.
11-11 06:18:44.842 1514 1614 I service_manager_stats: [100,71,92492]
11-11 06:18:44.842 1514 1614 I am_wtf : [0,1514,system_server,-1,DisplayDeviceConfig,requesting nits when no mapping exists.]
11-11 06:18:44.857 1514 1974 E DisplayDeviceConfig: requesting nits when no mapping exists.
11-11 06:18:44.857 1514 1614 I am_wtf : [0,1514,system_server,-1,DisplayDeviceConfig,requesting nits when no mapping exists.]
11-11 06:18:44.858 1514 1974 E DisplayDeviceConfig: requesting nits when no mapping exists.
11-11 06:18:44.859 1514 1614 I am_wtf : [0,1514,system_server,-1,DisplayDeviceConfig,requesting nits when no mapping exists.]
11-11 06:18:44.873 1514 1974 E DisplayDeviceConfig: requesting nits when no mapping exists.
11-11 06:18:44.874 1514 1614 I am_wtf : [0,1514,system_server,-1,DisplayDeviceConfig,requesting nits when no mapping exists.]
11-11 06:18:44.874 1514 1974 E DisplayDeviceConfig: requesting nits when no mapping exists.
11-11 06:18:44.875 1514 1614 I am_wtf : [0,1514,system_server,-1,DisplayDeviceConfig,requesting nits when no mapping exists.]
11-11 06:18:44.891 1514 1974 E DisplayDeviceConfig: requesting nits when no mapping exists.
11-11 06:18:44.891 1514 1614 I am_wtf : [0,1514,system_server,-1,DisplayDeviceConfig,requesting nits when no mapping exists.]
11-11 06:18:44.892 1514 1974 E DisplayDeviceConfig: requesting nits when no mapping exists.
11-11 06:18:44.892 1514 1614 I am_wtf : [0,1514,system_server,-1,DisplayDeviceConfig,requesting nits when no mapping exists.]
11-11 06:18:44.907 1514 1974 E DisplayDeviceConfig: requesting nits when no mapping exists.
11-11 06:18:44.908 1514 1614 I am_wtf : [0,1514,system_server,-1,DisplayDeviceConfig,requesting nits when no mapping exists.]
11-11 06:18:44.908 1514 1974 E DisplayDeviceConfig: requesting nits when no mapping exists.
11-11 06:18:44.909 1514 1614 I am_wtf : [0,1514,system_server,-1,DisplayDeviceConfig,requesting nits when no mapping exists.]
11-11 06:18:44.924 1514 1974 E DisplayDeviceConfig: requesting nits when no mapping exists.
11-11 06:18:44.924 1514 1974 E DisplayDeviceConfig: requesting nits when no mapping exists.
11-11 06:18:44.924 1514 1614 I am_wtf : [0,1514,system_server,-1,DisplayDeviceConfig,requesting nits when no mapping exists.]
11-11 06:18:44.925 1514 1614 I am_wtf : [0,1514,system_server,-1,DisplayDeviceConfig,requesting nits when no mapping exists.]
11-11 06:18:44.940 1514 1974 E DisplayDeviceConfig: requesting nits when no mapping exists.
11-11 06:18:44.941 1514 1614 I am_wtf : [0,1514,system_server,-1,DisplayDeviceConfig,requesting nits when no mapping exists.]
11-11 06:18:44.941 1514 1974 E DisplayDeviceConfig: requesting nits when no mapping exists.
11-11 06:18:44.942 1514 1614 I am_wtf : [0,1514,system_server,-1,DisplayDeviceConfig,requesting nits when no mapping exists.]
11-11 06:18:44.957 1514 1974 E DisplayDeviceConfig: requesting nits when no mapping exists.
11-11 06:18:44.958 1514 1974 E DisplayDeviceConfig: requesting nits when no mapping exists.
11-11 06:18:44.958 1514 1614 I am_wtf : [0,1514,system_server,-1,DisplayDeviceConfig,requesting nits when no mapping exists.]
11-11 06:18:44.959 1514 1614 I am_wtf : [0,1514,system_server,-1,DisplayDeviceConfig,requesting nits when no mapping exists.]
11-11 06:18:44.973 1514 1974 E DisplayDeviceConfig: requesting nits when no mapping exists.
11-11 06:18:44.974 1514 1614 I am_wtf : [0,1514,system_server,-1,DisplayDeviceConfig,requesting nits when no mapping exists.]
11-11 06:18:44.974 1514 1974 E DisplayDeviceConfig: requesting nits when no mapping exists.
11-11 06:18:44.975 1514 1614 I am_wtf : [0,1514,system_server,-1,DisplayDeviceConfig,requesting nits when no mapping exists.]
11-11 06:18:44.990 1514 1974 E DisplayDeviceConfig: requesting nits when no mapping exists.
11-11 06:18:44.991 1514 1614 I am_wtf : [0,1514,system_server,-1,DisplayDeviceConfig,requesting nits when no mapping exists.]
11-11 06:18:44.991 1514 1974 E DisplayDeviceConfig: requesting nits when no mapping exists.
11-11 06:18:44.991 1514 1614 I am_wtf : [0,1514,system_server,-1,DisplayDeviceConfig,requesting nits when no mapping exists.]
11-11 06:18:45.007 1514 1974 E DisplayDeviceConfig: requesting nits when no mapping exists.
11-11 06:18:45.008 1514 1974 E DisplayDeviceConfig: requesting nits when no mapping exists.
11-11 06:18:45.008 1514 1614 I am_wtf : [0,1514,system_server,-1,DisplayDeviceConfig,requesting nits when no mapping exists.]
11-11 06:18:45.009 1514 1614 I am_wtf : [0,1514,system_server,-1,DisplayDeviceConfig,requesting nits when no mapping exists.]
11-11 06:18:45.024 1514 1974 E DisplayDeviceConfig: requesting nits when no mapping exists.
11-11 06:18:45.025 1514 1974 E DisplayDeviceConfig: requesting nits when no mapping exists.
11-11 06:18:45.025 1514 1614 I am_wtf : [0,1514,system_server,-1,DisplayDeviceConfig,requesting nits when no mapping exists.]
11-11 06:18:45.025 1514 1614 I am_wtf : [0,1514,system_server,-1,DisplayDeviceConfig,requesting nits when no mapping exists.]
11-11 06:18:45.040 1514 1974 E DisplayDeviceConfig: requesting nits when no mapping exists.
11-11 06:18:45.041 1514 1974 E DisplayDeviceConfig: requesting nits when no mapping exists.
11-11 06:18:45.041 1514 1614 I am_wtf : [0,1514,system_server,-1,DisplayDeviceConfig,requesting nits when no mapping exists.]
11-11 06:18:45.042 1514 1614 I am_wtf : [0,1514,system_server,-1,DisplayDeviceConfig,requesting nits when no mapping exists.]
11-11 06:18:45.059 1514 1974 E DisplayDeviceConfig: requesting nits when no mapping exists.
11-11 06:18:45.060 1514 1974 E DisplayDeviceConfig: requesting nits when no mapping exists.
11-11 06:18:45.060 1514 1614 I am_wtf : [0,1514,system_server,-1,DisplayDeviceConfig,requesting nits when no mapping exists.]
11-11 06:18:45.061 1514 1614 I am_wtf : [0,1514,system_server,-1,DisplayDeviceConfig,requesting nits when no mapping exists.]
11-11 06:18:45.074 1514 1974 E DisplayDeviceConfig: requesting nits when no mapping exists.
