11-11 05:25:39.241 1514 10321 W ContextImpl: Calling a method in the system process without a qualified user: android.app.ContextImpl.startActivity:1067 com.android.server.wm.FreeFormWindowHelper.exitRecentTasks:387 com.android.server.wm.ActivityTaskManagerService.exitRecentTasks:3795 android.app.IActivityTaskManager$Stub.onTransact:2295 com.android.server.wm.ActivityTaskManagerService.onTransact:5039
11-11 05:25:39.242 1514 10321 I ActivityTaskManager: START u0 {flg=0x10108000 cmp=com.android.gallery3d/.app.GalleryActivity} from uid 1000
11-11 05:25:39.244 1514 1615 I ActivityManager: Start proc 10670:com.android.gallery3d/u0a68 for null
11-11 05:25:39.246 1514 10321 W ActivityTaskManager: Can't find TaskDisplayArea to determine support for multi window. Task id=84 attached=false
11-11 05:25:39.248 1514 10321 D FreeFormWindowHelper: Add freeform task=Task{1e124cb #84 type=standard ?? U=0 visible=false mode=freeform translucent=true sz=0}
11-11 05:25:39.253 1514 10321 I ActivityTaskManager: FOREGROUND_APPLICATION_CHANGED to com.android.gallery3d.app.GalleryActivity
11-11 05:25:39.268 3685 3703 W ContextImpl: Calling a method in the system process without a qualified user: android.app.ContextImpl.startService:1816 android.content.ContextWrapper.startService:774 com.thundercomm.gamemode.ingame.services.GameModeActionUtils.startGameModeService:93 com.thundercomm.gamemode.ingame.services.GameModeActionUtils.startGameModeEntry:21 com.thundercomm.gamemode.ingame.services.ActivityMonitoringService$1.onActivityLaunch:126
11-11 05:25:39.275 1514 1514 I GameModeConfig: Current uri is uri = content://com.thundercomm.gamemode.api/gamemode_settings/gamemode_isgaming
11-11 05:25:39.278 1514 1514 I GameModeConfig: isGameModeOn = false
11-11 05:25:39.279 1514 1514 I GameModeConfig: isGameModeOn = false
11-11 05:25:39.279 1514 1514 I GameModeConfig: isDisableVoice = true
11-11 05:25:39.286 1514 9595 I ActivityTaskManager: The Process com.android.gallery3d Already Exists in BG. So sending its PID: 10670
11-11 05:25:39.302 3685 3703 W ContextImpl: Calling a method in the system process without a qualified user: android.app.ContextImpl.startService:1816 android.content.ContextWrapper.startService:774 com.thundercomm.gamemode.ingame.services.GameModeActionUtils.startGameModeService:93 com.thundercomm.gamemode.ingame.services.GameModeActionUtils.startGameModeEntry:21 com.thundercomm.gamemode.ingame.services.ActivityMonitoringService$1.onActivityLaunch:126
11-11 05:25:39.312 1514 1514 I GameModeConfig: Current uri is uri = content://com.thundercomm.gamemode.api/gamemode_settings/gamemode_isgaming
11-11 05:25:39.314 1514 1514 I GameModeConfig: isGameModeOn = false
11-11 05:25:39.315 1514 1514 I GameModeConfig: isGameModeOn = false
11-11 05:25:39.315 1514 1514 I GameModeConfig: isDisableVoice = true
11-11 05:25:40.720 1514 1901 I GameModeConfig: isGameModeOn = false
11-11 05:25:40.902 1514 1901 I GameModeConfig: isGameModeOn = false
11-11 05:25:40.953 1514 2742 E TaskPersister: File error accessing recents directory (directory doesn't exist?).
11-11 05:25:40.966 1514 9595 I ActivityTaskManager: FOREGROUND_APPLICATION_CHANGED to com.android.launcher3.uioverrides.QuickstepLauncher
11-11 05:25:40.986 3685 3703 W ContextImpl: Calling a method in the system process without a qualified user: android.app.ContextImpl.startService:1816 android.content.ContextWrapper.startService:774 com.thundercomm.gamemode.ingame.services.GameModeActionUtils.startGameModeService:93 com.thundercomm.gamemode.ingame.services.GameModeActionUtils.startGameModeEntry:21 com.thundercomm.gamemode.ingame.services.ActivityMonitoringService$1.onActivityLaunch:126
11-11 05:25:40.997 1514 1514 I GameModeConfig: Current uri is uri = content://com.thundercomm.gamemode.api/gamemode_settings/gamemode_isgaming
11-11 05:25:41.000 1514 1514 I GameModeConfig: isGameModeOn = false
11-11 05:25:41.000 1514 1514 I GameModeConfig: isGameModeOn = false
11-11 05:25:41.000 1514 1514 I GameModeConfig: isDisableVoice = true
11-11 05:25:41.081 3685 3703 W ContextImpl: Calling a method in the system process without a qualified user: android.app.ContextImpl.startService:1816 android.content.ContextWrapper.startService:774 com.thundercomm.gamemode.ingame.services.GameModeActionUtils.startGameModeService:93 com.thundercomm.gamemode.ingame.services.GameModeActionUtils.startGameModeEntry:21 com.thundercomm.gamemode.ingame.services.ActivityMonitoringService$1.onActivityLaunch:126
11-11 05:25:41.085 1514 1514 I GameModeConfig: Current uri is uri = content://com.thundercomm.gamemode.api/gamemode_settings/gamemode_isgaming
11-11 05:25:41.087 1514 1514 I GameModeConfig: isGameModeOn = false
11-11 05:25:41.087 1514 1514 I GameModeConfig: isGameModeOn = false
11-11 05:25:41.087 1514 1514 I GameModeConfig: isDisableVoice = true
11-11 05:25:41.263 1514 1596 D FreeFormWindowHelper: Remove freefrom task=Task{1e124cb #84 type=standard A=10068:com.android.gallery3d U=0 visible=false mode=freeform translucent=true sz=0}
11-11 05:25:44.269 1514 2742 E TaskPersister: File error accessing recents directory (directory doesn't exist?).
11-11 05:25:45.314 1514 2991 I ActivityTaskManager: START u0 {act=android.intent.action.MAIN cat=[android.intent.category.LAUNCHER] flg=0x10200000 cmp=com.android.gallery3d/.app.GalleryActivity bnds=[2233,174][2408,357]} from uid 10079
11-11 05:25:45.320 1514 2991 W ActivityTaskManager: Can't find TaskDisplayArea to determine support for multi window. Task id=85 attached=false
11-11 05:25:45.343 1514 9595 I ActivityTaskManager: FOREGROUND_APPLICATION_CHANGED to com.android.gallery3d.app.GalleryActivity
11-11 05:25:45.344 1514 9595 I ActivityTaskManager: The Process com.android.gallery3d Already Exists in BG. So sending its PID: 10670
11-11 05:25:45.344 1514 9595 W ActivityTaskManager: Tried to set launchTime (0) < mLastActivityLaunchTime (2354702)
11-11 05:25:45.385 3685 3703 W ContextImpl: Calling a method in the system process without a qualified user: android.app.ContextImpl.startService:1816 android.content.ContextWrapper.startService:774 com.thundercomm.gamemode.ingame.services.GameModeActionUtils.startGameModeService:93 com.thundercomm.gamemode.ingame.services.GameModeActionUtils.startGameModeEntry:21 com.thundercomm.gamemode.ingame.services.ActivityMonitoringService$1.onActivityLaunch:126
11-11 05:25:45.386 1514 2991 W WindowManager: Failed looking up window session=Session{6a44e16 10670:u0a10068} callers=com.android.server.wm.WindowManagerService.windowForClientLocked:5628 com.android.server.wm.Session.insetsModified:629 android.view.IWindowSession$Stub.onTransact:1151
11-11 05:25:45.395 1514 1514 I GameModeConfig: Current uri is uri = content://com.thundercomm.gamemode.api/gamemode_settings/gamemode_isgaming
11-11 05:25:45.403 1514 1514 I GameModeConfig: isGameModeOn = false
11-11 05:25:45.403 1514 1514 I GameModeConfig: isGameModeOn = false
11-11 05:25:45.403 1514 1514 I GameModeConfig: isDisableVoice = true
11-11 05:25:45.403 1514 1901 I GameModeConfig: isGameModeOn = false
11-11 05:25:45.403 1514 1901 I GameModeConfig: isGameModeOn = false
11-11 05:25:45.404 1514 1901 I GameModeConfig: isGameModeOn = false
11-11 05:25:45.404 1514 1901 I GameModeConfig: isGameModeOn = false
11-11 05:25:45.456 3685 3703 W ContextImpl: Calling a method in the system process without a qualified user: android.app.ContextImpl.startService:1816 android.content.ContextWrapper.startService:774 com.thundercomm.gamemode.ingame.services.GameModeActionUtils.startGameModeService:93 com.thundercomm.gamemode.ingame.services.GameModeActionUtils.startGameModeEntry:21 com.thundercomm.gamemode.ingame.services.ActivityMonitoringService$1.onActivityLaunch:126
11-11 05:25:45.466 1514 1514 I GameModeConfig: Current uri is uri = content://com.thundercomm.gamemode.api/gamemode_settings/gamemode_isgaming
11-11 05:25:45.472 1514 1514 I GameModeConfig: isGameModeOn = false
11-11 05:25:45.472 1514 1514 I GameModeConfig: isGameModeOn = false
11-11 05:25:45.472 1514 1514 I GameModeConfig: isDisableVoice = true
11-11 05:25:45.613 1514 1514 I GameModeConfig: isGameModeOn = false
11-11 05:25:45.618 1514 1514 W NotificationHistory: Attempted to add notif for locked/gone/disabled user 0
11-11 05:25:45.984 3685 3703 W ContextImpl: Calling a method in the system process without a qualified user: android.app.ContextImpl.startService:1816 android.content.ContextWrapper.startService:774 com.thundercomm.gamemode.ingame.services.GameModeActionUtils.startGameModeService:93 com.thundercomm.gamemode.ingame.services.GameModeActionUtils.startGameModeEntry:21 com.thundercomm.gamemode.ingame.services.ActivityMonitoringService$1.onActivityLaunch:126
11-11 05:25:45.990 1514 1514 I GameModeConfig: Current uri is uri = content://com.thundercomm.gamemode.api/gamemode_settings/gamemode_isgaming
11-11 05:25:45.992 1514 1514 I GameModeConfig: isGameModeOn = false
11-11 05:25:45.996 1514 1514 I GameModeConfig: isGameModeOn = false
11-11 05:25:45.996 1514 1514 I GameModeConfig: isDisableVoice = true
11-11 05:25:47.122 3685 3703 W ContextImpl: Calling a method in the system process without a qualified user: android.app.ContextImpl.startService:1816 android.content.ContextWrapper.startService:774 com.thundercomm.gamemode.ingame.services.GameModeActionUtils.startGameModeService:93 com.thundercomm.gamemode.ingame.services.GameModeActionUtils.startGameModeEntry:21 com.thundercomm.gamemode.ingame.services.ActivityMonitoringService$1.onActivityLaunch:126
11-11 05:25:47.129 1514 1514 I GameModeConfig: Current uri is uri = content://com.thundercomm.gamemode.api/gamemode_settings/gamemode_isgaming
11-11 05:25:47.131 1514 1514 I GameModeConfig: isGameModeOn = false
11-11 05:25:47.132 1514 1514 I GameModeConfig: isGameModeOn = false
11-11 05:25:47.132 1514 1514 I GameModeConfig: isDisableVoice = true
11-11 05:25:48.850 1514 2742 E TaskPersister: File error accessing recents directory (directory doesn't exist?).
11-11 05:25:49.042 1514 2991 I ActivityTaskManager: START u0 {flg=0x10008000 cmp=com.android.gallery3d/.app.GalleryActivity} from uid 10079
11-11 05:25:49.100 1514 2991 D FreeFormWindowHelper: Add freeform task=Task{1afdc98 #85 type=standard A=10068:com.android.gallery3d U=0 visible=true mode=freeform translucent=false sz=1}
11-11 05:25:49.139 1514 9595 I ActivityTaskManager: The Process com.android.gallery3d Already Exists in BG. So sending its PID: 10670
11-11 05:25:49.140 1514 9595 W ActivityTaskManager: Tried to set launchTime (0) < mLastActivityLaunchTime (2360760)
11-11 05:25:49.248 3685 3703 W ContextImpl: Calling a method in the system process without a qualified user: android.app.ContextImpl.startService:1816 android.content.ContextWrapper.startService:774 com.thundercomm.gamemode.ingame.services.GameModeActionUtils.startGameModeService:93 com.thundercomm.gamemode.ingame.services.GameModeActionUtils.startGameModeEntry:21 com.thundercomm.gamemode.ingame.services.ActivityMonitoringService$1.onActivityLaunch:126
11-11 05:25:49.255 1514 1514 I GameModeConfig: Current uri is uri = content://com.thundercomm.gamemode.api/gamemode_settings/gamemode_isgaming
11-11 05:25:49.258 1514 1514 I GameModeConfig: isGameModeOn = false
11-11 05:25:49.258 1514 1514 I GameModeConfig: isGameModeOn = false
11-11 05:25:49.258 1514 1514 I GameModeConfig: isDisableVoice = true
11-11 05:25:49.541 1514 10321 I ActivityTaskManager: FOREGROUND_APPLICATION_CHANGED to com.android.launcher3.uioverrides.QuickstepLauncher
11-11 05:25:49.661 3685 3703 W ContextImpl: Calling a method in the system process without a qualified user: android.app.ContextImpl.startService:1816 android.content.ContextWrapper.startService:774 com.thundercomm.gamemode.ingame.services.GameModeActionUtils.startGameModeService:93 com.thundercomm.gamemode.ingame.services.GameModeActionUtils.startGameModeEntry:21 com.thundercomm.gamemode.ingame.services.ActivityMonitoringService$1.onActivityLaunch:126
11-11 05:25:49.666 1514 1514 I GameModeConfig: Current uri is uri = content://com.thundercomm.gamemode.api/gamemode_settings/gamemode_isgaming
11-11 05:25:49.667 1514 1514 I GameModeConfig: isGameModeOn = false
11-11 05:25:49.668 1514 1514 I GameModeConfig: isGameModeOn = false
11-11 05:25:49.668 1514 1514 I GameModeConfig: isDisableVoice = true
11-11 05:25:50.844 1514 1595 I ActivityTaskManager: FOREGROUND_APPLICATION_CHANGED to com.android.gallery3d.app.GalleryActivity
11-11 05:25:50.979 1514 6421 I ActivityTaskManager: FOREGROUND_APPLICATION_CHANGED to com.android.launcher3.uioverrides.QuickstepLauncher
11-11 05:25:50.998 1514 2742 E TaskPersister: File error accessing recents directory (directory doesn't exist?).
11-11 05:25:51.000 3685 3703 W ContextImpl: Calling a method in the system process without a qualified user: android.app.ContextImpl.startService:1816 android.content.ContextWrapper.startService:774 com.thundercomm.gamemode.ingame.services.GameModeActionUtils.startGameModeService:93 com.thundercomm.gamemode.ingame.services.GameModeActionUtils.startGameModeEntry:21 com.thundercomm.gamemode.ingame.services.ActivityMonitoringService$1.onActivityLaunch:126
11-11 05:25:51.022 1514 1514 I GameModeConfig: Current uri is uri = content://com.thundercomm.gamemode.api/gamemode_settings/gamemode_isgaming
11-11 05:25:51.024 1514 1514 I GameModeConfig: isGameModeOn = false
11-11 05:25:51.025 1514 1514 I GameModeConfig: isGameModeOn = false
11-11 05:25:51.025 1514 1514 I GameModeConfig: isDisableVoice = true
11-11 05:25:51.092 3685 3703 W ContextImpl: Calling a method in the system process without a qualified user: android.app.ContextImpl.startService:1816 android.content.ContextWrapper.startService:774 com.thundercomm.gamemode.ingame.services.GameModeActionUtils.startGameModeService:93 com.thundercomm.gamemode.ingame.services.GameModeActionUtils.startGameModeEntry:21 com.thundercomm.gamemode.ingame.services.ActivityMonitoringService$1.onActivityLaunch:126
11-11 05:25:51.097 1514 1514 I GameModeConfig: Current uri is uri = content://com.thundercomm.gamemode.api/gamemode_settings/gamemode_isgaming
11-11 05:25:51.099 1514 1514 I GameModeConfig: isGameModeOn = false
11-11 05:25:51.099 1514 1514 I GameModeConfig: isGameModeOn = false
11-11 05:25:51.099 1514 1514 I GameModeConfig: isDisableVoice = true
11-11 05:25:51.290 1514 1596 D FreeFormWindowHelper: Remove freefrom task=Task{1afdc98 #85 type=standard A=10068:com.android.gallery3d U=0 visible=false mode=freeform translucent=true sz=0}
11-11 05:25:54.047 1514 10321 I ActivityTaskManager: START u0 {flg=0x10008000 cmp=com.android.gallery3d/.app.GalleryActivity} from uid 10079
11-11 05:25:54.052 1514 10321 W ActivityTaskManager: Can't find TaskDisplayArea to determine support for multi window. Task id=86 attached=false
11-11 05:25:54.057 1514 10321 D FreeFormWindowHelper: Add freeform task=Task{d9d07a6 #86 type=standard ?? U=0 visible=false mode=freeform translucent=true sz=0}
11-11 05:25:54.069 1514 10321 I ActivityTaskManager: FOREGROUND_APPLICATION_CHANGED to com.android.gallery3d.app.GalleryActivity
11-11 05:25:54.069 1514 10321 I ActivityTaskManager: The Process com.android.gallery3d Already Exists in BG. So sending its PID: 10670
11-11 05:25:54.071 1514 10321 W ActivityTaskManager: Tried to set launchTime (0) < mLastActivityLaunchTime (2364556)
11-11 05:25:54.102 3685 3703 W ContextImpl: Calling a method in the system process without a qualified user: android.app.ContextImpl.startService:1816 android.content.ContextWrapper.startService:774 com.thundercomm.gamemode.ingame.services.GameModeActionUtils.startGameModeService:93 com.thundercomm.gamemode.ingame.services.GameModeActionUtils.startGameModeEntry:21 com.thundercomm.gamemode.ingame.services.ActivityMonitoringService$1.onActivityLaunch:126
11-11 05:25:54.108 1514 1514 I GameModeConfig: Current uri is uri = content://com.thundercomm.gamemode.api/gamemode_settings/gamemode_isgaming
11-11 05:25:54.111 1514 1514 I GameModeConfig: isGameModeOn = false
11-11 05:25:54.111 1514 1514 I GameModeConfig: isGameModeOn = false
11-11 05:25:54.111 1514 1514 I GameModeConfig: isDisableVoice = true
11-11 05:25:55.300 1514 2742 E TaskPersister: File error accessing recents directory (directory doesn't exist?).
11-11 05:25:55.301 1514 2991 I ActivityTaskManager: FOREGROUND_APPLICATION_CHANGED to com.android.launcher3.uioverrides.QuickstepLauncher
11-11 05:25:55.323 3685 3703 W ContextImpl: Calling a method in the system process without a qualified user: android.app.ContextImpl.startService:1816 android.content.ContextWrapper.startService:774 com.thundercomm.gamemode.ingame.services.GameModeActionUtils.startGameModeService:93 com.thundercomm.gamemode.ingame.services.GameModeActionUtils.startGameModeEntry:21 com.thundercomm.gamemode.ingame.services.ActivityMonitoringService$1.onActivityLaunch:126
11-11 05:25:55.329 1514 1514 I GameModeConfig: Current uri is uri = content://com.thundercomm.gamemode.api/gamemode_settings/gamemode_isgaming
11-11 05:25:55.331 1514 1514 I GameModeConfig: isGameModeOn = false
11-11 05:25:55.332 1514 1514 I GameModeConfig: isGameModeOn = false
11-11 05:25:55.332 1514 1514 I GameModeConfig: isDisableVoice = true
11-11 05:25:55.414 3685 3703 W ContextImpl: Calling a method in the system process without a qualified user: android.app.ContextImpl.startService:1816 android.content.ContextWrapper.startService:774 com.thundercomm.gamemode.ingame.services.GameModeActionUtils.startGameModeService:93 com.thundercomm.gamemode.ingame.services.GameModeActionUtils.startGameModeEntry:21 com.thundercomm.gamemode.ingame.services.ActivityMonitoringService$1.onActivityLaunch:126
11-11 05:25:55.421 1514 1514 I GameModeConfig: Current uri is uri = content://com.thundercomm.gamemode.api/gamemode_settings/gamemode_isgaming
11-11 05:25:55.426 1514 1514 I GameModeConfig: isGameModeOn = false
11-11 05:25:55.427 1514 1514 I GameModeConfig: isGameModeOn = false
11-11 05:25:55.427 1514 1514 I GameModeConfig: isDisableVoice = true
11-11 05:25:55.597 1514 1596 D FreeFormWindowHelper: Remove freefrom task=Task{d9d07a6 #86 type=standard A=10068:com.android.gallery3d U=0 visible=false mode=freeform translucent=true sz=0}
11-11 05:25:55.662 1514 1901 I GameModeConfig: isGameModeOn = false
11-11 05:25:58.608 1514 2742 E TaskPersister: File error accessing recents directory (directory doesn't exist?).
11-11 05:26:00.291 1514 10321 W ActivityTaskManager: Request to remove task ignored for non-existent task 86
11-11 05:26:03.294 1514 2742 E TaskPersister: File error accessing recents directory (directory doesn't exist?).
11-11 05:26:05.287 1514 1595 W ActivityTaskManager: Launch timeout has expired, giving up wake lock!
11-11 05:26:34.136 1514 1612 I UsageStatsService: User[0] Flushing usage stats to disk
11-11 05:26:52.798 1514 1649 V DisplayPowerController[0]: Brightness [0.05] reason changing to: 'manual [ dim ]', previous reason: 'manual'.
11-11 05:26:52.799 1514 1649 W PowerManagerService: Screen on took 115419 ms
11-11 05:26:52.808 1514 1974 E DisplayDeviceConfig: requesting nits when no mapping exists.
11-11 05:26:52.809 1514 1974 E DisplayDeviceConfig: requesting nits when no mapping exists.
11-11 05:26:52.811 1514 1614 I DropBoxManagerService: add tag=system_server_wtf isTagEnabled=true flags=0x2
11-11 05:26:52.814 1514 1614 I DropBoxManagerService: add tag=system_server_wtf isTagEnabled=true flags=0x2
11-11 05:26:52.824 1514 1974 E DisplayDeviceConfig: requesting nits when no mapping exists.
11-11 05:26:52.825 1514 1974 E DisplayDeviceConfig: requesting nits when no mapping exists.
11-11 05:26:52.827 1514 1614 I DropBoxManagerService: add tag=system_server_wtf isTagEnabled=true flags=0x2
11-11 05:26:52.829 1514 1614 I DropBoxManagerService: add tag=system_server_wtf isTagEnabled=true flags=0x2
11-11 05:26:52.832 1514 1974 E DisplayDeviceConfig: requesting nits when no mapping exists.
11-11 05:26:52.832 1514 1974 E DisplayDeviceConfig: requesting nits when no mapping exists.
11-11 05:26:52.834 1514 1614 I DropBoxManagerService: add tag=system_server_wtf isTagEnabled=true flags=0x2
11-11 05:26:52.848 1514 1974 E DisplayDeviceConfig: requesting nits when no mapping exists.
11-11 05:26:52.849 1514 1974 E DisplayDeviceConfig: requesting nits when no mapping exists.
11-11 05:26:52.865 1514 1974 E DisplayDeviceConfig: requesting nits when no mapping exists.
11-11 05:26:52.865 1514 1974 E DisplayDeviceConfig: requesting nits when no mapping exists.
11-11 05:26:52.882 1514 1974 E DisplayDeviceConfig: requesting nits when no mapping exists.
11-11 05:26:52.883 1514 1974 E DisplayDeviceConfig: requesting nits when no mapping exists.
11-11 05:26:52.899 1514 1974 E DisplayDeviceConfig: requesting nits when no mapping exists.
11-11 05:26:52.899 1514 1974 E DisplayDeviceConfig: requesting nits when no mapping exists.
11-11 05:26:52.916 1514 1974 E DisplayDeviceConfig: requesting nits when no mapping exists.
11-11 05:26:52.916 1514 1974 E DisplayDeviceConfig: requesting nits when no mapping exists.
11-11 05:26:52.933 1514 1974 E DisplayDeviceConfig: requesting nits when no mapping exists.
11-11 05:26:52.933 1514 1974 E DisplayDeviceConfig: requesting nits when no mapping exists.
11-11 05:26:52.949 1514 1974 E DisplayDeviceConfig: requesting nits when no mapping exists.
11-11 05:26:52.950 1514 1974 E DisplayDeviceConfig: requesting nits when no mapping exists.
11-11 05:26:52.966 1514 1974 E DisplayDeviceConfig: requesting nits when no mapping exists.
11-11 05:26:52.967 1514 1974 E DisplayDeviceConfig: requesting nits when no mapping exists.
11-11 05:26:52.982 1514 1974 E DisplayDeviceConfig: requesting nits when no mapping exists.
11-11 05:26:52.983 1514 1974 E DisplayDeviceConfig: requesting nits when no mapping exists.
11-11 05:26:52.999 1514 1974 E DisplayDeviceConfig: requesting nits when no mapping exists.
11-11 05:26:53.000 1514 1974 E DisplayDeviceConfig: requesting nits when no mapping exists.
11-11 05:26:53.015 1514 1974 E DisplayDeviceConfig: requesting nits when no mapping exists.
11-11 05:26:53.016 1514 1974 E DisplayDeviceConfig: requesting nits when no mapping exists.
11-11 05:26:53.032 1514 1974 E DisplayDeviceConfig: requesting nits when no mapping exists.
11-11 05:26:53.033 1514 1974 E DisplayDeviceConfig: requesting nits when no mapping exists.
11-11 05:26:53.049 1514 1974 E DisplayDeviceConfig: requesting nits when no mapping exists.
11-11 05:26:53.050 1514 1974 E DisplayDeviceConfig: requesting nits when no mapping exists.
11-11 05:26:53.066 1514 1974 E DisplayDeviceConfig: requesting nits when no mapping exists.
11-11 05:26:53.067 1514 1974 E DisplayDeviceConfig: requesting nits when no mapping exists.
11-11 05:26:53.083 1514 1974 E DisplayDeviceConfig: requesting nits when no mapping exists.
11-11 05:26:53.083 1514 1974 E DisplayDeviceConfig: requesting nits when no mapping exists.
11-11 05:26:53.100 1514 1974 E DisplayDeviceConfig: requesting nits when no mapping exists.
11-11 05:26:53.100 1514 1974 E DisplayDeviceConfig: requesting nits when no mapping exists.
11-11 05:26:53.116 1514 1974 E DisplayDeviceConfig: requesting nits when no mapping exists.
11-11 05:26:53.116 1514 1974 E DisplayDeviceConfig: requesting nits when no mapping exists.
11-11 05:26:53.133 1514 1974 E DisplayDeviceConfig: requesting nits when no mapping exists.
11-11 05:26:53.134 1514 1974 E DisplayDeviceConfig: requesting nits when no mapping exists.
11-11 05:26:53.149 1514 1974 E DisplayDeviceConfig: requesting nits when no mapping exists.
11-11 05:26:53.150 1514 1974 E DisplayDeviceConfig: requesting nits when no mapping exists.
11-11 05:26:53.166 1514 1974 E DisplayDeviceConfig: requesting nits when no mapping exists.
11-11 05:26:53.167 1514 1974 E DisplayDeviceConfig: requesting nits when no mapping exists.
11-11 05:26:53.183 1514 1974 E DisplayDeviceConfig: requesting nits when no mapping exists.
11-11 05:26:53.184 1514 1974 E DisplayDeviceConfig: requesting nits when no mapping exists.
11-11 05:26:53.200 1514 1974 E DisplayDeviceConfig: requesting nits when no mapping exists.
11-11 05:26:53.200 1514 1974 E DisplayDeviceConfig: requesting nits when no mapping exists.
11-11 05:26:53.216 1514 1974 E DisplayDeviceConfig: requesting nits when no mapping exists.
11-11 05:26:53.217 1514 1974 E DisplayDeviceConfig: requesting nits when no mapping exists.
11-11 05:26:53.233 1514 1974 E DisplayDeviceConfig: requesting nits when no mapping exists.
11-11 05:26:53.233 1514 1974 E DisplayDeviceConfig: requesting nits when no mapping exists.
11-11 05:26:53.251 1514 1974 E DisplayDeviceConfig: requesting nits when no mapping exists.
11-11 05:26:53.251 1514 1974 E DisplayDeviceConfig: requesting nits when no mapping exists.
11-11 05:26:53.267 1514 1974 E DisplayDeviceConfig: requesting nits when no mapping exists.
11-11 05:26:53.267 1514 1974 E DisplayDeviceConfig: requesting nits when no mapping exists.
11-11 05:26:53.284 1514 1974 E DisplayDeviceConfig: requesting nits when no mapping exists.
11-11 05:26:53.284 1514 1974 E DisplayDeviceConfig: requesting nits when no mapping exists.
11-11 05:26:53.300 1514 1974 E DisplayDeviceConfig: requesting nits when no mapping exists.
11-11 05:26:53.301 1514 1974 E DisplayDeviceConfig: requesting nits when no mapping exists.
11-11 05:26:53.317 1514 1974 E DisplayDeviceConfig: requesting nits when no mapping exists.
11-11 05:26:53.317 1514 1974 E DisplayDeviceConfig: requesting nits when no mapping exists.
11-11 05:26:53.333 1514 1974 E DisplayDeviceConfig: requesting nits when no mapping exists.
11-11 05:26:53.334 1514 1974 E DisplayDeviceConfig: requesting nits when no mapping exists.
11-11 05:26:53.350 1514 1974 E DisplayDeviceConfig: requesting nits when no mapping exists.
11-11 05:26:53.351 1514 1974 E DisplayDeviceConfig: requesting nits when no mapping exists.
11-11 05:26:53.367 1514 1974 E DisplayDeviceConfig: requesting nits when no mapping exists.
11-11 05:26:53.367 1514 1974 E DisplayDeviceConfig: requesting nits when no mapping exists.
11-11 05:26:53.384 1514 1974 E DisplayDeviceConfig: requesting nits when no mapping exists.
11-11 05:26:53.384 1514 1974 E DisplayDeviceConfig: requesting nits when no mapping exists.
11-11 05:26:53.400 1514 1974 E DisplayDeviceConfig: requesting nits when no mapping exists.
11-11 05:26:53.400 1514 1974 E DisplayDeviceConfig: requesting nits when no mapping exists.
11-11 05:26:53.417 1514 1974 E DisplayDeviceConfig: requesting nits when no mapping exists.
11-11 05:26:53.417 1514 1974 E DisplayDeviceConfig: requesting nits when no mapping exists.
11-11 05:26:53.434 1514 1974 E DisplayDeviceConfig: requesting nits when no mapping exists.
11-11 05:26:53.434 1514 1974 E DisplayDeviceConfig: requesting nits when no mapping exists.
11-11 05:26:53.450 1514 1974 E DisplayDeviceConfig: requesting nits when no mapping exists.
11-11 05:26:53.451 1514 1974 E DisplayDeviceConfig: requesting nits when no mapping exists.
11-11 05:26:53.467 1514 1974 E DisplayDeviceConfig: requesting nits when no mapping exists.
11-11 05:26:53.468 1514 1974 E DisplayDeviceConfig: requesting nits when no mapping exists.
11-11 05:26:53.484 1514 1974 E DisplayDeviceConfig: requesting nits when no mapping exists.
11-11 05:26:53.485 1514 1974 E DisplayDeviceConfig: requesting nits when no mapping exists.
11-11 05:26:53.500 1514 1974 E DisplayDeviceConfig: requesting nits when no mapping exists.
11-11 05:26:53.501 1514 1974 E DisplayDeviceConfig: requesting nits when no mapping exists.
11-11 05:26:53.517 1514 1974 E DisplayDeviceConfig: requesting nits when no mapping exists.
11-11 05:26:53.518 1514 1974 E DisplayDeviceConfig: requesting nits when no mapping exists.
11-11 05:26:53.534 1514 1974 E DisplayDeviceConfig: requesting nits when no mapping exists.
11-11 05:26:53.534 1514 1974 E DisplayDeviceConfig: requesting nits when no mapping exists.
11-11 05:26:53.550 1514 1974 E DisplayDeviceConfig: requesting nits when no mapping exists.
11-11 05:26:53.551 1514 1974 E DisplayDeviceConfig: requesting nits when no mapping exists.
11-11 05:26:53.567 1514 1974 E DisplayDeviceConfig: requesting nits when no mapping exists.
11-11 05:26:53.568 1514 1974 E DisplayDeviceConfig: requesting nits when no mapping exists.
11-11 05:26:53.585 1514 1974 E DisplayDeviceConfig: requesting nits when no mapping exists.
11-11 05:26:53.587 1514 1974 E DisplayDeviceConfig: requesting nits when no mapping exists.
11-11 05:26:53.602 1514 1974 E DisplayDeviceConfig: requesting nits when no mapping exists.
11-11 05:26:53.603 1514 1974 E DisplayDeviceConfig: requesting nits when no mapping exists.
11-11 05:26:53.618 1514 1974 E DisplayDeviceConfig: requesting nits when no mapping exists.
11-11 05:26:53.619 1514 1974 E DisplayDeviceConfig: requesting nits when no mapping exists.
11-11 05:26:53.634 1514 1974 E DisplayDeviceConfig: requesting nits when no mapping exists.
11-11 05:26:53.635 1514 1974 E DisplayDeviceConfig: requesting nits when no mapping exists.
11-11 05:26:53.651 1514 1974 E DisplayDeviceConfig: requesting nits when no mapping exists.
11-11 05:26:53.652 1514 1974 E DisplayDeviceConfig: requesting nits when no mapping exists.
11-11 05:26:53.668 1514 1974 E DisplayDeviceConfig: requesting nits when no mapping exists.
11-11 05:26:53.669 1514 1974 E DisplayDeviceConfig: requesting nits when no mapping exists.
11-11 05:26:53.685 1514 1974 E DisplayDeviceConfig: requesting nits when no mapping exists.
11-11 05:26:53.687 1514 1974 E DisplayDeviceConfig: requesting nits when no mapping exists.
11-11 05:26:53.702 1514 1974 E DisplayDeviceConfig: requesting nits when no mapping exists.
11-11 05:26:53.703 1514 1974 E DisplayDeviceConfig: requesting nits when no mapping exists.
11-11 05:26:53.718 1514 1974 E DisplayDeviceConfig: requesting nits when no mapping exists.
11-11 05:26:53.718 1514 1974 E DisplayDeviceConfig: requesting nits when no mapping exists.
11-11 05:26:53.734 1514 1974 E DisplayDeviceConfig: requesting nits when no mapping exists.
11-11 05:26:53.736 1514 1974 E DisplayDeviceConfig: requesting nits when no mapping exists.
11-11 05:26:53.752 1514 1974 E DisplayDeviceConfig: requesting nits when no mapping exists.
11-11 05:26:53.752 1514 1974 E DisplayDeviceConfig: requesting nits when no mapping exists.
11-11 05:26:59.787 1514 1649 I PowerManagerService: Napping display group (groupId=0, uid=1000)...
11-11 05:26:59.787 1514 1649 I PowerManagerService: Nap time (uid 1000)...
11-11 05:26:59.789 1514 1649 I DreamManagerService: Entering dreamland.
11-11 05:26:59.795 1514 1649 I PowerManagerService: Dreaming...
11-11 05:26:59.801 1514 1592 I DreamController: Starting dream: name=ComponentInfo{com.thundercomm.screensaver/com.thundercomm.saverclock.service.ClockScreensaver}, isTest=false, canDoze=false, userId=0
11-11 05:26:59.818 1514 10321 I ActivityTaskManager: START u0 {flg=0x10000000 pkg=com.thundercomm.screensaver cmp=com.thundercomm.screensaver/android.service.dreams.DreamActivity (has extras)} from uid 10051
11-11 05:26:59.823 1514 10321 W ActivityTaskManager: Can't find TaskDisplayArea to determine support for multi window. Task id=87 attached=false
11-11 05:26:59.838 1514 10321 I ActivityTaskManager: FOREGROUND_APPLICATION_CHANGED to android.service.dreams.DreamActivity
11-11 05:26:59.839 1514 10321 I ActivityTaskManager: The Process com.thundercomm.screensaver Already Exists in BG. So sending its PID: 4894
11-11 05:26:59.839 1514 10321 W ActivityTaskManager: Tried to set launchTime (0) < mLastActivityLaunchTime (2301114)
11-11 05:26:59.862 1514 2991 W WindowManager: Failed looking up window session=Session{de6ab3f 4894:u0a10051} callers=com.android.server.wm.WindowManagerService.windowForClientLocked:5628 com.android.server.wm.Session.insetsModified:629 android.view.IWindowSession$Stub.onTransact:1151
11-11 05:26:59.871 3685 3703 W ContextImpl: Calling a method in the system process without a qualified user: android.app.ContextImpl.startService:1816 android.content.ContextWrapper.startService:774 com.thundercomm.gamemode.ingame.services.GameModeActionUtils.startGameModeService:93 com.thundercomm.gamemode.ingame.services.GameModeActionUtils.startGameModeEntry:21 com.thundercomm.gamemode.ingame.services.ActivityMonitoringService$1.onActivityLaunch:126
11-11 05:26:59.886 1514 1514 I GameModeConfig: Current uri is uri = content://com.thundercomm.gamemode.api/gamemode_settings/gamemode_isgaming
11-11 05:26:59.890 1514 1514 I GameModeConfig: isGameModeOn = false
11-11 05:26:59.891 1514 1514 I GameModeConfig: isGameModeOn = false
11-11 05:26:59.891 1514 1514 I GameModeConfig: isDisableVoice = true
11-11 05:26:59.893 1514 1901 I GameModeConfig: isGameModeOn = false
11-11 05:26:59.893 1514 1901 I GameModeConfig: isGameModeOn = false
11-11 05:26:59.894 1514 1901 I GameModeConfig: isGameModeOn = false
11-11 05:26:59.894 1514 1901 I GameModeConfig: isGameModeOn = false
11-11 05:26:59.912 1514 1649 V DisplayPowerController[0]: Brightness [1.0] reason changing to: 'manual', previous reason: 'manual [ dim ]'.
11-11 05:26:59.918 1514 1974 E DisplayDeviceConfig: requesting nits when no mapping exists.
11-11 05:26:59.919 1514 1974 E DisplayDeviceConfig: requesting nits when no mapping exists.
11-11 05:26:59.935 1514 1974 E DisplayDeviceConfig: requesting nits when no mapping exists.
11-11 05:26:59.935 1514 1974 E DisplayDeviceConfig: requesting nits when no mapping exists.
11-11 05:26:59.949 3685 3703 W ContextImpl: Calling a method in the system process without a qualified user: android.app.ContextImpl.startService:1816 android.content.ContextWrapper.startService:774 com.thundercomm.gamemode.ingame.services.GameModeActionUtils.startGameModeService:93 com.thundercomm.gamemode.ingame.services.GameModeActionUtils.startGameModeEntry:21 com.thundercomm.gamemode.ingame.services.ActivityMonitoringService$1.onActivityLaunch:126
11-11 05:26:59.954 1514 1514 I GameModeConfig: Current uri is uri = content://com.thundercomm.gamemode.api/gamemode_settings/gamemode_isgaming
11-11 05:26:59.954 1514 1974 E DisplayDeviceConfig: requesting nits when no mapping exists.
11-11 05:26:59.955 1514 1974 E DisplayDeviceConfig: requesting nits when no mapping exists.
11-11 05:26:59.956 1514 1514 I GameModeConfig: isGameModeOn = false
11-11 05:26:59.956 1514 1514 I GameModeConfig: isGameModeOn = false
11-11 05:26:59.956 1514 1514 I GameModeConfig: isDisableVoice = true
11-11 05:26:59.970 1514 1974 E DisplayDeviceConfig: requesting nits when no mapping exists.
11-11 05:26:59.970 1514 1974 E DisplayDeviceConfig: requesting nits when no mapping exists.
11-11 05:26:59.985 1514 1974 E DisplayDeviceConfig: requesting nits when no mapping exists.
11-11 05:26:59.987 1514 1974 E DisplayDeviceConfig: requesting nits when no mapping exists.
11-11 05:27:00.002 1514 1974 E DisplayDeviceConfig: requesting nits when no mapping exists.
11-11 05:27:00.003 1514 1974 E DisplayDeviceConfig: requesting nits when no mapping exists.
11-11 05:27:00.019 1514 1974 E DisplayDeviceConfig: requesting nits when no mapping exists.
11-11 05:27:00.019 1514 1974 E DisplayDeviceConfig: requesting nits when no mapping exists.
11-11 05:27:00.041 1514 1974 E DisplayDeviceConfig: requesting nits when no mapping exists.
11-11 05:27:00.041 1514 1974 E DisplayDeviceConfig: requesting nits when no mapping exists.
11-11 05:27:00.052 1514 1974 E DisplayDeviceConfig: requesting nits when no mapping exists.
11-11 05:27:00.052 1514 1974 E DisplayDeviceConfig: requesting nits when no mapping exists.
11-11 05:27:00.068 1514 1974 E DisplayDeviceConfig: requesting nits when no mapping exists.
11-11 05:27:00.070 1514 1974 E DisplayDeviceConfig: requesting nits when no mapping exists.
11-11 05:27:00.085 1514 1974 E DisplayDeviceConfig: requesting nits when no mapping exists.
11-11 05:27:00.087 1514 1974 E DisplayDeviceConfig: requesting nits when no mapping exists.
11-11 05:27:00.100 1514 1514 I GameModeConfig: isGameModeOn = false
11-11 05:27:00.105 1514 1974 E DisplayDeviceConfig: requesting nits when no mapping exists.
11-11 05:27:00.105 1514 1514 W NotificationHistory: Attempted to add notif for locked/gone/disabled user 0
11-11 05:27:00.106 1514 1974 E DisplayDeviceConfig: requesting nits when no mapping exists.
11-11 05:27:00.119 1514 1974 E DisplayDeviceConfig: requesting nits when no mapping exists.
11-11 05:27:00.120 1514 1974 E DisplayDeviceConfig: requesting nits when no mapping exists.
11-11 05:27:00.136 1514 1974 E DisplayDeviceConfig: requesting nits when no mapping exists.
11-11 05:27:00.137 1514 1974 E DisplayDeviceConfig: requesting nits when no mapping exists.
11-11 05:27:00.153 1514 1974 E DisplayDeviceConfig: requesting nits when no mapping exists.
11-11 05:27:00.154 1514 1974 E DisplayDeviceConfig: requesting nits when no mapping exists.
11-11 05:27:00.170 1514 1974 E DisplayDeviceConfig: requesting nits when no mapping exists.
11-11 05:27:00.171 1514 1974 E DisplayDeviceConfig: requesting nits when no mapping exists.
11-11 05:27:00.186 1514 1974 E DisplayDeviceConfig: requesting nits when no mapping exists.
11-11 05:27:00.187 1514 1974 E DisplayDeviceConfig: requesting nits when no mapping exists.
11-11 05:27:00.203 1514 1974 E DisplayDeviceConfig: requesting nits when no mapping exists.
11-11 05:27:00.204 1514 1974 E DisplayDeviceConfig: requesting nits when no mapping exists.
11-11 05:27:00.228 1514 1974 E DisplayDeviceConfig: requesting nits when no mapping exists.
11-11 05:27:00.230 1514 1974 E DisplayDeviceConfig: requesting nits when no mapping exists.
11-11 05:27:00.237 1514 1974 E DisplayDeviceConfig: requesting nits when no mapping exists.
11-11 05:27:00.237 1514 1974 E DisplayDeviceConfig: requesting nits when no mapping exists.
11-11 05:27:00.252 1514 1974 E DisplayDeviceConfig: requesting nits when no mapping exists.
11-11 05:27:00.253 1514 1974 E DisplayDeviceConfig: requesting nits when no mapping exists.
11-11 05:27:00.264 3685 3703 W ContextImpl: Calling a method in the system process without a qualified user: android.app.ContextImpl.startService:1816 android.content.ContextWrapper.startService:774 com.thundercomm.gamemode.ingame.services.GameModeActionUtils.startGameModeService:93 com.thundercomm.gamemode.ingame.services.GameModeActionUtils.startGameModeEntry:21 com.thundercomm.gamemode.ingame.services.ActivityMonitoringService$1.onActivityLaunch:126
11-11 05:27:00.267 1514 1974 E DisplayDeviceConfig: requesting nits when no mapping exists.
11-11 05:27:00.267 1514 1974 E DisplayDeviceConfig: requesting nits when no mapping exists.
11-11 05:27:00.273 1514 1514 I GameModeConfig: Current uri is uri = content://com.thundercomm.gamemode.api/gamemode_settings/gamemode_isgaming
11-11 05:27:00.275 1514 1514 I GameModeConfig: isGameModeOn = false
11-11 05:27:00.275 1514 1514 I GameModeConfig: isGameModeOn = false
11-11 05:27:00.275 1514 1514 I GameModeConfig: isDisableVoice = true
11-11 05:27:00.283 1514 1974 E DisplayDeviceConfig: requesting nits when no mapping exists.
11-11 05:27:00.284 1514 1974 E DisplayDeviceConfig: requesting nits when no mapping exists.
11-11 05:27:00.300 1514 1974 E DisplayDeviceConfig: requesting nits when no mapping exists.
11-11 05:27:00.300 1514 1974 E DisplayDeviceConfig: requesting nits when no mapping exists.
11-11 05:27:00.317 1514 1974 E DisplayDeviceConfig: requesting nits when no mapping exists.
11-11 05:27:00.319 1514 1974 E DisplayDeviceConfig: requesting nits when no mapping exists.
11-11 05:27:00.334 1514 1974 E DisplayDeviceConfig: requesting nits when no mapping exists.
11-11 05:27:00.334 1514 1974 E DisplayDeviceConfig: requesting nits when no mapping exists.
11-11 05:27:00.352 1514 1974 E DisplayDeviceConfig: requesting nits when no mapping exists.
11-11 05:27:00.352 1514 1974 E DisplayDeviceConfig: requesting nits when no mapping exists.
11-11 05:27:00.367 1514 1974 E DisplayDeviceConfig: requesting nits when no mapping exists.
11-11 05:27:00.368 1514 1974 E DisplayDeviceConfig: requesting nits when no mapping exists.
11-11 05:27:00.385 1514 1974 E DisplayDeviceConfig: requesting nits when no mapping exists.
11-11 05:27:00.386 1514 1974 E DisplayDeviceConfig: requesting nits when no mapping exists.
11-11 05:27:00.402 1514 1974 E DisplayDeviceConfig: requesting nits when no mapping exists.
11-11 05:27:00.403 1514 1974 E DisplayDeviceConfig: requesting nits when no mapping exists.
11-11 05:27:00.417 1514 1974 E DisplayDeviceConfig: requesting nits when no mapping exists.
11-11 05:27:00.417 1514 1974 E DisplayDeviceConfig: requesting nits when no mapping exists.
11-11 05:27:00.435 1514 1974 E DisplayDeviceConfig: requesting nits when no mapping exists.
11-11 05:27:00.436 1514 1974 E DisplayDeviceConfig: requesting nits when no mapping exists.
11-11 05:27:00.454 1514 1974 E DisplayDeviceConfig: requesting nits when no mapping exists.
11-11 05:27:00.454 1514 1974 E DisplayDeviceConfig: requesting nits when no mapping exists.
11-11 05:27:00.469 1514 1974 E DisplayDeviceConfig: requesting nits when no mapping exists.
11-11 05:27:00.471 1514 1974 E DisplayDeviceConfig: requesting nits when no mapping exists.
11-11 05:27:00.484 1514 1974 E DisplayDeviceConfig: requesting nits when no mapping exists.
11-11 05:27:00.486 1514 1974 E DisplayDeviceConfig: requesting nits when no mapping exists.
11-11 05:27:00.502 1514 1974 E DisplayDeviceConfig: requesting nits when no mapping exists.
11-11 05:27:00.503 1514 1974 E DisplayDeviceConfig: requesting nits when no mapping exists.
11-11 05:27:00.517 1514 1974 E DisplayDeviceConfig: requesting nits when no mapping exists.
11-11 05:27:00.518 1514 1974 E DisplayDeviceConfig: requesting nits when no mapping exists.
11-11 05:27:00.534 1514 1974 E DisplayDeviceConfig: requesting nits when no mapping exists.
11-11 05:27:00.534 1514 1974 E DisplayDeviceConfig: requesting nits when no mapping exists.
11-11 05:27:00.551 1514 1974 E DisplayDeviceConfig: requesting nits when no mapping exists.
11-11 05:27:00.551 1514 1974 E DisplayDeviceConfig: requesting nits when no mapping exists.
11-11 05:27:00.568 1514 1974 E DisplayDeviceConfig: requesting nits when no mapping exists.
11-11 05:27:00.568 1514 1974 E DisplayDeviceConfig: requesting nits when no mapping exists.
11-11 05:27:00.585 1514 1974 E DisplayDeviceConfig: requesting nits when no mapping exists.
11-11 05:27:00.585 1514 1974 E DisplayDeviceConfig: requesting nits when no mapping exists.
11-11 05:27:00.601 1514 1974 E DisplayDeviceConfig: requesting nits when no mapping exists.
11-11 05:27:00.601 1514 1974 E DisplayDeviceConfig: requesting nits when no mapping exists.
11-11 05:27:00.618 1514 1974 E DisplayDeviceConfig: requesting nits when no mapping exists.
11-11 05:27:00.619 1514 1974 E DisplayDeviceConfig: requesting nits when no mapping exists.
11-11 05:27:00.635 1514 1974 E DisplayDeviceConfig: requesting nits when no mapping exists.
11-11 05:27:00.635 1514 1974 E DisplayDeviceConfig: requesting nits when no mapping exists.
11-11 05:27:00.653 1514 1974 E DisplayDeviceConfig: requesting nits when no mapping exists.
11-11 05:27:00.653 1514 1974 E DisplayDeviceConfig: requesting nits when no mapping exists.
11-11 05:27:00.669 1514 1974 E DisplayDeviceConfig: requesting nits when no mapping exists.
11-11 05:27:00.669 1514 1974 E DisplayDeviceConfig: requesting nits when no mapping exists.
11-11 05:27:00.684 1514 1974 E DisplayDeviceConfig: requesting nits when no mapping exists.
11-11 05:27:00.685 1514 1974 E DisplayDeviceConfig: requesting nits when no mapping exists.
11-11 05:27:00.705 1514 1974 E DisplayDeviceConfig: requesting nits when no mapping exists.
11-11 05:27:00.705 1514 1974 E DisplayDeviceConfig: requesting nits when no mapping exists.
11-11 05:27:00.718 1514 1974 E DisplayDeviceConfig: requesting nits when no mapping exists.
11-11 05:27:00.719 1514 1974 E DisplayDeviceConfig: requesting nits when no mapping exists.
11-11 05:27:00.736 1514 1974 E DisplayDeviceConfig: requesting nits when no mapping exists.
11-11 05:27:00.737 1514 1974 E DisplayDeviceConfig: requesting nits when no mapping exists.
11-11 05:27:00.753 1514 1974 E DisplayDeviceConfig: requesting nits when no mapping exists.
11-11 05:27:00.755 1514 1974 E DisplayDeviceConfig: requesting nits when no mapping exists.
11-11 05:27:00.768 1514 1974 E DisplayDeviceConfig: requesting nits when no mapping exists.
11-11 05:27:00.768 1514 1974 E DisplayDeviceConfig: requesting nits when no mapping exists.
11-11 05:27:00.785 1514 1974 E DisplayDeviceConfig: requesting nits when no mapping exists.
11-11 05:27:00.785 1514 1974 E DisplayDeviceConfig: requesting nits when no mapping exists.
11-11 05:27:00.802 1514 1974 E DisplayDeviceConfig: requesting nits when no mapping exists.
11-11 05:27:00.803 1514 1974 E DisplayDeviceConfig: requesting nits when no mapping exists.
11-11 05:27:00.819 1514 1974 E DisplayDeviceConfig: requesting nits when no mapping exists.
11-11 05:27:00.819 1514 1974 E DisplayDeviceConfig: requesting nits when no mapping exists.
11-11 05:27:00.835 1514 1974 E DisplayDeviceConfig: requesting nits when no mapping exists.
11-11 05:27:00.836 1514 1974 E DisplayDeviceConfig: requesting nits when no mapping exists.
11-11 05:27:00.852 1514 1974 E DisplayDeviceConfig: requesting nits when no mapping exists.
11-11 05:27:00.855 1514 1974 E DisplayDeviceConfig: requesting nits when no mapping exists.
11-11 05:27:00.872 1514 1974 E DisplayDeviceConfig: requesting nits when no mapping exists.
11-11 05:27:00.875 1514 1974 E DisplayDeviceConfig: requesting nits when no mapping exists.
11-11 05:27:10.150 1514 1901 I GameModeConfig: isGameModeOn = false
11-11 05:27:16.598 1514 10321 I DreamManagerService: Gently waking up from dream.
11-11 05:27:16.600 1514 1592 I DreamManagerService: Performing gentle wake from dream.
11-11 05:27:16.604 1514 9595 I ActivityTaskManager: FOREGROUND_APPLICATION_CHANGED to com.android.launcher3.uioverrides.QuickstepLauncher
11-11 05:27:16.651 3685 3703 W ContextImpl: Calling a method in the system process without a qualified user: android.app.ContextImpl.startService:1816 android.content.ContextWrapper.startService:774 com.thundercomm.gamemode.ingame.services.GameModeActionUtils.startGameModeService:93 com.thundercomm.gamemode.ingame.services.GameModeActionUtils.startGameModeEntry:21 com.thundercomm.gamemode.ingame.services.ActivityMonitoringService$1.onActivityLaunch:126
11-11 05:27:16.662 1514 1514 I GameModeConfig: Current uri is uri = content://com.thundercomm.gamemode.api/gamemode_settings/gamemode_isgaming
11-11 05:27:16.667 1514 1514 I GameModeConfig: isGameModeOn = false
11-11 05:27:16.668 1514 1514 I GameModeConfig: isGameModeOn = false
11-11 05:27:16.668 1514 1514 I GameModeConfig: isDisableVoice = true
11-11 05:27:16.677 1514 1649 I PowerManagerService: Powering on display group fromDreaming (groupId=0, uid=1000, reason=WAKE_REASON_UNKNOWN, details=android.server.power:DREAM_FINISHED)...
11-11 05:27:16.677 1514 1649 I PowerManagerService: Waking up from Dreaming (uid=1000, reason=WAKE_REASON_UNKNOWN, details=android.server.power:DREAM_FINISHED)...
11-11 05:27:16.717 3685 3703 W ContextImpl: Calling a method in the system process without a qualified user: android.app.ContextImpl.startService:1816 android.content.ContextWrapper.startService:774 com.thundercomm.gamemode.ingame.services.GameModeActionUtils.startGameModeService:93 com.thundercomm.gamemode.ingame.services.GameModeActionUtils.startGameModeEntry:21 com.thundercomm.gamemode.ingame.services.ActivityMonitoringService$1.onActivityLaunch:126
11-11 05:27:16.722 1514 1514 I GameModeConfig: Current uri is uri = content://com.thundercomm.gamemode.api/gamemode_settings/gamemode_isgaming
11-11 05:27:16.724 1514 1514 I GameModeConfig: isGameModeOn = false
11-11 05:27:16.724 1514 1514 I GameModeConfig: isGameModeOn = false
11-11 05:27:16.724 1514 1514 I GameModeConfig: isDisableVoice = true
11-11 05:27:16.926 3685 3703 W ContextImpl: Calling a method in the system process without a qualified user: android.app.ContextImpl.startService:1816 android.content.ContextWrapper.startService:774 com.thundercomm.gamemode.ingame.services.GameModeActionUtils.startGameModeService:93 com.thundercomm.gamemode.ingame.services.GameModeActionUtils.startGameModeEntry:21 com.thundercomm.gamemode.ingame.services.ActivityMonitoringService$1.onActivityLaunch:126
11-11 05:27:16.933 1514 1514 I GameModeConfig: Current uri is uri = content://com.thundercomm.gamemode.api/gamemode_settings/gamemode_isgaming
11-11 05:27:16.936 1514 1514 I GameModeConfig: isGameModeOn = false
11-11 05:27:16.941 1514 1514 I GameModeConfig: isGameModeOn = false
11-11 05:27:16.941 1514 1514 I GameModeConfig: isDisableVoice = true
11-11 05:27:16.947 1514 1540 I DreamManagerService: Leaving dreamland.
11-11 05:27:16.949 1514 1592 I DreamManagerService: Performing gentle wake from dream.
11-11 05:27:16.949 1514 1592 I DreamController: Stopping dream: name=ComponentInfo{com.thundercomm.screensaver/com.thundercomm.saverclock.service.ClockScreensaver}, isTest=false, canDoze=false, userId=0, reason='finished self'(from 'finished self')
11-11 05:27:16.962 1514 1596 W ActivityTaskManager: Can't find TaskDisplayArea to determine support for multi window. Task id=87 attached=false
11-11 05:27:19.283 1514 2119 I ActivityTaskManager: START u0 {act=android.intent.action.MAIN cat=[android.intent.category.LAUNCHER] flg=0x10200000 cmp=com.android.gallery3d/.app.GalleryActivity bnds=[2233,174][2408,357]} from uid 10079
11-11 05:27:19.290 1514 2119 W ActivityTaskManager: Can't find TaskDisplayArea to determine support for multi window. Task id=88 attached=false
11-11 05:27:19.315 1514 1540 I ActivityTaskManager: FOREGROUND_APPLICATION_CHANGED to com.android.gallery3d.app.GalleryActivity
11-11 05:27:19.316 1514 1540 I ActivityTaskManager: The Process com.android.gallery3d Already Exists in BG. So sending its PID: 10670
11-11 05:27:19.316 1514 1540 W ActivityTaskManager: Tried to set launchTime (0) < mLastActivityLaunchTime (2369487)
