11-11 05:46:22.292 3685 3703 W ContextImpl: Calling a method in the system process without a qualified user: android.app.ContextImpl.startService:1816 android.content.ContextWrapper.startService:774 com.thundercomm.gamemode.ingame.services.GameModeActionUtils.startGameModeService:93 com.thundercomm.gamemode.ingame.services.GameModeActionUtils.startGameModeEntry:21 com.thundercomm.gamemode.ingame.services.ActivityMonitoringService$1.onActivityLaunch:126
11-11 05:46:22.292 12981 12981 I wm_on_destroy_called: [31937098,com.android.gallery3d.app.GalleryActivity,performDestroy]
11-11 05:46:22.308 1514 1514 I GameModeConfig: Current uri is uri = content://com.thundercomm.gamemode.api/gamemode_settings/gamemode_isgaming
11-11 05:46:22.313 1514 1514 I GameModeConfig: isGameModeOn = false
11-11 05:46:22.313 1514 1514 I GameModeConfig: isGameModeOn = false
11-11 05:46:22.313 1514 1514 I GameModeConfig: isDisableVoice = true
11-11 05:46:22.375 3685 3703 W ContextImpl: Calling a method in the system process without a qualified user: android.app.ContextImpl.startService:1816 android.content.ContextWrapper.startService:774 com.thundercomm.gamemode.ingame.services.GameModeActionUtils.startGameModeService:93 com.thundercomm.gamemode.ingame.services.GameModeActionUtils.startGameModeEntry:21 com.thundercomm.gamemode.ingame.services.ActivityMonitoringService$1.onActivityLaunch:126
11-11 05:46:22.380 1514 1514 I GameModeConfig: Current uri is uri = content://com.thundercomm.gamemode.api/gamemode_settings/gamemode_isgaming
11-11 05:46:22.384 1514 1514 I GameModeConfig: isGameModeOn = false
11-11 05:46:22.385 1514 1514 I GameModeConfig: isGameModeOn = false
11-11 05:46:22.385 1514 1514 I GameModeConfig: isDisableVoice = true
11-11 05:46:22.399 0 0 I auditd : type=1400 audit(0.0:4213): avc: denied { kill } for comm="swapper/1" capability=5 scontext=u:r:kernel:s0 tcontext=u:r:kernel:s0 tclass=capability permissive=0
11-11 05:46:22.561 1514 1596 I wm_task_removed: [100,removeChild:removeChild last r=ActivityRecord{1e7524a u0 com.android.gallery3d/.app.GalleryActivity t-1 f}} in t=Task{44ede9f #100 type=standard A=10068:com.android.gallery3d U=0 visible=false mode=freeform translucent=true sz=0}]
11-11 05:46:22.561 1514 1596 I wm_task_removed: [100,removeChild]
11-11 05:46:22.561 1514 1596 D FreeFormWindowHelper: Remove freefrom task=Task{44ede9f #100 type=standard A=10068:com.android.gallery3d U=0 visible=false mode=freeform translucent=true sz=0}
11-11 05:46:23.399 0 0 I auditd : type=1400 audit(0.0:4214): avc: denied { kill } for comm="swapper/1" capability=5 scontext=u:r:kernel:s0 tcontext=u:r:kernel:s0 tclass=capability permissive=0
11-11 05:46:24.399 0 0 I auditd : type=1400 audit(0.0:4215): avc: denied { kill } for comm="swapper/1" capability=5 scontext=u:r:kernel:s0 tcontext=u:r:kernel:s0 tclass=capability permissive=0
11-11 05:46:24.674 1514 1627 W BatteryExternalStatsWorker: error reading modem stats:ERROR_PHONE_NOT_AVAILABLE
11-11 05:46:24.709 1514 1627 E KernelCpuSpeedReader: Failed to read cpu-freq: /sys/devices/system/cpu/cpu4/cpufreq/stats/time_in_state: open failed: ENOENT (No such file or directory)
11-11 05:46:24.710 1514 1627 E KernelCpuSpeedReader: Failed to read cpu-freq: /sys/devices/system/cpu/cpu0/cpufreq/stats/time_in_state: open failed: ENOENT (No such file or directory)
11-11 05:46:24.707 564 564 I auditd : type=1400 audit(0.0:4216): avc: denied { read } for comm="Binder:564_2" name="wakeup58" dev="sysfs" ino=71827 scontext=u:r:system_suspend:s0 tcontext=u:object_r:sysfs:s0 tclass=dir permissive=0
11-11 05:46:24.707 564 564 I auditd : type=1400 audit(0.0:4217): avc: denied { read } for comm="Binder:564_2" name="wakeup48" dev="sysfs" ino=67421 scontext=u:r:system_suspend:s0 tcontext=u:object_r:sysfs:s0 tclass=dir permissive=0
11-11 05:46:24.707 564 564 I auditd : type=1400 audit(0.0:4218): avc: denied { read } for comm="Binder:564_2" name="wakeup4" dev="sysfs" ino=47028 scontext=u:r:system_suspend:s0 tcontext=u:object_r:sysfs:s0 tclass=dir permissive=0
11-11 05:46:24.707 564 564 I auditd : type=1400 audit(0.0:4219): avc: denied { read } for comm="Binder:564_2" name="wakeup76" dev="sysfs" ino=76669 scontext=u:r:system_suspend:s0 tcontext=u:object_r:sysfs:s0 tclass=dir permissive=0
11-11 05:46:24.711 564 564 I auditd : type=1400 audit(0.0:4220): avc: denied { read } for comm="Binder:564_2" name="wakeup28" dev="sysfs" ino=53233 scontext=u:r:system_suspend:s0 tcontext=u:object_r:sysfs:s0 tclass=dir permissive=0
11-11 05:46:24.749 1514 1612 I commit_sys_config_file: [batterystats,4]
11-11 05:46:24.751 1514 1612 I commit_sys_config_file: [batterystats,1]
11-11 05:46:25.569 1514 2742 E TaskPersister: File error accessing recents directory (directory doesn't exist?).
11-11 05:46:26.403 0 0 I auditd : type=1400 audit(0.0:4266): avc: denied { kill } for comm="swapper/1" capability=5 scontext=u:r:kernel:s0 tcontext=u:r:kernel:s0 tclass=capability permissive=0
11-11 05:46:28.399 0 0 I auditd : type=1400 audit(0.0:4267): avc: denied { kill } for comm="swapper/1" capability=5 scontext=u:r:kernel:s0 tcontext=u:r:kernel:s0 tclass=capability permissive=0
11-11 05:46:29.399 0 0 I auditd : type=1400 audit(0.0:4268): avc: denied { kill } for comm="swapper/1" capability=5 scontext=u:r:kernel:s0 tcontext=u:r:kernel:s0 tclass=capability permissive=0
11-11 05:46:30.399 0 0 I auditd : type=1400 audit(0.0:4269): avc: denied { kill } for comm="swapper/1" capability=5 scontext=u:r:kernel:s0 tcontext=u:r:kernel:s0 tclass=capability permissive=0
11-11 05:46:31.399 0 0 I auditd : type=1400 audit(0.0:4270): avc: denied { kill } for comm="swapper/1" capability=5 scontext=u:r:kernel:s0 tcontext=u:r:kernel:s0 tclass=capability permissive=0
11-11 05:46:32.253 1514 1595 W ActivityTaskManager: Launch timeout has expired, giving up wake lock!
11-11 05:46:32.399 0 0 I auditd : type=1400 audit(0.0:4271): avc: denied { kill } for comm="swapper/1" capability=5 scontext=u:r:kernel:s0 tcontext=u:r:kernel:s0 tclass=capability permissive=0
11-11 05:46:33.403 0 0 I auditd : type=1400 audit(0.0:4272): avc: denied { kill } for comm="swapper/1" capability=5 scontext=u:r:kernel:s0 tcontext=u:r:kernel:s0 tclass=capability permissive=0
11-11 05:46:34.195 1514 1612 I UsageStatsService: User[0] Flushing usage stats to disk
11-11 05:46:34.399 0 0 I auditd : type=1400 audit(0.0:4273): avc: denied { kill } for comm="swapper/1" capability=5 scontext=u:r:kernel:s0 tcontext=u:r:kernel:s0 tclass=capability permissive=0
11-11 05:46:35.399 0 0 I auditd : type=1400 audit(0.0:4274): avc: denied { kill } for comm="swapper/1" capability=5 scontext=u:r:kernel:s0 tcontext=u:r:kernel:s0 tclass=capability permissive=0
11-11 05:46:36.399 0 0 I auditd : type=1400 audit(0.0:4275): avc: denied { kill } for comm="swapper/1" capability=5 scontext=u:r:kernel:s0 tcontext=u:r:kernel:s0 tclass=capability permissive=0
11-11 05:46:37.403 0 0 I auditd : type=1400 audit(0.0:4276): avc: denied { kill } for comm="swapper/1" capability=5 scontext=u:r:kernel:s0 tcontext=u:r:kernel:s0 tclass=capability permissive=0
11-11 05:46:38.399 0 0 I auditd : type=1400 audit(0.0:4277): avc: denied { kill } for comm="swapper/1" capability=5 scontext=u:r:kernel:s0 tcontext=u:r:kernel:s0 tclass=capability permissive=0
11-11 05:46:39.399 0 0 I auditd : type=1400 audit(0.0:4278): avc: denied { kill } for comm="swapper/1" capability=5 scontext=u:r:kernel:s0 tcontext=u:r:kernel:s0 tclass=capability permissive=0
11-11 05:46:40.399 0 0 I auditd : type=1400 audit(0.0:4279): avc: denied { kill } for comm="swapper/1" capability=5 scontext=u:r:kernel:s0 tcontext=u:r:kernel:s0 tclass=capability permissive=0
11-11 05:46:41.399 0 0 I auditd : type=1400 audit(0.0:4280): avc: denied { kill } for comm="swapper/1" capability=5 scontext=u:r:kernel:s0 tcontext=u:r:kernel:s0 tclass=capability permissive=0
11-11 05:46:42.403 0 0 I auditd : type=1400 audit(0.0:4281): avc: denied { kill } for comm="swapper/1" capability=5 scontext=u:r:kernel:s0 tcontext=u:r:kernel:s0 tclass=capability permissive=0
11-11 05:46:43.399 0 0 I auditd : type=1400 audit(0.0:4282): avc: denied { kill } for comm="swapper/1" capability=5 scontext=u:r:kernel:s0 tcontext=u:r:kernel:s0 tclass=capability permissive=0
11-11 05:46:44.399 0 0 I auditd : type=1400 audit(0.0:4283): avc: denied { kill } for comm="swapper/1" capability=5 scontext=u:r:kernel:s0 tcontext=u:r:kernel:s0 tclass=capability permissive=0
11-11 05:46:44.666 1514 1836 I netstats_mobile_sample: [0,0,0,0,0,0,0,0,0,0,0,0,1668116804666]
11-11 05:46:44.667 1514 1836 I netstats_wifi_sample: [88454620,201185,40262685,93663,88454620,201185,40262685,93663,103341515,281963,20323046,48727,1668116804666]
11-11 05:46:45.399 0 0 I auditd : type=1400 audit(0.0:4284): avc: denied { kill } for comm="swapper/1" capability=5 scontext=u:r:kernel:s0 tcontext=u:r:kernel:s0 tclass=capability permissive=0
11-11 05:46:46.095 501 512 I auditd : type=1401 audit(0.0:4285): op=security_compute_sid invalid_context=u:r:np_thundercomm_tlog_pstore:s0 scontext=u:r:init:s0 tcontext=u:object_r:np_thundercomm_tlog_pstore_exec:s0 tclass=process
11-11 05:46:46.403 0 0 I auditd : type=1400 audit(0.0:4286): avc: denied { kill } for comm="swapper/1" capability=5 scontext=u:r:kernel:s0 tcontext=u:r:kernel:s0 tclass=capability permissive=0
11-11 05:46:47.399 0 0 I auditd : type=1400 audit(0.0:4287): avc: denied { kill } for comm="swapper/1" capability=5 scontext=u:r:kernel:s0 tcontext=u:r:kernel:s0 tclass=capability permissive=0
11-11 05:46:48.479 13275 13275 I auditd : type=1400 audit(0.0:4288): avc: denied { read } for comm="ls" name="/" dev="dm-5" ino=2 scontext=u:r:system_app:s0 tcontext=u:object_r:rootfs:s0 tclass=dir permissive=0
11-11 05:46:48.527 13279 13279 I auditd : type=1400 audit(0.0:4289): avc: denied { read } for comm="ls" name="/" dev="dm-5" ino=2 scontext=u:r:system_app:s0 tcontext=u:object_r:rootfs:s0 tclass=dir permissive=0
11-11 05:46:49.399 0 0 I auditd : type=1400 audit(0.0:4290): avc: denied { kill } for comm="swapper/1" capability=5 scontext=u:r:kernel:s0 tcontext=u:r:kernel:s0 tclass=capability permissive=0
11-11 05:46:50.399 0 0 I auditd : type=1400 audit(0.0:4291): avc: denied { kill } for comm="swapper/1" capability=5 scontext=u:r:kernel:s0 tcontext=u:r:kernel:s0 tclass=capability permissive=0
11-11 05:46:51.399 0 0 I auditd : type=1400 audit(0.0:4292): avc: denied { kill } for comm="swapper/1" capability=5 scontext=u:r:kernel:s0 tcontext=u:r:kernel:s0 tclass=capability permissive=0
11-11 05:46:52.403 0 0 I auditd : type=1400 audit(0.0:4293): avc: denied { kill } for comm="swapper/1" capability=5 scontext=u:r:kernel:s0 tcontext=u:r:kernel:s0 tclass=capability permissive=0
11-11 05:46:53.403 0 0 I auditd : type=1400 audit(0.0:4294): avc: denied { kill } for comm="swapper/1" capability=5 scontext=u:r:kernel:s0 tcontext=u:r:kernel:s0 tclass=capability permissive=0
11-11 05:46:54.403 0 0 I auditd : type=1400 audit(0.0:4295): avc: denied { kill } for comm="swapper/1" capability=5 scontext=u:r:kernel:s0 tcontext=u:r:kernel:s0 tclass=capability permissive=0
11-11 05:46:55.399 0 0 I auditd : type=1400 audit(0.0:4296): avc: denied { kill } for comm="swapper/1" capability=5 scontext=u:r:kernel:s0 tcontext=u:r:kernel:s0 tclass=capability permissive=0
11-11 05:46:56.399 0 0 I auditd : type=1400 audit(0.0:4297): avc: denied { kill } for comm="swapper/1" capability=5 scontext=u:r:kernel:s0 tcontext=u:r:kernel:s0 tclass=capability permissive=0
11-11 05:46:58.399 0 0 I auditd : type=1400 audit(0.0:4298): avc: denied { kill } for comm="swapper/1" capability=5 scontext=u:r:kernel:s0 tcontext=u:r:kernel:s0 tclass=capability permissive=0
11-11 05:46:59.399 0 0 I auditd : type=1400 audit(0.0:4299): avc: denied { kill } for comm="swapper/1" capability=5 scontext=u:r:kernel:s0 tcontext=u:r:kernel:s0 tclass=capability permissive=0
11-11 05:47:00.399 0 0 I auditd : type=1400 audit(0.0:4300): avc: denied { kill } for comm="swapper/1" capability=5 scontext=u:r:kernel:s0 tcontext=u:r:kernel:s0 tclass=capability permissive=0
11-11 05:47:01.399 0 0 I auditd : type=1400 audit(0.0:4301): avc: denied { kill } for comm="swapper/1" capability=5 scontext=u:r:kernel:s0 tcontext=u:r:kernel:s0 tclass=capability permissive=0
11-11 05:47:02.399 0 0 I auditd : type=1400 audit(0.0:4302): avc: denied { kill } for comm="swapper/1" capability=5 scontext=u:r:kernel:s0 tcontext=u:r:kernel:s0 tclass=capability permissive=0
11-11 05:47:03.399 0 0 I auditd : type=1400 audit(0.0:4303): avc: denied { kill } for comm="swapper/1" capability=5 scontext=u:r:kernel:s0 tcontext=u:r:kernel:s0 tclass=capability permissive=0
11-11 05:47:04.041 1514 12855 I commit_sys_config_file: [appops,3619315]
11-11 05:47:04.399 0 0 I auditd : type=1400 audit(0.0:4304): avc: denied { kill } for comm="swapper/1" capability=5 scontext=u:r:kernel:s0 tcontext=u:r:kernel:s0 tclass=capability permissive=0
11-11 05:47:05.399 0 0 I auditd : type=1400 audit(0.0:4305): avc: denied { kill } for comm="swapper/1" capability=5 scontext=u:r:kernel:s0 tcontext=u:r:kernel:s0 tclass=capability permissive=0
11-11 05:47:06.399 0 0 I auditd : type=1400 audit(0.0:4306): avc: denied { kill } for comm="swapper/1" capability=5 scontext=u:r:kernel:s0 tcontext=u:r:kernel:s0 tclass=capability permissive=0
11-11 05:47:07.399 0 0 I auditd : type=1400 audit(0.0:4307): avc: denied { kill } for comm="swapper/1" capability=5 scontext=u:r:kernel:s0 tcontext=u:r:kernel:s0 tclass=capability permissive=0
11-11 05:47:08.403 0 0 I auditd : type=1400 audit(0.0:4308): avc: denied { kill } for comm="swapper/1" capability=5 scontext=u:r:kernel:s0 tcontext=u:r:kernel:s0 tclass=capability permissive=0
11-11 05:47:09.403 0 0 I auditd : type=1400 audit(0.0:4309): avc: denied { kill } for comm="swapper/1" capability=5 scontext=u:r:kernel:s0 tcontext=u:r:kernel:s0 tclass=capability permissive=0
11-11 05:47:10.399 0 0 I auditd : type=1400 audit(0.0:4310): avc: denied { kill } for comm="swapper/1" capability=5 scontext=u:r:kernel:s0 tcontext=u:r:kernel:s0 tclass=capability permissive=0
11-11 05:47:11.399 0 0 I auditd : type=1400 audit(0.0:4311): avc: denied { kill } for comm="swapper/1" capability=5 scontext=u:r:kernel:s0 tcontext=u:r:kernel:s0 tclass=capability permissive=0
11-11 05:47:12.403 0 0 I auditd : type=1400 audit(0.0:4312): avc: denied { kill } for comm="swapper/1" capability=5 scontext=u:r:kernel:s0 tcontext=u:r:kernel:s0 tclass=capability permissive=0
11-11 05:47:13.403 0 0 I auditd : type=1400 audit(0.0:4313): avc: denied { kill } for comm="swapper/1" capability=5 scontext=u:r:kernel:s0 tcontext=u:r:kernel:s0 tclass=capability permissive=0
11-11 05:47:14.403 0 0 I auditd : type=1400 audit(0.0:4314): avc: denied { kill } for comm="swapper/1" capability=5 scontext=u:r:kernel:s0 tcontext=u:r:kernel:s0 tclass=capability permissive=0
11-11 05:47:15.161 1514 1649 V DisplayPowerController[0]: Brightness [0.05] reason changing to: 'manual [ dim ]', previous reason: 'manual'.
11-11 05:47:15.161 1514 1649 I sysui_multi_action: [757,1696,758,6,759,2]
11-11 05:47:15.161 1514 1649 W PowerManagerService: Screen on took 54374 ms
11-11 05:47:15.168 1514 1974 E DisplayDeviceConfig: requesting nits when no mapping exists.
11-11 05:47:15.168 1514 1974 E DisplayDeviceConfig: requesting nits when no mapping exists.
11-11 05:47:15.168 1514 1614 I am_wtf : [0,1514,system_server,-1,DisplayDeviceConfig,requesting nits when no mapping exists.]
11-11 05:47:15.170 1514 1614 I DropBoxManagerService: add tag=system_server_wtf isTagEnabled=true flags=0x2
11-11 05:47:15.173 1514 1614 I am_wtf : [0,1514,system_server,-1,DisplayDeviceConfig,requesting nits when no mapping exists.]
11-11 05:47:15.174 1514 1614 I DropBoxManagerService: add tag=system_server_wtf isTagEnabled=true flags=0x2
11-11 05:47:15.184 1514 1974 E DisplayDeviceConfig: requesting nits when no mapping exists.
11-11 05:47:15.184 1514 1614 I am_wtf : [0,1514,system_server,-1,DisplayDeviceConfig,requesting nits when no mapping exists.]
11-11 05:47:15.184 1514 1974 E DisplayDeviceConfig: requesting nits when no mapping exists.
11-11 05:47:15.185 1514 1614 I DropBoxManagerService: add tag=system_server_wtf isTagEnabled=true flags=0x2
11-11 05:47:15.186 1514 1614 I am_wtf : [0,1514,system_server,-1,DisplayDeviceConfig,requesting nits when no mapping exists.]
11-11 05:47:15.187 1514 1614 I DropBoxManagerService: add tag=system_server_wtf isTagEnabled=true flags=0x2
11-11 05:47:15.201 1514 1974 E DisplayDeviceConfig: requesting nits when no mapping exists.
11-11 05:47:15.201 1514 1614 I am_wtf : [0,1514,system_server,-1,DisplayDeviceConfig,requesting nits when no mapping exists.]
11-11 05:47:15.201 1514 1974 E DisplayDeviceConfig: requesting nits when no mapping exists.
11-11 05:47:15.202 1514 1614 I DropBoxManagerService: add tag=system_server_wtf isTagEnabled=true flags=0x2
11-11 05:47:15.203 1514 1614 I am_wtf : [0,1514,system_server,-1,DisplayDeviceConfig,requesting nits when no mapping exists.]
11-11 05:47:15.218 1514 1974 E DisplayDeviceConfig: requesting nits when no mapping exists.
11-11 05:47:15.219 1514 1614 I am_wtf : [0,1514,system_server,-1,DisplayDeviceConfig,requesting nits when no mapping exists.]
11-11 05:47:15.219 1514 1974 E DisplayDeviceConfig: requesting nits when no mapping exists.
11-11 05:47:15.219 1514 1614 I am_wtf : [0,1514,system_server,-1,DisplayDeviceConfig,requesting nits when no mapping exists.]
11-11 05:47:15.235 1514 1974 E DisplayDeviceConfig: requesting nits when no mapping exists.
11-11 05:47:15.236 1514 1974 E DisplayDeviceConfig: requesting nits when no mapping exists.
11-11 05:47:15.237 1514 1614 I am_wtf : [0,1514,system_server,-1,DisplayDeviceConfig,requesting nits when no mapping exists.]
11-11 05:47:15.237 1514 1614 I am_wtf : [0,1514,system_server,-1,DisplayDeviceConfig,requesting nits when no mapping exists.]
11-11 05:47:15.238 1514 1614 I service_manager_stats: [100,66,341503]
11-11 05:47:15.251 1514 1974 E DisplayDeviceConfig: requesting nits when no mapping exists.
11-11 05:47:15.252 1514 1974 E DisplayDeviceConfig: requesting nits when no mapping exists.
11-11 05:47:15.252 1514 1614 I am_wtf : [0,1514,system_server,-1,DisplayDeviceConfig,requesting nits when no mapping exists.]
11-11 05:47:15.253 1514 1614 I am_wtf : [0,1514,system_server,-1,DisplayDeviceConfig,requesting nits when no mapping exists.]
11-11 05:47:15.268 1514 1974 E DisplayDeviceConfig: requesting nits when no mapping exists.
11-11 05:47:15.269 1514 1974 E DisplayDeviceConfig: requesting nits when no mapping exists.
11-11 05:47:15.269 1514 1614 I am_wtf : [0,1514,system_server,-1,DisplayDeviceConfig,requesting nits when no mapping exists.]
11-11 05:47:15.270 1514 1614 I am_wtf : [0,1514,system_server,-1,DisplayDeviceConfig,requesting nits when no mapping exists.]
11-11 05:47:15.285 1514 1974 E DisplayDeviceConfig: requesting nits when no mapping exists.
11-11 05:47:15.285 1514 1974 E DisplayDeviceConfig: requesting nits when no mapping exists.
11-11 05:47:15.285 1514 1614 I am_wtf : [0,1514,system_server,-1,DisplayDeviceConfig,requesting nits when no mapping exists.]
11-11 05:47:15.286 1514 1614 I am_wtf : [0,1514,system_server,-1,DisplayDeviceConfig,requesting nits when no mapping exists.]
11-11 05:47:15.302 1514 1974 E DisplayDeviceConfig: requesting nits when no mapping exists.
11-11 05:47:15.302 1514 1974 E DisplayDeviceConfig: requesting nits when no mapping exists.
11-11 05:47:15.302 1514 1614 I am_wtf : [0,1514,system_server,-1,DisplayDeviceConfig,requesting nits when no mapping exists.]
11-11 05:47:15.303 1514 1614 I am_wtf : [0,1514,system_server,-1,DisplayDeviceConfig,requesting nits when no mapping exists.]
11-11 05:47:15.318 1514 1974 E DisplayDeviceConfig: requesting nits when no mapping exists.
11-11 05:47:15.319 1514 1974 E DisplayDeviceConfig: requesting nits when no mapping exists.
11-11 05:47:15.319 1514 1614 I am_wtf : [0,1514,system_server,-1,DisplayDeviceConfig,requesting nits when no mapping exists.]
11-11 05:47:15.320 1514 1614 I am_wtf : [0,1514,system_server,-1,DisplayDeviceConfig,requesting nits when no mapping exists.]
11-11 05:47:15.335 1514 1974 E DisplayDeviceConfig: requesting nits when no mapping exists.
11-11 05:47:15.336 1514 1974 E DisplayDeviceConfig: requesting nits when no mapping exists.
11-11 05:47:15.336 1514 1614 I am_wtf : [0,1514,system_server,-1,DisplayDeviceConfig,requesting nits when no mapping exists.]
11-11 05:47:15.337 1514 1614 I am_wtf : [0,1514,system_server,-1,DisplayDeviceConfig,requesting nits when no mapping exists.]
11-11 05:47:15.352 1514 1974 E DisplayDeviceConfig: requesting nits when no mapping exists.
11-11 05:47:15.352 1514 1974 E DisplayDeviceConfig: requesting nits when no mapping exists.
11-11 05:47:15.352 1514 1614 I am_wtf : [0,1514,system_server,-1,DisplayDeviceConfig,requesting nits when no mapping exists.]
11-11 05:47:15.353 1514 1614 I am_wtf : [0,1514,system_server,-1,DisplayDeviceConfig,requesting nits when no mapping exists.]
11-11 05:47:15.369 1514 1974 E DisplayDeviceConfig: requesting nits when no mapping exists.
11-11 05:47:15.369 1514 1974 E DisplayDeviceConfig: requesting nits when no mapping exists.
11-11 05:47:15.369 1514 1614 I am_wtf : [0,1514,system_server,-1,DisplayDeviceConfig,requesting nits when no mapping exists.]
11-11 05:47:15.370 1514 1614 I am_wtf : [0,1514,system_server,-1,DisplayDeviceConfig,requesting nits when no mapping exists.]
11-11 05:47:15.385 1514 1974 E DisplayDeviceConfig: requesting nits when no mapping exists.
11-11 05:47:15.386 1514 1974 E DisplayDeviceConfig: requesting nits when no mapping exists.
11-11 05:47:15.386 1514 1614 I am_wtf : [0,1514,system_server,-1,DisplayDeviceConfig,requesting nits when no mapping exists.]
11-11 05:47:15.387 1514 1614 I am_wtf : [0,1514,system_server,-1,DisplayDeviceConfig,requesting nits when no mapping exists.]
11-11 05:47:15.402 1514 1974 E DisplayDeviceConfig: requesting nits when no mapping exists.
11-11 05:47:15.403 1514 1614 I am_wtf : [0,1514,system_server,-1,DisplayDeviceConfig,requesting nits when no mapping exists.]
11-11 05:47:15.403 1514 1974 E DisplayDeviceConfig: requesting nits when no mapping exists.
11-11 05:47:15.404 1514 1614 I am_wtf : [0,1514,system_server,-1,DisplayDeviceConfig,requesting nits when no mapping exists.]
11-11 05:47:15.399 0 0 I auditd : type=1400 audit(0.0:4315): avc: denied { kill } for comm="swapper/1" capability=5 scontext=u:r:kernel:s0 tcontext=u:r:kernel:s0 tclass=capability permissive=0
11-11 05:47:15.419 1514 1974 E DisplayDeviceConfig: requesting nits when no mapping exists.
11-11 05:47:15.419 1514 1614 I am_wtf : [0,1514,system_server,-1,DisplayDeviceConfig,requesting nits when no mapping exists.]
11-11 05:47:15.419 1514 1974 E DisplayDeviceConfig: requesting nits when no mapping exists.
11-11 05:47:15.420 1514 1614 I am_wtf : [0,1514,system_server,-1,DisplayDeviceConfig,requesting nits when no mapping exists.]
11-11 05:47:15.435 1514 1974 E DisplayDeviceConfig: requesting nits when no mapping exists.
11-11 05:47:15.436 1514 1974 E DisplayDeviceConfig: requesting nits when no mapping exists.
11-11 05:47:15.436 1514 1614 I am_wtf : [0,1514,system_server,-1,DisplayDeviceConfig,requesting nits when no mapping exists.]
11-11 05:47:15.437 1514 1614 I am_wtf : [0,1514,system_server,-1,DisplayDeviceConfig,requesting nits when no mapping exists.]
11-11 05:47:15.452 1514 1974 E DisplayDeviceConfig: requesting nits when no mapping exists.
11-11 05:47:15.452 1514 1974 E DisplayDeviceConfig: requesting nits when no mapping exists.
11-11 05:47:15.452 1514 1614 I am_wtf : [0,1514,system_server,-1,DisplayDeviceConfig,requesting nits when no mapping exists.]
11-11 05:47:15.453 1514 1614 I am_wtf : [0,1514,system_server,-1,DisplayDeviceConfig,requesting nits when no mapping exists.]
11-11 05:47:15.468 1514 1974 E DisplayDeviceConfig: requesting nits when no mapping exists.
11-11 05:47:15.469 1514 1974 E DisplayDeviceConfig: requesting nits when no mapping exists.
11-11 05:47:15.469 1514 1614 I am_wtf : [0,1514,system_server,-1,DisplayDeviceConfig,requesting nits when no mapping exists.]
11-11 05:47:15.470 1514 1614 I am_wtf : [0,1514,system_server,-1,DisplayDeviceConfig,requesting nits when no mapping exists.]
11-11 05:47:15.485 1514 1974 E DisplayDeviceConfig: requesting nits when no mapping exists.
11-11 05:47:15.486 1514 1974 E DisplayDeviceConfig: requesting nits when no mapping exists.
11-11 05:47:15.486 1514 1614 I am_wtf : [0,1514,system_server,-1,DisplayDeviceConfig,requesting nits when no mapping exists.]
11-11 05:47:15.487 1514 1614 I am_wtf : [0,1514,system_server,-1,DisplayDeviceConfig,requesting nits when no mapping exists.]
11-11 05:47:15.502 1514 1974 E DisplayDeviceConfig: requesting nits when no mapping exists.
11-11 05:47:15.503 1514 1614 I am_wtf : [0,1514,system_server,-1,DisplayDeviceConfig,requesting nits when no mapping exists.]
11-11 05:47:15.503 1514 1974 E DisplayDeviceConfig: requesting nits when no mapping exists.
11-11 05:47:15.504 1514 1614 I am_wtf : [0,1514,system_server,-1,DisplayDeviceConfig,requesting nits when no mapping exists.]
11-11 05:47:15.519 1514 1974 E DisplayDeviceConfig: requesting nits when no mapping exists.
11-11 05:47:15.520 1514 1614 I am_wtf : [0,1514,system_server,-1,DisplayDeviceConfig,requesting nits when no mapping exists.]
11-11 05:47:15.520 1514 1974 E DisplayDeviceConfig: requesting nits when no mapping exists.
11-11 05:47:15.520 1514 1614 I am_wtf : [0,1514,system_server,-1,DisplayDeviceConfig,requesting nits when no mapping exists.]
11-11 05:47:15.535 1514 1974 E DisplayDeviceConfig: requesting nits when no mapping exists.
11-11 05:47:15.536 1514 1974 E DisplayDeviceConfig: requesting nits when no mapping exists.
11-11 05:47:15.536 1514 1614 I am_wtf : [0,1514,system_server,-1,DisplayDeviceConfig,requesting nits when no mapping exists.]
11-11 05:47:15.537 1514 1614 I am_wtf : [0,1514,system_server,-1,DisplayDeviceConfig,requesting nits when no mapping exists.]
11-11 05:47:15.552 1514 1974 E DisplayDeviceConfig: requesting nits when no mapping exists.
11-11 05:47:15.552 1514 1974 E DisplayDeviceConfig: requesting nits when no mapping exists.
11-11 05:47:15.552 1514 1614 I am_wtf : [0,1514,system_server,-1,DisplayDeviceConfig,requesting nits when no mapping exists.]
11-11 05:47:15.553 1514 1614 I am_wtf : [0,1514,system_server,-1,DisplayDeviceConfig,requesting nits when no mapping exists.]
11-11 05:47:15.569 1514 1974 E DisplayDeviceConfig: requesting nits when no mapping exists.
11-11 05:47:15.569 1514 1974 E DisplayDeviceConfig: requesting nits when no mapping exists.
11-11 05:47:15.569 1514 1614 I am_wtf : [0,1514,system_server,-1,DisplayDeviceConfig,requesting nits when no mapping exists.]
11-11 05:47:15.570 1514 1614 I am_wtf : [0,1514,system_server,-1,DisplayDeviceConfig,requesting nits when no mapping exists.]
11-11 05:47:15.586 1514 1974 E DisplayDeviceConfig: requesting nits when no mapping exists.
11-11 05:47:15.587 1514 1974 E DisplayDeviceConfig: requesting nits when no mapping exists.
11-11 05:47:15.587 1514 1614 I am_wtf : [0,1514,system_server,-1,DisplayDeviceConfig,requesting nits when no mapping exists.]
11-11 05:47:15.588 1514 1614 I am_wtf : [0,1514,system_server,-1,DisplayDeviceConfig,requesting nits when no mapping exists.]
11-11 05:47:15.602 1514 1974 E DisplayDeviceConfig: requesting nits when no mapping exists.
11-11 05:47:15.603 1514 1974 E DisplayDeviceConfig: requesting nits when no mapping exists.
11-11 05:47:15.603 1514 1614 I am_wtf : [0,1514,system_server,-1,DisplayDeviceConfig,requesting nits when no mapping exists.]
11-11 05:47:15.604 1514 1614 I am_wtf : [0,1514,system_server,-1,DisplayDeviceConfig,requesting nits when no mapping exists.]
11-11 05:47:15.619 1514 1974 E DisplayDeviceConfig: requesting nits when no mapping exists.
11-11 05:47:15.619 1514 1974 E DisplayDeviceConfig: requesting nits when no mapping exists.
11-11 05:47:15.620 1514 1614 I am_wtf : [0,1514,system_server,-1,DisplayDeviceConfig,requesting nits when no mapping exists.]
11-11 05:47:15.621 1514 1614 I am_wtf : [0,1514,system_server,-1,DisplayDeviceConfig,requesting nits when no mapping exists.]
11-11 05:47:15.635 1514 1974 E DisplayDeviceConfig: requesting nits when no mapping exists.
11-11 05:47:15.636 1514 1974 E DisplayDeviceConfig: requesting nits when no mapping exists.
11-11 05:47:15.636 1514 1614 I am_wtf : [0,1514,system_server,-1,DisplayDeviceConfig,requesting nits when no mapping exists.]
11-11 05:47:15.637 1514 1614 I am_wtf : [0,1514,system_server,-1,DisplayDeviceConfig,requesting nits when no mapping exists.]
11-11 05:47:15.652 1514 1974 E DisplayDeviceConfig: requesting nits when no mapping exists.
11-11 05:47:15.653 1514 1974 E DisplayDeviceConfig: requesting nits when no mapping exists.
11-11 05:47:15.653 1514 1614 I am_wtf : [0,1514,system_server,-1,DisplayDeviceConfig,requesting nits when no mapping exists.]
11-11 05:47:15.653 1514 1614 I am_wtf : [0,1514,system_server,-1,DisplayDeviceConfig,requesting nits when no mapping exists.]
11-11 05:47:15.669 1514 1974 E DisplayDeviceConfig: requesting nits when no mapping exists.
11-11 05:47:15.670 1514 1614 I am_wtf : [0,1514,system_server,-1,DisplayDeviceConfig,requesting nits when no mapping exists.]
11-11 05:47:15.670 1514 1974 E DisplayDeviceConfig: requesting nits when no mapping exists.
11-11 05:47:15.671 1514 1614 I am_wtf : [0,1514,system_server,-1,DisplayDeviceConfig,requesting nits when no mapping exists.]
11-11 05:47:15.686 1514 1974 E DisplayDeviceConfig: requesting nits when no mapping exists.
11-11 05:47:15.686 1514 1614 I am_wtf : [0,1514,system_server,-1,DisplayDeviceConfig,requesting nits when no mapping exists.]
11-11 05:47:15.686 1514 1974 E DisplayDeviceConfig: requesting nits when no mapping exists.
11-11 05:47:15.687 1514 1614 I am_wtf : [0,1514,system_server,-1,DisplayDeviceConfig,requesting nits when no mapping exists.]
11-11 05:47:15.702 1514 1974 E DisplayDeviceConfig: requesting nits when no mapping exists.
11-11 05:47:15.702 1514 1974 E DisplayDeviceConfig: requesting nits when no mapping exists.
11-11 05:47:15.702 1514 1614 I am_wtf : [0,1514,system_server,-1,DisplayDeviceConfig,requesting nits when no mapping exists.]
11-11 05:47:15.703 1514 1614 I am_wtf : [0,1514,system_server,-1,DisplayDeviceConfig,requesting nits when no mapping exists.]
11-11 05:47:15.719 1514 1974 E DisplayDeviceConfig: requesting nits when no mapping exists.
11-11 05:47:15.719 1514 1614 I am_wtf : [0,1514,system_server,-1,DisplayDeviceConfig,requesting nits when no mapping exists.]
11-11 05:47:15.719 1514 1974 E DisplayDeviceConfig: requesting nits when no mapping exists.
11-11 05:47:15.720 1514 1614 I am_wtf : [0,1514,system_server,-1,DisplayDeviceConfig,requesting nits when no mapping exists.]
11-11 05:47:15.736 1514 1974 E DisplayDeviceConfig: requesting nits when no mapping exists.
11-11 05:47:15.736 1514 1974 E DisplayDeviceConfig: requesting nits when no mapping exists.
11-11 05:47:15.736 1514 1614 I am_wtf : [0,1514,system_server,-1,DisplayDeviceConfig,requesting nits when no mapping exists.]
11-11 05:47:15.737 1514 1614 I am_wtf : [0,1514,system_server,-1,DisplayDeviceConfig,requesting nits when no mapping exists.]
11-11 05:47:15.753 1514 1974 E DisplayDeviceConfig: requesting nits when no mapping exists.
11-11 05:47:15.754 1514 1614 I am_wtf : [0,1514,system_server,-1,DisplayDeviceConfig,requesting nits when no mapping exists.]
11-11 05:47:15.754 1514 1974 E DisplayDeviceConfig: requesting nits when no mapping exists.
11-11 05:47:15.754 1514 1614 I am_wtf : [0,1514,system_server,-1,DisplayDeviceConfig,requesting nits when no mapping exists.]
11-11 05:47:15.769 1514 1974 E DisplayDeviceConfig: requesting nits when no mapping exists.
11-11 05:47:15.770 1514 1614 I am_wtf : [0,1514,system_server,-1,DisplayDeviceConfig,requesting nits when no mapping exists.]
11-11 05:47:15.770 1514 1974 E DisplayDeviceConfig: requesting nits when no mapping exists.
11-11 05:47:15.771 1514 1614 I am_wtf : [0,1514,system_server,-1,DisplayDeviceConfig,requesting nits when no mapping exists.]
11-11 05:47:15.786 1514 1974 E DisplayDeviceConfig: requesting nits when no mapping exists.
11-11 05:47:15.787 1514 1614 I am_wtf : [0,1514,system_server,-1,DisplayDeviceConfig,requesting nits when no mapping exists.]
11-11 05:47:15.787 1514 1974 E DisplayDeviceConfig: requesting nits when no mapping exists.
11-11 05:47:15.788 1514 1614 I am_wtf : [0,1514,system_server,-1,DisplayDeviceConfig,requesting nits when no mapping exists.]
11-11 05:47:15.803 1514 1974 E DisplayDeviceConfig: requesting nits when no mapping exists.
11-11 05:47:15.803 1514 1614 I am_wtf : [0,1514,system_server,-1,DisplayDeviceConfig,requesting nits when no mapping exists.]
11-11 05:47:15.803 1514 1974 E DisplayDeviceConfig: requesting nits when no mapping exists.
11-11 05:47:15.804 1514 1614 I am_wtf : [0,1514,system_server,-1,DisplayDeviceConfig,requesting nits when no mapping exists.]
11-11 05:47:15.820 1514 1974 E DisplayDeviceConfig: requesting nits when no mapping exists.
11-11 05:47:15.820 1514 1614 I am_wtf : [0,1514,system_server,-1,DisplayDeviceConfig,requesting nits when no mapping exists.]
11-11 05:47:15.823 1514 1974 E DisplayDeviceConfig: requesting nits when no mapping exists.
11-11 05:47:15.823 1514 1614 I am_wtf : [0,1514,system_server,-1,DisplayDeviceConfig,requesting nits when no mapping exists.]
11-11 05:47:15.836 1514 1974 E DisplayDeviceConfig: requesting nits when no mapping exists.
11-11 05:47:15.836 1514 1974 E DisplayDeviceConfig: requesting nits when no mapping exists.
11-11 05:47:15.837 1514 1614 I am_wtf : [0,1514,system_server,-1,DisplayDeviceConfig,requesting nits when no mapping exists.]
11-11 05:47:15.838 1514 1614 I am_wtf : [0,1514,system_server,-1,DisplayDeviceConfig,requesting nits when no mapping exists.]
11-11 05:47:15.853 1514 1974 E DisplayDeviceConfig: requesting nits when no mapping exists.
11-11 05:47:15.854 1514 1614 I am_wtf : [0,1514,system_server,-1,DisplayDeviceConfig,requesting nits when no mapping exists.]
11-11 05:47:15.854 1514 1974 E DisplayDeviceConfig: requesting nits when no mapping exists.
11-11 05:47:15.854 1514 1614 I am_wtf : [0,1514,system_server,-1,DisplayDeviceConfig,requesting nits when no mapping exists.]
11-11 05:47:15.869 1514 1974 E DisplayDeviceConfig: requesting nits when no mapping exists.
11-11 05:47:15.870 1514 1974 E DisplayDeviceConfig: requesting nits when no mapping exists.
11-11 05:47:15.870 1514 1614 I am_wtf : [0,1514,system_server,-1,DisplayDeviceConfig,requesting nits when no mapping exists.]
11-11 05:47:15.870 1514 1614 I am_wtf : [0,1514,system_server,-1,DisplayDeviceConfig,requesting nits when no mapping exists.]
11-11 05:47:15.886 1514 1974 E DisplayDeviceConfig: requesting nits when no mapping exists.
11-11 05:47:15.887 1514 1974 E DisplayDeviceConfig: requesting nits when no mapping exists.
11-11 05:47:15.887 1514 1614 I am_wtf : [0,1514,system_server,-1,DisplayDeviceConfig,requesting nits when no mapping exists.]
11-11 05:47:15.888 1514 1614 I am_wtf : [0,1514,system_server,-1,DisplayDeviceConfig,requesting nits when no mapping exists.]
11-11 05:47:15.903 1514 1974 E DisplayDeviceConfig: requesting nits when no mapping exists.
11-11 05:47:15.903 1514 1614 I am_wtf : [0,1514,system_server,-1,DisplayDeviceConfig,requesting nits when no mapping exists.]
11-11 05:47:15.903 1514 1974 E DisplayDeviceConfig: requesting nits when no mapping exists.
11-11 05:47:15.904 1514 1614 I am_wtf : [0,1514,system_server,-1,DisplayDeviceConfig,requesting nits when no mapping exists.]
11-11 05:47:15.920 1514 1974 E DisplayDeviceConfig: requesting nits when no mapping exists.
11-11 05:47:15.920 1514 1974 E DisplayDeviceConfig: requesting nits when no mapping exists.
11-11 05:47:15.920 1514 1614 I am_wtf : [0,1514,system_server,-1,DisplayDeviceConfig,requesting nits when no mapping exists.]
11-11 05:47:15.921 1514 1614 I am_wtf : [0,1514,system_server,-1,DisplayDeviceConfig,requesting nits when no mapping exists.]
11-11 05:47:15.936 1514 1974 E DisplayDeviceConfig: requesting nits when no mapping exists.
11-11 05:47:15.937 1514 1614 I am_wtf : [0,1514,system_server,-1,DisplayDeviceConfig,requesting nits when no mapping exists.]
11-11 05:47:15.938 1514 1974 E DisplayDeviceConfig: requesting nits when no mapping exists.
11-11 05:47:15.938 1514 1614 I am_wtf : [0,1514,system_server,-1,DisplayDeviceConfig,requesting nits when no mapping exists.]
11-11 05:47:15.953 1514 1974 E DisplayDeviceConfig: requesting nits when no mapping exists.
11-11 05:47:15.954 1514 1974 E DisplayDeviceConfig: requesting nits when no mapping exists.
11-11 05:47:15.954 1514 1614 I am_wtf : [0,1514,system_server,-1,DisplayDeviceConfig,requesting nits when no mapping exists.]
11-11 05:47:15.955 1514 1614 I am_wtf : [0,1514,system_server,-1,DisplayDeviceConfig,requesting nits when no mapping exists.]
11-11 05:47:15.970 1514 1974 E DisplayDeviceConfig: requesting nits when no mapping exists.
11-11 05:47:15.971 1514 1974 E DisplayDeviceConfig: requesting nits when no mapping exists.
11-11 05:47:15.971 1514 1614 I am_wtf : [0,1514,system_server,-1,DisplayDeviceConfig,requesting nits when no mapping exists.]
11-11 05:47:15.973 1514 1614 I am_wtf : [0,1514,system_server,-1,DisplayDeviceConfig,requesting nits when no mapping exists.]
11-11 05:47:15.987 1514 1974 E DisplayDeviceConfig: requesting nits when no mapping exists.
11-11 05:47:15.988 1514 1974 E DisplayDeviceConfig: requesting nits when no mapping exists.
11-11 05:47:15.988 1514 1614 I am_wtf : [0,1514,system_server,-1,DisplayDeviceConfig,requesting nits when no mapping exists.]
11-11 05:47:15.989 1514 1614 I am_wtf : [0,1514,system_server,-1,DisplayDeviceConfig,requesting nits when no mapping exists.]
11-11 05:47:16.004 1514 1974 E DisplayDeviceConfig: requesting nits when no mapping exists.
11-11 05:47:16.005 1514 1614 I am_wtf : [0,1514,system_server,-1,DisplayDeviceConfig,requesting nits when no mapping exists.]
11-11 05:47:16.005 1514 1974 E DisplayDeviceConfig: requesting nits when no mapping exists.
11-11 05:47:16.006 1514 1614 I am_wtf : [0,1514,system_server,-1,DisplayDeviceConfig,requesting nits when no mapping exists.]
11-11 05:47:16.020 1514 1974 E DisplayDeviceConfig: requesting nits when no mapping exists.
11-11 05:47:16.021 1514 1614 I am_wtf : [0,1514,system_server,-1,DisplayDeviceConfig,requesting nits when no mapping exists.]
11-11 05:47:16.021 1514 1974 E DisplayDeviceConfig: requesting nits when no mapping exists.
11-11 05:47:16.022 1514 1614 I am_wtf : [0,1514,system_server,-1,DisplayDeviceConfig,requesting nits when no mapping exists.]
11-11 05:47:16.037 1514 1974 E DisplayDeviceConfig: requesting nits when no mapping exists.
11-11 05:47:16.037 1514 1614 I am_wtf : [0,1514,system_server,-1,DisplayDeviceConfig,requesting nits when no mapping exists.]
11-11 05:47:16.038 1514 1974 E DisplayDeviceConfig: requesting nits when no mapping exists.
11-11 05:47:16.039 1514 1614 I am_wtf : [0,1514,system_server,-1,DisplayDeviceConfig,requesting nits when no mapping exists.]
11-11 05:47:16.053 1514 1974 E DisplayDeviceConfig: requesting nits when no mapping exists.
11-11 05:47:16.054 1514 1614 I am_wtf : [0,1514,system_server,-1,DisplayDeviceConfig,requesting nits when no mapping exists.]
11-11 05:47:16.054 1514 1974 E DisplayDeviceConfig: requesting nits when no mapping exists.
11-11 05:47:16.056 1514 1614 I am_wtf : [0,1514,system_server,-1,DisplayDeviceConfig,requesting nits when no mapping exists.]
11-11 05:47:16.070 1514 1974 E DisplayDeviceConfig: requesting nits when no mapping exists.
11-11 05:47:16.070 1514 1974 E DisplayDeviceConfig: requesting nits when no mapping exists.
11-11 05:47:16.070 1514 1614 I am_wtf : [0,1514,system_server,-1,DisplayDeviceConfig,requesting nits when no mapping exists.]
11-11 05:47:16.072 1514 1614 I am_wtf : [0,1514,system_server,-1,DisplayDeviceConfig,requesting nits when no mapping exists.]
11-11 05:47:16.087 1514 1974 E DisplayDeviceConfig: requesting nits when no mapping exists.
11-11 05:47:16.087 1514 1974 E DisplayDeviceConfig: requesting nits when no mapping exists.
11-11 05:47:16.087 1514 1614 I am_wtf : [0,1514,system_server,-1,DisplayDeviceConfig,requesting nits when no mapping exists.]
11-11 05:47:16.088 1514 1614 I am_wtf : [0,1514,system_server,-1,DisplayDeviceConfig,requesting nits when no mapping exists.]
11-11 05:47:16.104 1514 1974 E DisplayDeviceConfig: requesting nits when no mapping exists.
11-11 05:47:16.104 1514 1614 I am_wtf : [0,1514,system_server,-1,DisplayDeviceConfig,requesting nits when no mapping exists.]
11-11 05:47:16.104 1514 1974 E DisplayDeviceConfig: requesting nits when no mapping exists.
11-11 05:47:16.105 1514 1614 I am_wtf : [0,1514,system_server,-1,DisplayDeviceConfig,requesting nits when no mapping exists.]
11-11 05:47:16.120 1514 1974 E DisplayDeviceConfig: requesting nits when no mapping exists.
11-11 05:47:16.120 1514 1614 I am_wtf : [0,1514,system_server,-1,DisplayDeviceConfig,requesting nits when no mapping exists.]
11-11 05:47:16.120 1514 1974 E DisplayDeviceConfig: requesting nits when no mapping exists.
11-11 05:47:16.122 1514 1614 I am_wtf : [0,1514,system_server,-1,DisplayDeviceConfig,requesting nits when no mapping exists.]
11-11 05:47:16.399 0 0 I auditd : type=1400 audit(0.0:4316): avc: denied { kill } for comm="swapper/1" capability=5 scontext=u:r:kernel:s0 tcontext=u:r:kernel:s0 tclass=capability permissive=0
11-11 05:47:17.399 0 0 I auditd : type=1400 audit(0.0:4317): avc: denied { kill } for comm="swapper/1" capability=5 scontext=u:r:kernel:s0 tcontext=u:r:kernel:s0 tclass=capability permissive=0
11-11 05:47:18.399 0 0 I auditd : type=1400 audit(0.0:4318): avc: denied { kill } for comm="swapper/1" capability=5 scontext=u:r:kernel:s0 tcontext=u:r:kernel:s0 tclass=capability permissive=0
11-11 05:47:19.399 0 0 I auditd : type=1400 audit(0.0:4319): avc: denied { kill } for comm="swapper/1" capability=5 scontext=u:r:kernel:s0 tcontext=u:r:kernel:s0 tclass=capability permissive=0
11-11 05:47:20.399 0 0 I auditd : type=1400 audit(0.0:4320): avc: denied { kill } for comm="swapper/1" capability=5 scontext=u:r:kernel:s0 tcontext=u:r:kernel:s0 tclass=capability permissive=0
11-11 05:47:21.126 1514 1614 I am_uid_idle: 10051
11-11 05:47:21.399 0 0 I auditd : type=1400 audit(0.0:4321): avc: denied { kill } for comm="swapper/1" capability=5 scontext=u:r:kernel:s0 tcontext=u:r:kernel:s0 tclass=capability permissive=0
11-11 05:47:22.144 1514 1649 I PowerManagerService: Napping display group (groupId=0, uid=1000)...
11-11 05:47:22.144 1514 1649 I PowerManagerService: Nap time (uid 1000)...
11-11 05:47:22.146 1514 1649 I DreamManagerService: Entering dreamland.
11-11 05:47:22.149 1514 1649 I PowerManagerService: Dreaming...
11-11 05:47:22.151 1514 1592 I DreamController: Starting dream: name=ComponentInfo{com.thundercomm.screensaver/com.thundercomm.saverclock.service.ClockScreensaver}, isTest=false, canDoze=false, userId=0
11-11 05:47:22.152 1514 1592 I sysui_multi_action: [757,222,758,1]
11-11 05:47:22.160 1514 1592 I am_uid_active: 10051
11-11 05:47:22.173 1514 6421 I ActivityTaskManager: START u0 {flg=0x10000000 pkg=com.thundercomm.screensaver cmp=com.thundercomm.screensaver/android.service.dreams.DreamActivity (has extras)} from uid 10051
11-11 05:47:22.175 1514 6421 I service_manager_stats: [107,60,6937]
11-11 05:47:22.176 1514 6421 I wm_task_created: [101,-1]
11-11 05:47:22.176 1514 6421 W ActivityTaskManager: Can't find TaskDisplayArea to determine support for multi window. Task id=101 attached=false
11-11 05:47:22.180 1514 6421 I wm_task_moved: [101,1,7]
11-11 05:47:22.180 1514 6421 I wm_task_to_front: [0,101]
11-11 05:47:22.181 1514 6421 I wm_create_task: [0,101]
11-11 05:47:22.181 1514 6421 I wm_create_activity: [0,89385239,101,com.thundercomm.screensaver/android.service.dreams.DreamActivity,NULL,NULL,NULL,276824064]
11-11 05:47:22.181 1514 6421 I wm_task_moved: [101,1,7]
11-11 05:47:22.181 2503 2503 I wm_on_top_resumed_lost_called: [157690489,com.android.launcher3.uioverrides.QuickstepLauncher,topStateChangedWhenResumed]
11-11 05:47:22.184 1514 6421 I wm_pause_activity: [0,157690489,com.android.launcher3/.uioverrides.QuickstepLauncher,userLeaving=true,pauseBackTasks]
11-11 05:47:22.188 2503 2503 I wm_on_paused_called: [157690489,com.android.launcher3.uioverrides.QuickstepLauncher,performPause]
11-11 05:47:22.192 1514 10322 I ActivityTaskManager: FOREGROUND_APPLICATION_CHANGED to android.service.dreams.DreamActivity
11-11 05:47:22.195 1514 10322 I ActivityTaskManager: The Process com.thundercomm.screensaver Already Exists in BG. So sending its PID: 4894
11-11 05:47:22.195 1514 10322 W ActivityTaskManager: Tried to set launchTime (0) < mLastActivityLaunchTime (3308622)
11-11 05:47:22.196 1514 10322 I wm_add_to_stopping: [0,157690489,com.android.launcher3/.uioverrides.QuickstepLauncher,makeInvisible]
11-11 05:47:22.197 1514 10322 I wm_restart_activity: [0,89385239,101,com.thundercomm.screensaver/android.service.dreams.DreamActivity]
11-11 05:47:22.198 1514 10322 I wm_set_resumed_activity: [0,com.thundercomm.screensaver/android.service.dreams.DreamActivity,minimalResumeActivityLocked]
11-11 05:47:22.206 1514 1595 I sysui_multi_action: [757,803,799,window_time_0,802,60]
11-11 05:47:22.213 4894 4894 I wm_on_create_called: [89385239,android.service.dreams.DreamActivity,performCreate]
11-11 05:47:22.214 4894 4894 I wm_on_start_called: [89385239,android.service.dreams.DreamActivity,handleStartActivity]
11-11 05:47:22.214 4894 4894 I wm_on_resume_called: [89385239,android.service.dreams.DreamActivity,RESUME_ACTIVITY]
11-11 05:47:22.215 3685 3703 W ContextImpl: Calling a method in the system process without a qualified user: android.app.ContextImpl.startService:1816 android.content.ContextWrapper.startService:774 com.thundercomm.gamemode.ingame.services.GameModeActionUtils.startGameModeService:93 com.thundercomm.gamemode.ingame.services.GameModeActionUtils.startGameModeEntry:21 com.thundercomm.gamemode.ingame.services.ActivityMonitoringService$1.onActivityLaunch:126
11-11 05:47:22.217 1514 6421 W WindowManager: Failed looking up window session=Session{de6ab3f 4894:u0a10051} callers=com.android.server.wm.WindowManagerService.windowForClientLocked:5628 com.android.server.wm.Session.insetsModified:629 android.view.IWindowSession$Stub.onTransact:1151
11-11 05:47:22.221 4894 4894 I wm_on_top_resumed_gained_called: [89385239,android.service.dreams.DreamActivity,topStateChangedWhenResumed]
11-11 05:47:22.221 1514 1770 I input_focus: [Focus leaving eea03e8 com.android.launcher3/com.android.launcher3.uioverrides.QuickstepLauncher (server),reason=NO_WINDOW]
11-11 05:47:22.224 1514 1514 I GameModeConfig: Current uri is uri = content://com.thundercomm.gamemode.api/gamemode_settings/gamemode_isgaming
11-11 05:47:22.228 1514 1514 I GameModeConfig: isGameModeOn = false
11-11 05:47:22.228 1514 1514 I GameModeConfig: isGameModeOn = false
11-11 05:47:22.228 1514 1514 I GameModeConfig: isDisableVoice = true
11-11 05:47:22.235 1514 1612 I am_pss : [12981,10068,com.android.gallery3d,28654592,21737472,0,149303296,0,18,7]
11-11 05:47:22.243 1514 1596 I input_focus: [Focus request a23ffb3 com.thundercomm.screensaver/android.service.dreams.DreamActivity,reason=UpdateInputWindows]
11-11 05:47:22.244 1514 1901 I GameModeConfig: isGameModeOn = false
11-11 05:47:22.244 1514 1901 I GameModeConfig: isGameModeOn = false
11-11 05:47:22.244 1514 1901 I GameModeConfig: isGameModeOn = false
11-11 05:47:22.244 1514 1901 I GameModeConfig: isGameModeOn = false
11-11 05:47:22.245 1998 1998 I sysui_multi_action: [757,111,758,2]
11-11 05:47:22.246 1998 1998 I sysui_multi_action: [757,111,758,2]
11-11 05:47:22.246 1514 1514 I notification_enqueue: [10082,1998,com.android.systemui,2048,NULL,0,Notification(channel=updateNotification shortcut=null contentView=null vibrate=null sound=null defaults=0x0 flags=0x0 color=0x00000000 vis=PRIVATE),1]
11-11 05:47:22.255 1514 1612 I am_pss : [13206,10086,com.android.music,7642112,5660672,0,90943488,0,19,5]
11-11 05:47:22.257 1514 1592 I sysui_multi_action: [319,79,322,78,325,3657,757,761,758,8,759,2,806,com.thundercomm.screensaver,871,android.service.dreams.DreamActivity,904,com.thundercomm.screensaver,905,0,1320,4,1321,2]
11-11 05:47:22.257 1514 1592 I wm_activity_launch_time: [0,89385239,com.thundercomm.screensaver/android.service.dreams.DreamActivity,78]
11-11 05:47:22.257 1514 1649 V DisplayPowerController[0]: Brightness [1.0] reason changing to: 'manual', previous reason: 'manual [ dim ]'.
11-11 05:47:22.257 1514 1649 I sysui_multi_action: [757,1696,758,6,759,3]
11-11 05:47:22.257 1998 1998 I sysui_multi_action: [757,111,758,1]
11-11 05:47:22.258 1998 1998 I sysui_multi_action: [757,126,758,1,759,126,927,0,928,1,1593,0]
11-11 05:47:22.258 1998 1998 I sysui_multi_action: [757,113,758,1,759,113,927,1,928,1,1593,0]
11-11 05:47:22.258 1998 1998 I sysui_multi_action: [757,0,758,1,759,0,927,2,928,0,1593,0]
11-11 05:47:22.258 1998 1998 I sysui_multi_action: [757,0,758,1,759,0,927,3,928,0,1593,0]
11-11 05:47:22.258 1998 1998 I sysui_multi_action: [757,491,758,1,759,491,927,4,928,0,1311,-1,1593,0]
11-11 05:47:22.258 1998 1998 I sysui_multi_action: [757,0,758,1,759,0,927,5,928,0,1593,0]
11-11 05:47:22.258 1998 1998 I sysui_multi_action: [757,111,758,1]
11-11 05:47:22.258 1998 1998 I sysui_multi_action: [757,126,758,1,759,126,927,0,928,1,1593,0]
11-11 05:47:22.258 1998 1998 I sysui_multi_action: [757,113,758,1,759,113,927,1,928,1,1593,0]
11-11 05:47:22.258 1998 1998 I sysui_multi_action: [757,0,758,1,759,0,927,2,928,0,1593,0]
11-11 05:47:22.258 1998 1998 I sysui_multi_action: [757,0,758,1,759,0,927,3,928,0,1593,0]
11-11 05:47:22.262 1514 1612 I am_pss : [10904,1000,com.qti.diagservices,6187008,3829760,0,93073408,0,10,6]
11-11 05:47:22.264 1514 1614 I am_uid_idle: 10068
11-11 05:47:22.272 1514 1770 I input_focus: [Focus entering a23ffb3 com.thundercomm.screensaver/android.service.dreams.DreamActivity (server),reason=Window became focusable. Previous reason: NOT_VISIBLE]
