11-11 05:36:24.582 1514 1514 I GameModeConfig: Current uri is uri = content://com.thundercomm.gamemode.api/gamemode_settings/gamemode_isgaming
11-11 05:36:24.584 1514 1514 I GameModeConfig: isGameModeOn = false
11-11 05:36:24.584 1514 1514 I GameModeConfig: isGameModeOn = false
11-11 05:36:24.584 1514 1514 I GameModeConfig: isDisableVoice = true
11-11 05:36:24.591 1514 10083 I DreamManagerService: Leaving dreamland.
11-11 05:36:24.592 1514 1592 I DreamManagerService: Performing gentle wake from dream.
11-11 05:36:24.592 1514 1592 I DreamController: Stopping dream: name=ComponentInfo{com.thundercomm.screensaver/com.thundercomm.saverclock.service.ClockScreensaver}, isTest=false, canDoze=false, userId=0, reason='finished self'(from 'finished self')
11-11 05:36:24.607 1514 1596 W ActivityTaskManager: Can't find TaskDisplayArea to determine support for multi window. Task id=91 attached=false
11-11 05:36:25.725 1514 1901 I GameModeConfig: isGameModeOn = false
11-11 05:36:25.725 1514 1901 I GameModeConfig: isGameModeOn = false
11-11 05:36:25.725 1514 1901 I GameModeConfig: isGameModeOn = false
11-11 05:36:25.726 1514 1901 I GameModeConfig: isGameModeOn = false
11-11 05:36:25.753 1514 1901 I GameModeConfig: isGameModeOn = false
11-11 05:36:25.753 1514 1901 I GameModeConfig: isGameModeOn = false
11-11 05:36:25.753 1514 1901 I GameModeConfig: isGameModeOn = false
11-11 05:36:25.754 1514 1901 I GameModeConfig: isGameModeOn = false
11-11 05:36:25.768 1514 1901 I GameModeConfig: isGameModeOn = false
11-11 05:36:25.768 1514 1901 I GameModeConfig: isGameModeOn = false
11-11 05:36:25.769 1514 1901 I GameModeConfig: isGameModeOn = false
11-11 05:36:25.769 1514 1901 I GameModeConfig: isGameModeOn = false
11-11 05:36:25.783 1514 1901 I GameModeConfig: isGameModeOn = false
11-11 05:36:25.783 1514 1901 I GameModeConfig: isGameModeOn = false
11-11 05:36:25.783 1514 1901 I GameModeConfig: isGameModeOn = false
11-11 05:36:25.783 1514 1901 I GameModeConfig: isGameModeOn = false
11-11 05:36:25.794 1514 1901 I GameModeConfig: isGameModeOn = false
11-11 05:36:25.794 1514 1901 I GameModeConfig: isGameModeOn = false
11-11 05:36:25.794 1514 1901 I GameModeConfig: isGameModeOn = false
11-11 05:36:25.794 1514 1901 I GameModeConfig: isGameModeOn = false
11-11 05:36:25.810 1514 1901 I GameModeConfig: isGameModeOn = false
11-11 05:36:25.810 1514 1901 I GameModeConfig: isGameModeOn = false
11-11 05:36:25.811 1514 1901 I GameModeConfig: isGameModeOn = false
11-11 05:36:25.811 1514 1901 I GameModeConfig: isGameModeOn = false
11-11 05:36:25.827 1514 1901 I GameModeConfig: isGameModeOn = false
11-11 05:36:25.827 1514 1901 I GameModeConfig: isGameModeOn = false
11-11 05:36:25.828 1514 1901 I GameModeConfig: isGameModeOn = false
11-11 05:36:25.828 1514 1901 I GameModeConfig: isGameModeOn = false
11-11 05:36:25.929 1514 1514 I GameModeConfig: isGameModeOn = false
11-11 05:36:25.933 1514 1514 W NotificationHistory: Attempted to add notif for locked/gone/disabled user 0
11-11 05:36:25.960 1514 1514 I GameModeConfig: isGameModeOn = false
11-11 05:36:25.960 1514 1514 E NotificationService: Muting recently noisy 0|com.android.systemui|2048|null|10082
11-11 05:36:25.977 1514 1514 I GameModeConfig: isGameModeOn = false
11-11 05:36:25.978 1514 1514 E NotificationService: Muting recently noisy 0|com.android.systemui|2048|null|10082
11-11 05:36:25.986 1514 1514 I GameModeConfig: isGameModeOn = false
11-11 05:36:25.986 1514 1514 E NotificationService: Muting recently noisy 0|com.android.systemui|2048|null|10082
11-11 05:36:25.997 1514 1514 I GameModeConfig: isGameModeOn = false
11-11 05:36:25.997 1514 1514 E NotificationService: Muting recently noisy 0|com.android.systemui|2048|null|10082
11-11 05:36:26.015 1514 1514 I GameModeConfig: isGameModeOn = false
11-11 05:36:26.016 1514 1514 E NotificationService: Muting recently noisy 0|com.android.systemui|2048|null|10082
11-11 05:36:26.034 1514 1514 I GameModeConfig: isGameModeOn = false
11-11 05:36:26.034 1514 1514 E NotificationService: Muting recently noisy 0|com.android.systemui|2048|null|10082
11-11 05:36:32.176 1514 1901 I GameModeConfig: isGameModeOn = false
11-11 05:36:32.176 1514 1901 I GameModeConfig: isGameModeOn = false
11-11 05:36:32.176 1514 1901 I GameModeConfig: isGameModeOn = false
11-11 05:36:32.176 1514 1901 I GameModeConfig: isGameModeOn = false
11-11 05:36:32.213 1514 1901 I GameModeConfig: isGameModeOn = false
11-11 05:36:32.213 1514 1901 I GameModeConfig: isGameModeOn = false
11-11 05:36:32.213 1514 1901 I GameModeConfig: isGameModeOn = false
11-11 05:36:32.213 1514 1901 I GameModeConfig: isGameModeOn = false
11-11 05:36:32.227 1514 1901 I GameModeConfig: isGameModeOn = false
11-11 05:36:32.227 1514 1901 I GameModeConfig: isGameModeOn = false
11-11 05:36:32.227 1514 1901 I GameModeConfig: isGameModeOn = false
11-11 05:36:32.227 1514 1901 I GameModeConfig: isGameModeOn = false
11-11 05:36:32.241 1514 1901 I GameModeConfig: isGameModeOn = false
11-11 05:36:32.242 1514 1901 I GameModeConfig: isGameModeOn = false
11-11 05:36:32.242 1514 1901 I GameModeConfig: isGameModeOn = false
11-11 05:36:32.242 1514 1901 I GameModeConfig: isGameModeOn = false
11-11 05:36:32.257 1514 1901 I GameModeConfig: isGameModeOn = false
11-11 05:36:32.257 1514 1901 I GameModeConfig: isGameModeOn = false
11-11 05:36:32.258 1514 1901 I GameModeConfig: isGameModeOn = false
11-11 05:36:32.258 1514 1901 I GameModeConfig: isGameModeOn = false
11-11 05:36:32.274 1514 1901 I GameModeConfig: isGameModeOn = false
11-11 05:36:32.274 1514 1901 I GameModeConfig: isGameModeOn = false
11-11 05:36:32.274 1514 1901 I GameModeConfig: isGameModeOn = false
11-11 05:36:32.274 1514 1901 I GameModeConfig: isGameModeOn = false
11-11 05:36:32.291 1514 1901 I GameModeConfig: isGameModeOn = false
11-11 05:36:32.291 1514 1901 I GameModeConfig: isGameModeOn = false
11-11 05:36:32.291 1514 1901 I GameModeConfig: isGameModeOn = false
11-11 05:36:32.291 1514 1901 I GameModeConfig: isGameModeOn = false
11-11 05:36:32.308 1514 1901 I GameModeConfig: isGameModeOn = false
11-11 05:36:32.308 1514 1901 I GameModeConfig: isGameModeOn = false
11-11 05:36:32.308 1514 1901 I GameModeConfig: isGameModeOn = false
11-11 05:36:32.308 1514 1901 I GameModeConfig: isGameModeOn = false
11-11 05:36:32.326 1514 1901 I GameModeConfig: isGameModeOn = false
11-11 05:36:32.327 1514 1901 I GameModeConfig: isGameModeOn = false
11-11 05:36:32.327 1514 1901 I GameModeConfig: isGameModeOn = false
11-11 05:36:32.327 1514 1901 I GameModeConfig: isGameModeOn = false
11-11 05:36:32.380 1514 1514 I GameModeConfig: isGameModeOn = false
11-11 05:36:32.382 1514 1514 W NotificationHistory: Attempted to add notif for locked/gone/disabled user 0
11-11 05:36:32.413 1514 1514 I GameModeConfig: isGameModeOn = false
11-11 05:36:32.414 1514 1514 E NotificationService: Muting recently noisy 0|com.android.systemui|2048|null|10082
11-11 05:36:32.430 1514 1514 I GameModeConfig: isGameModeOn = false
11-11 05:36:32.430 1514 1514 E NotificationService: Muting recently noisy 0|com.android.systemui|2048|null|10082
11-11 05:36:32.444 1514 1514 I GameModeConfig: isGameModeOn = false
11-11 05:36:32.444 1514 1514 E NotificationService: Muting recently noisy 0|com.android.systemui|2048|null|10082
11-11 05:36:32.460 1514 1514 I GameModeConfig: isGameModeOn = false
11-11 05:36:32.460 1514 1514 E NotificationService: Muting recently noisy 0|com.android.systemui|2048|null|10082
11-11 05:36:32.477 1514 1514 I GameModeConfig: isGameModeOn = false
11-11 05:36:32.478 1514 1514 E NotificationService: Muting recently noisy 0|com.android.systemui|2048|null|10082
11-11 05:36:32.494 1514 1514 I GameModeConfig: isGameModeOn = false
11-11 05:36:32.495 1514 1514 E NotificationService: Muting recently noisy 0|com.android.systemui|2048|null|10082
11-11 05:36:32.510 1514 1514 I GameModeConfig: isGameModeOn = false
11-11 05:36:32.510 1514 1514 E NotificationService: Muting recently noisy 0|com.android.systemui|2048|null|10082
11-11 05:36:32.529 1514 1514 I GameModeConfig: isGameModeOn = false
11-11 05:36:32.530 1514 1514 E NotificationService: Muting recently noisy 0|com.android.systemui|2048|null|10082
11-11 05:36:34.074 1514 6729 E UserRestrictionsUtils: Unknown restriction queried by uid 1000 (com.thundercomm.remotecontrolservice et al): null
11-11 05:36:34.075 1514 6729 E UserRestrictionsUtils: Unknown restriction queried by uid 1000 (com.thundercomm.remotecontrolservice et al): null
11-11 05:36:34.075 1514 6729 E UserRestrictionsUtils: Unknown restriction queried by uid 1000 (com.thundercomm.remotecontrolservice et al): null
11-11 05:36:34.076 1514 6729 E UserRestrictionsUtils: Unknown restriction queried by uid 1000 (com.thundercomm.remotecontrolservice et al): null
11-11 05:36:34.076 1514 6729 E UserRestrictionsUtils: Unknown restriction queried by uid 1000 (com.thundercomm.remotecontrolservice et al): null
11-11 05:36:34.076 1514 6729 E UserRestrictionsUtils: Unknown restriction queried by uid 1000 (com.thundercomm.remotecontrolservice et al): null
11-11 05:36:34.079 1514 6729 E UserRestrictionsUtils: Unknown restriction queried by uid 1000 (com.thundercomm.remotecontrolservice et al): null
11-11 05:36:35.946 1514 1901 I GameModeConfig: isGameModeOn = false
11-11 05:36:35.964 1514 1901 I GameModeConfig: isGameModeOn = false
11-11 05:36:35.977 1514 1901 I GameModeConfig: isGameModeOn = false
11-11 05:36:35.987 1514 1901 I GameModeConfig: isGameModeOn = false
11-11 05:36:35.998 1514 1901 I GameModeConfig: isGameModeOn = false
11-11 05:36:36.016 1514 1901 I GameModeConfig: isGameModeOn = false
11-11 05:36:36.034 1514 1901 I GameModeConfig: isGameModeOn = false
11-11 05:36:42.207 1514 1901 I GameModeConfig: isGameModeOn = false
11-11 05:36:42.214 1514 1901 I GameModeConfig: isGameModeOn = false
11-11 05:36:42.227 1514 1901 I GameModeConfig: isGameModeOn = false
11-11 05:36:42.242 1514 1901 I GameModeConfig: isGameModeOn = false
11-11 05:36:42.257 1514 1901 I GameModeConfig: isGameModeOn = false
11-11 05:36:42.274 1514 1901 I GameModeConfig: isGameModeOn = false
11-11 05:36:42.291 1514 1901 I GameModeConfig: isGameModeOn = false
11-11 05:36:42.308 1514 1901 I GameModeConfig: isGameModeOn = false
11-11 05:36:42.327 1514 1901 I GameModeConfig: isGameModeOn = false
11-11 05:36:42.380 1514 1901 I GameModeConfig: isGameModeOn = false
11-11 05:36:42.413 1514 1901 I GameModeConfig: isGameModeOn = false
11-11 05:36:42.430 1514 1901 I GameModeConfig: isGameModeOn = false
11-11 05:36:42.444 1514 1901 I GameModeConfig: isGameModeOn = false
11-11 05:36:42.460 1514 1901 I GameModeConfig: isGameModeOn = false
11-11 05:36:42.477 1514 1901 I GameModeConfig: isGameModeOn = false
11-11 05:36:42.494 1514 1901 I GameModeConfig: isGameModeOn = false
11-11 05:36:42.511 1514 1901 I GameModeConfig: isGameModeOn = false
11-11 05:36:42.529 1514 1901 I GameModeConfig: isGameModeOn = false
11-11 05:37:20.431 1514 7707 I ActivityTaskManager: moveTaskToBack: Task{d1e0df5 #90 type=standard A=1000:com.android.settings.root U=0 visible=true mode=fullscreen translucent=false sz=1}
11-11 05:37:20.440 1514 7707 I ActivityTaskManager: FOREGROUND_APPLICATION_CHANGED to com.android.launcher3.uioverrides.QuickstepLauncher
11-11 05:37:20.468 3685 3703 W ContextImpl: Calling a method in the system process without a qualified user: android.app.ContextImpl.startService:1816 android.content.ContextWrapper.startService:774 com.thundercomm.gamemode.ingame.services.GameModeActionUtils.startGameModeService:93 com.thundercomm.gamemode.ingame.services.GameModeActionUtils.startGameModeEntry:21 com.thundercomm.gamemode.ingame.services.ActivityMonitoringService$1.onActivityLaunch:126
11-11 05:37:20.476 1514 1514 I GameModeConfig: Current uri is uri = content://com.thundercomm.gamemode.api/gamemode_settings/gamemode_isgaming
11-11 05:37:20.481 1514 1514 I GameModeConfig: isGameModeOn = false
11-11 05:37:20.481 1514 1514 I GameModeConfig: isGameModeOn = false
11-11 05:37:20.481 1514 1514 I GameModeConfig: isDisableVoice = true
11-11 05:37:20.556 3685 3703 W ContextImpl: Calling a method in the system process without a qualified user: android.app.ContextImpl.startService:1816 android.content.ContextWrapper.startService:774 com.thundercomm.gamemode.ingame.services.GameModeActionUtils.startGameModeService:93 com.thundercomm.gamemode.ingame.services.GameModeActionUtils.startGameModeEntry:21 com.thundercomm.gamemode.ingame.services.ActivityMonitoringService$1.onActivityLaunch:126
11-11 05:37:20.560 1514 1514 I GameModeConfig: Current uri is uri = content://com.thundercomm.gamemode.api/gamemode_settings/gamemode_isgaming
11-11 05:37:20.561 1514 1514 I GameModeConfig: isGameModeOn = false
11-11 05:37:20.561 1514 1514 I GameModeConfig: isGameModeOn = false
11-11 05:37:20.561 1514 1514 I GameModeConfig: isDisableVoice = true
11-11 05:37:20.919 3685 3703 W ContextImpl: Calling a method in the system process without a qualified user: android.app.ContextImpl.startService:1816 android.content.ContextWrapper.startService:774 com.thundercomm.gamemode.ingame.services.GameModeActionUtils.startGameModeService:93 com.thundercomm.gamemode.ingame.services.GameModeActionUtils.startGameModeEntry:21 com.thundercomm.gamemode.ingame.services.ActivityMonitoringService$1.onActivityLaunch:126
11-11 05:37:20.922 1514 1514 I GameModeConfig: Current uri is uri = content://com.thundercomm.gamemode.api/gamemode_settings/gamemode_isgaming
11-11 05:37:20.924 1514 1514 I GameModeConfig: isGameModeOn = false
11-11 05:37:20.924 1514 1514 I GameModeConfig: isGameModeOn = false
11-11 05:37:20.924 1514 1514 I GameModeConfig: isDisableVoice = true
11-11 05:37:21.338 1514 1901 I GameModeConfig: isGameModeOn = false
11-11 05:37:21.338 1514 1901 I GameModeConfig: isGameModeOn = false
11-11 05:37:21.338 1514 1901 I GameModeConfig: isGameModeOn = false
11-11 05:37:21.338 1514 1901 I GameModeConfig: isGameModeOn = false
11-11 05:37:21.372 1514 1901 I GameModeConfig: isGameModeOn = false
11-11 05:37:21.372 1514 1901 I GameModeConfig: isGameModeOn = false
11-11 05:37:21.372 1514 1901 I GameModeConfig: isGameModeOn = false
11-11 05:37:21.373 1514 1901 I GameModeConfig: isGameModeOn = false
11-11 05:37:21.384 1514 1901 I GameModeConfig: isGameModeOn = false
11-11 05:37:21.385 1514 1901 I GameModeConfig: isGameModeOn = false
11-11 05:37:21.385 1514 1901 I GameModeConfig: isGameModeOn = false
11-11 05:37:21.385 1514 1901 I GameModeConfig: isGameModeOn = false
11-11 05:37:21.398 1514 1901 I GameModeConfig: isGameModeOn = false
11-11 05:37:21.398 1514 1901 I GameModeConfig: isGameModeOn = false
11-11 05:37:21.398 1514 1901 I GameModeConfig: isGameModeOn = false
11-11 05:37:21.398 1514 1901 I GameModeConfig: isGameModeOn = false
11-11 05:37:21.413 1514 1901 I GameModeConfig: isGameModeOn = false
11-11 05:37:21.413 1514 1901 I GameModeConfig: isGameModeOn = false
11-11 05:37:21.414 1514 1901 I GameModeConfig: isGameModeOn = false
11-11 05:37:21.414 1514 1901 I GameModeConfig: isGameModeOn = false
11-11 05:37:21.550 1514 1514 I GameModeConfig: isGameModeOn = false
11-11 05:37:21.556 1514 1514 W NotificationHistory: Attempted to add notif for locked/gone/disabled user 0
11-11 05:37:21.574 1514 1514 I GameModeConfig: isGameModeOn = false
11-11 05:37:21.575 1514 1514 E NotificationService: Muting recently noisy 0|com.android.systemui|2048|null|10082
11-11 05:37:21.591 1514 1514 I GameModeConfig: isGameModeOn = false
11-11 05:37:21.591 1514 1514 E NotificationService: Muting recently noisy 0|com.android.systemui|2048|null|10082
11-11 05:37:21.601 1514 1514 I GameModeConfig: isGameModeOn = false
11-11 05:37:21.601 1514 1514 E NotificationService: Muting recently noisy 0|com.android.systemui|2048|null|10082
11-11 05:37:21.616 1514 1514 I GameModeConfig: isGameModeOn = false
11-11 05:37:21.616 1514 1514 E NotificationService: Muting recently noisy 0|com.android.systemui|2048|null|10082
11-11 05:37:27.875 1514 1901 I GameModeConfig: isGameModeOn = false
11-11 05:37:27.875 1514 1901 I GameModeConfig: isGameModeOn = false
11-11 05:37:27.875 1514 1901 I GameModeConfig: isGameModeOn = false
11-11 05:37:27.876 1514 1901 I GameModeConfig: isGameModeOn = false
11-11 05:37:27.901 1514 1901 I GameModeConfig: isGameModeOn = false
11-11 05:37:27.901 1514 1901 I GameModeConfig: isGameModeOn = false
11-11 05:37:27.901 1514 1901 I GameModeConfig: isGameModeOn = false
11-11 05:37:27.901 1514 1901 I GameModeConfig: isGameModeOn = false
11-11 05:37:27.911 1514 1901 I GameModeConfig: isGameModeOn = false
11-11 05:37:27.911 1514 1901 I GameModeConfig: isGameModeOn = false
11-11 05:37:27.911 1514 1901 I GameModeConfig: isGameModeOn = false
11-11 05:37:27.911 1514 1901 I GameModeConfig: isGameModeOn = false
11-11 05:37:27.924 1514 1901 I GameModeConfig: isGameModeOn = false
11-11 05:37:27.925 1514 1901 I GameModeConfig: isGameModeOn = false
11-11 05:37:27.925 1514 1901 I GameModeConfig: isGameModeOn = false
11-11 05:37:27.925 1514 1901 I GameModeConfig: isGameModeOn = false
11-11 05:37:27.941 1514 1901 I GameModeConfig: isGameModeOn = false
11-11 05:37:27.941 1514 1901 I GameModeConfig: isGameModeOn = false
11-11 05:37:27.942 1514 1901 I GameModeConfig: isGameModeOn = false
11-11 05:37:27.942 1514 1901 I GameModeConfig: isGameModeOn = false
11-11 05:37:27.959 1514 1901 I GameModeConfig: isGameModeOn = false
11-11 05:37:27.959 1514 1901 I GameModeConfig: isGameModeOn = false
11-11 05:37:27.959 1514 1901 I GameModeConfig: isGameModeOn = false
11-11 05:37:27.959 1514 1901 I GameModeConfig: isGameModeOn = false
11-11 05:37:27.975 1514 1901 I GameModeConfig: isGameModeOn = false
11-11 05:37:27.975 1514 1901 I GameModeConfig: isGameModeOn = false
11-11 05:37:27.975 1514 1901 I GameModeConfig: isGameModeOn = false
11-11 05:37:27.975 1514 1901 I GameModeConfig: isGameModeOn = false
11-11 05:37:27.992 1514 1901 I GameModeConfig: isGameModeOn = false
11-11 05:37:27.993 1514 1901 I GameModeConfig: isGameModeOn = false
11-11 05:37:27.993 1514 1901 I GameModeConfig: isGameModeOn = false
11-11 05:37:27.993 1514 1901 I GameModeConfig: isGameModeOn = false
11-11 05:37:28.005 1514 1901 I GameModeConfig: isGameModeOn = false
11-11 05:37:28.005 1514 1901 I GameModeConfig: isGameModeOn = false
11-11 05:37:28.005 1514 1901 I GameModeConfig: isGameModeOn = false
11-11 05:37:28.005 1514 1901 I GameModeConfig: isGameModeOn = false
11-11 05:37:28.081 1514 1514 I GameModeConfig: isGameModeOn = false
11-11 05:37:28.084 1514 1514 W NotificationHistory: Attempted to add notif for locked/gone/disabled user 0
11-11 05:37:28.104 1514 1514 I GameModeConfig: isGameModeOn = false
11-11 05:37:28.105 1514 1514 E NotificationService: Muting recently noisy 0|com.android.systemui|2048|null|10082
11-11 05:37:28.120 1514 1514 I GameModeConfig: isGameModeOn = false
11-11 05:37:28.120 1514 1514 E NotificationService: Muting recently noisy 0|com.android.systemui|2048|null|10082
11-11 05:37:28.126 1514 1514 I GameModeConfig: isGameModeOn = false
11-11 05:37:28.127 1514 1514 E NotificationService: Muting recently noisy 0|com.android.systemui|2048|null|10082
11-11 05:37:28.144 1514 1514 I GameModeConfig: isGameModeOn = false
11-11 05:37:28.144 1514 1514 E NotificationService: Muting recently noisy 0|com.android.systemui|2048|null|10082
11-11 05:37:28.161 1514 1514 I GameModeConfig: isGameModeOn = false
11-11 05:37:28.161 1514 1514 E NotificationService: Muting recently noisy 0|com.android.systemui|2048|null|10082
11-11 05:37:28.177 1514 1514 I GameModeConfig: isGameModeOn = false
11-11 05:37:28.178 1514 1514 E NotificationService: Muting recently noisy 0|com.android.systemui|2048|null|10082
11-11 05:37:28.195 1514 1514 I GameModeConfig: isGameModeOn = false
11-11 05:37:28.196 1514 1514 E NotificationService: Muting recently noisy 0|com.android.systemui|2048|null|10082
11-11 05:37:28.208 1514 1514 I GameModeConfig: isGameModeOn = false
11-11 05:37:28.208 1514 1514 E NotificationService: Muting recently noisy 0|com.android.systemui|2048|null|10082
11-11 05:37:28.937 1514 10030 I ActivityTaskManager: START u0 {act=android.intent.action.MAIN cat=[android.intent.category.LAUNCHER] flg=0x10200000 cmp=com.android.settings/.Settings bnds=[2233,723][2408,906]} from uid 10079
11-11 05:37:28.956 1514 4820 I ActivityTaskManager: FOREGROUND_APPLICATION_CHANGED to com.android.settings.homepage.SettingsHomepageActivity
11-11 05:37:28.983 3685 3703 W ContextImpl: Calling a method in the system process without a qualified user: android.app.ContextImpl.startService:1816 android.content.ContextWrapper.startService:774 com.thundercomm.gamemode.ingame.services.GameModeActionUtils.startGameModeService:93 com.thundercomm.gamemode.ingame.services.GameModeActionUtils.startGameModeEntry:21 com.thundercomm.gamemode.ingame.services.ActivityMonitoringService$1.onActivityLaunch:126
11-11 05:37:28.994 1514 1514 I GameModeConfig: Current uri is uri = content://com.thundercomm.gamemode.api/gamemode_settings/gamemode_isgaming
11-11 05:37:29.005 1514 1514 I GameModeConfig: isGameModeOn = false
11-11 05:37:29.005 1514 1514 I GameModeConfig: isGameModeOn = false
11-11 05:37:29.005 1514 1514 I GameModeConfig: isDisableVoice = true
11-11 05:37:29.074 3685 3703 W ContextImpl: Calling a method in the system process without a qualified user: android.app.ContextImpl.startService:1816 android.content.ContextWrapper.startService:774 com.thundercomm.gamemode.ingame.services.GameModeActionUtils.startGameModeService:93 com.thundercomm.gamemode.ingame.services.GameModeActionUtils.startGameModeEntry:21 com.thundercomm.gamemode.ingame.services.ActivityMonitoringService$1.onActivityLaunch:126
11-11 05:37:29.077 1514 1514 I GameModeConfig: Current uri is uri = content://com.thundercomm.gamemode.api/gamemode_settings/gamemode_isgaming
11-11 05:37:29.081 1514 1514 I GameModeConfig: isGameModeOn = false
11-11 05:37:29.081 1514 1514 I GameModeConfig: isGameModeOn = false
11-11 05:37:29.081 1514 1514 I GameModeConfig: isDisableVoice = true
11-11 05:37:29.574 3685 3703 W ContextImpl: Calling a method in the system process without a qualified user: android.app.ContextImpl.startService:1816 android.content.ContextWrapper.startService:774 com.thundercomm.gamemode.ingame.services.GameModeActionUtils.startGameModeService:93 com.thundercomm.gamemode.ingame.services.GameModeActionUtils.startGameModeEntry:21 com.thundercomm.gamemode.ingame.services.ActivityMonitoringService$1.onActivityLaunch:126
11-11 05:37:29.580 1514 1514 I GameModeConfig: Current uri is uri = content://com.thundercomm.gamemode.api/gamemode_settings/gamemode_isgaming
11-11 05:37:29.588 1514 1514 I GameModeConfig: isGameModeOn = false
11-11 05:37:29.588 1514 1514 I GameModeConfig: isGameModeOn = false
11-11 05:37:29.588 1514 1514 I GameModeConfig: isDisableVoice = true
11-11 05:37:31.566 1514 1901 I GameModeConfig: isGameModeOn = false
11-11 05:37:31.579 1514 1901 I GameModeConfig: isGameModeOn = false
11-11 05:37:31.591 1514 1901 I GameModeConfig: isGameModeOn = false
11-11 05:37:31.601 1514 1901 I GameModeConfig: isGameModeOn = false
11-11 05:37:31.616 1514 1901 I GameModeConfig: isGameModeOn = false
11-11 05:37:31.967 1514 2742 E TaskPersister: File error accessing recents directory (directory doesn't exist?).
11-11 05:37:37.897 1514 1901 I GameModeConfig: isGameModeOn = false
11-11 05:37:37.901 1514 1901 I GameModeConfig: isGameModeOn = false
11-11 05:37:37.911 1514 1901 I GameModeConfig: isGameModeOn = false
11-11 05:37:37.925 1514 1901 I GameModeConfig: isGameModeOn = false
11-11 05:37:37.941 1514 1901 I GameModeConfig: isGameModeOn = false
11-11 05:37:37.960 1514 1901 I GameModeConfig: isGameModeOn = false
11-11 05:37:37.976 1514 1901 I GameModeConfig: isGameModeOn = false
11-11 05:37:37.992 1514 1901 I GameModeConfig: isGameModeOn = false
11-11 05:37:38.006 1514 1901 I GameModeConfig: isGameModeOn = false
11-11 05:37:38.082 1514 1901 I GameModeConfig: isGameModeOn = false
11-11 05:37:38.104 1514 1901 I GameModeConfig: isGameModeOn = false
11-11 05:37:38.120 1514 1901 I GameModeConfig: isGameModeOn = false
11-11 05:37:38.126 1514 1901 I GameModeConfig: isGameModeOn = false
11-11 05:37:38.144 1514 1901 I GameModeConfig: isGameModeOn = false
11-11 05:37:38.162 1514 1901 I GameModeConfig: isGameModeOn = false
11-11 05:37:38.178 1514 1901 I GameModeConfig: isGameModeOn = false
11-11 05:37:38.195 1514 1901 I GameModeConfig: isGameModeOn = false
11-11 05:37:38.209 1514 1901 I GameModeConfig: isGameModeOn = false
11-11 05:37:44.369 1514 1514 D CompanionDeviceManagerService: 50:C0:F0:71:EB:E4 disconnected w/ reason: (1101) Remote request
11-11 05:37:44.369 1514 1514 D CompanionDeviceManagerService: onDeviceDisconnected(address = 50:C0:F0:71:EB:E4)
11-11 05:37:44.373 1514 1614 W BroadcastQueue: Permission Denial: broadcasting Intent { act=android.bluetooth.headset.profile.action.CONNECTION_STATE_CHANGED flg=0x1000010 (has extras) } from com.android.bluetooth (pid=1984, uid=1002) requires com.baidu.input.permission.REGISTERRECEIVE due to registered receiver BroadcastFilter{bd3a921 10023/u0 ReceiverList{9f82b2b 4154 com.baidu.input/10023/u0 remote:714277a}}
11-11 05:37:44.762 1514 1514 W Looper : Slow dispatch took 392ms main h=android.app.ActivityThread$H c=android.app.LoadedApk$ReceiverDispatcher$Args$$ExternalSyntheticLambda0@f228190 m=0
11-11 05:37:44.763 1514 1514 I Telecom : BluetoothStateReceiver: Device null is now the preferred BT device for HFP: BSR.oR@ADw
11-11 05:37:44.763 1514 1514 W Looper : Slow delivery took 392ms main h=android.app.ActivityThread$H c=android.app.LoadedApk$ReceiverDispatcher$Args$$ExternalSyntheticLambda0@a8b3a89 m=0
11-11 05:37:44.764 1514 2496 I Telecom : CallAudioRouteStateMachine: Message received: BT_ACTIVE_DEVICE_GONE=9, arg1=0: BSR.oR->CARSM.pM_BT_ACTIVE_DEVICE_GONE@ADw
11-11 05:37:44.764 1514 2496 I Telecom : QuiescentEarpieceRoute: Processing message BT_ACTIVE_DEVICE_GONE: BSR.oR->CARSM.pM_BT_ACTIVE_DEVICE_GONE@ADw
11-11 05:37:44.764 1514 2496 I Telecom : Logging.Events: Non-call EVENT: AUDIO_ROUTE, Bluetooth active device gone: BSR.oR->CARSM.pM_BT_ACTIVE_DEVICE_GONE@ADw
11-11 05:37:44.767 1514 1514 I Telecom : BluetoothStateReceiver: Device 50:C0:F0:71:EB:E4 changed state to 0: BSR.oR@AD0
11-11 05:37:44.767 1514 2493 I Telecom : BluetoothRouteManager: Message received: LOST_DEVICE.: BSR.oR->BRM.pM_2@AD0
11-11 05:37:44.768 1514 1514 W Looper : Drained
11-11 05:37:44.769 1514 2496 I Telecom : CallAudioRouteStateMachine: Message received: BLUETOOTH_DEVICE_LIST_CHANGED=7, arg1=0: BSR.oR->CARSM.pM_BLUETOOTH_DEVICE_LIST_CHANGED@AD0
11-11 05:37:44.769 1514 2496 I Telecom : QuiescentEarpieceRoute: Processing message BLUETOOTH_DEVICE_LIST_CHANGED: BSR.oR->CARSM.pM_BLUETOOTH_DEVICE_LIST_CHANGED@AD0
11-11 05:37:44.769 1514 2496 I Telecom : Logging.Events: Non-call EVENT: AUDIO_ROUTE, Bluetooth device list changed: BSR.oR->CARSM.pM_BLUETOOTH_DEVICE_LIST_CHANGED@AD0
11-11 05:37:44.776 1514 1514 I Telecom : WiredHeadsetManager: ACTION_HEADSET_PLUG event, plugged in: false, : WHC.oADR@AD4
11-11 05:37:59.524 1514 10083 I ActivityTaskManager: moveTaskToBack: Task{d1e0df5 #90 type=standard A=1000:com.android.settings.root U=0 visible=true mode=fullscreen translucent=false sz=1}
11-11 05:37:59.537 1514 10083 I ActivityTaskManager: FOREGROUND_APPLICATION_CHANGED to com.android.launcher3.uioverrides.QuickstepLauncher
11-11 05:37:59.565 3685 3703 W ContextImpl: Calling a method in the system process without a qualified user: android.app.ContextImpl.startService:1816 android.content.ContextWrapper.startService:774 com.thundercomm.gamemode.ingame.services.GameModeActionUtils.startGameModeService:93 com.thundercomm.gamemode.ingame.services.GameModeActionUtils.startGameModeEntry:21 com.thundercomm.gamemode.ingame.services.ActivityMonitoringService$1.onActivityLaunch:126
11-11 05:37:59.577 1514 1514 I GameModeConfig: Current uri is uri = content://com.thundercomm.gamemode.api/gamemode_settings/gamemode_isgaming
11-11 05:37:59.580 1514 1514 I GameModeConfig: isGameModeOn = false
11-11 05:37:59.580 1514 1514 I GameModeConfig: isGameModeOn = false
11-11 05:37:59.580 1514 1514 I GameModeConfig: isDisableVoice = true
11-11 05:37:59.644 3685 3703 W ContextImpl: Calling a method in the system process without a qualified user: android.app.ContextImpl.startService:1816 android.content.ContextWrapper.startService:774 com.thundercomm.gamemode.ingame.services.GameModeActionUtils.startGameModeService:93 com.thundercomm.gamemode.ingame.services.GameModeActionUtils.startGameModeEntry:21 com.thundercomm.gamemode.ingame.services.ActivityMonitoringService$1.onActivityLaunch:126
11-11 05:37:59.649 1514 1514 I GameModeConfig: Current uri is uri = content://com.thundercomm.gamemode.api/gamemode_settings/gamemode_isgaming
11-11 05:37:59.651 1514 1514 I GameModeConfig: isGameModeOn = false
11-11 05:37:59.651 1514 1514 I GameModeConfig: isGameModeOn = false
11-11 05:37:59.651 1514 1514 I GameModeConfig: isDisableVoice = true
11-11 05:38:00.072 3685 3703 W ContextImpl: Calling a method in the system process without a qualified user: android.app.ContextImpl.startService:1816 android.content.ContextWrapper.startService:774 com.thundercomm.gamemode.ingame.services.GameModeActionUtils.startGameModeService:93 com.thundercomm.gamemode.ingame.services.GameModeActionUtils.startGameModeEntry:21 com.thundercomm.gamemode.ingame.services.ActivityMonitoringService$1.onActivityLaunch:126
11-11 05:38:00.075 1514 1514 I GameModeConfig: Current uri is uri = content://com.thundercomm.gamemode.api/gamemode_settings/gamemode_isgaming
11-11 05:38:00.077 1514 1514 I GameModeConfig: isGameModeOn = false
11-11 05:38:00.078 1514 1514 I GameModeConfig: isGameModeOn = false
11-11 05:38:00.078 1514 1514 I GameModeConfig: isDisableVoice = true
11-11 05:38:01.145 1514 4820 I ActivityTaskManager: START u0 {act=android.intent.action.MAIN cat=[android.intent.category.LAUNCHER] flg=0x10200000 cmp=com.android.settings/.Settings bnds=[2233,723][2408,906]} from uid 10079
11-11 05:38:01.169 1514 4820 I ActivityTaskManager: FOREGROUND_APPLICATION_CHANGED to com.android.settings.homepage.SettingsHomepageActivity
11-11 05:38:01.203 3685 3703 W ContextImpl: Calling a method in the system process without a qualified user: android.app.ContextImpl.startService:1816 android.content.ContextWrapper.startService:774 com.thundercomm.gamemode.ingame.services.GameModeActionUtils.startGameModeService:93 com.thundercomm.gamemode.ingame.services.GameModeActionUtils.startGameModeEntry:21 com.thundercomm.gamemode.ingame.services.ActivityMonitoringService$1.onActivityLaunch:126
11-11 05:38:01.208 1514 1514 I GameModeConfig: Current uri is uri = content://com.thundercomm.gamemode.api/gamemode_settings/gamemode_isgaming
11-11 05:38:01.210 1514 1514 I GameModeConfig: isGameModeOn = false
11-11 05:38:01.211 1514 1514 I GameModeConfig: isGameModeOn = false
11-11 05:38:01.211 1514 1514 I GameModeConfig: isDisableVoice = true
11-11 05:38:01.237 1514 1627 W BatteryExternalStatsWorker: error reading modem stats:ERROR_PHONE_NOT_AVAILABLE
11-11 05:38:01.259 1514 1627 E KernelCpuSpeedReader: Failed to read cpu-freq: /sys/devices/system/cpu/cpu4/cpufreq/stats/time_in_state: open failed: ENOENT (No such file or directory)
11-11 05:38:01.259 1514 1627 E KernelCpuSpeedReader: Failed to read cpu-freq: /sys/devices/system/cpu/cpu0/cpufreq/stats/time_in_state: open failed: ENOENT (No such file or directory)
11-11 05:38:01.288 3685 3703 W ContextImpl: Calling a method in the system process without a qualified user: android.app.ContextImpl.startService:1816 android.content.ContextWrapper.startService:774 com.thundercomm.gamemode.ingame.services.GameModeActionUtils.startGameModeService:93 com.thundercomm.gamemode.ingame.services.GameModeActionUtils.startGameModeEntry:21 com.thundercomm.gamemode.ingame.services.ActivityMonitoringService$1.onActivityLaunch:126
11-11 05:38:01.292 1514 1514 I GameModeConfig: Current uri is uri = content://com.thundercomm.gamemode.api/gamemode_settings/gamemode_isgaming
11-11 05:38:01.294 1514 1514 I GameModeConfig: isGameModeOn = false
11-11 05:38:01.295 1514 1514 I GameModeConfig: isGameModeOn = false
11-11 05:38:01.295 1514 1514 I GameModeConfig: isDisableVoice = true
11-11 05:38:01.313 1514 1627 W BatteryExternalStatsWorker: error reading modem stats:ERROR_PHONE_NOT_AVAILABLE
11-11 05:38:01.319 1514 1627 E KernelCpuSpeedReader: Failed to read cpu-freq: /sys/devices/system/cpu/cpu4/cpufreq/stats/time_in_state: open failed: ENOENT (No such file or directory)
11-11 05:38:01.319 1514 1627 E KernelCpuSpeedReader: Failed to read cpu-freq: /sys/devices/system/cpu/cpu0/cpufreq/stats/time_in_state: open failed: ENOENT (No such file or directory)
11-11 05:38:01.784 3685 3703 W ContextImpl: Calling a method in the system process without a qualified user: android.app.ContextImpl.startService:1816 android.content.ContextWrapper.startService:774 com.thundercomm.gamemode.ingame.services.GameModeActionUtils.startGameModeService:93 com.thundercomm.gamemode.ingame.services.GameModeActionUtils.startGameModeEntry:21 com.thundercomm.gamemode.ingame.services.ActivityMonitoringService$1.onActivityLaunch:126
11-11 05:38:01.790 1514 1514 I GameModeConfig: Current uri is uri = content://com.thundercomm.gamemode.api/gamemode_settings/gamemode_isgaming
11-11 05:38:01.792 1514 1514 I GameModeConfig: isGameModeOn = false
11-11 05:38:01.792 1514 1514 I GameModeConfig: isGameModeOn = false
11-11 05:38:01.792 1514 1514 I GameModeConfig: isDisableVoice = true
11-11 05:38:02.339 10325 10325 E ActivityThread: Failed to find provider info for com.google.android.gms.nearby.fastpair
11-11 05:38:02.339 10325 11057 E ActivityThread: Failed to find provider info for com.google.android.gms.nearby.fastpair
11-11 05:38:04.180 1514 2742 E TaskPersister: File error accessing recents directory (directory doesn't exist?).
11-11 05:38:19.724 1514 1614 W BroadcastQueue: Permission Denial: broadcasting Intent { act=android.net.conn.CONNECTIVITY_CHANGE flg=0x4200010 (has extras) } from null (pid=-1, uid=-1) requires com.baidu.input.permission.sofire.RECEIVE due to registered receiver BroadcastFilter{ed79bba 10023/u0 ReceiverList{8e5d4e5 4154 com.baidu.input/10023/u0 remote:90fdbdc}}
11-11 05:38:55.144 1514 1649 V DisplayPowerController[0]: Brightness [0.05] reason changing to: 'manual [ dim ]', previous reason: 'manual'.
11-11 05:38:55.145 1514 1649 W PowerManagerService: Screen on took 151087 ms
11-11 05:38:55.146 1514 1974 E DisplayDeviceConfig: requesting nits when no mapping exists.
11-11 05:38:55.147 1514 1974 E DisplayDeviceConfig: requesting nits when no mapping exists.
11-11 05:38:55.148 1514 1614 I DropBoxManagerService: add tag=system_server_wtf isTagEnabled=true flags=0x2
11-11 05:38:55.152 1514 1614 I DropBoxManagerService: add tag=system_server_wtf isTagEnabled=true flags=0x2
11-11 05:38:55.162 1514 1974 E DisplayDeviceConfig: requesting nits when no mapping exists.
11-11 05:38:55.162 1514 1974 E DisplayDeviceConfig: requesting nits when no mapping exists.
11-11 05:38:55.163 1514 1614 I DropBoxManagerService: add tag=system_server_wtf isTagEnabled=true flags=0x2
11-11 05:38:55.164 1514 1614 I DropBoxManagerService: add tag=system_server_wtf isTagEnabled=true flags=0x2
11-11 05:38:55.178 1514 1974 E DisplayDeviceConfig: requesting nits when no mapping exists.
11-11 05:38:55.178 1514 1974 E DisplayDeviceConfig: requesting nits when no mapping exists.
11-11 05:38:55.179 1514 1614 I DropBoxManagerService: add tag=system_server_wtf isTagEnabled=true flags=0x2
11-11 05:38:55.183 1514 1974 E DisplayDeviceConfig: requesting nits when no mapping exists.
11-11 05:38:55.184 1514 1974 E DisplayDeviceConfig: requesting nits when no mapping exists.
11-11 05:38:55.201 1514 1974 E DisplayDeviceConfig: requesting nits when no mapping exists.
11-11 05:38:55.201 1514 1974 E DisplayDeviceConfig: requesting nits when no mapping exists.
11-11 05:38:55.217 1514 1974 E DisplayDeviceConfig: requesting nits when no mapping exists.
11-11 05:38:55.218 1514 1974 E DisplayDeviceConfig: requesting nits when no mapping exists.
11-11 05:38:55.234 1514 1974 E DisplayDeviceConfig: requesting nits when no mapping exists.
11-11 05:38:55.235 1514 1974 E DisplayDeviceConfig: requesting nits when no mapping exists.
11-11 05:38:55.251 1514 1974 E DisplayDeviceConfig: requesting nits when no mapping exists.
11-11 05:38:55.251 1514 1974 E DisplayDeviceConfig: requesting nits when no mapping exists.
11-11 05:38:55.268 1514 1974 E DisplayDeviceConfig: requesting nits when no mapping exists.
11-11 05:38:55.268 1514 1974 E DisplayDeviceConfig: requesting nits when no mapping exists.
11-11 05:38:55.284 1514 1974 E DisplayDeviceConfig: requesting nits when no mapping exists.
11-11 05:38:55.285 1514 1974 E DisplayDeviceConfig: requesting nits when no mapping exists.
11-11 05:38:55.301 1514 1974 E DisplayDeviceConfig: requesting nits when no mapping exists.
11-11 05:38:55.301 1514 1974 E DisplayDeviceConfig: requesting nits when no mapping exists.
11-11 05:38:55.318 1514 1974 E DisplayDeviceConfig: requesting nits when no mapping exists.
11-11 05:38:55.318 1514 1974 E DisplayDeviceConfig: requesting nits when no mapping exists.
11-11 05:38:55.334 1514 1974 E DisplayDeviceConfig: requesting nits when no mapping exists.
11-11 05:38:55.335 1514 1974 E DisplayDeviceConfig: requesting nits when no mapping exists.
11-11 05:38:55.351 1514 1974 E DisplayDeviceConfig: requesting nits when no mapping exists.
11-11 05:38:55.352 1514 1974 E DisplayDeviceConfig: requesting nits when no mapping exists.
11-11 05:38:55.368 1514 1974 E DisplayDeviceConfig: requesting nits when no mapping exists.
11-11 05:38:55.368 1514 1974 E DisplayDeviceConfig: requesting nits when no mapping exists.
11-11 05:38:55.384 1514 1974 E DisplayDeviceConfig: requesting nits when no mapping exists.
11-11 05:38:55.385 1514 1974 E DisplayDeviceConfig: requesting nits when no mapping exists.
11-11 05:38:55.401 1514 1974 E DisplayDeviceConfig: requesting nits when no mapping exists.
11-11 05:38:55.402 1514 1974 E DisplayDeviceConfig: requesting nits when no mapping exists.
11-11 05:38:55.418 1514 1974 E DisplayDeviceConfig: requesting nits when no mapping exists.
11-11 05:38:55.418 1514 1974 E DisplayDeviceConfig: requesting nits when no mapping exists.
11-11 05:38:55.434 1514 1974 E DisplayDeviceConfig: requesting nits when no mapping exists.
11-11 05:38:55.434 1514 1974 E DisplayDeviceConfig: requesting nits when no mapping exists.
11-11 05:38:55.451 1514 1974 E DisplayDeviceConfig: requesting nits when no mapping exists.
11-11 05:38:55.451 1514 1974 E DisplayDeviceConfig: requesting nits when no mapping exists.
11-11 05:38:55.468 1514 1974 E DisplayDeviceConfig: requesting nits when no mapping exists.
11-11 05:38:55.468 1514 1974 E DisplayDeviceConfig: requesting nits when no mapping exists.
11-11 05:38:55.484 1514 1974 E DisplayDeviceConfig: requesting nits when no mapping exists.
11-11 05:38:55.486 1514 1974 E DisplayDeviceConfig: requesting nits when no mapping exists.
11-11 05:38:55.501 1514 1974 E DisplayDeviceConfig: requesting nits when no mapping exists.
11-11 05:38:55.502 1514 1974 E DisplayDeviceConfig: requesting nits when no mapping exists.
11-11 05:38:55.518 1514 1974 E DisplayDeviceConfig: requesting nits when no mapping exists.
11-11 05:38:55.519 1514 1974 E DisplayDeviceConfig: requesting nits when no mapping exists.
11-11 05:38:55.535 1514 1974 E DisplayDeviceConfig: requesting nits when no mapping exists.
11-11 05:38:55.535 1514 1974 E DisplayDeviceConfig: requesting nits when no mapping exists.
11-11 05:38:55.552 1514 1974 E DisplayDeviceConfig: requesting nits when no mapping exists.
11-11 05:38:55.552 1514 1974 E DisplayDeviceConfig: requesting nits when no mapping exists.
11-11 05:38:55.568 1514 1974 E DisplayDeviceConfig: requesting nits when no mapping exists.
11-11 05:38:55.569 1514 1974 E DisplayDeviceConfig: requesting nits when no mapping exists.
11-11 05:38:55.585 1514 1974 E DisplayDeviceConfig: requesting nits when no mapping exists.
11-11 05:38:55.586 1514 1974 E DisplayDeviceConfig: requesting nits when no mapping exists.
11-11 05:38:55.601 1514 1974 E DisplayDeviceConfig: requesting nits when no mapping exists.
11-11 05:38:55.602 1514 1974 E DisplayDeviceConfig: requesting nits when no mapping exists.
11-11 05:38:55.618 1514 1974 E DisplayDeviceConfig: requesting nits when no mapping exists.
11-11 05:38:55.619 1514 1974 E DisplayDeviceConfig: requesting nits when no mapping exists.
11-11 05:38:55.635 1514 1974 E DisplayDeviceConfig: requesting nits when no mapping exists.
11-11 05:38:55.635 1514 1974 E DisplayDeviceConfig: requesting nits when no mapping exists.
11-11 05:38:55.652 1514 1974 E DisplayDeviceConfig: requesting nits when no mapping exists.
11-11 05:38:55.652 1514 1974 E DisplayDeviceConfig: requesting nits when no mapping exists.
11-11 05:38:55.668 1514 1974 E DisplayDeviceConfig: requesting nits when no mapping exists.
11-11 05:38:55.669 1514 1974 E DisplayDeviceConfig: requesting nits when no mapping exists.
11-11 05:38:55.685 1514 1974 E DisplayDeviceConfig: requesting nits when no mapping exists.
11-11 05:38:55.686 1514 1974 E DisplayDeviceConfig: requesting nits when no mapping exists.
11-11 05:38:55.702 1514 1974 E DisplayDeviceConfig: requesting nits when no mapping exists.
11-11 05:38:55.702 1514 1974 E DisplayDeviceConfig: requesting nits when no mapping exists.
11-11 05:38:55.719 1514 1974 E DisplayDeviceConfig: requesting nits when no mapping exists.
11-11 05:38:55.719 1514 1974 E DisplayDeviceConfig: requesting nits when no mapping exists.
11-11 05:38:55.735 1514 1974 E DisplayDeviceConfig: requesting nits when no mapping exists.
11-11 05:38:55.736 1514 1974 E DisplayDeviceConfig: requesting nits when no mapping exists.
11-11 05:38:55.752 1514 1974 E DisplayDeviceConfig: requesting nits when no mapping exists.
11-11 05:38:55.752 1514 1974 E DisplayDeviceConfig: requesting nits when no mapping exists.
11-11 05:38:55.769 1514 1974 E DisplayDeviceConfig: requesting nits when no mapping exists.
11-11 05:38:55.769 1514 1974 E DisplayDeviceConfig: requesting nits when no mapping exists.
11-11 05:38:55.785 1514 1974 E DisplayDeviceConfig: requesting nits when no mapping exists.
11-11 05:38:55.786 1514 1974 E DisplayDeviceConfig: requesting nits when no mapping exists.
11-11 05:38:55.802 1514 1974 E DisplayDeviceConfig: requesting nits when no mapping exists.
11-11 05:38:55.802 1514 1974 E DisplayDeviceConfig: requesting nits when no mapping exists.
11-11 05:38:55.818 1514 1974 E DisplayDeviceConfig: requesting nits when no mapping exists.
11-11 05:38:55.819 1514 1974 E DisplayDeviceConfig: requesting nits when no mapping exists.
11-11 05:38:55.835 1514 1974 E DisplayDeviceConfig: requesting nits when no mapping exists.
11-11 05:38:55.836 1514 1974 E DisplayDeviceConfig: requesting nits when no mapping exists.
11-11 05:38:55.852 1514 1974 E DisplayDeviceConfig: requesting nits when no mapping exists.
11-11 05:38:55.852 1514 1974 E DisplayDeviceConfig: requesting nits when no mapping exists.
11-11 05:38:55.869 1514 1974 E DisplayDeviceConfig: requesting nits when no mapping exists.
11-11 05:38:55.870 1514 1974 E DisplayDeviceConfig: requesting nits when no mapping exists.
11-11 05:38:55.886 1514 1974 E DisplayDeviceConfig: requesting nits when no mapping exists.
11-11 05:38:55.886 1514 1974 E DisplayDeviceConfig: requesting nits when no mapping exists.
11-11 05:38:55.903 1514 1974 E DisplayDeviceConfig: requesting nits when no mapping exists.
11-11 05:38:55.903 1514 1974 E DisplayDeviceConfig: requesting nits when no mapping exists.
11-11 05:38:55.919 1514 1974 E DisplayDeviceConfig: requesting nits when no mapping exists.
11-11 05:38:55.920 1514 1974 E DisplayDeviceConfig: requesting nits when no mapping exists.
11-11 05:38:55.936 1514 1974 E DisplayDeviceConfig: requesting nits when no mapping exists.
11-11 05:38:55.936 1514 1974 E DisplayDeviceConfig: requesting nits when no mapping exists.
11-11 05:38:55.953 1514 1974 E DisplayDeviceConfig: requesting nits when no mapping exists.
11-11 05:38:55.953 1514 1974 E DisplayDeviceConfig: requesting nits when no mapping exists.
11-11 05:38:55.969 1514 1974 E DisplayDeviceConfig: requesting nits when no mapping exists.
11-11 05:38:55.970 1514 1974 E DisplayDeviceConfig: requesting nits when no mapping exists.
11-11 05:38:55.986 1514 1974 E DisplayDeviceConfig: requesting nits when no mapping exists.
11-11 05:38:55.987 1514 1974 E DisplayDeviceConfig: requesting nits when no mapping exists.
11-11 05:38:56.003 1514 1974 E DisplayDeviceConfig: requesting nits when no mapping exists.
11-11 05:38:56.004 1514 1974 E DisplayDeviceConfig: requesting nits when no mapping exists.
11-11 05:38:56.019 1514 1974 E DisplayDeviceConfig: requesting nits when no mapping exists.
11-11 05:38:56.020 1514 1974 E DisplayDeviceConfig: requesting nits when no mapping exists.
11-11 05:38:56.036 1514 1974 E DisplayDeviceConfig: requesting nits when no mapping exists.
11-11 05:38:56.036 1514 1974 E DisplayDeviceConfig: requesting nits when no mapping exists.
11-11 05:38:56.053 1514 1974 E DisplayDeviceConfig: requesting nits when no mapping exists.
11-11 05:38:56.054 1514 1974 E DisplayDeviceConfig: requesting nits when no mapping exists.
11-11 05:38:56.069 1514 1974 E DisplayDeviceConfig: requesting nits when no mapping exists.
11-11 05:38:56.070 1514 1974 E DisplayDeviceConfig: requesting nits when no mapping exists.
11-11 05:38:56.086 1514 1974 E DisplayDeviceConfig: requesting nits when no mapping exists.
11-11 05:38:56.089 1514 1974 E DisplayDeviceConfig: requesting nits when no mapping exists.
11-11 05:38:56.103 1514 1974 E DisplayDeviceConfig: requesting nits when no mapping exists.
11-11 05:38:56.103 1514 1974 E DisplayDeviceConfig: requesting nits when no mapping exists.
11-11 05:39:02.144 1514 1649 I PowerManagerService: Napping display group (groupId=0, uid=1000)...
11-11 05:39:02.144 1514 1649 I PowerManagerService: Nap time (uid 1000)...
11-11 05:39:02.146 1514 1649 I DreamManagerService: Entering dreamland.
11-11 05:39:02.150 1514 1649 I PowerManagerService: Dreaming...
11-11 05:39:02.153 1514 1592 I DreamController: Starting dream: name=ComponentInfo{com.thundercomm.screensaver/com.thundercomm.saverclock.service.ClockScreensaver}, isTest=false, canDoze=false, userId=0
11-11 05:39:02.170 1514 4820 I ActivityTaskManager: START u0 {flg=0x10000000 pkg=com.thundercomm.screensaver cmp=com.thundercomm.screensaver/android.service.dreams.DreamActivity (has extras)} from uid 10051
11-11 05:39:02.172 1514 4820 W ActivityTaskManager: Can't find TaskDisplayArea to determine support for multi window. Task id=92 attached=false
11-11 05:39:02.188 1514 6421 I ActivityTaskManager: FOREGROUND_APPLICATION_CHANGED to android.service.dreams.DreamActivity
11-11 05:39:02.189 1514 6421 I ActivityTaskManager: The Process com.thundercomm.screensaver Already Exists in BG. So sending its PID: 4894
11-11 05:39:02.189 1514 6421 W ActivityTaskManager: Tried to set launchTime (0) < mLastActivityLaunchTime (2964221)
11-11 05:39:02.203 3685 3703 W ContextImpl: Calling a method in the system process without a qualified user: android.app.ContextImpl.startService:1816 android.content.ContextWrapper.startService:774 com.thundercomm.gamemode.ingame.services.GameModeActionUtils.startGameModeService:93 com.thundercomm.gamemode.ingame.services.GameModeActionUtils.startGameModeEntry:21 com.thundercomm.gamemode.ingame.services.ActivityMonitoringService$1.onActivityLaunch:126
11-11 05:39:02.213 1514 1514 I GameModeConfig: Current uri is uri = content://com.thundercomm.gamemode.api/gamemode_settings/gamemode_isgaming
11-11 05:39:02.217 1514 1514 I GameModeConfig: isGameModeOn = false
11-11 05:39:02.218 1514 1514 I GameModeConfig: isGameModeOn = false
11-11 05:39:02.218 1514 1514 I GameModeConfig: isDisableVoice = true
11-11 05:39:02.266 1514 1901 I GameModeConfig: isGameModeOn = false
11-11 05:39:02.266 1514 1901 I GameModeConfig: isGameModeOn = false
11-11 05:39:02.266 1514 1901 I GameModeConfig: isGameModeOn = false
11-11 05:39:02.266 1514 1901 I GameModeConfig: isGameModeOn = false
11-11 05:39:02.286 1514 1649 V DisplayPowerController[0]: Brightness [1.0] reason changing to: 'manual', previous reason: 'manual [ dim ]'.
11-11 05:39:02.287 1514 1974 E DisplayDeviceConfig: requesting nits when no mapping exists.
11-11 05:39:02.288 1514 1974 E DisplayDeviceConfig: requesting nits when no mapping exists.
11-11 05:39:02.301 3685 3703 W ContextImpl: Calling a method in the system process without a qualified user: android.app.ContextImpl.startService:1816 android.content.ContextWrapper.startService:774 com.thundercomm.gamemode.ingame.services.GameModeActionUtils.startGameModeService:93 com.thundercomm.gamemode.ingame.services.GameModeActionUtils.startGameModeEntry:21 com.thundercomm.gamemode.ingame.services.ActivityMonitoringService$1.onActivityLaunch:126
11-11 05:39:02.303 1514 1974 E DisplayDeviceConfig: requesting nits when no mapping exists.
11-11 05:39:02.304 1514 1974 E DisplayDeviceConfig: requesting nits when no mapping exists.
11-11 05:39:02.308 1514 1514 I GameModeConfig: Current uri is uri = content://com.thundercomm.gamemode.api/gamemode_settings/gamemode_isgaming
11-11 05:39:02.311 1514 1514 I GameModeConfig: isGameModeOn = false
11-11 05:39:02.313 1514 1514 I GameModeConfig: isGameModeOn = false
11-11 05:39:02.313 1514 1514 I GameModeConfig: isDisableVoice = true
11-11 05:39:02.320 1514 1974 E DisplayDeviceConfig: requesting nits when no mapping exists.
11-11 05:39:02.320 1514 1974 E DisplayDeviceConfig: requesting nits when no mapping exists.
11-11 05:39:02.337 1514 1974 E DisplayDeviceConfig: requesting nits when no mapping exists.
11-11 05:39:02.338 1514 1974 E DisplayDeviceConfig: requesting nits when no mapping exists.
11-11 05:39:02.354 1514 1974 E DisplayDeviceConfig: requesting nits when no mapping exists.
11-11 05:39:02.354 1514 1974 E DisplayDeviceConfig: requesting nits when no mapping exists.
