11-11 05:24:57.380 1514 1649 I PowerManagerService: Powering on display group fromDreaming (groupId=0, uid=1000, reason=WAKE_REASON_UNKNOWN, details=android.server.power:DREAM_FINISHED)...
11-11 05:24:57.380 1514 1649 I PowerManagerService: Waking up from Dreaming (uid=1000, reason=WAKE_REASON_UNKNOWN, details=android.server.power:DREAM_FINISHED)...
11-11 05:24:57.454 3685 3703 W ContextImpl: Calling a method in the system process without a qualified user: android.app.ContextImpl.startService:1816 android.content.ContextWrapper.startService:774 com.thundercomm.gamemode.ingame.services.GameModeActionUtils.startGameModeService:93 com.thundercomm.gamemode.ingame.services.GameModeActionUtils.startGameModeEntry:21 com.thundercomm.gamemode.ingame.services.ActivityMonitoringService$1.onActivityLaunch:126
11-11 05:24:57.462 1514 1514 I GameModeConfig: Current uri is uri = content://com.thundercomm.gamemode.api/gamemode_settings/gamemode_isgaming
11-11 05:24:57.468 1514 1514 I GameModeConfig: isGameModeOn = false
11-11 05:24:57.468 1514 1514 I GameModeConfig: isGameModeOn = false
11-11 05:24:57.468 1514 1514 I GameModeConfig: isDisableVoice = true
11-11 05:24:57.942 3685 3703 W ContextImpl: Calling a method in the system process without a qualified user: android.app.ContextImpl.startService:1816 android.content.ContextWrapper.startService:774 com.thundercomm.gamemode.ingame.services.GameModeActionUtils.startGameModeService:93 com.thundercomm.gamemode.ingame.services.GameModeActionUtils.startGameModeEntry:21 com.thundercomm.gamemode.ingame.services.ActivityMonitoringService$1.onActivityLaunch:126
11-11 05:24:57.947 1514 1514 I GameModeConfig: Current uri is uri = content://com.thundercomm.gamemode.api/gamemode_settings/gamemode_isgaming
11-11 05:24:57.951 1514 1514 I GameModeConfig: isGameModeOn = false
11-11 05:24:57.951 1514 1514 I GameModeConfig: isGameModeOn = false
11-11 05:24:57.951 1514 1514 I GameModeConfig: isDisableVoice = true
11-11 05:24:57.958 1514 9439 I DreamManagerService: Leaving dreamland.
11-11 05:24:57.959 1514 1592 I DreamManagerService: Performing gentle wake from dream.
11-11 05:24:57.959 1514 1592 I DreamController: Stopping dream: name=ComponentInfo{com.thundercomm.screensaver/com.thundercomm.saverclock.service.ClockScreensaver}, isTest=false, canDoze=false, userId=0, reason='finished self'(from 'finished self')
11-11 05:24:57.972 1514 1596 W ActivityTaskManager: Can't find TaskDisplayArea to determine support for multi window. Task id=81 attached=false
11-11 05:24:59.233 3685 3703 W ContextImpl: Calling a method in the system process without a qualified user: android.app.ContextImpl.startService:1816 android.content.ContextWrapper.startService:774 com.thundercomm.gamemode.ingame.services.GameModeActionUtils.startGameModeService:93 com.thundercomm.gamemode.ingame.services.GameModeActionUtils.startGameModeEntry:21 com.thundercomm.gamemode.ingame.services.ActivityMonitoringService$1.onActivityLaunch:126
11-11 05:24:59.240 1514 1514 I GameModeConfig: Current uri is uri = content://com.thundercomm.gamemode.api/gamemode_settings/gamemode_isgaming
11-11 05:24:59.243 1514 1514 I GameModeConfig: isGameModeOn = false
11-11 05:24:59.243 1514 1514 I GameModeConfig: isGameModeOn = false
11-11 05:24:59.243 1514 1514 I GameModeConfig: isDisableVoice = true
11-11 05:25:01.128 1514 1921 I ActivityTaskManager: FOREGROUND_APPLICATION_CHANGED to com.android.launcher3.uioverrides.QuickstepLauncher
11-11 05:25:01.225 3685 3703 W ContextImpl: Calling a method in the system process without a qualified user: android.app.ContextImpl.startService:1816 android.content.ContextWrapper.startService:774 com.thundercomm.gamemode.ingame.services.GameModeActionUtils.startGameModeService:93 com.thundercomm.gamemode.ingame.services.GameModeActionUtils.startGameModeEntry:21 com.thundercomm.gamemode.ingame.services.ActivityMonitoringService$1.onActivityLaunch:126
11-11 05:25:01.229 1514 1514 I GameModeConfig: Current uri is uri = content://com.thundercomm.gamemode.api/gamemode_settings/gamemode_isgaming
11-11 05:25:01.231 1514 1514 I GameModeConfig: isGameModeOn = false
11-11 05:25:01.231 1514 1514 I GameModeConfig: isGameModeOn = false
11-11 05:25:01.231 1514 1514 I GameModeConfig: isDisableVoice = true
11-11 05:25:01.255 1514 1595 I ActivityManager: Killing 9604:com.android.music/u0a86 (adj 900): remove task
11-11 05:25:01.259 1514 2742 E TaskPersister: File error accessing recents directory (directory doesn't exist?).
11-11 05:25:01.260 1514 1595 I ActivityManager: Killing 9441:com.android.settings/1000 (adj 900): remove task
11-11 05:25:01.261 3685 3703 W ContextImpl: Calling a method in the system process without a qualified user: android.app.ContextImpl.startService:1816 android.content.ContextWrapper.startService:774 com.thundercomm.gamemode.ingame.services.GameModeActionUtils.startGameModeService:93 com.thundercomm.gamemode.ingame.services.GameModeActionUtils.startGameModeEntry:21 com.thundercomm.gamemode.ingame.services.ActivityMonitoringService$1.onActivityLaunch:126
11-11 05:25:01.264 1514 1514 I GameModeConfig: Current uri is uri = content://com.thundercomm.gamemode.api/gamemode_settings/gamemode_isgaming
11-11 05:25:01.266 1514 1514 I GameModeConfig: isGameModeOn = false
11-11 05:25:01.266 1514 1514 I GameModeConfig: isGameModeOn = false
11-11 05:25:01.266 1514 1514 I GameModeConfig: isDisableVoice = true
11-11 05:25:01.271 1514 2742 E TaskPersister: File error accessing recents directory (directory doesn't exist?).
11-11 05:25:01.293 1514 2072 I WindowManager: WIN DEATH: Window{7733a2f u0 com.android.music/com.android.music.VideoBrowserActivity}
11-11 05:25:01.298 1514 1921 I WindowManager: WIN DEATH: Window{a001a06 u0 com.android.settings/com.android.settings.homepage.SettingsHomepageActivity}
11-11 05:25:01.303 1514 1596 W ActivityTaskManager: Can't find TaskDisplayArea to determine support for multi window. Task id=77 attached=false
11-11 05:25:01.303 1514 1596 W ActivityTaskManager: Can't find TaskDisplayArea to determine support for multi window. Task id=77 attached=false
11-11 05:25:01.304 1514 1595 W ActivityManager: setHasOverlayUi called on unknown pid: 9604
11-11 05:25:01.309 1514 1596 W ActivityTaskManager: Can't find TaskDisplayArea to determine support for multi window. Task id=80 attached=false
11-11 05:25:01.309 1514 1596 W ActivityTaskManager: Can't find TaskDisplayArea to determine support for multi window. Task id=80 attached=false
11-11 05:25:01.309 1514 1595 W ActivityManager: setHasOverlayUi called on unknown pid: 9441
11-11 05:25:01.309 1514 1612 W UsageStatsService: Unexpected activity event reported! (com.android.music/com.android.music.VideoBrowserActivity event : 23 instanceId : 59835545)
11-11 05:25:01.312 1514 1612 W UsageStatsService: Unexpected activity event reported! (com.android.settings/com.android.settings.homepage.SettingsHomepageActivity event : 23 instanceId : 162572633)
11-11 05:25:01.314 1514 1595 D CompatibilityChangeReporter: Compat change id reported: 135634846; UID 1000; state: DISABLED
11-11 05:25:01.314 1514 1595 D CompatibilityChangeReporter: Compat change id reported: 177438394; UID 1000; state: DISABLED
11-11 05:25:01.314 1514 1595 D CompatibilityChangeReporter: Compat change id reported: 135772972; UID 1000; state: DISABLED
11-11 05:25:01.315 1514 1595 D CompatibilityChangeReporter: Compat change id reported: 135754954; UID 1000; state: ENABLED
11-11 05:25:01.316 1514 1595 D CompatibilityChangeReporter: Compat change id reported: 135634846; UID 10086; state: DISABLED
11-11 05:25:01.316 1514 1595 D CompatibilityChangeReporter: Compat change id reported: 177438394; UID 10086; state: DISABLED
11-11 05:25:01.316 1514 1595 D CompatibilityChangeReporter: Compat change id reported: 135772972; UID 10086; state: DISABLED
11-11 05:25:01.316 1514 1595 D CompatibilityChangeReporter: Compat change id reported: 135754954; UID 10086; state: ENABLED
11-11 05:25:01.324 1514 1615 I ActivityManager: Start proc 10325:com.android.settings/1000 for null
11-11 05:25:01.325 1514 1615 D CompatibilityChangeReporter: Compat change id reported: 143937733; UID 10086; state: ENABLED
11-11 05:25:01.334 1514 1615 I ActivityManager: Start proc 10326:com.android.music/u0a86 for null
11-11 05:25:01.364 3685 3703 W ContextImpl: Calling a method in the system process without a qualified user: android.app.ContextImpl.startService:1816 android.content.ContextWrapper.startService:774 com.thundercomm.gamemode.ingame.services.GameModeActionUtils.startGameModeService:93 com.thundercomm.gamemode.ingame.services.GameModeActionUtils.startGameModeEntry:21 com.thundercomm.gamemode.ingame.services.ActivityMonitoringService$1.onActivityLaunch:126
11-11 05:25:01.368 1514 1514 I GameModeConfig: Current uri is uri = content://com.thundercomm.gamemode.api/gamemode_settings/gamemode_isgaming
11-11 05:25:01.378 1514 1514 I GameModeConfig: isGameModeOn = false
11-11 05:25:01.380 1514 1514 I GameModeConfig: isGameModeOn = false
11-11 05:25:01.380 1514 1514 I GameModeConfig: isDisableVoice = true
11-11 05:25:04.093 1514 1540 I ActivityTaskManager: START u0 {flg=0x10008000 cmp=com.android.gallery3d/.app.GalleryActivity} from uid 10079
11-11 05:25:04.099 1514 1540 W ActivityTaskManager: Can't find TaskDisplayArea to determine support for multi window. Task id=82 attached=false
11-11 05:25:04.101 1514 1540 D FreeFormWindowHelper: Add freeform task=Task{c6f69d7 #82 type=standard ?? U=0 visible=false mode=freeform translucent=true sz=0}
11-11 05:25:04.106 1514 1540 D CompatibilityChangeReporter: Compat change id reported: 174042980; UID 10068; state: DISABLED
11-11 05:25:04.107 1514 1540 D CompatibilityChangeReporter: Compat change id reported: 184838306; UID 10068; state: DISABLED
11-11 05:25:04.108 1514 1540 D CompatibilityChangeReporter: Compat change id reported: 185004937; UID 10068; state: DISABLED
11-11 05:25:04.109 1514 1540 D CompatibilityChangeReporter: Compat change id reported: 181136395; UID 10068; state: DISABLED
11-11 05:25:04.109 1514 1540 D CompatibilityChangeReporter: Compat change id reported: 174042936; UID 10068; state: DISABLED
11-11 05:25:04.114 1514 1540 D CompatibilityChangeReporter: Compat change id reported: 168419799; UID 10068; state: DISABLED
11-11 05:25:04.114 1514 1540 I ActivityTaskManager: FOREGROUND_APPLICATION_CHANGED to com.android.gallery3d.app.GalleryActivity
11-11 05:25:04.131 1514 1595 D CompatibilityChangeReporter: Compat change id reported: 135634846; UID 10068; state: DISABLED
11-11 05:25:04.131 1514 1595 D CompatibilityChangeReporter: Compat change id reported: 177438394; UID 10068; state: DISABLED
11-11 05:25:04.132 1514 1595 D CompatibilityChangeReporter: Compat change id reported: 135772972; UID 10068; state: DISABLED
11-11 05:25:04.132 1514 1595 D CompatibilityChangeReporter: Compat change id reported: 135754954; UID 10068; state: DISABLED
11-11 05:25:04.133 1514 1615 D CompatibilityChangeReporter: Compat change id reported: 143937733; UID 10068; state: DISABLED
11-11 05:25:04.143 1514 1615 I ActivityManager: Start proc 10367:com.android.gallery3d/u0a68 for top-activity {com.android.gallery3d/com.android.gallery3d.app.GalleryActivity}
11-11 05:25:04.175 1514 1540 I ActivityTaskManager: The Process com.android.gallery3d Already Exists in BG. So sending its PID: 10367
11-11 05:25:04.198 3685 3703 W ContextImpl: Calling a method in the system process without a qualified user: android.app.ContextImpl.startService:1816 android.content.ContextWrapper.startService:774 com.thundercomm.gamemode.ingame.services.GameModeActionUtils.startGameModeService:93 com.thundercomm.gamemode.ingame.services.GameModeActionUtils.startGameModeEntry:21 com.thundercomm.gamemode.ingame.services.ActivityMonitoringService$1.onActivityLaunch:126
11-11 05:25:04.204 1514 1514 I GameModeConfig: Current uri is uri = content://com.thundercomm.gamemode.api/gamemode_settings/gamemode_isgaming
11-11 05:25:04.215 1514 1514 I GameModeConfig: isGameModeOn = false
11-11 05:25:04.215 1514 1514 I GameModeConfig: isGameModeOn = false
11-11 05:25:04.215 1514 1514 I GameModeConfig: isDisableVoice = true
11-11 05:25:05.316 1514 2742 E TaskPersister: File error accessing recents directory (directory doesn't exist?).
11-11 05:25:06.443 1514 1540 D FreeFormWindowHelper: Remove freefrom task=Task{c6f69d7 #82 type=standard A=10068:com.android.gallery3d U=0 visible=true mode=fullscreen translucent=false sz=1}
11-11 05:25:06.458 1514 9439 W WindowManager: Attempted to set replacing window on app token with no content Token{8f3c556 ActivityRecord{17ee0e2 u0 com.android.gallery3d/.app.GalleryActivity t82}}
11-11 05:25:06.471 3685 3703 W ContextImpl: Calling a method in the system process without a qualified user: android.app.ContextImpl.startService:1816 android.content.ContextWrapper.startService:774 com.thundercomm.gamemode.ingame.services.GameModeActionUtils.startGameModeService:93 com.thundercomm.gamemode.ingame.services.GameModeActionUtils.startGameModeEntry:21 com.thundercomm.gamemode.ingame.services.ActivityMonitoringService$1.onActivityLaunch:126
11-11 05:25:06.476 1514 1514 I GameModeConfig: Current uri is uri = content://com.thundercomm.gamemode.api/gamemode_settings/gamemode_isgaming
11-11 05:25:06.482 1514 1514 I GameModeConfig: isGameModeOn = false
11-11 05:25:06.482 1514 1514 I GameModeConfig: isGameModeOn = false
11-11 05:25:06.482 1514 1514 I GameModeConfig: isDisableVoice = true
11-11 05:25:06.517 1514 1901 I GameModeConfig: isGameModeOn = false
11-11 05:25:06.518 1514 1901 I GameModeConfig: isGameModeOn = false
11-11 05:25:06.518 1514 1901 I GameModeConfig: isGameModeOn = false
11-11 05:25:06.518 1514 1901 I GameModeConfig: isGameModeOn = false
11-11 05:25:06.528 1514 10030 I WindowManager: finishDrawing of relaunch: Window{ab5d0db u0 com.android.gallery3d/com.android.gallery3d.app.GalleryActivity} 88ms
11-11 05:25:06.722 1514 1514 I GameModeConfig: isGameModeOn = false
11-11 05:25:06.725 1514 1514 W NotificationHistory: Attempted to add notif for locked/gone/disabled user 0
11-11 05:25:06.894 3685 3703 W ContextImpl: Calling a method in the system process without a qualified user: android.app.ContextImpl.startService:1816 android.content.ContextWrapper.startService:774 com.thundercomm.gamemode.ingame.services.GameModeActionUtils.startGameModeService:93 com.thundercomm.gamemode.ingame.services.GameModeActionUtils.startGameModeEntry:21 com.thundercomm.gamemode.ingame.services.ActivityMonitoringService$1.onActivityLaunch:126
11-11 05:25:06.900 1514 1514 I GameModeConfig: Current uri is uri = content://com.thundercomm.gamemode.api/gamemode_settings/gamemode_isgaming
11-11 05:25:06.902 1514 1514 I GameModeConfig: isGameModeOn = false
11-11 05:25:06.902 1514 1514 I GameModeConfig: isGameModeOn = false
11-11 05:25:06.902 1514 1514 I GameModeConfig: isDisableVoice = true
11-11 05:25:06.941 3685 3703 W ContextImpl: Calling a method in the system process without a qualified user: android.app.ContextImpl.startService:1816 android.content.ContextWrapper.startService:774 com.thundercomm.gamemode.ingame.services.GameModeActionUtils.startGameModeService:93 com.thundercomm.gamemode.ingame.services.GameModeActionUtils.startGameModeEntry:21 com.thundercomm.gamemode.ingame.services.ActivityMonitoringService$1.onActivityLaunch:126
11-11 05:25:06.944 1514 1514 I GameModeConfig: Current uri is uri = content://com.thundercomm.gamemode.api/gamemode_settings/gamemode_isgaming
11-11 05:25:06.947 1514 1514 I GameModeConfig: isGameModeOn = false
11-11 05:25:06.947 1514 1514 I GameModeConfig: isGameModeOn = false
11-11 05:25:06.947 1514 1514 I GameModeConfig: isDisableVoice = true
11-11 05:25:07.909 3685 3703 W ContextImpl: Calling a method in the system process without a qualified user: android.app.ContextImpl.startService:1816 android.content.ContextWrapper.startService:774 com.thundercomm.gamemode.ingame.services.GameModeActionUtils.startGameModeService:93 com.thundercomm.gamemode.ingame.services.GameModeActionUtils.startGameModeEntry:21 com.thundercomm.gamemode.ingame.services.ActivityMonitoringService$1.onActivityLaunch:126
11-11 05:25:07.914 1514 1514 I GameModeConfig: Current uri is uri = content://com.thundercomm.gamemode.api/gamemode_settings/gamemode_isgaming
11-11 05:25:07.918 1514 1514 I GameModeConfig: isGameModeOn = false
11-11 05:25:07.918 1514 1514 I GameModeConfig: isGameModeOn = false
11-11 05:25:07.918 1514 1514 I GameModeConfig: isDisableVoice = true
11-11 05:25:09.161 1156 10363 I iorapd : Perfetto TraceBuffer saved to file: /data/misc/iorapd/com.android.gallery3d/40030/com.android.gallery3d.app.GalleryActivity/raw_traces/1668115509156049481.perfetto_trace.pb
11-11 05:25:09.659 1514 8092 I ActivityTaskManager: START u0 {flg=0x10008000 cmp=com.android.gallery3d/.app.GalleryActivity} from uid 10079
11-11 05:25:09.690 1514 8092 D FreeFormWindowHelper: Add freeform task=Task{c6f69d7 #82 type=standard A=10068:com.android.gallery3d U=0 visible=true mode=freeform translucent=false sz=1}
11-11 05:25:09.762 1514 8092 I ActivityTaskManager: The Process com.android.gallery3d Already Exists in BG. So sending its PID: 10367
11-11 05:25:09.762 1514 8092 W ActivityTaskManager: Tried to set launchTime (0) < mLastActivityLaunchTime (2319590)
11-11 05:25:09.808 1514 10030 I WindowManager: finishDrawing of relaunch: Window{ab5d0db u0 com.android.gallery3d/com.android.gallery3d.app.GalleryActivity} 118ms
11-11 05:25:09.882 3685 3703 W ContextImpl: Calling a method in the system process without a qualified user: android.app.ContextImpl.startService:1816 android.content.ContextWrapper.startService:774 com.thundercomm.gamemode.ingame.services.GameModeActionUtils.startGameModeService:93 com.thundercomm.gamemode.ingame.services.GameModeActionUtils.startGameModeEntry:21 com.thundercomm.gamemode.ingame.services.ActivityMonitoringService$1.onActivityLaunch:126
11-11 05:25:09.889 1514 1514 I GameModeConfig: Current uri is uri = content://com.thundercomm.gamemode.api/gamemode_settings/gamemode_isgaming
11-11 05:25:09.893 1514 1514 I GameModeConfig: isGameModeOn = false
11-11 05:25:09.893 1514 1514 I GameModeConfig: isGameModeOn = false
11-11 05:25:09.893 1514 1514 I GameModeConfig: isDisableVoice = true
11-11 05:25:10.129 1514 8092 I ActivityTaskManager: FOREGROUND_APPLICATION_CHANGED to com.android.launcher3.uioverrides.QuickstepLauncher
11-11 05:25:10.246 3685 3703 W ContextImpl: Calling a method in the system process without a qualified user: android.app.ContextImpl.startService:1816 android.content.ContextWrapper.startService:774 com.thundercomm.gamemode.ingame.services.GameModeActionUtils.startGameModeService:93 com.thundercomm.gamemode.ingame.services.GameModeActionUtils.startGameModeEntry:21 com.thundercomm.gamemode.ingame.services.ActivityMonitoringService$1.onActivityLaunch:126
11-11 05:25:10.251 1514 1514 I GameModeConfig: Current uri is uri = content://com.thundercomm.gamemode.api/gamemode_settings/gamemode_isgaming
11-11 05:25:10.254 1514 1514 I GameModeConfig: isGameModeOn = false
11-11 05:25:10.254 1514 1514 I GameModeConfig: isGameModeOn = false
11-11 05:25:10.254 1514 1514 I GameModeConfig: isDisableVoice = true
11-11 05:25:11.897 1514 1595 I ActivityTaskManager: FOREGROUND_APPLICATION_CHANGED to com.android.gallery3d.app.GalleryActivity
11-11 05:25:12.012 1514 8092 D FreeFormWindowHelper: Remove freefrom task=Task{c6f69d7 #82 type=standard A=10068:com.android.gallery3d U=0 visible=true mode=fullscreen translucent=false sz=1}
11-11 05:25:12.027 1514 10030 W WindowManager: Attempted to set replacing window on app token with no content Token{bd13702 ActivityRecord{83ba368 u0 com.android.gallery3d/.app.GalleryActivity t82}}
11-11 05:25:12.045 3685 3703 W ContextImpl: Calling a method in the system process without a qualified user: android.app.ContextImpl.startService:1816 android.content.ContextWrapper.startService:774 com.thundercomm.gamemode.ingame.services.GameModeActionUtils.startGameModeService:93 com.thundercomm.gamemode.ingame.services.GameModeActionUtils.startGameModeEntry:21 com.thundercomm.gamemode.ingame.services.ActivityMonitoringService$1.onActivityLaunch:126
11-11 05:25:12.049 1514 1514 I GameModeConfig: Current uri is uri = content://com.thundercomm.gamemode.api/gamemode_settings/gamemode_isgaming
11-11 05:25:12.051 1514 1514 I GameModeConfig: isGameModeOn = false
11-11 05:25:12.051 1514 1514 I GameModeConfig: isGameModeOn = false
11-11 05:25:12.051 1514 1514 I GameModeConfig: isDisableVoice = true
11-11 05:25:12.066 1514 1901 I GameModeConfig: isGameModeOn = false
11-11 05:25:12.066 1514 1901 I GameModeConfig: isGameModeOn = false
11-11 05:25:12.066 1514 1901 I GameModeConfig: isGameModeOn = false
11-11 05:25:12.066 1514 1901 I GameModeConfig: isGameModeOn = false
11-11 05:25:12.081 1514 10030 I WindowManager: finishDrawing of relaunch: Window{8ed7780 u0 com.android.gallery3d/com.android.gallery3d.app.GalleryActivity} 71ms
11-11 05:25:12.271 1514 1514 I GameModeConfig: isGameModeOn = false
11-11 05:25:12.277 1514 1514 W NotificationHistory: Attempted to add notif for locked/gone/disabled user 0
11-11 05:25:12.439 3685 3703 W ContextImpl: Calling a method in the system process without a qualified user: android.app.ContextImpl.startService:1816 android.content.ContextWrapper.startService:774 com.thundercomm.gamemode.ingame.services.GameModeActionUtils.startGameModeService:93 com.thundercomm.gamemode.ingame.services.GameModeActionUtils.startGameModeEntry:21 com.thundercomm.gamemode.ingame.services.ActivityMonitoringService$1.onActivityLaunch:126
11-11 05:25:12.444 1514 1514 I GameModeConfig: Current uri is uri = content://com.thundercomm.gamemode.api/gamemode_settings/gamemode_isgaming
11-11 05:25:12.447 1514 1514 I GameModeConfig: isGameModeOn = false
11-11 05:25:12.447 1514 1514 I GameModeConfig: isGameModeOn = false
11-11 05:25:12.447 1514 1514 I GameModeConfig: isDisableVoice = true
11-11 05:25:12.473 3685 3703 W ContextImpl: Calling a method in the system process without a qualified user: android.app.ContextImpl.startService:1816 android.content.ContextWrapper.startService:774 com.thundercomm.gamemode.ingame.services.GameModeActionUtils.startGameModeService:93 com.thundercomm.gamemode.ingame.services.GameModeActionUtils.startGameModeEntry:21 com.thundercomm.gamemode.ingame.services.ActivityMonitoringService$1.onActivityLaunch:126
11-11 05:25:12.476 1514 1514 I GameModeConfig: Current uri is uri = content://com.thundercomm.gamemode.api/gamemode_settings/gamemode_isgaming
11-11 05:25:12.478 1514 1514 I GameModeConfig: isGameModeOn = false
11-11 05:25:12.479 1514 1514 I GameModeConfig: isGameModeOn = false
11-11 05:25:12.479 1514 1514 I GameModeConfig: isDisableVoice = true
11-11 05:25:13.223 1514 2742 E TaskPersister: File error accessing recents directory (directory doesn't exist?).
11-11 05:25:14.615 1514 8092 I ActivityTaskManager: START u0 {act=android.intent.action.VIEW dat=content://media/external/video/media/20 typ=video/* cmp=com.android.gallery3d/.app.MovieActivity (has extras)} from uid 10068
11-11 05:25:14.647 1514 10030 I ActivityTaskManager: FOREGROUND_APPLICATION_CHANGED to com.android.gallery3d.app.MovieActivity
11-11 05:25:14.647 1514 10030 I ActivityTaskManager: The Process com.android.gallery3d Already Exists in BG. So sending its PID: 10367
11-11 05:25:14.648 1514 10030 W ActivityTaskManager: Tried to set launchTime (0) < mLastActivityLaunchTime (2325177)
11-11 05:25:14.700 1514 8092 W WindowManager: Failed looking up window session=Session{f0d39de 10367:u0a10068} callers=com.android.server.wm.WindowManagerService.windowForClientLocked:5628 com.android.server.wm.Session.insetsModified:629 android.view.IWindowSession$Stub.onTransact:1151
11-11 05:25:14.761 3685 3703 W ContextImpl: Calling a method in the system process without a qualified user: android.app.ContextImpl.startService:1816 android.content.ContextWrapper.startService:774 com.thundercomm.gamemode.ingame.services.GameModeActionUtils.startGameModeService:93 com.thundercomm.gamemode.ingame.services.GameModeActionUtils.startGameModeEntry:21 com.thundercomm.gamemode.ingame.services.ActivityMonitoringService$1.onActivityLaunch:126
11-11 05:25:14.768 1514 1514 I GameModeConfig: Current uri is uri = content://com.thundercomm.gamemode.api/gamemode_settings/gamemode_isgaming
11-11 05:25:14.770 1514 1514 I GameModeConfig: isGameModeOn = false
11-11 05:25:14.771 1514 1514 I GameModeConfig: isGameModeOn = false
11-11 05:25:14.771 1514 1514 I GameModeConfig: isDisableVoice = true
11-11 05:25:15.484 1514 1593 D CompatibilityChangeReporter: Compat change id reported: 168419799; UID 1000; state: DISABLED
11-11 05:25:16.747 1514 1901 I GameModeConfig: isGameModeOn = false
11-11 05:25:17.397 3685 3703 W ContextImpl: Calling a method in the system process without a qualified user: android.app.ContextImpl.startService:1816 android.content.ContextWrapper.startService:774 com.thundercomm.gamemode.ingame.services.GameModeActionUtils.startGameModeService:93 com.thundercomm.gamemode.ingame.services.GameModeActionUtils.startGameModeEntry:21 com.thundercomm.gamemode.ingame.services.ActivityMonitoringService$1.onActivityLaunch:126
11-11 05:25:17.402 1514 1514 I GameModeConfig: Current uri is uri = content://com.thundercomm.gamemode.api/gamemode_settings/gamemode_isgaming
11-11 05:25:17.407 1514 1514 I GameModeConfig: isGameModeOn = false
11-11 05:25:17.408 1514 1514 I GameModeConfig: isGameModeOn = false
11-11 05:25:17.408 1514 1514 I GameModeConfig: isDisableVoice = true
11-11 05:25:18.137 1514 2742 E TaskPersister: File error accessing recents directory (directory doesn't exist?).
11-11 05:25:18.514 1514 9439 I ActivityTaskManager: FOREGROUND_APPLICATION_CHANGED to com.android.launcher3.uioverrides.QuickstepLauncher
11-11 05:25:18.647 3685 3703 W ContextImpl: Calling a method in the system process without a qualified user: android.app.ContextImpl.startService:1816 android.content.ContextWrapper.startService:774 com.thundercomm.gamemode.ingame.services.GameModeActionUtils.startGameModeService:93 com.thundercomm.gamemode.ingame.services.GameModeActionUtils.startGameModeEntry:21 com.thundercomm.gamemode.ingame.services.ActivityMonitoringService$1.onActivityLaunch:126
11-11 05:25:18.653 1514 1514 I GameModeConfig: Current uri is uri = content://com.thundercomm.gamemode.api/gamemode_settings/gamemode_isgaming
11-11 05:25:18.654 1514 1514 I GameModeConfig: isGameModeOn = false
11-11 05:25:18.655 1514 1514 I GameModeConfig: isGameModeOn = false
11-11 05:25:18.655 1514 1514 I GameModeConfig: isDisableVoice = true
11-11 05:25:18.697 3685 3703 W ContextImpl: Calling a method in the system process without a qualified user: android.app.ContextImpl.startService:1816 android.content.ContextWrapper.startService:774 com.thundercomm.gamemode.ingame.services.GameModeActionUtils.startGameModeService:93 com.thundercomm.gamemode.ingame.services.GameModeActionUtils.startGameModeEntry:21 com.thundercomm.gamemode.ingame.services.ActivityMonitoringService$1.onActivityLaunch:126
11-11 05:25:18.703 1514 1514 I GameModeConfig: Current uri is uri = content://com.thundercomm.gamemode.api/gamemode_settings/gamemode_isgaming
11-11 05:25:18.705 1514 1514 I GameModeConfig: isGameModeOn = false
11-11 05:25:18.707 1514 1514 I GameModeConfig: isGameModeOn = false
11-11 05:25:18.707 1514 1514 I GameModeConfig: isDisableVoice = true
11-11 05:25:21.039 1514 10322 I ActivityTaskManager: START u0 {flg=0x10008000 cmp=com.android.gallery3d/.app.MovieActivity} from uid 10079
11-11 05:25:21.051 1514 10322 D FreeFormWindowHelper: Add freeform task=Task{c6f69d7 #82 type=standard A=10068:com.android.gallery3d U=0 visible=true mode=freeform translucent=true sz=2}
11-11 05:25:21.052 1514 10322 I ActivityTaskManager: FOREGROUND_APPLICATION_CHANGED to com.android.gallery3d.app.MovieActivity
11-11 05:25:21.075 1514 1921 W WindowManager: Attempted to set replacing window on app token with no content Token{fef583b ActivityRecord{e6cbb58 u0 com.android.gallery3d/.app.MovieActivity t82 f}}}
11-11 05:25:21.092 3685 3703 W ContextImpl: Calling a method in the system process without a qualified user: android.app.ContextImpl.startService:1816 android.content.ContextWrapper.startService:774 com.thundercomm.gamemode.ingame.services.GameModeActionUtils.startGameModeService:93 com.thundercomm.gamemode.ingame.services.GameModeActionUtils.startGameModeEntry:21 com.thundercomm.gamemode.ingame.services.ActivityMonitoringService$1.onActivityLaunch:126
11-11 05:25:21.097 1514 1514 I GameModeConfig: Current uri is uri = content://com.thundercomm.gamemode.api/gamemode_settings/gamemode_isgaming
11-11 05:25:21.100 1514 1514 I GameModeConfig: isGameModeOn = false
11-11 05:25:21.100 1514 1514 I GameModeConfig: isGameModeOn = false
11-11 05:25:21.100 1514 1514 I GameModeConfig: isDisableVoice = true
11-11 05:25:21.137 1514 1921 I WindowManager: finishDrawing of relaunch: Window{52c3d22 u0 com.android.gallery3d/com.android.gallery3d.app.MovieActivity} 86ms
11-11 05:25:21.144 1514 9439 W WindowManager: Attempted to set replacing window on app token with no content Token{bd13702 ActivityRecord{83ba368 u0 com.android.gallery3d/.app.GalleryActivity t82 f}}}
11-11 05:25:21.174 1514 9439 I ActivityTaskManager: The Process com.android.gallery3d Already Exists in BG. So sending its PID: 10367
11-11 05:25:21.174 1514 9439 W ActivityTaskManager: Tried to set launchTime (0) < mLastActivityLaunchTime (2330064)
11-11 05:25:21.210 10367 10367 E AndroidRuntime: FATAL EXCEPTION: main
11-11 05:25:21.210 10367 10367 E AndroidRuntime: Process: com.android.gallery3d, PID: 10367
11-11 05:25:21.210 10367 10367 E AndroidRuntime: java.lang.RuntimeException: Unable to start activity ComponentInfo{com.android.gallery3d/com.android.gallery3d.app.MovieActivity}: java.lang.NullPointerException: Attempt to invoke virtual method 'java.lang.String android.net.Uri.getScheme()' on a null object reference
11-11 05:25:21.210 10367 10367 E AndroidRuntime: at android.app.ActivityThread.performLaunchActivity(ActivityThread.java:3636)
11-11 05:25:21.210 10367 10367 E AndroidRuntime: at android.app.ActivityThread.handleLaunchActivity(ActivityThread.java:3793)
11-11 05:25:21.210 10367 10367 E AndroidRuntime: at android.app.servertransaction.LaunchActivityItem.execute(LaunchActivityItem.java:103)
11-11 05:25:21.210 10367 10367 E AndroidRuntime: at android.app.servertransaction.TransactionExecutor.executeCallbacks(TransactionExecutor.java:135)
11-11 05:25:21.210 10367 10367 E AndroidRuntime: at android.app.servertransaction.TransactionExecutor.execute(TransactionExecutor.java:95)
11-11 05:25:21.210 10367 10367 E AndroidRuntime: at android.app.ActivityThread$H.handleMessage(ActivityThread.java:2211)
11-11 05:25:21.210 10367 10367 E AndroidRuntime: at android.os.Handler.dispatchMessage(Handler.java:106)
11-11 05:25:21.210 10367 10367 E AndroidRuntime: at android.os.Looper.loopOnce(Looper.java:201)
11-11 05:25:21.210 10367 10367 E AndroidRuntime: at android.os.Looper.loop(Looper.java:288)
11-11 05:25:21.210 10367 10367 E AndroidRuntime: at android.app.ActivityThread.main(ActivityThread.java:7880)
11-11 05:25:21.210 10367 10367 E AndroidRuntime: at java.lang.reflect.Method.invoke(Native Method)
11-11 05:25:21.210 10367 10367 E AndroidRuntime: at com.android.internal.os.RuntimeInit$MethodAndArgsCaller.run(RuntimeInit.java:548)
11-11 05:25:21.210 10367 10367 E AndroidRuntime: at com.android.internal.os.ZygoteInit.main(ZygoteInit.java:1009)
11-11 05:25:21.210 10367 10367 E AndroidRuntime: Caused by: java.lang.NullPointerException: Attempt to invoke virtual method 'java.lang.String android.net.Uri.getScheme()' on a null object reference
11-11 05:25:21.210 10367 10367 E AndroidRuntime: at com.android.gallery3d.app.MoviePlayer.startVideo(MoviePlayer.java:324)
11-11 05:25:21.210 10367 10367 E AndroidRuntime: at com.android.gallery3d.app.MoviePlayer.(MoviePlayer.java:200)
11-11 05:25:21.210 10367 10367 E AndroidRuntime: at com.android.gallery3d.app.MovieActivity$1.(MovieActivity.java:95)
11-11 05:25:21.210 10367 10367 E AndroidRuntime: at com.android.gallery3d.app.MovieActivity.onCreate(MovieActivity.java:94)
11-11 05:25:21.210 10367 10367 E AndroidRuntime: at android.app.Activity.performCreate(Activity.java:8070)
11-11 05:25:21.210 10367 10367 E AndroidRuntime: at android.app.Activity.performCreate(Activity.java:8050)
11-11 05:25:21.210 10367 10367 E AndroidRuntime: at android.app.Instrumentation.callActivityOnCreate(Instrumentation.java:1330)
11-11 05:25:21.210 10367 10367 E AndroidRuntime: at android.app.ActivityThread.performLaunchActivity(ActivityThread.java:3609)
11-11 05:25:21.210 10367 10367 E AndroidRuntime: ... 12 more
11-11 05:25:21.212 1514 10535 I DropBoxManagerService: add tag=system_app_crash isTagEnabled=true flags=0x2
11-11 05:25:21.212 1514 1540 W ActivityTaskManager: Force finishing activity com.android.gallery3d/.app.MovieActivity
11-11 05:25:21.263 1514 9439 I ActivityManager: Process com.android.gallery3d (pid 10367) has died: fg TOP
11-11 05:25:21.272 1514 9439 I ActivityTaskManager: FOREGROUND_APPLICATION_CHANGED to com.android.launcher3.uioverrides.QuickstepLauncher
11-11 05:25:21.279 1514 2080 I WindowManager: WIN DEATH: Window{8ed7780 u0 com.android.gallery3d/com.android.gallery3d.app.GalleryActivity}
11-11 05:25:21.281 1514 5474 I WindowManager: WIN DEATH: Window{52c3d22 u0 com.android.gallery3d/com.android.gallery3d.app.MovieActivity}
11-11 05:25:21.285 1514 1595 W ActivityManager: setHasOverlayUi called on unknown pid: 10367
11-11 05:25:21.286 1514 1596 D FreeFormWindowHelper: Remove freefrom task=Task{c6f69d7 #82 type=standard A=10068:com.android.gallery3d U=0 visible=false mode=freeform translucent=true sz=0}
11-11 05:25:21.293 3685 3703 W ContextImpl: Calling a method in the system process without a qualified user: android.app.ContextImpl.startService:1816 android.content.ContextWrapper.startService:774 com.thundercomm.gamemode.ingame.services.GameModeActionUtils.startGameModeService:93 com.thundercomm.gamemode.ingame.services.GameModeActionUtils.startGameModeEntry:21 com.thundercomm.gamemode.ingame.services.ActivityMonitoringService$1.onActivityLaunch:126
11-11 05:25:21.296 1514 1514 I GameModeConfig: Current uri is uri = content://com.thundercomm.gamemode.api/gamemode_settings/gamemode_isgaming
11-11 05:25:21.298 1514 1514 I GameModeConfig: isGameModeOn = false
11-11 05:25:21.298 1514 1514 I GameModeConfig: isGameModeOn = false
11-11 05:25:21.298 1514 1514 I GameModeConfig: isDisableVoice = true
11-11 05:25:21.715 1514 1595 W ActivityTaskManager: Activity top resumed state loss timeout for ActivityRecord{98e25bc u0 com.android.gallery3d/.app.MovieActivity t-1 f}}
11-11 05:25:22.090 1514 1901 I GameModeConfig: isGameModeOn = false
11-11 05:25:22.272 1514 1901 I GameModeConfig: isGameModeOn = false
11-11 05:25:24.585 1514 2742 E TaskPersister: File error accessing recents directory (directory doesn't exist?).
11-11 05:25:24.963 1514 6729 D FreeFormWindowHelper: Add freeform task=Task{c6f69d7 #82 type=standard A=10068:com.android.gallery3d U=0 visible=false mode=freeform translucent=true sz=0}
11-11 05:25:24.968 1514 6729 I ActivityTaskManager: START u0 {flg=0x10108000 cmp=com.android.gallery3d/.app.GalleryActivity} from uid 10079
11-11 05:25:24.985 1514 6729 I ActivityTaskManager: FOREGROUND_APPLICATION_CHANGED to com.android.gallery3d.app.GalleryActivity
11-11 05:25:24.992 1514 1595 D CompatibilityChangeReporter: Compat change id reported: 135634846; UID 10068; state: DISABLED
11-11 05:25:24.992 1514 1595 D CompatibilityChangeReporter: Compat change id reported: 177438394; UID 10068; state: DISABLED
11-11 05:25:24.992 1514 1595 D CompatibilityChangeReporter: Compat change id reported: 135772972; UID 10068; state: DISABLED
11-11 05:25:24.992 1514 1595 D CompatibilityChangeReporter: Compat change id reported: 135754954; UID 10068; state: DISABLED
11-11 05:25:24.992 1514 1615 D CompatibilityChangeReporter: Compat change id reported: 143937733; UID 10068; state: DISABLED
11-11 05:25:25.015 1514 1615 I ActivityManager: Start proc 10541:com.android.gallery3d/u0a68 for pre-top-activity {com.android.gallery3d/com.android.gallery3d.app.GalleryActivity}
11-11 05:25:25.016 1514 10542 W ContextImpl: Calling a method in the system process without a qualified user: android.app.ContextImpl.sendBroadcast:1173 com.qualcomm.qti.Performance$SendGameLaunchBroadcast.run:217 java.lang.Thread.run:920
11-11 05:25:25.058 3685 3703 W ContextImpl: Calling a method in the system process without a qualified user: android.app.ContextImpl.startService:1816 android.content.ContextWrapper.startService:774 com.thundercomm.gamemode.ingame.services.GameModeActionUtils.startGameModeService:93 com.thundercomm.gamemode.ingame.services.GameModeActionUtils.startGameModeEntry:21 com.thundercomm.gamemode.ingame.services.ActivityMonitoringService$1.onActivityLaunch:126
11-11 05:25:25.069 1514 1514 I GameModeConfig: Current uri is uri = content://com.thundercomm.gamemode.api/gamemode_settings/gamemode_isgaming
11-11 05:25:25.077 1514 1514 I GameModeConfig: isGameModeOn = false
11-11 05:25:25.077 1514 1514 I GameModeConfig: isGameModeOn = false
11-11 05:25:25.077 1514 1514 I GameModeConfig: isDisableVoice = true
11-11 05:25:25.094 3685 3703 W ContextImpl: Calling a method in the system process without a qualified user: android.app.ContextImpl.startService:1816 android.content.ContextWrapper.startService:774 com.thundercomm.gamemode.ingame.services.GameModeActionUtils.startGameModeService:93 com.thundercomm.gamemode.ingame.services.GameModeActionUtils.startGameModeEntry:21 com.thundercomm.gamemode.ingame.services.ActivityMonitoringService$1.onActivityLaunch:126
11-11 05:25:25.098 1514 1514 I GameModeConfig: Current uri is uri = content://com.thundercomm.gamemode.api/gamemode_settings/gamemode_isgaming
11-11 05:25:25.100 1514 1514 I GameModeConfig: isGameModeOn = false
11-11 05:25:25.101 1514 1514 I GameModeConfig: isGameModeOn = false
11-11 05:25:25.101 1514 1514 I GameModeConfig: isDisableVoice = true
11-11 05:25:25.122 1514 1901 I GameModeConfig: isGameModeOn = false
11-11 05:25:25.122 1514 1901 I GameModeConfig: isGameModeOn = false
11-11 05:25:25.122 1514 1901 I GameModeConfig: isGameModeOn = false
11-11 05:25:25.122 1514 1901 I GameModeConfig: isGameModeOn = false
11-11 05:25:25.329 1514 1514 I GameModeConfig: isGameModeOn = false
11-11 05:25:25.332 1514 1514 W NotificationHistory: Attempted to add notif for locked/gone/disabled user 0
11-11 05:25:25.474 3685 3703 W ContextImpl: Calling a method in the system process without a qualified user: android.app.ContextImpl.startService:1816 android.content.ContextWrapper.startService:774 com.thundercomm.gamemode.ingame.services.GameModeActionUtils.startGameModeService:93 com.thundercomm.gamemode.ingame.services.GameModeActionUtils.startGameModeEntry:21 com.thundercomm.gamemode.ingame.services.ActivityMonitoringService$1.onActivityLaunch:126
11-11 05:25:25.477 1514 1514 I GameModeConfig: Current uri is uri = content://com.thundercomm.gamemode.api/gamemode_settings/gamemode_isgaming
11-11 05:25:25.479 1514 1514 I GameModeConfig: isGameModeOn = false
11-11 05:25:25.479 1514 1514 I GameModeConfig: isGameModeOn = false
11-11 05:25:25.479 1514 1514 I GameModeConfig: isDisableVoice = true
11-11 05:25:26.756 3685 3703 W ContextImpl: Calling a method in the system process without a qualified user: android.app.ContextImpl.startService:1816 android.content.ContextWrapper.startService:774 com.thundercomm.gamemode.ingame.services.GameModeActionUtils.startGameModeService:93 com.thundercomm.gamemode.ingame.services.GameModeActionUtils.startGameModeEntry:21 com.thundercomm.gamemode.ingame.services.ActivityMonitoringService$1.onActivityLaunch:126
11-11 05:25:26.765 1514 1514 I GameModeConfig: Current uri is uri = content://com.thundercomm.gamemode.api/gamemode_settings/gamemode_isgaming
11-11 05:25:26.766 1514 2080 I ActivityTaskManager: FOREGROUND_APPLICATION_CHANGED to com.android.launcher3.uioverrides.QuickstepLauncher
11-11 05:25:26.771 1514 1514 I GameModeConfig: isGameModeOn = false
11-11 05:25:26.771 1514 1514 I GameModeConfig: isGameModeOn = false
11-11 05:25:26.771 1514 1514 I GameModeConfig: isDisableVoice = true
11-11 05:25:26.891 3685 3703 W ContextImpl: Calling a method in the system process without a qualified user: android.app.ContextImpl.startService:1816 android.content.ContextWrapper.startService:774 com.thundercomm.gamemode.ingame.services.GameModeActionUtils.startGameModeService:93 com.thundercomm.gamemode.ingame.services.GameModeActionUtils.startGameModeEntry:21 com.thundercomm.gamemode.ingame.services.ActivityMonitoringService$1.onActivityLaunch:126
11-11 05:25:26.895 1514 1514 I GameModeConfig: Current uri is uri = content://com.thundercomm.gamemode.api/gamemode_settings/gamemode_isgaming
11-11 05:25:26.898 1514 1514 I GameModeConfig: isGameModeOn = false
11-11 05:25:26.899 1514 1514 I GameModeConfig: isGameModeOn = false
11-11 05:25:26.899 1514 1514 I GameModeConfig: isDisableVoice = true
11-11 05:25:27.991 1514 2742 E TaskPersister: File error accessing recents directory (directory doesn't exist?).
11-11 05:25:30.032 1156 10543 I iorapd : Perfetto TraceBuffer saved to file: /data/misc/iorapd/com.android.gallery3d/40030/com.android.gallery3d.app.GalleryActivity/raw_traces/1668115530032089681.perfetto_trace.pb
11-11 05:25:30.609 1514 2080 W ContextImpl: Calling a method in the system process without a qualified user: android.app.ContextImpl.startActivity:1067 com.android.server.wm.FreeFormWindowHelper.exitRecentTasks:387 com.android.server.wm.ActivityTaskManagerService.exitRecentTasks:3795 android.app.IActivityTaskManager$Stub.onTransact:2295 com.android.server.wm.ActivityTaskManagerService.onTransact:5039
11-11 05:25:30.610 1514 2080 I ActivityTaskManager: START u0 {flg=0x10108000 cmp=com.android.gallery3d/.app.GalleryActivity} from uid 1000
11-11 05:25:30.616 1514 2080 W ActivityTaskManager: Can't find TaskDisplayArea to determine support for multi window. Task id=83 attached=false
11-11 05:25:30.619 1514 2080 D FreeFormWindowHelper: Add freeform task=Task{748854b #83 type=standard ?? U=0 visible=false mode=freeform translucent=true sz=0}
11-11 05:25:30.625 1514 2080 I ActivityTaskManager: FOREGROUND_APPLICATION_CHANGED to com.android.gallery3d.app.GalleryActivity
11-11 05:25:30.625 1514 2080 I ActivityTaskManager: The Process com.android.gallery3d Already Exists in BG. So sending its PID: 10541
11-11 05:25:30.626 1514 2080 W ActivityTaskManager: Tried to set launchTime (0) < mLastActivityLaunchTime (2340449)
11-11 05:25:30.679 1514 10321 W WindowManager: Failed looking up window session=Session{e16a6e4 10541:u0a10068} callers=com.android.server.wm.WindowManagerService.windowForClientLocked:5628 com.android.server.wm.Session.insetsModified:629 android.view.IWindowSession$Stub.onTransact:1151
11-11 05:25:30.693 1514 1901 I GameModeConfig: isGameModeOn = false
11-11 05:25:30.693 1514 1901 I GameModeConfig: isGameModeOn = false
11-11 05:25:30.693 1514 1901 I GameModeConfig: isGameModeOn = false
11-11 05:25:30.694 1514 1901 I GameModeConfig: isGameModeOn = false
11-11 05:25:30.901 1514 1514 I GameModeConfig: isGameModeOn = false
11-11 05:25:30.906 1514 1514 W NotificationHistory: Attempted to add notif for locked/gone/disabled user 0
11-11 05:25:31.013 1514 10321 I ActivityTaskManager: FOREGROUND_APPLICATION_CHANGED to com.android.launcher3.uioverrides.QuickstepLauncher
11-11 05:25:31.049 1514 1596 W ActivityTaskManager: Can't find TaskDisplayArea to determine support for multi window. Task id=82 attached=false
11-11 05:25:31.049 1514 1596 W ActivityTaskManager: Can't find TaskDisplayArea to determine support for multi window. Task id=82 attached=false
11-11 05:25:31.129 3685 3703 W ContextImpl: Calling a method in the system process without a qualified user: android.app.ContextImpl.startService:1816 android.content.ContextWrapper.startService:774 com.thundercomm.gamemode.ingame.services.GameModeActionUtils.startGameModeService:93 com.thundercomm.gamemode.ingame.services.GameModeActionUtils.startGameModeEntry:21 com.thundercomm.gamemode.ingame.services.ActivityMonitoringService$1.onActivityLaunch:126
11-11 05:25:31.139 1514 1514 I GameModeConfig: Current uri is uri = content://com.thundercomm.gamemode.api/gamemode_settings/gamemode_isgaming
11-11 05:25:31.141 1514 1514 I GameModeConfig: isGameModeOn = false
11-11 05:25:31.141 1514 1514 I GameModeConfig: isGameModeOn = false
11-11 05:25:31.141 1514 1514 I GameModeConfig: isDisableVoice = true
11-11 05:25:31.709 1514 1595 I ActivityTaskManager: FOREGROUND_APPLICATION_CHANGED to com.android.gallery3d.app.GalleryActivity
11-11 05:25:33.652 1514 2080 I ActivityTaskManager: START u0 {act=android.intent.action.VIEW dat=content://media/external/video/media/20 typ=video/* cmp=com.android.gallery3d/.app.MovieActivity (has extras)} from uid 10068
11-11 05:25:33.698 1514 2080 I ActivityTaskManager: FOREGROUND_APPLICATION_CHANGED to com.android.gallery3d.app.MovieActivity
11-11 05:25:33.698 1514 2080 I ActivityTaskManager: The Process com.android.gallery3d Already Exists in BG. So sending its PID: 10541
11-11 05:25:33.703 1514 2080 W ActivityTaskManager: Tried to set launchTime (0) < mLastActivityLaunchTime (2346041)
11-11 05:25:33.762 1514 2080 W WindowManager: Failed looking up window session=Session{e16a6e4 10541:u0a10068} callers=com.android.server.wm.WindowManagerService.windowForClientLocked:5628 com.android.server.wm.Session.insetsModified:629 android.view.IWindowSession$Stub.onTransact:1151
11-11 05:25:33.769 1514 2080 I WindowManager: finishDrawing of relaunch: Window{d7d581f u0 com.android.gallery3d/com.android.gallery3d.app.GalleryActivity} 62ms
11-11 05:25:33.825 3685 3703 W ContextImpl: Calling a method in the system process without a qualified user: android.app.ContextImpl.startService:1816 android.content.ContextWrapper.startService:774 com.thundercomm.gamemode.ingame.services.GameModeActionUtils.startGameModeService:93 com.thundercomm.gamemode.ingame.services.GameModeActionUtils.startGameModeEntry:21 com.thundercomm.gamemode.ingame.services.ActivityMonitoringService$1.onActivityLaunch:126
11-11 05:25:33.835 1514 1514 I GameModeConfig: Current uri is uri = content://com.thundercomm.gamemode.api/gamemode_settings/gamemode_isgaming
11-11 05:25:33.840 1514 1514 I GameModeConfig: isGameModeOn = false
11-11 05:25:33.841 1514 1514 I GameModeConfig: isGameModeOn = false
11-11 05:25:33.841 1514 1514 I GameModeConfig: isDisableVoice = true
11-11 05:25:34.673 1514 2742 E TaskPersister: File error accessing recents directory (directory doesn't exist?).
11-11 05:25:35.340 1514 1901 I GameModeConfig: isGameModeOn = false
11-11 05:25:36.381 1514 5474 I ActivityTaskManager: START u0 {act=android.intent.action.MAIN cat=[android.intent.category.HOME] flg=0x10000000 cmp=com.android.launcher3/.uioverrides.QuickstepLauncher} from uid 10079
11-11 05:25:36.397 1514 5474 I ActivityTaskManager: FOREGROUND_APPLICATION_CHANGED to com.android.launcher3.uioverrides.QuickstepLauncher
11-11 05:25:37.748 3685 3703 W ContextImpl: Calling a method in the system process without a qualified user: android.app.ContextImpl.startService:1816 android.content.ContextWrapper.startService:774 com.thundercomm.gamemode.ingame.services.GameModeActionUtils.startGameModeService:93 com.thundercomm.gamemode.ingame.services.GameModeActionUtils.startGameModeEntry:21 com.thundercomm.gamemode.ingame.services.ActivityMonitoringService$1.onActivityLaunch:126
11-11 05:25:37.753 1514 1514 I GameModeConfig: Current uri is uri = content://com.thundercomm.gamemode.api/gamemode_settings/gamemode_isgaming
11-11 05:25:37.763 1514 1514 I GameModeConfig: isGameModeOn = false
11-11 05:25:37.764 1514 1514 I GameModeConfig: isGameModeOn = false
11-11 05:25:37.764 1514 1514 I GameModeConfig: isDisableVoice = true
11-11 05:25:37.846 3685 3703 W ContextImpl: Calling a method in the system process without a qualified user: android.app.ContextImpl.startService:1816 android.content.ContextWrapper.startService:774 com.thundercomm.gamemode.ingame.services.GameModeActionUtils.startGameModeService:93 com.thundercomm.gamemode.ingame.services.GameModeActionUtils.startGameModeEntry:21 com.thundercomm.gamemode.ingame.services.ActivityMonitoringService$1.onActivityLaunch:126
11-11 05:25:37.852 1514 1514 I GameModeConfig: Current uri is uri = content://com.thundercomm.gamemode.api/gamemode_settings/gamemode_isgaming
11-11 05:25:37.855 1514 1514 I GameModeConfig: isGameModeOn = false
11-11 05:25:37.856 1514 1514 I GameModeConfig: isGameModeOn = false
11-11 05:25:37.856 1514 1514 I GameModeConfig: isDisableVoice = true
11-11 05:25:37.924 1514 1596 D FreeFormWindowHelper: Remove freefrom task=Task{748854b #83 type=standard A=10068:com.android.gallery3d U=0 visible=false mode=freeform translucent=true sz=0}
11-11 05:25:39.163 1514 1595 I ActivityManager: Killing 10541:com.android.gallery3d/u0a68 (adj 900): remove task
11-11 05:25:39.170 1514 2742 E TaskPersister: File error accessing recents directory (directory doesn't exist?).
11-11 05:25:39.220 1514 1595 W ActivityManager: setHasOverlayUi called on unknown pid: 10541
11-11 05:25:39.228 1514 1595 D CompatibilityChangeReporter: Compat change id reported: 135634846; UID 10068; state: DISABLED
11-11 05:25:39.228 1514 1595 D CompatibilityChangeReporter: Compat change id reported: 177438394; UID 10068; state: DISABLED
11-11 05:25:39.228 1514 1595 D CompatibilityChangeReporter: Compat change id reported: 135772972; UID 10068; state: DISABLED
11-11 05:25:39.228 1514 1595 D CompatibilityChangeReporter: Compat change id reported: 135754954; UID 10068; state: DISABLED
11-11 05:25:39.229 1514 1615 D CompatibilityChangeReporter: Compat change id reported: 143937733; UID 10068; state: DISABLED
