11-11 05:57:14.801 3685 3703 W ContextImpl: Calling a method in the system process without a qualified user: android.app.ContextImpl.startService:1816 android.content.ContextWrapper.startService:774 com.thundercomm.gamemode.ingame.services.GameModeActionUtils.startGameModeService:93 com.thundercomm.gamemode.ingame.services.GameModeActionUtils.startGameModeEntry:21 com.thundercomm.gamemode.ingame.services.ActivityMonitoringService$1.onActivityLaunch:126
11-11 05:57:14.802 1514 1612 I am_pss : [13427,10068,com.android.gallery3d,8012800,5304320,0,93810688,0,19,7]
11-11 05:57:14.807 1514 1514 I GameModeConfig: Current uri is uri = content://com.thundercomm.gamemode.api/gamemode_settings/gamemode_isgaming
11-11 05:57:14.807 1514 1514 I am_uid_active: 10065
11-11 05:57:14.809 1514 1514 I GameModeConfig: isGameModeOn = false
11-11 05:57:14.809 1514 1514 I GameModeConfig: isGameModeOn = false
11-11 05:57:14.809 1514 1514 I GameModeConfig: isDisableVoice = true
11-11 05:57:14.811 1514 1770 I input_focus: [Focus leaving a23ffb3 com.thundercomm.screensaver/android.service.dreams.DreamActivity (server),reason=NO_WINDOW]
11-11 05:57:14.812 4894 4894 I view_enqueue_input_event: [Motion - Cancel,com.thundercomm.screensaver/android.service.dreams.DreamActivity]
11-11 05:57:14.812 1514 1612 I am_pss : [13405,10086,com.android.music,7642112,5668864,0,90947584,0,19,6]
11-11 05:57:14.818 1514 1596 I input_focus: [Focus request eea03e8 com.android.launcher3/com.android.launcher3.uioverrides.QuickstepLauncher,reason=UpdateInputWindows]
11-11 05:57:14.819 1514 1612 I am_pss : [3578,2000,com.android.shell,6498304,4321280,0,93061120,0,19,6]
11-11 05:57:14.846 1514 1770 I input_focus: [Focus entering eea03e8 com.android.launcher3/com.android.launcher3.uioverrides.QuickstepLauncher (server),reason=setFocusedWindow]
11-11 05:57:14.853 1514 1649 I PowerManagerService: Powering on display group fromDreaming (groupId=0, uid=1000, reason=WAKE_REASON_UNKNOWN, details=android.server.power:DREAM_FINISHED)...
11-11 05:57:14.853 1514 1649 I PowerManagerService: Waking up from Dreaming (uid=1000, reason=WAKE_REASON_UNKNOWN, details=android.server.power:DREAM_FINISHED)...
11-11 05:57:14.884 3685 3703 W ContextImpl: Calling a method in the system process without a qualified user: android.app.ContextImpl.startService:1816 android.content.ContextWrapper.startService:774 com.thundercomm.gamemode.ingame.services.GameModeActionUtils.startGameModeService:93 com.thundercomm.gamemode.ingame.services.GameModeActionUtils.startGameModeEntry:21 com.thundercomm.gamemode.ingame.services.ActivityMonitoringService$1.onActivityLaunch:126
11-11 05:57:14.890 1514 1514 I GameModeConfig: Current uri is uri = content://com.thundercomm.gamemode.api/gamemode_settings/gamemode_isgaming
11-11 05:57:14.893 1514 1514 I GameModeConfig: isGameModeOn = false
11-11 05:57:14.893 1514 1514 I GameModeConfig: isGameModeOn = false
11-11 05:57:14.893 1514 1514 I GameModeConfig: isDisableVoice = true
11-11 05:57:15.084 1514 1595 I wm_destroy_activity: [0,89385239,101,com.thundercomm.screensaver/android.service.dreams.DreamActivity,finish-imm:idle]
11-11 05:57:15.104 3685 3703 W ContextImpl: Calling a method in the system process without a qualified user: android.app.ContextImpl.startService:1816 android.content.ContextWrapper.startService:774 com.thundercomm.gamemode.ingame.services.GameModeActionUtils.startGameModeService:93 com.thundercomm.gamemode.ingame.services.GameModeActionUtils.startGameModeEntry:21 com.thundercomm.gamemode.ingame.services.ActivityMonitoringService$1.onActivityLaunch:126
11-11 05:57:15.106 4894 4894 I wm_on_stop_called: [89385239,android.service.dreams.DreamActivity,LIFECYCLER_STOP_ACTIVITY]
11-11 05:57:15.107 4894 4894 I wm_on_destroy_called: [89385239,android.service.dreams.DreamActivity,performDestroy]
11-11 05:57:15.110 1514 5474 I DreamManagerService: Leaving dreamland.
11-11 05:57:15.111 1514 1514 I GameModeConfig: Current uri is uri = content://com.thundercomm.gamemode.api/gamemode_settings/gamemode_isgaming
11-11 05:57:15.113 1514 1592 I DreamManagerService: Performing gentle wake from dream.
11-11 05:57:15.113 1514 1592 I DreamController: Stopping dream: name=ComponentInfo{com.thundercomm.screensaver/com.thundercomm.saverclock.service.ClockScreensaver}, isTest=false, canDoze=false, userId=0, reason='finished self'(from 'finished self')
11-11 05:57:15.113 1514 1592 I sysui_multi_action: [757,222,758,2]
11-11 05:57:15.113 1514 1592 I sysui_multi_action: [757,804,799,dreaming_minutes,801,9,802,1]
11-11 05:57:15.121 1514 1514 I GameModeConfig: isGameModeOn = false
11-11 05:57:15.121 1514 1514 I GameModeConfig: isGameModeOn = false
11-11 05:57:15.121 1514 1514 I GameModeConfig: isDisableVoice = true
11-11 05:57:15.133 1514 5474 I wm_task_removed: [101,removeChild:removeChild last r=ActivityRecord{553e917 u0 com.thundercomm.screensaver/android.service.dreams.DreamActivity t-1 f}} in t=Task{2133ea0 #101 type=dream A=10051:android:com.thundercomm.screensaver/dream U=0 visible=false mode=fullscreen translucent=true sz=0}]
11-11 05:57:15.133 1514 5474 I wm_task_removed: [101,removeChild]
11-11 05:57:15.135 1514 1596 W ActivityTaskManager: Can't find TaskDisplayArea to determine support for multi window. Task id=101 attached=false
11-11 05:57:15.399 0 0 I auditd : type=1400 audit(0.0:4884): avc: denied { kill } for comm="swapper/1" capability=5 scontext=u:r:kernel:s0 tcontext=u:r:kernel:s0 tclass=capability permissive=0
11-11 05:57:16.399 0 0 I auditd : type=1400 audit(0.0:4885): avc: denied { kill } for comm="swapper/1" capability=5 scontext=u:r:kernel:s0 tcontext=u:r:kernel:s0 tclass=capability permissive=0
11-11 05:57:17.230 1514 1770 I input_interaction: Interaction with: eea03e8 com.android.launcher3/com.android.launcher3.uioverrides.QuickstepLauncher (server), PointerEventDispatcher0 (server),
11-11 05:57:17.399 0 0 I auditd : type=1400 audit(0.0:4886): avc: denied { kill } for comm="swapper/1" capability=5 scontext=u:r:kernel:s0 tcontext=u:r:kernel:s0 tclass=capability permissive=0
11-11 05:57:19.399 0 0 I auditd : type=1400 audit(0.0:4887): avc: denied { kill } for comm="swapper/3" capability=5 scontext=u:r:kernel:s0 tcontext=u:r:kernel:s0 tclass=capability permissive=0
11-11 05:57:20.399 0 0 I auditd : type=1400 audit(0.0:4888): avc: denied { kill } for comm="swapper/3" capability=5 scontext=u:r:kernel:s0 tcontext=u:r:kernel:s0 tclass=capability permissive=0
11-11 05:57:21.399 0 0 I auditd : type=1400 audit(0.0:4889): avc: denied { kill } for comm="swapper/3" capability=5 scontext=u:r:kernel:s0 tcontext=u:r:kernel:s0 tclass=capability permissive=0
11-11 05:57:22.399 0 0 I auditd : type=1400 audit(0.0:4890): avc: denied { kill } for comm="swapper/3" capability=5 scontext=u:r:kernel:s0 tcontext=u:r:kernel:s0 tclass=capability permissive=0
11-11 05:57:22.753 1514 1770 I input_interaction: Interaction with: eea03e8 com.android.launcher3/com.android.launcher3.uioverrides.QuickstepLauncher (server), 8068647 com.android.systemui.ImageWallpaper (server), edge-swipe (server), swipe-up (server), PointerEventDispatcher0 (server),
11-11 05:57:23.399 0 0 I auditd : type=1400 audit(0.0:4891): avc: denied { kill } for comm="swapper/3" capability=5 scontext=u:r:kernel:s0 tcontext=u:r:kernel:s0 tclass=capability permissive=0
11-11 05:57:24.447 1514 1770 I input_interaction: Interaction with: eea03e8 com.android.launcher3/com.android.launcher3.uioverrides.QuickstepLauncher (server), PointerEventDispatcher0 (server),
11-11 05:57:25.399 0 0 I auditd : type=1400 audit(0.0:4892): avc: denied { kill } for comm="swapper/3" capability=5 scontext=u:r:kernel:s0 tcontext=u:r:kernel:s0 tclass=capability permissive=0
11-11 05:57:26.399 0 0 I auditd : type=1400 audit(0.0:4893): avc: denied { kill } for comm="swapper/3" capability=5 scontext=u:r:kernel:s0 tcontext=u:r:kernel:s0 tclass=capability permissive=0
11-11 05:57:27.399 0 0 I auditd : type=1400 audit(0.0:4894): avc: denied { kill } for comm="swapper/3" capability=5 scontext=u:r:kernel:s0 tcontext=u:r:kernel:s0 tclass=capability permissive=0
11-11 05:57:28.399 0 0 I auditd : type=1400 audit(0.0:4895): avc: denied { kill } for comm="swapper/3" capability=5 scontext=u:r:kernel:s0 tcontext=u:r:kernel:s0 tclass=capability permissive=0
11-11 05:57:29.399 0 0 I auditd : type=1400 audit(0.0:4896): avc: denied { kill } for comm="swapper/3" capability=5 scontext=u:r:kernel:s0 tcontext=u:r:kernel:s0 tclass=capability permissive=0
11-11 05:57:30.399 0 0 I auditd : type=1400 audit(0.0:4897): avc: denied { kill } for comm="swapper/3" capability=5 scontext=u:r:kernel:s0 tcontext=u:r:kernel:s0 tclass=capability permissive=0
11-11 05:57:31.399 0 0 I auditd : type=1400 audit(0.0:4898): avc: denied { kill } for comm="swapper/3" capability=5 scontext=u:r:kernel:s0 tcontext=u:r:kernel:s0 tclass=capability permissive=0
11-11 05:57:32.399 0 0 I auditd : type=1400 audit(0.0:4899): avc: denied { kill } for comm="swapper/3" capability=5 scontext=u:r:kernel:s0 tcontext=u:r:kernel:s0 tclass=capability permissive=0
11-11 05:57:32.972 1514 1770 I input_interaction: Interaction with: eea03e8 com.android.launcher3/com.android.launcher3.uioverrides.QuickstepLauncher (server), 8068647 com.android.systemui.ImageWallpaper (server), edge-swipe (server), swipe-up (server), PointerEventDispatcher0 (server),
11-11 05:57:33.078 1514 10321 I ActivityTaskManager: START u0 {act=android.intent.action.MAIN cat=[android.intent.category.LAUNCHER] flg=0x10200000 cmp=com.android.settings/.Settings bnds=[2233,723][2408,906]} from uid 10079
11-11 05:57:33.088 1514 10321 I wm_task_moved: [90,1,6]
11-11 05:57:33.088 1514 10321 I wm_task_to_front: [0,90]
11-11 05:57:33.089 1514 10321 I wm_focused_root_task: [0,0,90,39,bringingFoundTaskToFront]
11-11 05:57:33.090 1514 10321 I wm_set_resumed_activity: [0,com.android.settings/.Settings,bringingFoundTaskToFront]
11-11 05:57:33.094 1514 10321 I wm_new_intent: [0,127853618,90,com.android.settings/.Settings,android.intent.action.MAIN,NULL,NULL,270532608]
11-11 05:57:33.095 1514 10321 I wm_pause_activity: [0,157690489,com.android.launcher3/.uioverrides.QuickstepLauncher,userLeaving=true,pauseBackTasks]
11-11 05:57:33.103 2503 2503 I wm_on_top_resumed_lost_called: [157690489,com.android.launcher3.uioverrides.QuickstepLauncher,topStateChangedWhenResumed]
11-11 05:57:33.104 2503 2503 I wm_on_paused_called: [157690489,com.android.launcher3.uioverrides.QuickstepLauncher,performPause]
11-11 05:57:33.105 1514 9595 I ActivityTaskManager: FOREGROUND_APPLICATION_CHANGED to com.android.settings.homepage.SettingsHomepageActivity
11-11 05:57:33.106 1514 9595 I ActivityTaskManager: The Process com.android.settings Already Exists in BG. So sending its PID: 13326
11-11 05:57:33.108 1514 9595 I wm_add_to_stopping: [0,157690489,com.android.launcher3/.uioverrides.QuickstepLauncher,makeInvisible]
11-11 05:57:33.110 1514 9595 D CompatibilityChangeReporter: Compat change id reported: 174042980; UID 1000; state: DISABLED
11-11 05:57:33.110 1514 9595 D CompatibilityChangeReporter: Compat change id reported: 181136395; UID 1000; state: DISABLED
11-11 05:57:33.110 1514 9595 D CompatibilityChangeReporter: Compat change id reported: 174042936; UID 1000; state: DISABLED
11-11 05:57:33.110 1514 9595 I wm_restart_activity: [0,127853618,90,com.android.settings/.Settings]
11-11 05:57:33.111 1514 9595 I wm_set_resumed_activity: [0,com.android.settings/.Settings,minimalResumeActivityLocked]
11-11 05:57:33.125 2503 2503 I view_enqueue_input_event: [Key - Cancel,com.android.launcher3/com.android.launcher3.uioverrides.QuickstepLauncher]
11-11 05:57:33.125 1514 1770 I input_focus: [Focus leaving eea03e8 com.android.launcher3/com.android.launcher3.uioverrides.QuickstepLauncher (server),reason=NO_WINDOW]
11-11 05:57:33.125 1514 1595 I sysui_multi_action: [757,803,799,window_time_0,802,18]
11-11 05:57:33.131 2503 2503 W ViewRootImpl[QuickstepLauncher]: Cancelling event (no window focus):KeyEvent { action=ACTION_UP, keyCode=KEYCODE_G, scanCode=0, metaState=0, flags=0x20, repeatCount=0, eventTime=4268538, downTime=4259858, deviceId=-1, source=0x101, displayId=-1 }
11-11 05:57:33.131 2503 2503 W ViewRootImpl[QuickstepLauncher]: Cancelling event (no window focus):KeyEvent { action=ACTION_UP, keyCode=KEYCODE_G, scanCode=0, metaState=0, flags=0x20, repeatCount=0, eventTime=4268538, downTime=4259858, deviceId=-1, source=0x101, displayId=-1 }
11-11 05:57:33.131 2503 2503 W ViewRootImpl[QuickstepLauncher]: Cancelling event (no window focus):KeyEvent { action=ACTION_UP, keyCode=KEYCODE_G, scanCode=0, metaState=0, flags=0x20, repeatCount=0, eventTime=4268538, downTime=4259858, deviceId=-1, source=0x101, displayId=-1 }
11-11 05:57:33.131 2503 2503 W ViewRootImpl[QuickstepLauncher]: Cancelling event (no window focus):KeyEvent { action=ACTION_UP, keyCode=KEYCODE_G, scanCode=0, metaState=0, flags=0x20, repeatCount=0, eventTime=4268538, downTime=4259858, deviceId=-1, source=0x101, displayId=-1 }
11-11 05:57:33.131 2503 2503 W ViewRootImpl[QuickstepLauncher]: Cancelling event (no window focus):KeyEvent { action=ACTION_UP, keyCode=KEYCODE_G, scanCode=0, metaState=0, flags=0x20, repeatCount=0, eventTime=4268538, downTime=4259858, deviceId=-1, source=0x101, displayId=-1 }
11-11 05:57:33.131 2503 2503 W ViewRootImpl[QuickstepLauncher]: Cancelling event (no window focus):KeyEvent { action=ACTION_UP, keyCode=KEYCODE_G, scanCode=0, metaState=0, flags=0x20, repeatCount=0, eventTime=4268538, downTime=4259858, deviceId=-1, source=0x101, displayId=-1 }
11-11 05:57:33.136 3685 3703 W ContextImpl: Calling a method in the system process without a qualified user: android.app.ContextImpl.startService:1816 android.content.ContextWrapper.startService:774 com.thundercomm.gamemode.ingame.services.GameModeActionUtils.startGameModeService:93 com.thundercomm.gamemode.ingame.services.GameModeActionUtils.startGameModeEntry:21 com.thundercomm.gamemode.ingame.services.ActivityMonitoringService$1.onActivityLaunch:126
11-11 05:57:33.141 1514 8233 E UserRestrictionsUtils: Unknown restriction queried by uid 1000 (com.thundercomm.remotecontrolservice et al): null
11-11 05:57:33.142 1514 9595 E UserRestrictionsUtils: Unknown restriction queried by uid 1000 (com.thundercomm.remotecontrolservice et al): null
11-11 05:57:33.142 1514 10321 E UserRestrictionsUtils: Unknown restriction queried by uid 1000 (com.thundercomm.remotecontrolservice et al): null
11-11 05:57:33.143 1514 10321 E UserRestrictionsUtils: Unknown restriction queried by uid 1000 (com.thundercomm.remotecontrolservice et al): null
11-11 05:57:33.143 1514 10321 E UserRestrictionsUtils: Unknown restriction queried by uid 1000 (com.thundercomm.remotecontrolservice et al): null
11-11 05:57:33.143 1514 10321 E UserRestrictionsUtils: Unknown restriction queried by uid 1000 (com.thundercomm.remotecontrolservice et al): null
11-11 05:57:33.143 1514 10321 E UserRestrictionsUtils: Unknown restriction queried by uid 1000 (com.thundercomm.remotecontrolservice et al): null
11-11 05:57:33.143 1514 10321 E UserRestrictionsUtils: Unknown restriction queried by uid 1000 (com.thundercomm.remotecontrolservice et al): null
11-11 05:57:33.143 1514 10321 E UserRestrictionsUtils: Unknown restriction queried by uid 1000 (com.thundercomm.remotecontrolservice et al): null
11-11 05:57:33.143 1514 10321 E UserRestrictionsUtils: Unknown restriction queried by uid 1000 (com.thundercomm.remotecontrolservice et al): null
11-11 05:57:33.144 1514 1514 I GameModeConfig: Current uri is uri = content://com.thundercomm.gamemode.api/gamemode_settings/gamemode_isgaming
11-11 05:57:33.144 1514 10321 E UserRestrictionsUtils: Unknown restriction queried by uid 1000 (com.thundercomm.remotecontrolservice et al): null
11-11 05:57:33.144 1514 2080 E UserRestrictionsUtils: Unknown restriction queried by uid 1000 (com.thundercomm.remotecontrolservice et al): null
11-11 05:57:33.145 1514 10321 E UserRestrictionsUtils: Unknown restriction queried by uid 1000 (com.thundercomm.remotecontrolservice et al): null
11-11 05:57:33.145 1514 7301 E UserRestrictionsUtils: Unknown restriction queried by uid 1000 (com.thundercomm.remotecontrolservice et al): null
11-11 05:57:33.145 1514 8233 E UserRestrictionsUtils: Unknown restriction queried by uid 1000 (com.thundercomm.remotecontrolservice et al): null
11-11 05:57:33.145 1514 9595 E UserRestrictionsUtils: Unknown restriction queried by uid 1000 (com.thundercomm.remotecontrolservice et al): null
11-11 05:57:33.145 1514 2080 E UserRestrictionsUtils: Unknown restriction queried by uid 1000 (com.thundercomm.remotecontrolservice et al): null
11-11 05:57:33.145 1514 10321 E UserRestrictionsUtils: Unknown restriction queried by uid 1000 (com.thundercomm.remotecontrolservice et al): null
11-11 05:57:33.149 1514 1514 I GameModeConfig: isGameModeOn = false
11-11 05:57:33.150 1514 1514 I GameModeConfig: isGameModeOn = false
11-11 05:57:33.150 1514 1514 I GameModeConfig: isDisableVoice = true
11-11 05:57:33.163 1514 8233 W BluetoothManagerService: psc is not null in bindBluetoothProfileService
11-11 05:57:33.217 3685 3703 W ContextImpl: Calling a method in the system process without a qualified user: android.app.ContextImpl.startService:1816 android.content.ContextWrapper.startService:774 com.thundercomm.gamemode.ingame.services.GameModeActionUtils.startGameModeService:93 com.thundercomm.gamemode.ingame.services.GameModeActionUtils.startGameModeEntry:21 com.thundercomm.gamemode.ingame.services.ActivityMonitoringService$1.onActivityLaunch:126
11-11 05:57:33.220 1514 1514 I GameModeConfig: Current uri is uri = content://com.thundercomm.gamemode.api/gamemode_settings/gamemode_isgaming
11-11 05:57:33.224 1514 1514 I GameModeConfig: isGameModeOn = false
11-11 05:57:33.225 1514 1514 I GameModeConfig: isGameModeOn = false
11-11 05:57:33.225 1514 1514 I GameModeConfig: isDisableVoice = true
11-11 05:57:33.227 1514 7301 I am_uid_running: 10084
11-11 05:57:33.227 1514 7301 D CompatibilityChangeReporter: Compat change id reported: 135634846; UID 10084; state: DISABLED
11-11 05:57:33.227 1514 7301 D CompatibilityChangeReporter: Compat change id reported: 177438394; UID 10084; state: DISABLED
11-11 05:57:33.227 1514 7301 D CompatibilityChangeReporter: Compat change id reported: 135772972; UID 10084; state: DISABLED
11-11 05:57:33.227 1514 7301 D CompatibilityChangeReporter: Compat change id reported: 135754954; UID 10084; state: ENABLED
11-11 05:57:33.227 1514 1615 D CompatibilityChangeReporter: Compat change id reported: 143937733; UID 10084; state: ENABLED
11-11 05:57:33.228 13326 13326 I wm_on_create_called: [127853618,com.android.settings.Settings,performCreate]
11-11 05:57:33.233 1514 1615 I am_proc_start: [0,13482,10084,com.qualcomm.qti.qccauthmgr,content provider,{com.qualcomm.qti.qccauthmgr/com.qualcomm.qti.qccauthmgr.providers.SMQContentProvider}]
11-11 05:57:33.233 1514 1615 I ActivityManager: Start proc 13482:com.qualcomm.qti.qccauthmgr/u0a84 for content provider {com.qualcomm.qti.qccauthmgr/com.qualcomm.qti.qccauthmgr.providers.SMQContentProvider}
11-11 05:57:33.245 1514 9595 E UserRestrictionsUtils: Unknown restriction queried by uid 1000 (com.thundercomm.remotecontrolservice et al): null
11-11 05:57:33.245 1514 9595 E UserRestrictionsUtils: Unknown restriction queried by uid 1000 (com.thundercomm.remotecontrolservice et al): null
11-11 05:57:33.245 1514 9595 E UserRestrictionsUtils: Unknown restriction queried by uid 1000 (com.thundercomm.remotecontrolservice et al): null
11-11 05:57:33.245 1514 9595 E UserRestrictionsUtils: Unknown restriction queried by uid 1000 (com.thundercomm.remotecontrolservice et al): null
11-11 05:57:33.245 1514 9595 E UserRestrictionsUtils: Unknown restriction queried by uid 1000 (com.thundercomm.remotecontrolservice et al): null
11-11 05:57:33.245 1514 9595 E UserRestrictionsUtils: Unknown restriction queried by uid 1000 (com.thundercomm.remotecontrolservice et al): null
11-11 05:57:33.246 1514 9595 E UserRestrictionsUtils: Unknown restriction queried by uid 1000 (com.thundercomm.remotecontrolservice et al): null
11-11 05:57:33.246 1514 9595 E UserRestrictionsUtils: Unknown restriction queried by uid 1000 (com.thundercomm.remotecontrolservice et al): null
11-11 05:57:33.246 1514 9595 E UserRestrictionsUtils: Unknown restriction queried by uid 1000 (com.thundercomm.remotecontrolservice et al): null
11-11 05:57:33.246 1514 9595 E UserRestrictionsUtils: Unknown restriction queried by uid 1000 (com.thundercomm.remotecontrolservice et al): null
11-11 05:57:33.246 1514 9595 E UserRestrictionsUtils: Unknown restriction queried by uid 1000 (com.thundercomm.remotecontrolservice et al): null
11-11 05:57:33.246 1514 9595 E UserRestrictionsUtils: Unknown restriction queried by uid 1000 (com.thundercomm.remotecontrolservice et al): null
11-11 05:57:33.246 1514 9595 E UserRestrictionsUtils: Unknown restriction queried by uid 1000 (com.thundercomm.remotecontrolservice et al): null
11-11 05:57:33.247 1514 9595 E UserRestrictionsUtils: Unknown restriction queried by uid 1000 (com.thundercomm.remotecontrolservice et al): null
11-11 05:57:33.247 1514 9595 E UserRestrictionsUtils: Unknown restriction queried by uid 1000 (com.thundercomm.remotecontrolservice et al): null
11-11 05:57:33.247 1514 9595 E UserRestrictionsUtils: Unknown restriction queried by uid 1000 (com.thundercomm.remotecontrolservice et al): null
11-11 05:57:33.247 1514 9595 E UserRestrictionsUtils: Unknown restriction queried by uid 1000 (com.thundercomm.remotecontrolservice et al): null
11-11 05:57:33.247 1514 9595 E UserRestrictionsUtils: Unknown restriction queried by uid 1000 (com.thundercomm.remotecontrolservice et al): null
11-11 05:57:33.248 1514 9595 I am_proc_bound: [0,13482,com.qualcomm.qti.qccauthmgr]
11-11 05:57:33.249 1514 9595 D CompatibilityChangeReporter: Compat change id reported: 168419799; UID 10084; state: DISABLED
11-11 05:57:33.251 1514 9595 I am_uid_active: 10084
11-11 05:57:33.256 13326 13326 E ActivityThread: Failed to find provider info for com.google.android.gms.nearby.fastpair
11-11 05:57:33.267 13326 13326 I wm_on_start_called: [127853618,com.android.settings.Settings,handleStartActivity]
11-11 05:57:33.267 13326 13326 I snet_event_log: [120484087,-1,]
11-11 05:57:33.269 13326 13326 I wm_on_resume_called: [127853618,com.android.settings.Settings,RESUME_ACTIVITY]
11-11 05:57:33.269 13326 13326 I sysui_multi_action: [757,747,758,1,833,0,1089,111]
11-11 05:57:33.273 13326 13326 I sysui_multi_action: [757,1729,758,4,854,isParalleledControllers:false,1089,115]
11-11 05:57:33.273 13326 13326 I sysui_multi_action: [757,35,758,1,833,0,1089,30]
11-11 05:57:33.274 13326 13326 I sysui_multi_action: [757,1729,758,4,854,isParalleledControllers:false,1089,31]
11-11 05:57:33.281 13326 13326 I wm_on_top_resumed_gained_called: [127853618,com.android.settings.Settings,topStateChangedWhenResumed]
11-11 05:57:33.285 13326 13503 E ActivityThread: Failed to find provider info for com.google.android.gms.nearby.fastpair
11-11 05:57:33.285 1514 1627 W BatteryExternalStatsWorker: error reading modem stats:ERROR_PHONE_NOT_AVAILABLE
11-11 05:57:33.303 1514 1627 E KernelCpuSpeedReader: Failed to read cpu-freq: /sys/devices/system/cpu/cpu4/cpufreq/stats/time_in_state: open failed: ENOENT (No such file or directory)
11-11 05:57:33.305 1514 1627 E KernelCpuSpeedReader: Failed to read cpu-freq: /sys/devices/system/cpu/cpu0/cpufreq/stats/time_in_state: open failed: ENOENT (No such file or directory)
11-11 05:57:33.303 564 564 I auditd : type=1400 audit(0.0:4900): avc: denied { read } for comm="Binder:564_2" name="wakeup58" dev="sysfs" ino=71827 scontext=u:r:system_suspend:s0 tcontext=u:object_r:sysfs:s0 tclass=dir permissive=0
11-11 05:57:33.303 564 564 I auditd : type=1400 audit(0.0:4901): avc: denied { read } for comm="Binder:564_2" name="wakeup48" dev="sysfs" ino=67421 scontext=u:r:system_suspend:s0 tcontext=u:object_r:sysfs:s0 tclass=dir permissive=0
11-11 05:57:33.303 564 564 I auditd : type=1400 audit(0.0:4902): avc: denied { read } for comm="Binder:564_2" name="wakeup4" dev="sysfs" ino=47028 scontext=u:r:system_suspend:s0 tcontext=u:object_r:sysfs:s0 tclass=dir permissive=0
11-11 05:57:33.303 564 564 I auditd : type=1400 audit(0.0:4903): avc: denied { read } for comm="Binder:564_2" name="wakeup76" dev="sysfs" ino=76669 scontext=u:r:system_suspend:s0 tcontext=u:object_r:sysfs:s0 tclass=dir permissive=0
11-11 05:57:33.307 564 564 I auditd : type=1400 audit(0.0:4904): avc: denied { read } for comm="Binder:564_2" name="wakeup28" dev="sysfs" ino=53233 scontext=u:r:system_suspend:s0 tcontext=u:object_r:sysfs:s0 tclass=dir permissive=0
11-11 05:57:33.307 564 564 I auditd : type=1400 audit(0.0:4905): avc: denied { read } for comm="Binder:564_2" name="wakeup56" dev="sysfs" ino=71755 scontext=u:r:system_suspend:s0 tcontext=u:object_r:sysfs:s0 tclass=dir permissive=0
11-11 05:57:33.330 1514 1627 W BatteryExternalStatsWorker: error reading modem stats:ERROR_PHONE_NOT_AVAILABLE
11-11 05:57:33.335 1514 1627 E KernelCpuSpeedReader: Failed to read cpu-freq: /sys/devices/system/cpu/cpu4/cpufreq/stats/time_in_state: open failed: ENOENT (No such file or directory)
11-11 05:57:33.335 1514 1627 E KernelCpuSpeedReader: Failed to read cpu-freq: /sys/devices/system/cpu/cpu0/cpufreq/stats/time_in_state: open failed: ENOENT (No such file or directory)
11-11 05:57:33.349 1514 1596 I input_focus: [Focus request d8ccc87 com.android.settings/com.android.settings.Settings,reason=UpdateInputWindows]
11-11 05:57:33.386 1514 1596 I sysui_multi_action: [324,1,757,1090,758,13,806,com.android.settings,871,com.android.settings.Settings,1091,308]
11-11 05:57:33.390 1514 1592 I sysui_multi_action: [319,61,321,59,322,308,325,4268,757,761,758,8,759,1,806,com.android.settings,871,com.android.settings.Settings,904,com.android.launcher3,905,0,1320,8,1321,5]
11-11 05:57:33.392 1514 1592 I wm_activity_launch_time: [0,127853618,com.android.settings/.Settings,308]
11-11 05:57:33.406 1514 1770 I input_focus: [Focus entering d8ccc87 com.android.settings/com.android.settings.Settings (server),reason=Window became focusable. Previous reason: NOT_VISIBLE]
11-11 05:57:33.704 1514 1595 I wm_stop_activity: [0,157690489,com.android.launcher3/.uioverrides.QuickstepLauncher]
11-11 05:57:33.749 2503 2503 I wm_on_stop_called: [157690489,com.android.launcher3.uioverrides.QuickstepLauncher,STOP_ACTIVITY_ITEM]
11-11 05:57:33.766 3685 3703 W ContextImpl: Calling a method in the system process without a qualified user: android.app.ContextImpl.startService:1816 android.content.ContextWrapper.startService:774 com.thundercomm.gamemode.ingame.services.GameModeActionUtils.startGameModeService:93 com.thundercomm.gamemode.ingame.services.GameModeActionUtils.startGameModeEntry:21 com.thundercomm.gamemode.ingame.services.ActivityMonitoringService$1.onActivityLaunch:126
11-11 05:57:33.772 1514 1514 I GameModeConfig: Current uri is uri = content://com.thundercomm.gamemode.api/gamemode_settings/gamemode_isgaming
11-11 05:57:33.774 1514 1514 I GameModeConfig: isGameModeOn = false
11-11 05:57:33.774 1514 1514 I GameModeConfig: isGameModeOn = false
11-11 05:57:33.774 1514 1514 I GameModeConfig: isDisableVoice = true
11-11 05:57:34.399 0 0 I auditd : type=1400 audit(0.0:4998): avc: denied { kill } for comm="swapper/3" capability=5 scontext=u:r:kernel:s0 tcontext=u:r:kernel:s0 tclass=capability permissive=0
11-11 05:57:34.806 1514 1770 I input_interaction: Interaction with: d8ccc87 com.android.settings/com.android.settings.Settings (server), edge-swipe (server), swipe-up (server), PointerEventDispatcher0 (server),
11-11 05:57:34.911 1514 1836 I netstats_mobile_sample: [0,0,0,0,0,0,0,0,0,0,0,0,1668117454911]
11-11 05:57:34.912 1514 1836 I netstats_wifi_sample: [96863754,219938,47520515,109877,96863754,219938,47520515,109877,112708582,307032,23963711,56978,1668117454911]
11-11 05:57:34.920 13326 13326 I sysui_multi_action: [757,830,758,4,833,0,854,top_level_network,1089,0]
11-11 05:57:35.030 13326 13326 I sysui_multi_action: [757,747,758,2,1089,1760]
11-11 05:57:35.077 13326 13326 W CarrierConfigManager: Error getting config for subId -1 ICarrierConfigLoader is null
11-11 05:57:35.082 1514 10321 E UserRestrictionsUtils: Unknown restriction queried by uid 1000 (com.thundercomm.remotecontrolservice et al): null
11-11 05:57:35.125 13326 13326 I sysui_multi_action: [757,746,758,1,833,0,1089,80]
11-11 05:57:35.127 1514 10321 D TelephonyRegistry: listen oscl: mHasNotifySubscriptionInfoChangedOccurred==false no callback
11-11 05:57:35.135 1514 2080 D TelephonyRegistry: listen oscl: mHasNotifySubscriptionInfoChangedOccurred==false no callback
11-11 05:57:35.142 13326 13326 I sysui_multi_action: [757,1729,758,4,854,isParalleledControllers:false,1089,96]
11-11 05:57:35.399 0 0 I auditd : type=1400 audit(0.0:4999): avc: denied { kill } for comm="swapper/3" capability=5 scontext=u:r:kernel:s0 tcontext=u:r:kernel:s0 tclass=capability permissive=0
11-11 05:57:36.004 13326 13326 I sysui_multi_action: [757,830,758,4,833,0,854,main_toggle_wifi,1089,0]
11-11 05:57:36.032 13326 13326 I sysui_multi_action: [757,746,758,2,1089,906]
11-11 05:57:36.059 1514 10321 I netstats_mobile_sample: [0,0,0,0,0,0,0,0,0,0,0,0,1668117456058]
11-11 05:57:36.059 1514 10321 I netstats_wifi_sample: [96887363,219991,47542679,109926,96887363,219991,47542679,109926,112734279,307107,23972907,56999,1668117456058]
11-11 05:57:36.074 1514 10321 I netstats_mobile_sample: [0,0,0,0,0,0,0,0,0,0,0,0,1668117456074]
11-11 05:57:36.074 1514 10321 I netstats_wifi_sample: [96887363,219991,47542679,109926,96887363,219991,47542679,109926,112736195,307111,23974823,57003,1668117456074]
11-11 05:57:36.109 13326 13326 I sysui_multi_action: [757,103,758,1,833,0,1089,66]
11-11 05:57:36.125 1514 2742 E TaskPersister: File error accessing recents directory (directory doesn't exist?).
11-11 05:57:36.399 0 0 I auditd : type=1400 audit(0.0:5000): avc: denied { kill } for comm="swapper/3" capability=5 scontext=u:r:kernel:s0 tcontext=u:r:kernel:s0 tclass=capability permissive=0
11-11 05:57:37.399 0 0 I auditd : type=1400 audit(0.0:5001): avc: denied { kill } for comm="swapper/3" capability=5 scontext=u:r:kernel:s0 tcontext=u:r:kernel:s0 tclass=capability permissive=0
11-11 05:57:38.399 0 0 I auditd : type=1400 audit(0.0:5002): avc: denied { kill } for comm="swapper/3" capability=5 scontext=u:r:kernel:s0 tcontext=u:r:kernel:s0 tclass=capability permissive=0
11-11 05:57:39.399 0 0 I auditd : type=1400 audit(0.0:5003): avc: denied { kill } for comm="swapper/3" capability=5 scontext=u:r:kernel:s0 tcontext=u:r:kernel:s0 tclass=capability permissive=0
11-11 05:57:40.399 0 0 I auditd : type=1400 audit(0.0:5004): avc: denied { kill } for comm="swapper/3" capability=5 scontext=u:r:kernel:s0 tcontext=u:r:kernel:s0 tclass=capability permissive=0
11-11 05:57:41.399 0 0 I auditd : type=1400 audit(0.0:5005): avc: denied { kill } for comm="swapper/3" capability=5 scontext=u:r:kernel:s0 tcontext=u:r:kernel:s0 tclass=capability permissive=0
11-11 05:57:42.399 0 0 I auditd : type=1400 audit(0.0:5006): avc: denied { kill } for comm="swapper/3" capability=5 scontext=u:r:kernel:s0 tcontext=u:r:kernel:s0 tclass=capability permissive=0
11-11 05:57:43.399 0 0 I auditd : type=1400 audit(0.0:5007): avc: denied { kill } for comm="swapper/3" capability=5 scontext=u:r:kernel:s0 tcontext=u:r:kernel:s0 tclass=capability permissive=0
11-11 05:57:44.399 0 0 I auditd : type=1400 audit(0.0:5008): avc: denied { kill } for comm="swapper/3" capability=5 scontext=u:r:kernel:s0 tcontext=u:r:kernel:s0 tclass=capability permissive=0
11-11 05:57:45.399 0 0 I auditd : type=1400 audit(0.0:5009): avc: denied { kill } for comm="swapper/3" capability=5 scontext=u:r:kernel:s0 tcontext=u:r:kernel:s0 tclass=capability permissive=0
11-11 05:57:46.399 0 0 I auditd : type=1400 audit(0.0:5010): avc: denied { kill } for comm="swapper/3" capability=5 scontext=u:r:kernel:s0 tcontext=u:r:kernel:s0 tclass=capability permissive=0
11-11 05:57:47.399 0 0 I auditd : type=1400 audit(0.0:5011): avc: denied { kill } for comm="swapper/3" capability=5 scontext=u:r:kernel:s0 tcontext=u:r:kernel:s0 tclass=capability permissive=0
11-11 05:57:47.527 13326 13326 I sysui_multi_action: [757,830,758,4,833,0,854,top_level_sound,1089,0]
11-11 05:57:47.631 13326 13326 I sysui_multi_action: [757,103,758,2,1089,11521]
11-11 05:57:47.668 1514 1612 I am_pss : [13326,1000,com.android.settings,86922240,75370496,0,218116096,0,2,11]
11-11 05:57:47.695 1514 1921 E UserRestrictionsUtils: Unknown restriction queried by uid 1000 (com.thundercomm.remotecontrolservice et al): null
11-11 05:57:47.696 1514 1921 E UserRestrictionsUtils: Unknown restriction queried by uid 1000 (com.thundercomm.remotecontrolservice et al): null
11-11 05:57:47.696 1514 1921 E UserRestrictionsUtils: Unknown restriction queried by uid 1000 (com.thundercomm.remotecontrolservice et al): null
11-11 05:57:47.697 1514 1921 E UserRestrictionsUtils: Unknown restriction queried by uid 1000 (com.thundercomm.remotecontrolservice et al): null
11-11 05:57:47.697 1514 1921 E UserRestrictionsUtils: Unknown restriction queried by uid 1000 (com.thundercomm.remotecontrolservice et al): null
11-11 05:57:47.697 1514 1921 E UserRestrictionsUtils: Unknown restriction queried by uid 1000 (com.thundercomm.remotecontrolservice et al): null
11-11 05:57:47.700 1514 1921 E UserRestrictionsUtils: Unknown restriction queried by uid 1000 (com.thundercomm.remotecontrolservice et al): null
11-11 05:57:47.724 13326 13326 I sysui_multi_action: [757,336,758,1,833,0,1089,60]
11-11 05:57:47.728 13326 13326 I sysui_multi_action: [757,1729,758,4,854,isParalleledControllers:false,1089,64]
11-11 05:57:48.399 0 0 I auditd : type=1400 audit(0.0:5012): avc: denied { kill } for comm="swapper/3" capability=5 scontext=u:r:kernel:s0 tcontext=u:r:kernel:s0 tclass=capability permissive=0
11-11 05:57:49.377 1514 1593 D CompatibilityChangeReporter: Compat change id reported: 173031413; UID 1000; state: ENABLED
11-11 05:57:49.378 1514 1593 D CompatibilityChangeReporter: Compat change id reported: 173031413; UID 1000; state: DISABLED
11-11 05:57:49.384 1514 1770 I input_interaction: Interaction with: d8ccc87 com.android.settings/com.android.settings.Settings (server), PointerEventDispatcher0 (server),
11-11 05:57:49.405 1514 1514 I volume_changed: [3,20,21,39,android]
11-11 05:57:49.407 1998 2502 I sysui_multi_action: [757,210,758,4,759,3]
11-11 05:57:49.416 1998 2502 I sysui_multi_action: [757,211,758,4,759,3]
11-11 05:57:49.429 1998 1998 I sysui_multi_action: [757,207,758,1]
11-11 05:57:49.430 1998 1998 I sysui_multi_action: [757,804,799,volume_from_keyguard,801,0,802,1]
11-11 05:57:50.123 1514 1715 I commit_sys_config_file: [settings-1-0,6]
11-11 05:57:50.399 0 0 I auditd : type=1400 audit(0.0:5013): avc: denied { kill } for comm="swapper/3" capability=5 scontext=u:r:kernel:s0 tcontext=u:r:kernel:s0 tclass=capability permissive=0
11-11 05:57:50.931 1514 1514 I volume_changed: [3,21,22,39,android]
11-11 05:57:50.961 1998 1998 I sysui_multi_action: [757,207,758,1]
11-11 05:57:50.961 1998 1998 I sysui_multi_action: [757,804,799,volume_from_keyguard,801,0,802,1]
11-11 05:57:51.399 0 0 I auditd : type=1400 audit(0.0:5014): avc: denied { kill } for comm="swapper/3" capability=5 scontext=u:r:kernel:s0 tcontext=u:r:kernel:s0 tclass=capability permissive=0
11-11 05:57:51.655 1514 1715 I commit_sys_config_file: [settings-1-0,4]
11-11 05:57:52.399 0 0 I auditd : type=1400 audit(0.0:5015): avc: denied { kill } for comm="swapper/3" capability=5 scontext=u:r:kernel:s0 tcontext=u:r:kernel:s0 tclass=capability permissive=0
11-11 05:57:53.002 1514 1514 I volume_changed: [3,22,23,39,android]
11-11 05:57:53.031 1998 1998 I sysui_multi_action: [757,207,758,1]
11-11 05:57:53.032 1998 1998 I sysui_multi_action: [757,804,799,volume_from_keyguard,801,0,802,1]
11-11 05:57:53.399 0 0 I auditd : type=1400 audit(0.0:5016): avc: denied { kill } for comm="swapper/3" capability=5 scontext=u:r:kernel:s0 tcontext=u:r:kernel:s0 tclass=capability permissive=0
11-11 05:57:53.731 1514 1715 I commit_sys_config_file: [settings-1-0,6]
11-11 05:57:54.399 0 0 I auditd : type=1400 audit(0.0:5017): avc: denied { kill } for comm="swapper/3" capability=5 scontext=u:r:kernel:s0 tcontext=u:r:kernel:s0 tclass=capability permissive=0
11-11 05:57:54.511 1514 1514 I volume_changed: [3,23,24,39,android]
11-11 05:57:54.527 1998 1998 I sysui_multi_action: [757,207,758,1]
11-11 05:57:54.527 1998 1998 I sysui_multi_action: [757,804,799,volume_from_keyguard,801,0,802,1]
11-11 05:57:55.231 1514 1715 I commit_sys_config_file: [settings-1-0,6]
11-11 05:57:55.399 0 0 I auditd : type=1400 audit(0.0:5018): avc: denied { kill } for comm="swapper/3" capability=5 scontext=u:r:kernel:s0 tcontext=u:r:kernel:s0 tclass=capability permissive=0
11-11 05:57:55.543 1514 1514 I volume_changed: [3,24,25,39,android]
11-11 05:57:55.548 1998 2502 I sysui_multi_action: [757,211,758,4,759,3]
11-11 05:57:55.563 1998 1998 I sysui_multi_action: [757,207,758,1]
11-11 05:57:55.563 1998 1998 I sysui_multi_action: [757,804,799,volume_from_keyguard,801,0,802,1]
11-11 05:57:56.267 1514 1715 I commit_sys_config_file: [settings-1-0,7]
11-11 05:57:56.403 0 0 I auditd : type=1400 audit(0.0:5019): avc: denied { kill } for comm="swapper/3" capability=5 scontext=u:r:kernel:s0 tcontext=u:r:kernel:s0 tclass=capability permissive=0
11-11 05:57:57.399 0 0 I auditd : type=1400 audit(0.0:5020): avc: denied { kill } for comm="swapper/3" capability=5 scontext=u:r:kernel:s0 tcontext=u:r:kernel:s0 tclass=capability permissive=0
11-11 05:57:58.399 0 0 I auditd : type=1400 audit(0.0:5021): avc: denied { kill } for comm="swapper/3" capability=5 scontext=u:r:kernel:s0 tcontext=u:r:kernel:s0 tclass=capability permissive=0
11-11 05:57:58.565 1998 1998 I sysui_multi_action: [757,207,758,2]
11-11 05:57:58.570 1998 2502 I sysui_multi_action: [757,210,758,4,759,-1]
11-11 05:57:59.403 0 0 I auditd : type=1400 audit(0.0:5022): avc: denied { kill } for comm="swapper/3" capability=5 scontext=u:r:kernel:s0 tcontext=u:r:kernel:s0 tclass=capability permissive=0
11-11 05:58:00.399 0 0 I auditd : type=1400 audit(0.0:5023): avc: denied { kill } for comm="swapper/3" capability=5 scontext=u:r:kernel:s0 tcontext=u:r:kernel:s0 tclass=capability permissive=0
11-11 05:58:01.399 0 0 I auditd : type=1400 audit(0.0:5024): avc: denied { kill } for comm="swapper/3" capability=5 scontext=u:r:kernel:s0 tcontext=u:r:kernel:s0 tclass=capability permissive=0
11-11 05:58:02.399 0 0 I auditd : type=1400 audit(0.0:5025): avc: denied { kill } for comm="swapper/3" capability=5 scontext=u:r:kernel:s0 tcontext=u:r:kernel:s0 tclass=capability permissive=0
11-11 05:58:03.399 0 0 I auditd : type=1400 audit(0.0:5026): avc: denied { kill } for comm="swapper/3" capability=5 scontext=u:r:kernel:s0 tcontext=u:r:kernel:s0 tclass=capability permissive=0
11-11 05:58:03.710 1514 1770 I input_interaction: Interaction with: d8ccc87 com.android.settings/com.android.settings.Settings (server), edge-swipe (server), swipe-up (server), PointerEventDispatcher0 (server),
11-11 05:58:03.853 13326 13326 I sysui_multi_action: [757,830,758,4,833,0,854,top_level_connected_devices,1089,0]
11-11 05:58:03.961 13326 13326 I sysui_multi_action: [757,336,758,2,1089,16236]
11-11 05:58:04.024 13326 13326 E ActivityThread: Failed to find provider info for com.google.android.gms.nearby.fastpair
11-11 05:58:04.025 13326 13503 E ActivityThread: Failed to find provider info for com.google.android.gms.nearby.fastpair
11-11 05:58:04.035 13326 13326 I sysui_multi_action: [757,747,758,1,833,0,1089,64]
11-11 05:58:04.036 13326 13326 I sysui_multi_action: [757,1729,758,4,854,isParalleledControllers:false,1089,65]
11-11 05:58:04.740 1514 1514 D CompanionDeviceManagerService: onDeviceConnected(address = 50:C0:F0:71:EB:E4)
11-11 05:58:04.740 1514 1514 I CompanionDeviceManagerService: onDeviceNearby(justAppeared, address = 50:C0:F0:71:EB:E4)
11-11 05:58:04.765 1514 1612 I am_pss : [13326,1000,com.android.settings,88086528,75993088,0,222126080,0,2,10]
11-11 05:58:04.773 1514 1612 I am_pss : [13482,10084,com.qualcomm.qti.qccauthmgr,6574080,4313088,0,94806016,0,19,6]
11-11 05:58:04.780 1514 1612 I am_pss : [13427,10068,com.android.gallery3d,7964672,5304320,0,93810688,0,19,6]
11-11 05:58:05.069 1514 1614 W BroadcastQueue: Permission Denial: broadcasting Intent { act=android.bluetooth.headset.profile.action.CONNECTION_STATE_CHANGED flg=0x1000010 (has extras) } from com.android.bluetooth (pid=1984, uid=1002) requires com.baidu.input.permission.REGISTERRECEIVE due to registered receiver BroadcastFilter{bd3a921 10023/u0 ReceiverList{9f82b2b 4154 com.baidu.input/10023/u0 remote:714277a}}
11-11 05:58:05.073 1514 1514 I Telecom : BluetoothStateReceiver: Device 50:C0:F0:71:EB:E4 changed state to 1: BSR.oR@AEk
11-11 05:58:05.278 1514 1614 W BroadcastQueue: Permission Denial: broadcasting Intent { act=android.bluetooth.headset.profile.action.CONNECTION_STATE_CHANGED flg=0x1000010 (has extras) } from com.android.bluetooth (pid=1984, uid=1002) requires com.baidu.input.permission.REGISTERRECEIVE due to registered receiver BroadcastFilter{bd3a921 10023/u0 ReceiverList{9f82b2b 4154 com.baidu.input/10023/u0 remote:714277a}}
11-11 05:58:05.392 1514 1514 W Looper : Slow dispatch took 121ms main h=android.app.ActivityThread$H c=android.app.LoadedApk$ReceiverDispatcher$Args$$ExternalSyntheticLambda0@7d1c17e m=0
11-11 05:58:05.393 1514 1514 I Telecom : BluetoothStateReceiver: Device 50:C0:F0:71:EB:E4 is now the preferred BT device for HFP: BSR.oR@AEo
11-11 05:58:05.393 1514 1514 I Telecom : BluetoothStateReceiver: Device 50:C0:F0:71:EB:E4 changed state to 2: BSR.oR@AEs
11-11 05:58:05.393 1514 2496 I Telecom : CallAudioRouteStateMachine: Message received: BT_ACTIVE_DEVICE_PRESENT=8, arg1=0: BSR.oR->CARSM.pM_BT_ACTIVE_DEVICE_PRESENT@AEo
11-11 05:58:05.393 1514 2496 I Telecom : QuiescentEarpieceRoute: Processing message BT_ACTIVE_DEVICE_PRESENT: BSR.oR->CARSM.pM_BT_ACTIVE_DEVICE_PRESENT@AEo
11-11 05:58:05.393 1514 2493 I Telecom : BluetoothRouteManager: Message received: NEW_DEVICE_CONNECTED.: BSR.oR->BRM.pM_1@AEs
11-11 05:58:05.393 1514 2496 I Telecom : Logging.Events: Non-call EVENT: AUDIO_ROUTE, Bluetooth active device present: BSR.oR->CARSM.pM_BT_ACTIVE_DEVICE_PRESENT@AEo
11-11 05:58:05.394 1514 2496 I Telecom : CallAudioRouteStateMachine: Message received: SWITCH_BLUETOOTH=1002, arg1=0: BSR.oR->CARSM.pM_BT_ACTIVE_DEVICE_PRESENT->CARSM.pM_SWITCH_BLUETOOTH@AEo
11-11 05:58:05.394 1514 2496 I Telecom : QuiescentEarpieceRoute: Processing message SWITCH_BLUETOOTH: BSR.oR->CARSM.pM_BT_ACTIVE_DEVICE_PRESENT->CARSM.pM_SWITCH_BLUETOOTH@AEo
11-11 05:58:05.394 1514 2496 W Telecom : QuiescentEarpieceRoute: Ignoring switch to bluetooth command. Not available.: BSR.oR->CARSM.pM_BT_ACTIVE_DEVICE_PRESENT->CARSM.pM_SWITCH_BLUETOOTH@AEo
11-11 05:58:05.394 1514 2496 I Telecom : CallAudioRouteStateMachine: Message received: BLUETOOTH_DEVICE_LIST_CHANGED=7, arg1=0: BSR.oR->CARSM.pM_BLUETOOTH_DEVICE_LIST_CHANGED@AEs
11-11 05:58:05.394 1514 2496 I Telecom : QuiescentEarpieceRoute: Processing message BLUETOOTH_DEVICE_LIST_CHANGED: BSR.oR->CARSM.pM_BLUETOOTH_DEVICE_LIST_CHANGED@AEs
11-11 05:58:05.394 1514 2496 I Telecom : Logging.Events: Non-call EVENT: AUDIO_ROUTE, Bluetooth device list changed: BSR.oR->CARSM.pM_BLUETOOTH_DEVICE_LIST_CHANGED@AEs
11-11 05:58:05.404 1514 1514 I Telecom : WiredHeadsetManager: ACTION_HEADSET_PLUG event, plugged in: false, : WHC.oADA@AEw
11-11 05:58:05.658 1514 1514 I Telecom : WiredHeadsetManager: ACTION_HEADSET_PLUG event, plugged in: false, : WHC.oADA@AE0
11-11 05:58:05.675 1514 1919 I stream_devices_changed: [3,2,128]
11-11 05:58:05.723 1514 1919 I stream_devices_changed: [6,1,128]
11-11 05:58:05.794 1998 2502 I sysui_multi_action: [757,210,758,4,759,10]
11-11 05:58:05.849 1998 2502 I sysui_multi_action: [757,210,758,4,759,8]
11-11 05:58:05.897 1998 2502 I sysui_multi_action: [757,210,758,4,759,7]
11-11 05:58:05.946 1998 2502 I sysui_multi_action: [757,210,758,4,759,5]
11-11 05:58:06.122 1998 2502 I sysui_multi_action: [757,210,758,4,759,4]
11-11 05:58:06.159 1998 2502 I sysui_multi_action: [757,210,758,4,759,2]
11-11 05:58:06.209 1998 2502 I sysui_multi_action: [757,210,758,4,759,1]
11-11 05:58:06.212 1998 2502 I sysui_multi_action: [757,210,758,4,759,0]
11-11 05:58:06.214 1998 2502 I sysui_multi_action: [757,210,758,4,759,3]
11-11 05:58:06.216 1998 2502 I sysui_multi_action: [757,210,758,4,759,11]
11-11 05:58:06.217 1998 2502 I sysui_multi_action: [757,210,758,4,759,6]
11-11 05:58:06.399 0 0 I auditd : type=1400 audit(0.0:5027): avc: denied { kill } for comm="swapper/1" capability=5 scontext=u:r:kernel:s0 tcontext=u:r:kernel:s0 tclass=capability permissive=0
11-11 05:58:07.399 0 0 I auditd : type=1400 audit(0.0:5028): avc: denied { kill } for comm="swapper/1" capability=5 scontext=u:r:kernel:s0 tcontext=u:r:kernel:s0 tclass=capability permissive=0
11-11 05:58:08.399 0 0 I auditd : type=1400 audit(0.0:5029): avc: denied { kill } for comm="swapper/1" capability=5 scontext=u:r:kernel:s0 tcontext=u:r:kernel:s0 tclass=capability permissive=0
11-11 05:58:09.363 13326 13326 I sysui_multi_action: [757,830,758,4,833,0,854,top_level_sound,1089,0]
11-11 05:58:09.467 13326 13326 I sysui_multi_action: [757,747,758,2,1089,5431]
11-11 05:58:09.495 1514 9595 E UserRestrictionsUtils: Unknown restriction queried by uid 1000 (com.thundercomm.remotecontrolservice et al): null
11-11 05:58:09.496 1514 9595 E UserRestrictionsUtils: Unknown restriction queried by uid 1000 (com.thundercomm.remotecontrolservice et al): null
11-11 05:58:09.496 1514 9595 E UserRestrictionsUtils: Unknown restriction queried by uid 1000 (com.thundercomm.remotecontrolservice et al): null
11-11 05:58:09.497 1514 9595 E UserRestrictionsUtils: Unknown restriction queried by uid 1000 (com.thundercomm.remotecontrolservice et al): null
11-11 05:58:09.497 1514 9595 E UserRestrictionsUtils: Unknown restriction queried by uid 1000 (com.thundercomm.remotecontrolservice et al): null
11-11 05:58:09.498 1514 9595 E UserRestrictionsUtils: Unknown restriction queried by uid 1000 (com.thundercomm.remotecontrolservice et al): null
11-11 05:58:09.499 1514 9595 E UserRestrictionsUtils: Unknown restriction queried by uid 1000 (com.thundercomm.remotecontrolservice et al): null
11-11 05:58:09.529 13326 13326 I sysui_multi_action: [757,336,758,1,833,0,1089,51]
11-11 05:58:09.536 13326 13326 I sysui_multi_action: [757,1729,758,4,854,isParalleledControllers:false,1089,59]
11-11 05:58:10.399 0 0 I auditd : type=1400 audit(0.0:5030): avc: denied { kill } for comm="swapper/2" capability=5 scontext=u:r:kernel:s0 tcontext=u:r:kernel:s0 tclass=capability permissive=0
11-11 05:58:11.399 0 0 I auditd : type=1400 audit(0.0:5031): avc: denied { kill } for comm="swapper/2" capability=5 scontext=u:r:kernel:s0 tcontext=u:r:kernel:s0 tclass=capability permissive=0
11-11 05:58:12.399 0 0 I auditd : type=1400 audit(0.0:5032): avc: denied { kill } for comm="swapper/2" capability=5 scontext=u:r:kernel:s0 tcontext=u:r:kernel:s0 tclass=capability permissive=0
11-11 05:58:12.821 1514 1770 I input_interaction: Interaction with: d8ccc87 com.android.settings/com.android.settings.Settings (server), PointerEventDispatcher0 (server),
11-11 05:58:12.826 1514 1514 I volume_changed: [6,10,11,15,android]
11-11 05:58:12.841 1998 1998 I sysui_multi_action: [757,207,758,1]
11-11 05:58:12.844 1998 1998 I sysui_multi_action: [757,804,799,volume_from_keyguard,801,0,802,1]
11-11 05:58:13.399 0 0 I auditd : type=1400 audit(0.0:5033): avc: denied { kill } for comm="swapper/2" capability=5 scontext=u:r:kernel:s0 tcontext=u:r:kernel:s0 tclass=capability permissive=0
11-11 05:58:14.399 0 0 I auditd : type=1400 audit(0.0:5034): avc: denied { kill } for comm="swapper/2" capability=5 scontext=u:r:kernel:s0 tcontext=u:r:kernel:s0 tclass=capability permissive=0
11-11 05:58:14.742 1514 1514 D CompanionDeviceManagerService: TriggerDeviceDisappearedRunnable.run(address = 50:C0:F0:71:EB:E4)
11-11 05:58:15.118 1514 1614 I am_uid_idle: 10051
11-11 05:58:15.305 1514 1514 I volume_changed: [6,11,12,15,android]
11-11 05:58:15.312 1998 2502 I sysui_multi_action: [757,211,758,4,759,6]
11-11 05:58:15.319 1998 1998 I sysui_multi_action: [757,207,758,1]
11-11 05:58:15.320 1998 1998 I sysui_multi_action: [757,804,799,volume_from_keyguard,801,0,802,1]
11-11 05:58:15.399 0 0 I auditd : type=1400 audit(0.0:5035): avc: denied { kill } for comm="swapper/2" capability=5 scontext=u:r:kernel:s0 tcontext=u:r:kernel:s0 tclass=capability permissive=0
11-11 05:58:16.286 1514 1514 I volume_changed: [6,12,13,15,android]
11-11 05:58:16.312 1998 1998 I sysui_multi_action: [757,207,758,1]
11-11 05:58:16.313 1998 1998 I sysui_multi_action: [757,804,799,volume_from_keyguard,801,0,802,1]
11-11 05:58:16.399 0 0 I auditd : type=1400 audit(0.0:5036): avc: denied { kill } for comm="swapper/2" capability=5 scontext=u:r:kernel:s0 tcontext=u:r:kernel:s0 tclass=capability permissive=0
11-11 05:58:16.831 1514 1514 I volume_changed: [6,13,14,15,android]
11-11 05:58:16.837 1998 2502 I sysui_multi_action: [757,211,758,4,759,6]
11-11 05:58:16.840 1998 1998 I sysui_multi_action: [757,207,758,1]
11-11 05:58:16.841 1998 1998 I sysui_multi_action: [757,804,799,volume_from_keyguard,801,0,802,1]
11-11 05:58:17.195 1514 1514 I volume_changed: [6,14,15,15,android]
11-11 05:58:17.202 1998 2502 I sysui_multi_action: [757,211,758,4,759,6]
11-11 05:58:17.208 1998 1998 I sysui_multi_action: [757,207,758,1]
11-11 05:58:17.209 1998 1998 I sysui_multi_action: [757,804,799,volume_from_keyguard,801,0,802,1]
11-11 05:58:17.385 1998 1998 I sysui_multi_action: [757,207,758,1]
11-11 05:58:17.386 1998 1998 I sysui_multi_action: [757,804,799,volume_from_keyguard,801,0,802,1]
11-11 05:58:17.399 0 0 I auditd : type=1400 audit(0.0:5037): avc: denied { kill } for comm="swapper/2" capability=5 scontext=u:r:kernel:s0 tcontext=u:r:kernel:s0 tclass=capability permissive=0
11-11 05:58:17.699 1998 1998 I sysui_multi_action: [757,207,758,1]
