11-11 06:20:48.514 1514 1596 I input_focus: [Focus request bc805e6 com.android.gallery3d/com.android.gallery3d.app.MovieActivity,reason=UpdateInputWindows]
11-11 06:20:48.554 1514 1592 I wm_activity_launch_time: [0,28795708,com.android.gallery3d/.app.MovieActivity,113]
11-11 06:20:48.575 1514 1770 I input_focus: [Focus entering bc805e6 com.android.gallery3d/com.android.gallery3d.app.MovieActivity (server),reason=Window became focusable. Previous reason: NOT_VISIBLE]
11-11 06:20:48.604 3685 3703 W ContextImpl: Calling a method in the system process without a qualified user: android.app.ContextImpl.startService:1816 android.content.ContextWrapper.startService:774 com.thundercomm.gamemode.ingame.services.GameModeActionUtils.startGameModeService:93 com.thundercomm.gamemode.ingame.services.GameModeActionUtils.startGameModeEntry:21 com.thundercomm.gamemode.ingame.services.ActivityMonitoringService$1.onActivityLaunch:126
11-11 06:20:48.613 1514 1514 I GameModeConfig: Current uri is uri = content://com.thundercomm.gamemode.api/gamemode_settings/gamemode_isgaming
11-11 06:20:48.615 1514 1514 I GameModeConfig: isGameModeOn = false
11-11 06:20:48.615 1514 1514 I GameModeConfig: isGameModeOn = false
11-11 06:20:48.615 1514 1514 I GameModeConfig: isDisableVoice = true
11-11 06:20:48.677 1514 4820 I snet_event_log: [172655291,-1,]
11-11 06:20:48.946 1514 1595 I wm_stop_activity: [0,45866803,com.android.gallery3d/.app.GalleryActivity]
11-11 06:20:48.951 14627 14627 I wm_on_stop_called: [45866803,com.android.gallery3d.app.GalleryActivity,STOP_ACTIVITY_ITEM]
11-11 06:20:49.280 1514 1593 D CompatibilityChangeReporter: Compat change id reported: 168419799; UID 1000; state: DISABLED
11-11 06:20:49.298 1514 1596 I input_focus: [Focus request ef83c5d ImmersiveModeConfirmation,reason=UpdateInputWindows]
11-11 06:20:49.312 1514 1770 I input_focus: [Focus leaving bc805e6 com.android.gallery3d/com.android.gallery3d.app.MovieActivity (server),reason=Waiting for window because NOT_VISIBLE]
11-11 06:20:49.328 1514 1770 I input_focus: [Focus entering ef83c5d ImmersiveModeConfirmation (server),reason=Window became focusable. Previous reason: NOT_VISIBLE]
11-11 06:20:49.396 1514 1770 I input_interaction: Interaction with: bc805e6 com.android.gallery3d/com.android.gallery3d.app.MovieActivity (server), edge-swipe (server), swipe-up (server), PointerEventDispatcher0 (server),
11-11 06:20:49.399 0 0 I auditd : type=1400 audit(0.0:6426): avc: denied { kill } for comm="swapper/3" capability=5 scontext=u:r:kernel:s0 tcontext=u:r:kernel:s0 tclass=capability permissive=0
11-11 06:20:49.463 1514 1596 I input_focus: [Focus request bc805e6 com.android.gallery3d/com.android.gallery3d.app.MovieActivity,reason=UpdateInputWindows]
11-11 06:20:49.496 1514 1770 I input_focus: [Focus entering bc805e6 com.android.gallery3d/com.android.gallery3d.app.MovieActivity (server),reason=setFocusedWindow]
11-11 06:20:49.682 1514 2742 E TaskPersister: File error accessing recents directory (directory doesn't exist?).
11-11 06:20:50.018 1514 2119 I wm_task_moved: [39,0,0]
11-11 06:20:50.019 1514 2119 I wm_task_moved: [39,0,6]
11-11 06:20:50.038 3685 3703 W ContextImpl: Calling a method in the system process without a qualified user: android.app.ContextImpl.startService:1816 android.content.ContextWrapper.startService:774 com.thundercomm.gamemode.ingame.services.GameModeActionUtils.startGameModeService:93 com.thundercomm.gamemode.ingame.services.GameModeActionUtils.startGameModeEntry:21 com.thundercomm.gamemode.ingame.services.ActivityMonitoringService$1.onActivityLaunch:126
11-11 06:20:50.042 1514 1514 I GameModeConfig: Current uri is uri = content://com.thundercomm.gamemode.api/gamemode_settings/gamemode_isgaming
11-11 06:20:50.043 2503 2503 I wm_on_restart_called: [157690489,com.android.launcher3.uioverrides.QuickstepLauncher,performRestartActivity]
11-11 06:20:50.043 1514 7417 I wm_finish_activity: [0,28795708,105,com.android.gallery3d/.app.MovieActivity,app-request]
11-11 06:20:50.044 1514 7417 I wm_pause_activity: [0,28795708,com.android.gallery3d/.app.MovieActivity,userLeaving=false,finish]
11-11 06:20:50.044 14627 14627 I wm_on_top_resumed_lost_called: [28795708,com.android.gallery3d.app.MovieActivity,topStateChangedWhenResumed]
11-11 06:20:50.045 1514 1514 I GameModeConfig: isGameModeOn = false
11-11 06:20:50.045 1514 1514 I GameModeConfig: isGameModeOn = false
11-11 06:20:50.045 1514 1514 I GameModeConfig: isDisableVoice = true
11-11 06:20:50.047 1514 7417 I wm_finish_activity: [0,45866803,105,com.android.gallery3d/.app.GalleryActivity,app-request]
11-11 06:20:50.048 1514 7417 I wm_task_moved: [39,1,7]
11-11 06:20:50.048 1514 7417 I wm_task_moved: [40,1,2147483647]
11-11 06:20:50.048 1514 7417 I wm_task_to_front: [0,40]
11-11 06:20:50.048 1514 7417 I wm_focused_root_task: [0,0,39,-1,finish-top adjustFocusToNextFocusableTask]
11-11 06:20:50.049 1514 7417 I wm_destroy_activity: [0,45866803,105,com.android.gallery3d/.app.GalleryActivity,finish-imm:finishIfPossible]
11-11 06:20:50.062 1514 1770 I input_focus: [Focus leaving bc805e6 com.android.gallery3d/com.android.gallery3d.app.MovieActivity (server),reason=NO_WINDOW]
11-11 06:20:50.062 1514 1770 I input_interaction: Interaction with: edge-swipe (server), swipe-up (server), PointerEventDispatcher0 (server),
11-11 06:20:50.063 1514 2116 I snet_event_log: [172655291,-1,]
11-11 06:20:50.075 2503 2503 I wm_on_start_called: [157690489,com.android.launcher3.uioverrides.QuickstepLauncher,handleStartActivity]
11-11 06:20:50.081 1514 1596 I input_focus: [Focus request eea03e8 com.android.launcher3/com.android.launcher3.uioverrides.QuickstepLauncher,reason=UpdateInputWindows]
11-11 06:20:50.089 2503 2503 I sysui_latency: [1,89]
11-11 06:20:50.103 1514 1592 I sysui_multi_action: [319,10,322,75,325,5665,757,761,758,9,759,5,806,com.android.launcher3,871,com.android.launcher3.uioverrides.QuickstepLauncher,904,com.android.launcher3,905,0,1320,8,1321,5]
11-11 06:20:50.118 14627 14627 I wm_on_paused_called: [28795708,com.android.gallery3d.app.MovieActivity,performPause]
11-11 06:20:50.119 1514 2040 I wm_add_to_stopping: [0,28795708,com.android.gallery3d/.app.MovieActivity,completeFinishing]
11-11 06:20:50.119 1514 2040 I ActivityTaskManager: FOREGROUND_APPLICATION_CHANGED to com.android.launcher3.uioverrides.QuickstepLauncher
11-11 06:20:50.121 1514 2040 I wm_set_resumed_activity: [0,com.android.launcher3/.uioverrides.QuickstepLauncher,resumeTopActivityInnerLocked]
11-11 06:20:50.123 1514 2040 I wm_resume_activity: [0,157690489,40,com.android.launcher3/.uioverrides.QuickstepLauncher]
11-11 06:20:50.124 2503 2503 I wm_on_resume_called: [157690489,com.android.launcher3.uioverrides.QuickstepLauncher,RESUME_ACTIVITY]
11-11 06:20:50.124 2503 2503 I wm_on_top_resumed_gained_called: [157690489,com.android.launcher3.uioverrides.QuickstepLauncher,topWhenResuming]
11-11 06:20:50.130 14627 14627 I view_enqueue_input_event: [Motion - Cancel,com.android.gallery3d/com.android.gallery3d.app.MovieActivity]
11-11 06:20:50.138 1514 1595 I sysui_multi_action: [757,803,799,window_time_0,802,2]
11-11 06:20:50.138 14627 14627 I wm_on_destroy_called: [45866803,com.android.gallery3d.app.GalleryActivity,performDestroy]
11-11 06:20:50.144 1514 1770 I input_focus: [Focus entering eea03e8 com.android.launcher3/com.android.launcher3.uioverrides.QuickstepLauncher (server),reason=Window became focusable. Previous reason: NOT_VISIBLE]
11-11 06:20:50.153 1514 1612 W UsageStatsService: Unexpected activity event reported! (com.android.gallery3d/com.android.gallery3d.app.GalleryActivity event : 23 instanceId : 64911981)
11-11 06:20:50.233 3685 3703 W ContextImpl: Calling a method in the system process without a qualified user: android.app.ContextImpl.startService:1816 android.content.ContextWrapper.startService:774 com.thundercomm.gamemode.ingame.services.GameModeActionUtils.startGameModeService:93 com.thundercomm.gamemode.ingame.services.GameModeActionUtils.startGameModeEntry:21 com.thundercomm.gamemode.ingame.services.ActivityMonitoringService$1.onActivityLaunch:126
11-11 06:20:50.237 1514 1514 I GameModeConfig: Current uri is uri = content://com.thundercomm.gamemode.api/gamemode_settings/gamemode_isgaming
11-11 06:20:50.241 1514 1514 I GameModeConfig: isGameModeOn = false
11-11 06:20:50.241 1514 1514 I GameModeConfig: isGameModeOn = false
11-11 06:20:50.241 1514 1514 I GameModeConfig: isDisableVoice = true
11-11 06:20:50.279 1514 1715 I commit_sys_config_file: [settings-1-0,5]
11-11 06:20:50.394 1514 1612 I sysui_latency: [8,93]
11-11 06:20:50.712 1514 2497 I wm_task_moved: [39,0,5]
11-11 06:20:50.715 1514 2497 I wm_pause_activity: [0,157690489,com.android.launcher3/.uioverrides.QuickstepLauncher,userLeaving=false,pauseBackTasks]
11-11 06:20:50.716 1514 2497 I wm_add_to_stopping: [0,157690489,com.android.launcher3/.uioverrides.QuickstepLauncher,makeInvisible]
11-11 06:20:50.725 1514 1595 I wm_destroy_activity: [0,28795708,105,com.android.gallery3d/.app.MovieActivity,finish-imm:idle]
11-11 06:20:50.729 1514 2497 W ContextImpl: Calling a method in the system process without a qualified user: android.app.ContextImpl.startActivity:1067 com.android.server.wm.FreeFormWindowHelper.exitRecentTasks:387 com.android.server.wm.ActivityTaskManagerService.exitRecentTasks:3795 android.app.IActivityTaskManager$Stub.onTransact:2295 com.android.server.wm.ActivityTaskManagerService.onTransact:5039
11-11 06:20:50.730 1514 2497 I ActivityTaskManager: START u0 {act=android.intent.action.MAIN cat=[android.intent.category.LAUNCHER] flg=0x10300000 cmp=com.android.gallery3d/.app.GalleryActivity} from uid 1000
11-11 06:20:50.732 1514 2497 I wm_task_created: [117,-1]
11-11 06:20:50.733 1514 2497 W ActivityTaskManager: Can't find TaskDisplayArea to determine support for multi window. Task id=117 attached=false
11-11 06:20:50.734 1514 2497 D FreeFormWindowHelper: Add freeform task=Task{6f00e1d #117 type=standard ?? U=0 visible=false mode=freeform translucent=true sz=0}
11-11 06:20:50.740 14627 14627 I wm_on_stop_called: [28795708,com.android.gallery3d.app.MovieActivity,LIFECYCLER_STOP_ACTIVITY]
11-11 06:20:50.741 14627 14627 I wm_on_destroy_called: [28795708,com.android.gallery3d.app.MovieActivity,performDestroy]
11-11 06:20:50.747 1514 2497 I wm_task_moved: [117,1,8]
11-11 06:20:50.747 1514 2497 I wm_task_to_front: [0,117]
11-11 06:20:50.747 1514 2497 I wm_create_task: [0,117]
11-11 06:20:50.747 1514 2497 I wm_create_activity: [0,267454610,117,com.android.gallery3d/.app.GalleryActivity,android.intent.action.MAIN,NULL,NULL,271581184]
11-11 06:20:50.747 1514 2497 I wm_task_moved: [117,1,8]
11-11 06:20:50.749 1514 1770 I input_focus: [Focus leaving eea03e8 com.android.launcher3/com.android.launcher3.uioverrides.QuickstepLauncher (server),reason=NO_WINDOW]
11-11 06:20:50.759 1514 4820 I wm_task_removed: [105,removeChild:removeChild last r=ActivityRecord{1b7633c u0 com.android.gallery3d/.app.MovieActivity t-1 f}} in t=Task{5a6d9f9 #105 type=standard A=10068:com.android.gallery3d U=0 visible=false mode=fullscreen translucent=true sz=0}]
11-11 06:20:50.759 1514 4820 I wm_task_removed: [105,removeChild]
11-11 06:20:50.760 3685 3703 W ContextImpl: Calling a method in the system process without a qualified user: android.app.ContextImpl.startService:1816 android.content.ContextWrapper.startService:774 com.thundercomm.gamemode.ingame.services.GameModeActionUtils.startGameModeService:93 com.thundercomm.gamemode.ingame.services.GameModeActionUtils.startGameModeEntry:21 com.thundercomm.gamemode.ingame.services.ActivityMonitoringService$1.onActivityLaunch:126
11-11 06:20:50.761 1514 1596 W ActivityTaskManager: Can't find TaskDisplayArea to determine support for multi window. Task id=105 attached=false
11-11 06:20:50.761 1514 1596 W ActivityTaskManager: Can't find TaskDisplayArea to determine support for multi window. Task id=105 attached=false
11-11 06:20:50.767 1514 1514 I GameModeConfig: Current uri is uri = content://com.thundercomm.gamemode.api/gamemode_settings/gamemode_isgaming
11-11 06:20:50.768 2503 2503 I wm_on_top_resumed_lost_called: [157690489,com.android.launcher3.uioverrides.QuickstepLauncher,topStateChangedWhenResumed]
11-11 06:20:50.769 2503 2503 I wm_on_paused_called: [157690489,com.android.launcher3.uioverrides.QuickstepLauncher,performPause]
11-11 06:20:50.769 1514 7417 I ActivityTaskManager: FOREGROUND_APPLICATION_CHANGED to com.android.gallery3d.app.GalleryActivity
11-11 06:20:50.770 1514 7417 I ActivityTaskManager: The Process com.android.gallery3d Already Exists in BG. So sending its PID: 14627
11-11 06:20:50.770 1514 7417 W ActivityTaskManager: Tried to set launchTime (0) < mLastActivityLaunchTime (5663889)
11-11 06:20:50.771 1514 7417 I wm_restart_activity: [0,267454610,117,com.android.gallery3d/.app.GalleryActivity]
11-11 06:20:50.772 1514 7417 I wm_set_resumed_activity: [0,com.android.gallery3d/.app.GalleryActivity,minimalResumeActivityLocked]
11-11 06:20:50.772 1514 1514 I GameModeConfig: isGameModeOn = false
11-11 06:20:50.772 1514 1514 I GameModeConfig: isGameModeOn = false
11-11 06:20:50.772 1514 1514 I GameModeConfig: isDisableVoice = true
11-11 06:20:50.772 1514 7417 I ActivityTaskManager: FOREGROUND_APPLICATION_CHANGED to com.android.music.MusicBrowserActivity
11-11 06:20:50.773 1514 7417 I wm_resume_activity: [0,172816109,116,com.android.music/.MusicBrowserActivity]
11-11 06:20:50.774 14569 14569 I wm_on_restart_called: [172816109,com.android.music.MusicBrowserActivity,performRestartActivity]
11-11 06:20:50.776 3685 3703 W ContextImpl: Calling a method in the system process without a qualified user: android.app.ContextImpl.startService:1816 android.content.ContextWrapper.startService:774 com.thundercomm.gamemode.ingame.services.GameModeActionUtils.startGameModeService:93 com.thundercomm.gamemode.ingame.services.GameModeActionUtils.startGameModeEntry:21 com.thundercomm.gamemode.ingame.services.ActivityMonitoringService$1.onActivityLaunch:126
11-11 06:20:50.780 14569 14569 I wm_on_start_called: [172816109,com.android.music.MusicBrowserActivity,handleStartActivity]
11-11 06:20:50.781 14569 14569 I wm_on_resume_called: [172816109,com.android.music.MusicBrowserActivity,RESUME_ACTIVITY]
11-11 06:20:50.782 1514 1595 I sysui_multi_action: [757,803,799,window_time_0,802,1]
11-11 06:20:50.792 1514 1514 I GameModeConfig: Current uri is uri = content://com.thundercomm.gamemode.api/gamemode_settings/gamemode_isgaming
11-11 06:20:50.794 1514 1514 I GameModeConfig: isGameModeOn = false
11-11 06:20:50.795 1514 1514 I GameModeConfig: isGameModeOn = false
11-11 06:20:50.795 1514 1514 I GameModeConfig: isDisableVoice = true
11-11 06:20:50.802 1514 1901 I GameModeConfig: isGameModeOn = false
11-11 06:20:50.802 1514 1901 I GameModeConfig: isGameModeOn = false
11-11 06:20:50.802 1514 1901 I GameModeConfig: isGameModeOn = false
11-11 06:20:50.802 1514 1901 I GameModeConfig: isGameModeOn = false
11-11 06:20:50.803 14627 14627 I wm_on_create_called: [267454610,com.android.gallery3d.app.GalleryActivity,performCreate]
11-11 06:20:50.804 14627 14627 I wm_on_start_called: [267454610,com.android.gallery3d.app.GalleryActivity,handleStartActivity]
11-11 06:20:50.807 14627 14627 I wm_on_resume_called: [267454610,com.android.gallery3d.app.GalleryActivity,RESUME_ACTIVITY]
11-11 06:20:50.808 1514 2040 W WindowManager: Failed looking up window session=Session{e4fe02 14627:u0a10068} callers=com.android.server.wm.WindowManagerService.windowForClientLocked:5628 com.android.server.wm.Session.insetsModified:629 android.view.IWindowSession$Stub.onTransact:1151
11-11 06:20:50.809 3685 3703 W ContextImpl: Calling a method in the system process without a qualified user: android.app.ContextImpl.startService:1816 android.content.ContextWrapper.startService:774 com.thundercomm.gamemode.ingame.services.GameModeActionUtils.startGameModeService:93 com.thundercomm.gamemode.ingame.services.GameModeActionUtils.startGameModeEntry:21 com.thundercomm.gamemode.ingame.services.ActivityMonitoringService$1.onActivityLaunch:126
11-11 06:20:50.810 14627 14627 I wm_on_top_resumed_gained_called: [267454610,com.android.gallery3d.app.GalleryActivity,topStateChangedWhenResumed]
11-11 06:20:50.814 1514 1514 I notification_enqueue: [10086,14569,com.android.music,1,NULL,0,Notification(channel=Channel-music shortcut=null contentView=null vibrate=null sound=null defaults=0x0 flags=0x40 color=0x00000000 category=transport actions=3 vis=PRIVATE),0]
11-11 06:20:50.817 1514 1596 I input_focus: [Focus request 8ac388e com.android.gallery3d/com.android.gallery3d.app.GalleryActivity,reason=UpdateInputWindows]
11-11 06:20:50.817 1514 1514 I GameModeConfig: Current uri is uri = content://com.thundercomm.gamemode.api/gamemode_settings/gamemode_isgaming
11-11 06:20:50.820 1998 1998 I sysui_multi_action: [757,111,758,2]
11-11 06:20:50.821 1514 1514 I GameModeConfig: isGameModeOn = false
11-11 06:20:50.821 1998 1998 I sysui_multi_action: [757,111,758,2]
11-11 06:20:50.821 1514 1514 I GameModeConfig: isGameModeOn = false
11-11 06:20:50.821 1514 1514 I GameModeConfig: isDisableVoice = true
11-11 06:20:50.823 1514 1514 I notification_enqueue: [10086,14569,com.android.music,1,NULL,0,Notification(channel=Channel-music shortcut=null contentView=null vibrate=null sound=null defaults=0x0 flags=0x40 color=0x00000000 category=transport actions=3 vis=PRIVATE),0]
11-11 06:20:50.824 1514 1514 I notification_enqueue: [10082,1998,com.android.systemui,2048,NULL,0,Notification(channel=updateNotification shortcut=null contentView=null vibrate=null sound=null defaults=0x0 flags=0x0 color=0x00000000 vis=PRIVATE),1]
11-11 06:20:50.826 1514 1901 I GameModeConfig: isGameModeOn = false
11-11 06:20:50.826 1514 1901 I GameModeConfig: isGameModeOn = false
11-11 06:20:50.826 1514 1901 I GameModeConfig: isGameModeOn = false
11-11 06:20:50.826 1514 1901 I GameModeConfig: isGameModeOn = false
11-11 06:20:50.836 1998 1998 I sysui_multi_action: [757,111,758,1]
11-11 06:20:50.836 1998 1998 I sysui_multi_action: [757,126,758,1,759,126,927,0,928,1,1593,0]
11-11 06:20:50.836 1998 1998 I sysui_multi_action: [757,113,758,1,759,113,927,1,928,1,1593,0]
11-11 06:20:50.836 1998 1998 I sysui_multi_action: [757,0,758,1,759,0,927,2,928,0,1593,0]
11-11 06:20:50.837 1998 1998 I sysui_multi_action: [757,0,758,1,759,0,927,3,928,0,1593,0]
11-11 06:20:50.837 1998 1998 I sysui_multi_action: [757,491,758,1,759,491,927,4,928,0,1311,-1,1593,0]
11-11 06:20:50.837 1998 1998 I sysui_multi_action: [757,0,758,1,759,0,927,5,928,0,1593,0]
11-11 06:20:50.838 1998 1998 I sysui_multi_action: [757,111,758,1]
11-11 06:20:50.838 1998 1998 I sysui_multi_action: [757,126,758,1,759,126,927,0,928,1,1593,0]
11-11 06:20:50.838 1998 1998 I sysui_multi_action: [757,113,758,1,759,113,927,1,928,1,1593,0]
11-11 06:20:50.838 1998 1998 I sysui_multi_action: [757,0,758,1,759,0,927,2,928,0,1593,0]
11-11 06:20:50.838 1998 1998 I sysui_multi_action: [757,0,758,1,759,0,927,3,928,0,1593,0]
11-11 06:20:50.852 1514 1592 I sysui_multi_action: [319,121,322,120,325,5666,757,761,758,8,759,2,806,com.android.gallery3d,871,com.android.gallery3d.app.GalleryActivity,904,android,905,0,1320,4,1321,1]
11-11 06:20:50.852 1514 1592 I wm_activity_launch_time: [0,267454610,com.android.gallery3d/.app.GalleryActivity,120]
11-11 06:20:50.863 1514 1770 I input_focus: [Focus entering 8ac388e com.android.gallery3d/com.android.gallery3d.app.GalleryActivity (server),reason=Window became focusable. Previous reason: NOT_VISIBLE]
11-11 06:20:50.881 3685 3703 W ContextImpl: Calling a method in the system process without a qualified user: android.app.ContextImpl.startService:1816 android.content.ContextWrapper.startService:774 com.thundercomm.gamemode.ingame.services.GameModeActionUtils.startGameModeService:93 com.thundercomm.gamemode.ingame.services.GameModeActionUtils.startGameModeEntry:21 com.thundercomm.gamemode.ingame.services.ActivityMonitoringService$1.onActivityLaunch:126
11-11 06:20:50.885 1514 1514 I GameModeConfig: Current uri is uri = content://com.thundercomm.gamemode.api/gamemode_settings/gamemode_isgaming
11-11 06:20:50.887 1514 1514 I GameModeConfig: isGameModeOn = false
11-11 06:20:50.887 1514 1514 I GameModeConfig: isGameModeOn = false
11-11 06:20:50.887 1514 1514 I GameModeConfig: isDisableVoice = true
11-11 06:20:51.020 1514 1514 I sysui_multi_action: [757,1501,758,1,793,207,794,0,795,207,796,1,806,com.android.music,857,Channel-music,858,2,947,0,1500,0,1641,transport,1688,1,1745,1043716538]
11-11 06:20:51.020 1514 1514 I sysui_multi_action: [757,804,799,note_interruptive,801,0,802,1]
11-11 06:20:51.020 1514 1514 I GameModeConfig: isGameModeOn = false
11-11 06:20:51.023 1514 1514 W NotificationHistory: Attempted to add notif for locked/gone/disabled user 0
11-11 06:20:51.027 1514 1514 I GameModeConfig: isGameModeOn = false
11-11 06:20:51.028 1514 1514 I GameModeConfig: isGameModeOn = false
11-11 06:20:51.030 1514 1514 I sysui_multi_action: [757,1501,758,1,793,5645150,794,0,795,211,796,2048,806,com.android.systemui,857,updateNotification,858,3,947,0,1500,0,1688,1]
11-11 06:20:51.030 1514 1514 I sysui_multi_action: [757,804,799,note_interruptive,801,0,802,1]
11-11 06:20:51.031 1514 1514 I sysui_multi_action: [757,199,758,1,759,2,793,5645150,794,0,795,211,796,2048,806,com.android.systemui,857,updateNotification,858,3,947,0,1500,0,1688,1]
11-11 06:20:51.031 1514 1514 I notification_alert: [0|com.android.systemui|2048|null|10082,0,1,0]
11-11 06:20:51.032 1514 1514 W NotificationHistory: Attempted to add notif for locked/gone/disabled user 0
11-11 06:20:51.087 1514 1514 I sysui_multi_action: [757,128,758,5,759,8,793,5655847,794,0,795,5655847,796,1,797,empty_media,806,com.android.systemui,857,empty_media_style_id,858,4,947,0,1500,5655745,1641,transport,1688,1,1745,1043716538]
11-11 06:20:51.088 1514 1514 I notification_canceled: [0|com.android.systemui|1|empty_media|10082,8,5655847,5655847,0,-1,-1,NULL]
11-11 06:20:51.137 1514 1595 I wm_stop_activity: [0,157690489,com.android.launcher3/.uioverrides.QuickstepLauncher]
11-11 06:20:51.174 2503 2503 I wm_on_stop_called: [157690489,com.android.launcher3.uioverrides.QuickstepLauncher,STOP_ACTIVITY_ITEM]
11-11 06:20:51.185 3685 3703 W ContextImpl: Calling a method in the system process without a qualified user: android.app.ContextImpl.startService:1816 android.content.ContextWrapper.startService:774 com.thundercomm.gamemode.ingame.services.GameModeActionUtils.startGameModeService:93 com.thundercomm.gamemode.ingame.services.GameModeActionUtils.startGameModeEntry:21 com.thundercomm.gamemode.ingame.services.ActivityMonitoringService$1.onActivityLaunch:126
11-11 06:20:51.189 1514 1514 I GameModeConfig: Current uri is uri = content://com.thundercomm.gamemode.api/gamemode_settings/gamemode_isgaming
11-11 06:20:51.191 1514 1514 I GameModeConfig: isGameModeOn = false
11-11 06:20:51.192 1514 1514 I GameModeConfig: isGameModeOn = false
11-11 06:20:51.192 1514 1514 I GameModeConfig: isDisableVoice = true
11-11 06:20:51.371 1514 1715 I commit_sys_config_file: [settings-1-0,11]
11-11 06:20:51.399 0 0 I auditd : type=1400 audit(0.0:6427): avc: denied { kill } for comm="swapper/3" capability=5 scontext=u:r:kernel:s0 tcontext=u:r:kernel:s0 tclass=capability permissive=0
11-11 06:20:51.548 1514 1770 I input_interaction: Interaction with: fa7e2ce com.android.music/com.android.music.MusicBrowserActivity (server), edge-swipe (server), swipe-up (server), PointerEventDispatcher0 (server),
11-11 06:20:51.550 1514 1595 I wm_task_moved: [116,1,7]
11-11 06:20:51.550 1514 1595 I wm_task_to_front: [0,116]
11-11 06:20:51.555 1514 1595 I wm_set_resumed_activity: [0,com.android.music/.MusicBrowserActivity,positionChildAt]
11-11 06:20:51.555 14627 14627 I wm_on_top_resumed_lost_called: [267454610,com.android.gallery3d.app.GalleryActivity,topStateChangedWhenResumed]
11-11 06:20:51.555 1514 1595 I wm_focused_root_task: [0,0,116,117,setFocusedTask]
11-11 06:20:51.555 1514 1595 I wm_set_resumed_activity: [0,com.android.music/.MusicBrowserActivity,setFocusedTask]
11-11 06:20:51.557 1514 1596 I input_focus: [Focus request fa7e2ce com.android.music/com.android.music.MusicBrowserActivity,reason=UpdateInputWindows]
11-11 06:20:51.557 14569 14569 I wm_on_top_resumed_gained_called: [172816109,com.android.music.MusicBrowserActivity,topStateChangedWhenResumed]
11-11 06:20:51.569 1514 7417 I wm_task_moved: [39,0,0]
11-11 06:20:51.570 1514 7417 I wm_task_moved: [39,0,6]
11-11 06:20:51.576 2503 2503 I wm_on_restart_called: [157690489,com.android.launcher3.uioverrides.QuickstepLauncher,performRestartActivity]
11-11 06:20:51.585 1514 1770 I input_focus: [Focus leaving 8ac388e com.android.gallery3d/com.android.gallery3d.app.GalleryActivity (server),reason=setFocusedWindow]
11-11 06:20:51.585 1514 1770 I input_focus: [Focus entering fa7e2ce com.android.music/com.android.music.MusicBrowserActivity (server),reason=setFocusedWindow]
11-11 06:20:51.592 1514 4820 I wm_finish_activity: [0,267454610,117,com.android.gallery3d/.app.GalleryActivity,app-request]
11-11 06:20:51.599 1514 4820 I wm_pause_activity: [0,267454610,com.android.gallery3d/.app.GalleryActivity,userLeaving=false,finish]
11-11 06:20:51.603 14627 14627 I wm_on_paused_called: [267454610,com.android.gallery3d.app.GalleryActivity,performPause]
11-11 06:20:51.608 1514 2040 I wm_destroy_activity: [0,267454610,117,com.android.gallery3d/.app.GalleryActivity,finish-imm:completePausedLocked]
11-11 06:20:51.617 14627 14627 I wm_on_stop_called: [267454610,com.android.gallery3d.app.GalleryActivity,LIFECYCLER_STOP_ACTIVITY]
11-11 06:20:51.623 14627 14627 I wm_on_destroy_called: [267454610,com.android.gallery3d.app.GalleryActivity,performDestroy]
11-11 06:20:51.624 1514 1595 I sysui_multi_action: [757,803,799,window_time_2,802,1]
11-11 06:20:51.627 3685 3703 W ContextImpl: Calling a method in the system process without a qualified user: android.app.ContextImpl.startService:1816 android.content.ContextWrapper.startService:774 com.thundercomm.gamemode.ingame.services.GameModeActionUtils.startGameModeService:93 com.thundercomm.gamemode.ingame.services.GameModeActionUtils.startGameModeEntry:21 com.thundercomm.gamemode.ingame.services.ActivityMonitoringService$1.onActivityLaunch:126
11-11 06:20:51.628 2503 2503 I wm_on_start_called: [157690489,com.android.launcher3.uioverrides.QuickstepLauncher,handleStartActivity]
11-11 06:20:51.637 1514 1514 I GameModeConfig: Current uri is uri = content://com.thundercomm.gamemode.api/gamemode_settings/gamemode_isgaming
11-11 06:20:51.639 1514 8092 I wm_task_removed: [117,removeChild:removeChild last r=ActivityRecord{ff10892 u0 com.android.gallery3d/.app.GalleryActivity t-1 f}} in t=Task{6f00e1d #117 type=standard A=10068:com.android.gallery3d U=0 visible=false mode=freeform translucent=true sz=0}]
11-11 06:20:51.639 1514 8092 I wm_task_removed: [117,removeChild]
11-11 06:20:51.639 1514 8092 D FreeFormWindowHelper: Remove freefrom task=Task{6f00e1d #117 type=standard A=10068:com.android.gallery3d U=0 visible=false mode=freeform translucent=true sz=0}
11-11 06:20:51.639 1514 1514 I GameModeConfig: isGameModeOn = false
11-11 06:20:51.642 1514 1514 I GameModeConfig: isGameModeOn = false
11-11 06:20:51.642 1514 1514 I GameModeConfig: isDisableVoice = true
11-11 06:20:51.648 1514 1592 I sysui_multi_action: [319,18,322,74,325,5666,757,761,758,9,759,5,806,com.android.launcher3,871,com.android.launcher3.uioverrides.QuickstepLauncher,904,com.android.launcher3,905,0,1320,8,1321,5]
11-11 06:20:51.655 3685 3703 W ContextImpl: Calling a method in the system process without a qualified user: android.app.ContextImpl.startService:1816 android.content.ContextWrapper.startService:774 com.thundercomm.gamemode.ingame.services.GameModeActionUtils.startGameModeService:93 com.thundercomm.gamemode.ingame.services.GameModeActionUtils.startGameModeEntry:21 com.thundercomm.gamemode.ingame.services.ActivityMonitoringService$1.onActivityLaunch:126
11-11 06:20:51.659 1514 1514 I GameModeConfig: Current uri is uri = content://com.thundercomm.gamemode.api/gamemode_settings/gamemode_isgaming
11-11 06:20:51.661 1514 1514 I GameModeConfig: isGameModeOn = false
11-11 06:20:51.661 1514 1514 I GameModeConfig: isGameModeOn = false
11-11 06:20:51.661 1514 1514 I GameModeConfig: isDisableVoice = true
11-11 06:20:51.716 3685 3703 W ContextImpl: Calling a method in the system process without a qualified user: android.app.ContextImpl.startService:1816 android.content.ContextWrapper.startService:774 com.thundercomm.gamemode.ingame.services.GameModeActionUtils.startGameModeService:93 com.thundercomm.gamemode.ingame.services.GameModeActionUtils.startGameModeEntry:21 com.thundercomm.gamemode.ingame.services.ActivityMonitoringService$1.onActivityLaunch:126
11-11 06:20:51.721 1514 1514 I GameModeConfig: Current uri is uri = content://com.thundercomm.gamemode.api/gamemode_settings/gamemode_isgaming
11-11 06:20:51.723 1514 1514 I GameModeConfig: isGameModeOn = false
11-11 06:20:51.724 1514 1514 I GameModeConfig: isGameModeOn = false
11-11 06:20:51.724 1514 1514 I GameModeConfig: isDisableVoice = true
11-11 06:20:51.835 1514 1715 I commit_sys_config_file: [settings-1-0,8]
11-11 06:20:51.863 14569 14569 I view_enqueue_input_event: [Motion - Cancel,com.android.music/com.android.music.MusicBrowserActivity]
11-11 06:20:51.864 2503 2503 I sysui_latency: [1,93]
11-11 06:20:51.877 1514 1770 I input_interaction: Interaction with: edge-swipe (server), swipe-up (server), PointerEventDispatcher0 (server),
11-11 06:20:51.879 1514 1596 I input_focus: [Focus request recents_animation_input_consumer,reason=UpdateInputWindows]
11-11 06:20:51.916 1514 1770 I input_focus: [Focus leaving fa7e2ce com.android.music/com.android.music.MusicBrowserActivity (server),reason=NOT_FOCUSABLE]
11-11 06:20:51.916 1514 1770 I input_focus: [Focus entering recents_animation_input_consumer (server),reason=setFocusedWindow]
11-11 06:20:51.946 1514 1612 I sysui_latency: [8,86]
11-11 06:20:52.044 1514 1514 I service_manager_stats: [100,84,95035]
11-11 06:20:52.630 1514 2119 W ActivityTaskManager: getTaskSnapshot: taskId=117 not found
11-11 06:20:52.630 1514 2119 W ActivityTaskManager: getTaskSnapshot: taskId=117 not found
11-11 06:20:52.836 1514 1715 I commit_sys_config_file: [settings-1-0,4]
11-11 06:20:53.391 1514 1664 I commit_sys_config_file: [package-user-0,3]
11-11 06:20:53.392 1514 1664 I commit_sys_config_file: [package,73]
11-11 06:20:53.399 0 0 I auditd : type=1400 audit(0.0:6428): avc: denied { kill } for comm="swapper/3" capability=5 scontext=u:r:kernel:s0 tcontext=u:r:kernel:s0 tclass=capability permissive=0
11-11 06:20:53.941 1514 1770 I input_interaction: Interaction with: eea03e8 com.android.launcher3/com.android.launcher3.uioverrides.QuickstepLauncher (server), edge-swipe (server), swipe-up (server), PointerEventDispatcher0 (server),
11-11 06:20:54.399 0 0 I auditd : type=1400 audit(0.0:6429): avc: denied { kill } for comm="swapper/3" capability=5 scontext=u:r:kernel:s0 tcontext=u:r:kernel:s0 tclass=capability permissive=0
11-11 06:20:54.554 1514 8092 W ActivityTaskManager: removeTask: No task remove with id=117
11-11 06:20:54.681 1514 2742 E TaskPersister: File error accessing recents directory (directory doesn't exist?).
11-11 06:20:55.263 1514 2119 I wm_task_moved: [39,1,6]
11-11 06:20:55.266 1514 7417 W ContextImpl: Calling a method in the system process without a qualified user: android.app.ContextImpl.startActivity:1067 com.android.server.wm.FreeFormWindowHelper.exitRecentTasks:387 com.android.server.wm.ActivityTaskManagerService.exitRecentTasks:3795 android.app.IActivityTaskManager$Stub.onTransact:2295 com.android.server.wm.ActivityTaskManagerService.onTransact:5039
11-11 06:20:55.268 14569 14569 I wm_on_top_resumed_lost_called: [172816109,com.android.music.MusicBrowserActivity,topStateChangedWhenResumed]
11-11 06:20:55.269 1514 2119 I wm_focused_root_task: [0,0,39,116,RecentsAnimation.onAnimationFinished()]
11-11 06:20:55.273 1514 2119 I wm_pause_activity: [0,172816109,com.android.music/.MusicBrowserActivity,userLeaving=false,pauseBackTasks]
11-11 06:20:55.275 1514 2119 I ActivityTaskManager: FOREGROUND_APPLICATION_CHANGED to com.android.launcher3.uioverrides.QuickstepLauncher
11-11 06:20:55.276 1514 2119 I wm_set_resumed_activity: [0,com.android.launcher3/.uioverrides.QuickstepLauncher,resumeTopActivityInnerLocked]
11-11 06:20:55.279 1514 2119 I wm_resume_activity: [0,157690489,40,com.android.launcher3/.uioverrides.QuickstepLauncher]
11-11 06:20:55.280 1514 2119 I wm_add_to_stopping: [0,172816109,com.android.music/.MusicBrowserActivity,makeInvisible]
11-11 06:20:55.291 1514 1596 I input_focus: [Focus request eea03e8 com.android.launcher3/com.android.launcher3.uioverrides.QuickstepLauncher,reason=UpdateInputWindows]
11-11 06:20:55.293 14569 14569 I wm_on_paused_called: [172816109,com.android.music.MusicBrowserActivity,performPause]
11-11 06:20:55.298 1514 7417 I ActivityTaskManager: START u0 {act=android.intent.action.MAIN cat=[android.intent.category.LAUNCHER] flg=0x10300000 cmp=com.android.gallery3d/.app.GalleryActivity} from uid 1000
11-11 06:20:55.302 1514 7417 I wm_task_created: [118,-1]
11-11 06:20:55.302 1514 7417 W ActivityTaskManager: Can't find TaskDisplayArea to determine support for multi window. Task id=118 attached=false
11-11 06:20:55.303 1514 7417 D FreeFormWindowHelper: Add freeform task=Task{56c3e65 #118 type=standard ?? U=0 visible=false mode=freeform translucent=true sz=0}
11-11 06:20:55.305 1514 7417 D CompatibilityChangeReporter: Compat change id reported: 174042980; UID 10068; state: DISABLED
11-11 06:20:55.305 1514 7417 D CompatibilityChangeReporter: Compat change id reported: 184838306; UID 10068; state: DISABLED
11-11 06:20:55.306 1514 7417 D CompatibilityChangeReporter: Compat change id reported: 185004937; UID 10068; state: DISABLED
11-11 06:20:55.306 1514 7417 D CompatibilityChangeReporter: Compat change id reported: 181136395; UID 10068; state: DISABLED
11-11 06:20:55.306 1514 7417 D CompatibilityChangeReporter: Compat change id reported: 174042936; UID 10068; state: DISABLED
11-11 06:20:55.307 1514 7417 I wm_task_moved: [118,1,7]
11-11 06:20:55.307 1514 7417 I wm_task_to_front: [0,118]
11-11 06:20:55.307 1514 1770 I input_focus: [Focus leaving recents_animation_input_consumer (server),reason=NOT_VISIBLE]
11-11 06:20:55.307 1514 1770 I input_focus: [Focus entering eea03e8 com.android.launcher3/com.android.launcher3.uioverrides.QuickstepLauncher (server),reason=setFocusedWindow]
11-11 06:20:55.308 1514 7417 I wm_create_task: [0,118]
11-11 06:20:55.308 1514 7417 I wm_create_activity: [0,20416314,118,com.android.gallery3d/.app.GalleryActivity,android.intent.action.MAIN,NULL,NULL,271581184]
11-11 06:20:55.308 1514 7417 I wm_task_moved: [118,1,7]
11-11 06:20:55.308 1514 7417 D CompatibilityChangeReporter: Compat change id reported: 168419799; UID 10068; state: DISABLED
11-11 06:20:55.309 1514 7417 I ActivityTaskManager: FOREGROUND_APPLICATION_CHANGED to com.android.gallery3d.app.GalleryActivity
11-11 06:20:55.309 1514 7417 I ActivityTaskManager: The Process com.android.gallery3d Already Exists in BG. So sending its PID: 14627
11-11 06:20:55.309 1514 7417 W ActivityTaskManager: Tried to set launchTime (0) < mLastActivityLaunchTime (5666185)
11-11 06:20:55.310 1514 7417 I wm_restart_activity: [0,20416314,118,com.android.gallery3d/.app.GalleryActivity]
11-11 06:20:55.312 1514 7417 I wm_set_resumed_activity: [0,com.android.gallery3d/.app.GalleryActivity,minimalResumeActivityLocked]
11-11 06:20:55.316 1514 1595 I wm_stop_activity: [0,172816109,com.android.music/.MusicBrowserActivity]
11-11 06:20:55.319 2503 2503 I wm_on_resume_called: [157690489,com.android.launcher3.uioverrides.QuickstepLauncher,RESUME_ACTIVITY]
11-11 06:20:55.322 2503 2503 I wm_on_top_resumed_gained_called: [157690489,com.android.launcher3.uioverrides.QuickstepLauncher,topStateChangedWhenResumed]
11-11 06:20:55.322 2503 2503 I wm_on_top_resumed_lost_called: [157690489,com.android.launcher3.uioverrides.QuickstepLauncher,topStateChangedWhenResumed]
11-11 06:20:55.325 1514 1595 I sysui_multi_action: [757,803,799,window_time_0,802,3]
11-11 06:20:55.347 14627 14627 I wm_on_create_called: [20416314,com.android.gallery3d.app.GalleryActivity,performCreate]
11-11 06:20:55.348 14627 14627 I wm_on_start_called: [20416314,com.android.gallery3d.app.GalleryActivity,handleStartActivity]
11-11 06:20:55.349 14569 14569 I wm_on_stop_called: [172816109,com.android.music.MusicBrowserActivity,STOP_ACTIVITY_ITEM]
11-11 06:20:55.350 1514 1612 I am_pss : [14569,10086,com.android.music,23697408,17260544,0,149176320,0,4,8]
11-11 06:20:55.352 14627 14627 I wm_on_resume_called: [20416314,com.android.gallery3d.app.GalleryActivity,RESUME_ACTIVITY]
11-11 06:20:55.353 1514 8092 W WindowManager: Failed looking up window session=Session{e4fe02 14627:u0a10068} callers=com.android.server.wm.WindowManagerService.windowForClientLocked:5628 com.android.server.wm.Session.insetsModified:629 android.view.IWindowSession$Stub.onTransact:1151
11-11 06:20:55.354 3685 3703 W ContextImpl: Calling a method in the system process without a qualified user: android.app.ContextImpl.startService:1816 android.content.ContextWrapper.startService:774 com.thundercomm.gamemode.ingame.services.GameModeActionUtils.startGameModeService:93 com.thundercomm.gamemode.ingame.services.GameModeActionUtils.startGameModeEntry:21 com.thundercomm.gamemode.ingame.services.ActivityMonitoringService$1.onActivityLaunch:126
11-11 06:20:55.354 14627 14627 I wm_on_top_resumed_gained_called: [20416314,com.android.gallery3d.app.GalleryActivity,topStateChangedWhenResumed]
11-11 06:20:55.361 1514 1514 I GameModeConfig: Current uri is uri = content://com.thundercomm.gamemode.api/gamemode_settings/gamemode_isgaming
11-11 06:20:55.365 1514 1596 I input_focus: [Focus request f3686de com.android.gallery3d/com.android.gallery3d.app.GalleryActivity,reason=UpdateInputWindows]
11-11 06:20:55.365 1514 1514 I GameModeConfig: isGameModeOn = false
11-11 06:20:55.366 1514 1514 I GameModeConfig: isGameModeOn = false
11-11 06:20:55.366 1514 1514 I GameModeConfig: isDisableVoice = true
11-11 06:20:55.368 1514 1901 I GameModeConfig: isGameModeOn = false
11-11 06:20:55.370 1514 1901 I GameModeConfig: isGameModeOn = false
11-11 06:20:55.370 1514 1901 I GameModeConfig: isGameModeOn = false
11-11 06:20:55.370 1514 1901 I GameModeConfig: isGameModeOn = false
11-11 06:20:55.371 1998 1998 I sysui_multi_action: [757,111,758,2]
11-11 06:20:55.371 1998 1998 I sysui_multi_action: [757,111,758,2]
11-11 06:20:55.376 1514 1514 I notification_enqueue: [10082,1998,com.android.systemui,2048,NULL,0,Notification(channel=updateNotification shortcut=null contentView=null vibrate=null sound=null defaults=0x0 flags=0x0 color=0x00000000 vis=PRIVATE),1]
11-11 06:20:55.384 3685 3703 W ContextImpl: Calling a method in the system process without a qualified user: android.app.ContextImpl.startService:1816 android.content.ContextWrapper.startService:774 com.thundercomm.gamemode.ingame.services.GameModeActionUtils.startGameModeService:93 com.thundercomm.gamemode.ingame.services.GameModeActionUtils.startGameModeEntry:21 com.thundercomm.gamemode.ingame.services.ActivityMonitoringService$1.onActivityLaunch:126
11-11 06:20:55.388 1514 1514 I GameModeConfig: Current uri is uri = content://com.thundercomm.gamemode.api/gamemode_settings/gamemode_isgaming
11-11 06:20:55.390 1514 1514 I GameModeConfig: isGameModeOn = false
11-11 06:20:55.391 1514 1514 I GameModeConfig: isGameModeOn = false
11-11 06:20:55.391 1514 1514 I GameModeConfig: isDisableVoice = true
11-11 06:20:55.391 1514 1770 I input_focus: [Focus leaving eea03e8 com.android.launcher3/com.android.launcher3.uioverrides.QuickstepLauncher (server),reason=Waiting for window because NOT_VISIBLE]
11-11 06:20:55.392 1998 1998 I sysui_multi_action: [757,111,758,1]
11-11 06:20:55.392 1998 1998 I sysui_multi_action: [757,126,758,1,759,126,927,0,928,1,1593,0]
11-11 06:20:55.392 1998 1998 I sysui_multi_action: [757,113,758,1,759,113,927,1,928,1,1593,0]
11-11 06:20:55.392 1998 1998 I sysui_multi_action: [757,0,758,1,759,0,927,2,928,0,1593,0]
11-11 06:20:55.392 1998 1998 I sysui_multi_action: [757,0,758,1,759,0,927,3,928,0,1593,0]
11-11 06:20:55.393 1998 1998 I sysui_multi_action: [757,491,758,1,759,491,927,4,928,0,1311,-1,1593,0]
11-11 06:20:55.393 1998 1998 I sysui_multi_action: [757,0,758,1,759,0,927,5,928,0,1593,0]
11-11 06:20:55.393 1998 1998 I sysui_multi_action: [757,111,758,1]
11-11 06:20:55.393 1998 1998 I sysui_multi_action: [757,126,758,1,759,126,927,0,928,1,1593,0]
11-11 06:20:55.393 1998 1998 I sysui_multi_action: [757,113,758,1,759,113,927,1,928,1,1593,0]
11-11 06:20:55.393 1998 1998 I sysui_multi_action: [757,0,758,1,759,0,927,2,928,0,1593,0]
11-11 06:20:55.393 1998 1998 I sysui_multi_action: [757,0,758,1,759,0,927,3,928,0,1593,0]
11-11 06:20:55.395 1514 1592 I sysui_multi_action: [319,102,322,102,325,5670,757,761,758,8,759,2,806,com.android.gallery3d,871,com.android.gallery3d.app.GalleryActivity,904,android,905,0,1320,4,1321,1]
11-11 06:20:55.396 1514 1592 I wm_activity_launch_time: [0,20416314,com.android.gallery3d/.app.GalleryActivity,102]
11-11 06:20:55.399 3685 3703 W ContextImpl: Calling a method in the system process without a qualified user: android.app.ContextImpl.startService:1816 android.content.ContextWrapper.startService:774 com.thundercomm.gamemode.ingame.services.GameModeActionUtils.startGameModeService:93 com.thundercomm.gamemode.ingame.services.GameModeActionUtils.startGameModeEntry:21 com.thundercomm.gamemode.ingame.services.ActivityMonitoringService$1.onActivityLaunch:126
11-11 06:20:55.402 1514 1514 I GameModeConfig: Current uri is uri = content://com.thundercomm.gamemode.api/gamemode_settings/gamemode_isgaming
11-11 06:20:55.403 1514 1514 I GameModeConfig: isGameModeOn = false
11-11 06:20:55.403 1514 1514 I GameModeConfig: isGameModeOn = false
11-11 06:20:55.403 1514 1514 I GameModeConfig: isDisableVoice = true
11-11 06:20:55.408 1514 1770 I input_focus: [Focus entering f3686de com.android.gallery3d/com.android.gallery3d.app.GalleryActivity (server),reason=Window became focusable. Previous reason: NOT_VISIBLE]
11-11 06:20:55.420 1514 2960 W ActivityTaskManager: Request to remove task ignored for non-existent task 113
11-11 06:20:55.420 1514 2960 W ActivityTaskManager: Request to remove task ignored for non-existent task 114
11-11 06:20:55.420 1514 2960 W ActivityTaskManager: Request to remove task ignored for non-existent task 105
11-11 06:20:55.420 1514 2960 I wm_finish_activity: [0,172816109,116,com.android.music/.MusicBrowserActivity,recent-task-trimmed]
11-11 06:20:55.421 1514 2960 I wm_destroy_activity: [0,172816109,116,com.android.music/.MusicBrowserActivity,finish-imm:finishIfPossible]
11-11 06:20:55.422 1514 2960 I wm_finish_activity: [0,20416314,118,com.android.gallery3d/.app.GalleryActivity,recent-task-trimmed]
11-11 06:20:55.423 1514 2960 I wm_task_moved: [39,1,7]
11-11 06:20:55.423 1514 2960 I wm_set_resumed_activity: [0,com.android.launcher3/.uioverrides.QuickstepLauncher,positionChildAt]
11-11 06:20:55.423 1514 2960 I wm_task_moved: [40,1,2147483647]
11-11 06:20:55.423 1514 2960 I wm_task_to_front: [0,40]
11-11 06:20:55.423 1514 2960 I wm_focused_root_task: [0,0,39,-1,finish-top adjustFocusToNextFocusableTask]
11-11 06:20:55.423 1514 2960 I wm_set_resumed_activity: [0,com.android.launcher3/.uioverrides.QuickstepLauncher,finish-top]
11-11 06:20:55.440 1514 2960 I wm_pause_activity: [0,20416314,com.android.gallery3d/.app.GalleryActivity,userLeaving=false,finish]
11-11 06:20:55.443 1514 1596 I input_focus: [Focus request eea03e8 com.android.launcher3/com.android.launcher3.uioverrides.QuickstepLauncher,reason=UpdateInputWindows]
11-11 06:20:55.449 14569 14569 I wm_on_destroy_called: [172816109,com.android.music.MusicBrowserActivity,performDestroy]
11-11 06:20:55.456 1514 1595 I sysui_multi_action: [757,803,799,window_time_2,802,0]
11-11 06:20:55.458 1514 1770 I input_focus: [Focus leaving f3686de com.android.gallery3d/com.android.gallery3d.app.GalleryActivity (server),reason=NO_WINDOW]
11-11 06:20:55.458 1514 1770 I input_focus: [Focus entering eea03e8 com.android.launcher3/com.android.launcher3.uioverrides.QuickstepLauncher (server),reason=setFocusedWindow]
11-11 06:20:55.460 1514 7417 W ActivityManager: stopServiceToken startId 3 is last, but have 1 remaining args
11-11 06:20:55.461 1514 2040 I wm_task_removed: [116,removeChild:removeChild last r=ActivityRecord{a4cf6ed u0 com.android.music/.MusicBrowserActivity t-1 f}} in t=Task{cce5e6f #116 type=standard A=10086:android.task.music U=0 visible=false mode=fullscreen translucent=true sz=0}]
11-11 06:20:55.461 1514 2040 I wm_task_removed: [116,removeChild]
11-11 06:20:55.462 1514 2040 I ActivityTaskManager: FOREGROUND_APPLICATION_CHANGED to com.android.launcher3.uioverrides.QuickstepLauncher
11-11 06:20:55.463 1514 1596 W ActivityTaskManager: Can't find TaskDisplayArea to determine support for multi window. Task id=116 attached=false
11-11 06:20:55.463 1514 1596 W ActivityTaskManager: Can't find TaskDisplayArea to determine support for multi window. Task id=116 attached=false
11-11 06:20:55.465 1514 1514 I sysui_multi_action: [757,128,758,5,759,8,793,4651,794,0,795,4651,796,1,806,com.android.music,857,Channel-music,858,2,947,0,1500,4651,1641,transport,1688,1,1745,1043716538]
11-11 06:20:55.466 1514 1514 I notification_canceled: [0|com.android.music|1|null|10086,8,4651,4651,0,-1,-1,NULL]
11-11 06:20:55.472 14627 14627 I wm_on_top_resumed_lost_called: [20416314,com.android.gallery3d.app.GalleryActivity,topStateChangedWhenResumed]
11-11 06:20:55.476 2503 2503 I wm_on_top_resumed_gained_called: [157690489,com.android.launcher3.uioverrides.QuickstepLauncher,topStateChangedWhenResumed]
11-11 06:20:55.476 1514 1614 I am_uid_running: 10029
11-11 06:20:55.478 14627 14627 I wm_on_paused_called: [20416314,com.android.gallery3d.app.GalleryActivity,performPause]
11-11 06:20:55.480 1514 8092 I wm_destroy_activity: [0,20416314,118,com.android.gallery3d/.app.GalleryActivity,finish-imm:completePausedLocked]
11-11 06:20:55.483 1514 1614 D CompatibilityChangeReporter: Compat change id reported: 135634846; UID 10029; state: DISABLED
11-11 06:20:55.483 1514 1614 D CompatibilityChangeReporter: Compat change id reported: 177438394; UID 10029; state: DISABLED
11-11 06:20:55.483 1514 1614 D CompatibilityChangeReporter: Compat change id reported: 135772972; UID 10029; state: DISABLED
11-11 06:20:55.483 1514 1614 D CompatibilityChangeReporter: Compat change id reported: 135754954; UID 10029; state: ENABLED
11-11 06:20:55.483 1514 1615 D CompatibilityChangeReporter: Compat change id reported: 143937733; UID 10029; state: ENABLED
11-11 06:20:55.485 1514 1595 I sysui_multi_action: [757,803,799,window_time_0,802,0]
11-11 06:20:55.486 14627 14627 I wm_on_stop_called: [20416314,com.android.gallery3d.app.GalleryActivity,LIFECYCLER_STOP_ACTIVITY]
11-11 06:20:55.487 14627 14627 I wm_on_destroy_called: [20416314,com.android.gallery3d.app.GalleryActivity,performDestroy]
11-11 06:20:55.488 1514 1514 I notification_cancel_all: [1000,1514,com.android.music,0,0,0,20,NULL]
11-11 06:20:55.488 1514 2040 I sysui_multi_action: [757,856,758,2,806,com.android.music,857,Channel-music,858,2]
11-11 06:20:55.488 1514 2040 W NotificationHistory: Attempted to remove channel for locked/gone/disabled user 0
11-11 06:20:55.488 1514 1595 I sysui_multi_action: [757,803,799,window_time_0,802,0]
11-11 06:20:55.488 1514 2742 E TaskPersister: File error accessing recents directory (directory doesn't exist?).
11-11 06:20:55.493 1514 1615 I am_proc_start: [0,14765,10029,com.android.musicfx,broadcast,{com.android.musicfx/com.android.musicfx.ControlPanelReceiver}]
11-11 06:20:55.493 1514 1615 I ActivityManager: Start proc 14765:com.android.musicfx/u0a29 for broadcast {com.android.musicfx/com.android.musicfx.ControlPanelReceiver}
11-11 06:20:55.499 1514 1612 W UsageStatsService: Unexpected activity event reported! (com.android.music/com.android.music.MusicBrowserActivity event : 23 instanceId : 180723972)
11-11 06:20:55.501 1514 1901 I GameModeConfig: isGameModeOn = false
11-11 06:20:55.504 1514 1901 I GameModeConfig: isGameModeOn = false
11-11 06:20:55.504 1514 1901 I GameModeConfig: isGameModeOn = false
11-11 06:20:55.505 1514 1514 I notification_enqueue: [10082,1998,com.android.systemui,1,empty_media,0,Notification(channel=empty_media_style_id shortcut=null contentView=null vibrate=null sound=null defaults=0x0 flags=0x20 color=0x00000000 category=transport actions=3 vis=PRIVATE),0]
11-11 06:20:55.509 3685 3703 W ContextImpl: Calling a method in the system process without a qualified user: android.app.ContextImpl.startService:1816 android.content.ContextWrapper.startService:774 com.thundercomm.gamemode.ingame.services.GameModeActionUtils.startGameModeService:93 com.thundercomm.gamemode.ingame.services.GameModeActionUtils.startGameModeEntry:21 com.thundercomm.gamemode.ingame.services.ActivityMonitoringService$1.onActivityLaunch:126
11-11 06:20:55.515 1514 7417 I am_proc_bound: [0,14765,com.android.musicfx]
11-11 06:20:55.516 1514 7417 D CompatibilityChangeReporter: Compat change id reported: 168419799; UID 10029; state: DISABLED
11-11 06:20:55.518 1514 1514 I GameModeConfig: Current uri is uri = content://com.thundercomm.gamemode.api/gamemode_settings/gamemode_isgaming
11-11 06:20:55.519 1514 1514 I GameModeConfig: isGameModeOn = false
11-11 06:20:55.520 1514 1514 I GameModeConfig: isGameModeOn = false
11-11 06:20:55.520 1514 1514 I GameModeConfig: isDisableVoice = true
11-11 06:20:55.552 1514 2040 W BroadcastQueue: Background execution not allowed: receiving Intent { act=com.android.music.updatewidget flg=0x10 } to com.android.music/.MediaAppWidgetProvider
11-11 06:20:55.553 1514 1614 W BroadcastQueue: Background execution not allowed: receiving Intent { act=com.android.music.updatewidget flg=0x10 } to com.android.music/.MediaAppWidgetProviderLarge
11-11 06:20:55.578 1514 1514 I GameModeConfig: isGameModeOn = false
