11-11 05:18:58.846 1514 1514 I GameModeConfig: isGameModeOn = false
11-11 05:18:58.846 1514 1514 I GameModeConfig: isGameModeOn = false
11-11 05:18:58.846 1514 1514 I GameModeConfig: isDisableVoice = true
11-11 05:18:59.112 1514 7707 I ActivityTaskManager: START u0 {flg=0x10008000 cmp=com.android.deskclock/.DeskClock} from uid 10079
11-11 05:18:59.125 1514 7707 W ActivityTaskManager: Can't find TaskDisplayArea to determine support for multi window. Task id=67 attached=false
11-11 05:18:59.127 1514 7707 D FreeFormWindowHelper: Add freeform task=Task{73af695 #67 type=standard ?? U=0 visible=false mode=freeform translucent=true sz=0}
11-11 05:18:59.130 1514 7707 D CompatibilityChangeReporter: Compat change id reported: 174042980; UID 10066; state: DISABLED
11-11 05:18:59.131 1514 7707 D CompatibilityChangeReporter: Compat change id reported: 184838306; UID 10066; state: DISABLED
11-11 05:18:59.133 1514 7707 D CompatibilityChangeReporter: Compat change id reported: 185004937; UID 10066; state: DISABLED
11-11 05:18:59.134 1514 7707 D CompatibilityChangeReporter: Compat change id reported: 181136395; UID 10066; state: DISABLED
11-11 05:18:59.134 1514 7707 D CompatibilityChangeReporter: Compat change id reported: 174042936; UID 10066; state: DISABLED
11-11 05:18:59.138 1514 7707 I ActivityTaskManager: FOREGROUND_APPLICATION_CHANGED to com.android.deskclock.DeskClock
11-11 05:18:59.151 1514 1595 D CompatibilityChangeReporter: Compat change id reported: 135634846; UID 10066; state: DISABLED
11-11 05:18:59.151 1514 1595 D CompatibilityChangeReporter: Compat change id reported: 177438394; UID 10066; state: DISABLED
11-11 05:18:59.151 1514 1595 D CompatibilityChangeReporter: Compat change id reported: 135772972; UID 10066; state: DISABLED
11-11 05:18:59.151 1514 1595 D CompatibilityChangeReporter: Compat change id reported: 135754954; UID 10066; state: DISABLED
11-11 05:18:59.153 1514 1615 D CompatibilityChangeReporter: Compat change id reported: 143937733; UID 10066; state: DISABLED
11-11 05:18:59.170 1514 1615 I ActivityManager: Start proc 9459:com.android.deskclock/u0a66 for top-activity {com.android.deskclock/com.android.deskclock.DeskClock}
11-11 05:18:59.199 1514 9439 I ActivityTaskManager: The Process com.android.deskclock Already Exists in BG. So sending its PID: 9459
11-11 05:18:59.212 3685 3703 W ContextImpl: Calling a method in the system process without a qualified user: android.app.ContextImpl.startService:1816 android.content.ContextWrapper.startService:774 com.thundercomm.gamemode.ingame.services.GameModeActionUtils.startGameModeService:93 com.thundercomm.gamemode.ingame.services.GameModeActionUtils.startGameModeEntry:21 com.thundercomm.gamemode.ingame.services.ActivityMonitoringService$1.onActivityLaunch:126
11-11 05:18:59.218 1514 1514 I GameModeConfig: Current uri is uri = content://com.thundercomm.gamemode.api/gamemode_settings/gamemode_isgaming
11-11 05:18:59.220 1514 1514 I GameModeConfig: isGameModeOn = false
11-11 05:18:59.220 1514 1514 I GameModeConfig: isGameModeOn = false
11-11 05:18:59.220 1514 1514 I GameModeConfig: isDisableVoice = true
11-11 05:18:59.254 1514 2960 I ActivityTaskManager: START u0 {act=android.content.pm.action.REQUEST_PERMISSIONS pkg=com.android.permissioncontroller cmp=com.android.permissioncontroller/.permission.ui.GrantPermissionsActivity (has extras)} from uid 10066
11-11 05:18:59.257 1514 2960 D CompatibilityChangeReporter: Compat change id reported: 174042980; UID 10094; state: DISABLED
11-11 05:18:59.257 1514 2960 D CompatibilityChangeReporter: Compat change id reported: 184838306; UID 10094; state: DISABLED
11-11 05:18:59.258 1514 2960 D CompatibilityChangeReporter: Compat change id reported: 185004937; UID 10094; state: DISABLED
11-11 05:18:59.258 1514 2960 D CompatibilityChangeReporter: Compat change id reported: 181136395; UID 10094; state: DISABLED
11-11 05:18:59.259 1514 2960 D CompatibilityChangeReporter: Compat change id reported: 174042936; UID 10094; state: DISABLED
11-11 05:18:59.266 1514 1595 D CompatibilityChangeReporter: Compat change id reported: 135634846; UID 10094; state: DISABLED
11-11 05:18:59.266 1514 1595 D CompatibilityChangeReporter: Compat change id reported: 177438394; UID 10094; state: DISABLED
11-11 05:18:59.266 1514 1595 D CompatibilityChangeReporter: Compat change id reported: 135772972; UID 10094; state: DISABLED
11-11 05:18:59.266 1514 1595 D CompatibilityChangeReporter: Compat change id reported: 135754954; UID 10094; state: DISABLED
11-11 05:18:59.267 1514 1615 D CompatibilityChangeReporter: Compat change id reported: 143937733; UID 10094; state: DISABLED
11-11 05:18:59.274 1514 1615 I ActivityManager: Start proc 9485:com.android.permissioncontroller/u0a94 for pre-top-activity {com.android.permissioncontroller/com.android.permissioncontroller.permission.ui.GrantPermissionsActivity}
11-11 05:18:59.275 1514 9486 W ContextImpl: Calling a method in the system process without a qualified user: android.app.ContextImpl.sendBroadcast:1173 com.qualcomm.qti.Performance$SendGameLaunchBroadcast.run:217 java.lang.Thread.run:920
11-11 05:18:59.292 1514 2960 I ActivityTaskManager: The Process com.android.permissioncontroller Already Exists in BG. So sending its PID: 9485
11-11 05:18:59.299 1514 1754 I ActivityTaskManager: FOREGROUND_APPLICATION_CHANGED to com.android.permissioncontroller.permission.ui.GrantPermissionsActivity
11-11 05:18:59.299 1514 1754 I ActivityTaskManager: The Process com.android.permissioncontroller Already Exists in BG. So sending its PID: 9485
11-11 05:18:59.310 3685 3703 W ContextImpl: Calling a method in the system process without a qualified user: android.app.ContextImpl.startService:1816 android.content.ContextWrapper.startService:774 com.thundercomm.gamemode.ingame.services.GameModeActionUtils.startGameModeService:93 com.thundercomm.gamemode.ingame.services.GameModeActionUtils.startGameModeEntry:21 com.thundercomm.gamemode.ingame.services.ActivityMonitoringService$1.onActivityLaunch:126
11-11 05:18:59.314 1514 1514 I GameModeConfig: Current uri is uri = content://com.thundercomm.gamemode.api/gamemode_settings/gamemode_isgaming
11-11 05:18:59.319 1514 1514 I GameModeConfig: isGameModeOn = false
11-11 05:18:59.319 1514 1514 I GameModeConfig: isGameModeOn = false
11-11 05:18:59.319 1514 1514 I GameModeConfig: isDisableVoice = true
11-11 05:18:59.357 1514 1614 W BroadcastQueue: Background execution not allowed: receiving Intent { act=com.android.deskclock.WORLD_CITIES_CHANGED flg=0x10 } to com.android.deskclock/com.android.alarmclock.DigitalAppWidgetProvider
11-11 05:18:59.390 1514 1754 D CompatibilityChangeReporter: Compat change id reported: 149924527; UID 10066; state: ENABLED
11-11 05:18:59.391 1514 1754 D CompatibilityChangeReporter: Compat change id reported: 132649864; UID 10066; state: DISABLED
11-11 05:18:59.391 1514 1754 D CompatibilityChangeReporter: Compat change id reported: 182734110; UID 10066; state: DISABLED
11-11 05:18:59.412 3685 3703 W ContextImpl: Calling a method in the system process without a qualified user: android.app.ContextImpl.startService:1816 android.content.ContextWrapper.startService:774 com.thundercomm.gamemode.ingame.services.GameModeActionUtils.startGameModeService:93 com.thundercomm.gamemode.ingame.services.GameModeActionUtils.startGameModeEntry:21 com.thundercomm.gamemode.ingame.services.ActivityMonitoringService$1.onActivityLaunch:126
11-11 05:18:59.413 1514 2960 I ActivityTaskManager: FOREGROUND_APPLICATION_CHANGED to com.android.deskclock.DeskClock
11-11 05:18:59.417 1514 1514 I GameModeConfig: Current uri is uri = content://com.thundercomm.gamemode.api/gamemode_settings/gamemode_isgaming
11-11 05:18:59.421 1514 1514 I GameModeConfig: isGameModeOn = false
11-11 05:18:59.422 1514 1514 I GameModeConfig: isGameModeOn = false
11-11 05:18:59.422 1514 1514 I GameModeConfig: isDisableVoice = true
11-11 05:18:59.529 3685 3703 W ContextImpl: Calling a method in the system process without a qualified user: android.app.ContextImpl.startService:1816 android.content.ContextWrapper.startService:774 com.thundercomm.gamemode.ingame.services.GameModeActionUtils.startGameModeService:93 com.thundercomm.gamemode.ingame.services.GameModeActionUtils.startGameModeEntry:21 com.thundercomm.gamemode.ingame.services.ActivityMonitoringService$1.onActivityLaunch:126
11-11 05:18:59.539 1514 1514 I GameModeConfig: Current uri is uri = content://com.thundercomm.gamemode.api/gamemode_settings/gamemode_isgaming
11-11 05:18:59.542 1514 1514 I GameModeConfig: isGameModeOn = false
11-11 05:18:59.543 1514 1514 I GameModeConfig: isGameModeOn = false
11-11 05:18:59.543 1514 1514 I GameModeConfig: isDisableVoice = true
11-11 05:18:59.764 3685 3703 W ContextImpl: Calling a method in the system process without a qualified user: android.app.ContextImpl.startService:1816 android.content.ContextWrapper.startService:774 com.thundercomm.gamemode.ingame.services.GameModeActionUtils.startGameModeService:93 com.thundercomm.gamemode.ingame.services.GameModeActionUtils.startGameModeEntry:21 com.thundercomm.gamemode.ingame.services.ActivityMonitoringService$1.onActivityLaunch:126
11-11 05:18:59.770 1514 1514 I GameModeConfig: Current uri is uri = content://com.thundercomm.gamemode.api/gamemode_settings/gamemode_isgaming
11-11 05:18:59.776 1514 1514 I GameModeConfig: isGameModeOn = false
11-11 05:18:59.776 1514 1514 I GameModeConfig: isGameModeOn = false
11-11 05:18:59.776 1514 1514 I GameModeConfig: isDisableVoice = true
11-11 05:19:00.972 1514 2040 I ActivityTaskManager: FOREGROUND_APPLICATION_CHANGED to com.android.launcher3.uioverrides.QuickstepLauncher
11-11 05:19:00.993 1514 2742 E TaskPersister: File error accessing recents directory (directory doesn't exist?).
11-11 05:19:01.011 3685 3703 W ContextImpl: Calling a method in the system process without a qualified user: android.app.ContextImpl.startService:1816 android.content.ContextWrapper.startService:774 com.thundercomm.gamemode.ingame.services.GameModeActionUtils.startGameModeService:93 com.thundercomm.gamemode.ingame.services.GameModeActionUtils.startGameModeEntry:21 com.thundercomm.gamemode.ingame.services.ActivityMonitoringService$1.onActivityLaunch:126
11-11 05:19:01.017 1514 1514 I GameModeConfig: Current uri is uri = content://com.thundercomm.gamemode.api/gamemode_settings/gamemode_isgaming
11-11 05:19:01.021 1514 1514 I GameModeConfig: isGameModeOn = false
11-11 05:19:01.022 1514 1514 I GameModeConfig: isGameModeOn = false
11-11 05:19:01.022 1514 1514 I GameModeConfig: isDisableVoice = true
11-11 05:19:01.080 3685 3703 W ContextImpl: Calling a method in the system process without a qualified user: android.app.ContextImpl.startService:1816 android.content.ContextWrapper.startService:774 com.thundercomm.gamemode.ingame.services.GameModeActionUtils.startGameModeService:93 com.thundercomm.gamemode.ingame.services.GameModeActionUtils.startGameModeEntry:21 com.thundercomm.gamemode.ingame.services.ActivityMonitoringService$1.onActivityLaunch:126
11-11 05:19:01.087 1514 1514 I GameModeConfig: Current uri is uri = content://com.thundercomm.gamemode.api/gamemode_settings/gamemode_isgaming
11-11 05:19:01.089 1514 1514 I GameModeConfig: isGameModeOn = false
11-11 05:19:01.090 1514 1514 I GameModeConfig: isGameModeOn = false
11-11 05:19:01.090 1514 1514 I GameModeConfig: isDisableVoice = true
11-11 05:19:01.285 1514 1596 D FreeFormWindowHelper: Remove freefrom task=Task{73af695 #67 type=standard A=10066:com.android.deskclock U=0 visible=false mode=freeform translucent=true sz=0}
11-11 05:19:04.293 1514 2742 E TaskPersister: File error accessing recents directory (directory doesn't exist?).
11-11 05:19:10.950 1514 1595 W ActivityTaskManager: Launch timeout has expired, giving up wake lock!
11-11 05:19:53.934 1514 1649 V DisplayPowerController[0]: Brightness [0.05] reason changing to: 'manual [ dim ]', previous reason: 'manual'.
11-11 05:19:53.936 1514 1649 W PowerManagerService: Screen on took 60791 ms
11-11 05:19:53.944 1514 1974 E DisplayDeviceConfig: requesting nits when no mapping exists.
11-11 05:19:53.945 1514 1974 E DisplayDeviceConfig: requesting nits when no mapping exists.
11-11 05:19:53.947 1514 1614 I DropBoxManagerService: add tag=system_server_wtf isTagEnabled=true flags=0x2
11-11 05:19:53.950 1514 1614 I DropBoxManagerService: add tag=system_server_wtf isTagEnabled=true flags=0x2
11-11 05:19:53.960 1514 1974 E DisplayDeviceConfig: requesting nits when no mapping exists.
11-11 05:19:53.961 1514 1974 E DisplayDeviceConfig: requesting nits when no mapping exists.
11-11 05:19:53.962 1514 1614 I DropBoxManagerService: add tag=system_server_wtf isTagEnabled=true flags=0x2
11-11 05:19:53.963 1514 1614 I DropBoxManagerService: add tag=system_server_wtf isTagEnabled=true flags=0x2
11-11 05:19:53.977 1514 1974 E DisplayDeviceConfig: requesting nits when no mapping exists.
11-11 05:19:53.977 1514 1974 E DisplayDeviceConfig: requesting nits when no mapping exists.
11-11 05:19:53.979 1514 1614 I DropBoxManagerService: add tag=system_server_wtf isTagEnabled=true flags=0x2
11-11 05:19:53.993 1514 1974 E DisplayDeviceConfig: requesting nits when no mapping exists.
11-11 05:19:53.993 1514 1974 E DisplayDeviceConfig: requesting nits when no mapping exists.
11-11 05:19:54.010 1514 1974 E DisplayDeviceConfig: requesting nits when no mapping exists.
11-11 05:19:54.011 1514 1974 E DisplayDeviceConfig: requesting nits when no mapping exists.
11-11 05:19:54.026 1514 1974 E DisplayDeviceConfig: requesting nits when no mapping exists.
11-11 05:19:54.028 1514 1974 E DisplayDeviceConfig: requesting nits when no mapping exists.
11-11 05:19:54.043 1514 1974 E DisplayDeviceConfig: requesting nits when no mapping exists.
11-11 05:19:54.044 1514 1974 E DisplayDeviceConfig: requesting nits when no mapping exists.
11-11 05:19:54.060 1514 1974 E DisplayDeviceConfig: requesting nits when no mapping exists.
11-11 05:19:54.060 1514 1974 E DisplayDeviceConfig: requesting nits when no mapping exists.
11-11 05:19:54.076 1514 1974 E DisplayDeviceConfig: requesting nits when no mapping exists.
11-11 05:19:54.077 1514 1974 E DisplayDeviceConfig: requesting nits when no mapping exists.
11-11 05:19:54.093 1514 1974 E DisplayDeviceConfig: requesting nits when no mapping exists.
11-11 05:19:54.094 1514 1974 E DisplayDeviceConfig: requesting nits when no mapping exists.
11-11 05:19:54.110 1514 1974 E DisplayDeviceConfig: requesting nits when no mapping exists.
11-11 05:19:54.110 1514 1974 E DisplayDeviceConfig: requesting nits when no mapping exists.
11-11 05:19:54.127 1514 1974 E DisplayDeviceConfig: requesting nits when no mapping exists.
11-11 05:19:54.127 1514 1974 E DisplayDeviceConfig: requesting nits when no mapping exists.
11-11 05:19:54.143 1514 1974 E DisplayDeviceConfig: requesting nits when no mapping exists.
11-11 05:19:54.144 1514 1974 E DisplayDeviceConfig: requesting nits when no mapping exists.
11-11 05:19:54.160 1514 1974 E DisplayDeviceConfig: requesting nits when no mapping exists.
11-11 05:19:54.160 1514 1974 E DisplayDeviceConfig: requesting nits when no mapping exists.
11-11 05:19:54.177 1514 1974 E DisplayDeviceConfig: requesting nits when no mapping exists.
11-11 05:19:54.177 1514 1974 E DisplayDeviceConfig: requesting nits when no mapping exists.
11-11 05:19:54.193 1514 1974 E DisplayDeviceConfig: requesting nits when no mapping exists.
11-11 05:19:54.194 1514 1974 E DisplayDeviceConfig: requesting nits when no mapping exists.
11-11 05:19:54.211 1514 1974 E DisplayDeviceConfig: requesting nits when no mapping exists.
11-11 05:19:54.212 1514 1974 E DisplayDeviceConfig: requesting nits when no mapping exists.
11-11 05:19:54.227 1514 1974 E DisplayDeviceConfig: requesting nits when no mapping exists.
11-11 05:19:54.227 1514 1974 E DisplayDeviceConfig: requesting nits when no mapping exists.
11-11 05:19:54.243 1514 1974 E DisplayDeviceConfig: requesting nits when no mapping exists.
11-11 05:19:54.244 1514 1974 E DisplayDeviceConfig: requesting nits when no mapping exists.
11-11 05:19:54.260 1514 1974 E DisplayDeviceConfig: requesting nits when no mapping exists.
11-11 05:19:54.261 1514 1974 E DisplayDeviceConfig: requesting nits when no mapping exists.
11-11 05:19:54.277 1514 1974 E DisplayDeviceConfig: requesting nits when no mapping exists.
11-11 05:19:54.279 1514 1974 E DisplayDeviceConfig: requesting nits when no mapping exists.
11-11 05:19:54.293 1514 1974 E DisplayDeviceConfig: requesting nits when no mapping exists.
11-11 05:19:54.294 1514 1974 E DisplayDeviceConfig: requesting nits when no mapping exists.
11-11 05:19:54.310 1514 1974 E DisplayDeviceConfig: requesting nits when no mapping exists.
11-11 05:19:54.312 1514 1974 E DisplayDeviceConfig: requesting nits when no mapping exists.
11-11 05:19:54.327 1514 1974 E DisplayDeviceConfig: requesting nits when no mapping exists.
11-11 05:19:54.328 1514 1974 E DisplayDeviceConfig: requesting nits when no mapping exists.
11-11 05:19:54.346 1514 1974 E DisplayDeviceConfig: requesting nits when no mapping exists.
11-11 05:19:54.348 1514 1974 E DisplayDeviceConfig: requesting nits when no mapping exists.
11-11 05:19:54.361 1514 1974 E DisplayDeviceConfig: requesting nits when no mapping exists.
11-11 05:19:54.362 1514 1974 E DisplayDeviceConfig: requesting nits when no mapping exists.
11-11 05:19:54.377 1514 1974 E DisplayDeviceConfig: requesting nits when no mapping exists.
11-11 05:19:54.378 1514 1974 E DisplayDeviceConfig: requesting nits when no mapping exists.
11-11 05:19:54.394 1514 1974 E DisplayDeviceConfig: requesting nits when no mapping exists.
11-11 05:19:54.394 1514 1974 E DisplayDeviceConfig: requesting nits when no mapping exists.
11-11 05:19:54.410 1514 1974 E DisplayDeviceConfig: requesting nits when no mapping exists.
11-11 05:19:54.411 1514 1974 E DisplayDeviceConfig: requesting nits when no mapping exists.
11-11 05:19:54.427 1514 1974 E DisplayDeviceConfig: requesting nits when no mapping exists.
11-11 05:19:54.428 1514 1974 E DisplayDeviceConfig: requesting nits when no mapping exists.
11-11 05:19:54.444 1514 1974 E DisplayDeviceConfig: requesting nits when no mapping exists.
11-11 05:19:54.444 1514 1974 E DisplayDeviceConfig: requesting nits when no mapping exists.
11-11 05:19:54.461 1514 1974 E DisplayDeviceConfig: requesting nits when no mapping exists.
11-11 05:19:54.461 1514 1974 E DisplayDeviceConfig: requesting nits when no mapping exists.
11-11 05:19:54.477 1514 1974 E DisplayDeviceConfig: requesting nits when no mapping exists.
11-11 05:19:54.478 1514 1974 E DisplayDeviceConfig: requesting nits when no mapping exists.
11-11 05:19:54.494 1514 1974 E DisplayDeviceConfig: requesting nits when no mapping exists.
11-11 05:19:54.495 1514 1974 E DisplayDeviceConfig: requesting nits when no mapping exists.
11-11 05:19:54.511 1514 1974 E DisplayDeviceConfig: requesting nits when no mapping exists.
11-11 05:19:54.512 1514 1974 E DisplayDeviceConfig: requesting nits when no mapping exists.
11-11 05:19:54.528 1514 1974 E DisplayDeviceConfig: requesting nits when no mapping exists.
11-11 05:19:54.529 1514 1974 E DisplayDeviceConfig: requesting nits when no mapping exists.
11-11 05:19:54.544 1514 1974 E DisplayDeviceConfig: requesting nits when no mapping exists.
11-11 05:19:54.546 1514 1974 E DisplayDeviceConfig: requesting nits when no mapping exists.
11-11 05:19:54.561 1514 1974 E DisplayDeviceConfig: requesting nits when no mapping exists.
11-11 05:19:54.563 1514 1974 E DisplayDeviceConfig: requesting nits when no mapping exists.
11-11 05:19:54.577 1514 1974 E DisplayDeviceConfig: requesting nits when no mapping exists.
11-11 05:19:54.579 1514 1974 E DisplayDeviceConfig: requesting nits when no mapping exists.
11-11 05:19:54.594 1514 1974 E DisplayDeviceConfig: requesting nits when no mapping exists.
11-11 05:19:54.595 1514 1974 E DisplayDeviceConfig: requesting nits when no mapping exists.
11-11 05:19:54.611 1514 1974 E DisplayDeviceConfig: requesting nits when no mapping exists.
11-11 05:19:54.612 1514 1974 E DisplayDeviceConfig: requesting nits when no mapping exists.
11-11 05:19:54.627 1514 1974 E DisplayDeviceConfig: requesting nits when no mapping exists.
11-11 05:19:54.628 1514 1974 E DisplayDeviceConfig: requesting nits when no mapping exists.
11-11 05:19:54.645 1514 1974 E DisplayDeviceConfig: requesting nits when no mapping exists.
11-11 05:19:54.646 1514 1974 E DisplayDeviceConfig: requesting nits when no mapping exists.
11-11 05:19:54.661 1514 1974 E DisplayDeviceConfig: requesting nits when no mapping exists.
11-11 05:19:54.663 1514 1974 E DisplayDeviceConfig: requesting nits when no mapping exists.
11-11 05:19:54.678 1514 1974 E DisplayDeviceConfig: requesting nits when no mapping exists.
11-11 05:19:54.678 1514 1974 E DisplayDeviceConfig: requesting nits when no mapping exists.
11-11 05:19:54.694 1514 1974 E DisplayDeviceConfig: requesting nits when no mapping exists.
11-11 05:19:54.695 1514 1974 E DisplayDeviceConfig: requesting nits when no mapping exists.
11-11 05:19:54.711 1514 1974 E DisplayDeviceConfig: requesting nits when no mapping exists.
11-11 05:19:54.712 1514 1974 E DisplayDeviceConfig: requesting nits when no mapping exists.
11-11 05:19:54.728 1514 1974 E DisplayDeviceConfig: requesting nits when no mapping exists.
11-11 05:19:54.729 1514 1974 E DisplayDeviceConfig: requesting nits when no mapping exists.
11-11 05:19:54.746 1514 1974 E DisplayDeviceConfig: requesting nits when no mapping exists.
11-11 05:19:54.747 1514 1974 E DisplayDeviceConfig: requesting nits when no mapping exists.
11-11 05:19:54.761 1514 1974 E DisplayDeviceConfig: requesting nits when no mapping exists.
11-11 05:19:54.762 1514 1974 E DisplayDeviceConfig: requesting nits when no mapping exists.
11-11 05:19:54.778 1514 1974 E DisplayDeviceConfig: requesting nits when no mapping exists.
11-11 05:19:54.779 1514 1974 E DisplayDeviceConfig: requesting nits when no mapping exists.
11-11 05:19:54.795 1514 1974 E DisplayDeviceConfig: requesting nits when no mapping exists.
11-11 05:19:54.798 1514 1974 E DisplayDeviceConfig: requesting nits when no mapping exists.
11-11 05:19:54.811 1514 1974 E DisplayDeviceConfig: requesting nits when no mapping exists.
11-11 05:19:54.812 1514 1974 E DisplayDeviceConfig: requesting nits when no mapping exists.
11-11 05:19:54.829 1514 1974 E DisplayDeviceConfig: requesting nits when no mapping exists.
11-11 05:19:54.830 1514 1974 E DisplayDeviceConfig: requesting nits when no mapping exists.
11-11 05:19:54.846 1514 1974 E DisplayDeviceConfig: requesting nits when no mapping exists.
11-11 05:19:54.848 1514 1974 E DisplayDeviceConfig: requesting nits when no mapping exists.
11-11 05:19:54.864 1514 1974 E DisplayDeviceConfig: requesting nits when no mapping exists.
11-11 05:19:54.864 1514 1974 E DisplayDeviceConfig: requesting nits when no mapping exists.
11-11 05:19:54.879 1514 1974 E DisplayDeviceConfig: requesting nits when no mapping exists.
11-11 05:19:54.879 1514 1974 E DisplayDeviceConfig: requesting nits when no mapping exists.
11-11 05:19:54.895 1514 1974 E DisplayDeviceConfig: requesting nits when no mapping exists.
11-11 05:19:54.895 1514 1974 E DisplayDeviceConfig: requesting nits when no mapping exists.
11-11 05:20:00.930 1514 1649 I PowerManagerService: Napping display group (groupId=0, uid=1000)...
11-11 05:20:00.930 1514 1649 I PowerManagerService: Nap time (uid 1000)...
11-11 05:20:00.933 1514 1649 I DreamManagerService: Entering dreamland.
11-11 05:20:00.938 1514 1649 I PowerManagerService: Dreaming...
11-11 05:20:00.941 1514 1592 I DreamController: Starting dream: name=ComponentInfo{com.thundercomm.screensaver/com.thundercomm.saverclock.service.ClockScreensaver}, isTest=false, canDoze=false, userId=0
11-11 05:20:00.951 1514 1592 D CompatibilityChangeReporter: Compat change id reported: 168419799; UID 10051; state: DISABLED
11-11 05:20:00.958 1514 2040 I ActivityTaskManager: START u0 {flg=0x10000000 pkg=com.thundercomm.screensaver cmp=com.thundercomm.screensaver/android.service.dreams.DreamActivity (has extras)} from uid 10051
11-11 05:20:00.964 1514 2040 W ActivityTaskManager: Can't find TaskDisplayArea to determine support for multi window. Task id=68 attached=false
11-11 05:20:00.979 1514 8092 I ActivityTaskManager: FOREGROUND_APPLICATION_CHANGED to android.service.dreams.DreamActivity
11-11 05:20:00.979 1514 8092 I ActivityTaskManager: The Process com.thundercomm.screensaver Already Exists in BG. So sending its PID: 4894
11-11 05:20:00.979 1514 8092 W ActivityTaskManager: Tried to set launchTime (0) < mLastActivityLaunchTime (1027012)
11-11 05:20:00.995 3685 3703 W ContextImpl: Calling a method in the system process without a qualified user: android.app.ContextImpl.startService:1816 android.content.ContextWrapper.startService:774 com.thundercomm.gamemode.ingame.services.GameModeActionUtils.startGameModeService:93 com.thundercomm.gamemode.ingame.services.GameModeActionUtils.startGameModeEntry:21 com.thundercomm.gamemode.ingame.services.ActivityMonitoringService$1.onActivityLaunch:126
11-11 05:20:00.999 1514 8092 W WindowManager: Failed looking up window session=Session{de6ab3f 4894:u0a10051} callers=com.android.server.wm.WindowManagerService.windowForClientLocked:5628 com.android.server.wm.Session.insetsModified:629 android.view.IWindowSession$Stub.onTransact:1151
11-11 05:20:01.006 1514 1514 I GameModeConfig: Current uri is uri = content://com.thundercomm.gamemode.api/gamemode_settings/gamemode_isgaming
11-11 05:20:01.011 1514 1514 I GameModeConfig: isGameModeOn = false
11-11 05:20:01.011 1514 1514 I GameModeConfig: isGameModeOn = false
11-11 05:20:01.011 1514 1514 I GameModeConfig: isDisableVoice = true
11-11 05:20:01.031 1514 1901 I GameModeConfig: isGameModeOn = false
11-11 05:20:01.032 1514 1901 I GameModeConfig: isGameModeOn = false
11-11 05:20:01.032 1514 1901 I GameModeConfig: isGameModeOn = false
11-11 05:20:01.032 1514 1901 I GameModeConfig: isGameModeOn = false
11-11 05:20:01.049 1514 1649 V DisplayPowerController[0]: Brightness [1.0] reason changing to: 'manual', previous reason: 'manual [ dim ]'.
11-11 05:20:01.064 1514 1974 E DisplayDeviceConfig: requesting nits when no mapping exists.
11-11 05:20:01.064 1514 1974 E DisplayDeviceConfig: requesting nits when no mapping exists.
11-11 05:20:01.079 1514 1974 E DisplayDeviceConfig: requesting nits when no mapping exists.
11-11 05:20:01.079 1514 1974 E DisplayDeviceConfig: requesting nits when no mapping exists.
11-11 05:20:01.089 3685 3703 W ContextImpl: Calling a method in the system process without a qualified user: android.app.ContextImpl.startService:1816 android.content.ContextWrapper.startService:774 com.thundercomm.gamemode.ingame.services.GameModeActionUtils.startGameModeService:93 com.thundercomm.gamemode.ingame.services.GameModeActionUtils.startGameModeEntry:21 com.thundercomm.gamemode.ingame.services.ActivityMonitoringService$1.onActivityLaunch:126
11-11 05:20:01.096 1514 1974 E DisplayDeviceConfig: requesting nits when no mapping exists.
11-11 05:20:01.096 1514 1974 E DisplayDeviceConfig: requesting nits when no mapping exists.
11-11 05:20:01.096 1514 1514 I GameModeConfig: Current uri is uri = content://com.thundercomm.gamemode.api/gamemode_settings/gamemode_isgaming
11-11 05:20:01.099 1514 1514 I GameModeConfig: isGameModeOn = false
11-11 05:20:01.099 1514 1514 I GameModeConfig: isGameModeOn = false
11-11 05:20:01.099 1514 1514 I GameModeConfig: isDisableVoice = true
11-11 05:20:01.112 1514 1974 E DisplayDeviceConfig: requesting nits when no mapping exists.
11-11 05:20:01.113 1514 1974 E DisplayDeviceConfig: requesting nits when no mapping exists.
11-11 05:20:01.131 1514 1974 E DisplayDeviceConfig: requesting nits when no mapping exists.
11-11 05:20:01.132 1514 1974 E DisplayDeviceConfig: requesting nits when no mapping exists.
11-11 05:20:01.153 1514 1974 E DisplayDeviceConfig: requesting nits when no mapping exists.
11-11 05:20:01.153 1514 1974 E DisplayDeviceConfig: requesting nits when no mapping exists.
11-11 05:20:01.164 1514 1974 E DisplayDeviceConfig: requesting nits when no mapping exists.
11-11 05:20:01.165 1514 1974 E DisplayDeviceConfig: requesting nits when no mapping exists.
11-11 05:20:01.181 1514 1974 E DisplayDeviceConfig: requesting nits when no mapping exists.
11-11 05:20:01.181 1514 1974 E DisplayDeviceConfig: requesting nits when no mapping exists.
11-11 05:20:01.196 1514 1974 E DisplayDeviceConfig: requesting nits when no mapping exists.
11-11 05:20:01.196 1514 1974 E DisplayDeviceConfig: requesting nits when no mapping exists.
11-11 05:20:01.214 1514 1974 E DisplayDeviceConfig: requesting nits when no mapping exists.
11-11 05:20:01.216 1514 1974 E DisplayDeviceConfig: requesting nits when no mapping exists.
11-11 05:20:01.229 1514 1974 E DisplayDeviceConfig: requesting nits when no mapping exists.
11-11 05:20:01.230 1514 1974 E DisplayDeviceConfig: requesting nits when no mapping exists.
11-11 05:20:01.241 1514 1514 I GameModeConfig: isGameModeOn = false
11-11 05:20:01.243 1514 1514 W NotificationHistory: Attempted to add notif for locked/gone/disabled user 0
11-11 05:20:01.247 1514 1974 E DisplayDeviceConfig: requesting nits when no mapping exists.
11-11 05:20:01.247 1514 1974 E DisplayDeviceConfig: requesting nits when no mapping exists.
11-11 05:20:01.271 1514 1974 E DisplayDeviceConfig: requesting nits when no mapping exists.
11-11 05:20:01.272 1514 1974 E DisplayDeviceConfig: requesting nits when no mapping exists.
11-11 05:20:01.280 1514 1974 E DisplayDeviceConfig: requesting nits when no mapping exists.
11-11 05:20:01.280 1514 1974 E DisplayDeviceConfig: requesting nits when no mapping exists.
11-11 05:20:01.297 1514 1974 E DisplayDeviceConfig: requesting nits when no mapping exists.
11-11 05:20:01.297 1514 1974 E DisplayDeviceConfig: requesting nits when no mapping exists.
11-11 05:20:01.314 1514 1974 E DisplayDeviceConfig: requesting nits when no mapping exists.
11-11 05:20:01.315 1514 1974 E DisplayDeviceConfig: requesting nits when no mapping exists.
11-11 05:20:01.332 1514 1974 E DisplayDeviceConfig: requesting nits when no mapping exists.
11-11 05:20:01.332 1514 1974 E DisplayDeviceConfig: requesting nits when no mapping exists.
11-11 05:20:01.349 1514 1974 E DisplayDeviceConfig: requesting nits when no mapping exists.
11-11 05:20:01.349 1514 1974 E DisplayDeviceConfig: requesting nits when no mapping exists.
11-11 05:20:01.368 1514 1974 E DisplayDeviceConfig: requesting nits when no mapping exists.
11-11 05:20:01.368 1514 1974 E DisplayDeviceConfig: requesting nits when no mapping exists.
11-11 05:20:01.381 1514 1974 E DisplayDeviceConfig: requesting nits when no mapping exists.
11-11 05:20:01.381 1514 1974 E DisplayDeviceConfig: requesting nits when no mapping exists.
11-11 05:20:01.389 3685 3703 W ContextImpl: Calling a method in the system process without a qualified user: android.app.ContextImpl.startService:1816 android.content.ContextWrapper.startService:774 com.thundercomm.gamemode.ingame.services.GameModeActionUtils.startGameModeService:93 com.thundercomm.gamemode.ingame.services.GameModeActionUtils.startGameModeEntry:21 com.thundercomm.gamemode.ingame.services.ActivityMonitoringService$1.onActivityLaunch:126
11-11 05:20:01.393 1514 1514 I GameModeConfig: Current uri is uri = content://com.thundercomm.gamemode.api/gamemode_settings/gamemode_isgaming
11-11 05:20:01.394 1514 1974 E DisplayDeviceConfig: requesting nits when no mapping exists.
11-11 05:20:01.394 1514 1514 I GameModeConfig: isGameModeOn = false
11-11 05:20:01.395 1514 1514 I GameModeConfig: isGameModeOn = false
11-11 05:20:01.395 1514 1514 I GameModeConfig: isDisableVoice = true
11-11 05:20:01.395 1514 1974 E DisplayDeviceConfig: requesting nits when no mapping exists.
11-11 05:20:01.411 1514 1974 E DisplayDeviceConfig: requesting nits when no mapping exists.
11-11 05:20:01.412 1514 1974 E DisplayDeviceConfig: requesting nits when no mapping exists.
11-11 05:20:01.428 1514 1974 E DisplayDeviceConfig: requesting nits when no mapping exists.
11-11 05:20:01.429 1514 1974 E DisplayDeviceConfig: requesting nits when no mapping exists.
11-11 05:20:01.444 1514 1974 E DisplayDeviceConfig: requesting nits when no mapping exists.
11-11 05:20:01.444 1514 1974 E DisplayDeviceConfig: requesting nits when no mapping exists.
11-11 05:20:01.461 1514 1974 E DisplayDeviceConfig: requesting nits when no mapping exists.
11-11 05:20:01.461 1514 1974 E DisplayDeviceConfig: requesting nits when no mapping exists.
11-11 05:20:01.479 1514 1974 E DisplayDeviceConfig: requesting nits when no mapping exists.
11-11 05:20:01.480 1514 1974 E DisplayDeviceConfig: requesting nits when no mapping exists.
11-11 05:20:01.495 1514 1974 E DisplayDeviceConfig: requesting nits when no mapping exists.
11-11 05:20:01.495 1514 1974 E DisplayDeviceConfig: requesting nits when no mapping exists.
11-11 05:20:01.511 1514 1974 E DisplayDeviceConfig: requesting nits when no mapping exists.
11-11 05:20:01.512 1514 1974 E DisplayDeviceConfig: requesting nits when no mapping exists.
11-11 05:20:01.528 1514 1974 E DisplayDeviceConfig: requesting nits when no mapping exists.
11-11 05:20:01.531 1514 1974 E DisplayDeviceConfig: requesting nits when no mapping exists.
11-11 05:20:01.545 1514 1974 E DisplayDeviceConfig: requesting nits when no mapping exists.
11-11 05:20:01.547 1514 1974 E DisplayDeviceConfig: requesting nits when no mapping exists.
11-11 05:20:01.561 1514 1974 E DisplayDeviceConfig: requesting nits when no mapping exists.
11-11 05:20:01.562 1514 1974 E DisplayDeviceConfig: requesting nits when no mapping exists.
11-11 05:20:01.579 1514 1974 E DisplayDeviceConfig: requesting nits when no mapping exists.
11-11 05:20:01.580 1514 1974 E DisplayDeviceConfig: requesting nits when no mapping exists.
11-11 05:20:01.596 1514 1974 E DisplayDeviceConfig: requesting nits when no mapping exists.
11-11 05:20:01.597 1514 1974 E DisplayDeviceConfig: requesting nits when no mapping exists.
11-11 05:20:01.611 1514 1974 E DisplayDeviceConfig: requesting nits when no mapping exists.
11-11 05:20:01.612 1514 1974 E DisplayDeviceConfig: requesting nits when no mapping exists.
11-11 05:20:01.628 1514 1974 E DisplayDeviceConfig: requesting nits when no mapping exists.
11-11 05:20:01.629 1514 1974 E DisplayDeviceConfig: requesting nits when no mapping exists.
11-11 05:20:01.645 1514 1974 E DisplayDeviceConfig: requesting nits when no mapping exists.
11-11 05:20:01.646 1514 1974 E DisplayDeviceConfig: requesting nits when no mapping exists.
11-11 05:20:01.663 1514 1974 E DisplayDeviceConfig: requesting nits when no mapping exists.
11-11 05:20:01.665 1514 1974 E DisplayDeviceConfig: requesting nits when no mapping exists.
11-11 05:20:01.678 1514 1974 E DisplayDeviceConfig: requesting nits when no mapping exists.
11-11 05:20:01.679 1514 1974 E DisplayDeviceConfig: requesting nits when no mapping exists.
11-11 05:20:01.695 1514 1974 E DisplayDeviceConfig: requesting nits when no mapping exists.
11-11 05:20:01.695 1514 1974 E DisplayDeviceConfig: requesting nits when no mapping exists.
11-11 05:20:01.712 1514 1974 E DisplayDeviceConfig: requesting nits when no mapping exists.
11-11 05:20:01.712 1514 1974 E DisplayDeviceConfig: requesting nits when no mapping exists.
11-11 05:20:01.728 1514 1974 E DisplayDeviceConfig: requesting nits when no mapping exists.
11-11 05:20:01.729 1514 1974 E DisplayDeviceConfig: requesting nits when no mapping exists.
11-11 05:20:01.746 1514 1974 E DisplayDeviceConfig: requesting nits when no mapping exists.
11-11 05:20:01.747 1514 1974 E DisplayDeviceConfig: requesting nits when no mapping exists.
11-11 05:20:01.762 1514 1974 E DisplayDeviceConfig: requesting nits when no mapping exists.
11-11 05:20:01.764 1514 1974 E DisplayDeviceConfig: requesting nits when no mapping exists.
11-11 05:20:01.778 1514 1974 E DisplayDeviceConfig: requesting nits when no mapping exists.
11-11 05:20:01.779 1514 1974 E DisplayDeviceConfig: requesting nits when no mapping exists.
11-11 05:20:01.795 1514 1974 E DisplayDeviceConfig: requesting nits when no mapping exists.
11-11 05:20:01.796 1514 1974 E DisplayDeviceConfig: requesting nits when no mapping exists.
11-11 05:20:01.812 1514 1974 E DisplayDeviceConfig: requesting nits when no mapping exists.
11-11 05:20:01.813 1514 1974 E DisplayDeviceConfig: requesting nits when no mapping exists.
11-11 05:20:01.830 1514 1974 E DisplayDeviceConfig: requesting nits when no mapping exists.
11-11 05:20:01.830 1514 1974 E DisplayDeviceConfig: requesting nits when no mapping exists.
11-11 05:20:01.848 1514 1974 E DisplayDeviceConfig: requesting nits when no mapping exists.
11-11 05:20:01.848 1514 1974 E DisplayDeviceConfig: requesting nits when no mapping exists.
11-11 05:20:01.865 1514 1974 E DisplayDeviceConfig: requesting nits when no mapping exists.
11-11 05:20:01.865 1514 1974 E DisplayDeviceConfig: requesting nits when no mapping exists.
11-11 05:20:01.881 1514 1974 E DisplayDeviceConfig: requesting nits when no mapping exists.
11-11 05:20:01.881 1514 1974 E DisplayDeviceConfig: requesting nits when no mapping exists.
11-11 05:20:01.899 1514 1974 E DisplayDeviceConfig: requesting nits when no mapping exists.
11-11 05:20:01.900 1514 1974 E DisplayDeviceConfig: requesting nits when no mapping exists.
11-11 05:20:01.920 1514 1974 E DisplayDeviceConfig: requesting nits when no mapping exists.
11-11 05:20:01.920 1514 1974 E DisplayDeviceConfig: requesting nits when no mapping exists.
11-11 05:20:01.936 1514 1974 E DisplayDeviceConfig: requesting nits when no mapping exists.
11-11 05:20:01.937 1514 1974 E DisplayDeviceConfig: requesting nits when no mapping exists.
11-11 05:20:01.946 1514 1974 E DisplayDeviceConfig: requesting nits when no mapping exists.
11-11 05:20:01.947 1514 1974 E DisplayDeviceConfig: requesting nits when no mapping exists.
11-11 05:20:01.962 1514 1974 E DisplayDeviceConfig: requesting nits when no mapping exists.
11-11 05:20:01.963 1514 1974 E DisplayDeviceConfig: requesting nits when no mapping exists.
11-11 05:20:01.979 1514 1974 E DisplayDeviceConfig: requesting nits when no mapping exists.
11-11 05:20:01.982 1514 1974 E DisplayDeviceConfig: requesting nits when no mapping exists.
11-11 05:20:02.010 1514 1974 E DisplayDeviceConfig: requesting nits when no mapping exists.
11-11 05:20:02.011 1514 1974 E DisplayDeviceConfig: requesting nits when no mapping exists.
11-11 05:20:11.291 1514 1901 I GameModeConfig: isGameModeOn = false
11-11 05:20:42.696 1514 9439 I DreamManagerService: Gently waking up from dream.
11-11 05:20:42.698 1514 1592 I DreamManagerService: Performing gentle wake from dream.
11-11 05:20:42.700 1514 1754 I ActivityTaskManager: FOREGROUND_APPLICATION_CHANGED to com.android.launcher3.uioverrides.QuickstepLauncher
11-11 05:20:42.741 3685 3703 W ContextImpl: Calling a method in the system process without a qualified user: android.app.ContextImpl.startService:1816 android.content.ContextWrapper.startService:774 com.thundercomm.gamemode.ingame.services.GameModeActionUtils.startGameModeService:93 com.thundercomm.gamemode.ingame.services.GameModeActionUtils.startGameModeEntry:21 com.thundercomm.gamemode.ingame.services.ActivityMonitoringService$1.onActivityLaunch:126
11-11 05:20:42.746 1514 1514 I GameModeConfig: Current uri is uri = content://com.thundercomm.gamemode.api/gamemode_settings/gamemode_isgaming
11-11 05:20:42.751 1514 1514 I GameModeConfig: isGameModeOn = false
11-11 05:20:42.752 1514 1514 I GameModeConfig: isGameModeOn = false
11-11 05:20:42.752 1514 1514 I GameModeConfig: isDisableVoice = true
11-11 05:20:42.767 1514 1649 I PowerManagerService: Powering on display group fromDreaming (groupId=0, uid=1000, reason=WAKE_REASON_UNKNOWN, details=android.server.power:DREAM_FINISHED)...
11-11 05:20:42.767 1514 1649 I PowerManagerService: Waking up from Dreaming (uid=1000, reason=WAKE_REASON_UNKNOWN, details=android.server.power:DREAM_FINISHED)...
11-11 05:20:42.812 3685 3703 W ContextImpl: Calling a method in the system process without a qualified user: android.app.ContextImpl.startService:1816 android.content.ContextWrapper.startService:774 com.thundercomm.gamemode.ingame.services.GameModeActionUtils.startGameModeService:93 com.thundercomm.gamemode.ingame.services.GameModeActionUtils.startGameModeEntry:21 com.thundercomm.gamemode.ingame.services.ActivityMonitoringService$1.onActivityLaunch:126
11-11 05:20:42.819 1514 1514 I GameModeConfig: Current uri is uri = content://com.thundercomm.gamemode.api/gamemode_settings/gamemode_isgaming
11-11 05:20:42.821 1514 1514 I GameModeConfig: isGameModeOn = false
11-11 05:20:42.822 1514 1514 I GameModeConfig: isGameModeOn = false
11-11 05:20:42.822 1514 1514 I GameModeConfig: isDisableVoice = true
11-11 05:20:43.022 3685 3703 W ContextImpl: Calling a method in the system process without a qualified user: android.app.ContextImpl.startService:1816 android.content.ContextWrapper.startService:774 com.thundercomm.gamemode.ingame.services.GameModeActionUtils.startGameModeService:93 com.thundercomm.gamemode.ingame.services.GameModeActionUtils.startGameModeEntry:21 com.thundercomm.gamemode.ingame.services.ActivityMonitoringService$1.onActivityLaunch:126
11-11 05:20:43.027 1514 1514 I GameModeConfig: Current uri is uri = content://com.thundercomm.gamemode.api/gamemode_settings/gamemode_isgaming
11-11 05:20:43.034 1514 1514 I GameModeConfig: isGameModeOn = false
11-11 05:20:43.034 1514 1514 I GameModeConfig: isGameModeOn = false
11-11 05:20:43.034 1514 1514 I GameModeConfig: isDisableVoice = true
11-11 05:20:43.042 1514 9439 I DreamManagerService: Leaving dreamland.
11-11 05:20:43.043 1514 1592 I DreamManagerService: Performing gentle wake from dream.
11-11 05:20:43.043 1514 1592 I DreamController: Stopping dream: name=ComponentInfo{com.thundercomm.screensaver/com.thundercomm.saverclock.service.ClockScreensaver}, isTest=false, canDoze=false, userId=0, reason='finished self'(from 'finished self')
11-11 05:20:43.055 1514 1596 W ActivityTaskManager: Can't find TaskDisplayArea to determine support for multi window. Task id=68 attached=false
11-11 05:20:45.117 1514 9439 I ActivityTaskManager: START u0 {act=android.intent.action.MAIN cat=[android.intent.category.LAUNCHER] flg=0x10200000 cmp=com.android.deskclock/.DeskClock bnds=[760,280][1020,540]} from uid 10079
11-11 05:20:45.123 1514 9439 W ActivityTaskManager: Can't find TaskDisplayArea to determine support for multi window. Task id=69 attached=false
11-11 05:20:45.128 1514 9439 D CompatibilityChangeReporter: Compat change id reported: 174042980; UID 10066; state: DISABLED
11-11 05:20:45.132 1514 9439 D CompatibilityChangeReporter: Compat change id reported: 168419799; UID 10066; state: DISABLED
11-11 05:20:45.166 1514 8092 I ActivityTaskManager: FOREGROUND_APPLICATION_CHANGED to com.android.deskclock.DeskClock
11-11 05:20:45.167 1514 8092 I ActivityTaskManager: The Process com.android.deskclock Already Exists in BG. So sending its PID: 9459
11-11 05:20:45.168 1514 8092 W ActivityTaskManager: Tried to set launchTime (0) < mLastActivityLaunchTime (1954614)
11-11 05:20:45.195 3685 3703 W ContextImpl: Calling a method in the system process without a qualified user: android.app.ContextImpl.startService:1816 android.content.ContextWrapper.startService:774 com.thundercomm.gamemode.ingame.services.GameModeActionUtils.startGameModeService:93 com.thundercomm.gamemode.ingame.services.GameModeActionUtils.startGameModeEntry:21 com.thundercomm.gamemode.ingame.services.ActivityMonitoringService$1.onActivityLaunch:126
11-11 05:20:45.199 1514 1514 I GameModeConfig: Current uri is uri = content://com.thundercomm.gamemode.api/gamemode_settings/gamemode_isgaming
11-11 05:20:45.205 1514 1514 I GameModeConfig: isGameModeOn = false
11-11 05:20:45.205 1514 1514 I GameModeConfig: isGameModeOn = false
11-11 05:20:45.205 1514 1514 I GameModeConfig: isDisableVoice = true
11-11 05:20:45.205 1514 2960 I ActivityTaskManager: START u0 {act=android.content.pm.action.REQUEST_PERMISSIONS pkg=com.android.permissioncontroller cmp=com.android.permissioncontroller/.permission.ui.GrantPermissionsActivity (has extras)} from uid 10066
11-11 05:20:45.216 1514 2960 D CompatibilityChangeReporter: Compat change id reported: 174042980; UID 10094; state: DISABLED
11-11 05:20:45.217 1514 2960 D CompatibilityChangeReporter: Compat change id reported: 184838306; UID 10094; state: DISABLED
11-11 05:20:45.217 1514 2960 D CompatibilityChangeReporter: Compat change id reported: 185004937; UID 10094; state: DISABLED
11-11 05:20:45.217 1514 2960 D CompatibilityChangeReporter: Compat change id reported: 181136395; UID 10094; state: DISABLED
11-11 05:20:45.218 1514 2960 D CompatibilityChangeReporter: Compat change id reported: 174042936; UID 10094; state: DISABLED
11-11 05:20:45.220 1514 2960 D CompatibilityChangeReporter: Compat change id reported: 168419799; UID 10094; state: DISABLED
11-11 05:20:45.258 1514 9439 I ActivityTaskManager: FOREGROUND_APPLICATION_CHANGED to com.android.permissioncontroller.permission.ui.GrantPermissionsActivity
11-11 05:20:45.258 1514 9439 I ActivityTaskManager: The Process com.android.permissioncontroller Already Exists in BG. So sending its PID: 9485
11-11 05:20:45.260 1514 9439 W ActivityTaskManager: Tried to set launchTime (0) < mLastActivityLaunchTime (1954714)
11-11 05:20:45.284 3685 3703 W ContextImpl: Calling a method in the system process without a qualified user: android.app.ContextImpl.startService:1816 android.content.ContextWrapper.startService:774 com.thundercomm.gamemode.ingame.services.GameModeActionUtils.startGameModeService:93 com.thundercomm.gamemode.ingame.services.GameModeActionUtils.startGameModeEntry:21 com.thundercomm.gamemode.ingame.services.ActivityMonitoringService$1.onActivityLaunch:126
11-11 05:20:45.288 1514 1514 I GameModeConfig: Current uri is uri = content://com.thundercomm.gamemode.api/gamemode_settings/gamemode_isgaming
11-11 05:20:45.291 1514 1514 I GameModeConfig: isGameModeOn = false
11-11 05:20:45.292 1514 1514 I GameModeConfig: isGameModeOn = false
11-11 05:20:45.292 1514 1514 I GameModeConfig: isDisableVoice = true
11-11 05:20:45.318 1514 1754 I ActivityTaskManager: FOREGROUND_APPLICATION_CHANGED to com.android.deskclock.DeskClock
11-11 05:20:45.434 3685 3703 W ContextImpl: Calling a method in the system process without a qualified user: android.app.ContextImpl.startService:1816 android.content.ContextWrapper.startService:774 com.thundercomm.gamemode.ingame.services.GameModeActionUtils.startGameModeService:93 com.thundercomm.gamemode.ingame.services.GameModeActionUtils.startGameModeEntry:21 com.thundercomm.gamemode.ingame.services.ActivityMonitoringService$1.onActivityLaunch:126
11-11 05:20:45.440 1514 1514 I GameModeConfig: Current uri is uri = content://com.thundercomm.gamemode.api/gamemode_settings/gamemode_isgaming
11-11 05:20:45.444 1514 1514 I GameModeConfig: isGameModeOn = false
11-11 05:20:45.444 1514 1514 I GameModeConfig: isGameModeOn = false
11-11 05:20:45.444 1514 1514 I GameModeConfig: isDisableVoice = true
11-11 05:20:45.784 3685 3703 W ContextImpl: Calling a method in the system process without a qualified user: android.app.ContextImpl.startService:1816 android.content.ContextWrapper.startService:774 com.thundercomm.gamemode.ingame.services.GameModeActionUtils.startGameModeService:93 com.thundercomm.gamemode.ingame.services.GameModeActionUtils.startGameModeEntry:21 com.thundercomm.gamemode.ingame.services.ActivityMonitoringService$1.onActivityLaunch:126
11-11 05:20:45.789 1514 1514 I GameModeConfig: Current uri is uri = content://com.thundercomm.gamemode.api/gamemode_settings/gamemode_isgaming
11-11 05:20:45.793 1514 1514 I GameModeConfig: isGameModeOn = false
11-11 05:20:45.795 1514 1514 I GameModeConfig: isGameModeOn = false
11-11 05:20:45.795 1514 1514 I GameModeConfig: isDisableVoice = true
11-11 05:20:45.823 3685 3703 W ContextImpl: Calling a method in the system process without a qualified user: android.app.ContextImpl.startService:1816 android.content.ContextWrapper.startService:774 com.thundercomm.gamemode.ingame.services.GameModeActionUtils.startGameModeService:93 com.thundercomm.gamemode.ingame.services.GameModeActionUtils.startGameModeEntry:21 com.thundercomm.gamemode.ingame.services.ActivityMonitoringService$1.onActivityLaunch:126
11-11 05:20:45.826 1514 1514 I GameModeConfig: Current uri is uri = content://com.thundercomm.gamemode.api/gamemode_settings/gamemode_isgaming
11-11 05:20:45.830 1514 1514 I GameModeConfig: isGameModeOn = false
11-11 05:20:45.831 1514 1514 I GameModeConfig: isGameModeOn = false
11-11 05:20:45.831 1514 1514 I GameModeConfig: isDisableVoice = true
11-11 05:20:48.143 1514 2742 E TaskPersister: File error accessing recents directory (directory doesn't exist?).
11-11 05:20:48.272 3685 3703 W ContextImpl: Calling a method in the system process without a qualified user: android.app.ContextImpl.startService:1816 android.content.ContextWrapper.startService:774 com.thundercomm.gamemode.ingame.services.GameModeActionUtils.startGameModeService:93 com.thundercomm.gamemode.ingame.services.GameModeActionUtils.startGameModeEntry:21 com.thundercomm.gamemode.ingame.services.ActivityMonitoringService$1.onActivityLaunch:126
11-11 05:20:48.278 1514 1514 I GameModeConfig: Current uri is uri = content://com.thundercomm.gamemode.api/gamemode_settings/gamemode_isgaming
11-11 05:20:48.280 1514 1514 I GameModeConfig: isGameModeOn = false
11-11 05:20:48.281 1514 1514 I GameModeConfig: isGameModeOn = false
11-11 05:20:48.281 1514 1514 I GameModeConfig: isDisableVoice = true
11-11 05:20:51.351 1514 1754 I ActivityTaskManager: FOREGROUND_APPLICATION_CHANGED to com.android.launcher3.uioverrides.QuickstepLauncher
