11-11 05:39:32.423 1514 1921 W ActivityTaskManager: Tried to set launchTime (0) < mLastActivityLaunchTime (3185277)
11-11 05:39:32.470 1514 1921 W WindowManager: Failed looking up window session=Session{32a69e8 12863:u0a10068} callers=com.android.server.wm.WindowManagerService.windowForClientLocked:5628 com.android.server.wm.Session.insetsModified:629 android.view.IWindowSession$Stub.onTransact:1151
11-11 05:39:32.540 3685 3703 W ContextImpl: Calling a method in the system process without a qualified user: android.app.ContextImpl.startService:1816 android.content.ContextWrapper.startService:774 com.thundercomm.gamemode.ingame.services.GameModeActionUtils.startGameModeService:93 com.thundercomm.gamemode.ingame.services.GameModeActionUtils.startGameModeEntry:21 com.thundercomm.gamemode.ingame.services.ActivityMonitoringService$1.onActivityLaunch:126
11-11 05:39:32.555 1514 1514 I GameModeConfig: Current uri is uri = content://com.thundercomm.gamemode.api/gamemode_settings/gamemode_isgaming
11-11 05:39:32.561 1514 1514 I GameModeConfig: isGameModeOn = false
11-11 05:39:32.562 1514 1514 I GameModeConfig: isGameModeOn = false
11-11 05:39:32.562 1514 1514 I GameModeConfig: isDisableVoice = true
11-11 05:39:33.333 1514 2742 E TaskPersister: File error accessing recents directory (directory doesn't exist?). --------- beginning of events
11-11 05:39:34.399 0 0 I auditd : type=1400 audit(0.0:3833): avc: denied { kill } for comm="swapper/3" capability=5 scontext=u:r:kernel:s0 tcontext=u:r:kernel:s0 tclass=capability permissive=0
11-11 05:39:35.114 1514 2505 I wm_task_moved: [39,0,0]
11-11 05:39:35.115 1514 2505 I wm_task_moved: [39,0,6]
11-11 05:39:35.130 2503 2503 I wm_on_restart_called: [157690489,com.android.launcher3.uioverrides.QuickstepLauncher,performRestartActivity]
11-11 05:39:35.139 3685 3703 W ContextImpl: Calling a method in the system process without a qualified user: android.app.ContextImpl.startService:1816 android.content.ContextWrapper.startService:774 com.thundercomm.gamemode.ingame.services.GameModeActionUtils.startGameModeService:93 com.thundercomm.gamemode.ingame.services.GameModeActionUtils.startGameModeEntry:21 com.thundercomm.gamemode.ingame.services.ActivityMonitoringService$1.onActivityLaunch:126
11-11 05:39:35.144 1514 1514 I GameModeConfig: Current uri is uri = content://com.thundercomm.gamemode.api/gamemode_settings/gamemode_isgaming
11-11 05:39:35.147 1514 1514 I GameModeConfig: isGameModeOn = false
11-11 05:39:35.148 1514 1514 I GameModeConfig: isGameModeOn = false
11-11 05:39:35.148 1514 1514 I GameModeConfig: isDisableVoice = true
11-11 05:39:35.149 2503 2503 I wm_on_start_called: [157690489,com.android.launcher3.uioverrides.QuickstepLauncher,handleStartActivity]
11-11 05:39:35.155 1514 2505 I snet_event_log: [172655291,-1,]
11-11 05:39:35.173 1514 1592 I sysui_multi_action: [319,10,322,51,325,3190,757,761,758,9,759,5,806,com.android.launcher3,871,com.android.launcher3.uioverrides.QuickstepLauncher,904,com.android.launcher3,905,0,1320,8,1321,5]
11-11 05:39:35.229 12863 12863 I view_enqueue_input_event: [Motion - Cancel,com.android.gallery3d/com.android.gallery3d.app.MovieActivity]
11-11 05:39:35.230 2503 2503 I sysui_latency: [1,71]
11-11 05:39:35.241 1514 1596 I input_focus: [Focus request recents_animation_input_consumer,reason=UpdateInputWindows]
11-11 05:39:35.248 1514 1770 I input_interaction: Interaction with: edge-swipe (server), swipe-up (server), PointerEventDispatcher0 (server),
11-11 05:39:35.270 1514 1770 I input_focus: [Focus leaving cd71443 com.android.gallery3d/com.android.gallery3d.app.MovieActivity (server),reason=NOT_FOCUSABLE]
11-11 05:39:35.270 1514 1770 I input_focus: [Focus entering recents_animation_input_consumer (server),reason=setFocusedWindow]
11-11 05:39:35.357 1514 1715 I commit_sys_config_file: [settings-1-0,8]
11-11 05:39:35.467 1514 1612 I sysui_latency: [8,72]
11-11 05:39:36.028 1514 6145 I wm_task_moved: [39,1,7]
11-11 05:39:36.031 1514 6145 I wm_task_moved: [40,1,2147483647]
11-11 05:39:36.031 1514 6145 I wm_task_to_front: [0,40]
11-11 05:39:36.032 1514 6145 I wm_focused_root_task: [0,0,39,94,RecentsAnimation.onAnimationFinished()]
11-11 05:39:36.032 12863 12863 I wm_on_top_resumed_lost_called: [112332225,com.android.gallery3d.app.MovieActivity,topStateChangedWhenResumed]
11-11 05:39:36.032 1514 6145 I wm_set_resumed_activity: [0,com.android.launcher3/.uioverrides.QuickstepLauncher,RecentsAnimation.onAnimationFinished()]
11-11 05:39:36.033 1514 6145 I wm_pause_activity: [0,112332225,com.android.gallery3d/.app.MovieActivity,userLeaving=true,pauseBackTasks]
11-11 05:39:36.035 1514 6145 I wm_add_to_stopping: [0,112332225,com.android.gallery3d/.app.MovieActivity,makeInvisible]
11-11 05:39:36.036 1514 6145 I ActivityTaskManager: FOREGROUND_APPLICATION_CHANGED to com.android.launcher3.uioverrides.QuickstepLauncher
11-11 05:39:36.036 1514 6145 I wm_set_resumed_activity: [0,com.android.launcher3/.uioverrides.QuickstepLauncher,resumeTopActivityInnerLocked]
11-11 05:39:36.038 1514 6145 I wm_resume_activity: [0,157690489,40,com.android.launcher3/.uioverrides.QuickstepLauncher]
11-11 05:39:36.039 2503 2503 I wm_on_resume_called: [157690489,com.android.launcher3.uioverrides.QuickstepLauncher,RESUME_ACTIVITY]
11-11 05:39:36.051 1514 1596 I input_focus: [Focus request eea03e8 com.android.launcher3/com.android.launcher3.uioverrides.QuickstepLauncher,reason=UpdateInputWindows]
11-11 05:39:36.053 1514 1770 I input_focus: [Focus leaving recents_animation_input_consumer (server),reason=NOT_VISIBLE]
11-11 05:39:36.068 1514 1770 I input_focus: [Focus entering eea03e8 com.android.launcher3/com.android.launcher3.uioverrides.QuickstepLauncher (server),reason=setFocusedWindow]
11-11 05:39:36.071 2503 2503 I wm_on_top_resumed_gained_called: [157690489,com.android.launcher3.uioverrides.QuickstepLauncher,topStateChangedWhenResumed]
11-11 05:39:36.072 1514 1595 I wm_stop_activity: [0,112332225,com.android.gallery3d/.app.MovieActivity]
11-11 05:39:36.072 1514 1595 I sysui_multi_action: [757,803,799,window_time_0,802,4]
11-11 05:39:36.079 1514 1595 I sysui_multi_action: [757,803,799,window_time_0,802,0]
11-11 05:39:36.135 12863 12863 I wm_on_paused_called: [112332225,com.android.gallery3d.app.MovieActivity,performPause]
11-11 05:39:36.142 12863 12863 I wm_on_stop_called: [112332225,com.android.gallery3d.app.MovieActivity,STOP_ACTIVITY_ITEM]
11-11 05:39:36.161 3685 3703 W ContextImpl: Calling a method in the system process without a qualified user: android.app.ContextImpl.startService:1816 android.content.ContextWrapper.startService:774 com.thundercomm.gamemode.ingame.services.GameModeActionUtils.startGameModeService:93 com.thundercomm.gamemode.ingame.services.GameModeActionUtils.startGameModeEntry:21 com.thundercomm.gamemode.ingame.services.ActivityMonitoringService$1.onActivityLaunch:126
11-11 05:39:36.172 1514 1514 I GameModeConfig: Current uri is uri = content://com.thundercomm.gamemode.api/gamemode_settings/gamemode_isgaming
11-11 05:39:36.174 1514 1514 I GameModeConfig: isGameModeOn = false
11-11 05:39:36.174 1514 1514 I GameModeConfig: isGameModeOn = false
11-11 05:39:36.175 1514 1514 I GameModeConfig: isDisableVoice = true
11-11 05:39:36.176 3685 3703 W ContextImpl: Calling a method in the system process without a qualified user: android.app.ContextImpl.startService:1816 android.content.ContextWrapper.startService:774 com.thundercomm.gamemode.ingame.services.GameModeActionUtils.startGameModeService:93 com.thundercomm.gamemode.ingame.services.GameModeActionUtils.startGameModeEntry:21 com.thundercomm.gamemode.ingame.services.ActivityMonitoringService$1.onActivityLaunch:126
11-11 05:39:36.179 1514 1514 I GameModeConfig: Current uri is uri = content://com.thundercomm.gamemode.api/gamemode_settings/gamemode_isgaming
11-11 05:39:36.181 1514 1514 I GameModeConfig: isGameModeOn = false
11-11 05:39:36.182 1514 1514 I GameModeConfig: isGameModeOn = false
11-11 05:39:36.182 1514 1514 I GameModeConfig: isDisableVoice = true
11-11 05:39:36.399 0 0 I auditd : type=1400 audit(0.0:3834): avc: denied { kill } for comm="swapper/3" capability=5 scontext=u:r:kernel:s0 tcontext=u:r:kernel:s0 tclass=capability permissive=0
11-11 05:39:37.050 1514 1770 I input_interaction: Interaction with: eea03e8 com.android.launcher3/com.android.launcher3.uioverrides.QuickstepLauncher (server), 8068647 com.android.systemui.ImageWallpaper (server), edge-swipe (server), swipe-up (server), PointerEventDispatcher0 (server),
11-11 05:39:37.197 2503 2503 I view_enqueue_input_event: [Motion - Cancel,com.android.launcher3/com.android.launcher3.uioverrides.QuickstepLauncher]
11-11 05:39:37.201 1514 1770 I input_interaction: Interaction with: edge-swipe (server), swipe-up (server), PointerEventDispatcher0 (server),
11-11 05:39:37.375 1514 1715 I commit_sys_config_file: [settings-1-0,4]
11-11 05:39:37.399 0 0 I auditd : type=1400 audit(0.0:3835): avc: denied { kill } for comm="swapper/3" capability=5 scontext=u:r:kernel:s0 tcontext=u:r:kernel:s0 tclass=capability permissive=0
11-11 05:39:37.701 1514 1715 I commit_sys_config_file: [settings-1-0,13]
11-11 05:39:39.016 1514 1770 I input_interaction: Interaction with: eea03e8 com.android.launcher3/com.android.launcher3.uioverrides.QuickstepLauncher (server), 8068647 com.android.systemui.ImageWallpaper (server), edge-swipe (server), swipe-up (server), PointerEventDispatcher0 (server),
11-11 05:39:39.135 1514 8092 I ActivityTaskManager: START u0 {flg=0x10008000 cmp=com.android.gallery3d/.app.MovieActivity} from uid 10079
11-11 05:39:39.144 1514 8092 I wm_task_moved: [94,1,7]
11-11 05:39:39.144 1514 8092 I wm_task_to_front: [0,94]
11-11 05:39:39.146 1514 8092 I wm_focused_root_task: [0,0,94,39,bringingFoundTaskToFront]
11-11 05:39:39.147 1514 8092 I wm_set_resumed_activity: [0,com.android.gallery3d/.app.MovieActivity,bringingFoundTaskToFront]
11-11 05:39:39.152 1514 8092 D FreeFormWindowHelper: Add freeform task=Task{cbc35cc #94 type=standard A=10068:com.android.gallery3d U=0 visible=true mode=freeform translucent=true sz=2}
11-11 05:39:39.154 1514 8092 I ActivityTaskManager: FOREGROUND_APPLICATION_CHANGED to com.android.gallery3d.app.MovieActivity
11-11 05:39:39.155 1514 8092 I wm_set_resumed_activity: [0,com.android.gallery3d/.app.MovieActivity,resumeTopActivityInnerLocked]
11-11 05:39:39.157 1514 8092 I wm_resume_activity: [0,112332225,94,com.android.gallery3d/.app.MovieActivity]
11-11 05:39:39.159 1514 8092 I wm_finish_activity: [0,112332225,94,com.android.gallery3d/.app.MovieActivity,clear-task-all]
11-11 05:39:39.159 1514 8092 I wm_pause_activity: [0,112332225,com.android.gallery3d/.app.MovieActivity,userLeaving=false,finish]
11-11 05:39:39.160 1514 8092 I wm_finish_activity: [0,177724167,94,com.android.gallery3d/.app.GalleryActivity,clear-task-all]
11-11 05:39:39.161 1514 8092 I wm_destroy_activity: [0,177724167,94,com.android.gallery3d/.app.GalleryActivity,finish-imm:finishIfPossible]
11-11 05:39:39.164 1514 8092 I wm_task_moved: [94,1,7]
11-11 05:39:39.164 1514 8092 I wm_create_activity: [0,176390156,94,com.android.gallery3d/.app.MovieActivity,NULL,NULL,NULL,272662528]
11-11 05:39:39.174 2503 2503 I wm_on_top_resumed_lost_called: [157690489,com.android.launcher3.uioverrides.QuickstepLauncher,topStateChangedWhenResumed]
11-11 05:39:39.192 12863 12863 I wm_on_restart_called: [112332225,com.android.gallery3d.app.MovieActivity,performRestartActivity]
11-11 05:39:39.194 3685 3703 W ContextImpl: Calling a method in the system process without a qualified user: android.app.ContextImpl.startService:1816 android.content.ContextWrapper.startService:774 com.thundercomm.gamemode.ingame.services.GameModeActionUtils.startGameModeService:93 com.thundercomm.gamemode.ingame.services.GameModeActionUtils.startGameModeEntry:21 com.thundercomm.gamemode.ingame.services.ActivityMonitoringService$1.onActivityLaunch:126
11-11 05:39:39.194 12863 12863 I wm_on_start_called: [112332225,com.android.gallery3d.app.MovieActivity,handleStartActivity]
11-11 05:39:39.194 12863 12863 I wm_on_resume_called: [112332225,com.android.gallery3d.app.MovieActivity,RESUME_ACTIVITY]
11-11 05:39:39.195 12863 12863 I wm_on_restart_called: [177724167,com.android.gallery3d.app.GalleryActivity,performRestartActivity]
11-11 05:39:39.196 12863 12863 I wm_on_start_called: [177724167,com.android.gallery3d.app.GalleryActivity,handleStartActivity]
11-11 05:39:39.196 12863 12863 I wm_on_paused_called: [112332225,com.android.gallery3d.app.MovieActivity,performPause]
11-11 05:39:39.197 1514 1921 I wm_add_to_stopping: [0,112332225,com.android.gallery3d/.app.MovieActivity,completeFinishing]
11-11 05:39:39.198 1514 1921 I ActivityTaskManager: The Process com.android.gallery3d Already Exists in BG. So sending its PID: 12863
11-11 05:39:39.198 1514 1921 W ActivityTaskManager: Tried to set launchTime (0) < mLastActivityLaunchTime (3187839)
11-11 05:39:39.200 1514 1921 I wm_restart_activity: [0,176390156,94,com.android.gallery3d/.app.MovieActivity]
11-11 05:39:39.201 1514 1921 I wm_set_resumed_activity: [0,com.android.gallery3d/.app.MovieActivity,minimalResumeActivityLocked]
11-11 05:39:39.203 1514 1514 I GameModeConfig: Current uri is uri = content://com.thundercomm.gamemode.api/gamemode_settings/gamemode_isgaming
11-11 05:39:39.205 1514 1595 I sysui_multi_action: [757,803,799,window_time_0,802,3]
11-11 05:39:39.207 1514 1514 I GameModeConfig: isGameModeOn = false
11-11 05:39:39.207 1514 1514 I GameModeConfig: isGameModeOn = false
11-11 05:39:39.207 1514 1514 I GameModeConfig: isDisableVoice = true
11-11 05:39:39.209 12863 12863 I wm_on_resume_called: [177724167,com.android.gallery3d.app.GalleryActivity,LIFECYCLER_RESUME_ACTIVITY]
11-11 05:39:39.213 12863 12863 I wm_on_paused_called: [177724167,com.android.gallery3d.app.GalleryActivity,performPause]
11-11 05:39:39.213 12863 12863 I wm_on_stop_called: [177724167,com.android.gallery3d.app.GalleryActivity,LIFECYCLER_STOP_ACTIVITY]
11-11 05:39:39.214 12863 12863 I wm_on_destroy_called: [177724167,com.android.gallery3d.app.GalleryActivity,performDestroy]
11-11 05:39:39.219 1514 1612 W UsageStatsService: Unexpected activity event reported! (com.android.gallery3d/com.android.gallery3d.app.GalleryActivity event : 23 instanceId : 129271688)
11-11 05:39:39.282 12863 12863 E AndroidRuntime: FATAL EXCEPTION: main
11-11 05:39:39.282 12863 12863 E AndroidRuntime: Process: com.android.gallery3d, PID: 12863
11-11 05:39:39.282 12863 12863 E AndroidRuntime: java.lang.RuntimeException: Unable to start activity ComponentInfo{com.android.gallery3d/com.android.gallery3d.app.MovieActivity}: java.lang.NullPointerException: Attempt to invoke virtual method 'java.lang.String android.net.Uri.getScheme()' on a null object reference
11-11 05:39:39.282 12863 12863 E AndroidRuntime: at android.app.ActivityThread.performLaunchActivity(ActivityThread.java:3636)
11-11 05:39:39.282 12863 12863 E AndroidRuntime: at android.app.ActivityThread.handleLaunchActivity(ActivityThread.java:3793)
11-11 05:39:39.282 12863 12863 E AndroidRuntime: at android.app.servertransaction.LaunchActivityItem.execute(LaunchActivityItem.java:103)
11-11 05:39:39.282 12863 12863 E AndroidRuntime: at android.app.servertransaction.TransactionExecutor.executeCallbacks(TransactionExecutor.java:135)
11-11 05:39:39.282 12863 12863 E AndroidRuntime: at android.app.servertransaction.TransactionExecutor.execute(TransactionExecutor.java:95)
11-11 05:39:39.282 12863 12863 E AndroidRuntime: at android.app.ActivityThread$H.handleMessage(ActivityThread.java:2211)
11-11 05:39:39.282 12863 12863 E AndroidRuntime: at android.os.Handler.dispatchMessage(Handler.java:106)
11-11 05:39:39.282 12863 12863 E AndroidRuntime: at android.os.Looper.loopOnce(Looper.java:201)
11-11 05:39:39.282 12863 12863 E AndroidRuntime: at android.os.Looper.loop(Looper.java:288)
11-11 05:39:39.282 12863 12863 E AndroidRuntime: at android.app.ActivityThread.main(ActivityThread.java:7880)
11-11 05:39:39.282 12863 12863 E AndroidRuntime: at java.lang.reflect.Method.invoke(Native Method)
11-11 05:39:39.282 12863 12863 E AndroidRuntime: at com.android.internal.os.RuntimeInit$MethodAndArgsCaller.run(RuntimeInit.java:548)
11-11 05:39:39.282 12863 12863 E AndroidRuntime: at com.android.internal.os.ZygoteInit.main(ZygoteInit.java:1009)
11-11 05:39:39.282 12863 12863 E AndroidRuntime: Caused by: java.lang.NullPointerException: Attempt to invoke virtual method 'java.lang.String android.net.Uri.getScheme()' on a null object reference
11-11 05:39:39.282 12863 12863 E AndroidRuntime: at com.android.gallery3d.app.MoviePlayer.startVideo(MoviePlayer.java:324)
11-11 05:39:39.282 12863 12863 E AndroidRuntime: at com.android.gallery3d.app.MoviePlayer.(MoviePlayer.java:200)
11-11 05:39:39.282 12863 12863 E AndroidRuntime: at com.android.gallery3d.app.MovieActivity$1.(MovieActivity.java:95)
11-11 05:39:39.282 12863 12863 E AndroidRuntime: at com.android.gallery3d.app.MovieActivity.onCreate(MovieActivity.java:94)
11-11 05:39:39.282 12863 12863 E AndroidRuntime: at android.app.Activity.performCreate(Activity.java:8070)
11-11 05:39:39.282 12863 12863 E AndroidRuntime: at android.app.Activity.performCreate(Activity.java:8050)
11-11 05:39:39.282 12863 12863 E AndroidRuntime: at android.app.Instrumentation.callActivityOnCreate(Instrumentation.java:1330)
11-11 05:39:39.282 12863 12863 E AndroidRuntime: at android.app.ActivityThread.performLaunchActivity(ActivityThread.java:3609)
11-11 05:39:39.282 12863 12863 E AndroidRuntime: ... 12 more
11-11 05:39:39.282 1514 2505 I am_crash: [12863,0,com.android.gallery3d,819510341,java.lang.NullPointerException,Attempt to invoke virtual method 'java.lang.String android.net.Uri.getScheme()' on a null object reference,MoviePlayer.java,324]
11-11 05:39:39.285 1514 2505 W ActivityTaskManager: Force finishing activity com.android.gallery3d/.app.MovieActivity
11-11 05:39:39.285 1514 2505 I wm_finish_activity: [0,176390156,94,com.android.gallery3d/.app.MovieActivity,force-crash]
11-11 05:39:39.286 1514 2505 I wm_task_moved: [39,1,7]
11-11 05:39:39.286 1514 2505 I wm_set_resumed_activity: [0,com.android.launcher3/.uioverrides.QuickstepLauncher,positionChildAt]
11-11 05:39:39.286 1514 2505 I wm_task_moved: [40,1,2147483647]
11-11 05:39:39.286 1514 2505 I wm_task_to_front: [0,40]
11-11 05:39:39.286 1514 2505 I wm_focused_root_task: [0,0,39,-1,finish-top adjustFocusToNextFocusableTask]
11-11 05:39:39.286 1514 2505 I wm_set_resumed_activity: [0,com.android.launcher3/.uioverrides.QuickstepLauncher,finish-top]
11-11 05:39:39.287 1514 2505 I wm_pause_activity: [0,176390156,com.android.gallery3d/.app.MovieActivity,userLeaving=false,finish]
11-11 05:39:39.289 1514 1596 I input_focus: [Focus request eea03e8 com.android.launcher3/com.android.launcher3.uioverrides.QuickstepLauncher,reason=UpdateInputWindows]
11-11 05:39:39.290 1514 12973 I DropBoxManagerService: add tag=system_app_crash isTagEnabled=true flags=0x2
11-11 05:39:39.290 1514 1595 I sysui_multi_action: [757,1144,758,8,806,com.android.gallery3d,871,com.android.gallery3d.app.MovieActivity]
11-11 05:39:39.309 3685 3703 W ContextImpl: Calling a method in the system process without a qualified user: android.app.ContextImpl.startService:1816 android.content.ContextWrapper.startService:774 com.thundercomm.gamemode.ingame.services.GameModeActionUtils.startGameModeService:93 com.thundercomm.gamemode.ingame.services.GameModeActionUtils.startGameModeEntry:21 com.thundercomm.gamemode.ingame.services.ActivityMonitoringService$1.onActivityLaunch:126
11-11 05:39:39.312 1514 1596 I input_focus: [Focus request eaf483b Application Error: com.android.gallery3d,reason=UpdateInputWindows]
11-11 05:39:39.315 1514 1514 I GameModeConfig: Current uri is uri = content://com.thundercomm.gamemode.api/gamemode_settings/gamemode_isgaming
11-11 05:39:39.320 1514 1514 I GameModeConfig: isGameModeOn = false
11-11 05:39:39.321 1514 1514 I GameModeConfig: isGameModeOn = false
11-11 05:39:39.321 1514 1514 I GameModeConfig: isDisableVoice = true
11-11 05:39:39.346 1514 1770 I input_focus: [Focus leaving eea03e8 com.android.launcher3/com.android.launcher3.uioverrides.QuickstepLauncher (server),reason=setFocusedWindow]
11-11 05:39:39.346 1514 1770 I input_focus: [Focus entering eaf483b Application Error: com.android.gallery3d (server),reason=setFocusedWindow]
11-11 05:39:39.399 0 0 I auditd : type=1400 audit(0.0:3836): avc: denied { kill } for comm="swapper/3" capability=5 scontext=u:r:kernel:s0 tcontext=u:r:kernel:s0 tclass=capability permissive=0
11-11 05:39:39.787 1514 1595 W ActivityTaskManager: Activity top resumed state loss timeout for ActivityRecord{a83800c u0 com.android.gallery3d/.app.MovieActivity t94 f}}
11-11 05:39:39.787 2503 2503 I wm_on_top_resumed_gained_called: [157690489,com.android.launcher3.uioverrides.QuickstepLauncher,topStateChangedWhenResumed]
11-11 05:39:39.788 1514 1595 W ActivityTaskManager: Activity pause timeout for ActivityRecord{a83800c u0 com.android.gallery3d/.app.MovieActivity t94 f}}
11-11 05:39:39.789 1514 1595 I ActivityTaskManager: FOREGROUND_APPLICATION_CHANGED to com.android.launcher3.uioverrides.QuickstepLauncher
11-11 05:39:39.790 1514 1595 I wm_destroy_activity: [0,176390156,94,com.android.gallery3d/.app.MovieActivity,finish-imm:completePausedLocked]
11-11 05:39:39.796 1514 1595 I sysui_multi_action: [757,803,799,window_time_2,802,1]
11-11 05:39:39.902 3685 3703 W ContextImpl: Calling a method in the system process without a qualified user: android.app.ContextImpl.startService:1816 android.content.ContextWrapper.startService:774 com.thundercomm.gamemode.ingame.services.GameModeActionUtils.startGameModeService:93 com.thundercomm.gamemode.ingame.services.GameModeActionUtils.startGameModeEntry:21 com.thundercomm.gamemode.ingame.services.ActivityMonitoringService$1.onActivityLaunch:126
11-11 05:39:39.909 1514 1514 I GameModeConfig: Current uri is uri = content://com.thundercomm.gamemode.api/gamemode_settings/gamemode_isgaming
11-11 05:39:39.912 1514 1514 I GameModeConfig: isGameModeOn = false
11-11 05:39:39.912 1514 1514 I GameModeConfig: isGameModeOn = false
11-11 05:39:39.912 1514 1514 I GameModeConfig: isDisableVoice = true
11-11 05:39:40.156 1514 1901 I GameModeConfig: isGameModeOn = false
11-11 05:39:40.399 0 0 I auditd : type=1400 audit(0.0:3837): avc: denied { kill } for comm="swapper/3" capability=5 scontext=u:r:kernel:s0 tcontext=u:r:kernel:s0 tclass=capability permissive=0
11-11 05:39:41.356 1514 1770 I input_interaction: Interaction with: eaf483b Application Error: com.android.gallery3d (server), edge-swipe (server), swipe-up (server), PointerEventDispatcher0 (server),
11-11 05:39:41.468 1514 2505 I sysui_multi_action: [757,316,758,4,759,1]
11-11 05:39:41.469 1514 2505 W WindowManager: Force finishing activity com.android.gallery3d/.app.MovieActivity
11-11 05:39:41.470 1514 2505 I wm_destroy_activity: [0,176390156,94,com.android.gallery3d/.app.MovieActivity,finish-imm:handleAppCrashed]
11-11 05:39:41.472 1514 2505 W WindowManager: Force finishing activity com.android.gallery3d/.app.MovieActivity
11-11 05:39:41.473 1514 2505 I wm_destroy_activity: [0,112332225,94,com.android.gallery3d/.app.MovieActivity,finish-imm:handleAppCrashed]
11-11 05:39:41.486 1514 2505 I am_uid_stopped: 10068
11-11 05:39:41.490 1514 1596 I wm_task_removed: [94,removeChild:removeChild last r=ActivityRecord{6b20dc1 u0 com.android.gallery3d/.app.MovieActivity t-1 f}} in t=Task{cbc35cc #94 type=standard A=10068:com.android.gallery3d U=0 visible=false mode=freeform translucent=true sz=0}]
11-11 05:39:41.490 1514 1596 I wm_task_removed: [94,removeChild]
11-11 05:39:41.491 1514 1596 D FreeFormWindowHelper: Remove freefrom task=Task{cbc35cc #94 type=standard A=10068:com.android.gallery3d U=0 visible=false mode=freeform translucent=true sz=0}
11-11 05:39:41.492 1514 2505 I ActivityManager: Killing 12863:com.android.gallery3d/u0a68 (adj 0): crash
11-11 05:39:41.492 1514 2505 I am_kill : [0,12863,com.android.gallery3d,0,crash]
11-11 05:39:41.507 1514 1596 I input_focus: [Focus request eea03e8 com.android.launcher3/com.android.launcher3.uioverrides.QuickstepLauncher,reason=UpdateInputWindows]
11-11 05:39:41.518 1514 1770 I input_focus: [Focus entering eea03e8 com.android.launcher3/com.android.launcher3.uioverrides.QuickstepLauncher (server),reason=setFocusedWindow]
11-11 05:39:41.564 1514 1539 V ActivityManager: Got obituary of 12863:com.android.gallery3d
11-11 05:39:41.565 1514 1595 W ActivityManager: setHasOverlayUi called on unknown pid: 12863
11-11 05:39:42.399 0 0 I auditd : type=1400 audit(0.0:3838): avc: denied { kill } for comm="swapper/1" capability=5 scontext=u:r:kernel:s0 tcontext=u:r:kernel:s0 tclass=capability permissive=0
11-11 05:39:42.681 1514 2742 E TaskPersister: File error accessing recents directory (directory doesn't exist?).
11-11 05:39:43.399 0 0 I auditd : type=1400 audit(0.0:3839): avc: denied { kill } for comm="swapper/1" capability=5 scontext=u:r:kernel:s0 tcontext=u:r:kernel:s0 tclass=capability permissive=0
11-11 05:39:44.399 0 0 I auditd : type=1400 audit(0.0:3840): avc: denied { kill } for comm="swapper/1" capability=5 scontext=u:r:kernel:s0 tcontext=u:r:kernel:s0 tclass=capability permissive=0
11-11 05:39:45.403 0 0 I auditd : type=1400 audit(0.0:3841): avc: denied { kill } for comm="swapper/1" capability=5 scontext=u:r:kernel:s0 tcontext=u:r:kernel:s0 tclass=capability permissive=0
11-11 05:39:46.403 0 0 I auditd : type=1400 audit(0.0:3842): avc: denied { kill } for comm="swapper/1" capability=5 scontext=u:r:kernel:s0 tcontext=u:r:kernel:s0 tclass=capability permissive=0
11-11 05:39:47.399 0 0 I auditd : type=1400 audit(0.0:3843): avc: denied { kill } for comm="swapper/1" capability=5 scontext=u:r:kernel:s0 tcontext=u:r:kernel:s0 tclass=capability permissive=0
11-11 05:39:48.399 0 0 I auditd : type=1400 audit(0.0:3844): avc: denied { kill } for comm="swapper/1" capability=5 scontext=u:r:kernel:s0 tcontext=u:r:kernel:s0 tclass=capability permissive=0
11-11 05:39:49.169 1514 1595 W ActivityTaskManager: Launch timeout has expired, giving up wake lock!
11-11 05:39:49.399 0 0 I auditd : type=1400 audit(0.0:3845): avc: denied { kill } for comm="swapper/1" capability=5 scontext=u:r:kernel:s0 tcontext=u:r:kernel:s0 tclass=capability permissive=0
11-11 05:39:50.399 0 0 I auditd : type=1400 audit(0.0:3846): avc: denied { kill } for comm="swapper/1" capability=5 scontext=u:r:kernel:s0 tcontext=u:r:kernel:s0 tclass=capability permissive=0
11-11 05:39:51.399 0 0 I auditd : type=1400 audit(0.0:3847): avc: denied { kill } for comm="swapper/1" capability=5 scontext=u:r:kernel:s0 tcontext=u:r:kernel:s0 tclass=capability permissive=0
11-11 05:39:52.403 0 0 I auditd : type=1400 audit(0.0:3848): avc: denied { kill } for comm="swapper/1" capability=5 scontext=u:r:kernel:s0 tcontext=u:r:kernel:s0 tclass=capability permissive=0
11-11 05:39:53.399 0 0 I auditd : type=1400 audit(0.0:3849): avc: denied { kill } for comm="swapper/1" capability=5 scontext=u:r:kernel:s0 tcontext=u:r:kernel:s0 tclass=capability permissive=0
11-11 05:39:54.399 0 0 I auditd : type=1400 audit(0.0:3850): avc: denied { kill } for comm="swapper/1" capability=5 scontext=u:r:kernel:s0 tcontext=u:r:kernel:s0 tclass=capability permissive=0
11-11 05:39:55.399 0 0 I auditd : type=1400 audit(0.0:3851): avc: denied { kill } for comm="swapper/1" capability=5 scontext=u:r:kernel:s0 tcontext=u:r:kernel:s0 tclass=capability permissive=0
11-11 05:39:56.399 0 0 I auditd : type=1400 audit(0.0:3852): avc: denied { kill } for comm="swapper/1" capability=5 scontext=u:r:kernel:s0 tcontext=u:r:kernel:s0 tclass=capability permissive=0
11-11 05:39:57.403 0 0 I auditd : type=1400 audit(0.0:3853): avc: denied { kill } for comm="swapper/1" capability=5 scontext=u:r:kernel:s0 tcontext=u:r:kernel:s0 tclass=capability permissive=0
11-11 05:39:58.399 0 0 I auditd : type=1400 audit(0.0:3854): avc: denied { kill } for comm="swapper/1" capability=5 scontext=u:r:kernel:s0 tcontext=u:r:kernel:s0 tclass=capability permissive=0
11-11 05:39:59.399 0 0 I auditd : type=1400 audit(0.0:3855): avc: denied { kill } for comm="swapper/1" capability=5 scontext=u:r:kernel:s0 tcontext=u:r:kernel:s0 tclass=capability permissive=0
11-11 05:40:00.399 0 0 I auditd : type=1400 audit(0.0:3856): avc: denied { kill } for comm="swapper/1" capability=5 scontext=u:r:kernel:s0 tcontext=u:r:kernel:s0 tclass=capability permissive=0
11-11 05:40:01.399 0 0 I auditd : type=1400 audit(0.0:3857): avc: denied { kill } for comm="swapper/1" capability=5 scontext=u:r:kernel:s0 tcontext=u:r:kernel:s0 tclass=capability permissive=0
11-11 05:40:02.399 0 0 I auditd : type=1400 audit(0.0:3858): avc: denied { kill } for comm="swapper/1" capability=5 scontext=u:r:kernel:s0 tcontext=u:r:kernel:s0 tclass=capability permissive=0
11-11 05:40:04.399 0 0 I auditd : type=1400 audit(0.0:3859): avc: denied { kill } for comm="swapper/1" capability=5 scontext=u:r:kernel:s0 tcontext=u:r:kernel:s0 tclass=capability permissive=0
11-11 05:40:04.940 1514 1770 I input_interaction: Interaction with: eea03e8 com.android.launcher3/com.android.launcher3.uioverrides.QuickstepLauncher (server), 8068647 com.android.systemui.ImageWallpaper (server), edge-swipe (server), swipe-up (server), PointerEventDispatcher0 (server),
11-11 05:40:05.049 1514 1539 I ActivityTaskManager: START u0 {act=android.intent.action.MAIN cat=[android.intent.category.LAUNCHER] flg=0x10200000 cmp=com.android.gallery3d/.app.GalleryActivity bnds=[2233,174][2408,357]} from uid 10079
11-11 05:40:05.053 1514 1539 I wm_task_created: [95,-1]
11-11 05:40:05.053 1514 1539 W ActivityTaskManager: Can't find TaskDisplayArea to determine support for multi window. Task id=95 attached=false
11-11 05:40:05.057 1514 1539 I wm_task_moved: [95,1,7]
11-11 05:40:05.057 1514 1539 I wm_task_to_front: [0,95]
11-11 05:40:05.058 1514 1539 I wm_create_task: [0,95]
11-11 05:40:05.058 1514 1539 I wm_create_activity: [0,8037899,95,com.android.gallery3d/.app.GalleryActivity,android.intent.action.MAIN,NULL,NULL,270532608]
11-11 05:40:05.058 1514 1539 I wm_task_moved: [95,1,7]
11-11 05:40:05.060 1514 1539 I wm_pause_activity: [0,157690489,com.android.launcher3/.uioverrides.QuickstepLauncher,userLeaving=true,pauseBackTasks]
11-11 05:40:05.072 2503 2503 I wm_on_top_resumed_lost_called: [157690489,com.android.launcher3.uioverrides.QuickstepLauncher,topStateChangedWhenResumed]
11-11 05:40:05.072 1514 1595 I am_uid_running: 10068
11-11 05:40:05.073 1514 1595 D CompatibilityChangeReporter: Compat change id reported: 135634846; UID 10068; state: DISABLED
11-11 05:40:05.073 1514 1595 D CompatibilityChangeReporter: Compat change id reported: 177438394; UID 10068; state: DISABLED
11-11 05:40:05.073 1514 1595 D CompatibilityChangeReporter: Compat change id reported: 135772972; UID 10068; state: DISABLED
11-11 05:40:05.073 1514 1595 D CompatibilityChangeReporter: Compat change id reported: 135754954; UID 10068; state: DISABLED
11-11 05:40:05.073 1514 1615 D CompatibilityChangeReporter: Compat change id reported: 143937733; UID 10068; state: DISABLED
11-11 05:40:05.075 2503 2503 I wm_on_paused_called: [157690489,com.android.launcher3.uioverrides.QuickstepLauncher,performPause]
11-11 05:40:05.076 1514 6145 I ActivityTaskManager: FOREGROUND_APPLICATION_CHANGED to com.android.gallery3d.app.GalleryActivity
11-11 05:40:05.077 1514 6145 I wm_add_to_stopping: [0,157690489,com.android.launcher3/.uioverrides.QuickstepLauncher,makeInvisible]
11-11 05:40:05.080 1514 1595 I sysui_multi_action: [757,803,799,window_time_0,802,25]
11-11 05:40:05.088 1514 1770 I input_focus: [Focus leaving eea03e8 com.android.launcher3/com.android.launcher3.uioverrides.QuickstepLauncher (server),reason=NO_WINDOW]
11-11 05:40:05.098 1514 1615 I am_proc_start: [0,12981,10068,com.android.gallery3d,pre-top-activity,{com.android.gallery3d/com.android.gallery3d.app.GalleryActivity}]
11-11 05:40:05.098 1514 1615 I ActivityManager: Start proc 12981:com.android.gallery3d/u0a68 for pre-top-activity {com.android.gallery3d/com.android.gallery3d.app.GalleryActivity}
11-11 05:40:05.100 1514 12982 W ContextImpl: Calling a method in the system process without a qualified user: android.app.ContextImpl.sendBroadcast:1173 com.qualcomm.qti.Performance$SendGameLaunchBroadcast.run:217 java.lang.Thread.run:920
11-11 05:40:05.113 1514 1539 I am_proc_bound: [0,12981,com.android.gallery3d]
11-11 05:40:05.116 1514 1539 I wm_restart_activity: [0,8037899,95,com.android.gallery3d/.app.GalleryActivity]
11-11 05:40:05.118 1514 1539 I wm_set_resumed_activity: [0,com.android.gallery3d/.app.GalleryActivity,minimalResumeActivityLocked]
11-11 05:40:05.119 1514 1595 I am_uid_active: 10068
11-11 05:40:05.133 3685 3703 W ContextImpl: Calling a method in the system process without a qualified user: android.app.ContextImpl.startService:1816 android.content.ContextWrapper.startService:774 com.thundercomm.gamemode.ingame.services.GameModeActionUtils.startGameModeService:93 com.thundercomm.gamemode.ingame.services.GameModeActionUtils.startGameModeEntry:21 com.thundercomm.gamemode.ingame.services.ActivityMonitoringService$1.onActivityLaunch:126
11-11 05:40:05.143 1514 1514 I GameModeConfig: Current uri is uri = content://com.thundercomm.gamemode.api/gamemode_settings/gamemode_isgaming
11-11 05:40:05.148 1514 1514 I GameModeConfig: isGameModeOn = false
11-11 05:40:05.149 1514 1514 I GameModeConfig: isGameModeOn = false
11-11 05:40:05.149 1514 1514 I GameModeConfig: isDisableVoice = true
11-11 05:40:05.166 12981 12981 I wm_on_create_called: [8037899,com.android.gallery3d.app.GalleryActivity,performCreate]
11-11 05:40:05.167 12981 12981 I wm_on_start_called: [8037899,com.android.gallery3d.app.GalleryActivity,handleStartActivity]
11-11 05:40:05.169 12981 12981 I wm_on_resume_called: [8037899,com.android.gallery3d.app.GalleryActivity,RESUME_ACTIVITY]
11-11 05:40:05.173 1514 1539 W WindowManager: Failed looking up window session=Session{cd7b53a 12981:u0a10068} callers=com.android.server.wm.WindowManagerService.windowForClientLocked:5628 com.android.server.wm.Session.insetsModified:629 android.view.IWindowSession$Stub.onTransact:1151
11-11 05:40:05.181 12981 12981 I wm_on_top_resumed_gained_called: [8037899,com.android.gallery3d.app.GalleryActivity,topStateChangedWhenResumed]
11-11 05:40:05.182 3685 3703 W ContextImpl: Calling a method in the system process without a qualified user: android.app.ContextImpl.startService:1816 android.content.ContextWrapper.startService:774 com.thundercomm.gamemode.ingame.services.GameModeActionUtils.startGameModeService:93 com.thundercomm.gamemode.ingame.services.GameModeActionUtils.startGameModeEntry:21 com.thundercomm.gamemode.ingame.services.ActivityMonitoringService$1.onActivityLaunch:126
11-11 05:40:05.186 1514 1514 I GameModeConfig: Current uri is uri = content://com.thundercomm.gamemode.api/gamemode_settings/gamemode_isgaming
11-11 05:40:05.190 1514 1514 I GameModeConfig: isGameModeOn = false
11-11 05:40:05.190 1514 1514 I GameModeConfig: isGameModeOn = false
11-11 05:40:05.191 1514 1514 I GameModeConfig: isDisableVoice = true
11-11 05:40:05.196 1514 1596 I input_focus: [Focus request f8315c7 com.android.gallery3d/com.android.gallery3d.app.GalleryActivity,reason=UpdateInputWindows]
11-11 05:40:05.197 1514 1901 I GameModeConfig: isGameModeOn = false
11-11 05:40:05.197 1514 1901 I GameModeConfig: isGameModeOn = false
11-11 05:40:05.197 1514 1901 I GameModeConfig: isGameModeOn = false
11-11 05:40:05.198 1514 1901 I GameModeConfig: isGameModeOn = false
11-11 05:40:05.202 1514 1514 I notification_enqueue: [10082,1998,com.android.systemui,2048,NULL,0,Notification(channel=updateNotification shortcut=null contentView=null vibrate=null sound=null defaults=0x0 flags=0x0 color=0x00000000 vis=PRIVATE),1]
11-11 05:40:05.202 1998 1998 I sysui_multi_action: [757,111,758,2]
11-11 05:40:05.205 1998 1998 I sysui_multi_action: [757,111,758,2]
11-11 05:40:05.214 1998 1998 I sysui_multi_action: [757,111,758,1]
11-11 05:40:05.215 1998 1998 I sysui_multi_action: [757,126,758,1,759,126,927,0,928,1,1593,0]
11-11 05:40:05.215 1998 1998 I sysui_multi_action: [757,113,758,1,759,113,927,1,928,1,1593,0]
11-11 05:40:05.218 1998 1998 I sysui_multi_action: [757,0,758,1,759,0,927,2,928,0,1593,0]
11-11 05:40:05.218 1998 1998 I sysui_multi_action: [757,0,758,1,759,0,927,3,928,0,1593,0]
11-11 05:40:05.219 1998 1998 I sysui_multi_action: [757,491,758,1,759,491,927,4,928,0,1311,-1,1593,0]
11-11 05:40:05.219 1998 1998 I sysui_multi_action: [757,0,758,1,759,0,927,5,928,0,1593,0]
11-11 05:40:05.219 1998 1998 I sysui_multi_action: [757,111,758,1]
11-11 05:40:05.219 1998 1998 I sysui_multi_action: [757,126,758,1,759,126,927,0,928,1,1593,0]
11-11 05:40:05.219 1998 1998 I sysui_multi_action: [757,113,758,1,759,113,927,1,928,1,1593,0]
11-11 05:40:05.220 1998 1998 I sysui_multi_action: [757,0,758,1,759,0,927,2,928,0,1593,0]
11-11 05:40:05.220 1998 1998 I sysui_multi_action: [757,0,758,1,759,0,927,3,928,0,1593,0]
11-11 05:40:05.243 1514 1592 I sysui_multi_action: [319,58,321,53,322,188,325,3220,757,761,758,7,759,1,806,com.android.gallery3d,871,com.android.gallery3d.app.GalleryActivity,904,com.android.launcher3,905,0,945,66,1320,4,1321,1]
11-11 05:40:05.244 1514 1592 I wm_activity_launch_time: [0,8037899,com.android.gallery3d/.app.GalleryActivity,188]
11-11 05:40:05.256 1514 1770 I input_focus: [Focus entering f8315c7 com.android.gallery3d/com.android.gallery3d.app.GalleryActivity (server),reason=Window became focusable. Previous reason: NOT_VISIBLE]
11-11 05:40:05.406 1514 1514 I GameModeConfig: isGameModeOn = false
11-11 05:40:05.408 1514 1514 I sysui_multi_action: [757,1501,758,1,793,3199528,794,0,795,211,796,2048,806,com.android.systemui,857,updateNotification,858,3,947,0,1500,0,1688,1]
11-11 05:40:05.409 1514 1514 I sysui_multi_action: [757,804,799,note_interruptive,801,0,802,1]
11-11 05:40:05.410 1514 1514 I sysui_multi_action: [757,199,758,1,759,2,793,3199529,794,0,795,212,796,2048,806,com.android.systemui,857,updateNotification,858,3,947,0,1500,1,1688,1]
11-11 05:40:05.410 1514 1514 I notification_alert: [0|com.android.systemui|2048|null|10082,0,1,0]
11-11 05:40:05.413 1514 1514 W NotificationHistory: Attempted to add notif for locked/gone/disabled user 0
11-11 05:40:05.671 1514 1595 I wm_stop_activity: [0,157690489,com.android.launcher3/.uioverrides.QuickstepLauncher]
11-11 05:40:05.719 2503 2503 I wm_on_stop_called: [157690489,com.android.launcher3.uioverrides.QuickstepLauncher,STOP_ACTIVITY_ITEM]
11-11 05:40:05.736 3685 3703 W ContextImpl: Calling a method in the system process without a qualified user: android.app.ContextImpl.startService:1816 android.content.ContextWrapper.startService:774 com.thundercomm.gamemode.ingame.services.GameModeActionUtils.startGameModeService:93 com.thundercomm.gamemode.ingame.services.GameModeActionUtils.startGameModeEntry:21 com.thundercomm.gamemode.ingame.services.ActivityMonitoringService$1.onActivityLaunch:126
11-11 05:40:05.739 1514 1514 I GameModeConfig: Current uri is uri = content://com.thundercomm.gamemode.api/gamemode_settings/gamemode_isgaming
11-11 05:40:05.741 1514 1514 I GameModeConfig: isGameModeOn = false
11-11 05:40:05.741 1514 1514 I GameModeConfig: isGameModeOn = false
11-11 05:40:05.741 1514 1514 I GameModeConfig: isDisableVoice = true
11-11 05:40:06.212 1514 1770 I input_interaction: Interaction with: f8315c7 com.android.gallery3d/com.android.gallery3d.app.GalleryActivity (server), edge-swipe (server), swipe-up (server), PointerEventDispatcher0 (server),
11-11 05:40:06.232 1514 8092 I wm_task_moved: [39,0,0]
11-11 05:40:06.233 1514 8092 I wm_task_moved: [39,0,6]
11-11 05:40:06.259 3685 3703 W ContextImpl: Calling a method in the system process without a qualified user: android.app.ContextImpl.startService:1816 android.content.ContextWrapper.startService:774 com.thundercomm.gamemode.ingame.services.GameModeActionUtils.startGameModeService:93 com.thundercomm.gamemode.ingame.services.GameModeActionUtils.startGameModeEntry:21 com.thundercomm.gamemode.ingame.services.ActivityMonitoringService$1.onActivityLaunch:126
11-11 05:40:06.260 2503 2503 I wm_on_restart_called: [157690489,com.android.launcher3.uioverrides.QuickstepLauncher,performRestartActivity]
11-11 05:40:06.266 1514 1514 I GameModeConfig: Current uri is uri = content://com.thundercomm.gamemode.api/gamemode_settings/gamemode_isgaming
11-11 05:40:06.269 1514 1514 I GameModeConfig: isGameModeOn = false
11-11 05:40:06.269 1514 1514 I GameModeConfig: isGameModeOn = false
11-11 05:40:06.270 1514 1514 I GameModeConfig: isDisableVoice = true
11-11 05:40:06.271 2503 2503 I wm_on_start_called: [157690489,com.android.launcher3.uioverrides.QuickstepLauncher,handleStartActivity]
11-11 05:40:06.286 12981 12981 I view_enqueue_input_event: [Motion - Cancel,com.android.gallery3d/com.android.gallery3d.app.GalleryActivity]
11-11 05:40:06.286 1514 1770 I input_interaction: Interaction with: edge-swipe (server), swipe-up (server), PointerEventDispatcher0 (server),
11-11 05:40:06.287 2503 2503 I sysui_latency: [1,70]
11-11 05:40:06.288 1514 1596 I input_focus: [Focus request recents_animation_input_consumer,reason=UpdateInputWindows]
11-11 05:40:06.300 1514 1592 I sysui_multi_action: [319,12,322,58,325,3221,757,761,758,9,759,5,806,com.android.launcher3,871,com.android.launcher3.uioverrides.QuickstepLauncher,904,com.android.launcher3,905,0,1320,8,1321,5]
11-11 05:40:06.308 1514 1770 I input_focus: [Focus leaving f8315c7 com.android.gallery3d/com.android.gallery3d.app.GalleryActivity (server),reason=NOT_FOCUSABLE]
11-11 05:40:06.308 1514 1770 I input_focus: [Focus entering recents_animation_input_consumer (server),reason=setFocusedWindow]
11-11 05:40:06.399 0 0 I auditd : type=1400 audit(0.0:3860): avc: denied { kill } for comm="swapper/1" capability=5 scontext=u:r:kernel:s0 tcontext=u:r:kernel:s0 tclass=capability permissive=0
11-11 05:40:06.475 1514 1715 I commit_sys_config_file: [settings-1-0,5]
11-11 05:40:06.593 1514 1612 I sysui_latency: [8,74]
11-11 05:40:07.282 1514 1715 I commit_sys_config_file: [settings-1-0,5]
11-11 05:40:07.966 1514 1770 I input_interaction: Interaction with: eea03e8 com.android.launcher3/com.android.launcher3.uioverrides.QuickstepLauncher (server), edge-swipe (server), swipe-up (server), PointerEventDispatcher0 (server),
11-11 05:40:08.074 1514 2742 E TaskPersister: File error accessing recents directory (directory doesn't exist?).
11-11 05:40:08.399 0 0 I auditd : type=1400 audit(0.0:3861): avc: denied { kill } for comm="swapper/1" capability=5 scontext=u:r:kernel:s0 tcontext=u:r:kernel:s0 tclass=capability permissive=0
11-11 05:40:08.436 1514 6145 I wm_task_moved: [39,0,6]
11-11 05:40:08.441 1514 6145 I wm_add_to_stopping: [0,157690489,com.android.launcher3/.uioverrides.QuickstepLauncher,makeInvisible]
11-11 05:40:08.448 1514 1596 I input_focus: [Focus request f8315c7 com.android.gallery3d/com.android.gallery3d.app.GalleryActivity,reason=UpdateInputWindows]
11-11 05:40:08.452 1514 1770 I input_focus: [Focus leaving recents_animation_input_consumer (server),reason=NOT_VISIBLE]
11-11 05:40:08.452 1514 1770 I input_focus: [Focus entering f8315c7 com.android.gallery3d/com.android.gallery3d.app.GalleryActivity (server),reason=setFocusedWindow]
11-11 05:40:08.452 1514 1595 I wm_stop_activity: [0,157690489,com.android.launcher3/.uioverrides.QuickstepLauncher]
11-11 05:40:08.489 2503 2503 I wm_on_stop_called: [157690489,com.android.launcher3.uioverrides.QuickstepLauncher,STOP_ACTIVITY_ITEM]
11-11 05:40:08.497 1514 1612 W UsageStatsService: Unexpected activity event reported! (com.android.launcher3/com.android.launcher3.uioverrides.QuickstepLauncher event : 23 instanceId : 224777684)
11-11 05:40:08.509 3685 3703 W ContextImpl: Calling a method in the system process without a qualified user: android.app.ContextImpl.startService:1816 android.content.ContextWrapper.startService:774 com.thundercomm.gamemode.ingame.services.GameModeActionUtils.startGameModeService:93 com.thundercomm.gamemode.ingame.services.GameModeActionUtils.startGameModeEntry:21 com.thundercomm.gamemode.ingame.services.ActivityMonitoringService$1.onActivityLaunch:126
11-11 05:40:08.514 1514 1514 I GameModeConfig: Current uri is uri = content://com.thundercomm.gamemode.api/gamemode_settings/gamemode_isgaming
11-11 05:40:08.521 1514 1514 I GameModeConfig: isGameModeOn = false
11-11 05:40:08.522 1514 1514 I GameModeConfig: isGameModeOn = false
11-11 05:40:08.522 1514 1514 I GameModeConfig: isDisableVoice = true
11-11 05:40:08.968 1514 1770 I input_interaction: Interaction with: f8315c7 com.android.gallery3d/com.android.gallery3d.app.GalleryActivity (server), edge-swipe (server), swipe-up (server), PointerEventDispatcher0 (server),
11-11 05:40:08.978 1514 6145 I wm_task_moved: [39,0,0]
11-11 05:40:08.979 1514 6145 I wm_task_moved: [39,0,6]
11-11 05:40:08.999 2503 2503 I wm_on_restart_called: [157690489,com.android.launcher3.uioverrides.QuickstepLauncher,performRestartActivity]
11-11 05:40:09.003 3685 3703 W ContextImpl: Calling a method in the system process without a qualified user: android.app.ContextImpl.startService:1816 android.content.ContextWrapper.startService:774 com.thundercomm.gamemode.ingame.services.GameModeActionUtils.startGameModeService:93 com.thundercomm.gamemode.ingame.services.GameModeActionUtils.startGameModeEntry:21 com.thundercomm.gamemode.ingame.services.ActivityMonitoringService$1.onActivityLaunch:126
11-11 05:40:09.010 1514 1514 I GameModeConfig: Current uri is uri = content://com.thundercomm.gamemode.api/gamemode_settings/gamemode_isgaming
11-11 05:40:09.012 1514 1514 I GameModeConfig: isGameModeOn = false
11-11 05:40:09.012 1514 1514 I GameModeConfig: isGameModeOn = false
11-11 05:40:09.012 1514 1514 I GameModeConfig: isDisableVoice = true
11-11 05:40:09.023 2503 2503 I wm_on_start_called: [157690489,com.android.launcher3.uioverrides.QuickstepLauncher,handleStartActivity]
11-11 05:40:09.044 12981 12981 I view_enqueue_input_event: [Motion - Cancel,com.android.gallery3d/com.android.gallery3d.app.GalleryActivity]
11-11 05:40:09.046 2503 2503 I sysui_latency: [1,63]
11-11 05:40:09.047 1514 1592 I sysui_multi_action: [319,12,322,58,325,3224,757,761,758,9,759,5,806,com.android.launcher3,871,com.android.launcher3.uioverrides.QuickstepLauncher,904,com.android.launcher3,905,0,1320,8,1321,5]
11-11 05:40:09.050 1514 1770 I input_interaction: Interaction with: edge-swipe (server), swipe-up (server), PointerEventDispatcher0 (server),
11-11 05:40:09.055 1514 1596 I input_focus: [Focus request recents_animation_input_consumer,reason=UpdateInputWindows]
11-11 05:40:09.081 1514 1770 I input_focus: [Focus leaving f8315c7 com.android.gallery3d/com.android.gallery3d.app.GalleryActivity (server),reason=NOT_FOCUSABLE]
11-11 05:40:09.081 1514 1770 I input_focus: [Focus entering recents_animation_input_consumer (server),reason=setFocusedWindow]
11-11 05:40:09.225 1514 1715 I commit_sys_config_file: [settings-1-0,3]
11-11 05:40:09.338 1514 1612 I sysui_latency: [8,64]
11-11 05:40:09.399 0 0 I auditd : type=1400 audit(0.0:3862): avc: denied { kill } for comm="swapper/1" capability=5 scontext=u:r:kernel:s0 tcontext=u:r:kernel:s0 tclass=capability permissive=0
11-11 05:40:09.959 1514 1715 I commit_sys_config_file: [settings-1-0,6]
11-11 05:40:10.399 0 0 I auditd : type=1400 audit(0.0:3863): avc: denied { kill } for comm="swapper/1" capability=5 scontext=u:r:kernel:s0 tcontext=u:r:kernel:s0 tclass=capability permissive=0
11-11 05:40:10.532 1514 1770 I input_interaction: Interaction with: eea03e8 com.android.launcher3/com.android.launcher3.uioverrides.QuickstepLauncher (server), edge-swipe (server), swipe-up (server), PointerEventDispatcher0 (server),
11-11 05:40:10.659 1514 6421 I ActivityTaskManager: START u0 {flg=0x10008000 cmp=com.android.gallery3d/.app.GalleryActivity} from uid 10079
11-11 05:40:10.675 1514 6421 D FreeFormWindowHelper: Add freeform task=Task{10dc100 #95 type=standard A=10068:com.android.gallery3d U=0 visible=true mode=freeform translucent=false sz=1}
11-11 05:40:10.678 1514 6421 I wm_finish_activity: [0,8037899,95,com.android.gallery3d/.app.GalleryActivity,clear-task-all]
11-11 05:40:10.680 1514 6421 I wm_pause_activity: [0,8037899,com.android.gallery3d/.app.GalleryActivity,userLeaving=false,finish]
11-11 05:40:10.680 12981 12981 I wm_on_top_resumed_lost_called: [8037899,com.android.gallery3d.app.GalleryActivity,topStateChangedWhenResumed]
11-11 05:40:10.689 1514 6421 I wm_task_moved: [95,1,7]
11-11 05:40:10.689 1514 6421 I wm_create_activity: [0,119829622,95,com.android.gallery3d/.app.GalleryActivity,NULL,NULL,NULL,268468224]
11-11 05:40:10.714 12981 12981 I wm_on_paused_called: [8037899,com.android.gallery3d.app.GalleryActivity,performPause]
11-11 05:40:10.715 1514 1539 I wm_add_to_stopping: [0,8037899,com.android.gallery3d/.app.GalleryActivity,completeFinishing]
11-11 05:40:10.716 1514 1539 I ActivityTaskManager: The Process com.android.gallery3d Already Exists in BG. So sending its PID: 12981
11-11 05:40:10.716 1514 1539 W ActivityTaskManager: Tried to set launchTime (0) < mLastActivityLaunchTime (3220530)
11-11 05:40:10.718 1514 1539 I wm_restart_activity: [0,119829622,95,com.android.gallery3d/.app.GalleryActivity]
11-11 05:40:10.720 1514 1539 I wm_set_resumed_activity: [0,com.android.gallery3d/.app.GalleryActivity,minimalResumeActivityLocked]
11-11 05:40:10.724 1514 1595 I sysui_multi_action: [757,803,799,window_time_0,802,6]
11-11 05:40:10.756 12981 12981 I wm_on_create_called: [119829622,com.android.gallery3d.app.GalleryActivity,performCreate]
11-11 05:40:10.757 12981 12981 I wm_on_start_called: [119829622,com.android.gallery3d.app.GalleryActivity,handleStartActivity]
11-11 05:40:10.760 12981 12981 I wm_on_resume_called: [119829622,com.android.gallery3d.app.GalleryActivity,RESUME_ACTIVITY]
11-11 05:40:10.762 12981 12981 I wm_on_top_resumed_gained_called: [119829622,com.android.gallery3d.app.GalleryActivity,topStateChangedWhenResumed]
11-11 05:40:10.806 1514 1592 I wm_activity_launch_time: [0,119829622,com.android.gallery3d/.app.GalleryActivity,147]
