11-11 06:01:02.399 0 0 I auditd : type=1400 audit(0.0:5192): avc: denied { kill } for comm="swapper/3" capability=5 scontext=u:r:kernel:s0 tcontext=u:r:kernel:s0 tclass=capability permissive=0
11-11 06:01:03.399 0 0 I auditd : type=1400 audit(0.0:5193): avc: denied { kill } for comm="swapper/3" capability=5 scontext=u:r:kernel:s0 tcontext=u:r:kernel:s0 tclass=capability permissive=0
11-11 06:01:04.399 0 0 I auditd : type=1400 audit(0.0:5194): avc: denied { kill } for comm="swapper/3" capability=5 scontext=u:r:kernel:s0 tcontext=u:r:kernel:s0 tclass=capability permissive=0
11-11 06:01:05.399 0 0 I auditd : type=1400 audit(0.0:5195): avc: denied { kill } for comm="swapper/3" capability=5 scontext=u:r:kernel:s0 tcontext=u:r:kernel:s0 tclass=capability permissive=0
11-11 06:01:06.399 0 0 I auditd : type=1400 audit(0.0:5196): avc: denied { kill } for comm="swapper/3" capability=5 scontext=u:r:kernel:s0 tcontext=u:r:kernel:s0 tclass=capability permissive=0
11-11 06:01:07.399 0 0 I auditd : type=1400 audit(0.0:5197): avc: denied { kill } for comm="swapper/3" capability=5 scontext=u:r:kernel:s0 tcontext=u:r:kernel:s0 tclass=capability permissive=0
11-11 06:01:08.399 0 0 I auditd : type=1400 audit(0.0:5198): avc: denied { kill } for comm="swapper/3" capability=5 scontext=u:r:kernel:s0 tcontext=u:r:kernel:s0 tclass=capability permissive=0
11-11 06:01:09.399 0 0 I auditd : type=1400 audit(0.0:5199): avc: denied { kill } for comm="swapper/3" capability=5 scontext=u:r:kernel:s0 tcontext=u:r:kernel:s0 tclass=capability permissive=0
11-11 06:01:10.403 0 0 I auditd : type=1400 audit(0.0:5200): avc: denied { kill } for comm="swapper/3" capability=5 scontext=u:r:kernel:s0 tcontext=u:r:kernel:s0 tclass=capability permissive=0
11-11 06:01:11.399 0 0 I auditd : type=1400 audit(0.0:5201): avc: denied { kill } for comm="swapper/3" capability=5 scontext=u:r:kernel:s0 tcontext=u:r:kernel:s0 tclass=capability permissive=0
11-11 06:01:12.399 0 0 I auditd : type=1400 audit(0.0:5202): avc: denied { kill } for comm="swapper/3" capability=5 scontext=u:r:kernel:s0 tcontext=u:r:kernel:s0 tclass=capability permissive=0
11-11 06:01:13.399 0 0 I auditd : type=1400 audit(0.0:5203): avc: denied { kill } for comm="swapper/3" capability=5 scontext=u:r:kernel:s0 tcontext=u:r:kernel:s0 tclass=capability permissive=0
11-11 06:01:14.399 0 0 I auditd : type=1400 audit(0.0:5204): avc: denied { kill } for comm="swapper/3" capability=5 scontext=u:r:kernel:s0 tcontext=u:r:kernel:s0 tclass=capability permissive=0
11-11 06:01:14.467 1514 1836 I netstats_mobile_sample: [0,0,0,0,0,0,0,0,0,0,0,0,1668117674467]
11-11 06:01:14.467 1514 1836 I netstats_wifi_sample: [99634012,226295,49992665,115570,99634012,226295,49992665,115570,115801017,315506,25211616,59976,1668117674467]
11-11 06:01:15.399 0 0 I auditd : type=1400 audit(0.0:5205): avc: denied { kill } for comm="swapper/3" capability=5 scontext=u:r:kernel:s0 tcontext=u:r:kernel:s0 tclass=capability permissive=0
11-11 06:01:16.399 0 0 I auditd : type=1400 audit(0.0:5206): avc: denied { kill } for comm="swapper/3" capability=5 scontext=u:r:kernel:s0 tcontext=u:r:kernel:s0 tclass=capability permissive=0
11-11 06:01:17.399 0 0 I auditd : type=1400 audit(0.0:5207): avc: denied { kill } for comm="swapper/3" capability=5 scontext=u:r:kernel:s0 tcontext=u:r:kernel:s0 tclass=capability permissive=0
11-11 06:01:18.399 0 0 I auditd : type=1400 audit(0.0:5208): avc: denied { kill } for comm="swapper/3" capability=5 scontext=u:r:kernel:s0 tcontext=u:r:kernel:s0 tclass=capability permissive=0
11-11 06:01:19.399 0 0 I auditd : type=1400 audit(0.0:5209): avc: denied { kill } for comm="swapper/3" capability=5 scontext=u:r:kernel:s0 tcontext=u:r:kernel:s0 tclass=capability permissive=0
11-11 06:01:20.399 0 0 I auditd : type=1400 audit(0.0:5210): avc: denied { kill } for comm="swapper/3" capability=5 scontext=u:r:kernel:s0 tcontext=u:r:kernel:s0 tclass=capability permissive=0
11-11 06:01:21.399 0 0 I auditd : type=1400 audit(0.0:5211): avc: denied { kill } for comm="swapper/3" capability=5 scontext=u:r:kernel:s0 tcontext=u:r:kernel:s0 tclass=capability permissive=0
11-11 06:01:22.399 0 0 I auditd : type=1400 audit(0.0:5212): avc: denied { kill } for comm="swapper/3" capability=5 scontext=u:r:kernel:s0 tcontext=u:r:kernel:s0 tclass=capability permissive=0
11-11 06:01:23.399 0 0 I auditd : type=1400 audit(0.0:5213): avc: denied { kill } for comm="swapper/3" capability=5 scontext=u:r:kernel:s0 tcontext=u:r:kernel:s0 tclass=capability permissive=0
11-11 06:01:24.399 0 0 I auditd : type=1400 audit(0.0:5214): avc: denied { kill } for comm="swapper/3" capability=5 scontext=u:r:kernel:s0 tcontext=u:r:kernel:s0 tclass=capability permissive=0
11-11 06:01:25.399 0 0 I auditd : type=1400 audit(0.0:5215): avc: denied { kill } for comm="swapper/3" capability=5 scontext=u:r:kernel:s0 tcontext=u:r:kernel:s0 tclass=capability permissive=0
11-11 06:01:26.399 0 0 I auditd : type=1400 audit(0.0:5216): avc: denied { kill } for comm="swapper/3" capability=5 scontext=u:r:kernel:s0 tcontext=u:r:kernel:s0 tclass=capability permissive=0
11-11 06:01:27.399 0 0 I auditd : type=1400 audit(0.0:5217): avc: denied { kill } for comm="swapper/3" capability=5 scontext=u:r:kernel:s0 tcontext=u:r:kernel:s0 tclass=capability permissive=0
11-11 06:01:28.399 0 0 I auditd : type=1400 audit(0.0:5218): avc: denied { kill } for comm="swapper/3" capability=5 scontext=u:r:kernel:s0 tcontext=u:r:kernel:s0 tclass=capability permissive=0
11-11 06:01:29.399 0 0 I auditd : type=1400 audit(0.0:5219): avc: denied { kill } for comm="swapper/3" capability=5 scontext=u:r:kernel:s0 tcontext=u:r:kernel:s0 tclass=capability permissive=0
11-11 06:01:30.399 0 0 I auditd : type=1400 audit(0.0:5220): avc: denied { kill } for comm="swapper/3" capability=5 scontext=u:r:kernel:s0 tcontext=u:r:kernel:s0 tclass=capability permissive=0
11-11 06:01:31.399 0 0 I auditd : type=1400 audit(0.0:5221): avc: denied { kill } for comm="swapper/3" capability=5 scontext=u:r:kernel:s0 tcontext=u:r:kernel:s0 tclass=capability permissive=0
11-11 06:01:32.399 0 0 I auditd : type=1400 audit(0.0:5222): avc: denied { kill } for comm="swapper/3" capability=5 scontext=u:r:kernel:s0 tcontext=u:r:kernel:s0 tclass=capability permissive=0
11-11 06:01:33.399 0 0 I auditd : type=1400 audit(0.0:5223): avc: denied { kill } for comm="swapper/3" capability=5 scontext=u:r:kernel:s0 tcontext=u:r:kernel:s0 tclass=capability permissive=0
11-11 06:01:34.403 0 0 I auditd : type=1400 audit(0.0:5224): avc: denied { kill } for comm="swapper/3" capability=5 scontext=u:r:kernel:s0 tcontext=u:r:kernel:s0 tclass=capability permissive=0
11-11 06:01:35.403 0 0 I auditd : type=1400 audit(0.0:5225): avc: denied { kill } for comm="swapper/3" capability=5 scontext=u:r:kernel:s0 tcontext=u:r:kernel:s0 tclass=capability permissive=0
11-11 06:01:36.399 0 0 I auditd : type=1400 audit(0.0:5226): avc: denied { kill } for comm="swapper/3" capability=5 scontext=u:r:kernel:s0 tcontext=u:r:kernel:s0 tclass=capability permissive=0
11-11 06:01:37.399 0 0 I auditd : type=1400 audit(0.0:5227): avc: denied { kill } for comm="swapper/3" capability=5 scontext=u:r:kernel:s0 tcontext=u:r:kernel:s0 tclass=capability permissive=0
11-11 06:01:38.399 0 0 I auditd : type=1400 audit(0.0:5228): avc: denied { kill } for comm="swapper/3" capability=5 scontext=u:r:kernel:s0 tcontext=u:r:kernel:s0 tclass=capability permissive=0
11-11 06:01:39.399 0 0 I auditd : type=1400 audit(0.0:5229): avc: denied { kill } for comm="swapper/3" capability=5 scontext=u:r:kernel:s0 tcontext=u:r:kernel:s0 tclass=capability permissive=0
11-11 06:01:40.399 0 0 I auditd : type=1400 audit(0.0:5230): avc: denied { kill } for comm="swapper/3" capability=5 scontext=u:r:kernel:s0 tcontext=u:r:kernel:s0 tclass=capability permissive=0
11-11 06:01:41.403 0 0 I auditd : type=1400 audit(0.0:5231): avc: denied { kill } for comm="swapper/3" capability=5 scontext=u:r:kernel:s0 tcontext=u:r:kernel:s0 tclass=capability permissive=0
11-11 06:01:42.399 0 0 I auditd : type=1400 audit(0.0:5232): avc: denied { kill } for comm="swapper/3" capability=5 scontext=u:r:kernel:s0 tcontext=u:r:kernel:s0 tclass=capability permissive=0
11-11 06:01:43.399 0 0 I auditd : type=1400 audit(0.0:5233): avc: denied { kill } for comm="swapper/3" capability=5 scontext=u:r:kernel:s0 tcontext=u:r:kernel:s0 tclass=capability permissive=0
11-11 06:01:44.399 0 0 I auditd : type=1400 audit(0.0:5234): avc: denied { kill } for comm="swapper/3" capability=5 scontext=u:r:kernel:s0 tcontext=u:r:kernel:s0 tclass=capability permissive=0
11-11 06:01:45.403 0 0 I auditd : type=1400 audit(0.0:5235): avc: denied { kill } for comm="swapper/3" capability=5 scontext=u:r:kernel:s0 tcontext=u:r:kernel:s0 tclass=capability permissive=0
11-11 06:01:46.399 0 0 I auditd : type=1400 audit(0.0:5236): avc: denied { kill } for comm="swapper/3" capability=5 scontext=u:r:kernel:s0 tcontext=u:r:kernel:s0 tclass=capability permissive=0
11-11 06:01:47.399 0 0 I auditd : type=1400 audit(0.0:5237): avc: denied { kill } for comm="swapper/3" capability=5 scontext=u:r:kernel:s0 tcontext=u:r:kernel:s0 tclass=capability permissive=0
11-11 06:01:48.403 0 0 I auditd : type=1400 audit(0.0:5238): avc: denied { kill } for comm="swapper/3" capability=5 scontext=u:r:kernel:s0 tcontext=u:r:kernel:s0 tclass=capability permissive=0
11-11 06:01:49.399 0 0 I auditd : type=1400 audit(0.0:5239): avc: denied { kill } for comm="swapper/3" capability=5 scontext=u:r:kernel:s0 tcontext=u:r:kernel:s0 tclass=capability permissive=0
11-11 06:01:50.399 0 0 I auditd : type=1400 audit(0.0:5240): avc: denied { kill } for comm="swapper/3" capability=5 scontext=u:r:kernel:s0 tcontext=u:r:kernel:s0 tclass=capability permissive=0
11-11 06:01:51.403 0 0 I auditd : type=1400 audit(0.0:5241): avc: denied { kill } for comm="swapper/3" capability=5 scontext=u:r:kernel:s0 tcontext=u:r:kernel:s0 tclass=capability permissive=0
11-11 06:01:52.399 0 0 I auditd : type=1400 audit(0.0:5242): avc: denied { kill } for comm="swapper/3" capability=5 scontext=u:r:kernel:s0 tcontext=u:r:kernel:s0 tclass=capability permissive=0
11-11 06:01:53.399 0 0 I auditd : type=1400 audit(0.0:5243): avc: denied { kill } for comm="swapper/3" capability=5 scontext=u:r:kernel:s0 tcontext=u:r:kernel:s0 tclass=capability permissive=0
11-11 06:01:54.403 0 0 I auditd : type=1400 audit(0.0:5244): avc: denied { kill } for comm="swapper/3" capability=5 scontext=u:r:kernel:s0 tcontext=u:r:kernel:s0 tclass=capability permissive=0
11-11 06:01:55.399 0 0 I auditd : type=1400 audit(0.0:5245): avc: denied { kill } for comm="swapper/3" capability=5 scontext=u:r:kernel:s0 tcontext=u:r:kernel:s0 tclass=capability permissive=0
11-11 06:01:56.399 0 0 I auditd : type=1400 audit(0.0:5246): avc: denied { kill } for comm="swapper/3" capability=5 scontext=u:r:kernel:s0 tcontext=u:r:kernel:s0 tclass=capability permissive=0
11-11 06:01:57.399 0 0 I auditd : type=1400 audit(0.0:5247): avc: denied { kill } for comm="swapper/3" capability=5 scontext=u:r:kernel:s0 tcontext=u:r:kernel:s0 tclass=capability permissive=0
11-11 06:02:00.399 0 0 I auditd : type=1400 audit(0.0:5248): avc: denied { kill } for comm="swapper/3" capability=5 scontext=u:r:kernel:s0 tcontext=u:r:kernel:s0 tclass=capability permissive=0
11-11 06:02:01.399 0 0 I auditd : type=1400 audit(0.0:5249): avc: denied { kill } for comm="swapper/3" capability=5 scontext=u:r:kernel:s0 tcontext=u:r:kernel:s0 tclass=capability permissive=0
11-11 06:02:02.399 0 0 I auditd : type=1400 audit(0.0:5250): avc: denied { kill } for comm="swapper/3" capability=5 scontext=u:r:kernel:s0 tcontext=u:r:kernel:s0 tclass=capability permissive=0
11-11 06:02:03.399 0 0 I auditd : type=1400 audit(0.0:5251): avc: denied { kill } for comm="swapper/3" capability=5 scontext=u:r:kernel:s0 tcontext=u:r:kernel:s0 tclass=capability permissive=0
11-11 06:02:04.399 0 0 I auditd : type=1400 audit(0.0:5252): avc: denied { kill } for comm="swapper/3" capability=5 scontext=u:r:kernel:s0 tcontext=u:r:kernel:s0 tclass=capability permissive=0
11-11 06:02:05.403 0 0 I auditd : type=1400 audit(0.0:5253): avc: denied { kill } for comm="swapper/3" capability=5 scontext=u:r:kernel:s0 tcontext=u:r:kernel:s0 tclass=capability permissive=0
11-11 06:02:06.399 0 0 I auditd : type=1400 audit(0.0:5254): avc: denied { kill } for comm="swapper/3" capability=5 scontext=u:r:kernel:s0 tcontext=u:r:kernel:s0 tclass=capability permissive=0
11-11 06:02:07.403 0 0 I auditd : type=1400 audit(0.0:5255): avc: denied { kill } for comm="swapper/3" capability=5 scontext=u:r:kernel:s0 tcontext=u:r:kernel:s0 tclass=capability permissive=0
11-11 06:02:08.403 0 0 I auditd : type=1400 audit(0.0:5256): avc: denied { kill } for comm="swapper/3" capability=5 scontext=u:r:kernel:s0 tcontext=u:r:kernel:s0 tclass=capability permissive=0
11-11 06:02:09.399 0 0 I auditd : type=1400 audit(0.0:5257): avc: denied { kill } for comm="swapper/3" capability=5 scontext=u:r:kernel:s0 tcontext=u:r:kernel:s0 tclass=capability permissive=0
11-11 06:02:10.399 0 0 I auditd : type=1400 audit(0.0:5258): avc: denied { kill } for comm="swapper/3" capability=5 scontext=u:r:kernel:s0 tcontext=u:r:kernel:s0 tclass=capability permissive=0
11-11 06:02:11.399 0 0 I auditd : type=1400 audit(0.0:5259): avc: denied { kill } for comm="swapper/3" capability=5 scontext=u:r:kernel:s0 tcontext=u:r:kernel:s0 tclass=capability permissive=0
11-11 06:02:12.399 0 0 I auditd : type=1400 audit(0.0:5260): avc: denied { kill } for comm="swapper/3" capability=5 scontext=u:r:kernel:s0 tcontext=u:r:kernel:s0 tclass=capability permissive=0
11-11 06:02:13.399 0 0 I auditd : type=1400 audit(0.0:5261): avc: denied { kill } for comm="swapper/3" capability=5 scontext=u:r:kernel:s0 tcontext=u:r:kernel:s0 tclass=capability permissive=0
11-11 06:02:14.399 0 0 I auditd : type=1400 audit(0.0:5262): avc: denied { kill } for comm="swapper/3" capability=5 scontext=u:r:kernel:s0 tcontext=u:r:kernel:s0 tclass=capability permissive=0
11-11 06:02:15.399 0 0 I auditd : type=1400 audit(0.0:5263): avc: denied { kill } for comm="swapper/3" capability=5 scontext=u:r:kernel:s0 tcontext=u:r:kernel:s0 tclass=capability permissive=0
11-11 06:02:16.399 0 0 I auditd : type=1400 audit(0.0:5264): avc: denied { kill } for comm="swapper/3" capability=5 scontext=u:r:kernel:s0 tcontext=u:r:kernel:s0 tclass=capability permissive=0
11-11 06:02:17.399 0 0 I auditd : type=1400 audit(0.0:5265): avc: denied { kill } for comm="swapper/3" capability=5 scontext=u:r:kernel:s0 tcontext=u:r:kernel:s0 tclass=capability permissive=0
11-11 06:02:18.399 0 0 I auditd : type=1400 audit(0.0:5266): avc: denied { kill } for comm="swapper/3" capability=5 scontext=u:r:kernel:s0 tcontext=u:r:kernel:s0 tclass=capability permissive=0
11-11 06:02:19.399 0 0 I auditd : type=1400 audit(0.0:5267): avc: denied { kill } for comm="swapper/3" capability=5 scontext=u:r:kernel:s0 tcontext=u:r:kernel:s0 tclass=capability permissive=0
11-11 06:02:20.399 0 0 I auditd : type=1400 audit(0.0:5268): avc: denied { kill } for comm="swapper/3" capability=5 scontext=u:r:kernel:s0 tcontext=u:r:kernel:s0 tclass=capability permissive=0
11-11 06:02:21.403 0 0 I auditd : type=1400 audit(0.0:5269): avc: denied { kill } for comm="swapper/3" capability=5 scontext=u:r:kernel:s0 tcontext=u:r:kernel:s0 tclass=capability permissive=0
11-11 06:02:22.399 0 0 I auditd : type=1400 audit(0.0:5270): avc: denied { kill } for comm="swapper/3" capability=5 scontext=u:r:kernel:s0 tcontext=u:r:kernel:s0 tclass=capability permissive=0
11-11 06:02:23.399 0 0 I auditd : type=1400 audit(0.0:5271): avc: denied { kill } for comm="swapper/3" capability=5 scontext=u:r:kernel:s0 tcontext=u:r:kernel:s0 tclass=capability permissive=0
11-11 06:02:24.399 0 0 I auditd : type=1400 audit(0.0:5272): avc: denied { kill } for comm="swapper/3" capability=5 scontext=u:r:kernel:s0 tcontext=u:r:kernel:s0 tclass=capability permissive=0
11-11 06:02:25.399 0 0 I auditd : type=1400 audit(0.0:5273): avc: denied { kill } for comm="swapper/3" capability=5 scontext=u:r:kernel:s0 tcontext=u:r:kernel:s0 tclass=capability permissive=0
11-11 06:02:26.403 0 0 I auditd : type=1400 audit(0.0:5274): avc: denied { kill } for comm="swapper/3" capability=5 scontext=u:r:kernel:s0 tcontext=u:r:kernel:s0 tclass=capability permissive=0
11-11 06:02:27.399 0 0 I auditd : type=1400 audit(0.0:5275): avc: denied { kill } for comm="swapper/3" capability=5 scontext=u:r:kernel:s0 tcontext=u:r:kernel:s0 tclass=capability permissive=0
11-11 06:02:28.403 0 0 I auditd : type=1400 audit(0.0:5276): avc: denied { kill } for comm="swapper/3" capability=5 scontext=u:r:kernel:s0 tcontext=u:r:kernel:s0 tclass=capability permissive=0
11-11 06:02:29.403 0 0 I auditd : type=1400 audit(0.0:5277): avc: denied { kill } for comm="swapper/3" capability=5 scontext=u:r:kernel:s0 tcontext=u:r:kernel:s0 tclass=capability permissive=0
11-11 06:02:30.403 0 0 I auditd : type=1400 audit(0.0:5278): avc: denied { kill } for comm="swapper/3" capability=5 scontext=u:r:kernel:s0 tcontext=u:r:kernel:s0 tclass=capability permissive=0
11-11 06:02:31.399 0 0 I auditd : type=1400 audit(0.0:5279): avc: denied { kill } for comm="swapper/3" capability=5 scontext=u:r:kernel:s0 tcontext=u:r:kernel:s0 tclass=capability permissive=0
11-11 06:02:32.399 0 0 I auditd : type=1400 audit(0.0:5280): avc: denied { kill } for comm="swapper/3" capability=5 scontext=u:r:kernel:s0 tcontext=u:r:kernel:s0 tclass=capability permissive=0
11-11 06:02:33.403 0 0 I auditd : type=1400 audit(0.0:5281): avc: denied { kill } for comm="swapper/3" capability=5 scontext=u:r:kernel:s0 tcontext=u:r:kernel:s0 tclass=capability permissive=0
11-11 06:02:34.399 0 0 I auditd : type=1400 audit(0.0:5282): avc: denied { kill } for comm="swapper/3" capability=5 scontext=u:r:kernel:s0 tcontext=u:r:kernel:s0 tclass=capability permissive=0
11-11 06:02:35.399 0 0 I auditd : type=1400 audit(0.0:5283): avc: denied { kill } for comm="swapper/3" capability=5 scontext=u:r:kernel:s0 tcontext=u:r:kernel:s0 tclass=capability permissive=0
11-11 06:02:36.403 0 0 I auditd : type=1400 audit(0.0:5284): avc: denied { kill } for comm="swapper/3" capability=5 scontext=u:r:kernel:s0 tcontext=u:r:kernel:s0 tclass=capability permissive=0
11-11 06:02:37.399 0 0 I auditd : type=1400 audit(0.0:5285): avc: denied { kill } for comm="swapper/3" capability=5 scontext=u:r:kernel:s0 tcontext=u:r:kernel:s0 tclass=capability permissive=0
11-11 06:02:38.399 0 0 I auditd : type=1400 audit(0.0:5286): avc: denied { kill } for comm="swapper/3" capability=5 scontext=u:r:kernel:s0 tcontext=u:r:kernel:s0 tclass=capability permissive=0
11-11 06:02:39.399 0 0 I auditd : type=1400 audit(0.0:5287): avc: denied { kill } for comm="swapper/3" capability=5 scontext=u:r:kernel:s0 tcontext=u:r:kernel:s0 tclass=capability permissive=0
11-11 06:02:40.399 0 0 I auditd : type=1400 audit(0.0:5288): avc: denied { kill } for comm="swapper/3" capability=5 scontext=u:r:kernel:s0 tcontext=u:r:kernel:s0 tclass=capability permissive=0
11-11 06:02:41.399 0 0 I auditd : type=1400 audit(0.0:5289): avc: denied { kill } for comm="swapper/3" capability=5 scontext=u:r:kernel:s0 tcontext=u:r:kernel:s0 tclass=capability permissive=0
11-11 06:02:42.399 0 0 I auditd : type=1400 audit(0.0:5290): avc: denied { kill } for comm="swapper/3" capability=5 scontext=u:r:kernel:s0 tcontext=u:r:kernel:s0 tclass=capability permissive=0
11-11 06:02:43.403 0 0 I auditd : type=1400 audit(0.0:5291): avc: denied { kill } for comm="swapper/3" capability=5 scontext=u:r:kernel:s0 tcontext=u:r:kernel:s0 tclass=capability permissive=0
11-11 06:02:44.403 0 0 I auditd : type=1400 audit(0.0:5292): avc: denied { kill } for comm="swapper/3" capability=5 scontext=u:r:kernel:s0 tcontext=u:r:kernel:s0 tclass=capability permissive=0
11-11 06:02:45.399 0 0 I auditd : type=1400 audit(0.0:5293): avc: denied { kill } for comm="swapper/3" capability=5 scontext=u:r:kernel:s0 tcontext=u:r:kernel:s0 tclass=capability permissive=0
11-11 06:02:46.403 0 0 I auditd : type=1400 audit(0.0:5294): avc: denied { kill } for comm="swapper/3" capability=5 scontext=u:r:kernel:s0 tcontext=u:r:kernel:s0 tclass=capability permissive=0
11-11 06:02:47.399 0 0 I auditd : type=1400 audit(0.0:5295): avc: denied { kill } for comm="swapper/3" capability=5 scontext=u:r:kernel:s0 tcontext=u:r:kernel:s0 tclass=capability permissive=0
11-11 06:02:48.399 0 0 I auditd : type=1400 audit(0.0:5296): avc: denied { kill } for comm="swapper/3" capability=5 scontext=u:r:kernel:s0 tcontext=u:r:kernel:s0 tclass=capability permissive=0
11-11 06:02:49.399 0 0 I auditd : type=1400 audit(0.0:5297): avc: denied { kill } for comm="swapper/3" capability=5 scontext=u:r:kernel:s0 tcontext=u:r:kernel:s0 tclass=capability permissive=0
11-11 06:02:50.399 0 0 I auditd : type=1400 audit(0.0:5298): avc: denied { kill } for comm="swapper/3" capability=5 scontext=u:r:kernel:s0 tcontext=u:r:kernel:s0 tclass=capability permissive=0
11-11 06:02:51.403 0 0 I auditd : type=1400 audit(0.0:5299): avc: denied { kill } for comm="swapper/3" capability=5 scontext=u:r:kernel:s0 tcontext=u:r:kernel:s0 tclass=capability permissive=0
11-11 06:02:52.399 0 0 I auditd : type=1400 audit(0.0:5300): avc: denied { kill } for comm="swapper/3" capability=5 scontext=u:r:kernel:s0 tcontext=u:r:kernel:s0 tclass=capability permissive=0
11-11 06:02:53.399 0 0 I auditd : type=1400 audit(0.0:5301): avc: denied { kill } for comm="swapper/3" capability=5 scontext=u:r:kernel:s0 tcontext=u:r:kernel:s0 tclass=capability permissive=0
11-11 06:02:54.399 0 0 I auditd : type=1400 audit(0.0:5302): avc: denied { kill } for comm="swapper/3" capability=5 scontext=u:r:kernel:s0 tcontext=u:r:kernel:s0 tclass=capability permissive=0
11-11 06:02:55.399 0 0 I auditd : type=1400 audit(0.0:5303): avc: denied { kill } for comm="swapper/3" capability=5 scontext=u:r:kernel:s0 tcontext=u:r:kernel:s0 tclass=capability permissive=0
11-11 06:02:56.403 0 0 I auditd : type=1400 audit(0.0:5304): avc: denied { kill } for comm="swapper/3" capability=5 scontext=u:r:kernel:s0 tcontext=u:r:kernel:s0 tclass=capability permissive=0
11-11 06:03:01.399 0 0 I auditd : type=1400 audit(0.0:5305): avc: denied { kill } for comm="swapper/1" capability=5 scontext=u:r:kernel:s0 tcontext=u:r:kernel:s0 tclass=capability permissive=0
11-11 06:03:02.399 0 0 I auditd : type=1400 audit(0.0:5306): avc: denied { kill } for comm="swapper/1" capability=5 scontext=u:r:kernel:s0 tcontext=u:r:kernel:s0 tclass=capability permissive=0
11-11 06:03:03.399 0 0 I auditd : type=1400 audit(0.0:5307): avc: denied { kill } for comm="swapper/1" capability=5 scontext=u:r:kernel:s0 tcontext=u:r:kernel:s0 tclass=capability permissive=0
11-11 06:03:04.399 0 0 I auditd : type=1400 audit(0.0:5308): avc: denied { kill } for comm="swapper/1" capability=5 scontext=u:r:kernel:s0 tcontext=u:r:kernel:s0 tclass=capability permissive=0
11-11 06:03:05.399 0 0 I auditd : type=1400 audit(0.0:5309): avc: denied { kill } for comm="swapper/1" capability=5 scontext=u:r:kernel:s0 tcontext=u:r:kernel:s0 tclass=capability permissive=0
11-11 06:03:05.863 1514 1836 I netstats_mobile_sample: [0,0,0,0,0,0,0,0,0,0,0,0,1668117785863]
11-11 06:03:05.864 1514 1836 I netstats_wifi_sample: [101019609,229416,51234383,118369,101019609,229416,51234383,118369,117350362,319708,25835608,61415,1668117785863]
11-11 06:03:06.399 0 0 I auditd : type=1400 audit(0.0:5310): avc: denied { kill } for comm="swapper/1" capability=5 scontext=u:r:kernel:s0 tcontext=u:r:kernel:s0 tclass=capability permissive=0
11-11 06:03:07.399 0 0 I auditd : type=1400 audit(0.0:5311): avc: denied { kill } for comm="swapper/1" capability=5 scontext=u:r:kernel:s0 tcontext=u:r:kernel:s0 tclass=capability permissive=0
11-11 06:03:08.399 0 0 I auditd : type=1400 audit(0.0:5312): avc: denied { kill } for comm="swapper/1" capability=5 scontext=u:r:kernel:s0 tcontext=u:r:kernel:s0 tclass=capability permissive=0
11-11 06:03:09.399 0 0 I auditd : type=1400 audit(0.0:5313): avc: denied { kill } for comm="swapper/1" capability=5 scontext=u:r:kernel:s0 tcontext=u:r:kernel:s0 tclass=capability permissive=0
11-11 06:03:10.399 0 0 I auditd : type=1400 audit(0.0:5314): avc: denied { kill } for comm="swapper/1" capability=5 scontext=u:r:kernel:s0 tcontext=u:r:kernel:s0 tclass=capability permissive=0
11-11 06:03:12.399 0 0 I auditd : type=1400 audit(0.0:5315): avc: denied { kill } for comm="swapper/1" capability=5 scontext=u:r:kernel:s0 tcontext=u:r:kernel:s0 tclass=capability permissive=0
11-11 06:03:13.399 0 0 I auditd : type=1400 audit(0.0:5316): avc: denied { kill } for comm="swapper/1" capability=5 scontext=u:r:kernel:s0 tcontext=u:r:kernel:s0 tclass=capability permissive=0
11-11 06:03:14.399 0 0 I auditd : type=1400 audit(0.0:5317): avc: denied { kill } for comm="swapper/1" capability=5 scontext=u:r:kernel:s0 tcontext=u:r:kernel:s0 tclass=capability permissive=0
11-11 06:03:15.399 0 0 I auditd : type=1400 audit(0.0:5318): avc: denied { kill } for comm="swapper/1" capability=5 scontext=u:r:kernel:s0 tcontext=u:r:kernel:s0 tclass=capability permissive=0
11-11 06:03:16.399 0 0 I auditd : type=1400 audit(0.0:5319): avc: denied { kill } for comm="swapper/1" capability=5 scontext=u:r:kernel:s0 tcontext=u:r:kernel:s0 tclass=capability permissive=0
11-11 06:03:17.399 0 0 I auditd : type=1400 audit(0.0:5320): avc: denied { kill } for comm="swapper/1" capability=5 scontext=u:r:kernel:s0 tcontext=u:r:kernel:s0 tclass=capability permissive=0
11-11 06:03:18.399 0 0 I auditd : type=1400 audit(0.0:5321): avc: denied { kill } for comm="swapper/1" capability=5 scontext=u:r:kernel:s0 tcontext=u:r:kernel:s0 tclass=capability permissive=0
11-11 06:03:19.399 0 0 I auditd : type=1400 audit(0.0:5322): avc: denied { kill } for comm="swapper/1" capability=5 scontext=u:r:kernel:s0 tcontext=u:r:kernel:s0 tclass=capability permissive=0
11-11 06:03:20.399 0 0 I auditd : type=1400 audit(0.0:5323): avc: denied { kill } for comm="swapper/1" capability=5 scontext=u:r:kernel:s0 tcontext=u:r:kernel:s0 tclass=capability permissive=0
11-11 06:03:21.399 0 0 I auditd : type=1400 audit(0.0:5324): avc: denied { kill } for comm="swapper/1" capability=5 scontext=u:r:kernel:s0 tcontext=u:r:kernel:s0 tclass=capability permissive=0
11-11 06:03:22.399 0 0 I auditd : type=1400 audit(0.0:5325): avc: denied { kill } for comm="swapper/1" capability=5 scontext=u:r:kernel:s0 tcontext=u:r:kernel:s0 tclass=capability permissive=0
11-11 06:03:23.399 0 0 I auditd : type=1400 audit(0.0:5326): avc: denied { kill } for comm="swapper/1" capability=5 scontext=u:r:kernel:s0 tcontext=u:r:kernel:s0 tclass=capability permissive=0
11-11 06:03:24.399 0 0 I auditd : type=1400 audit(0.0:5327): avc: denied { kill } for comm="swapper/1" capability=5 scontext=u:r:kernel:s0 tcontext=u:r:kernel:s0 tclass=capability permissive=0
11-11 06:03:25.399 0 0 I auditd : type=1400 audit(0.0:5328): avc: denied { kill } for comm="swapper/1" capability=5 scontext=u:r:kernel:s0 tcontext=u:r:kernel:s0 tclass=capability permissive=0
11-11 06:03:26.399 0 0 I auditd : type=1400 audit(0.0:5329): avc: denied { kill } for comm="swapper/1" capability=5 scontext=u:r:kernel:s0 tcontext=u:r:kernel:s0 tclass=capability permissive=0
11-11 06:03:27.399 0 0 I auditd : type=1400 audit(0.0:5330): avc: denied { kill } for comm="swapper/1" capability=5 scontext=u:r:kernel:s0 tcontext=u:r:kernel:s0 tclass=capability permissive=0
11-11 06:03:28.399 0 0 I auditd : type=1400 audit(0.0:5331): avc: denied { kill } for comm="swapper/1" capability=5 scontext=u:r:kernel:s0 tcontext=u:r:kernel:s0 tclass=capability permissive=0
11-11 06:03:29.399 0 0 I auditd : type=1400 audit(0.0:5332): avc: denied { kill } for comm="swapper/1" capability=5 scontext=u:r:kernel:s0 tcontext=u:r:kernel:s0 tclass=capability permissive=0
11-11 06:03:30.399 0 0 I auditd : type=1400 audit(0.0:5333): avc: denied { kill } for comm="swapper/1" capability=5 scontext=u:r:kernel:s0 tcontext=u:r:kernel:s0 tclass=capability permissive=0
11-11 06:03:31.399 0 0 I auditd : type=1400 audit(0.0:5334): avc: denied { kill } for comm="swapper/1" capability=5 scontext=u:r:kernel:s0 tcontext=u:r:kernel:s0 tclass=capability permissive=0
11-11 06:03:31.662 1514 1722 D ActivityManager: freezing 13365 com.android.documentsui
11-11 06:03:31.662 1514 1722 E ActivityManager: Unable to freeze binder for 13365 com.android.documentsui
11-11 06:03:31.663 1514 1722 D ActivityManager: froze 13365 com.android.documentsui
11-11 06:03:31.663 1514 1722 I am_freeze: [13365,com.android.documentsui]
11-11 06:03:31.663 1514 1722 E ActivityManager: Unable to freeze binder for 13365 com.android.documentsui
11-11 06:03:31.664 1514 1722 I ActivityManager: Killing 13365:com.android.documentsui/u0a32 (adj 935): Unable to freeze binder interface
11-11 06:03:31.665 1514 1722 I am_kill : [0,13365,com.android.documentsui,935,Unable to freeze binder interface]
11-11 06:03:31.699 1514 6421 I am_proc_died: [0,13365,com.android.documentsui,935,19]
11-11 06:03:31.700 1514 6421 I am_uid_stopped: 10032
11-11 06:03:31.704 1514 1595 I am_uid_running: 10032
11-11 06:03:31.706 1514 1595 D CompatibilityChangeReporter: Compat change id reported: 135634846; UID 10032; state: DISABLED
11-11 06:03:31.706 1514 1595 D CompatibilityChangeReporter: Compat change id reported: 177438394; UID 10032; state: DISABLED
11-11 06:03:31.706 1514 1595 D CompatibilityChangeReporter: Compat change id reported: 135772972; UID 10032; state: DISABLED
11-11 06:03:31.706 1514 1595 D CompatibilityChangeReporter: Compat change id reported: 135754954; UID 10032; state: ENABLED
11-11 06:03:31.707 1514 1615 D CompatibilityChangeReporter: Compat change id reported: 143937733; UID 10032; state: ENABLED
11-11 06:03:31.713 1514 1612 I am_pss : [13326,1000,com.android.settings,54599680,40914944,0,184086528,0,15,9]
11-11 06:03:31.722 1514 1615 I am_proc_start: [0,13696,10032,com.android.documentsui,NULL,]
11-11 06:03:31.722 1514 1615 I ActivityManager: Start proc 13696:com.android.documentsui/u0a32 for null
11-11 06:03:31.759 1514 6421 I am_proc_bound: [0,13696,com.android.documentsui]
11-11 06:03:31.762 1514 6421 D CompatibilityChangeReporter: Compat change id reported: 168419799; UID 10032; state: DISABLED
11-11 06:03:32.399 0 0 I auditd : type=1400 audit(0.0:5335): avc: denied { kill } for comm="swapper/1" capability=5 scontext=u:r:kernel:s0 tcontext=u:r:kernel:s0 tclass=capability permissive=0
11-11 06:03:33.399 0 0 I auditd : type=1400 audit(0.0:5336): avc: denied { kill } for comm="swapper/1" capability=5 scontext=u:r:kernel:s0 tcontext=u:r:kernel:s0 tclass=capability permissive=0
11-11 06:03:34.399 0 0 I auditd : type=1400 audit(0.0:5337): avc: denied { kill } for comm="swapper/1" capability=5 scontext=u:r:kernel:s0 tcontext=u:r:kernel:s0 tclass=capability permissive=0
11-11 06:03:35.399 0 0 I auditd : type=1400 audit(0.0:5338): avc: denied { kill } for comm="swapper/1" capability=5 scontext=u:r:kernel:s0 tcontext=u:r:kernel:s0 tclass=capability permissive=0
11-11 06:03:36.399 0 0 I auditd : type=1400 audit(0.0:5339): avc: denied { kill } for comm="swapper/1" capability=5 scontext=u:r:kernel:s0 tcontext=u:r:kernel:s0 tclass=capability permissive=0
11-11 06:03:37.399 0 0 I auditd : type=1400 audit(0.0:5340): avc: denied { kill } for comm="swapper/1" capability=5 scontext=u:r:kernel:s0 tcontext=u:r:kernel:s0 tclass=capability permissive=0
11-11 06:03:38.399 0 0 I auditd : type=1400 audit(0.0:5341): avc: denied { kill } for comm="swapper/1" capability=5 scontext=u:r:kernel:s0 tcontext=u:r:kernel:s0 tclass=capability permissive=0
11-11 06:03:39.399 0 0 I auditd : type=1400 audit(0.0:5342): avc: denied { kill } for comm="swapper/1" capability=5 scontext=u:r:kernel:s0 tcontext=u:r:kernel:s0 tclass=capability permissive=0
11-11 06:03:40.399 0 0 I auditd : type=1400 audit(0.0:5343): avc: denied { kill } for comm="swapper/1" capability=5 scontext=u:r:kernel:s0 tcontext=u:r:kernel:s0 tclass=capability permissive=0
11-11 06:03:41.399 0 0 I auditd : type=1400 audit(0.0:5344): avc: denied { kill } for comm="swapper/1" capability=5 scontext=u:r:kernel:s0 tcontext=u:r:kernel:s0 tclass=capability permissive=0
11-11 06:03:42.399 0 0 I auditd : type=1400 audit(0.0:5345): avc: denied { kill } for comm="swapper/1" capability=5 scontext=u:r:kernel:s0 tcontext=u:r:kernel:s0 tclass=capability permissive=0
11-11 06:03:43.399 0 0 I auditd : type=1400 audit(0.0:5346): avc: denied { kill } for comm="swapper/1" capability=5 scontext=u:r:kernel:s0 tcontext=u:r:kernel:s0 tclass=capability permissive=0
11-11 06:03:44.399 0 0 I auditd : type=1400 audit(0.0:5347): avc: denied { kill } for comm="swapper/1" capability=5 scontext=u:r:kernel:s0 tcontext=u:r:kernel:s0 tclass=capability permissive=0
11-11 06:03:45.399 0 0 I auditd : type=1400 audit(0.0:5348): avc: denied { kill } for comm="swapper/1" capability=5 scontext=u:r:kernel:s0 tcontext=u:r:kernel:s0 tclass=capability permissive=0
11-11 06:03:46.399 0 0 I auditd : type=1400 audit(0.0:5349): avc: denied { kill } for comm="swapper/1" capability=5 scontext=u:r:kernel:s0 tcontext=u:r:kernel:s0 tclass=capability permissive=0
11-11 06:03:47.399 0 0 I auditd : type=1400 audit(0.0:5350): avc: denied { kill } for comm="swapper/1" capability=5 scontext=u:r:kernel:s0 tcontext=u:r:kernel:s0 tclass=capability permissive=0
11-11 06:03:48.399 0 0 I auditd : type=1400 audit(0.0:5351): avc: denied { kill } for comm="swapper/1" capability=5 scontext=u:r:kernel:s0 tcontext=u:r:kernel:s0 tclass=capability permissive=0
11-11 06:03:49.399 0 0 I auditd : type=1400 audit(0.0:5352): avc: denied { kill } for comm="swapper/1" capability=5 scontext=u:r:kernel:s0 tcontext=u:r:kernel:s0 tclass=capability permissive=0
11-11 06:03:50.399 0 0 I auditd : type=1400 audit(0.0:5353): avc: denied { kill } for comm="swapper/1" capability=5 scontext=u:r:kernel:s0 tcontext=u:r:kernel:s0 tclass=capability permissive=0
11-11 06:03:51.399 0 0 I auditd : type=1400 audit(0.0:5354): avc: denied { kill } for comm="swapper/1" capability=5 scontext=u:r:kernel:s0 tcontext=u:r:kernel:s0 tclass=capability permissive=0
11-11 06:03:52.399 0 0 I auditd : type=1400 audit(0.0:5355): avc: denied { kill } for comm="swapper/1" capability=5 scontext=u:r:kernel:s0 tcontext=u:r:kernel:s0 tclass=capability permissive=0
11-11 06:03:53.399 0 0 I auditd : type=1400 audit(0.0:5356): avc: denied { kill } for comm="swapper/1" capability=5 scontext=u:r:kernel:s0 tcontext=u:r:kernel:s0 tclass=capability permissive=0
11-11 06:03:54.399 0 0 I auditd : type=1400 audit(0.0:5357): avc: denied { kill } for comm="swapper/1" capability=5 scontext=u:r:kernel:s0 tcontext=u:r:kernel:s0 tclass=capability permissive=0
11-11 06:03:55.399 0 0 I auditd : type=1400 audit(0.0:5358): avc: denied { kill } for comm="swapper/1" capability=5 scontext=u:r:kernel:s0 tcontext=u:r:kernel:s0 tclass=capability permissive=0
11-11 06:03:56.399 0 0 I auditd : type=1400 audit(0.0:5359): avc: denied { kill } for comm="swapper/1" capability=5 scontext=u:r:kernel:s0 tcontext=u:r:kernel:s0 tclass=capability permissive=0
11-11 06:03:57.399 0 0 I auditd : type=1400 audit(0.0:5360): avc: denied { kill } for comm="swapper/1" capability=5 scontext=u:r:kernel:s0 tcontext=u:r:kernel:s0 tclass=capability permissive=0
11-11 06:03:59.399 0 0 I auditd : type=1400 audit(0.0:5361): avc: denied { kill } for comm="swapper/1" capability=5 scontext=u:r:kernel:s0 tcontext=u:r:kernel:s0 tclass=capability permissive=0
11-11 06:04:00.399 0 0 I auditd : type=1400 audit(0.0:5362): avc: denied { kill } for comm="swapper/1" capability=5 scontext=u:r:kernel:s0 tcontext=u:r:kernel:s0 tclass=capability permissive=0
11-11 06:04:02.399 0 0 I auditd : type=1400 audit(0.0:5363): avc: denied { kill } for comm="swapper/1" capability=5 scontext=u:r:kernel:s0 tcontext=u:r:kernel:s0 tclass=capability permissive=0
11-11 06:04:03.399 0 0 I auditd : type=1400 audit(0.0:5364): avc: denied { kill } for comm="swapper/1" capability=5 scontext=u:r:kernel:s0 tcontext=u:r:kernel:s0 tclass=capability permissive=0
11-11 06:04:04.399 0 0 I auditd : type=1400 audit(0.0:5365): avc: denied { kill } for comm="swapper/1" capability=5 scontext=u:r:kernel:s0 tcontext=u:r:kernel:s0 tclass=capability permissive=0
11-11 06:04:05.399 0 0 I auditd : type=1400 audit(0.0:5366): avc: denied { kill } for comm="swapper/1" capability=5 scontext=u:r:kernel:s0 tcontext=u:r:kernel:s0 tclass=capability permissive=0
11-11 06:04:06.399 0 0 I auditd : type=1400 audit(0.0:5367): avc: denied { kill } for comm="swapper/1" capability=5 scontext=u:r:kernel:s0 tcontext=u:r:kernel:s0 tclass=capability permissive=0
11-11 06:04:07.399 0 0 I auditd : type=1400 audit(0.0:5368): avc: denied { kill } for comm="swapper/1" capability=5 scontext=u:r:kernel:s0 tcontext=u:r:kernel:s0 tclass=capability permissive=0
11-11 06:04:08.399 0 0 I auditd : type=1400 audit(0.0:5369): avc: denied { kill } for comm="swapper/1" capability=5 scontext=u:r:kernel:s0 tcontext=u:r:kernel:s0 tclass=capability permissive=0
11-11 06:04:09.399 0 0 I auditd : type=1400 audit(0.0:5370): avc: denied { kill } for comm="swapper/1" capability=5 scontext=u:r:kernel:s0 tcontext=u:r:kernel:s0 tclass=capability permissive=0
11-11 06:04:09.451 1514 1770 I input_interaction: Interaction with: 20494cd com.thundercomm.screensaver/android.service.dreams.DreamActivity (server), edge-swipe (server), swipe-up (server), PointerEventDispatcher0 (server),
11-11 06:04:09.455 1514 6421 I wm_finish_activity: [0,65936374,102,com.thundercomm.screensaver/android.service.dreams.DreamActivity,finish-activity]
11-11 06:04:09.455 1514 6421 I wm_task_moved: [90,1,6]
11-11 06:04:09.455 1514 6421 I wm_task_to_front: [0,90]
11-11 06:04:09.456 1514 6421 I wm_focused_root_task: [0,0,90,102,finish-top adjustFocusToNextFocusableTask]
11-11 06:04:09.458 1514 6421 I wm_pause_activity: [0,65936374,com.thundercomm.screensaver/android.service.dreams.DreamActivity,userLeaving=false,finish]
11-11 06:04:09.474 1514 6421 I DreamManagerService: Gently waking up from dream.
11-11 06:04:09.475 1514 1592 I DreamManagerService: Performing gentle wake from dream.
11-11 06:04:09.476 4894 4894 I wm_on_top_resumed_lost_called: [65936374,android.service.dreams.DreamActivity,topStateChangedWhenResumed]
11-11 06:04:09.479 1514 1595 I sysui_multi_action: [757,803,799,window_time_0,802,264]
11-11 06:04:09.479 4894 4894 I wm_on_paused_called: [65936374,android.service.dreams.DreamActivity,performPause]
11-11 06:04:09.481 1514 6421 I wm_add_to_stopping: [0,65936374,com.thundercomm.screensaver/android.service.dreams.DreamActivity,completeFinishing]
11-11 06:04:09.484 1514 6421 I ActivityTaskManager: FOREGROUND_APPLICATION_CHANGED to com.android.settings.homepage.SettingsHomepageActivity
11-11 06:04:09.489 1514 6421 I wm_set_resumed_activity: [0,com.android.settings/.Settings,resumeTopActivityInnerLocked]
11-11 06:04:09.491 1514 6421 I wm_resume_activity: [0,127853618,90,com.android.settings/.Settings]
11-11 06:04:09.492 1514 1770 I input_focus: [Focus leaving 20494cd com.thundercomm.screensaver/android.service.dreams.DreamActivity (server),reason=NO_WINDOW]
11-11 06:04:09.496 4894 4894 I view_enqueue_input_event: [Motion - Cancel,com.thundercomm.screensaver/android.service.dreams.DreamActivity]
11-11 06:04:09.502 1514 1595 I sysui_multi_action: [757,803,799,window_time_0,802,0]
11-11 06:04:09.504 13326 13326 I wm_on_restart_called: [127853618,com.android.settings.Settings,performRestartActivity]
11-11 06:04:09.518 13326 13326 I wm_on_start_called: [127853618,com.android.settings.Settings,handleStartActivity]
11-11 06:04:09.518 13326 13326 I snet_event_log: [120484087,-1,]
11-11 06:04:09.519 1514 1612 I am_pss : [13696,10032,com.android.documentsui,12281856,9576448,0,106110976,0,19,6]
11-11 06:04:09.519 13326 13326 I wm_on_resume_called: [127853618,com.android.settings.Settings,RESUME_ACTIVITY]
11-11 06:04:09.519 13326 13326 I sysui_multi_action: [757,35,758,1,833,0,1089,0]
11-11 06:04:09.520 3685 3703 W ContextImpl: Calling a method in the system process without a qualified user: android.app.ContextImpl.startService:1816 android.content.ContextWrapper.startService:774 com.thundercomm.gamemode.ingame.services.GameModeActionUtils.startGameModeService:93 com.thundercomm.gamemode.ingame.services.GameModeActionUtils.startGameModeEntry:21 com.thundercomm.gamemode.ingame.services.ActivityMonitoringService$1.onActivityLaunch:126
11-11 06:04:09.522 13326 13326 I sysui_multi_action: [757,336,758,1,833,0,1089,0]
11-11 06:04:09.528 1514 1514 I GameModeConfig: Current uri is uri = content://com.thundercomm.gamemode.api/gamemode_settings/gamemode_isgaming
11-11 06:04:09.529 1514 1514 I am_uid_active: 10065
11-11 06:04:09.533 13326 13326 I wm_on_top_resumed_gained_called: [127853618,com.android.settings.Settings,topWhenResuming]
11-11 06:04:09.534 1514 1514 I GameModeConfig: isGameModeOn = false
11-11 06:04:09.534 1514 1514 I GameModeConfig: isGameModeOn = false
11-11 06:04:09.534 1514 1514 I GameModeConfig: isDisableVoice = true
11-11 06:04:09.540 1514 1596 I input_focus: [Focus request d8ccc87 com.android.settings/com.android.settings.Settings,reason=UpdateInputWindows]
11-11 06:04:09.545 1514 1627 W BatteryExternalStatsWorker: error reading modem stats:ERROR_PHONE_NOT_AVAILABLE
11-11 06:04:09.562 1514 1649 I PowerManagerService: Powering on display group fromDreaming (groupId=0, uid=1000, reason=WAKE_REASON_UNKNOWN, details=android.server.power:DREAM_FINISHED)...
11-11 06:04:09.563 1514 1649 I PowerManagerService: Waking up from Dreaming (uid=1000, reason=WAKE_REASON_UNKNOWN, details=android.server.power:DREAM_FINISHED)...
11-11 06:04:09.563 564 564 I auditd : type=1400 audit(0.0:5371): avc: denied { read } for comm="Binder:564_2" name="wakeup58" dev="sysfs" ino=71827 scontext=u:r:system_suspend:s0 tcontext=u:object_r:sysfs:s0 tclass=dir permissive=0
11-11 06:04:09.563 564 564 I auditd : type=1400 audit(0.0:5372): avc: denied { read } for comm="Binder:564_2" name="wakeup48" dev="sysfs" ino=67421 scontext=u:r:system_suspend:s0 tcontext=u:object_r:sysfs:s0 tclass=dir permissive=0
11-11 06:04:09.563 564 564 I auditd : type=1400 audit(0.0:5373): avc: denied { read } for comm="Binder:564_2" name="wakeup4" dev="sysfs" ino=47028 scontext=u:r:system_suspend:s0 tcontext=u:object_r:sysfs:s0 tclass=dir permissive=0
11-11 06:04:09.563 564 564 I auditd : type=1400 audit(0.0:5374): avc: denied { read } for comm="Binder:564_2" name="wakeup76" dev="sysfs" ino=76669 scontext=u:r:system_suspend:s0 tcontext=u:object_r:sysfs:s0 tclass=dir permissive=0
11-11 06:04:09.563 564 564 I auditd : type=1400 audit(0.0:5375): avc: denied { read } for comm="Binder:564_2" name="wakeup28" dev="sysfs" ino=53233 scontext=u:r:system_suspend:s0 tcontext=u:object_r:sysfs:s0 tclass=dir permissive=0
11-11 06:04:09.563 564 564 I auditd : type=1400 audit(0.0:5376): avc: denied { read } for comm="Binder:564_2" name="wakeup56" dev="sysfs" ino=71755 scontext=u:r:system_suspend:s0 tcontext=u:object_r:sysfs:s0 tclass=dir permissive=0
11-11 06:04:09.563 564 564 I auditd : type=1400 audit(0.0:5377): avc: denied { read } for comm="Binder:564_2" name="wakeup2" dev="sysfs" ino=46552 scontext=u:r:system_suspend:s0 tcontext=u:object_r:sysfs:s0 tclass=dir permissive=0
11-11 06:04:09.564 1514 1627 E KernelCpuSpeedReader: Failed to read cpu-freq: /sys/devices/system/cpu/cpu4/cpufreq/stats/time_in_state: open failed: ENOENT (No such file or directory)
11-11 06:04:09.564 1514 1627 E KernelCpuSpeedReader: Failed to read cpu-freq: /sys/devices/system/cpu/cpu0/cpufreq/stats/time_in_state: open failed: ENOENT (No such file or directory)
11-11 06:04:09.580 1514 1770 I input_focus: [Focus entering d8ccc87 com.android.settings/com.android.settings.Settings (server),reason=Window became focusable. Previous reason: NOT_VISIBLE]
11-11 06:04:09.587 1514 1627 W BatteryExternalStatsWorker: error reading modem stats:ERROR_PHONE_NOT_AVAILABLE
11-11 06:04:09.588 1514 1627 E KernelCpuSpeedReader: Failed to read cpu-freq: /sys/devices/system/cpu/cpu4/cpufreq/stats/time_in_state: open failed: ENOENT (No such file or directory)
11-11 06:04:09.588 1514 1627 E KernelCpuSpeedReader: Failed to read cpu-freq: /sys/devices/system/cpu/cpu0/cpufreq/stats/time_in_state: open failed: ENOENT (No such file or directory)
11-11 06:04:09.600 3685 3703 W ContextImpl: Calling a method in the system process without a qualified user: android.app.ContextImpl.startService:1816 android.content.ContextWrapper.startService:774 com.thundercomm.gamemode.ingame.services.GameModeActionUtils.startGameModeService:93 com.thundercomm.gamemode.ingame.services.GameModeActionUtils.startGameModeEntry:21 com.thundercomm.gamemode.ingame.services.ActivityMonitoringService$1.onActivityLaunch:126
11-11 06:04:09.604 1514 1514 I GameModeConfig: Current uri is uri = content://com.thundercomm.gamemode.api/gamemode_settings/gamemode_isgaming
11-11 06:04:09.605 1514 1514 I GameModeConfig: isGameModeOn = false
11-11 06:04:09.606 1514 1514 I GameModeConfig: isGameModeOn = false
11-11 06:04:09.606 1514 1514 I GameModeConfig: isDisableVoice = true
11-11 06:04:10.064 1514 1595 I wm_destroy_activity: [0,65936374,102,com.thundercomm.screensaver/android.service.dreams.DreamActivity,finish-imm:idle]
11-11 06:04:10.073 3685 3703 W ContextImpl: Calling a method in the system process without a qualified user: android.app.ContextImpl.startService:1816 android.content.ContextWrapper.startService:774 com.thundercomm.gamemode.ingame.services.GameModeActionUtils.startGameModeService:93 com.thundercomm.gamemode.ingame.services.GameModeActionUtils.startGameModeEntry:21 com.thundercomm.gamemode.ingame.services.ActivityMonitoringService$1.onActivityLaunch:126
11-11 06:04:10.079 1514 1514 I GameModeConfig: Current uri is uri = content://com.thundercomm.gamemode.api/gamemode_settings/gamemode_isgaming
11-11 06:04:10.082 1514 1514 I GameModeConfig: isGameModeOn = false
11-11 06:04:10.083 1514 1514 I GameModeConfig: isGameModeOn = false
11-11 06:04:10.083 1514 1514 I GameModeConfig: isDisableVoice = true
11-11 06:04:10.088 4894 4894 I wm_on_stop_called: [65936374,android.service.dreams.DreamActivity,LIFECYCLER_STOP_ACTIVITY]
11-11 06:04:10.089 4894 4894 I wm_on_destroy_called: [65936374,android.service.dreams.DreamActivity,performDestroy]
11-11 06:04:10.093 1514 7301 I DreamManagerService: Leaving dreamland.
11-11 06:04:10.096 1514 1592 I DreamManagerService: Performing gentle wake from dream.
11-11 06:04:10.096 1514 1592 I DreamController: Stopping dream: name=ComponentInfo{com.thundercomm.screensaver/com.thundercomm.saverclock.service.ClockScreensaver}, isTest=false, canDoze=false, userId=0, reason='finished self'(from 'finished self')
11-11 06:04:10.096 1514 1592 I sysui_multi_action: [757,222,758,2]
11-11 06:04:10.096 1514 1592 I sysui_multi_action: [757,804,799,dreaming_minutes,801,4,802,1]
11-11 06:04:10.111 1514 2080 I wm_task_removed: [102,removeChild:removeChild last r=ActivityRecord{3ee1bf6 u0 com.thundercomm.screensaver/android.service.dreams.DreamActivity t-1 f}} in t=Task{d70a483 #102 type=dream A=10051:android:com.thundercomm.screensaver/dream U=0 visible=false mode=fullscreen translucent=true sz=0}]
11-11 06:04:10.111 1514 2080 I wm_task_removed: [102,removeChild]
11-11 06:04:10.112 1514 1596 W ActivityTaskManager: Can't find TaskDisplayArea to determine support for multi window. Task id=102 attached=false
11-11 06:04:10.298 1514 1770 I input_interaction: Interaction with: d8ccc87 com.android.settings/com.android.settings.Settings (server), edge-swipe (server), swipe-up (server), PointerEventDispatcher0 (server),
11-11 06:04:10.314 1514 5474 I wm_task_moved: [39,0,0]
11-11 06:04:10.314 1514 5474 I wm_task_moved: [39,0,5]
11-11 06:04:10.324 2503 2503 I wm_on_restart_called: [157690489,com.android.launcher3.uioverrides.QuickstepLauncher,performRestartActivity]
11-11 06:04:10.346 3685 3703 W ContextImpl: Calling a method in the system process without a qualified user: android.app.ContextImpl.startService:1816 android.content.ContextWrapper.startService:774 com.thundercomm.gamemode.ingame.services.GameModeActionUtils.startGameModeService:93 com.thundercomm.gamemode.ingame.services.GameModeActionUtils.startGameModeEntry:21 com.thundercomm.gamemode.ingame.services.ActivityMonitoringService$1.onActivityLaunch:126
11-11 06:04:10.351 1514 1514 I GameModeConfig: Current uri is uri = content://com.thundercomm.gamemode.api/gamemode_settings/gamemode_isgaming
11-11 06:04:10.353 1514 1514 I GameModeConfig: isGameModeOn = false
11-11 06:04:10.354 1514 1514 I GameModeConfig: isGameModeOn = false
11-11 06:04:10.354 1514 1514 I GameModeConfig: isDisableVoice = true
11-11 06:04:10.359 2503 2503 I wm_on_start_called: [157690489,com.android.launcher3.uioverrides.QuickstepLauncher,handleStartActivity]
11-11 06:04:10.381 1514 1592 I sysui_multi_action: [319,17,322,60,325,4665,757,761,758,9,759,5,806,com.android.launcher3,871,com.android.launcher3.uioverrides.QuickstepLauncher,904,com.android.launcher3,905,0,1320,8,1321,5]
11-11 06:04:10.403 13326 13326 I view_enqueue_input_event: [Motion - Cancel,com.android.settings/com.android.settings.Settings]
11-11 06:04:10.405 2503 2503 I sysui_latency: [1,73]
11-11 06:04:10.414 1514 1596 I input_focus: [Focus request recents_animation_input_consumer,reason=UpdateInputWindows]
11-11 06:04:10.419 1514 1770 I input_interaction: Interaction with: edge-swipe (server), swipe-up (server), PointerEventDispatcher0 (server),
11-11 06:04:10.443 1514 1770 I input_focus: [Focus leaving d8ccc87 com.android.settings/com.android.settings.Settings (server),reason=NOT_FOCUSABLE]
11-11 06:04:10.443 1514 1770 I input_focus: [Focus entering recents_animation_input_consumer (server),reason=setFocusedWindow]
11-11 06:04:10.568 1514 1715 I commit_sys_config_file: [settings-1-0,9]
11-11 06:04:10.677 1514 1612 I sysui_latency: [8,71]
11-11 06:04:11.378 1514 1715 I commit_sys_config_file: [settings-1-0,8]
