11-11 06:16:05.399 0 0 I auditd : type=1400 audit(0.0:6139): avc: denied { kill } for comm="swapper/1" capability=5 scontext=u:r:kernel:s0 tcontext=u:r:kernel:s0 tclass=capability permissive=0
11-11 06:16:05.845 1514 1770 I input_interaction: Interaction with: eea03e8 com.android.launcher3/com.android.launcher3.uioverrides.QuickstepLauncher (server), edge-swipe (server), swipe-up (server), PointerEventDispatcher0 (server),
11-11 06:16:05.951 1514 8092 I ActivityTaskManager: START u0 {flg=0x10008000 cmp=com.android.soundrecorder/.SoundRecorder} from uid 10079
11-11 06:16:05.969 1514 8092 D FreeFormWindowHelper: Add freeform task=Task{b8c12ee #107 type=standard A=10060:com.android.soundrecorder U=0 visible=true mode=freeform translucent=false sz=1}
11-11 06:16:05.970 1514 8092 I wm_finish_activity: [0,48147413,107,com.android.soundrecorder/.SoundRecorder,clear-task-all]
11-11 06:16:05.972 1514 8092 I wm_pause_activity: [0,48147413,com.android.soundrecorder/.SoundRecorder,userLeaving=false,finish]
11-11 06:16:05.972 14152 14152 I wm_on_top_resumed_lost_called: [48147413,com.android.soundrecorder.SoundRecorder,topStateChangedWhenResumed]
11-11 06:16:05.975 1514 8092 I wm_task_moved: [107,1,6]
11-11 06:16:05.975 1514 8092 I wm_create_activity: [0,187645412,107,com.android.soundrecorder/.SoundRecorder,NULL,NULL,NULL,268468224]
11-11 06:16:05.994 14152 14152 I wm_on_paused_called: [48147413,com.android.soundrecorder.SoundRecorder,performPause]
11-11 06:16:05.995 1514 2116 I wm_add_to_stopping: [0,48147413,com.android.soundrecorder/.SoundRecorder,completeFinishing]
11-11 06:16:05.996 1514 2116 I ActivityTaskManager: The Process com.android.soundrecorder Already Exists in BG. So sending its PID: 14152
11-11 06:16:05.997 1514 2116 W ActivityTaskManager: Tried to set launchTime (0) < mLastActivityLaunchTime (5378420)
11-11 06:16:05.998 1514 2116 I wm_restart_activity: [0,187645412,107,com.android.soundrecorder/.SoundRecorder]
11-11 06:16:05.999 1514 2116 I wm_set_resumed_activity: [0,com.android.soundrecorder/.SoundRecorder,minimalResumeActivityLocked]
11-11 06:16:06.002 1514 1595 I sysui_multi_action: [757,803,799,window_time_0,802,3]
11-11 06:16:06.039 14152 14152 I wm_on_create_called: [187645412,com.android.soundrecorder.SoundRecorder,performCreate]
11-11 06:16:06.039 14152 14152 I wm_on_start_called: [187645412,com.android.soundrecorder.SoundRecorder,handleStartActivity]
11-11 06:16:06.040 14152 14152 I wm_on_resume_called: [187645412,com.android.soundrecorder.SoundRecorder,RESUME_ACTIVITY]
11-11 06:16:06.042 14152 14152 I wm_on_top_resumed_gained_called: [187645412,com.android.soundrecorder.SoundRecorder,topStateChangedWhenResumed]
11-11 06:16:06.068 1514 1592 I wm_activity_launch_time: [0,187645412,com.android.soundrecorder/.SoundRecorder,116]
11-11 06:16:06.107 3685 3703 W ContextImpl: Calling a method in the system process without a qualified user: android.app.ContextImpl.startService:1816 android.content.ContextWrapper.startService:774 com.thundercomm.gamemode.ingame.services.GameModeActionUtils.startGameModeService:93 com.thundercomm.gamemode.ingame.services.GameModeActionUtils.startGameModeEntry:21 com.thundercomm.gamemode.ingame.services.ActivityMonitoringService$1.onActivityLaunch:126
11-11 06:16:06.112 1514 1514 I GameModeConfig: Current uri is uri = content://com.thundercomm.gamemode.api/gamemode_settings/gamemode_isgaming
11-11 06:16:06.123 1514 1514 I GameModeConfig: isGameModeOn = false
11-11 06:16:06.123 1514 1514 I GameModeConfig: isGameModeOn = false
11-11 06:16:06.123 1514 1514 I GameModeConfig: isDisableVoice = true
11-11 06:16:06.399 1514 2116 I wm_task_moved: [39,1,6]
11-11 06:16:06.400 1514 2116 I wm_task_moved: [40,1,2147483647]
11-11 06:16:06.400 1514 2116 I wm_task_to_front: [0,40]
11-11 06:16:06.400 1514 2116 I wm_focused_root_task: [0,0,39,107,RecentsAnimation.onAnimationFinished()]
11-11 06:16:06.400 14152 14152 I wm_on_top_resumed_lost_called: [187645412,com.android.soundrecorder.SoundRecorder,topStateChangedWhenResumed]
11-11 06:16:06.400 1514 2116 I wm_set_resumed_activity: [0,com.android.launcher3/.uioverrides.QuickstepLauncher,RecentsAnimation.onAnimationFinished()]
11-11 06:16:06.401 1514 2116 I ActivityTaskManager: FOREGROUND_APPLICATION_CHANGED to com.android.launcher3.uioverrides.QuickstepLauncher
11-11 06:16:06.401 1514 2116 I wm_set_resumed_activity: [0,com.android.launcher3/.uioverrides.QuickstepLauncher,resumeTopActivityInnerLocked]
11-11 06:16:06.402 1514 2116 I wm_resume_activity: [0,157690489,40,com.android.launcher3/.uioverrides.QuickstepLauncher]
11-11 06:16:06.399 0 0 I auditd : type=1400 audit(0.0:6140): avc: denied { kill } for comm="swapper/1" capability=5 scontext=u:r:kernel:s0 tcontext=u:r:kernel:s0 tclass=capability permissive=0
11-11 06:16:06.408 1514 1596 I input_focus: [Focus request eea03e8 com.android.launcher3/com.android.launcher3.uioverrides.QuickstepLauncher,reason=UpdateInputWindows]
11-11 06:16:06.413 1514 1595 I sysui_multi_action: [757,803,799,window_time_2,802,0]
11-11 06:16:06.414 2503 2503 I wm_on_resume_called: [157690489,com.android.launcher3.uioverrides.QuickstepLauncher,RESUME_ACTIVITY]
11-11 06:16:06.414 2503 2503 I wm_on_top_resumed_gained_called: [157690489,com.android.launcher3.uioverrides.QuickstepLauncher,topStateChangedWhenResumed]
11-11 06:16:06.417 1514 1595 I wm_destroy_activity: [0,48147413,107,com.android.soundrecorder/.SoundRecorder,finish-imm:transit]
11-11 06:16:06.430 1514 1770 I input_focus: [Focus leaving recents_animation_input_consumer (server),reason=NOT_VISIBLE]
11-11 06:16:06.430 1514 1770 I input_focus: [Focus entering eea03e8 com.android.launcher3/com.android.launcher3.uioverrides.QuickstepLauncher (server),reason=setFocusedWindow]
11-11 06:16:06.443 1514 4820 W AS.AudioService: Updated cached param hdr_record_on from false to false
11-11 06:16:06.444 1514 2116 W AS.AudioService: Updated cached param hdr_audio_channel_count from 0 to 0
11-11 06:16:06.445 1514 2116 W AS.AudioService: Updated cached param hdr_audio_sampling_rate from 0 to 0
11-11 06:16:06.446 14152 14152 I wm_on_stop_called: [48147413,com.android.soundrecorder.SoundRecorder,LIFECYCLER_STOP_ACTIVITY]
11-11 06:16:06.447 14152 14152 I wm_on_destroy_called: [48147413,com.android.soundrecorder.SoundRecorder,performDestroy]
11-11 06:16:06.516 3685 3703 W ContextImpl: Calling a method in the system process without a qualified user: android.app.ContextImpl.startService:1816 android.content.ContextWrapper.startService:774 com.thundercomm.gamemode.ingame.services.GameModeActionUtils.startGameModeService:93 com.thundercomm.gamemode.ingame.services.GameModeActionUtils.startGameModeEntry:21 com.thundercomm.gamemode.ingame.services.ActivityMonitoringService$1.onActivityLaunch:126
11-11 06:16:06.520 1514 1514 I GameModeConfig: Current uri is uri = content://com.thundercomm.gamemode.api/gamemode_settings/gamemode_isgaming
11-11 06:16:06.522 1514 1514 I GameModeConfig: isGameModeOn = false
11-11 06:16:06.522 1514 1514 I GameModeConfig: isGameModeOn = false
11-11 06:16:06.522 1514 1514 I GameModeConfig: isDisableVoice = true
11-11 06:16:08.399 13840 13840 I auditd : type=1400 audit(0.0:6141): avc: denied { kill } for comm="kworker/u17:0" capability=5 scontext=u:r:kernel:s0 tcontext=u:r:kernel:s0 tclass=capability permissive=0
11-11 06:16:09.399 0 0 I auditd : type=1400 audit(0.0:6142): avc: denied { kill } for comm="swapper/2" capability=5 scontext=u:r:kernel:s0 tcontext=u:r:kernel:s0 tclass=capability permissive=0
11-11 06:16:09.487 1514 2742 E TaskPersister: File error accessing recents directory (directory doesn't exist?).
11-11 06:16:10.399 0 0 I auditd : type=1400 audit(0.0:6143): avc: denied { kill } for comm="swapper/2" capability=5 scontext=u:r:kernel:s0 tcontext=u:r:kernel:s0 tclass=capability permissive=0
11-11 06:16:11.399 0 0 I auditd : type=1400 audit(0.0:6144): avc: denied { kill } for comm="swapper/2" capability=5 scontext=u:r:kernel:s0 tcontext=u:r:kernel:s0 tclass=capability permissive=0
11-11 06:16:12.076 1514 1664 I commit_sys_config_file: [package-user-0,3]
11-11 06:16:12.076 1514 1664 I commit_sys_config_file: [package,51]
11-11 06:16:12.399 0 0 I auditd : type=1400 audit(0.0:6145): avc: denied { kill } for comm="swapper/2" capability=5 scontext=u:r:kernel:s0 tcontext=u:r:kernel:s0 tclass=capability permissive=0
11-11 06:16:13.399 0 0 I auditd : type=1400 audit(0.0:6146): avc: denied { kill } for comm="swapper/2" capability=5 scontext=u:r:kernel:s0 tcontext=u:r:kernel:s0 tclass=capability permissive=0
11-11 06:16:14.399 0 0 I auditd : type=1400 audit(0.0:6147): avc: denied { kill } for comm="swapper/2" capability=5 scontext=u:r:kernel:s0 tcontext=u:r:kernel:s0 tclass=capability permissive=0
11-11 06:16:15.399 0 0 I auditd : type=1400 audit(0.0:6148): avc: denied { kill } for comm="swapper/2" capability=5 scontext=u:r:kernel:s0 tcontext=u:r:kernel:s0 tclass=capability permissive=0
11-11 06:16:16.399 0 0 I auditd : type=1400 audit(0.0:6149): avc: denied { kill } for comm="swapper/2" capability=5 scontext=u:r:kernel:s0 tcontext=u:r:kernel:s0 tclass=capability permissive=0
11-11 06:16:17.399 0 0 I auditd : type=1400 audit(0.0:6150): avc: denied { kill } for comm="swapper/2" capability=5 scontext=u:r:kernel:s0 tcontext=u:r:kernel:s0 tclass=capability permissive=0
11-11 06:16:18.399 0 0 I auditd : type=1400 audit(0.0:6151): avc: denied { kill } for comm="swapper/2" capability=5 scontext=u:r:kernel:s0 tcontext=u:r:kernel:s0 tclass=capability permissive=0
11-11 06:16:19.399 0 0 I auditd : type=1400 audit(0.0:6152): avc: denied { kill } for comm="swapper/2" capability=5 scontext=u:r:kernel:s0 tcontext=u:r:kernel:s0 tclass=capability permissive=0
11-11 06:16:20.399 0 0 I auditd : type=1400 audit(0.0:6153): avc: denied { kill } for comm="swapper/2" capability=5 scontext=u:r:kernel:s0 tcontext=u:r:kernel:s0 tclass=capability permissive=0
11-11 06:16:21.399 0 0 I auditd : type=1400 audit(0.0:6154): avc: denied { kill } for comm="swapper/2" capability=5 scontext=u:r:kernel:s0 tcontext=u:r:kernel:s0 tclass=capability permissive=0
11-11 06:16:22.399 0 0 I auditd : type=1400 audit(0.0:6155): avc: denied { kill } for comm="swapper/2" capability=5 scontext=u:r:kernel:s0 tcontext=u:r:kernel:s0 tclass=capability permissive=0
11-11 06:16:23.399 0 0 I auditd : type=1400 audit(0.0:6156): avc: denied { kill } for comm="swapper/2" capability=5 scontext=u:r:kernel:s0 tcontext=u:r:kernel:s0 tclass=capability permissive=0
11-11 06:16:24.399 0 0 I auditd : type=1400 audit(0.0:6157): avc: denied { kill } for comm="swapper/2" capability=5 scontext=u:r:kernel:s0 tcontext=u:r:kernel:s0 tclass=capability permissive=0
11-11 06:16:24.682 1514 1627 W BatteryExternalStatsWorker: error reading modem stats:ERROR_PHONE_NOT_AVAILABLE
11-11 06:16:24.714 1514 1627 E KernelCpuSpeedReader: Failed to read cpu-freq: /sys/devices/system/cpu/cpu4/cpufreq/stats/time_in_state: open failed: ENOENT (No such file or directory)
11-11 06:16:24.714 1514 1627 E KernelCpuSpeedReader: Failed to read cpu-freq: /sys/devices/system/cpu/cpu0/cpufreq/stats/time_in_state: open failed: ENOENT (No such file or directory)
11-11 06:16:24.711 564 564 I auditd : type=1400 audit(0.0:6158): avc: denied { read } for comm="Binder:564_2" name="wakeup58" dev="sysfs" ino=71827 scontext=u:r:system_suspend:s0 tcontext=u:object_r:sysfs:s0 tclass=dir permissive=0
11-11 06:16:24.715 564 564 I auditd : type=1400 audit(0.0:6159): avc: denied { read } for comm="Binder:564_2" name="wakeup48" dev="sysfs" ino=67421 scontext=u:r:system_suspend:s0 tcontext=u:object_r:sysfs:s0 tclass=dir permissive=0
11-11 06:16:24.715 564 564 I auditd : type=1400 audit(0.0:6160): avc: denied { read } for comm="Binder:564_2" name="wakeup4" dev="sysfs" ino=47028 scontext=u:r:system_suspend:s0 tcontext=u:object_r:sysfs:s0 tclass=dir permissive=0
11-11 06:16:24.715 564 564 I auditd : type=1400 audit(0.0:6161): avc: denied { read } for comm="Binder:564_2" name="wakeup76" dev="sysfs" ino=76669 scontext=u:r:system_suspend:s0 tcontext=u:object_r:sysfs:s0 tclass=dir permissive=0
11-11 06:16:24.715 564 564 I auditd : type=1400 audit(0.0:6162): avc: denied { read } for comm="Binder:564_2" name="wakeup28" dev="sysfs" ino=53233 scontext=u:r:system_suspend:s0 tcontext=u:object_r:sysfs:s0 tclass=dir permissive=0
11-11 06:16:24.715 564 564 I auditd : type=1400 audit(0.0:6163): avc: denied { read } for comm="Binder:564_2" name="wakeup56" dev="sysfs" ino=71755 scontext=u:r:system_suspend:s0 tcontext=u:object_r:sysfs:s0 tclass=dir permissive=0
11-11 06:16:24.715 564 564 I auditd : type=1400 audit(0.0:6164): avc: denied { read } for comm="Binder:564_2" name="wakeup2" dev="sysfs" ino=46552 scontext=u:r:system_suspend:s0 tcontext=u:object_r:sysfs:s0 tclass=dir permissive=0
11-11 06:16:24.756 1514 1612 I commit_sys_config_file: [batterystats,3]
11-11 06:16:24.757 1514 1612 I commit_sys_config_file: [batterystats,0]
11-11 06:16:26.399 13 13 I auditd : type=1400 audit(0.0:6208): avc: denied { kill } for comm="rcuop/0" capability=5 scontext=u:r:kernel:s0 tcontext=u:r:kernel:s0 tclass=capability permissive=0
11-11 06:16:27.399 0 0 I auditd : type=1400 audit(0.0:6209): avc: denied { kill } for comm="swapper/2" capability=5 scontext=u:r:kernel:s0 tcontext=u:r:kernel:s0 tclass=capability permissive=0
11-11 06:16:28.399 0 0 I auditd : type=1400 audit(0.0:6210): avc: denied { kill } for comm="swapper/2" capability=5 scontext=u:r:kernel:s0 tcontext=u:r:kernel:s0 tclass=capability permissive=0
11-11 06:16:29.399 0 0 I auditd : type=1400 audit(0.0:6211): avc: denied { kill } for comm="swapper/2" capability=5 scontext=u:r:kernel:s0 tcontext=u:r:kernel:s0 tclass=capability permissive=0
11-11 06:16:30.399 0 0 I auditd : type=1400 audit(0.0:6212): avc: denied { kill } for comm="swapper/2" capability=5 scontext=u:r:kernel:s0 tcontext=u:r:kernel:s0 tclass=capability permissive=0
11-11 06:16:30.666 1514 1770 I input_interaction: Interaction with: cfe814 com.android.soundrecorder/com.android.soundrecorder.SoundRecorder (server), edge-swipe (server), swipe-up (server), PointerEventDispatcher0 (server),
11-11 06:16:30.671 1514 1595 I wm_task_moved: [107,1,6]
11-11 06:16:30.671 1514 1595 I wm_task_to_front: [0,107]
11-11 06:16:30.679 2503 2503 I wm_on_top_resumed_lost_called: [157690489,com.android.launcher3.uioverrides.QuickstepLauncher,topStateChangedWhenResumed]
11-11 06:16:30.679 1514 1595 I wm_set_resumed_activity: [0,com.android.soundrecorder/.SoundRecorder,positionChildAt]
11-11 06:16:30.679 1514 1595 I wm_focused_root_task: [0,0,107,39,setFocusedTask]
11-11 06:16:30.679 1514 1595 I wm_set_resumed_activity: [0,com.android.soundrecorder/.SoundRecorder,setFocusedTask]
11-11 06:16:30.679 1514 1595 I ActivityTaskManager: FOREGROUND_APPLICATION_CHANGED to com.android.soundrecorder.SoundRecorder
11-11 06:16:30.680 1514 1596 I input_focus: [Focus request cfe814 com.android.soundrecorder/com.android.soundrecorder.SoundRecorder,reason=UpdateInputWindows]
11-11 06:16:30.681 14152 14152 I wm_on_top_resumed_gained_called: [187645412,com.android.soundrecorder.SoundRecorder,topStateChangedWhenResumed]
11-11 06:16:30.707 1514 1770 I input_focus: [Focus leaving eea03e8 com.android.launcher3/com.android.launcher3.uioverrides.QuickstepLauncher (server),reason=setFocusedWindow]
11-11 06:16:30.707 1514 1770 I input_focus: [Focus entering cfe814 com.android.soundrecorder/com.android.soundrecorder.SoundRecorder (server),reason=setFocusedWindow]
11-11 06:16:30.771 1514 8092 I wm_finish_activity: [0,187645412,107,com.android.soundrecorder/.SoundRecorder,finish-activity]
11-11 06:16:30.771 1514 8092 I wm_task_moved: [39,1,6]
11-11 06:16:30.774 1514 8092 I wm_set_resumed_activity: [0,com.android.launcher3/.uioverrides.QuickstepLauncher,positionChildAt]
11-11 06:16:30.774 1514 8092 I wm_task_moved: [40,1,2147483647]
11-11 06:16:30.774 1514 8092 I wm_task_to_front: [0,40]
11-11 06:16:30.774 1514 8092 I wm_focused_root_task: [0,0,39,-1,finish-top adjustFocusToNextFocusableTask]
11-11 06:16:30.775 1514 8092 I wm_set_resumed_activity: [0,com.android.launcher3/.uioverrides.QuickstepLauncher,finish-top]
11-11 06:16:30.789 1514 8092 I wm_pause_activity: [0,187645412,com.android.soundrecorder/.SoundRecorder,userLeaving=false,finish]
11-11 06:16:30.797 14152 14152 I wm_on_top_resumed_lost_called: [187645412,com.android.soundrecorder.SoundRecorder,topStateChangedWhenResumed]
11-11 06:16:30.808 1514 1596 I input_focus: [Focus request eea03e8 com.android.launcher3/com.android.launcher3.uioverrides.QuickstepLauncher,reason=UpdateInputWindows]
11-11 06:16:30.809 2503 2503 I wm_on_top_resumed_gained_called: [157690489,com.android.launcher3.uioverrides.QuickstepLauncher,topStateChangedWhenResumed]
11-11 06:16:30.809 1514 1595 I sysui_multi_action: [757,803,799,window_time_0,802,25]
11-11 06:16:30.810 1514 2742 E TaskPersister: File error accessing recents directory (directory doesn't exist?).
11-11 06:16:30.816 14152 14152 I wm_on_paused_called: [187645412,com.android.soundrecorder.SoundRecorder,performPause]
11-11 06:16:30.820 1514 4820 I ActivityTaskManager: FOREGROUND_APPLICATION_CHANGED to com.android.launcher3.uioverrides.QuickstepLauncher
11-11 06:16:30.821 1514 4820 I wm_destroy_activity: [0,187645412,107,com.android.soundrecorder/.SoundRecorder,finish-imm:completePausedLocked]
11-11 06:16:30.836 1514 1595 I sysui_multi_action: [757,803,799,window_time_0,802,0]
11-11 06:16:30.840 3685 3703 W ContextImpl: Calling a method in the system process without a qualified user: android.app.ContextImpl.startService:1816 android.content.ContextWrapper.startService:774 com.thundercomm.gamemode.ingame.services.GameModeActionUtils.startGameModeService:93 com.thundercomm.gamemode.ingame.services.GameModeActionUtils.startGameModeEntry:21 com.thundercomm.gamemode.ingame.services.ActivityMonitoringService$1.onActivityLaunch:126
11-11 06:16:30.840 1514 1770 I input_focus: [Focus leaving cfe814 com.android.soundrecorder/com.android.soundrecorder.SoundRecorder (server),reason=NO_WINDOW]
11-11 06:16:30.845 1514 1770 I input_focus: [Focus entering eea03e8 com.android.launcher3/com.android.launcher3.uioverrides.QuickstepLauncher (server),reason=setFocusedWindow]
11-11 06:16:30.847 1514 1514 I GameModeConfig: Current uri is uri = content://com.thundercomm.gamemode.api/gamemode_settings/gamemode_isgaming
11-11 06:16:30.850 1514 1514 I GameModeConfig: isGameModeOn = false
11-11 06:16:30.851 1514 1514 I GameModeConfig: isGameModeOn = false
11-11 06:16:30.851 1514 1514 I GameModeConfig: isDisableVoice = true
11-11 06:16:30.855 1514 4820 W AS.AudioService: Updated cached param hdr_record_on from false to false
11-11 06:16:30.856 1514 10536 W AS.AudioService: Updated cached param hdr_audio_channel_count from 0 to 0
11-11 06:16:30.857 1514 10536 W AS.AudioService: Updated cached param hdr_audio_sampling_rate from 0 to 0
11-11 06:16:30.857 14152 14152 I wm_on_stop_called: [187645412,com.android.soundrecorder.SoundRecorder,LIFECYCLER_STOP_ACTIVITY]
11-11 06:16:30.858 14152 14152 I wm_on_destroy_called: [187645412,com.android.soundrecorder.SoundRecorder,performDestroy]
11-11 06:16:30.936 3685 3703 W ContextImpl: Calling a method in the system process without a qualified user: android.app.ContextImpl.startService:1816 android.content.ContextWrapper.startService:774 com.thundercomm.gamemode.ingame.services.GameModeActionUtils.startGameModeService:93 com.thundercomm.gamemode.ingame.services.GameModeActionUtils.startGameModeEntry:21 com.thundercomm.gamemode.ingame.services.ActivityMonitoringService$1.onActivityLaunch:126
11-11 06:16:30.942 1514 1514 I GameModeConfig: Current uri is uri = content://com.thundercomm.gamemode.api/gamemode_settings/gamemode_isgaming
11-11 06:16:30.943 1514 1514 I GameModeConfig: isGameModeOn = false
11-11 06:16:30.943 1514 1514 I GameModeConfig: isGameModeOn = false
11-11 06:16:30.943 1514 1514 I GameModeConfig: isDisableVoice = true
11-11 06:16:31.121 1514 1596 I wm_task_removed: [107,removeChild:removeChild last r=ActivityRecord{b2f3de4 u0 com.android.soundrecorder/.SoundRecorder t-1 f}} in t=Task{b8c12ee #107 type=standard A=10060:com.android.soundrecorder U=0 visible=false mode=freeform translucent=true sz=0}]
11-11 06:16:31.121 1514 1596 I wm_task_removed: [107,removeChild]
11-11 06:16:31.121 1514 1596 D FreeFormWindowHelper: Remove freefrom task=Task{b8c12ee #107 type=standard A=10060:com.android.soundrecorder U=0 visible=false mode=freeform translucent=true sz=0}
11-11 06:16:31.399 0 0 I auditd : type=1400 audit(0.0:6213): avc: denied { kill } for comm="swapper/2" capability=5 scontext=u:r:kernel:s0 tcontext=u:r:kernel:s0 tclass=capability permissive=0
11-11 06:16:32.399 0 0 I auditd : type=1400 audit(0.0:6214): avc: denied { kill } for comm="swapper/2" capability=5 scontext=u:r:kernel:s0 tcontext=u:r:kernel:s0 tclass=capability permissive=0
11-11 06:16:33.399 0 0 I auditd : type=1400 audit(0.0:6215): avc: denied { kill } for comm="swapper/2" capability=5 scontext=u:r:kernel:s0 tcontext=u:r:kernel:s0 tclass=capability permissive=0
11-11 06:16:34.128 1514 2742 E TaskPersister: File error accessing recents directory (directory doesn't exist?).
11-11 06:16:34.399 0 0 I auditd : type=1400 audit(0.0:6216): avc: denied { kill } for comm="swapper/2" capability=5 scontext=u:r:kernel:s0 tcontext=u:r:kernel:s0 tclass=capability permissive=0
11-11 06:16:35.399 0 0 I auditd : type=1400 audit(0.0:6217): avc: denied { kill } for comm="swapper/2" capability=5 scontext=u:r:kernel:s0 tcontext=u:r:kernel:s0 tclass=capability permissive=0
11-11 06:16:36.399 0 0 I auditd : type=1400 audit(0.0:6218): avc: denied { kill } for comm="swapper/2" capability=5 scontext=u:r:kernel:s0 tcontext=u:r:kernel:s0 tclass=capability permissive=0
11-11 06:16:37.322 1514 1770 I input_interaction: Interaction with: eea03e8 com.android.launcher3/com.android.launcher3.uioverrides.QuickstepLauncher (server), 8068647 com.android.systemui.ImageWallpaper (server), edge-swipe (server), swipe-up (server), PointerEventDispatcher0 (server),
11-11 06:16:37.399 0 0 I auditd : type=1400 audit(0.0:6219): avc: denied { kill } for comm="swapper/2" capability=5 scontext=u:r:kernel:s0 tcontext=u:r:kernel:s0 tclass=capability permissive=0
11-11 06:16:37.443 1514 8092 I ActivityTaskManager: START u0 {act=android.intent.action.MAIN cat=[android.intent.category.LAUNCHER] flg=0x10200000 cmp=com.android.soundrecorder/.SoundRecorder bnds=[714,196][995,444]} from uid 10079
11-11 06:16:37.449 1514 8092 I wm_task_created: [109,-1]
11-11 06:16:37.449 1514 8092 W ActivityTaskManager: Can't find TaskDisplayArea to determine support for multi window. Task id=109 attached=false
11-11 06:16:37.454 1514 8092 D CompatibilityChangeReporter: Compat change id reported: 174042980; UID 10060; state: DISABLED
11-11 06:16:37.459 1514 8092 D CompatibilityChangeReporter: Compat change id reported: 184838306; UID 10060; state: DISABLED
11-11 06:16:37.460 1514 8092 D CompatibilityChangeReporter: Compat change id reported: 185004937; UID 10060; state: DISABLED
11-11 06:16:37.461 1514 8092 D CompatibilityChangeReporter: Compat change id reported: 181136395; UID 10060; state: DISABLED
11-11 06:16:37.461 1514 8092 D CompatibilityChangeReporter: Compat change id reported: 174042936; UID 10060; state: DISABLED
11-11 06:16:37.463 1514 8092 I wm_task_moved: [109,1,6]
11-11 06:16:37.463 1514 8092 I wm_task_to_front: [0,109]
11-11 06:16:37.464 1514 8092 I wm_create_task: [0,109]
11-11 06:16:37.464 1514 8092 I wm_create_activity: [0,33901596,109,com.android.soundrecorder/.SoundRecorder,android.intent.action.MAIN,NULL,NULL,270532608]
11-11 06:16:37.464 1514 8092 I wm_task_moved: [109,1,6]
11-11 06:16:37.466 1514 8092 D CompatibilityChangeReporter: Compat change id reported: 168419799; UID 10060; state: DISABLED
11-11 06:16:37.468 1514 8092 I wm_pause_activity: [0,157690489,com.android.launcher3/.uioverrides.QuickstepLauncher,userLeaving=true,pauseBackTasks]
11-11 06:16:37.482 2503 2503 I wm_on_top_resumed_lost_called: [157690489,com.android.launcher3.uioverrides.QuickstepLauncher,topStateChangedWhenResumed]
11-11 06:16:37.484 2503 2503 I wm_on_paused_called: [157690489,com.android.launcher3.uioverrides.QuickstepLauncher,performPause]
11-11 06:16:37.486 1514 10536 I ActivityTaskManager: FOREGROUND_APPLICATION_CHANGED to com.android.soundrecorder.SoundRecorder
11-11 06:16:37.487 1514 10536 I ActivityTaskManager: The Process com.android.soundrecorder Already Exists in BG. So sending its PID: 14152
11-11 06:16:37.487 1514 10536 W ActivityTaskManager: Tried to set launchTime (0) < mLastActivityLaunchTime (5381412)
11-11 06:16:37.488 1514 10536 I wm_add_to_stopping: [0,157690489,com.android.launcher3/.uioverrides.QuickstepLauncher,makeInvisible]
11-11 06:16:37.489 1514 10536 I wm_restart_activity: [0,33901596,109,com.android.soundrecorder/.SoundRecorder]
11-11 06:16:37.491 1514 10536 I wm_set_resumed_activity: [0,com.android.soundrecorder/.SoundRecorder,minimalResumeActivityLocked]
11-11 06:16:37.503 1514 1595 I sysui_multi_action: [757,803,799,window_time_0,802,6]
11-11 06:16:37.517 3685 3703 W ContextImpl: Calling a method in the system process without a qualified user: android.app.ContextImpl.startService:1816 android.content.ContextWrapper.startService:774 com.thundercomm.gamemode.ingame.services.GameModeActionUtils.startGameModeService:93 com.thundercomm.gamemode.ingame.services.GameModeActionUtils.startGameModeEntry:21 com.thundercomm.gamemode.ingame.services.ActivityMonitoringService$1.onActivityLaunch:126
11-11 06:16:37.521 1514 1770 I input_focus: [Focus leaving eea03e8 com.android.launcher3/com.android.launcher3.uioverrides.QuickstepLauncher (server),reason=NO_WINDOW]
11-11 06:16:37.521 1514 1612 I am_pss : [14181,10094,com.android.permissioncontroller,20048896,14381056,0,126353408,0,19,6]
11-11 06:16:37.526 1514 1514 I GameModeConfig: Current uri is uri = content://com.thundercomm.gamemode.api/gamemode_settings/gamemode_isgaming
11-11 06:16:37.531 1514 1612 I am_pss : [14110,10086,com.android.music,7720960,5783552,0,91095040,0,19,6]
11-11 06:16:37.531 1514 1514 I GameModeConfig: isGameModeOn = false
11-11 06:16:37.532 1514 1514 I GameModeConfig: isGameModeOn = false
11-11 06:16:37.532 1514 1514 I GameModeConfig: isDisableVoice = true
11-11 06:16:37.534 14152 14152 I wm_on_create_called: [33901596,com.android.soundrecorder.SoundRecorder,performCreate]
11-11 06:16:37.534 14152 14152 I wm_on_start_called: [33901596,com.android.soundrecorder.SoundRecorder,handleStartActivity]
11-11 06:16:37.534 14152 14152 I wm_on_resume_called: [33901596,com.android.soundrecorder.SoundRecorder,RESUME_ACTIVITY]
11-11 06:16:37.539 14152 14152 I wm_on_top_resumed_gained_called: [33901596,com.android.soundrecorder.SoundRecorder,topStateChangedWhenResumed]
11-11 06:16:37.545 1514 1596 I input_focus: [Focus request f1b8e76 com.android.soundrecorder/com.android.soundrecorder.SoundRecorder,reason=UpdateInputWindows]
11-11 06:16:37.559 1514 1592 I sysui_multi_action: [319,83,321,80,322,110,325,5412,757,761,758,8,759,1,806,com.android.soundrecorder,871,com.android.soundrecorder.SoundRecorder,904,com.android.launcher3,905,0,1320,4,1321,1]
11-11 06:16:37.560 1514 1592 I wm_activity_launch_time: [0,33901596,com.android.soundrecorder/.SoundRecorder,110]
11-11 06:16:37.571 1514 1770 I input_focus: [Focus entering f1b8e76 com.android.soundrecorder/com.android.soundrecorder.SoundRecorder (server),reason=Window became focusable. Previous reason: NOT_VISIBLE]
11-11 06:16:37.600 3685 3703 W ContextImpl: Calling a method in the system process without a qualified user: android.app.ContextImpl.startService:1816 android.content.ContextWrapper.startService:774 com.thundercomm.gamemode.ingame.services.GameModeActionUtils.startGameModeService:93 com.thundercomm.gamemode.ingame.services.GameModeActionUtils.startGameModeEntry:21 com.thundercomm.gamemode.ingame.services.ActivityMonitoringService$1.onActivityLaunch:126
11-11 06:16:37.604 1514 1514 I GameModeConfig: Current uri is uri = content://com.thundercomm.gamemode.api/gamemode_settings/gamemode_isgaming
11-11 06:16:37.606 1514 1514 I GameModeConfig: isGameModeOn = false
11-11 06:16:37.607 1514 1514 I GameModeConfig: isGameModeOn = false
11-11 06:16:37.607 1514 1514 I GameModeConfig: isDisableVoice = true
11-11 06:16:38.069 1514 1595 I wm_stop_activity: [0,157690489,com.android.launcher3/.uioverrides.QuickstepLauncher]
11-11 06:16:38.113 2503 2503 I wm_on_stop_called: [157690489,com.android.launcher3.uioverrides.QuickstepLauncher,STOP_ACTIVITY_ITEM]
11-11 06:16:38.137 3685 3703 W ContextImpl: Calling a method in the system process without a qualified user: android.app.ContextImpl.startService:1816 android.content.ContextWrapper.startService:774 com.thundercomm.gamemode.ingame.services.GameModeActionUtils.startGameModeService:93 com.thundercomm.gamemode.ingame.services.GameModeActionUtils.startGameModeEntry:21 com.thundercomm.gamemode.ingame.services.ActivityMonitoringService$1.onActivityLaunch:126
11-11 06:16:38.146 1514 1514 I GameModeConfig: Current uri is uri = content://com.thundercomm.gamemode.api/gamemode_settings/gamemode_isgaming
11-11 06:16:38.147 1514 1514 I GameModeConfig: isGameModeOn = false
11-11 06:16:38.147 1514 1514 I GameModeConfig: isGameModeOn = false
11-11 06:16:38.147 1514 1514 I GameModeConfig: isDisableVoice = true
11-11 06:16:38.817 1514 1770 I input_interaction: Interaction with: f1b8e76 com.android.soundrecorder/com.android.soundrecorder.SoundRecorder (server), edge-swipe (server), swipe-up (server), PointerEventDispatcher0 (server),
11-11 06:16:38.834 1514 8092 I wm_task_moved: [39,0,0]
11-11 06:16:38.836 1514 8092 I wm_task_moved: [39,0,5]
11-11 06:16:38.840 2503 2503 I wm_on_restart_called: [157690489,com.android.launcher3.uioverrides.QuickstepLauncher,performRestartActivity]
11-11 06:16:38.857 3685 3703 W ContextImpl: Calling a method in the system process without a qualified user: android.app.ContextImpl.startService:1816 android.content.ContextWrapper.startService:774 com.thundercomm.gamemode.ingame.services.GameModeActionUtils.startGameModeService:93 com.thundercomm.gamemode.ingame.services.GameModeActionUtils.startGameModeEntry:21 com.thundercomm.gamemode.ingame.services.ActivityMonitoringService$1.onActivityLaunch:126
11-11 06:16:38.861 1514 1514 I GameModeConfig: Current uri is uri = content://com.thundercomm.gamemode.api/gamemode_settings/gamemode_isgaming
11-11 06:16:38.864 1514 1514 I GameModeConfig: isGameModeOn = false
11-11 06:16:38.864 1514 1514 I GameModeConfig: isGameModeOn = false
11-11 06:16:38.864 1514 1514 I GameModeConfig: isDisableVoice = true
11-11 06:16:38.875 2503 2503 I wm_on_start_called: [157690489,com.android.launcher3.uioverrides.QuickstepLauncher,handleStartActivity]
11-11 06:16:38.897 1514 1592 I sysui_multi_action: [319,10,322,57,325,5414,757,761,758,9,759,5,806,com.android.launcher3,871,com.android.launcher3.uioverrides.QuickstepLauncher,904,com.android.launcher3,905,0,1320,8,1321,5]
11-11 06:16:38.917 14152 14152 I view_enqueue_input_event: [Motion - Cancel,com.android.soundrecorder/com.android.soundrecorder.SoundRecorder]
11-11 06:16:38.919 2503 2503 I sysui_latency: [1,69]
11-11 06:16:38.920 1514 1770 I input_interaction: Interaction with: edge-swipe (server), swipe-up (server), PointerEventDispatcher0 (server),
11-11 06:16:38.929 1514 1596 I input_focus: [Focus request recents_animation_input_consumer,reason=UpdateInputWindows]
11-11 06:16:38.958 1514 1770 I input_focus: [Focus leaving f1b8e76 com.android.soundrecorder/com.android.soundrecorder.SoundRecorder (server),reason=NOT_FOCUSABLE]
11-11 06:16:38.958 1514 1770 I input_focus: [Focus entering recents_animation_input_consumer (server),reason=setFocusedWindow]
11-11 06:16:39.089 1514 1715 I commit_sys_config_file: [settings-1-0,14]
11-11 06:16:39.194 1514 1612 I sysui_latency: [8,69]
11-11 06:16:39.639 1514 8092 I wm_task_moved: [39,1,6]
11-11 06:16:39.642 1514 8092 I wm_task_moved: [40,1,2147483647]
11-11 06:16:39.642 1514 8092 I wm_task_to_front: [0,40]
11-11 06:16:39.642 14152 14152 I wm_on_top_resumed_lost_called: [33901596,com.android.soundrecorder.SoundRecorder,topStateChangedWhenResumed]
11-11 06:16:39.642 1514 8092 I wm_focused_root_task: [0,0,39,109,RecentsAnimation.onAnimationFinished()]
11-11 06:16:39.642 1514 8092 I wm_set_resumed_activity: [0,com.android.launcher3/.uioverrides.QuickstepLauncher,RecentsAnimation.onAnimationFinished()]
11-11 06:16:39.648 1514 8092 I wm_pause_activity: [0,33901596,com.android.soundrecorder/.SoundRecorder,userLeaving=true,pauseBackTasks]
11-11 06:16:39.649 1514 8092 I wm_add_to_stopping: [0,33901596,com.android.soundrecorder/.SoundRecorder,makeInvisible]
11-11 06:16:39.650 1514 8092 I ActivityTaskManager: FOREGROUND_APPLICATION_CHANGED to com.android.launcher3.uioverrides.QuickstepLauncher
11-11 06:16:39.650 1514 8092 I wm_set_resumed_activity: [0,com.android.launcher3/.uioverrides.QuickstepLauncher,resumeTopActivityInnerLocked]
11-11 06:16:39.653 1514 8092 I wm_resume_activity: [0,157690489,40,com.android.launcher3/.uioverrides.QuickstepLauncher]
11-11 06:16:39.653 2503 2503 I wm_on_resume_called: [157690489,com.android.launcher3.uioverrides.QuickstepLauncher,RESUME_ACTIVITY]
11-11 06:16:39.659 1514 1596 I input_focus: [Focus request eea03e8 com.android.launcher3/com.android.launcher3.uioverrides.QuickstepLauncher,reason=UpdateInputWindows]
11-11 06:16:39.664 1514 6729 I wm_stop_activity: [0,33901596,com.android.soundrecorder/.SoundRecorder]
11-11 06:16:39.664 1514 1595 I sysui_multi_action: [757,803,799,window_time_0,802,3]
11-11 06:16:39.666 1514 1595 I sysui_multi_action: [757,803,799,window_time_0,802,0]
11-11 06:16:39.667 14152 14152 I wm_on_paused_called: [33901596,com.android.soundrecorder.SoundRecorder,performPause]
11-11 06:16:39.668 2503 2503 I wm_on_top_resumed_gained_called: [157690489,com.android.launcher3.uioverrides.QuickstepLauncher,topStateChangedWhenResumed]
11-11 06:16:39.673 1514 6729 W AS.AudioService: Updated cached param hdr_record_on from false to false
11-11 06:16:39.674 1514 6729 W AS.AudioService: Updated cached param hdr_audio_channel_count from 0 to 0
11-11 06:16:39.675 1514 6729 W AS.AudioService: Updated cached param hdr_audio_sampling_rate from 0 to 0
11-11 06:16:39.675 14152 14152 I wm_on_stop_called: [33901596,com.android.soundrecorder.SoundRecorder,STOP_ACTIVITY_ITEM]
11-11 06:16:39.677 1514 1770 I input_focus: [Focus leaving recents_animation_input_consumer (server),reason=NOT_VISIBLE]
11-11 06:16:39.677 1514 1770 I input_focus: [Focus entering eea03e8 com.android.launcher3/com.android.launcher3.uioverrides.QuickstepLauncher (server),reason=setFocusedWindow]
11-11 06:16:39.691 3685 3703 W ContextImpl: Calling a method in the system process without a qualified user: android.app.ContextImpl.startService:1816 android.content.ContextWrapper.startService:774 com.thundercomm.gamemode.ingame.services.GameModeActionUtils.startGameModeService:93 com.thundercomm.gamemode.ingame.services.GameModeActionUtils.startGameModeEntry:21 com.thundercomm.gamemode.ingame.services.ActivityMonitoringService$1.onActivityLaunch:126
11-11 06:16:39.697 1514 1514 I GameModeConfig: Current uri is uri = content://com.thundercomm.gamemode.api/gamemode_settings/gamemode_isgaming
11-11 06:16:39.705 1514 1514 I GameModeConfig: isGameModeOn = false
11-11 06:16:39.706 1514 1514 I GameModeConfig: isGameModeOn = false
11-11 06:16:39.706 1514 1514 I GameModeConfig: isDisableVoice = true
11-11 06:16:39.768 3685 3703 W ContextImpl: Calling a method in the system process without a qualified user: android.app.ContextImpl.startService:1816 android.content.ContextWrapper.startService:774 com.thundercomm.gamemode.ingame.services.GameModeActionUtils.startGameModeService:93 com.thundercomm.gamemode.ingame.services.GameModeActionUtils.startGameModeEntry:21 com.thundercomm.gamemode.ingame.services.ActivityMonitoringService$1.onActivityLaunch:126
11-11 06:16:39.774 1514 1514 I GameModeConfig: Current uri is uri = content://com.thundercomm.gamemode.api/gamemode_settings/gamemode_isgaming
11-11 06:16:39.776 1514 1514 I GameModeConfig: isGameModeOn = false
11-11 06:16:39.777 1514 1514 I GameModeConfig: isGameModeOn = false
11-11 06:16:39.777 1514 1514 I GameModeConfig: isDisableVoice = true
11-11 06:16:40.410 1514 1770 I input_interaction: Interaction with: eea03e8 com.android.launcher3/com.android.launcher3.uioverrides.QuickstepLauncher (server), 8068647 com.android.systemui.ImageWallpaper (server), edge-swipe (server), swipe-up (server), PointerEventDispatcher0 (server),
11-11 06:16:40.478 1514 2742 E TaskPersister: File error accessing recents directory (directory doesn't exist?).
11-11 06:16:40.593 2503 2503 I view_enqueue_input_event: [Motion - Cancel,com.android.launcher3/com.android.launcher3.uioverrides.QuickstepLauncher]
11-11 06:16:40.603 1514 1770 I input_interaction: Interaction with: edge-swipe (server), swipe-up (server), PointerEventDispatcher0 (server),
11-11 06:16:40.765 1514 1715 I commit_sys_config_file: [settings-1-0,5]
11-11 06:16:41.106 1514 1715 I commit_sys_config_file: [settings-1-0,9]
11-11 06:16:42.070 1514 1770 I input_interaction: Interaction with: eea03e8 com.android.launcher3/com.android.launcher3.uioverrides.QuickstepLauncher (server), 8068647 com.android.systemui.ImageWallpaper (server), edge-swipe (server), swipe-up (server), PointerEventDispatcher0 (server),
11-11 06:16:42.194 1514 10536 I ActivityTaskManager: START u0 {flg=0x10008000 cmp=com.android.soundrecorder/.SoundRecorder} from uid 10079
11-11 06:16:42.197 1514 10536 I wm_task_moved: [109,1,6]
11-11 06:16:42.197 1514 10536 I wm_task_to_front: [0,109]
11-11 06:16:42.198 1514 10536 I wm_focused_root_task: [0,0,109,39,bringingFoundTaskToFront]
11-11 06:16:42.199 1514 10536 I wm_set_resumed_activity: [0,com.android.soundrecorder/.SoundRecorder,bringingFoundTaskToFront]
11-11 06:16:42.202 1514 10536 D FreeFormWindowHelper: Add freeform task=Task{233a7c6 #109 type=standard A=10060:com.android.soundrecorder U=0 visible=true mode=freeform translucent=true sz=1}
11-11 06:16:42.203 1514 10536 I ActivityTaskManager: FOREGROUND_APPLICATION_CHANGED to com.android.soundrecorder.SoundRecorder
11-11 06:16:42.204 1514 10536 I wm_set_resumed_activity: [0,com.android.soundrecorder/.SoundRecorder,resumeTopActivityInnerLocked]
11-11 06:16:42.206 1514 10536 I wm_resume_activity: [0,33901596,109,com.android.soundrecorder/.SoundRecorder]
11-11 06:16:42.208 1514 10536 I wm_finish_activity: [0,33901596,109,com.android.soundrecorder/.SoundRecorder,clear-task-all]
11-11 06:16:42.208 1514 10536 I wm_pause_activity: [0,33901596,com.android.soundrecorder/.SoundRecorder,userLeaving=false,finish]
11-11 06:16:42.211 14152 14152 I wm_on_restart_called: [33901596,com.android.soundrecorder.SoundRecorder,performRestartActivity]
11-11 06:16:42.211 14152 14152 I wm_on_start_called: [33901596,com.android.soundrecorder.SoundRecorder,handleStartActivity]
11-11 06:16:42.211 1514 10536 I wm_task_moved: [109,1,6]
11-11 06:16:42.212 1514 10536 I wm_create_activity: [0,106653802,109,com.android.soundrecorder/.SoundRecorder,NULL,NULL,NULL,272662528]
11-11 06:16:42.212 14152 14152 I wm_on_resume_called: [33901596,com.android.soundrecorder.SoundRecorder,RESUME_ACTIVITY]
11-11 06:16:42.214 14152 14152 I wm_on_paused_called: [33901596,com.android.soundrecorder.SoundRecorder,performPause]
11-11 06:16:42.215 1514 4820 I wm_add_to_stopping: [0,33901596,com.android.soundrecorder/.SoundRecorder,completeFinishing]
11-11 06:16:42.216 1514 4820 I ActivityTaskManager: The Process com.android.soundrecorder Already Exists in BG. So sending its PID: 14152
11-11 06:16:42.216 1514 4820 W ActivityTaskManager: Tried to set launchTime (0) < mLastActivityLaunchTime (5412903)
11-11 06:16:42.217 1514 4820 I wm_restart_activity: [0,106653802,109,com.android.soundrecorder/.SoundRecorder]
11-11 06:16:42.219 2503 2503 I wm_on_top_resumed_lost_called: [157690489,com.android.launcher3.uioverrides.QuickstepLauncher,topStateChangedWhenResumed]
11-11 06:16:42.222 1514 4820 I wm_set_resumed_activity: [0,com.android.soundrecorder/.SoundRecorder,minimalResumeActivityLocked]
11-11 06:16:42.236 3685 3703 W ContextImpl: Calling a method in the system process without a qualified user: android.app.ContextImpl.startService:1816 android.content.ContextWrapper.startService:774 com.thundercomm.gamemode.ingame.services.GameModeActionUtils.startGameModeService:93 com.thundercomm.gamemode.ingame.services.GameModeActionUtils.startGameModeEntry:21 com.thundercomm.gamemode.ingame.services.ActivityMonitoringService$1.onActivityLaunch:126
11-11 06:16:42.237 1514 1595 I sysui_multi_action: [757,803,799,window_time_0,802,2]
11-11 06:16:42.241 1514 1514 I GameModeConfig: Current uri is uri = content://com.thundercomm.gamemode.api/gamemode_settings/gamemode_isgaming
11-11 06:16:42.243 1514 1514 I GameModeConfig: isGameModeOn = false
11-11 06:16:42.243 1514 1514 I GameModeConfig: isGameModeOn = false
11-11 06:16:42.243 1514 1514 I GameModeConfig: isDisableVoice = true
11-11 06:16:42.272 14152 14152 I wm_on_create_called: [106653802,com.android.soundrecorder.SoundRecorder,performCreate]
11-11 06:16:42.272 14152 14152 I wm_on_start_called: [106653802,com.android.soundrecorder.SoundRecorder,handleStartActivity]
11-11 06:16:42.275 14152 14152 I wm_on_resume_called: [106653802,com.android.soundrecorder.SoundRecorder,RESUME_ACTIVITY]
11-11 06:16:42.277 14152 14152 I wm_on_top_resumed_gained_called: [106653802,com.android.soundrecorder.SoundRecorder,topStateChangedWhenResumed]
11-11 06:16:42.292 1514 1596 I input_focus: [Focus request 144072f com.android.soundrecorder/com.android.soundrecorder.SoundRecorder,reason=UpdateInputWindows]
11-11 06:16:42.303 1514 1592 I wm_activity_launch_time: [0,106653802,com.android.soundrecorder/.SoundRecorder,107]
11-11 06:16:42.322 1514 1770 I input_focus: [Focus leaving eea03e8 com.android.launcher3/com.android.launcher3.uioverrides.QuickstepLauncher (server),reason=setFocusedWindow]
11-11 06:16:42.323 1514 1770 I input_focus: [Focus entering 144072f com.android.soundrecorder/com.android.soundrecorder.SoundRecorder (server),reason=setFocusedWindow]
11-11 06:16:42.335 3685 3703 W ContextImpl: Calling a method in the system process without a qualified user: android.app.ContextImpl.startService:1816 android.content.ContextWrapper.startService:774 com.thundercomm.gamemode.ingame.services.GameModeActionUtils.startGameModeService:93 com.thundercomm.gamemode.ingame.services.GameModeActionUtils.startGameModeEntry:21 com.thundercomm.gamemode.ingame.services.ActivityMonitoringService$1.onActivityLaunch:126
11-11 06:16:42.341 1514 1514 I GameModeConfig: Current uri is uri = content://com.thundercomm.gamemode.api/gamemode_settings/gamemode_isgaming
11-11 06:16:42.343 1514 1514 I GameModeConfig: isGameModeOn = false
11-11 06:16:42.343 1514 1514 I GameModeConfig: isGameModeOn = false
11-11 06:16:42.343 1514 1514 I GameModeConfig: isDisableVoice = true
11-11 06:16:42.399 0 0 I auditd : type=1400 audit(0.0:6220): avc: denied { kill } for comm="swapper/1" capability=5 scontext=u:r:kernel:s0 tcontext=u:r:kernel:s0 tclass=capability permissive=0
11-11 06:16:42.586 1514 1595 I wm_destroy_activity: [0,33901596,109,com.android.soundrecorder/.SoundRecorder,finish-imm:idle]
11-11 06:16:42.589 1514 4820 W AS.AudioService: Updated cached param hdr_record_on from false to false
11-11 06:16:42.590 1514 4820 W AS.AudioService: Updated cached param hdr_audio_channel_count from 0 to 0
11-11 06:16:42.592 1514 4820 W AS.AudioService: Updated cached param hdr_audio_sampling_rate from 0 to 0
11-11 06:16:42.592 14152 14152 I wm_on_stop_called: [33901596,com.android.soundrecorder.SoundRecorder,LIFECYCLER_STOP_ACTIVITY]
11-11 06:16:42.594 14152 14152 I wm_on_destroy_called: [33901596,com.android.soundrecorder.SoundRecorder,performDestroy]
11-11 06:16:43.399 0 0 I auditd : type=1400 audit(0.0:6221): avc: denied { kill } for comm="swapper/1" capability=5 scontext=u:r:kernel:s0 tcontext=u:r:kernel:s0 tclass=capability permissive=0
11-11 06:16:43.854 1514 1770 I input_interaction: Interaction with: 144072f com.android.soundrecorder/com.android.soundrecorder.SoundRecorder (server), edge-swipe (server), swipe-up (server), PointerEventDispatcher0 (server),
11-11 06:16:43.939 1514 10536 I wm_finish_activity: [0,106653802,109,com.android.soundrecorder/.SoundRecorder,finish-activity]
11-11 06:16:43.940 1514 10536 I wm_task_moved: [39,1,6]
11-11 06:16:43.943 1514 10536 I wm_set_resumed_activity: [0,com.android.launcher3/.uioverrides.QuickstepLauncher,positionChildAt]
11-11 06:16:43.943 1514 10536 I wm_task_moved: [40,1,2147483647]
11-11 06:16:43.943 1514 10536 I wm_task_to_front: [0,40]
11-11 06:16:43.943 1514 10536 I wm_focused_root_task: [0,0,39,-1,finish-top adjustFocusToNextFocusableTask]
11-11 06:16:43.943 1514 10536 I wm_set_resumed_activity: [0,com.android.launcher3/.uioverrides.QuickstepLauncher,finish-top]
11-11 06:16:43.954 1514 10536 I wm_pause_activity: [0,106653802,com.android.soundrecorder/.SoundRecorder,userLeaving=false,finish]
11-11 06:16:43.959 14152 14152 I wm_on_top_resumed_lost_called: [106653802,com.android.soundrecorder.SoundRecorder,topStateChangedWhenResumed]
11-11 06:16:43.961 1514 1596 I input_focus: [Focus request eea03e8 com.android.launcher3/com.android.launcher3.uioverrides.QuickstepLauncher,reason=UpdateInputWindows]
11-11 06:16:43.961 2503 2503 I wm_on_top_resumed_gained_called: [157690489,com.android.launcher3.uioverrides.QuickstepLauncher,topStateChangedWhenResumed]
11-11 06:16:43.966 14152 14152 I wm_on_paused_called: [106653802,com.android.soundrecorder.SoundRecorder,performPause]
11-11 06:16:43.967 1514 1595 I sysui_multi_action: [757,803,799,window_time_2,802,2]
11-11 06:16:43.968 1514 10536 I ActivityTaskManager: FOREGROUND_APPLICATION_CHANGED to com.android.launcher3.uioverrides.QuickstepLauncher
11-11 06:16:43.968 1514 10536 I wm_destroy_activity: [0,106653802,109,com.android.soundrecorder/.SoundRecorder,finish-imm:completePausedLocked]
11-11 06:16:43.986 1514 1595 I sysui_multi_action: [757,803,799,window_time_0,802,0]
11-11 06:16:43.988 3685 3703 W ContextImpl: Calling a method in the system process without a qualified user: android.app.ContextImpl.startService:1816 android.content.ContextWrapper.startService:774 com.thundercomm.gamemode.ingame.services.GameModeActionUtils.startGameModeService:93 com.thundercomm.gamemode.ingame.services.GameModeActionUtils.startGameModeEntry:21 com.thundercomm.gamemode.ingame.services.ActivityMonitoringService$1.onActivityLaunch:126
11-11 06:16:43.990 1514 1770 I input_focus: [Focus leaving 144072f com.android.soundrecorder/com.android.soundrecorder.SoundRecorder (server),reason=NO_WINDOW]
11-11 06:16:43.994 1514 1770 I input_focus: [Focus entering eea03e8 com.android.launcher3/com.android.launcher3.uioverrides.QuickstepLauncher (server),reason=setFocusedWindow]
11-11 06:16:43.996 1514 1514 I GameModeConfig: Current uri is uri = content://com.thundercomm.gamemode.api/gamemode_settings/gamemode_isgaming
11-11 06:16:43.996 1514 10536 W AS.AudioService: Updated cached param hdr_record_on from false to false
11-11 06:16:43.998 1514 1514 I GameModeConfig: isGameModeOn = false
11-11 06:16:43.998 1514 1514 I GameModeConfig: isGameModeOn = false
11-11 06:16:43.998 1514 1514 I GameModeConfig: isDisableVoice = true
11-11 06:16:44.000 1514 1539 W AS.AudioService: Updated cached param hdr_audio_channel_count from 0 to 0
11-11 06:16:44.006 1514 2742 E TaskPersister: File error accessing recents directory (directory doesn't exist?).
11-11 06:16:44.006 1514 8092 W AS.AudioService: Updated cached param hdr_audio_sampling_rate from 0 to 0
11-11 06:16:44.006 14152 14152 I wm_on_stop_called: [106653802,com.android.soundrecorder.SoundRecorder,LIFECYCLER_STOP_ACTIVITY]
11-11 06:16:44.008 14152 14152 I wm_on_destroy_called: [106653802,com.android.soundrecorder.SoundRecorder,performDestroy]
11-11 06:16:44.075 3685 3703 W ContextImpl: Calling a method in the system process without a qualified user: android.app.ContextImpl.startService:1816 android.content.ContextWrapper.startService:774 com.thundercomm.gamemode.ingame.services.GameModeActionUtils.startGameModeService:93 com.thundercomm.gamemode.ingame.services.GameModeActionUtils.startGameModeEntry:21 com.thundercomm.gamemode.ingame.services.ActivityMonitoringService$1.onActivityLaunch:126
11-11 06:16:44.080 1514 1514 I GameModeConfig: Current uri is uri = content://com.thundercomm.gamemode.api/gamemode_settings/gamemode_isgaming
11-11 06:16:44.083 1514 1514 I GameModeConfig: isGameModeOn = false
11-11 06:16:44.083 1514 1514 I GameModeConfig: isGameModeOn = false
11-11 06:16:44.083 1514 1514 I GameModeConfig: isDisableVoice = true
11-11 06:16:44.270 1514 1596 I wm_task_removed: [109,removeChild:removeChild last r=ActivityRecord{65b686a u0 com.android.soundrecorder/.SoundRecorder t-1 f}} in t=Task{233a7c6 #109 type=standard A=10060:com.android.soundrecorder U=0 visible=false mode=freeform translucent=true sz=0}]
11-11 06:16:44.270 1514 1596 I wm_task_removed: [109,removeChild]
11-11 06:16:44.270 1514 1770 I input_interaction: Interaction with: eea03e8 com.android.launcher3/com.android.launcher3.uioverrides.QuickstepLauncher (server), 8068647 com.android.systemui.ImageWallpaper (server), edge-swipe (server), swipe-up (server), PointerEventDispatcher0 (server),
11-11 06:16:44.270 1514 1596 D FreeFormWindowHelper: Remove freefrom task=Task{233a7c6 #109 type=standard A=10060:com.android.soundrecorder U=0 visible=false mode=freeform translucent=true sz=0}
11-11 06:16:44.376 1514 8092 I ActivityTaskManager: START u0 {act=android.intent.action.MAIN cat=[android.intent.category.LAUNCHER] flg=0x10200000 cmp=com.android.soundrecorder/.SoundRecorder bnds=[714,196][995,444]} from uid 10079
11-11 06:16:44.379 1514 8092 I wm_task_created: [110,-1]
11-11 06:16:44.379 1514 8092 W ActivityTaskManager: Can't find TaskDisplayArea to determine support for multi window. Task id=110 attached=false
