11-11 05:27:19.360 3685 3703 W ContextImpl: Calling a method in the system process without a qualified user: android.app.ContextImpl.startService:1816 android.content.ContextWrapper.startService:774 com.thundercomm.gamemode.ingame.services.GameModeActionUtils.startGameModeService:93 com.thundercomm.gamemode.ingame.services.GameModeActionUtils.startGameModeEntry:21 com.thundercomm.gamemode.ingame.services.ActivityMonitoringService$1.onActivityLaunch:126
11-11 05:27:19.366 1514 1514 I GameModeConfig: Current uri is uri = content://com.thundercomm.gamemode.api/gamemode_settings/gamemode_isgaming
11-11 05:27:19.371 1514 1514 I GameModeConfig: isGameModeOn = false
11-11 05:27:19.371 1514 1514 I GameModeConfig: isGameModeOn = false
11-11 05:27:19.371 1514 1514 I GameModeConfig: isDisableVoice = true
11-11 05:27:19.377 1514 1901 I GameModeConfig: isGameModeOn = false
11-11 05:27:19.377 1514 1901 I GameModeConfig: isGameModeOn = false
11-11 05:27:19.377 1514 1901 I GameModeConfig: isGameModeOn = false
11-11 05:27:19.377 1514 1901 I GameModeConfig: isGameModeOn = false
11-11 05:27:19.424 3685 3703 W ContextImpl: Calling a method in the system process without a qualified user: android.app.ContextImpl.startService:1816 android.content.ContextWrapper.startService:774 com.thundercomm.gamemode.ingame.services.GameModeActionUtils.startGameModeService:93 com.thundercomm.gamemode.ingame.services.GameModeActionUtils.startGameModeEntry:21 com.thundercomm.gamemode.ingame.services.ActivityMonitoringService$1.onActivityLaunch:126
11-11 05:27:19.428 1514 1514 I GameModeConfig: Current uri is uri = content://com.thundercomm.gamemode.api/gamemode_settings/gamemode_isgaming
11-11 05:27:19.433 1514 1514 I GameModeConfig: isGameModeOn = false
11-11 05:27:19.434 1514 1514 I GameModeConfig: isGameModeOn = false
11-11 05:27:19.434 1514 1514 I GameModeConfig: isDisableVoice = true
11-11 05:27:19.585 1514 1514 I GameModeConfig: isGameModeOn = false
11-11 05:27:19.588 1514 1514 W NotificationHistory: Attempted to add notif for locked/gone/disabled user 0
11-11 05:27:19.964 3685 3703 W ContextImpl: Calling a method in the system process without a qualified user: android.app.ContextImpl.startService:1816 android.content.ContextWrapper.startService:774 com.thundercomm.gamemode.ingame.services.GameModeActionUtils.startGameModeService:93 com.thundercomm.gamemode.ingame.services.GameModeActionUtils.startGameModeEntry:21 com.thundercomm.gamemode.ingame.services.ActivityMonitoringService$1.onActivityLaunch:126
11-11 05:27:19.971 1514 1514 I GameModeConfig: Current uri is uri = content://com.thundercomm.gamemode.api/gamemode_settings/gamemode_isgaming
11-11 05:27:19.973 1514 1514 I GameModeConfig: isGameModeOn = false
11-11 05:27:19.973 1514 1514 I GameModeConfig: isGameModeOn = false
11-11 05:27:19.973 1514 1514 I GameModeConfig: isDisableVoice = true
11-11 05:27:21.282 1514 10321 I ActivityTaskManager: START u0 {act=android.intent.action.VIEW dat=content://media/external/video/media/20 typ=video/* cmp=com.android.gallery3d/.app.MovieActivity (has extras)} from uid 10068
11-11 05:27:21.331 1514 2119 I ActivityTaskManager: FOREGROUND_APPLICATION_CHANGED to com.android.gallery3d.app.MovieActivity
11-11 05:27:21.331 1514 2119 I ActivityTaskManager: The Process com.android.gallery3d Already Exists in BG. So sending its PID: 10670
11-11 05:27:21.332 1514 2119 W ActivityTaskManager: Tried to set launchTime (0) < mLastActivityLaunchTime (2454731)
11-11 05:27:21.381 1514 10321 W WindowManager: Failed looking up window session=Session{6a44e16 10670:u0a10068} callers=com.android.server.wm.WindowManagerService.windowForClientLocked:5628 com.android.server.wm.Session.insetsModified:629 android.view.IWindowSession$Stub.onTransact:1151
11-11 05:27:21.453 3685 3703 W ContextImpl: Calling a method in the system process without a qualified user: android.app.ContextImpl.startService:1816 android.content.ContextWrapper.startService:774 com.thundercomm.gamemode.ingame.services.GameModeActionUtils.startGameModeService:93 com.thundercomm.gamemode.ingame.services.GameModeActionUtils.startGameModeEntry:21 com.thundercomm.gamemode.ingame.services.ActivityMonitoringService$1.onActivityLaunch:126
11-11 05:27:21.464 1514 1514 I GameModeConfig: Current uri is uri = content://com.thundercomm.gamemode.api/gamemode_settings/gamemode_isgaming
11-11 05:27:21.466 1514 1514 I GameModeConfig: isGameModeOn = false
11-11 05:27:21.466 1514 1514 I GameModeConfig: isGameModeOn = false
11-11 05:27:21.466 1514 1514 I GameModeConfig: isDisableVoice = true
11-11 05:27:22.819 1514 2742 E TaskPersister: File error accessing recents directory (directory doesn't exist?).
11-11 05:27:24.740 3685 3703 W ContextImpl: Calling a method in the system process without a qualified user: android.app.ContextImpl.startService:1816 android.content.ContextWrapper.startService:774 com.thundercomm.gamemode.ingame.services.GameModeActionUtils.startGameModeService:93 com.thundercomm.gamemode.ingame.services.GameModeActionUtils.startGameModeEntry:21 com.thundercomm.gamemode.ingame.services.ActivityMonitoringService$1.onActivityLaunch:126
11-11 05:27:24.746 1514 1514 I GameModeConfig: Current uri is uri = content://com.thundercomm.gamemode.api/gamemode_settings/gamemode_isgaming
11-11 05:27:24.753 1514 1514 I GameModeConfig: isGameModeOn = false
11-11 05:27:24.757 1514 1514 I GameModeConfig: isGameModeOn = false
11-11 05:27:24.757 1514 1514 I GameModeConfig: isDisableVoice = true
11-11 05:27:26.233 1514 10321 I ActivityTaskManager: FOREGROUND_APPLICATION_CHANGED to com.android.launcher3.uioverrides.QuickstepLauncher
11-11 05:27:26.364 3685 3703 W ContextImpl: Calling a method in the system process without a qualified user: android.app.ContextImpl.startService:1816 android.content.ContextWrapper.startService:774 com.thundercomm.gamemode.ingame.services.GameModeActionUtils.startGameModeService:93 com.thundercomm.gamemode.ingame.services.GameModeActionUtils.startGameModeEntry:21 com.thundercomm.gamemode.ingame.services.ActivityMonitoringService$1.onActivityLaunch:126
11-11 05:27:26.376 1514 1514 I GameModeConfig: Current uri is uri = content://com.thundercomm.gamemode.api/gamemode_settings/gamemode_isgaming
11-11 05:27:26.391 1514 1514 I GameModeConfig: isGameModeOn = false
11-11 05:27:26.392 1514 1514 I GameModeConfig: isGameModeOn = false
11-11 05:27:26.392 1514 1514 I GameModeConfig: isDisableVoice = true
11-11 05:27:26.425 3685 3703 W ContextImpl: Calling a method in the system process without a qualified user: android.app.ContextImpl.startService:1816 android.content.ContextWrapper.startService:774 com.thundercomm.gamemode.ingame.services.GameModeActionUtils.startGameModeService:93 com.thundercomm.gamemode.ingame.services.GameModeActionUtils.startGameModeEntry:21 com.thundercomm.gamemode.ingame.services.ActivityMonitoringService$1.onActivityLaunch:126
11-11 05:27:26.429 1514 1514 I GameModeConfig: Current uri is uri = content://com.thundercomm.gamemode.api/gamemode_settings/gamemode_isgaming
11-11 05:27:26.431 1514 1514 I GameModeConfig: isGameModeOn = false
11-11 05:27:26.431 1514 1514 I GameModeConfig: isGameModeOn = false
11-11 05:27:26.431 1514 1514 I GameModeConfig: isDisableVoice = true
11-11 05:27:29.636 1514 1901 I GameModeConfig: isGameModeOn = false
11-11 05:27:31.994 1514 2119 I ActivityTaskManager: START u0 {flg=0x10008000 cmp=com.android.gallery3d/.app.MovieActivity} from uid 10079
11-11 05:27:32.007 1514 2119 D FreeFormWindowHelper: Add freeform task=Task{daf180e #88 type=standard A=10068:com.android.gallery3d U=0 visible=true mode=freeform translucent=true sz=2}
11-11 05:27:32.008 1514 2119 I ActivityTaskManager: FOREGROUND_APPLICATION_CHANGED to com.android.gallery3d.app.MovieActivity
11-11 05:27:32.039 1514 6421 I ActivityTaskManager: The Process com.android.gallery3d Already Exists in BG. So sending its PID: 10670
11-11 05:27:32.040 1514 6421 W ActivityTaskManager: Tried to set launchTime (0) < mLastActivityLaunchTime (2456748)
11-11 05:27:32.061 3685 3703 W ContextImpl: Calling a method in the system process without a qualified user: android.app.ContextImpl.startService:1816 android.content.ContextWrapper.startService:774 com.thundercomm.gamemode.ingame.services.GameModeActionUtils.startGameModeService:93 com.thundercomm.gamemode.ingame.services.GameModeActionUtils.startGameModeEntry:21 com.thundercomm.gamemode.ingame.services.ActivityMonitoringService$1.onActivityLaunch:126
11-11 05:27:32.067 1514 1612 W UsageStatsService: Unexpected activity event reported! (com.android.gallery3d/com.android.gallery3d.app.GalleryActivity event : 23 instanceId : 150310762)
11-11 05:27:32.072 1514 1514 I GameModeConfig: Current uri is uri = content://com.thundercomm.gamemode.api/gamemode_settings/gamemode_isgaming
11-11 05:27:32.075 1514 1514 I GameModeConfig: isGameModeOn = false
11-11 05:27:32.076 1514 1514 I GameModeConfig: isGameModeOn = false
11-11 05:27:32.076 1514 1514 I GameModeConfig: isDisableVoice = true
11-11 05:27:32.128 10670 10670 E AndroidRuntime: FATAL EXCEPTION: main
11-11 05:27:32.128 10670 10670 E AndroidRuntime: Process: com.android.gallery3d, PID: 10670
11-11 05:27:32.128 10670 10670 E AndroidRuntime: java.lang.RuntimeException: Unable to start activity ComponentInfo{com.android.gallery3d/com.android.gallery3d.app.MovieActivity}: java.lang.NullPointerException: Attempt to invoke virtual method 'java.lang.String android.net.Uri.getScheme()' on a null object reference
11-11 05:27:32.128 10670 10670 E AndroidRuntime: at android.app.ActivityThread.performLaunchActivity(ActivityThread.java:3636)
11-11 05:27:32.128 10670 10670 E AndroidRuntime: at android.app.ActivityThread.handleLaunchActivity(ActivityThread.java:3793)
11-11 05:27:32.128 10670 10670 E AndroidRuntime: at android.app.servertransaction.LaunchActivityItem.execute(LaunchActivityItem.java:103)
11-11 05:27:32.128 10670 10670 E AndroidRuntime: at android.app.servertransaction.TransactionExecutor.executeCallbacks(TransactionExecutor.java:135)
11-11 05:27:32.128 10670 10670 E AndroidRuntime: at android.app.servertransaction.TransactionExecutor.execute(TransactionExecutor.java:95)
11-11 05:27:32.128 10670 10670 E AndroidRuntime: at android.app.ActivityThread$H.handleMessage(ActivityThread.java:2211)
11-11 05:27:32.128 10670 10670 E AndroidRuntime: at android.os.Handler.dispatchMessage(Handler.java:106)
11-11 05:27:32.128 10670 10670 E AndroidRuntime: at android.os.Looper.loopOnce(Looper.java:201)
11-11 05:27:32.128 10670 10670 E AndroidRuntime: at android.os.Looper.loop(Looper.java:288)
11-11 05:27:32.128 10670 10670 E AndroidRuntime: at android.app.ActivityThread.main(ActivityThread.java:7880)
11-11 05:27:32.128 10670 10670 E AndroidRuntime: at java.lang.reflect.Method.invoke(Native Method)
11-11 05:27:32.128 10670 10670 E AndroidRuntime: at com.android.internal.os.RuntimeInit$MethodAndArgsCaller.run(RuntimeInit.java:548)
11-11 05:27:32.128 10670 10670 E AndroidRuntime: at com.android.internal.os.ZygoteInit.main(ZygoteInit.java:1009)
11-11 05:27:32.128 10670 10670 E AndroidRuntime: Caused by: java.lang.NullPointerException: Attempt to invoke virtual method 'java.lang.String android.net.Uri.getScheme()' on a null object reference
11-11 05:27:32.128 10670 10670 E AndroidRuntime: at com.android.gallery3d.app.MoviePlayer.startVideo(MoviePlayer.java:324)
11-11 05:27:32.128 10670 10670 E AndroidRuntime: at com.android.gallery3d.app.MoviePlayer.(MoviePlayer.java:200)
11-11 05:27:32.128 10670 10670 E AndroidRuntime: at com.android.gallery3d.app.MovieActivity$1.(MovieActivity.java:95)
11-11 05:27:32.128 10670 10670 E AndroidRuntime: at com.android.gallery3d.app.MovieActivity.onCreate(MovieActivity.java:94)
11-11 05:27:32.128 10670 10670 E AndroidRuntime: at android.app.Activity.performCreate(Activity.java:8070)
11-11 05:27:32.128 10670 10670 E AndroidRuntime: at android.app.Activity.performCreate(Activity.java:8050)
11-11 05:27:32.128 10670 10670 E AndroidRuntime: at android.app.Instrumentation.callActivityOnCreate(Instrumentation.java:1330)
11-11 05:27:32.128 10670 10670 E AndroidRuntime: at android.app.ActivityThread.performLaunchActivity(ActivityThread.java:3609)
11-11 05:27:32.128 10670 10670 E AndroidRuntime: ... 12 more
11-11 05:27:32.131 1514 1540 W ActivityTaskManager: Force finishing activity com.android.gallery3d/.app.MovieActivity
11-11 05:27:32.133 1514 10879 I DropBoxManagerService: add tag=system_app_crash isTagEnabled=true flags=0x2
11-11 05:27:32.151 3685 3703 W ContextImpl: Calling a method in the system process without a qualified user: android.app.ContextImpl.startService:1816 android.content.ContextWrapper.startService:774 com.thundercomm.gamemode.ingame.services.GameModeActionUtils.startGameModeService:93 com.thundercomm.gamemode.ingame.services.GameModeActionUtils.startGameModeEntry:21 com.thundercomm.gamemode.ingame.services.ActivityMonitoringService$1.onActivityLaunch:126
11-11 05:27:32.155 1514 1514 I GameModeConfig: Current uri is uri = content://com.thundercomm.gamemode.api/gamemode_settings/gamemode_isgaming
11-11 05:27:32.157 1514 1514 I GameModeConfig: isGameModeOn = false
11-11 05:27:32.157 1514 1514 I GameModeConfig: isGameModeOn = false
11-11 05:27:32.157 1514 1514 I GameModeConfig: isDisableVoice = true
11-11 05:27:32.203 1514 2080 I WindowManager: WIN DEATH: Window{d5bb20b u0 com.android.gallery3d/com.android.gallery3d.app.MovieActivity}
11-11 05:27:32.207 1514 1540 I ActivityManager: Process com.android.gallery3d (pid 10670) has died: fg TOP
11-11 05:27:32.212 1514 1540 D FreeFormWindowHelper: Remove freefrom task=Task{daf180e #88 type=standard A=10068:com.android.gallery3d U=0 visible=false mode=freeform translucent=true sz=0}
11-11 05:27:32.212 1514 1540 I ActivityTaskManager: FOREGROUND_APPLICATION_CHANGED to com.android.launcher3.uioverrides.QuickstepLauncher
11-11 05:27:32.214 1514 1595 W ActivityManager: setHasOverlayUi called on unknown pid: 10670
11-11 05:27:32.633 1514 1595 W ActivityTaskManager: Activity top resumed state loss timeout for ActivityRecord{6a0e64c u0 com.android.gallery3d/.app.MovieActivity t-1 f}}
11-11 05:27:35.525 1514 2742 E TaskPersister: File error accessing recents directory (directory doesn't exist?).
11-11 05:27:42.025 1514 1595 W ActivityTaskManager: Launch timeout has expired, giving up wake lock!
11-11 05:28:24.993 1514 1649 V DisplayPowerController[0]: Brightness [0.05] reason changing to: 'manual [ dim ]', previous reason: 'manual'.
11-11 05:28:24.994 1514 1649 W PowerManagerService: Screen on took 68317 ms
11-11 05:28:24.996 1514 1974 E DisplayDeviceConfig: requesting nits when no mapping exists.
11-11 05:28:24.997 1514 1974 E DisplayDeviceConfig: requesting nits when no mapping exists.
11-11 05:28:24.999 1514 1614 I DropBoxManagerService: add tag=system_server_wtf isTagEnabled=true flags=0x2
11-11 05:28:25.003 1514 1614 I DropBoxManagerService: add tag=system_server_wtf isTagEnabled=true flags=0x2
11-11 05:28:25.012 1514 1974 E DisplayDeviceConfig: requesting nits when no mapping exists.
11-11 05:28:25.013 1514 1974 E DisplayDeviceConfig: requesting nits when no mapping exists.
11-11 05:28:25.015 1514 1614 I DropBoxManagerService: add tag=system_server_wtf isTagEnabled=true flags=0x2
11-11 05:28:25.017 1514 1614 I DropBoxManagerService: add tag=system_server_wtf isTagEnabled=true flags=0x2
11-11 05:28:25.029 1514 1974 E DisplayDeviceConfig: requesting nits when no mapping exists.
11-11 05:28:25.029 1514 1974 E DisplayDeviceConfig: requesting nits when no mapping exists.
11-11 05:28:25.031 1514 1614 I DropBoxManagerService: add tag=system_server_wtf isTagEnabled=true flags=0x2
11-11 05:28:25.037 1514 1974 E DisplayDeviceConfig: requesting nits when no mapping exists.
11-11 05:28:25.038 1514 1974 E DisplayDeviceConfig: requesting nits when no mapping exists.
11-11 05:28:25.053 1514 1974 E DisplayDeviceConfig: requesting nits when no mapping exists.
11-11 05:28:25.054 1514 1974 E DisplayDeviceConfig: requesting nits when no mapping exists.
11-11 05:28:25.070 1514 1974 E DisplayDeviceConfig: requesting nits when no mapping exists.
11-11 05:28:25.070 1514 1974 E DisplayDeviceConfig: requesting nits when no mapping exists.
11-11 05:28:25.087 1514 1974 E DisplayDeviceConfig: requesting nits when no mapping exists.
11-11 05:28:25.087 1514 1974 E DisplayDeviceConfig: requesting nits when no mapping exists.
11-11 05:28:25.104 1514 1974 E DisplayDeviceConfig: requesting nits when no mapping exists.
11-11 05:28:25.105 1514 1974 E DisplayDeviceConfig: requesting nits when no mapping exists.
11-11 05:28:25.121 1514 1974 E DisplayDeviceConfig: requesting nits when no mapping exists.
11-11 05:28:25.121 1514 1974 E DisplayDeviceConfig: requesting nits when no mapping exists.
11-11 05:28:25.137 1514 1974 E DisplayDeviceConfig: requesting nits when no mapping exists.
11-11 05:28:25.138 1514 1974 E DisplayDeviceConfig: requesting nits when no mapping exists.
11-11 05:28:25.154 1514 1974 E DisplayDeviceConfig: requesting nits when no mapping exists.
11-11 05:28:25.154 1514 1974 E DisplayDeviceConfig: requesting nits when no mapping exists.
11-11 05:28:25.170 1514 1974 E DisplayDeviceConfig: requesting nits when no mapping exists.
11-11 05:28:25.171 1514 1974 E DisplayDeviceConfig: requesting nits when no mapping exists.
11-11 05:28:25.187 1514 1974 E DisplayDeviceConfig: requesting nits when no mapping exists.
11-11 05:28:25.188 1514 1974 E DisplayDeviceConfig: requesting nits when no mapping exists.
11-11 05:28:25.204 1514 1974 E DisplayDeviceConfig: requesting nits when no mapping exists.
11-11 05:28:25.205 1514 1974 E DisplayDeviceConfig: requesting nits when no mapping exists.
11-11 05:28:25.221 1514 1974 E DisplayDeviceConfig: requesting nits when no mapping exists.
11-11 05:28:25.221 1514 1974 E DisplayDeviceConfig: requesting nits when no mapping exists.
11-11 05:28:25.237 1514 1974 E DisplayDeviceConfig: requesting nits when no mapping exists.
11-11 05:28:25.238 1514 1974 E DisplayDeviceConfig: requesting nits when no mapping exists.
11-11 05:28:25.254 1514 1974 E DisplayDeviceConfig: requesting nits when no mapping exists.
11-11 05:28:25.255 1514 1974 E DisplayDeviceConfig: requesting nits when no mapping exists.
11-11 05:28:25.271 1514 1974 E DisplayDeviceConfig: requesting nits when no mapping exists.
11-11 05:28:25.271 1514 1974 E DisplayDeviceConfig: requesting nits when no mapping exists.
11-11 05:28:25.288 1514 1974 E DisplayDeviceConfig: requesting nits when no mapping exists.
11-11 05:28:25.288 1514 1974 E DisplayDeviceConfig: requesting nits when no mapping exists.
11-11 05:28:25.304 1514 1974 E DisplayDeviceConfig: requesting nits when no mapping exists.
11-11 05:28:25.305 1514 1974 E DisplayDeviceConfig: requesting nits when no mapping exists.
11-11 05:28:25.321 1514 1974 E DisplayDeviceConfig: requesting nits when no mapping exists.
11-11 05:28:25.322 1514 1974 E DisplayDeviceConfig: requesting nits when no mapping exists.
11-11 05:28:25.338 1514 1974 E DisplayDeviceConfig: requesting nits when no mapping exists.
11-11 05:28:25.338 1514 1974 E DisplayDeviceConfig: requesting nits when no mapping exists.
11-11 05:28:25.354 1514 1974 E DisplayDeviceConfig: requesting nits when no mapping exists.
11-11 05:28:25.355 1514 1974 E DisplayDeviceConfig: requesting nits when no mapping exists.
11-11 05:28:25.371 1514 1974 E DisplayDeviceConfig: requesting nits when no mapping exists.
11-11 05:28:25.372 1514 1974 E DisplayDeviceConfig: requesting nits when no mapping exists.
11-11 05:28:25.388 1514 1974 E DisplayDeviceConfig: requesting nits when no mapping exists.
11-11 05:28:25.388 1514 1974 E DisplayDeviceConfig: requesting nits when no mapping exists.
11-11 05:28:25.405 1514 1974 E DisplayDeviceConfig: requesting nits when no mapping exists.
11-11 05:28:25.405 1514 1974 E DisplayDeviceConfig: requesting nits when no mapping exists.
11-11 05:28:25.421 1514 1974 E DisplayDeviceConfig: requesting nits when no mapping exists.
11-11 05:28:25.422 1514 1974 E DisplayDeviceConfig: requesting nits when no mapping exists.
11-11 05:28:25.438 1514 1974 E DisplayDeviceConfig: requesting nits when no mapping exists.
11-11 05:28:25.439 1514 1974 E DisplayDeviceConfig: requesting nits when no mapping exists.
11-11 05:28:25.455 1514 1974 E DisplayDeviceConfig: requesting nits when no mapping exists.
11-11 05:28:25.455 1514 1974 E DisplayDeviceConfig: requesting nits when no mapping exists.
11-11 05:28:25.472 1514 1974 E DisplayDeviceConfig: requesting nits when no mapping exists.
11-11 05:28:25.472 1514 1974 E DisplayDeviceConfig: requesting nits when no mapping exists.
11-11 05:28:25.488 1514 1974 E DisplayDeviceConfig: requesting nits when no mapping exists.
11-11 05:28:25.489 1514 1974 E DisplayDeviceConfig: requesting nits when no mapping exists.
11-11 05:28:25.505 1514 1974 E DisplayDeviceConfig: requesting nits when no mapping exists.
11-11 05:28:25.505 1514 1974 E DisplayDeviceConfig: requesting nits when no mapping exists.
11-11 05:28:25.521 1514 1974 E DisplayDeviceConfig: requesting nits when no mapping exists.
11-11 05:28:25.522 1514 1974 E DisplayDeviceConfig: requesting nits when no mapping exists.
11-11 05:28:25.538 1514 1974 E DisplayDeviceConfig: requesting nits when no mapping exists.
11-11 05:28:25.539 1514 1974 E DisplayDeviceConfig: requesting nits when no mapping exists.
11-11 05:28:25.555 1514 1974 E DisplayDeviceConfig: requesting nits when no mapping exists.
11-11 05:28:25.555 1514 1974 E DisplayDeviceConfig: requesting nits when no mapping exists.
11-11 05:28:25.572 1514 1974 E DisplayDeviceConfig: requesting nits when no mapping exists.
11-11 05:28:25.573 1514 1974 E DisplayDeviceConfig: requesting nits when no mapping exists.
11-11 05:28:25.589 1514 1974 E DisplayDeviceConfig: requesting nits when no mapping exists.
11-11 05:28:25.589 1514 1974 E DisplayDeviceConfig: requesting nits when no mapping exists.
11-11 05:28:25.605 1514 1974 E DisplayDeviceConfig: requesting nits when no mapping exists.
11-11 05:28:25.605 1514 1974 E DisplayDeviceConfig: requesting nits when no mapping exists.
11-11 05:28:25.622 1514 1974 E DisplayDeviceConfig: requesting nits when no mapping exists.
11-11 05:28:25.623 1514 1974 E DisplayDeviceConfig: requesting nits when no mapping exists.
11-11 05:28:25.638 1514 1974 E DisplayDeviceConfig: requesting nits when no mapping exists.
11-11 05:28:25.639 1514 1974 E DisplayDeviceConfig: requesting nits when no mapping exists.
11-11 05:28:25.655 1514 1974 E DisplayDeviceConfig: requesting nits when no mapping exists.
11-11 05:28:25.656 1514 1974 E DisplayDeviceConfig: requesting nits when no mapping exists.
11-11 05:28:25.672 1514 1974 E DisplayDeviceConfig: requesting nits when no mapping exists.
11-11 05:28:25.672 1514 1974 E DisplayDeviceConfig: requesting nits when no mapping exists.
11-11 05:28:25.689 1514 1974 E DisplayDeviceConfig: requesting nits when no mapping exists.
11-11 05:28:25.689 1514 1974 E DisplayDeviceConfig: requesting nits when no mapping exists.
11-11 05:28:25.706 1514 1974 E DisplayDeviceConfig: requesting nits when no mapping exists.
11-11 05:28:25.707 1514 1974 E DisplayDeviceConfig: requesting nits when no mapping exists.
11-11 05:28:25.722 1514 1974 E DisplayDeviceConfig: requesting nits when no mapping exists.
11-11 05:28:25.723 1514 1974 E DisplayDeviceConfig: requesting nits when no mapping exists.
11-11 05:28:25.738 1514 1974 E DisplayDeviceConfig: requesting nits when no mapping exists.
11-11 05:28:25.739 1514 1974 E DisplayDeviceConfig: requesting nits when no mapping exists.
11-11 05:28:25.755 1514 1974 E DisplayDeviceConfig: requesting nits when no mapping exists.
11-11 05:28:25.756 1514 1974 E DisplayDeviceConfig: requesting nits when no mapping exists.
11-11 05:28:25.772 1514 1974 E DisplayDeviceConfig: requesting nits when no mapping exists.
11-11 05:28:25.772 1514 1974 E DisplayDeviceConfig: requesting nits when no mapping exists.
11-11 05:28:25.789 1514 1974 E DisplayDeviceConfig: requesting nits when no mapping exists.
11-11 05:28:25.789 1514 1974 E DisplayDeviceConfig: requesting nits when no mapping exists.
11-11 05:28:25.805 1514 1974 E DisplayDeviceConfig: requesting nits when no mapping exists.
11-11 05:28:25.806 1514 1974 E DisplayDeviceConfig: requesting nits when no mapping exists.
11-11 05:28:25.822 1514 1974 E DisplayDeviceConfig: requesting nits when no mapping exists.
11-11 05:28:25.823 1514 1974 E DisplayDeviceConfig: requesting nits when no mapping exists.
11-11 05:28:25.840 1514 1974 E DisplayDeviceConfig: requesting nits when no mapping exists.
11-11 05:28:25.842 1514 1974 E DisplayDeviceConfig: requesting nits when no mapping exists.
11-11 05:28:25.858 1514 1974 E DisplayDeviceConfig: requesting nits when no mapping exists.
11-11 05:28:25.859 1514 1974 E DisplayDeviceConfig: requesting nits when no mapping exists.
11-11 05:28:25.872 1514 1974 E DisplayDeviceConfig: requesting nits when no mapping exists.
11-11 05:28:25.873 1514 1974 E DisplayDeviceConfig: requesting nits when no mapping exists.
11-11 05:28:25.889 1514 1974 E DisplayDeviceConfig: requesting nits when no mapping exists.
11-11 05:28:25.890 1514 1974 E DisplayDeviceConfig: requesting nits when no mapping exists.
11-11 05:28:25.906 1514 1974 E DisplayDeviceConfig: requesting nits when no mapping exists.
11-11 05:28:25.908 1514 1974 E DisplayDeviceConfig: requesting nits when no mapping exists.
11-11 05:28:25.923 1514 1974 E DisplayDeviceConfig: requesting nits when no mapping exists.
11-11 05:28:25.923 1514 1974 E DisplayDeviceConfig: requesting nits when no mapping exists.
11-11 05:28:25.939 1514 1974 E DisplayDeviceConfig: requesting nits when no mapping exists.
11-11 05:28:25.940 1514 1974 E DisplayDeviceConfig: requesting nits when no mapping exists.
11-11 05:28:25.956 1514 1974 E DisplayDeviceConfig: requesting nits when no mapping exists.
11-11 05:28:25.958 1514 1974 E DisplayDeviceConfig: requesting nits when no mapping exists.
11-11 05:28:31.992 1514 1649 I PowerManagerService: Napping display group (groupId=0, uid=1000)...
11-11 05:28:31.992 1514 1649 I PowerManagerService: Nap time (uid 1000)...
11-11 05:28:31.995 1514 1649 I DreamManagerService: Entering dreamland.
11-11 05:28:31.998 1514 1649 I PowerManagerService: Dreaming...
11-11 05:28:32.005 1514 1592 I DreamController: Starting dream: name=ComponentInfo{com.thundercomm.screensaver/com.thundercomm.saverclock.service.ClockScreensaver}, isTest=false, canDoze=false, userId=0
11-11 05:28:32.020 1514 1540 I ActivityTaskManager: START u0 {flg=0x10000000 pkg=com.thundercomm.screensaver cmp=com.thundercomm.screensaver/android.service.dreams.DreamActivity (has extras)} from uid 10051
11-11 05:28:32.023 1514 1540 W ActivityTaskManager: Can't find TaskDisplayArea to determine support for multi window. Task id=89 attached=false
11-11 05:28:32.040 1514 1540 I ActivityTaskManager: FOREGROUND_APPLICATION_CHANGED to android.service.dreams.DreamActivity
11-11 05:28:32.040 1514 1540 I ActivityTaskManager: The Process com.thundercomm.screensaver Already Exists in BG. So sending its PID: 4894
11-11 05:28:32.041 1514 1540 W ActivityTaskManager: Tried to set launchTime (0) < mLastActivityLaunchTime (2435255)
11-11 05:28:32.065 1514 9595 W WindowManager: Failed looking up window session=Session{de6ab3f 4894:u0a10051} callers=com.android.server.wm.WindowManagerService.windowForClientLocked:5628 com.android.server.wm.Session.insetsModified:629 android.view.IWindowSession$Stub.onTransact:1151
11-11 05:28:32.073 3685 3703 W ContextImpl: Calling a method in the system process without a qualified user: android.app.ContextImpl.startService:1816 android.content.ContextWrapper.startService:774 com.thundercomm.gamemode.ingame.services.GameModeActionUtils.startGameModeService:93 com.thundercomm.gamemode.ingame.services.GameModeActionUtils.startGameModeEntry:21 com.thundercomm.gamemode.ingame.services.ActivityMonitoringService$1.onActivityLaunch:126
11-11 05:28:32.079 1514 1514 I GameModeConfig: Current uri is uri = content://com.thundercomm.gamemode.api/gamemode_settings/gamemode_isgaming
11-11 05:28:32.087 1514 1514 I GameModeConfig: isGameModeOn = false
11-11 05:28:32.091 1514 1514 I GameModeConfig: isGameModeOn = false
11-11 05:28:32.091 1514 1514 I GameModeConfig: isDisableVoice = true
11-11 05:28:32.104 1514 1901 I GameModeConfig: isGameModeOn = false
11-11 05:28:32.104 1514 1901 I GameModeConfig: isGameModeOn = false
11-11 05:28:32.104 1514 1901 I GameModeConfig: isGameModeOn = false
11-11 05:28:32.104 1514 1901 I GameModeConfig: isGameModeOn = false
11-11 05:28:32.123 1514 1649 V DisplayPowerController[0]: Brightness [1.0] reason changing to: 'manual', previous reason: 'manual [ dim ]'.
11-11 05:28:32.140 1514 1974 E DisplayDeviceConfig: requesting nits when no mapping exists.
11-11 05:28:32.140 1514 1974 E DisplayDeviceConfig: requesting nits when no mapping exists.
11-11 05:28:32.155 3685 3703 W ContextImpl: Calling a method in the system process without a qualified user: android.app.ContextImpl.startService:1816 android.content.ContextWrapper.startService:774 com.thundercomm.gamemode.ingame.services.GameModeActionUtils.startGameModeService:93 com.thundercomm.gamemode.ingame.services.GameModeActionUtils.startGameModeEntry:21 com.thundercomm.gamemode.ingame.services.ActivityMonitoringService$1.onActivityLaunch:126
11-11 05:28:32.158 1514 1974 E DisplayDeviceConfig: requesting nits when no mapping exists.
11-11 05:28:32.159 1514 1974 E DisplayDeviceConfig: requesting nits when no mapping exists.
11-11 05:28:32.163 1514 1514 I GameModeConfig: Current uri is uri = content://com.thundercomm.gamemode.api/gamemode_settings/gamemode_isgaming
11-11 05:28:32.164 1514 1514 I GameModeConfig: isGameModeOn = false
11-11 05:28:32.164 1514 1514 I GameModeConfig: isGameModeOn = false
11-11 05:28:32.164 1514 1514 I GameModeConfig: isDisableVoice = true
11-11 05:28:32.173 1514 1974 E DisplayDeviceConfig: requesting nits when no mapping exists.
11-11 05:28:32.174 1514 1974 E DisplayDeviceConfig: requesting nits when no mapping exists.
11-11 05:28:32.193 1514 1974 E DisplayDeviceConfig: requesting nits when no mapping exists.
11-11 05:28:32.193 1514 1974 E DisplayDeviceConfig: requesting nits when no mapping exists.
11-11 05:28:32.214 1514 1974 E DisplayDeviceConfig: requesting nits when no mapping exists.
11-11 05:28:32.214 1514 1974 E DisplayDeviceConfig: requesting nits when no mapping exists.
11-11 05:28:32.224 1514 1974 E DisplayDeviceConfig: requesting nits when no mapping exists.
11-11 05:28:32.225 1514 1974 E DisplayDeviceConfig: requesting nits when no mapping exists.
11-11 05:28:32.240 1514 1974 E DisplayDeviceConfig: requesting nits when no mapping exists.
11-11 05:28:32.240 1514 1974 E DisplayDeviceConfig: requesting nits when no mapping exists.
11-11 05:28:32.258 1514 1974 E DisplayDeviceConfig: requesting nits when no mapping exists.
11-11 05:28:32.259 1514 1974 E DisplayDeviceConfig: requesting nits when no mapping exists.
11-11 05:28:32.274 1514 1974 E DisplayDeviceConfig: requesting nits when no mapping exists.
11-11 05:28:32.276 1514 1974 E DisplayDeviceConfig: requesting nits when no mapping exists.
11-11 05:28:32.290 1514 1974 E DisplayDeviceConfig: requesting nits when no mapping exists.
11-11 05:28:32.291 1514 1974 E DisplayDeviceConfig: requesting nits when no mapping exists.
11-11 05:28:32.307 1514 1974 E DisplayDeviceConfig: requesting nits when no mapping exists.
11-11 05:28:32.308 1514 1974 E DisplayDeviceConfig: requesting nits when no mapping exists.
11-11 05:28:32.308 1514 1514 I GameModeConfig: isGameModeOn = false
11-11 05:28:32.316 1514 1514 W NotificationHistory: Attempted to add notif for locked/gone/disabled user 0
11-11 05:28:32.326 1514 1974 E DisplayDeviceConfig: requesting nits when no mapping exists.
11-11 05:28:32.327 1514 1974 E DisplayDeviceConfig: requesting nits when no mapping exists.
11-11 05:28:32.340 1514 1974 E DisplayDeviceConfig: requesting nits when no mapping exists.
11-11 05:28:32.340 1514 1974 E DisplayDeviceConfig: requesting nits when no mapping exists.
11-11 05:28:32.359 1514 1974 E DisplayDeviceConfig: requesting nits when no mapping exists.
11-11 05:28:32.359 1514 1974 E DisplayDeviceConfig: requesting nits when no mapping exists.
11-11 05:28:32.374 1514 1974 E DisplayDeviceConfig: requesting nits when no mapping exists.
11-11 05:28:32.374 1514 1974 E DisplayDeviceConfig: requesting nits when no mapping exists.
11-11 05:28:32.391 1514 1974 E DisplayDeviceConfig: requesting nits when no mapping exists.
11-11 05:28:32.392 1514 1974 E DisplayDeviceConfig: requesting nits when no mapping exists.
11-11 05:28:32.410 1514 1974 E DisplayDeviceConfig: requesting nits when no mapping exists.
11-11 05:28:32.411 1514 1974 E DisplayDeviceConfig: requesting nits when no mapping exists.
11-11 05:28:32.426 1514 1974 E DisplayDeviceConfig: requesting nits when no mapping exists.
11-11 05:28:32.427 1514 1974 E DisplayDeviceConfig: requesting nits when no mapping exists.
11-11 05:28:32.441 1514 1974 E DisplayDeviceConfig: requesting nits when no mapping exists.
11-11 05:28:32.441 1514 1974 E DisplayDeviceConfig: requesting nits when no mapping exists.
11-11 05:28:32.457 1514 1974 E DisplayDeviceConfig: requesting nits when no mapping exists.
11-11 05:28:32.461 1514 1974 E DisplayDeviceConfig: requesting nits when no mapping exists.
11-11 05:28:32.464 3685 3703 W ContextImpl: Calling a method in the system process without a qualified user: android.app.ContextImpl.startService:1816 android.content.ContextWrapper.startService:774 com.thundercomm.gamemode.ingame.services.GameModeActionUtils.startGameModeService:93 com.thundercomm.gamemode.ingame.services.GameModeActionUtils.startGameModeEntry:21 com.thundercomm.gamemode.ingame.services.ActivityMonitoringService$1.onActivityLaunch:126
11-11 05:28:32.467 1514 1514 I GameModeConfig: Current uri is uri = content://com.thundercomm.gamemode.api/gamemode_settings/gamemode_isgaming
11-11 05:28:32.469 1514 1514 I GameModeConfig: isGameModeOn = false
11-11 05:28:32.469 1514 1514 I GameModeConfig: isGameModeOn = false
11-11 05:28:32.469 1514 1514 I GameModeConfig: isDisableVoice = true
11-11 05:28:32.471 1514 1974 E DisplayDeviceConfig: requesting nits when no mapping exists.
11-11 05:28:32.471 1514 1974 E DisplayDeviceConfig: requesting nits when no mapping exists.
11-11 05:28:32.488 1514 1974 E DisplayDeviceConfig: requesting nits when no mapping exists.
11-11 05:28:32.489 1514 1974 E DisplayDeviceConfig: requesting nits when no mapping exists.
11-11 05:28:32.505 1514 1974 E DisplayDeviceConfig: requesting nits when no mapping exists.
11-11 05:28:32.505 1514 1974 E DisplayDeviceConfig: requesting nits when no mapping exists.
11-11 05:28:32.522 1514 1974 E DisplayDeviceConfig: requesting nits when no mapping exists.
11-11 05:28:32.522 1514 1974 E DisplayDeviceConfig: requesting nits when no mapping exists.
11-11 05:28:32.538 1514 1974 E DisplayDeviceConfig: requesting nits when no mapping exists.
11-11 05:28:32.539 1514 1974 E DisplayDeviceConfig: requesting nits when no mapping exists.
11-11 05:28:32.555 1514 1974 E DisplayDeviceConfig: requesting nits when no mapping exists.
11-11 05:28:32.555 1514 1974 E DisplayDeviceConfig: requesting nits when no mapping exists.
11-11 05:28:32.572 1514 1974 E DisplayDeviceConfig: requesting nits when no mapping exists.
11-11 05:28:32.572 1514 1974 E DisplayDeviceConfig: requesting nits when no mapping exists.
11-11 05:28:32.589 1514 1974 E DisplayDeviceConfig: requesting nits when no mapping exists.
11-11 05:28:32.589 1514 1974 E DisplayDeviceConfig: requesting nits when no mapping exists.
11-11 05:28:32.605 1514 1974 E DisplayDeviceConfig: requesting nits when no mapping exists.
11-11 05:28:32.606 1514 1974 E DisplayDeviceConfig: requesting nits when no mapping exists.
11-11 05:28:32.622 1514 1974 E DisplayDeviceConfig: requesting nits when no mapping exists.
11-11 05:28:32.623 1514 1974 E DisplayDeviceConfig: requesting nits when no mapping exists.
11-11 05:28:32.639 1514 1974 E DisplayDeviceConfig: requesting nits when no mapping exists.
11-11 05:28:32.639 1514 1974 E DisplayDeviceConfig: requesting nits when no mapping exists.
11-11 05:28:32.657 1514 1974 E DisplayDeviceConfig: requesting nits when no mapping exists.
11-11 05:28:32.657 1514 1974 E DisplayDeviceConfig: requesting nits when no mapping exists.
11-11 05:28:32.674 1514 1974 E DisplayDeviceConfig: requesting nits when no mapping exists.
11-11 05:28:32.674 1514 1974 E DisplayDeviceConfig: requesting nits when no mapping exists.
11-11 05:28:32.689 1514 1974 E DisplayDeviceConfig: requesting nits when no mapping exists.
11-11 05:28:32.690 1514 1974 E DisplayDeviceConfig: requesting nits when no mapping exists.
11-11 05:28:32.707 1514 1974 E DisplayDeviceConfig: requesting nits when no mapping exists.
11-11 05:28:32.708 1514 1974 E DisplayDeviceConfig: requesting nits when no mapping exists.
11-11 05:28:32.724 1514 1974 E DisplayDeviceConfig: requesting nits when no mapping exists.
11-11 05:28:32.726 1514 1974 E DisplayDeviceConfig: requesting nits when no mapping exists.
11-11 05:28:32.739 1514 1974 E DisplayDeviceConfig: requesting nits when no mapping exists.
11-11 05:28:32.739 1514 1974 E DisplayDeviceConfig: requesting nits when no mapping exists.
11-11 05:28:32.756 1514 1974 E DisplayDeviceConfig: requesting nits when no mapping exists.
11-11 05:28:32.756 1514 1974 E DisplayDeviceConfig: requesting nits when no mapping exists.
11-11 05:28:32.772 1514 1974 E DisplayDeviceConfig: requesting nits when no mapping exists.
11-11 05:28:32.772 1514 1974 E DisplayDeviceConfig: requesting nits when no mapping exists.
11-11 05:28:32.789 1514 1974 E DisplayDeviceConfig: requesting nits when no mapping exists.
11-11 05:28:32.789 1514 1974 E DisplayDeviceConfig: requesting nits when no mapping exists.
11-11 05:28:32.806 1514 1974 E DisplayDeviceConfig: requesting nits when no mapping exists.
11-11 05:28:32.808 1514 1974 E DisplayDeviceConfig: requesting nits when no mapping exists.
11-11 05:28:32.823 1514 1974 E DisplayDeviceConfig: requesting nits when no mapping exists.
11-11 05:28:32.823 1514 1974 E DisplayDeviceConfig: requesting nits when no mapping exists.
11-11 05:28:32.839 1514 1974 E DisplayDeviceConfig: requesting nits when no mapping exists.
11-11 05:28:32.840 1514 1974 E DisplayDeviceConfig: requesting nits when no mapping exists.
11-11 05:28:32.857 1514 1974 E DisplayDeviceConfig: requesting nits when no mapping exists.
11-11 05:28:32.858 1514 1974 E DisplayDeviceConfig: requesting nits when no mapping exists.
11-11 05:28:32.877 1514 1974 E DisplayDeviceConfig: requesting nits when no mapping exists.
11-11 05:28:32.880 1514 1974 E DisplayDeviceConfig: requesting nits when no mapping exists.
11-11 05:28:32.891 1514 1974 E DisplayDeviceConfig: requesting nits when no mapping exists.
11-11 05:28:32.891 1514 1974 E DisplayDeviceConfig: requesting nits when no mapping exists.
11-11 05:28:32.906 1514 1974 E DisplayDeviceConfig: requesting nits when no mapping exists.
11-11 05:28:32.907 1514 1974 E DisplayDeviceConfig: requesting nits when no mapping exists.
11-11 05:28:32.923 1514 1974 E DisplayDeviceConfig: requesting nits when no mapping exists.
11-11 05:28:32.923 1514 1974 E DisplayDeviceConfig: requesting nits when no mapping exists.
11-11 05:28:32.939 1514 1974 E DisplayDeviceConfig: requesting nits when no mapping exists.
11-11 05:28:32.943 1514 1974 E DisplayDeviceConfig: requesting nits when no mapping exists.
11-11 05:28:32.958 1514 1974 E DisplayDeviceConfig: requesting nits when no mapping exists.
11-11 05:28:32.958 1514 1974 E DisplayDeviceConfig: requesting nits when no mapping exists.
11-11 05:28:32.973 1514 1974 E DisplayDeviceConfig: requesting nits when no mapping exists.
11-11 05:28:32.973 1514 1974 E DisplayDeviceConfig: requesting nits when no mapping exists.
11-11 05:28:32.989 1514 1974 E DisplayDeviceConfig: requesting nits when no mapping exists.
11-11 05:28:32.990 1514 1974 E DisplayDeviceConfig: requesting nits when no mapping exists.
11-11 05:28:33.007 1514 1974 E DisplayDeviceConfig: requesting nits when no mapping exists.
11-11 05:28:33.008 1514 1974 E DisplayDeviceConfig: requesting nits when no mapping exists.
11-11 05:28:33.023 1514 1974 E DisplayDeviceConfig: requesting nits when no mapping exists.
11-11 05:28:33.024 1514 1974 E DisplayDeviceConfig: requesting nits when no mapping exists.
11-11 05:28:33.040 1514 1974 E DisplayDeviceConfig: requesting nits when no mapping exists.
11-11 05:28:33.040 1514 1974 E DisplayDeviceConfig: requesting nits when no mapping exists.
11-11 05:28:33.057 1514 1974 E DisplayDeviceConfig: requesting nits when no mapping exists.
11-11 05:28:33.057 1514 1974 E DisplayDeviceConfig: requesting nits when no mapping exists.
11-11 05:28:33.073 1514 1974 E DisplayDeviceConfig: requesting nits when no mapping exists.
11-11 05:28:33.073 1514 1974 E DisplayDeviceConfig: requesting nits when no mapping exists.
11-11 05:28:42.362 1514 1901 I GameModeConfig: isGameModeOn = false
11-11 05:28:53.109 1514 1722 D ActivityManager: freezing 3161 com.qti.diagservices
11-11 05:28:53.110 1514 1722 E ActivityManager: Unable to freeze binder for 3161 com.qti.diagservices
11-11 05:28:53.112 1514 1722 D ActivityManager: froze 3161 com.qti.diagservices
11-11 05:28:53.112 1514 1722 E ActivityManager: Unable to freeze binder for 3161 com.qti.diagservices
11-11 05:28:53.113 1514 1722 I ActivityManager: Killing 3161:com.qti.diagservices/1000 (adj 955): Unable to freeze binder interface
11-11 05:28:53.141 1514 2080 W ActivityManager: Scheduling restart of crashed service com.qti.diagservices/.QTIDiagServices in 1000ms for start-requested
11-11 05:28:54.145 1514 1614 D CompatibilityChangeReporter: Compat change id reported: 135634846; UID 1000; state: DISABLED
11-11 05:28:54.145 1514 1614 D CompatibilityChangeReporter: Compat change id reported: 177438394; UID 1000; state: DISABLED
11-11 05:28:54.145 1514 1614 D CompatibilityChangeReporter: Compat change id reported: 135772972; UID 1000; state: DISABLED
11-11 05:28:54.146 1514 1614 D CompatibilityChangeReporter: Compat change id reported: 135754954; UID 1000; state: ENABLED
11-11 05:28:54.176 1514 1615 I ActivityManager: Start proc 10904:com.qti.diagservices/1000 for service {com.qti.diagservices/com.qti.diagservices.QTIDiagServices}
11-11 05:32:48.520 1514 2080 I DreamManagerService: Gently waking up from dream.
11-11 05:32:48.522 1514 1592 I DreamManagerService: Performing gentle wake from dream.
11-11 05:32:48.523 1514 1540 I ActivityTaskManager: FOREGROUND_APPLICATION_CHANGED to com.android.launcher3.uioverrides.QuickstepLauncher
11-11 05:32:48.549 3685 3703 W ContextImpl: Calling a method in the system process without a qualified user: android.app.ContextImpl.startService:1816 android.content.ContextWrapper.startService:774 com.thundercomm.gamemode.ingame.services.GameModeActionUtils.startGameModeService:93 com.thundercomm.gamemode.ingame.services.GameModeActionUtils.startGameModeEntry:21 com.thundercomm.gamemode.ingame.services.ActivityMonitoringService$1.onActivityLaunch:126
11-11 05:32:48.553 1514 1514 I GameModeConfig: Current uri is uri = content://com.thundercomm.gamemode.api/gamemode_settings/gamemode_isgaming
11-11 05:32:48.556 1514 1514 I GameModeConfig: isGameModeOn = false
11-11 05:32:48.556 1514 1514 I GameModeConfig: isGameModeOn = false
11-11 05:32:48.556 1514 1514 I GameModeConfig: isDisableVoice = true
11-11 05:32:48.602 1514 1649 I PowerManagerService: Powering on display group fromDreaming (groupId=0, uid=1000, reason=WAKE_REASON_UNKNOWN, details=android.server.power:DREAM_FINISHED)...
11-11 05:32:48.602 1514 1649 I PowerManagerService: Waking up from Dreaming (uid=1000, reason=WAKE_REASON_UNKNOWN, details=android.server.power:DREAM_FINISHED)...
11-11 05:32:48.636 3685 3703 W ContextImpl: Calling a method in the system process without a qualified user: android.app.ContextImpl.startService:1816 android.content.ContextWrapper.startService:774 com.thundercomm.gamemode.ingame.services.GameModeActionUtils.startGameModeService:93 com.thundercomm.gamemode.ingame.services.GameModeActionUtils.startGameModeEntry:21 com.thundercomm.gamemode.ingame.services.ActivityMonitoringService$1.onActivityLaunch:126
11-11 05:32:48.639 1514 1514 I GameModeConfig: Current uri is uri = content://com.thundercomm.gamemode.api/gamemode_settings/gamemode_isgaming
11-11 05:32:48.640 1514 1514 I GameModeConfig: isGameModeOn = false
11-11 05:32:48.641 1514 1514 I GameModeConfig: isGameModeOn = false
11-11 05:32:48.641 1514 1514 I GameModeConfig: isDisableVoice = true
11-11 05:32:48.835 3685 3703 W ContextImpl: Calling a method in the system process without a qualified user: android.app.ContextImpl.startService:1816 android.content.ContextWrapper.startService:774 com.thundercomm.gamemode.ingame.services.GameModeActionUtils.startGameModeService:93 com.thundercomm.gamemode.ingame.services.GameModeActionUtils.startGameModeEntry:21 com.thundercomm.gamemode.ingame.services.ActivityMonitoringService$1.onActivityLaunch:126
11-11 05:32:48.840 1514 1514 I GameModeConfig: Current uri is uri = content://com.thundercomm.gamemode.api/gamemode_settings/gamemode_isgaming
11-11 05:32:48.842 1514 1514 I GameModeConfig: isGameModeOn = false
11-11 05:32:48.843 1514 1514 I GameModeConfig: isGameModeOn = false
11-11 05:32:48.843 1514 1514 I GameModeConfig: isDisableVoice = true
11-11 05:32:48.859 1514 1540 I DreamManagerService: Leaving dreamland.
11-11 05:32:48.861 1514 1592 I DreamManagerService: Performing gentle wake from dream.
11-11 05:32:48.861 1514 1592 I DreamController: Stopping dream: name=ComponentInfo{com.thundercomm.screensaver/com.thundercomm.saverclock.service.ClockScreensaver}, isTest=false, canDoze=false, userId=0, reason='finished self'(from 'finished self')
11-11 05:32:48.881 1514 1596 W ActivityTaskManager: Can't find TaskDisplayArea to determine support for multi window. Task id=89 attached=false
11-11 05:32:49.377 1514 1614 W BroadcastQueue: Permission Denial: broadcasting Intent { act=android.net.conn.CONNECTIVITY_CHANGE flg=0x4200010 (has extras) } from null (pid=-1, uid=-1) requires com.baidu.input.permission.sofire.RECEIVE due to registered receiver BroadcastFilter{1e2b985 10023/u0 ReceiverList{254eefc 4154 com.baidu.input/10023/u0 remote:b7743ef}}
11-11 05:32:50.338 1514 7301 I ActivityTaskManager: START u0 {act=android.intent.action.MAIN cat=[android.intent.category.LAUNCHER] flg=0x10200000 cmp=com.android.settings/.Settings bnds=[2233,723][2408,906]} from uid 10079
11-11 05:32:50.359 1514 7301 W ActivityTaskManager: Can't find TaskDisplayArea to determine support for multi window. Task id=90 attached=false
11-11 05:32:50.364 1514 7301 D CompatibilityChangeReporter: Compat change id reported: 174042980; UID 1000; state: DISABLED
11-11 05:32:50.368 1514 7301 D CompatibilityChangeReporter: Compat change id reported: 168419799; UID 1000; state: DISABLED
11-11 05:32:50.390 1514 2119 I ActivityTaskManager: FOREGROUND_APPLICATION_CHANGED to com.android.settings.homepage.SettingsHomepageActivity
11-11 05:32:50.390 1514 2119 I ActivityTaskManager: The Process com.android.settings Already Exists in BG. So sending its PID: 10325
11-11 05:32:50.392 1514 2119 D CompatibilityChangeReporter: Compat change id reported: 181136395; UID 1000; state: DISABLED
11-11 05:32:50.393 1514 2119 D CompatibilityChangeReporter: Compat change id reported: 174042936; UID 1000; state: DISABLED
11-11 05:32:50.415 3685 3703 W ContextImpl: Calling a method in the system process without a qualified user: android.app.ContextImpl.startService:1816 android.content.ContextWrapper.startService:774 com.thundercomm.gamemode.ingame.services.GameModeActionUtils.startGameModeService:93 com.thundercomm.gamemode.ingame.services.GameModeActionUtils.startGameModeEntry:21 com.thundercomm.gamemode.ingame.services.ActivityMonitoringService$1.onActivityLaunch:126
11-11 05:32:50.425 1514 1514 I GameModeConfig: Current uri is uri = content://com.thundercomm.gamemode.api/gamemode_settings/gamemode_isgaming
11-11 05:32:50.435 1514 1514 I GameModeConfig: isGameModeOn = false
11-11 05:32:50.435 1514 1514 I GameModeConfig: isGameModeOn = false
11-11 05:32:50.435 1514 1514 I GameModeConfig: isDisableVoice = true
11-11 05:32:50.458 1514 10322 E UserRestrictionsUtils: Unknown restriction queried by uid 1000 (com.thundercomm.remotecontrolservice et al): null
11-11 05:32:50.458 1514 10322 E UserRestrictionsUtils: Unknown restriction queried by uid 1000 (com.thundercomm.remotecontrolservice et al): null
11-11 05:32:50.459 1514 10322 E UserRestrictionsUtils: Unknown restriction queried by uid 1000 (com.thundercomm.remotecontrolservice et al): null
11-11 05:32:50.459 1514 10322 E UserRestrictionsUtils: Unknown restriction queried by uid 1000 (com.thundercomm.remotecontrolservice et al): null
11-11 05:32:50.459 1514 10322 E UserRestrictionsUtils: Unknown restriction queried by uid 1000 (com.thundercomm.remotecontrolservice et al): null
11-11 05:32:50.459 1514 10322 E UserRestrictionsUtils: Unknown restriction queried by uid 1000 (com.thundercomm.remotecontrolservice et al): null
11-11 05:32:50.459 1514 10322 E UserRestrictionsUtils: Unknown restriction queried by uid 1000 (com.thundercomm.remotecontrolservice et al): null
11-11 05:32:50.459 1514 10322 E UserRestrictionsUtils: Unknown restriction queried by uid 1000 (com.thundercomm.remotecontrolservice et al): null
11-11 05:32:50.459 1514 10322 E UserRestrictionsUtils: Unknown restriction queried by uid 1000 (com.thundercomm.remotecontrolservice et al): null
11-11 05:32:50.460 1514 10322 E UserRestrictionsUtils: Unknown restriction queried by uid 1000 (com.thundercomm.remotecontrolservice et al): null
11-11 05:32:50.460 1514 10322 E UserRestrictionsUtils: Unknown restriction queried by uid 1000 (com.thundercomm.remotecontrolservice et al): null
11-11 05:32:50.460 1514 10322 E UserRestrictionsUtils: Unknown restriction queried by uid 1000 (com.thundercomm.remotecontrolservice et al): null
