11-11 05:58:17.699 1998 1998 I sysui_multi_action: [757,804,799,volume_from_keyguard,801,0,802,1]
11-11 05:58:18.399 0 0 I auditd : type=1400 audit(0.0:5038): avc: denied { kill } for comm="swapper/2" capability=5 scontext=u:r:kernel:s0 tcontext=u:r:kernel:s0 tclass=capability permissive=0
11-11 05:58:19.127 1514 1514 I volume_changed: [6,15,14,15,android]
11-11 05:58:19.133 1998 2502 I sysui_multi_action: [757,211,758,4,759,6]
11-11 05:58:19.139 1998 1998 I sysui_multi_action: [757,207,758,1]
11-11 05:58:19.139 1998 1998 I sysui_multi_action: [757,804,799,volume_from_keyguard,801,0,802,1]
11-11 05:58:19.399 0 0 I auditd : type=1400 audit(0.0:5039): avc: denied { kill } for comm="swapper/2" capability=5 scontext=u:r:kernel:s0 tcontext=u:r:kernel:s0 tclass=capability permissive=0
11-11 05:58:20.069 1514 1514 I volume_changed: [6,14,13,15,android]
11-11 05:58:20.082 1998 1998 I sysui_multi_action: [757,207,758,1]
11-11 05:58:20.083 1998 1998 I sysui_multi_action: [757,804,799,volume_from_keyguard,801,0,802,1]
11-11 05:58:20.399 0 0 I auditd : type=1400 audit(0.0:5040): avc: denied { kill } for comm="swapper/2" capability=5 scontext=u:r:kernel:s0 tcontext=u:r:kernel:s0 tclass=capability permissive=0
11-11 05:58:20.510 1514 1514 I volume_changed: [6,13,12,15,android]
11-11 05:58:20.514 1998 2502 I sysui_multi_action: [757,211,758,4,759,6]
11-11 05:58:20.519 1998 1998 I sysui_multi_action: [757,207,758,1]
11-11 05:58:20.520 1998 1998 I sysui_multi_action: [757,804,799,volume_from_keyguard,801,0,802,1]
11-11 05:58:21.042 1514 1514 I volume_changed: [6,12,11,15,android]
11-11 05:58:21.048 1998 2502 I sysui_multi_action: [757,211,758,4,759,6]
11-11 05:58:21.053 1998 1998 I sysui_multi_action: [757,207,758,1]
11-11 05:58:21.053 1998 1998 I sysui_multi_action: [757,804,799,volume_from_keyguard,801,0,802,1]
11-11 05:58:21.399 0 0 I auditd : type=1400 audit(0.0:5041): avc: denied { kill } for comm="swapper/2" capability=5 scontext=u:r:kernel:s0 tcontext=u:r:kernel:s0 tclass=capability permissive=0
11-11 05:58:21.796 1514 1514 I volume_changed: [6,11,10,15,android]
11-11 05:58:21.802 1998 2502 I sysui_multi_action: [757,211,758,4,759,6]
11-11 05:58:21.808 1998 1998 I sysui_multi_action: [757,207,758,1]
11-11 05:58:21.809 1998 1998 I sysui_multi_action: [757,804,799,volume_from_keyguard,801,0,802,1]
11-11 05:58:22.255 1514 1514 I volume_changed: [6,10,9,15,android]
11-11 05:58:22.272 1998 1998 I sysui_multi_action: [757,207,758,1]
11-11 05:58:22.273 1998 1998 I sysui_multi_action: [757,804,799,volume_from_keyguard,801,0,802,1]
11-11 05:58:22.399 0 0 I auditd : type=1400 audit(0.0:5042): avc: denied { kill } for comm="swapper/2" capability=5 scontext=u:r:kernel:s0 tcontext=u:r:kernel:s0 tclass=capability permissive=0
11-11 05:58:22.456 1514 1514 I service_manager_stats: [100,80,591965]
11-11 05:58:22.460 1514 1514 I volume_changed: [6,9,8,15,android]
11-11 05:58:22.466 1998 2502 I sysui_multi_action: [757,211,758,4,759,6]
11-11 05:58:22.471 1998 1998 I sysui_multi_action: [757,207,758,1]
11-11 05:58:22.472 1998 1998 I sysui_multi_action: [757,804,799,volume_from_keyguard,801,0,802,1]
11-11 05:58:22.699 1514 1514 I volume_changed: [6,8,7,15,android]
11-11 05:58:22.709 1998 2502 I sysui_multi_action: [757,211,758,4,759,6]
11-11 05:58:22.716 1998 1998 I sysui_multi_action: [757,207,758,1]
11-11 05:58:22.716 1998 1998 I sysui_multi_action: [757,804,799,volume_from_keyguard,801,0,802,1]
11-11 05:58:23.399 0 0 I auditd : type=1400 audit(0.0:5043): avc: denied { kill } for comm="swapper/2" capability=5 scontext=u:r:kernel:s0 tcontext=u:r:kernel:s0 tclass=capability permissive=0
11-11 05:58:24.399 0 0 I auditd : type=1400 audit(0.0:5044): avc: denied { kill } for comm="swapper/2" capability=5 scontext=u:r:kernel:s0 tcontext=u:r:kernel:s0 tclass=capability permissive=0
11-11 05:58:25.399 0 0 I auditd : type=1400 audit(0.0:5045): avc: denied { kill } for comm="swapper/2" capability=5 scontext=u:r:kernel:s0 tcontext=u:r:kernel:s0 tclass=capability permissive=0
11-11 05:58:25.714 1998 1998 I sysui_multi_action: [757,207,758,2]
11-11 05:58:25.717 1998 2502 I sysui_multi_action: [757,210,758,4,759,-1]
11-11 05:58:26.090 1514 1612 I am_pss : [13482,10084,com.qualcomm.qti.qccauthmgr,6574080,4313088,0,94806016,0,19,9]
11-11 05:58:26.104 1514 1612 I am_pss : [3685,1000,com.thundercomm.gamemode,18019328,13778944,0,122937344,0,10,11]
11-11 05:58:26.399 0 0 I auditd : type=1400 audit(0.0:5046): avc: denied { kill } for comm="swapper/2" capability=5 scontext=u:r:kernel:s0 tcontext=u:r:kernel:s0 tclass=capability permissive=0
11-11 05:58:27.399 0 0 I auditd : type=1400 audit(0.0:5047): avc: denied { kill } for comm="swapper/2" capability=5 scontext=u:r:kernel:s0 tcontext=u:r:kernel:s0 tclass=capability permissive=0
11-11 05:58:28.399 0 0 I auditd : type=1400 audit(0.0:5048): avc: denied { kill } for comm="swapper/2" capability=5 scontext=u:r:kernel:s0 tcontext=u:r:kernel:s0 tclass=capability permissive=0
11-11 05:58:28.942 1514 1514 I volume_changed: [3,25,24,39,android]
11-11 05:58:28.959 1998 2502 I sysui_multi_action: [757,210,758,4,759,3]
11-11 05:58:28.962 1998 2502 I sysui_multi_action: [757,211,758,4,759,3]
11-11 05:58:28.971 1998 1998 I sysui_multi_action: [757,207,758,1]
11-11 05:58:28.971 1998 1998 I sysui_multi_action: [757,804,799,volume_from_keyguard,801,0,802,1]
11-11 05:58:29.399 0 0 I auditd : type=1400 audit(0.0:5049): avc: denied { kill } for comm="swapper/2" capability=5 scontext=u:r:kernel:s0 tcontext=u:r:kernel:s0 tclass=capability permissive=0
11-11 05:58:29.670 1514 1715 I commit_sys_config_file: [settings-1-0,8]
11-11 05:58:30.311 1514 1514 I volume_changed: [3,24,23,39,android]
11-11 05:58:30.347 1998 1998 I sysui_multi_action: [757,207,758,1]
11-11 05:58:30.348 1998 1998 I sysui_multi_action: [757,804,799,volume_from_keyguard,801,0,802,1]
11-11 05:58:31.050 1514 1715 I commit_sys_config_file: [settings-1-0,10]
11-11 05:58:31.399 0 0 I auditd : type=1400 audit(0.0:5050): avc: denied { kill } for comm="swapper/2" capability=5 scontext=u:r:kernel:s0 tcontext=u:r:kernel:s0 tclass=capability permissive=0
11-11 05:58:32.399 0 0 I auditd : type=1400 audit(0.0:5051): avc: denied { kill } for comm="swapper/2" capability=5 scontext=u:r:kernel:s0 tcontext=u:r:kernel:s0 tclass=capability permissive=0
11-11 05:58:33.348 1998 1998 I sysui_multi_action: [757,207,758,2]
11-11 05:58:33.350 1998 2502 I sysui_multi_action: [757,210,758,4,759,-1]
11-11 05:58:34.403 0 0 I auditd : type=1400 audit(0.0:5052): avc: denied { kill } for comm="swapper/3" capability=5 scontext=u:r:kernel:s0 tcontext=u:r:kernel:s0 tclass=capability permissive=0
11-11 05:58:35.399 0 0 I auditd : type=1400 audit(0.0:5053): avc: denied { kill } for comm="swapper/3" capability=5 scontext=u:r:kernel:s0 tcontext=u:r:kernel:s0 tclass=capability permissive=0
11-11 05:58:36.399 0 0 I auditd : type=1400 audit(0.0:5054): avc: denied { kill } for comm="swapper/3" capability=5 scontext=u:r:kernel:s0 tcontext=u:r:kernel:s0 tclass=capability permissive=0
11-11 05:58:37.403 0 0 I auditd : type=1400 audit(0.0:5055): avc: denied { kill } for comm="swapper/3" capability=5 scontext=u:r:kernel:s0 tcontext=u:r:kernel:s0 tclass=capability permissive=0
11-11 05:58:37.778 1514 1614 W BroadcastQueue: Permission Denial: broadcasting Intent { act=android.bluetooth.headset.profile.action.CONNECTION_STATE_CHANGED flg=0x1000010 (has extras) } from com.android.bluetooth (pid=1984, uid=1002) requires com.baidu.input.permission.REGISTERRECEIVE due to registered receiver BroadcastFilter{bd3a921 10023/u0 ReceiverList{9f82b2b 4154 com.baidu.input/10023/u0 remote:714277a}}
11-11 05:58:37.786 1514 1612 I am_pss : [10904,1000,com.qti.diagservices,6140928,3829760,0,93073408,0,10,6]
11-11 05:58:37.792 1514 1514 I Telecom : BluetoothStateReceiver: Device null is now the preferred BT device for HFP: BSR.oR@AHA
11-11 05:58:37.793 1514 1514 I Telecom : BluetoothStateReceiver: Device 50:C0:F0:71:EB:E4 changed state to 0: BSR.oR@AHE
11-11 05:58:37.793 1514 2493 I Telecom : BluetoothRouteManager: Message received: LOST_DEVICE.: BSR.oR->BRM.pM_2@AHE
11-11 05:58:37.793 1514 2496 I Telecom : CallAudioRouteStateMachine: Message received: BT_ACTIVE_DEVICE_GONE=9, arg1=0: BSR.oR->CARSM.pM_BT_ACTIVE_DEVICE_GONE@AHA
11-11 05:58:37.793 1514 2496 I Telecom : QuiescentEarpieceRoute: Processing message BT_ACTIVE_DEVICE_GONE: BSR.oR->CARSM.pM_BT_ACTIVE_DEVICE_GONE@AHA
11-11 05:58:37.793 1514 1514 D CompanionDeviceManagerService: 50:C0:F0:71:EB:E4 disconnected w/ reason: (1101) Remote request
11-11 05:58:37.793 1514 1514 D CompanionDeviceManagerService: onDeviceDisconnected(address = 50:C0:F0:71:EB:E4)
11-11 05:58:37.795 1514 2496 I Telecom : Logging.Events: Non-call EVENT: AUDIO_ROUTE, Bluetooth active device gone: BSR.oR->CARSM.pM_BT_ACTIVE_DEVICE_GONE@AHA
11-11 05:58:37.795 1514 2496 I Telecom : CallAudioRouteStateMachine: Message received: BLUETOOTH_DEVICE_LIST_CHANGED=7, arg1=0: BSR.oR->CARSM.pM_BLUETOOTH_DEVICE_LIST_CHANGED@AHE
11-11 05:58:37.795 1514 2496 I Telecom : QuiescentEarpieceRoute: Processing message BLUETOOTH_DEVICE_LIST_CHANGED: BSR.oR->CARSM.pM_BLUETOOTH_DEVICE_LIST_CHANGED@AHE
11-11 05:58:37.795 1514 2496 I Telecom : Logging.Events: Non-call EVENT: AUDIO_ROUTE, Bluetooth device list changed: BSR.oR->CARSM.pM_BLUETOOTH_DEVICE_LIST_CHANGED@AHE
11-11 05:58:37.801 1514 1514 I Telecom : WiredHeadsetManager: ACTION_HEADSET_PLUG event, plugged in: false, : WHC.oADR@AHI
11-11 05:58:37.828 1514 1514 I Telecom : WiredHeadsetManager: ACTION_HEADSET_PLUG event, plugged in: false, : WHC.oADR@AHM
11-11 05:58:37.833 1514 8233 I stream_devices_changed: [3,128,2]
11-11 05:58:37.855 1514 1919 I stream_devices_changed: [6,128,1]
11-11 05:58:37.887 1998 2502 I sysui_multi_action: [757,210,758,4,759,11]
11-11 05:58:37.898 1998 2502 I sysui_multi_action: [757,210,758,4,759,10]
11-11 05:58:37.909 1998 2502 I sysui_multi_action: [757,210,758,4,759,8]
11-11 05:58:37.939 1998 2502 I sysui_multi_action: [757,210,758,4,759,7]
11-11 05:58:37.966 1998 2502 I sysui_multi_action: [757,210,758,4,759,5]
11-11 05:58:38.009 1998 2502 I sysui_multi_action: [757,210,758,4,759,4]
11-11 05:58:38.022 1998 2502 I sysui_multi_action: [757,210,758,4,759,2]
11-11 05:58:38.035 1998 2502 I sysui_multi_action: [757,210,758,4,759,1]
11-11 05:58:38.036 1998 2502 I sysui_multi_action: [757,210,758,4,759,0]
11-11 05:58:38.037 1998 2502 I sysui_multi_action: [757,210,758,4,759,3]
11-11 05:58:38.038 1998 2502 I sysui_multi_action: [757,210,758,4,759,6]
11-11 05:58:38.399 0 0 I auditd : type=1400 audit(0.0:5056): avc: denied { kill } for comm="swapper/3" capability=5 scontext=u:r:kernel:s0 tcontext=u:r:kernel:s0 tclass=capability permissive=0
11-11 05:58:38.542 1514 1715 I commit_sys_config_file: [settings-1-0,6]
11-11 05:58:39.303 1514 1614 I am_uid_idle: 10084
11-11 05:58:39.399 0 0 I auditd : type=1400 audit(0.0:5057): avc: denied { kill } for comm="swapper/3" capability=5 scontext=u:r:kernel:s0 tcontext=u:r:kernel:s0 tclass=capability permissive=0
11-11 05:58:39.780 1514 1614 I am_uid_idle: 10065
11-11 05:58:40.399 0 0 I auditd : type=1400 audit(0.0:5058): avc: denied { kill } for comm="swapper/3" capability=5 scontext=u:r:kernel:s0 tcontext=u:r:kernel:s0 tclass=capability permissive=0
11-11 05:58:41.403 0 0 I auditd : type=1400 audit(0.0:5059): avc: denied { kill } for comm="swapper/3" capability=5 scontext=u:r:kernel:s0 tcontext=u:r:kernel:s0 tclass=capability permissive=0
11-11 05:58:41.636 1514 1514 I volume_changed: [6,7,8,15,android]
11-11 05:58:41.640 1998 2502 I sysui_multi_action: [757,211,758,4,759,6]
11-11 05:58:41.650 1998 1998 I sysui_multi_action: [757,207,758,1]
11-11 05:58:41.651 1998 1998 I sysui_multi_action: [757,804,799,volume_from_keyguard,801,0,802,1]
11-11 05:58:42.399 0 0 I auditd : type=1400 audit(0.0:5060): avc: denied { kill } for comm="swapper/3" capability=5 scontext=u:r:kernel:s0 tcontext=u:r:kernel:s0 tclass=capability permissive=0
11-11 05:58:43.399 0 0 I auditd : type=1400 audit(0.0:5061): avc: denied { kill } for comm="swapper/3" capability=5 scontext=u:r:kernel:s0 tcontext=u:r:kernel:s0 tclass=capability permissive=0
11-11 05:58:44.399 0 0 I auditd : type=1400 audit(0.0:5062): avc: denied { kill } for comm="swapper/3" capability=5 scontext=u:r:kernel:s0 tcontext=u:r:kernel:s0 tclass=capability permissive=0
11-11 05:58:44.642 1998 1998 I sysui_multi_action: [757,207,758,2]
11-11 05:58:44.644 1998 2502 I sysui_multi_action: [757,210,758,4,759,-1]
11-11 05:58:45.102 1514 1514 I volume_changed: [3,25,26,39,android]
11-11 05:58:45.118 1998 2502 I sysui_multi_action: [757,210,758,4,759,3]
11-11 05:58:45.120 1998 2502 I sysui_multi_action: [757,211,758,4,759,3]
11-11 05:58:45.130 1998 1998 I sysui_multi_action: [757,207,758,1]
11-11 05:58:45.130 1998 1998 I sysui_multi_action: [757,804,799,volume_from_keyguard,801,0,802,1]
11-11 05:58:45.399 13468 13468 I auditd : type=1400 audit(0.0:5063): avc: denied { kill } for comm="kworker/u16:9" capability=5 scontext=u:r:kernel:s0 tcontext=u:r:kernel:s0 tclass=capability permissive=0
11-11 05:58:45.872 1514 1715 I commit_sys_config_file: [settings-1-0,50]
11-11 05:58:46.399 0 0 I auditd : type=1400 audit(0.0:5064): avc: denied { kill } for comm="swapper/3" capability=5 scontext=u:r:kernel:s0 tcontext=u:r:kernel:s0 tclass=capability permissive=0
11-11 05:58:47.399 0 0 I auditd : type=1400 audit(0.0:5065): avc: denied { kill } for comm="swapper/3" capability=5 scontext=u:r:kernel:s0 tcontext=u:r:kernel:s0 tclass=capability permissive=0
11-11 05:58:48.124 1998 1998 I sysui_multi_action: [757,207,758,2]
11-11 05:58:48.127 1998 2502 I sysui_multi_action: [757,210,758,4,759,-1]
11-11 05:58:48.399 0 0 I auditd : type=1400 audit(0.0:5066): avc: denied { kill } for comm="swapper/3" capability=5 scontext=u:r:kernel:s0 tcontext=u:r:kernel:s0 tclass=capability permissive=0
11-11 05:58:49.403 0 0 I auditd : type=1400 audit(0.0:5067): avc: denied { kill } for comm="swapper/3" capability=5 scontext=u:r:kernel:s0 tcontext=u:r:kernel:s0 tclass=capability permissive=0
11-11 05:58:50.403 0 0 I auditd : type=1400 audit(0.0:5068): avc: denied { kill } for comm="swapper/3" capability=5 scontext=u:r:kernel:s0 tcontext=u:r:kernel:s0 tclass=capability permissive=0
11-11 05:58:51.399 0 0 I auditd : type=1400 audit(0.0:5069): avc: denied { kill } for comm="swapper/3" capability=5 scontext=u:r:kernel:s0 tcontext=u:r:kernel:s0 tclass=capability permissive=0
11-11 05:58:52.403 0 0 I auditd : type=1400 audit(0.0:5070): avc: denied { kill } for comm="swapper/3" capability=5 scontext=u:r:kernel:s0 tcontext=u:r:kernel:s0 tclass=capability permissive=0
11-11 05:58:53.399 0 0 I auditd : type=1400 audit(0.0:5071): avc: denied { kill } for comm="swapper/3" capability=5 scontext=u:r:kernel:s0 tcontext=u:r:kernel:s0 tclass=capability permissive=0
11-11 05:58:54.399 0 0 I auditd : type=1400 audit(0.0:5072): avc: denied { kill } for comm="swapper/3" capability=5 scontext=u:r:kernel:s0 tcontext=u:r:kernel:s0 tclass=capability permissive=0
11-11 05:58:55.403 0 0 I auditd : type=1400 audit(0.0:5073): avc: denied { kill } for comm="swapper/3" capability=5 scontext=u:r:kernel:s0 tcontext=u:r:kernel:s0 tclass=capability permissive=0
11-11 05:58:56.399 0 0 I auditd : type=1400 audit(0.0:5074): avc: denied { kill } for comm="swapper/3" capability=5 scontext=u:r:kernel:s0 tcontext=u:r:kernel:s0 tclass=capability permissive=0
11-11 05:58:57.399 0 0 I auditd : type=1400 audit(0.0:5075): avc: denied { kill } for comm="swapper/3" capability=5 scontext=u:r:kernel:s0 tcontext=u:r:kernel:s0 tclass=capability permissive=0
11-11 05:58:58.399 0 0 I auditd : type=1400 audit(0.0:5076): avc: denied { kill } for comm="swapper/3" capability=5 scontext=u:r:kernel:s0 tcontext=u:r:kernel:s0 tclass=capability permissive=0
11-11 05:58:59.399 0 0 I auditd : type=1400 audit(0.0:5077): avc: denied { kill } for comm="swapper/3" capability=5 scontext=u:r:kernel:s0 tcontext=u:r:kernel:s0 tclass=capability permissive=0
11-11 05:59:00.399 0 0 I auditd : type=1400 audit(0.0:5078): avc: denied { kill } for comm="swapper/3" capability=5 scontext=u:r:kernel:s0 tcontext=u:r:kernel:s0 tclass=capability permissive=0
11-11 05:59:01.403 0 0 I auditd : type=1400 audit(0.0:5079): avc: denied { kill } for comm="swapper/3" capability=5 scontext=u:r:kernel:s0 tcontext=u:r:kernel:s0 tclass=capability permissive=0
11-11 05:59:02.403 0 0 I auditd : type=1400 audit(0.0:5080): avc: denied { kill } for comm="swapper/3" capability=5 scontext=u:r:kernel:s0 tcontext=u:r:kernel:s0 tclass=capability permissive=0
11-11 05:59:03.399 0 0 I auditd : type=1400 audit(0.0:5081): avc: denied { kill } for comm="swapper/3" capability=5 scontext=u:r:kernel:s0 tcontext=u:r:kernel:s0 tclass=capability permissive=0
11-11 05:59:04.403 0 0 I auditd : type=1400 audit(0.0:5082): avc: denied { kill } for comm="swapper/3" capability=5 scontext=u:r:kernel:s0 tcontext=u:r:kernel:s0 tclass=capability permissive=0
11-11 05:59:05.399 0 0 I auditd : type=1400 audit(0.0:5083): avc: denied { kill } for comm="swapper/3" capability=5 scontext=u:r:kernel:s0 tcontext=u:r:kernel:s0 tclass=capability permissive=0
11-11 05:59:06.399 0 0 I auditd : type=1400 audit(0.0:5084): avc: denied { kill } for comm="swapper/3" capability=5 scontext=u:r:kernel:s0 tcontext=u:r:kernel:s0 tclass=capability permissive=0
11-11 05:59:07.399 0 0 I auditd : type=1400 audit(0.0:5085): avc: denied { kill } for comm="swapper/3" capability=5 scontext=u:r:kernel:s0 tcontext=u:r:kernel:s0 tclass=capability permissive=0
11-11 05:59:08.399 0 0 I auditd : type=1400 audit(0.0:5086): avc: denied { kill } for comm="swapper/3" capability=5 scontext=u:r:kernel:s0 tcontext=u:r:kernel:s0 tclass=capability permissive=0
11-11 05:59:09.403 0 0 I auditd : type=1400 audit(0.0:5087): avc: denied { kill } for comm="swapper/3" capability=5 scontext=u:r:kernel:s0 tcontext=u:r:kernel:s0 tclass=capability permissive=0
11-11 05:59:10.399 0 0 I auditd : type=1400 audit(0.0:5088): avc: denied { kill } for comm="swapper/3" capability=5 scontext=u:r:kernel:s0 tcontext=u:r:kernel:s0 tclass=capability permissive=0
11-11 05:59:11.399 0 0 I auditd : type=1400 audit(0.0:5089): avc: denied { kill } for comm="swapper/3" capability=5 scontext=u:r:kernel:s0 tcontext=u:r:kernel:s0 tclass=capability permissive=0
11-11 05:59:12.399 0 0 I auditd : type=1400 audit(0.0:5090): avc: denied { kill } for comm="swapper/3" capability=5 scontext=u:r:kernel:s0 tcontext=u:r:kernel:s0 tclass=capability permissive=0
11-11 05:59:13.399 0 0 I auditd : type=1400 audit(0.0:5091): avc: denied { kill } for comm="swapper/3" capability=5 scontext=u:r:kernel:s0 tcontext=u:r:kernel:s0 tclass=capability permissive=0
11-11 05:59:14.403 0 0 I auditd : type=1400 audit(0.0:5092): avc: denied { kill } for comm="swapper/3" capability=5 scontext=u:r:kernel:s0 tcontext=u:r:kernel:s0 tclass=capability permissive=0
11-11 05:59:15.399 0 0 I auditd : type=1400 audit(0.0:5093): avc: denied { kill } for comm="swapper/3" capability=5 scontext=u:r:kernel:s0 tcontext=u:r:kernel:s0 tclass=capability permissive=0
11-11 05:59:16.403 0 0 I auditd : type=1400 audit(0.0:5094): avc: denied { kill } for comm="swapper/3" capability=5 scontext=u:r:kernel:s0 tcontext=u:r:kernel:s0 tclass=capability permissive=0
11-11 05:59:18.399 0 0 I auditd : type=1400 audit(0.0:5095): avc: denied { kill } for comm="swapper/3" capability=5 scontext=u:r:kernel:s0 tcontext=u:r:kernel:s0 tclass=capability permissive=0
11-11 05:59:19.399 0 0 I auditd : type=1400 audit(0.0:5096): avc: denied { kill } for comm="swapper/3" capability=5 scontext=u:r:kernel:s0 tcontext=u:r:kernel:s0 tclass=capability permissive=0
11-11 05:59:20.399 0 0 I auditd : type=1400 audit(0.0:5097): avc: denied { kill } for comm="swapper/3" capability=5 scontext=u:r:kernel:s0 tcontext=u:r:kernel:s0 tclass=capability permissive=0
11-11 05:59:21.403 0 0 I auditd : type=1400 audit(0.0:5098): avc: denied { kill } for comm="swapper/3" capability=5 scontext=u:r:kernel:s0 tcontext=u:r:kernel:s0 tclass=capability permissive=0
11-11 05:59:22.399 0 0 I auditd : type=1400 audit(0.0:5099): avc: denied { kill } for comm="swapper/3" capability=5 scontext=u:r:kernel:s0 tcontext=u:r:kernel:s0 tclass=capability permissive=0
11-11 05:59:23.030 1514 1836 I netstats_mobile_sample: [0,0,0,0,0,0,0,0,0,0,0,0,1668117563030]
11-11 05:59:23.031 1514 1836 I netstats_wifi_sample: [98260549,223205,48745369,112758,98260549,223205,48745369,112758,114267918,311363,24584809,58530,1668117563030]
11-11 05:59:23.399 0 0 I auditd : type=1400 audit(0.0:5100): avc: denied { kill } for comm="swapper/3" capability=5 scontext=u:r:kernel:s0 tcontext=u:r:kernel:s0 tclass=capability permissive=0
11-11 05:59:24.399 0 0 I auditd : type=1400 audit(0.0:5101): avc: denied { kill } for comm="swapper/3" capability=5 scontext=u:r:kernel:s0 tcontext=u:r:kernel:s0 tclass=capability permissive=0
11-11 05:59:25.399 0 0 I auditd : type=1400 audit(0.0:5102): avc: denied { kill } for comm="swapper/3" capability=5 scontext=u:r:kernel:s0 tcontext=u:r:kernel:s0 tclass=capability permissive=0
11-11 05:59:26.399 0 0 I auditd : type=1400 audit(0.0:5103): avc: denied { kill } for comm="swapper/3" capability=5 scontext=u:r:kernel:s0 tcontext=u:r:kernel:s0 tclass=capability permissive=0
11-11 05:59:27.399 0 0 I auditd : type=1400 audit(0.0:5104): avc: denied { kill } for comm="swapper/3" capability=5 scontext=u:r:kernel:s0 tcontext=u:r:kernel:s0 tclass=capability permissive=0
11-11 05:59:29.399 0 0 I auditd : type=1400 audit(0.0:5105): avc: denied { kill } for comm="swapper/3" capability=5 scontext=u:r:kernel:s0 tcontext=u:r:kernel:s0 tclass=capability permissive=0
11-11 05:59:30.399 0 0 I auditd : type=1400 audit(0.0:5106): avc: denied { kill } for comm="swapper/3" capability=5 scontext=u:r:kernel:s0 tcontext=u:r:kernel:s0 tclass=capability permissive=0
11-11 05:59:31.399 0 0 I auditd : type=1400 audit(0.0:5107): avc: denied { kill } for comm="swapper/3" capability=5 scontext=u:r:kernel:s0 tcontext=u:r:kernel:s0 tclass=capability permissive=0
11-11 05:59:32.399 0 0 I auditd : type=1400 audit(0.0:5108): avc: denied { kill } for comm="swapper/3" capability=5 scontext=u:r:kernel:s0 tcontext=u:r:kernel:s0 tclass=capability permissive=0
11-11 05:59:33.399 0 0 I auditd : type=1400 audit(0.0:5109): avc: denied { kill } for comm="swapper/3" capability=5 scontext=u:r:kernel:s0 tcontext=u:r:kernel:s0 tclass=capability permissive=0
11-11 05:59:34.399 0 0 I auditd : type=1400 audit(0.0:5110): avc: denied { kill } for comm="swapper/3" capability=5 scontext=u:r:kernel:s0 tcontext=u:r:kernel:s0 tclass=capability permissive=0
11-11 05:59:35.399 0 0 I auditd : type=1400 audit(0.0:5111): avc: denied { kill } for comm="swapper/3" capability=5 scontext=u:r:kernel:s0 tcontext=u:r:kernel:s0 tclass=capability permissive=0
11-11 05:59:36.403 0 0 I auditd : type=1400 audit(0.0:5112): avc: denied { kill } for comm="swapper/3" capability=5 scontext=u:r:kernel:s0 tcontext=u:r:kernel:s0 tclass=capability permissive=0
11-11 05:59:37.399 0 0 I auditd : type=1400 audit(0.0:5113): avc: denied { kill } for comm="swapper/3" capability=5 scontext=u:r:kernel:s0 tcontext=u:r:kernel:s0 tclass=capability permissive=0
11-11 05:59:38.128 1514 1649 V DisplayPowerController[0]: Brightness [0.05] reason changing to: 'manual [ dim ]', previous reason: 'manual'.
11-11 05:59:38.128 1514 1649 I sysui_multi_action: [757,1696,758,6,759,2]
11-11 05:59:38.129 1514 1649 W PowerManagerService: Screen on took 143276 ms
11-11 05:59:38.130 1514 1974 E DisplayDeviceConfig: requesting nits when no mapping exists.
11-11 05:59:38.131 1514 1974 E DisplayDeviceConfig: requesting nits when no mapping exists.
11-11 05:59:38.132 1514 1614 I am_wtf : [0,1514,system_server,-1,DisplayDeviceConfig,requesting nits when no mapping exists.]
11-11 05:59:38.133 1514 1614 I DropBoxManagerService: add tag=system_server_wtf isTagEnabled=true flags=0x2
11-11 05:59:38.135 1514 1614 I am_wtf : [0,1514,system_server,-1,DisplayDeviceConfig,requesting nits when no mapping exists.]
11-11 05:59:38.136 1514 1614 I DropBoxManagerService: add tag=system_server_wtf isTagEnabled=true flags=0x2
11-11 05:59:38.146 1514 1974 E DisplayDeviceConfig: requesting nits when no mapping exists.
11-11 05:59:38.147 1514 1614 I am_wtf : [0,1514,system_server,-1,DisplayDeviceConfig,requesting nits when no mapping exists.]
11-11 05:59:38.147 1514 1974 E DisplayDeviceConfig: requesting nits when no mapping exists.
11-11 05:59:38.148 1514 1614 I DropBoxManagerService: add tag=system_server_wtf isTagEnabled=true flags=0x2
11-11 05:59:38.149 1514 1614 I am_wtf : [0,1514,system_server,-1,DisplayDeviceConfig,requesting nits when no mapping exists.]
11-11 05:59:38.150 1514 1614 I DropBoxManagerService: add tag=system_server_wtf isTagEnabled=true flags=0x2
11-11 05:59:38.163 1514 1974 E DisplayDeviceConfig: requesting nits when no mapping exists.
11-11 05:59:38.164 1514 1974 E DisplayDeviceConfig: requesting nits when no mapping exists.
11-11 05:59:38.164 1514 1614 I am_wtf : [0,1514,system_server,-1,DisplayDeviceConfig,requesting nits when no mapping exists.]
11-11 05:59:38.165 1514 1614 I DropBoxManagerService: add tag=system_server_wtf isTagEnabled=true flags=0x2
11-11 05:59:38.166 1514 1614 I am_wtf : [0,1514,system_server,-1,DisplayDeviceConfig,requesting nits when no mapping exists.]
11-11 05:59:38.169 1514 1974 E DisplayDeviceConfig: requesting nits when no mapping exists.
11-11 05:59:38.170 1514 1614 I am_wtf : [0,1514,system_server,-1,DisplayDeviceConfig,requesting nits when no mapping exists.]
11-11 05:59:38.170 1514 1974 E DisplayDeviceConfig: requesting nits when no mapping exists.
11-11 05:59:38.171 1514 1614 I am_wtf : [0,1514,system_server,-1,DisplayDeviceConfig,requesting nits when no mapping exists.]
11-11 05:59:38.186 1514 1974 E DisplayDeviceConfig: requesting nits when no mapping exists.
11-11 05:59:38.186 1514 1974 E DisplayDeviceConfig: requesting nits when no mapping exists.
11-11 05:59:38.187 1514 1614 I am_wtf : [0,1514,system_server,-1,DisplayDeviceConfig,requesting nits when no mapping exists.]
11-11 05:59:38.187 1514 1614 I am_wtf : [0,1514,system_server,-1,DisplayDeviceConfig,requesting nits when no mapping exists.]
11-11 05:59:38.202 1514 1974 E DisplayDeviceConfig: requesting nits when no mapping exists.
11-11 05:59:38.203 1514 1974 E DisplayDeviceConfig: requesting nits when no mapping exists.
11-11 05:59:38.203 1514 1614 I am_wtf : [0,1514,system_server,-1,DisplayDeviceConfig,requesting nits when no mapping exists.]
11-11 05:59:38.204 1514 1614 I am_wtf : [0,1514,system_server,-1,DisplayDeviceConfig,requesting nits when no mapping exists.]
11-11 05:59:38.219 1514 1974 E DisplayDeviceConfig: requesting nits when no mapping exists.
11-11 05:59:38.220 1514 1614 I am_wtf : [0,1514,system_server,-1,DisplayDeviceConfig,requesting nits when no mapping exists.]
11-11 05:59:38.220 1514 1974 E DisplayDeviceConfig: requesting nits when no mapping exists.
11-11 05:59:38.221 1514 1614 I am_wtf : [0,1514,system_server,-1,DisplayDeviceConfig,requesting nits when no mapping exists.]
11-11 05:59:38.236 1514 1974 E DisplayDeviceConfig: requesting nits when no mapping exists.
11-11 05:59:38.236 1514 1974 E DisplayDeviceConfig: requesting nits when no mapping exists.
11-11 05:59:38.237 1514 1614 I am_wtf : [0,1514,system_server,-1,DisplayDeviceConfig,requesting nits when no mapping exists.]
11-11 05:59:38.238 1514 1614 I am_wtf : [0,1514,system_server,-1,DisplayDeviceConfig,requesting nits when no mapping exists.]
11-11 05:59:38.253 1514 1974 E DisplayDeviceConfig: requesting nits when no mapping exists.
11-11 05:59:38.254 1514 1614 I am_wtf : [0,1514,system_server,-1,DisplayDeviceConfig,requesting nits when no mapping exists.]
11-11 05:59:38.254 1514 1974 E DisplayDeviceConfig: requesting nits when no mapping exists.
11-11 05:59:38.255 1514 1614 I am_wtf : [0,1514,system_server,-1,DisplayDeviceConfig,requesting nits when no mapping exists.]
11-11 05:59:38.269 1514 1974 E DisplayDeviceConfig: requesting nits when no mapping exists.
11-11 05:59:38.270 1514 1614 I am_wtf : [0,1514,system_server,-1,DisplayDeviceConfig,requesting nits when no mapping exists.]
11-11 05:59:38.270 1514 1974 E DisplayDeviceConfig: requesting nits when no mapping exists.
11-11 05:59:38.270 1514 1614 I am_wtf : [0,1514,system_server,-1,DisplayDeviceConfig,requesting nits when no mapping exists.]
11-11 05:59:38.286 1514 1974 E DisplayDeviceConfig: requesting nits when no mapping exists.
11-11 05:59:38.287 1514 1614 I am_wtf : [0,1514,system_server,-1,DisplayDeviceConfig,requesting nits when no mapping exists.]
11-11 05:59:38.287 1514 1974 E DisplayDeviceConfig: requesting nits when no mapping exists.
11-11 05:59:38.288 1514 1614 I am_wtf : [0,1514,system_server,-1,DisplayDeviceConfig,requesting nits when no mapping exists.]
11-11 05:59:38.303 1514 1974 E DisplayDeviceConfig: requesting nits when no mapping exists.
11-11 05:59:38.303 1514 1974 E DisplayDeviceConfig: requesting nits when no mapping exists.
11-11 05:59:38.303 1514 1614 I am_wtf : [0,1514,system_server,-1,DisplayDeviceConfig,requesting nits when no mapping exists.]
11-11 05:59:38.304 1514 1614 I am_wtf : [0,1514,system_server,-1,DisplayDeviceConfig,requesting nits when no mapping exists.]
11-11 05:59:38.320 1514 1974 E DisplayDeviceConfig: requesting nits when no mapping exists.
11-11 05:59:38.320 1514 1614 I am_wtf : [0,1514,system_server,-1,DisplayDeviceConfig,requesting nits when no mapping exists.]
11-11 05:59:38.322 1514 1974 E DisplayDeviceConfig: requesting nits when no mapping exists.
11-11 05:59:38.322 1514 1614 I am_wtf : [0,1514,system_server,-1,DisplayDeviceConfig,requesting nits when no mapping exists.]
11-11 05:59:38.336 1514 1974 E DisplayDeviceConfig: requesting nits when no mapping exists.
11-11 05:59:38.337 1514 1614 I am_wtf : [0,1514,system_server,-1,DisplayDeviceConfig,requesting nits when no mapping exists.]
11-11 05:59:38.338 1514 1974 E DisplayDeviceConfig: requesting nits when no mapping exists.
11-11 05:59:38.339 1514 1614 I am_wtf : [0,1514,system_server,-1,DisplayDeviceConfig,requesting nits when no mapping exists.]
11-11 05:59:38.353 1514 1974 E DisplayDeviceConfig: requesting nits when no mapping exists.
11-11 05:59:38.353 1514 1974 E DisplayDeviceConfig: requesting nits when no mapping exists.
11-11 05:59:38.354 1514 1614 I am_wtf : [0,1514,system_server,-1,DisplayDeviceConfig,requesting nits when no mapping exists.]
11-11 05:59:38.354 1514 1614 I am_wtf : [0,1514,system_server,-1,DisplayDeviceConfig,requesting nits when no mapping exists.]
11-11 05:59:38.370 1514 1974 E DisplayDeviceConfig: requesting nits when no mapping exists.
11-11 05:59:38.371 1514 1974 E DisplayDeviceConfig: requesting nits when no mapping exists.
11-11 05:59:38.371 1514 1614 I am_wtf : [0,1514,system_server,-1,DisplayDeviceConfig,requesting nits when no mapping exists.]
11-11 05:59:38.372 1514 1614 I am_wtf : [0,1514,system_server,-1,DisplayDeviceConfig,requesting nits when no mapping exists.]
11-11 05:59:38.387 1514 1974 E DisplayDeviceConfig: requesting nits when no mapping exists.
11-11 05:59:38.387 1514 1974 E DisplayDeviceConfig: requesting nits when no mapping exists.
11-11 05:59:38.387 1514 1614 I am_wtf : [0,1514,system_server,-1,DisplayDeviceConfig,requesting nits when no mapping exists.]
11-11 05:59:38.388 1514 1614 I am_wtf : [0,1514,system_server,-1,DisplayDeviceConfig,requesting nits when no mapping exists.]
11-11 05:59:38.403 1514 1974 E DisplayDeviceConfig: requesting nits when no mapping exists.
11-11 05:59:38.404 1514 1974 E DisplayDeviceConfig: requesting nits when no mapping exists.
11-11 05:59:38.404 1514 1614 I am_wtf : [0,1514,system_server,-1,DisplayDeviceConfig,requesting nits when no mapping exists.]
11-11 05:59:38.405 1514 1614 I am_wtf : [0,1514,system_server,-1,DisplayDeviceConfig,requesting nits when no mapping exists.]
11-11 05:59:38.420 1514 1974 E DisplayDeviceConfig: requesting nits when no mapping exists.
11-11 05:59:38.421 1514 1974 E DisplayDeviceConfig: requesting nits when no mapping exists.
11-11 05:59:38.421 1514 1614 I am_wtf : [0,1514,system_server,-1,DisplayDeviceConfig,requesting nits when no mapping exists.]
11-11 05:59:38.422 1514 1614 I am_wtf : [0,1514,system_server,-1,DisplayDeviceConfig,requesting nits when no mapping exists.]
11-11 05:59:38.436 1514 1974 E DisplayDeviceConfig: requesting nits when no mapping exists.
11-11 05:59:38.437 1514 1614 I am_wtf : [0,1514,system_server,-1,DisplayDeviceConfig,requesting nits when no mapping exists.]
11-11 05:59:38.438 1514 1974 E DisplayDeviceConfig: requesting nits when no mapping exists.
11-11 05:59:38.439 1514 1614 I am_wtf : [0,1514,system_server,-1,DisplayDeviceConfig,requesting nits when no mapping exists.]
11-11 05:59:38.453 1514 1974 E DisplayDeviceConfig: requesting nits when no mapping exists.
11-11 05:59:38.454 1514 1974 E DisplayDeviceConfig: requesting nits when no mapping exists.
11-11 05:59:38.454 1514 1614 I am_wtf : [0,1514,system_server,-1,DisplayDeviceConfig,requesting nits when no mapping exists.]
11-11 05:59:38.455 1514 1614 I am_wtf : [0,1514,system_server,-1,DisplayDeviceConfig,requesting nits when no mapping exists.]
11-11 05:59:38.470 1514 1974 E DisplayDeviceConfig: requesting nits when no mapping exists.
11-11 05:59:38.471 1514 1974 E DisplayDeviceConfig: requesting nits when no mapping exists.
11-11 05:59:38.471 1514 1614 I am_wtf : [0,1514,system_server,-1,DisplayDeviceConfig,requesting nits when no mapping exists.]
11-11 05:59:38.472 1514 1614 I am_wtf : [0,1514,system_server,-1,DisplayDeviceConfig,requesting nits when no mapping exists.]
11-11 05:59:38.487 1514 1974 E DisplayDeviceConfig: requesting nits when no mapping exists.
11-11 05:59:38.487 1514 1974 E DisplayDeviceConfig: requesting nits when no mapping exists.
11-11 05:59:38.487 1514 1614 I am_wtf : [0,1514,system_server,-1,DisplayDeviceConfig,requesting nits when no mapping exists.]
11-11 05:59:38.488 1514 1614 I am_wtf : [0,1514,system_server,-1,DisplayDeviceConfig,requesting nits when no mapping exists.]
11-11 05:59:38.504 1514 1974 E DisplayDeviceConfig: requesting nits when no mapping exists.
11-11 05:59:38.504 1514 1974 E DisplayDeviceConfig: requesting nits when no mapping exists.
11-11 05:59:38.504 1514 1614 I am_wtf : [0,1514,system_server,-1,DisplayDeviceConfig,requesting nits when no mapping exists.]
11-11 05:59:38.505 1514 1614 I am_wtf : [0,1514,system_server,-1,DisplayDeviceConfig,requesting nits when no mapping exists.]
11-11 05:59:38.520 1514 1974 E DisplayDeviceConfig: requesting nits when no mapping exists.
11-11 05:59:38.521 1514 1614 I am_wtf : [0,1514,system_server,-1,DisplayDeviceConfig,requesting nits when no mapping exists.]
11-11 05:59:38.521 1514 1974 E DisplayDeviceConfig: requesting nits when no mapping exists.
11-11 05:59:38.522 1514 1614 I am_wtf : [0,1514,system_server,-1,DisplayDeviceConfig,requesting nits when no mapping exists.]
11-11 05:59:38.537 1514 1974 E DisplayDeviceConfig: requesting nits when no mapping exists.
11-11 05:59:38.537 1514 1614 I am_wtf : [0,1514,system_server,-1,DisplayDeviceConfig,requesting nits when no mapping exists.]
11-11 05:59:38.537 1514 1974 E DisplayDeviceConfig: requesting nits when no mapping exists.
11-11 05:59:38.538 1514 1614 I am_wtf : [0,1514,system_server,-1,DisplayDeviceConfig,requesting nits when no mapping exists.]
11-11 05:59:38.554 1514 1974 E DisplayDeviceConfig: requesting nits when no mapping exists.
11-11 05:59:38.554 1514 1614 I am_wtf : [0,1514,system_server,-1,DisplayDeviceConfig,requesting nits when no mapping exists.]
11-11 05:59:38.555 1514 1974 E DisplayDeviceConfig: requesting nits when no mapping exists.
11-11 05:59:38.556 1514 1614 I am_wtf : [0,1514,system_server,-1,DisplayDeviceConfig,requesting nits when no mapping exists.]
11-11 05:59:38.570 1514 1974 E DisplayDeviceConfig: requesting nits when no mapping exists.
11-11 05:59:38.571 1514 1974 E DisplayDeviceConfig: requesting nits when no mapping exists.
11-11 05:59:38.571 1514 1614 I am_wtf : [0,1514,system_server,-1,DisplayDeviceConfig,requesting nits when no mapping exists.]
11-11 05:59:38.572 1514 1614 I am_wtf : [0,1514,system_server,-1,DisplayDeviceConfig,requesting nits when no mapping exists.]
11-11 05:59:38.587 1514 1974 E DisplayDeviceConfig: requesting nits when no mapping exists.
11-11 05:59:38.587 1514 1614 I am_wtf : [0,1514,system_server,-1,DisplayDeviceConfig,requesting nits when no mapping exists.]
11-11 05:59:38.587 1514 1974 E DisplayDeviceConfig: requesting nits when no mapping exists.
11-11 05:59:38.588 1514 1614 I am_wtf : [0,1514,system_server,-1,DisplayDeviceConfig,requesting nits when no mapping exists.]
11-11 05:59:38.604 1514 1974 E DisplayDeviceConfig: requesting nits when no mapping exists.
11-11 05:59:38.605 1514 1974 E DisplayDeviceConfig: requesting nits when no mapping exists.
11-11 05:59:38.605 1514 1614 I am_wtf : [0,1514,system_server,-1,DisplayDeviceConfig,requesting nits when no mapping exists.]
11-11 05:59:38.606 1514 1614 I am_wtf : [0,1514,system_server,-1,DisplayDeviceConfig,requesting nits when no mapping exists.]
11-11 05:59:38.620 1514 1974 E DisplayDeviceConfig: requesting nits when no mapping exists.
11-11 05:59:38.621 1514 1974 E DisplayDeviceConfig: requesting nits when no mapping exists.
11-11 05:59:38.621 1514 1614 I am_wtf : [0,1514,system_server,-1,DisplayDeviceConfig,requesting nits when no mapping exists.]
11-11 05:59:38.622 1514 1614 I am_wtf : [0,1514,system_server,-1,DisplayDeviceConfig,requesting nits when no mapping exists.]
11-11 05:59:38.637 1514 1974 E DisplayDeviceConfig: requesting nits when no mapping exists.
11-11 05:59:38.638 1514 1614 I am_wtf : [0,1514,system_server,-1,DisplayDeviceConfig,requesting nits when no mapping exists.]
11-11 05:59:38.638 1514 1974 E DisplayDeviceConfig: requesting nits when no mapping exists.
11-11 05:59:38.639 1514 1614 I am_wtf : [0,1514,system_server,-1,DisplayDeviceConfig,requesting nits when no mapping exists.]
11-11 05:59:38.654 1514 1974 E DisplayDeviceConfig: requesting nits when no mapping exists.
11-11 05:59:38.654 1514 1614 I am_wtf : [0,1514,system_server,-1,DisplayDeviceConfig,requesting nits when no mapping exists.]
11-11 05:59:38.654 1514 1974 E DisplayDeviceConfig: requesting nits when no mapping exists.
11-11 05:59:38.655 1514 1614 I am_wtf : [0,1514,system_server,-1,DisplayDeviceConfig,requesting nits when no mapping exists.]
11-11 05:59:38.670 1514 1974 E DisplayDeviceConfig: requesting nits when no mapping exists.
11-11 05:59:38.671 1514 1614 I am_wtf : [0,1514,system_server,-1,DisplayDeviceConfig,requesting nits when no mapping exists.]
11-11 05:59:38.672 1514 1974 E DisplayDeviceConfig: requesting nits when no mapping exists.
11-11 05:59:38.672 1514 1614 I am_wtf : [0,1514,system_server,-1,DisplayDeviceConfig,requesting nits when no mapping exists.]
11-11 05:59:38.687 1514 1974 E DisplayDeviceConfig: requesting nits when no mapping exists.
11-11 05:59:38.688 1514 1614 I am_wtf : [0,1514,system_server,-1,DisplayDeviceConfig,requesting nits when no mapping exists.]
11-11 05:59:38.688 1514 1974 E DisplayDeviceConfig: requesting nits when no mapping exists.
11-11 05:59:38.688 1514 1614 I am_wtf : [0,1514,system_server,-1,DisplayDeviceConfig,requesting nits when no mapping exists.]
11-11 05:59:38.704 1514 1974 E DisplayDeviceConfig: requesting nits when no mapping exists.
11-11 05:59:38.704 1514 1614 I am_wtf : [0,1514,system_server,-1,DisplayDeviceConfig,requesting nits when no mapping exists.]
11-11 05:59:38.704 1514 1974 E DisplayDeviceConfig: requesting nits when no mapping exists.
11-11 05:59:38.705 1514 1614 I am_wtf : [0,1514,system_server,-1,DisplayDeviceConfig,requesting nits when no mapping exists.]
11-11 05:59:38.720 1514 1974 E DisplayDeviceConfig: requesting nits when no mapping exists.
11-11 05:59:38.721 1514 1974 E DisplayDeviceConfig: requesting nits when no mapping exists.
11-11 05:59:38.721 1514 1614 I am_wtf : [0,1514,system_server,-1,DisplayDeviceConfig,requesting nits when no mapping exists.]
11-11 05:59:38.722 1514 1614 I am_wtf : [0,1514,system_server,-1,DisplayDeviceConfig,requesting nits when no mapping exists.]
11-11 05:59:38.738 1514 1974 E DisplayDeviceConfig: requesting nits when no mapping exists.
11-11 05:59:38.738 1514 1974 E DisplayDeviceConfig: requesting nits when no mapping exists.
11-11 05:59:38.738 1514 1614 I am_wtf : [0,1514,system_server,-1,DisplayDeviceConfig,requesting nits when no mapping exists.]
11-11 05:59:38.739 1514 1614 I am_wtf : [0,1514,system_server,-1,DisplayDeviceConfig,requesting nits when no mapping exists.]
11-11 05:59:38.754 1514 1974 E DisplayDeviceConfig: requesting nits when no mapping exists.
11-11 05:59:38.755 1514 1614 I am_wtf : [0,1514,system_server,-1,DisplayDeviceConfig,requesting nits when no mapping exists.]
11-11 05:59:38.755 1514 1974 E DisplayDeviceConfig: requesting nits when no mapping exists.
11-11 05:59:38.755 1514 1614 I am_wtf : [0,1514,system_server,-1,DisplayDeviceConfig,requesting nits when no mapping exists.]
11-11 05:59:38.771 1514 1974 E DisplayDeviceConfig: requesting nits when no mapping exists.
11-11 05:59:38.771 1514 1614 I am_wtf : [0,1514,system_server,-1,DisplayDeviceConfig,requesting nits when no mapping exists.]
11-11 05:59:38.771 1514 1974 E DisplayDeviceConfig: requesting nits when no mapping exists.
11-11 05:59:38.772 1514 1614 I am_wtf : [0,1514,system_server,-1,DisplayDeviceConfig,requesting nits when no mapping exists.]
11-11 05:59:38.788 1514 1974 E DisplayDeviceConfig: requesting nits when no mapping exists.
11-11 05:59:38.789 1514 1614 I am_wtf : [0,1514,system_server,-1,DisplayDeviceConfig,requesting nits when no mapping exists.]
11-11 05:59:38.789 1514 1974 E DisplayDeviceConfig: requesting nits when no mapping exists.
11-11 05:59:38.790 1514 1614 I am_wtf : [0,1514,system_server,-1,DisplayDeviceConfig,requesting nits when no mapping exists.]
11-11 05:59:38.804 1514 1974 E DisplayDeviceConfig: requesting nits when no mapping exists.
11-11 05:59:38.805 1514 1614 I am_wtf : [0,1514,system_server,-1,DisplayDeviceConfig,requesting nits when no mapping exists.]
11-11 05:59:38.806 1514 1974 E DisplayDeviceConfig: requesting nits when no mapping exists.
11-11 05:59:38.807 1514 1614 I am_wtf : [0,1514,system_server,-1,DisplayDeviceConfig,requesting nits when no mapping exists.]
11-11 05:59:38.821 1514 1974 E DisplayDeviceConfig: requesting nits when no mapping exists.
11-11 05:59:38.821 1514 1614 I am_wtf : [0,1514,system_server,-1,DisplayDeviceConfig,requesting nits when no mapping exists.]
11-11 05:59:38.821 1514 1974 E DisplayDeviceConfig: requesting nits when no mapping exists.
11-11 05:59:38.822 1514 1614 I service_manager_stats: [100,51,76366]
11-11 05:59:38.822 1514 1614 I am_wtf : [0,1514,system_server,-1,DisplayDeviceConfig,requesting nits when no mapping exists.]
11-11 05:59:38.838 1514 1974 E DisplayDeviceConfig: requesting nits when no mapping exists.
11-11 05:59:38.838 1514 1614 I am_wtf : [0,1514,system_server,-1,DisplayDeviceConfig,requesting nits when no mapping exists.]
11-11 05:59:38.839 1514 1974 E DisplayDeviceConfig: requesting nits when no mapping exists.
11-11 05:59:38.840 1514 1614 I am_wtf : [0,1514,system_server,-1,DisplayDeviceConfig,requesting nits when no mapping exists.]
11-11 05:59:38.854 1514 1974 E DisplayDeviceConfig: requesting nits when no mapping exists.
11-11 05:59:38.855 1514 1974 E DisplayDeviceConfig: requesting nits when no mapping exists.
11-11 05:59:38.855 1514 1614 I am_wtf : [0,1514,system_server,-1,DisplayDeviceConfig,requesting nits when no mapping exists.]
11-11 05:59:38.856 1514 1614 I am_wtf : [0,1514,system_server,-1,DisplayDeviceConfig,requesting nits when no mapping exists.]
11-11 05:59:38.871 1514 1974 E DisplayDeviceConfig: requesting nits when no mapping exists.
11-11 05:59:38.871 1514 1974 E DisplayDeviceConfig: requesting nits when no mapping exists.
11-11 05:59:38.871 1514 1614 I am_wtf : [0,1514,system_server,-1,DisplayDeviceConfig,requesting nits when no mapping exists.]
11-11 05:59:38.872 1514 1614 I am_wtf : [0,1514,system_server,-1,DisplayDeviceConfig,requesting nits when no mapping exists.]
11-11 05:59:38.888 1514 1974 E DisplayDeviceConfig: requesting nits when no mapping exists.
11-11 05:59:38.888 1514 1974 E DisplayDeviceConfig: requesting nits when no mapping exists.
11-11 05:59:38.888 1514 1614 I am_wtf : [0,1514,system_server,-1,DisplayDeviceConfig,requesting nits when no mapping exists.]
11-11 05:59:38.889 1514 1614 I am_wtf : [0,1514,system_server,-1,DisplayDeviceConfig,requesting nits when no mapping exists.]
11-11 05:59:38.904 1514 1974 E DisplayDeviceConfig: requesting nits when no mapping exists.
11-11 05:59:38.905 1514 1614 I am_wtf : [0,1514,system_server,-1,DisplayDeviceConfig,requesting nits when no mapping exists.]
11-11 05:59:38.906 1514 1974 E DisplayDeviceConfig: requesting nits when no mapping exists.
11-11 05:59:38.906 1514 1614 I am_wtf : [0,1514,system_server,-1,DisplayDeviceConfig,requesting nits when no mapping exists.]
11-11 05:59:38.921 1514 1974 E DisplayDeviceConfig: requesting nits when no mapping exists.
11-11 05:59:38.922 1514 1614 I am_wtf : [0,1514,system_server,-1,DisplayDeviceConfig,requesting nits when no mapping exists.]
11-11 05:59:38.923 1514 1974 E DisplayDeviceConfig: requesting nits when no mapping exists.
11-11 05:59:38.924 1514 1614 I am_wtf : [0,1514,system_server,-1,DisplayDeviceConfig,requesting nits when no mapping exists.]
11-11 05:59:38.938 1514 1974 E DisplayDeviceConfig: requesting nits when no mapping exists.
11-11 05:59:38.938 1514 1974 E DisplayDeviceConfig: requesting nits when no mapping exists.
11-11 05:59:38.938 1514 1614 I am_wtf : [0,1514,system_server,-1,DisplayDeviceConfig,requesting nits when no mapping exists.]
11-11 05:59:38.940 1514 1614 I am_wtf : [0,1514,system_server,-1,DisplayDeviceConfig,requesting nits when no mapping exists.]
11-11 05:59:38.955 1514 1974 E DisplayDeviceConfig: requesting nits when no mapping exists.
11-11 05:59:38.956 1514 1614 I am_wtf : [0,1514,system_server,-1,DisplayDeviceConfig,requesting nits when no mapping exists.]
11-11 05:59:38.956 1514 1974 E DisplayDeviceConfig: requesting nits when no mapping exists.
11-11 05:59:38.957 1514 1614 I am_wtf : [0,1514,system_server,-1,DisplayDeviceConfig,requesting nits when no mapping exists.]
11-11 05:59:38.971 1514 1974 E DisplayDeviceConfig: requesting nits when no mapping exists.
11-11 05:59:38.972 1514 1614 I am_wtf : [0,1514,system_server,-1,DisplayDeviceConfig,requesting nits when no mapping exists.]
11-11 05:59:38.973 1514 1974 E DisplayDeviceConfig: requesting nits when no mapping exists.
11-11 05:59:38.974 1514 1614 I am_wtf : [0,1514,system_server,-1,DisplayDeviceConfig,requesting nits when no mapping exists.]
11-11 05:59:38.988 1514 1974 E DisplayDeviceConfig: requesting nits when no mapping exists.
11-11 05:59:38.988 1514 1614 I am_wtf : [0,1514,system_server,-1,DisplayDeviceConfig,requesting nits when no mapping exists.]
11-11 05:59:38.989 1514 1974 E DisplayDeviceConfig: requesting nits when no mapping exists.
11-11 05:59:38.990 1514 1614 I am_wtf : [0,1514,system_server,-1,DisplayDeviceConfig,requesting nits when no mapping exists.]
11-11 05:59:39.005 1514 1974 E DisplayDeviceConfig: requesting nits when no mapping exists.
11-11 05:59:39.005 1514 1974 E DisplayDeviceConfig: requesting nits when no mapping exists.
11-11 05:59:39.006 1514 1614 I am_wtf : [0,1514,system_server,-1,DisplayDeviceConfig,requesting nits when no mapping exists.]
11-11 05:59:39.007 1514 1614 I am_wtf : [0,1514,system_server,-1,DisplayDeviceConfig,requesting nits when no mapping exists.]
11-11 05:59:39.021 1514 1974 E DisplayDeviceConfig: requesting nits when no mapping exists.
11-11 05:59:39.022 1514 1974 E DisplayDeviceConfig: requesting nits when no mapping exists.
11-11 05:59:39.022 1514 1614 I am_wtf : [0,1514,system_server,-1,DisplayDeviceConfig,requesting nits when no mapping exists.]
11-11 05:59:39.023 1514 1614 I am_wtf : [0,1514,system_server,-1,DisplayDeviceConfig,requesting nits when no mapping exists.]
11-11 05:59:39.038 1514 1974 E DisplayDeviceConfig: requesting nits when no mapping exists.
11-11 05:59:39.038 1514 1614 I am_wtf : [0,1514,system_server,-1,DisplayDeviceConfig,requesting nits when no mapping exists.]
11-11 05:59:39.039 1514 1974 E DisplayDeviceConfig: requesting nits when no mapping exists.
11-11 05:59:39.040 1514 1614 I am_wtf : [0,1514,system_server,-1,DisplayDeviceConfig,requesting nits when no mapping exists.]
11-11 05:59:39.056 1514 1974 E DisplayDeviceConfig: requesting nits when no mapping exists.
11-11 05:59:39.057 1514 1614 I am_wtf : [0,1514,system_server,-1,DisplayDeviceConfig,requesting nits when no mapping exists.]
11-11 05:59:39.057 1514 1974 E DisplayDeviceConfig: requesting nits when no mapping exists.
11-11 05:59:39.060 1514 1614 I am_wtf : [0,1514,system_server,-1,DisplayDeviceConfig,requesting nits when no mapping exists.]
11-11 05:59:39.072 1514 1974 E DisplayDeviceConfig: requesting nits when no mapping exists.
11-11 05:59:39.072 1514 1614 I am_wtf : [0,1514,system_server,-1,DisplayDeviceConfig,requesting nits when no mapping exists.]
11-11 05:59:39.072 1514 1974 E DisplayDeviceConfig: requesting nits when no mapping exists.
11-11 05:59:39.073 1514 1614 I am_wtf : [0,1514,system_server,-1,DisplayDeviceConfig,requesting nits when no mapping exists.]
11-11 05:59:39.088 1514 1974 E DisplayDeviceConfig: requesting nits when no mapping exists.
11-11 05:59:39.088 1514 1614 I am_wtf : [0,1514,system_server,-1,DisplayDeviceConfig,requesting nits when no mapping exists.]
11-11 05:59:39.089 1514 1974 E DisplayDeviceConfig: requesting nits when no mapping exists.
11-11 05:59:39.089 1514 1614 I am_wtf : [0,1514,system_server,-1,DisplayDeviceConfig,requesting nits when no mapping exists.]
11-11 05:59:39.399 0 0 I auditd : type=1400 audit(0.0:5114): avc: denied { kill } for comm="swapper/3" capability=5 scontext=u:r:kernel:s0 tcontext=u:r:kernel:s0 tclass=capability permissive=0
