11-11 06:04:47.472 1514 1595 D CompatibilityChangeReporter: Compat change id reported: 135634846; UID 10068; state: DISABLED
11-11 06:04:47.472 1514 1595 D CompatibilityChangeReporter: Compat change id reported: 177438394; UID 10068; state: DISABLED
11-11 06:04:47.472 1514 1595 D CompatibilityChangeReporter: Compat change id reported: 135772972; UID 10068; state: DISABLED
11-11 06:04:47.472 1514 1595 D CompatibilityChangeReporter: Compat change id reported: 135754954; UID 10068; state: DISABLED
11-11 06:04:47.472 1514 1615 D CompatibilityChangeReporter: Compat change id reported: 143937733; UID 10068; state: DISABLED
11-11 06:04:47.480 1514 1615 I am_proc_start: [0,13858,10068,com.android.gallery3d,NULL,]
11-11 06:04:47.480 1514 1615 I ActivityManager: Start proc 13858:com.android.gallery3d/u0a68 for null
11-11 06:04:47.504 1514 7417 I am_proc_bound: [0,13858,com.android.gallery3d]
11-11 06:04:47.931 1514 1595 W ActivityTaskManager: Activity top resumed state loss timeout for ActivityRecord{37ba0b8 u0 com.android.gallery3d/.app.MovieActivity t-1 f}}
11-11 06:04:47.932 2503 2503 I wm_on_top_resumed_gained_called: [157690489,com.android.launcher3.uioverrides.QuickstepLauncher,topStateChangedWhenResumed]
11-11 06:04:48.399 0 0 I auditd : type=1400 audit(0.0:5503): avc: denied { kill } for comm="swapper/0" capability=5 scontext=u:r:kernel:s0 tcontext=u:r:kernel:s0 tclass=capability permissive=0
11-11 06:04:49.399 352 352 I auditd : type=1400 audit(0.0:5504): avc: denied { kill } for comm="irq/382-atmel_m" capability=5 scontext=u:r:kernel:s0 tcontext=u:r:kernel:s0 tclass=capability permissive=0
11-11 06:04:49.740 1514 1734 I service_manager_slow: [16,platform_compat]
11-11 06:04:50.399 0 0 I auditd : type=1400 audit(0.0:5505): avc: denied { kill } for comm="swapper/1" capability=5 scontext=u:r:kernel:s0 tcontext=u:r:kernel:s0 tclass=capability permissive=0
11-11 06:04:50.861 1514 1901 I GameModeConfig: isGameModeOn = false
11-11 06:04:51.145 1514 1770 I input_interaction: Interaction with: edge-swipe (server), swipe-up (server), PointerEventDispatcher0 (server),
11-11 06:04:51.148 2503 2503 I view_enqueue_input_event: [Motion - Cancel,com.android.launcher3/com.android.launcher3.uioverrides.QuickstepLauncher]
11-11 06:04:51.340 1514 1715 I commit_sys_config_file: [settings-1-0,15]
11-11 06:04:51.399 0 0 I auditd : type=1400 audit(0.0:5506): avc: denied { kill } for comm="swapper/1" capability=5 scontext=u:r:kernel:s0 tcontext=u:r:kernel:s0 tclass=capability permissive=0
11-11 06:04:51.407 1514 2742 E TaskPersister: File error accessing recents directory (directory doesn't exist?).
11-11 06:04:51.649 1514 1715 I commit_sys_config_file: [settings-1-0,11]
11-11 06:04:52.399 0 0 I auditd : type=1400 audit(0.0:5507): avc: denied { kill } for comm="swapper/1" capability=5 scontext=u:r:kernel:s0 tcontext=u:r:kernel:s0 tclass=capability permissive=0
11-11 06:04:52.908 1514 1770 I input_interaction: Interaction with: eea03e8 com.android.launcher3/com.android.launcher3.uioverrides.QuickstepLauncher (server), 8068647 com.android.systemui.ImageWallpaper (server), edge-swipe (server), swipe-up (server), PointerEventDispatcher0 (server),
11-11 06:04:53.034 1514 1539 I ActivityTaskManager: START u0 {flg=0x10008000 cmp=com.android.music/.VideoBrowserActivity} from uid 10079
11-11 06:04:53.037 1514 1539 I wm_task_moved: [103,1,6]
11-11 06:04:53.037 1514 1539 I wm_task_to_front: [0,103]
11-11 06:04:53.038 1514 1539 I wm_focused_root_task: [0,0,103,39,bringingFoundTaskToFront]
11-11 06:04:53.039 1514 1539 I wm_set_resumed_activity: [0,com.android.music/.VideoBrowserActivity,bringingFoundTaskToFront]
11-11 06:04:53.043 1514 1539 D FreeFormWindowHelper: Add freeform task=Task{a385af #103 type=standard A=10086:android.task.video U=0 visible=true mode=freeform translucent=true sz=1}
11-11 06:04:53.046 1514 1539 I ActivityTaskManager: FOREGROUND_APPLICATION_CHANGED to com.android.music.VideoBrowserActivity
11-11 06:04:53.050 1514 1539 I wm_set_resumed_activity: [0,com.android.music/.VideoBrowserActivity,resumeTopActivityInnerLocked]
11-11 06:04:53.051 1514 1539 I wm_resume_activity: [0,139623972,103,com.android.music/.VideoBrowserActivity]
11-11 06:04:53.052 1514 1539 I wm_finish_activity: [0,139623972,103,com.android.music/.VideoBrowserActivity,clear-task-all]
11-11 06:04:53.053 1514 1539 I wm_pause_activity: [0,139623972,com.android.music/.VideoBrowserActivity,userLeaving=false,finish]
11-11 06:04:53.056 1514 1539 I wm_task_moved: [103,1,6]
11-11 06:04:53.057 1514 1539 I wm_create_activity: [0,229493817,103,com.android.music/.VideoBrowserActivity,NULL,NULL,NULL,272662528]
11-11 06:04:53.064 13405 13405 I wm_on_restart_called: [139623972,com.android.music.VideoBrowserActivity,performRestartActivity]
11-11 06:04:53.064 13405 13405 I wm_on_start_called: [139623972,com.android.music.VideoBrowserActivity,handleStartActivity]
11-11 06:04:53.064 13405 13405 I wm_on_resume_called: [139623972,com.android.music.VideoBrowserActivity,RESUME_ACTIVITY]
11-11 06:04:53.065 13405 13405 I wm_on_paused_called: [139623972,com.android.music.VideoBrowserActivity,performPause]
11-11 06:04:53.066 2503 2503 I wm_on_top_resumed_lost_called: [157690489,com.android.launcher3.uioverrides.QuickstepLauncher,topStateChangedWhenResumed]
11-11 06:04:53.067 1514 2116 I wm_add_to_stopping: [0,139623972,com.android.music/.VideoBrowserActivity,completeFinishing]
11-11 06:04:53.069 1514 2116 I ActivityTaskManager: The Process com.android.music Already Exists in BG. So sending its PID: 13405
11-11 06:04:53.069 1514 2116 W ActivityTaskManager: Tried to set launchTime (0) < mLastActivityLaunchTime (4694167)
11-11 06:04:53.071 1514 2116 I wm_restart_activity: [0,229493817,103,com.android.music/.VideoBrowserActivity]
11-11 06:04:53.073 1514 2116 I wm_set_resumed_activity: [0,com.android.music/.VideoBrowserActivity,minimalResumeActivityLocked]
11-11 06:04:53.087 1514 1595 I sysui_multi_action: [757,803,799,window_time_0,802,8]
11-11 06:04:53.097 3685 3703 W ContextImpl: Calling a method in the system process without a qualified user: android.app.ContextImpl.startService:1816 android.content.ContextWrapper.startService:774 com.thundercomm.gamemode.ingame.services.GameModeActionUtils.startGameModeService:93 com.thundercomm.gamemode.ingame.services.GameModeActionUtils.startGameModeEntry:21 com.thundercomm.gamemode.ingame.services.ActivityMonitoringService$1.onActivityLaunch:126
11-11 06:04:53.108 1514 1514 I GameModeConfig: Current uri is uri = content://com.thundercomm.gamemode.api/gamemode_settings/gamemode_isgaming
11-11 06:04:53.109 1514 1836 I netstats_mobile_sample: [0,0,0,0,0,0,0,0,0,0,0,0,1668117893109]
11-11 06:04:53.109 1514 1836 I netstats_wifi_sample: [102425898,232554,52440284,121066,102425898,232554,52440284,121066,118911698,323874,26440361,62788,1668117893109]
11-11 06:04:53.120 1514 1514 I GameModeConfig: isGameModeOn = false
11-11 06:04:53.121 1514 1514 I GameModeConfig: isGameModeOn = false
11-11 06:04:53.121 1514 1514 I GameModeConfig: isDisableVoice = true
11-11 06:04:53.126 13405 13405 I wm_on_create_called: [229493817,com.android.music.VideoBrowserActivity,performCreate]
11-11 06:04:53.127 13405 13405 I wm_on_start_called: [229493817,com.android.music.VideoBrowserActivity,handleStartActivity]
11-11 06:04:53.128 13405 13405 I wm_on_resume_called: [229493817,com.android.music.VideoBrowserActivity,RESUME_ACTIVITY]
11-11 06:04:53.130 13405 13405 I wm_on_top_resumed_gained_called: [229493817,com.android.music.VideoBrowserActivity,topStateChangedWhenResumed]
11-11 06:04:53.139 1514 1596 I input_focus: [Focus request 5968bad com.android.music/com.android.music.VideoBrowserActivity,reason=UpdateInputWindows]
11-11 06:04:53.148 1514 1592 I wm_activity_launch_time: [0,229493817,com.android.music/.VideoBrowserActivity,114]
11-11 06:04:53.165 1514 1770 I input_focus: [Focus leaving eea03e8 com.android.launcher3/com.android.launcher3.uioverrides.QuickstepLauncher (server),reason=setFocusedWindow]
11-11 06:04:53.165 1514 1770 I input_focus: [Focus entering 5968bad com.android.music/com.android.music.VideoBrowserActivity (server),reason=setFocusedWindow]
11-11 06:04:53.180 3685 3703 W ContextImpl: Calling a method in the system process without a qualified user: android.app.ContextImpl.startService:1816 android.content.ContextWrapper.startService:774 com.thundercomm.gamemode.ingame.services.GameModeActionUtils.startGameModeService:93 com.thundercomm.gamemode.ingame.services.GameModeActionUtils.startGameModeEntry:21 com.thundercomm.gamemode.ingame.services.ActivityMonitoringService$1.onActivityLaunch:126
11-11 06:04:53.184 1514 1514 I GameModeConfig: Current uri is uri = content://com.thundercomm.gamemode.api/gamemode_settings/gamemode_isgaming
11-11 06:04:53.187 1514 1514 I GameModeConfig: isGameModeOn = false
11-11 06:04:53.187 1514 1514 I GameModeConfig: isGameModeOn = false
11-11 06:04:53.187 1514 1514 I GameModeConfig: isDisableVoice = true
11-11 06:04:53.431 1514 1595 I wm_destroy_activity: [0,139623972,103,com.android.music/.VideoBrowserActivity,finish-imm:idle]
11-11 06:04:53.433 13405 13405 I wm_on_stop_called: [139623972,com.android.music.VideoBrowserActivity,LIFECYCLER_STOP_ACTIVITY]
11-11 06:04:53.434 13405 13405 I wm_on_destroy_called: [139623972,com.android.music.VideoBrowserActivity,performDestroy]
11-11 06:04:54.399 0 0 I auditd : type=1400 audit(0.0:5508): avc: denied { kill } for comm="swapper/2" capability=5 scontext=u:r:kernel:s0 tcontext=u:r:kernel:s0 tclass=capability permissive=0
11-11 06:04:54.829 1514 1770 I input_interaction: Interaction with: 5968bad com.android.music/com.android.music.VideoBrowserActivity (server), edge-swipe (server), swipe-up (server), PointerEventDispatcher0 (server),
11-11 06:04:54.974 1514 1539 I wm_finish_activity: [0,229493817,103,com.android.music/.VideoBrowserActivity,finish-activity]
11-11 06:04:54.975 1514 1539 I wm_task_moved: [39,1,6]
11-11 06:04:54.977 1514 1539 I wm_set_resumed_activity: [0,com.android.launcher3/.uioverrides.QuickstepLauncher,positionChildAt]
11-11 06:04:54.977 1514 1539 I wm_task_moved: [40,1,2147483647]
11-11 06:04:54.977 1514 1539 I wm_task_to_front: [0,40]
11-11 06:04:54.977 1514 1539 I wm_focused_root_task: [0,0,39,-1,finish-top adjustFocusToNextFocusableTask]
11-11 06:04:54.977 1514 1539 I wm_set_resumed_activity: [0,com.android.launcher3/.uioverrides.QuickstepLauncher,finish-top]
11-11 06:04:54.983 1514 1539 I wm_pause_activity: [0,229493817,com.android.music/.VideoBrowserActivity,userLeaving=false,finish]
11-11 06:04:54.989 13405 13405 I wm_on_top_resumed_lost_called: [229493817,com.android.music.VideoBrowserActivity,topStateChangedWhenResumed]
11-11 06:04:54.992 1514 1596 I input_focus: [Focus request eea03e8 com.android.launcher3/com.android.launcher3.uioverrides.QuickstepLauncher,reason=UpdateInputWindows]
11-11 06:04:54.996 13405 13405 I wm_on_paused_called: [229493817,com.android.music.VideoBrowserActivity,performPause]
11-11 06:04:54.996 2503 2503 I wm_on_top_resumed_gained_called: [157690489,com.android.launcher3.uioverrides.QuickstepLauncher,topStateChangedWhenResumed]
11-11 06:04:54.997 1514 6145 I ActivityTaskManager: FOREGROUND_APPLICATION_CHANGED to com.android.launcher3.uioverrides.QuickstepLauncher
11-11 06:04:54.998 1514 6145 I wm_destroy_activity: [0,229493817,103,com.android.music/.VideoBrowserActivity,finish-imm:completePausedLocked]
11-11 06:04:55.011 13405 13405 I wm_on_stop_called: [229493817,com.android.music.VideoBrowserActivity,LIFECYCLER_STOP_ACTIVITY]
11-11 06:04:55.013 13405 13405 I wm_on_destroy_called: [229493817,com.android.music.VideoBrowserActivity,performDestroy]
11-11 06:04:55.020 1514 1595 I sysui_multi_action: [757,803,799,window_time_2,802,2]
11-11 06:04:55.020 1514 1770 I input_focus: [Focus leaving 5968bad com.android.music/com.android.music.VideoBrowserActivity (server),reason=NO_WINDOW]
11-11 06:04:55.022 1514 1770 I input_focus: [Focus entering eea03e8 com.android.launcher3/com.android.launcher3.uioverrides.QuickstepLauncher (server),reason=setFocusedWindow]
11-11 06:04:55.031 1514 1595 I sysui_multi_action: [757,803,799,window_time_0,802,0]
11-11 06:04:55.044 1514 2742 E TaskPersister: File error accessing recents directory (directory doesn't exist?).
11-11 06:04:55.046 3685 3703 W ContextImpl: Calling a method in the system process without a qualified user: android.app.ContextImpl.startService:1816 android.content.ContextWrapper.startService:774 com.thundercomm.gamemode.ingame.services.GameModeActionUtils.startGameModeService:93 com.thundercomm.gamemode.ingame.services.GameModeActionUtils.startGameModeEntry:21 com.thundercomm.gamemode.ingame.services.ActivityMonitoringService$1.onActivityLaunch:126
11-11 06:04:55.051 1514 1514 I GameModeConfig: Current uri is uri = content://com.thundercomm.gamemode.api/gamemode_settings/gamemode_isgaming
11-11 06:04:55.054 1514 1514 I GameModeConfig: isGameModeOn = false
11-11 06:04:55.054 1514 1514 I GameModeConfig: isGameModeOn = false
11-11 06:04:55.054 1514 1514 I GameModeConfig: isDisableVoice = true
11-11 06:04:55.106 3685 3703 W ContextImpl: Calling a method in the system process without a qualified user: android.app.ContextImpl.startService:1816 android.content.ContextWrapper.startService:774 com.thundercomm.gamemode.ingame.services.GameModeActionUtils.startGameModeService:93 com.thundercomm.gamemode.ingame.services.GameModeActionUtils.startGameModeEntry:21 com.thundercomm.gamemode.ingame.services.ActivityMonitoringService$1.onActivityLaunch:126
11-11 06:04:55.112 1514 1514 I GameModeConfig: Current uri is uri = content://com.thundercomm.gamemode.api/gamemode_settings/gamemode_isgaming
11-11 06:04:55.114 1514 1514 I GameModeConfig: isGameModeOn = false
11-11 06:04:55.115 1514 1514 I GameModeConfig: isGameModeOn = false
11-11 06:04:55.115 1514 1514 I GameModeConfig: isDisableVoice = true
11-11 06:04:55.300 1514 1596 I wm_task_removed: [103,removeChild:removeChild last r=ActivityRecord{dadcc39 u0 com.android.music/.VideoBrowserActivity t-1 f}} in t=Task{a385af #103 type=standard A=10086:android.task.video U=0 visible=false mode=freeform translucent=true sz=0}]
11-11 06:04:55.300 1514 1596 I wm_task_removed: [103,removeChild]
11-11 06:04:55.300 1514 1596 D FreeFormWindowHelper: Remove freefrom task=Task{a385af #103 type=standard A=10086:android.task.video U=0 visible=false mode=freeform translucent=true sz=0}
11-11 06:04:55.399 0 0 I auditd : type=1400 audit(0.0:5509): avc: denied { kill } for comm="swapper/2" capability=5 scontext=u:r:kernel:s0 tcontext=u:r:kernel:s0 tclass=capability permissive=0
11-11 06:04:56.399 0 0 I auditd : type=1400 audit(0.0:5510): avc: denied { kill } for comm="swapper/2" capability=5 scontext=u:r:kernel:s0 tcontext=u:r:kernel:s0 tclass=capability permissive=0
11-11 06:04:56.579 1514 1770 I input_interaction: Interaction with: eea03e8 com.android.launcher3/com.android.launcher3.uioverrides.QuickstepLauncher (server), 8068647 com.android.systemui.ImageWallpaper (server), edge-swipe (server), swipe-up (server), PointerEventDispatcher0 (server),
11-11 06:04:56.672 1514 6145 I ActivityTaskManager: START u0 {act=android.intent.action.MAIN cat=[android.intent.category.LAUNCHER] flg=0x10200000 cmp=com.android.gallery3d/.app.GalleryActivity bnds=[2233,174][2408,357]} from uid 10079
11-11 06:04:56.684 1514 6145 I wm_task_created: [105,-1]
11-11 06:04:56.685 1514 6145 W ActivityTaskManager: Can't find TaskDisplayArea to determine support for multi window. Task id=105 attached=false
11-11 06:04:56.691 1514 6145 I wm_task_moved: [105,1,6]
11-11 06:04:56.692 1514 6145 I wm_task_to_front: [0,105]
11-11 06:04:56.692 1514 6145 I wm_create_task: [0,105]
11-11 06:04:56.692 1514 6145 I wm_create_activity: [0,55643034,105,com.android.gallery3d/.app.GalleryActivity,android.intent.action.MAIN,NULL,NULL,270532608]
11-11 06:04:56.692 1514 6145 I wm_task_moved: [105,1,6]
11-11 06:04:56.694 1514 6145 I wm_pause_activity: [0,157690489,com.android.launcher3/.uioverrides.QuickstepLauncher,userLeaving=true,pauseBackTasks]
11-11 06:04:56.702 2503 2503 I wm_on_top_resumed_lost_called: [157690489,com.android.launcher3.uioverrides.QuickstepLauncher,topStateChangedWhenResumed]
11-11 06:04:56.707 2503 2503 I wm_on_paused_called: [157690489,com.android.launcher3.uioverrides.QuickstepLauncher,performPause]
11-11 06:04:56.708 1514 2116 I ActivityTaskManager: FOREGROUND_APPLICATION_CHANGED to com.android.gallery3d.app.GalleryActivity
11-11 06:04:56.712 1514 2116 I ActivityTaskManager: The Process com.android.gallery3d Already Exists in BG. So sending its PID: 13858
11-11 06:04:56.713 1514 2116 I wm_add_to_stopping: [0,157690489,com.android.launcher3/.uioverrides.QuickstepLauncher,makeInvisible]
11-11 06:04:56.714 1514 2116 I wm_restart_activity: [0,55643034,105,com.android.gallery3d/.app.GalleryActivity]
11-11 06:04:56.716 1514 2116 I wm_set_resumed_activity: [0,com.android.gallery3d/.app.GalleryActivity,minimalResumeActivityLocked]
11-11 06:04:56.726 1514 1595 I am_uid_active: 10068
11-11 06:04:56.731 1514 1595 I sysui_multi_action: [757,803,799,window_time_0,802,2]
11-11 06:04:56.738 1514 1770 I input_focus: [Focus leaving eea03e8 com.android.launcher3/com.android.launcher3.uioverrides.QuickstepLauncher (server),reason=NO_WINDOW]
11-11 06:04:56.745 3685 3703 W ContextImpl: Calling a method in the system process without a qualified user: android.app.ContextImpl.startService:1816 android.content.ContextWrapper.startService:774 com.thundercomm.gamemode.ingame.services.GameModeActionUtils.startGameModeService:93 com.thundercomm.gamemode.ingame.services.GameModeActionUtils.startGameModeEntry:21 com.thundercomm.gamemode.ingame.services.ActivityMonitoringService$1.onActivityLaunch:126
11-11 06:04:56.752 1514 1514 I GameModeConfig: Current uri is uri = content://com.thundercomm.gamemode.api/gamemode_settings/gamemode_isgaming
11-11 06:04:56.760 1514 1514 I GameModeConfig: isGameModeOn = false
11-11 06:04:56.760 1514 1514 I GameModeConfig: isGameModeOn = false
11-11 06:04:56.760 1514 1514 I GameModeConfig: isDisableVoice = true
11-11 06:04:56.769 13858 13858 I wm_on_create_called: [55643034,com.android.gallery3d.app.GalleryActivity,performCreate]
11-11 06:04:56.770 13858 13858 I wm_on_start_called: [55643034,com.android.gallery3d.app.GalleryActivity,handleStartActivity]
11-11 06:04:56.775 13858 13858 I wm_on_resume_called: [55643034,com.android.gallery3d.app.GalleryActivity,RESUME_ACTIVITY]
11-11 06:04:56.781 1514 1539 W WindowManager: Failed looking up window session=Session{c162d6d 13858:u0a10068} callers=com.android.server.wm.WindowManagerService.windowForClientLocked:5628 com.android.server.wm.Session.insetsModified:629 android.view.IWindowSession$Stub.onTransact:1151
11-11 06:04:56.783 13858 13858 I wm_on_top_resumed_gained_called: [55643034,com.android.gallery3d.app.GalleryActivity,topStateChangedWhenResumed]
11-11 06:04:56.799 1514 1596 I input_focus: [Focus request c4711ee com.android.gallery3d/com.android.gallery3d.app.GalleryActivity,reason=UpdateInputWindows]
11-11 06:04:56.802 1514 1901 I GameModeConfig: isGameModeOn = false
11-11 06:04:56.802 1514 1901 I GameModeConfig: isGameModeOn = false
11-11 06:04:56.807 1514 1901 I GameModeConfig: isGameModeOn = false
11-11 06:04:56.807 1514 1901 I GameModeConfig: isGameModeOn = false
11-11 06:04:56.808 1998 1998 I sysui_multi_action: [757,111,758,2]
11-11 06:04:56.808 1514 1514 I notification_enqueue: [10082,1998,com.android.systemui,2048,NULL,0,Notification(channel=updateNotification shortcut=null contentView=null vibrate=null sound=null defaults=0x0 flags=0x0 color=0x00000000 vis=PRIVATE),1]
11-11 06:04:56.808 1998 1998 I sysui_multi_action: [757,111,758,2]
11-11 06:04:56.819 1998 1998 I sysui_multi_action: [757,111,758,1]
11-11 06:04:56.821 1998 1998 I sysui_multi_action: [757,126,758,1,759,126,927,0,928,1,1593,0]
11-11 06:04:56.821 1998 1998 I sysui_multi_action: [757,113,758,1,759,113,927,1,928,1,1593,0]
11-11 06:04:56.821 1998 1998 I sysui_multi_action: [757,0,758,1,759,0,927,2,928,0,1593,0]
11-11 06:04:56.826 1998 1998 I sysui_multi_action: [757,0,758,1,759,0,927,3,928,0,1593,0]
11-11 06:04:56.827 1998 1998 I sysui_multi_action: [757,491,758,1,759,491,927,4,928,0,1311,-1,1593,0]
11-11 06:04:56.827 1998 1998 I sysui_multi_action: [757,0,758,1,759,0,927,5,928,0,1593,0]
11-11 06:04:56.827 1998 1998 I sysui_multi_action: [757,111,758,1]
11-11 06:04:56.827 1998 1998 I sysui_multi_action: [757,126,758,1,759,126,927,0,928,1,1593,0]
11-11 06:04:56.828 1998 1998 I sysui_multi_action: [757,113,758,1,759,113,927,1,928,1,1593,0]
11-11 06:04:56.828 1998 1998 I sysui_multi_action: [757,0,758,1,759,0,927,2,928,0,1593,0]
11-11 06:04:56.828 1998 1998 I sysui_multi_action: [757,0,758,1,759,0,927,3,928,0,1593,0]
11-11 06:04:56.828 3685 3703 W ContextImpl: Calling a method in the system process without a qualified user: android.app.ContextImpl.startService:1816 android.content.ContextWrapper.startService:774 com.thundercomm.gamemode.ingame.services.GameModeActionUtils.startGameModeService:93 com.thundercomm.gamemode.ingame.services.GameModeActionUtils.startGameModeEntry:21 com.thundercomm.gamemode.ingame.services.ActivityMonitoringService$1.onActivityLaunch:126
11-11 06:04:56.834 1514 1514 I GameModeConfig: Current uri is uri = content://com.thundercomm.gamemode.api/gamemode_settings/gamemode_isgaming
11-11 06:04:56.837 1514 1514 I GameModeConfig: isGameModeOn = false
11-11 06:04:56.838 1514 1514 I GameModeConfig: isGameModeOn = false
11-11 06:04:56.838 1514 1514 I GameModeConfig: isDisableVoice = true
11-11 06:04:56.844 1514 1592 I sysui_multi_action: [319,77,321,75,322,167,325,4712,757,761,758,8,759,1,806,com.android.gallery3d,871,com.android.gallery3d.app.GalleryActivity,904,com.android.launcher3,905,0,1320,4,1321,1]
11-11 06:04:56.845 1514 1592 I wm_activity_launch_time: [0,55643034,com.android.gallery3d/.app.GalleryActivity,167]
11-11 06:04:56.855 1514 1770 I input_focus: [Focus entering c4711ee com.android.gallery3d/com.android.gallery3d.app.GalleryActivity (server),reason=Window became focusable. Previous reason: NOT_VISIBLE]
11-11 06:04:57.012 1514 1514 I GameModeConfig: isGameModeOn = false
11-11 06:04:57.013 1514 1514 I sysui_multi_action: [757,1501,758,1,793,4691133,794,0,795,206,796,2048,806,com.android.systemui,857,updateNotification,858,3,947,0,1500,0,1688,1]
11-11 06:04:57.013 1514 1514 I sysui_multi_action: [757,804,799,note_interruptive,801,0,802,1]
11-11 06:04:57.013 1514 1514 I sysui_multi_action: [757,199,758,1,759,2,793,4691133,794,0,795,206,796,2048,806,com.android.systemui,857,updateNotification,858,3,947,0,1500,0,1688,1]
11-11 06:04:57.013 1514 1514 I notification_alert: [0|com.android.systemui|2048|null|10082,0,1,0]
11-11 06:04:57.014 1514 1514 W NotificationHistory: Attempted to add notif for locked/gone/disabled user 0
11-11 06:04:57.282 1514 1595 I wm_stop_activity: [0,157690489,com.android.launcher3/.uioverrides.QuickstepLauncher]
11-11 06:04:57.334 2503 2503 I wm_on_stop_called: [157690489,com.android.launcher3.uioverrides.QuickstepLauncher,STOP_ACTIVITY_ITEM]
11-11 06:04:57.356 3685 3703 W ContextImpl: Calling a method in the system process without a qualified user: android.app.ContextImpl.startService:1816 android.content.ContextWrapper.startService:774 com.thundercomm.gamemode.ingame.services.GameModeActionUtils.startGameModeService:93 com.thundercomm.gamemode.ingame.services.GameModeActionUtils.startGameModeEntry:21 com.thundercomm.gamemode.ingame.services.ActivityMonitoringService$1.onActivityLaunch:126
11-11 06:04:57.367 1514 1514 I GameModeConfig: Current uri is uri = content://com.thundercomm.gamemode.api/gamemode_settings/gamemode_isgaming
11-11 06:04:57.370 1514 1514 I GameModeConfig: isGameModeOn = false
11-11 06:04:57.370 1514 1514 I GameModeConfig: isGameModeOn = false
11-11 06:04:57.370 1514 1514 I GameModeConfig: isDisableVoice = true
11-11 06:04:57.399 0 0 I auditd : type=1400 audit(0.0:5511): avc: denied { kill } for comm="swapper/2" capability=5 scontext=u:r:kernel:s0 tcontext=u:r:kernel:s0 tclass=capability permissive=0
11-11 06:04:57.981 1514 1770 I input_interaction: Interaction with: c4711ee com.android.gallery3d/com.android.gallery3d.app.GalleryActivity (server), edge-swipe (server), swipe-up (server), PointerEventDispatcher0 (server),
11-11 06:04:58.399 0 0 I auditd : type=1400 audit(0.0:5512): avc: denied { kill } for comm="swapper/2" capability=5 scontext=u:r:kernel:s0 tcontext=u:r:kernel:s0 tclass=capability permissive=0
11-11 06:04:58.819 1514 2742 E TaskPersister: File error accessing recents directory (directory doesn't exist?).
11-11 06:04:59.287 1514 6145 I ActivityTaskManager: START u0 {act=android.intent.action.VIEW dat=content://media/external/video/media/20 typ=video/* cmp=com.android.gallery3d/.app.MovieActivity (has extras)} from uid 10068
11-11 06:04:59.292 1514 6145 I wm_task_moved: [105,1,6]
11-11 06:04:59.293 1514 6145 I wm_set_resumed_activity: [0,com.android.gallery3d/.app.GalleryActivity,positionChildAt]
11-11 06:04:59.293 1514 6145 I wm_create_activity: [0,200118061,105,com.android.gallery3d/.app.MovieActivity,android.intent.action.VIEW,video/*,content://media/external/video/media/20,0]
11-11 06:04:59.300 1514 6145 I wm_pause_activity: [0,55643034,com.android.gallery3d/.app.GalleryActivity,userLeaving=true,resumeTopActivityInnerLocked]
11-11 06:04:59.306 13858 13858 I wm_on_top_resumed_lost_called: [55643034,com.android.gallery3d.app.GalleryActivity,topStateChangedWhenResumed]
11-11 06:04:59.328 13858 13858 I wm_on_paused_called: [55643034,com.android.gallery3d.app.GalleryActivity,performPause]
11-11 06:04:59.329 1514 2116 I ActivityTaskManager: FOREGROUND_APPLICATION_CHANGED to com.android.gallery3d.app.MovieActivity
11-11 06:04:59.329 1514 2116 I ActivityTaskManager: The Process com.android.gallery3d Already Exists in BG. So sending its PID: 13858
11-11 06:04:59.330 1514 2116 W ActivityTaskManager: Tried to set launchTime (0) < mLastActivityLaunchTime (4712128)
11-11 06:04:59.330 1514 2116 I wm_add_to_stopping: [0,55643034,com.android.gallery3d/.app.GalleryActivity,makeInvisible]
11-11 06:04:59.332 1514 2116 I wm_restart_activity: [0,200118061,105,com.android.gallery3d/.app.MovieActivity]
11-11 06:04:59.333 1514 2116 I wm_set_resumed_activity: [0,com.android.gallery3d/.app.MovieActivity,minimalResumeActivityLocked]
11-11 06:04:59.338 1514 1595 I sysui_multi_action: [757,803,799,window_time_0,802,2]
11-11 06:04:59.360 1514 1770 I input_focus: [Focus leaving c4711ee com.android.gallery3d/com.android.gallery3d.app.GalleryActivity (server),reason=NO_WINDOW]
11-11 06:04:59.370 13858 13858 I wm_on_create_called: [200118061,com.android.gallery3d.app.MovieActivity,performCreate]
11-11 06:04:59.376 13858 13858 I wm_on_start_called: [200118061,com.android.gallery3d.app.MovieActivity,handleStartActivity]
11-11 06:04:59.377 13858 13858 I wm_on_resume_called: [200118061,com.android.gallery3d.app.MovieActivity,RESUME_ACTIVITY]
11-11 06:04:59.380 1514 2116 W WindowManager: Failed looking up window session=Session{c162d6d 13858:u0a10068} callers=com.android.server.wm.WindowManagerService.windowForClientLocked:5628 com.android.server.wm.Session.insetsModified:629 android.view.IWindowSession$Stub.onTransact:1151
11-11 06:04:59.384 13858 13858 I wm_on_top_resumed_gained_called: [200118061,com.android.gallery3d.app.MovieActivity,topStateChangedWhenResumed]
11-11 06:04:59.395 1514 1596 I input_focus: [Focus request 983aa4f com.android.gallery3d/com.android.gallery3d.app.MovieActivity,reason=UpdateInputWindows]
11-11 06:04:59.437 1514 1592 I wm_activity_launch_time: [0,200118061,com.android.gallery3d/.app.MovieActivity,149]
11-11 06:04:59.446 3685 3703 W ContextImpl: Calling a method in the system process without a qualified user: android.app.ContextImpl.startService:1816 android.content.ContextWrapper.startService:774 com.thundercomm.gamemode.ingame.services.GameModeActionUtils.startGameModeService:93 com.thundercomm.gamemode.ingame.services.GameModeActionUtils.startGameModeEntry:21 com.thundercomm.gamemode.ingame.services.ActivityMonitoringService$1.onActivityLaunch:126
11-11 06:04:59.448 1514 1770 I input_focus: [Focus entering 983aa4f com.android.gallery3d/com.android.gallery3d.app.MovieActivity (server),reason=Window became focusable. Previous reason: NOT_VISIBLE]
11-11 06:04:59.461 1514 1514 I GameModeConfig: Current uri is uri = content://com.thundercomm.gamemode.api/gamemode_settings/gamemode_isgaming
11-11 06:04:59.473 1514 1514 I GameModeConfig: isGameModeOn = false
11-11 06:04:59.473 1514 1514 I GameModeConfig: isGameModeOn = false
11-11 06:04:59.473 1514 1514 I GameModeConfig: isDisableVoice = true
11-11 06:04:59.834 1514 1595 I wm_stop_activity: [0,55643034,com.android.gallery3d/.app.GalleryActivity]
11-11 06:04:59.838 13858 13858 I wm_on_stop_called: [55643034,com.android.gallery3d.app.GalleryActivity,STOP_ACTIVITY_ITEM]
11-11 06:05:00.168 1514 1596 I input_focus: [Focus request 8047c2f ImmersiveModeConfirmation,reason=UpdateInputWindows]
11-11 06:05:00.183 1514 1770 I input_focus: [Focus leaving 983aa4f com.android.gallery3d/com.android.gallery3d.app.MovieActivity (server),reason=Waiting for window because NOT_VISIBLE]
11-11 06:05:00.199 1514 1770 I input_focus: [Focus entering 8047c2f ImmersiveModeConfirmation (server),reason=Window became focusable. Previous reason: NOT_VISIBLE]
11-11 06:05:00.582 1514 1770 I input_interaction: Interaction with: 983aa4f com.android.gallery3d/com.android.gallery3d.app.MovieActivity (server), edge-swipe (server), swipe-up (server), PointerEventDispatcher0 (server),
11-11 06:05:00.628 1514 1596 I input_focus: [Focus request 983aa4f com.android.gallery3d/com.android.gallery3d.app.MovieActivity,reason=UpdateInputWindows]
11-11 06:05:00.649 1514 1770 I input_focus: [Focus entering 983aa4f com.android.gallery3d/com.android.gallery3d.app.MovieActivity (server),reason=setFocusedWindow]
11-11 06:05:01.399 0 0 I auditd : type=1400 audit(0.0:5513): avc: denied { kill } for comm="swapper/1" capability=5 scontext=u:r:kernel:s0 tcontext=u:r:kernel:s0 tclass=capability permissive=0
11-11 06:05:01.524 1514 2960 I wm_task_moved: [39,0,0]
11-11 06:05:01.525 1514 2960 I wm_task_moved: [39,0,5]
11-11 06:05:01.533 2503 2503 I wm_on_restart_called: [157690489,com.android.launcher3.uioverrides.QuickstepLauncher,performRestartActivity]
11-11 06:05:01.548 2503 2503 I wm_on_start_called: [157690489,com.android.launcher3.uioverrides.QuickstepLauncher,handleStartActivity]
11-11 06:05:01.550 3685 3703 W ContextImpl: Calling a method in the system process without a qualified user: android.app.ContextImpl.startService:1816 android.content.ContextWrapper.startService:774 com.thundercomm.gamemode.ingame.services.GameModeActionUtils.startGameModeService:93 com.thundercomm.gamemode.ingame.services.GameModeActionUtils.startGameModeEntry:21 com.thundercomm.gamemode.ingame.services.ActivityMonitoringService$1.onActivityLaunch:126
11-11 06:05:01.556 1514 1514 I GameModeConfig: Current uri is uri = content://com.thundercomm.gamemode.api/gamemode_settings/gamemode_isgaming
11-11 06:05:01.559 1514 1514 I GameModeConfig: isGameModeOn = false
11-11 06:05:01.559 1514 1514 I GameModeConfig: isGameModeOn = false
11-11 06:05:01.559 1514 1514 I GameModeConfig: isDisableVoice = true
11-11 06:05:01.560 1514 2960 I snet_event_log: [172655291,-1,]
11-11 06:05:01.576 13858 13858 I view_enqueue_input_event: [Motion - Cancel,com.android.gallery3d/com.android.gallery3d.app.MovieActivity]
11-11 06:05:01.578 2503 2503 I sysui_latency: [1,82]
11-11 06:05:01.586 1514 1596 I input_focus: [Focus request recents_animation_input_consumer,reason=UpdateInputWindows]
11-11 06:05:01.590 1514 1770 I input_interaction: Interaction with: edge-swipe (server), swipe-up (server), PointerEventDispatcher0 (server),
11-11 06:05:01.596 1514 1592 I sysui_multi_action: [319,11,322,56,325,4716,757,761,758,9,759,5,806,com.android.launcher3,871,com.android.launcher3.uioverrides.QuickstepLauncher,904,com.android.launcher3,905,0,1320,8,1321,5]
11-11 06:05:01.600 1514 1770 I input_focus: [Focus leaving 983aa4f com.android.gallery3d/com.android.gallery3d.app.MovieActivity (server),reason=NOT_FOCUSABLE]
11-11 06:05:01.600 1514 1770 I input_focus: [Focus entering recents_animation_input_consumer (server),reason=setFocusedWindow]
11-11 06:05:01.751 1514 1715 I commit_sys_config_file: [settings-1-0,4]
11-11 06:05:01.882 1514 1612 I sysui_latency: [8,82]
11-11 06:05:02.307 1514 2742 E TaskPersister: File error accessing recents directory (directory doesn't exist?).
11-11 06:05:02.508 1514 1715 I commit_sys_config_file: [settings-1-0,11]
11-11 06:05:03.596 1514 1770 I input_interaction: Interaction with: eea03e8 com.android.launcher3/com.android.launcher3.uioverrides.QuickstepLauncher (server), edge-swipe (server), swipe-up (server), PointerEventDispatcher0 (server),
11-11 06:05:03.753 1514 10536 I ActivityTaskManager: START u0 {flg=0x10008000 cmp=com.android.gallery3d/.app.MovieActivity} from uid 10079
11-11 06:05:03.781 1514 10536 D FreeFormWindowHelper: Add freeform task=Task{5a6d9f9 #105 type=standard A=10068:com.android.gallery3d U=0 visible=true mode=freeform translucent=false sz=2}
11-11 06:05:03.785 1514 10536 I wm_finish_activity: [0,200118061,105,com.android.gallery3d/.app.MovieActivity,clear-task-all]
11-11 06:05:03.787 1514 10536 I wm_pause_activity: [0,200118061,com.android.gallery3d/.app.MovieActivity,userLeaving=false,finish]
11-11 06:05:03.788 1514 10536 I wm_finish_activity: [0,55643034,105,com.android.gallery3d/.app.GalleryActivity,clear-task-all]
11-11 06:05:03.788 1514 10536 I wm_add_to_stopping: [0,55643034,com.android.gallery3d/.app.GalleryActivity,completeFinishing]
11-11 06:05:03.794 1514 10536 I wm_task_moved: [105,1,6]
11-11 06:05:03.795 1514 10536 I wm_create_activity: [0,148928027,105,com.android.gallery3d/.app.MovieActivity,NULL,NULL,NULL,268468224]
11-11 06:05:03.816 13858 13858 I wm_on_restart_called: [55643034,com.android.gallery3d.app.GalleryActivity,performRestartActivity]
11-11 06:05:03.818 13858 13858 I wm_on_start_called: [55643034,com.android.gallery3d.app.GalleryActivity,handleStartActivity]
11-11 06:05:03.818 13858 13858 I wm_on_top_resumed_lost_called: [200118061,com.android.gallery3d.app.MovieActivity,topStateChangedWhenResumed]
11-11 06:05:03.880 13858 13858 I wm_on_paused_called: [200118061,com.android.gallery3d.app.MovieActivity,performPause]
11-11 06:05:03.880 1514 10536 I wm_add_to_stopping: [0,200118061,com.android.gallery3d/.app.MovieActivity,completeFinishing]
11-11 06:05:03.881 1514 10536 I ActivityTaskManager: The Process com.android.gallery3d Already Exists in BG. So sending its PID: 13858
11-11 06:05:03.882 1514 10536 W ActivityTaskManager: Tried to set launchTime (0) < mLastActivityLaunchTime (4714746)
11-11 06:05:03.883 1514 10536 I wm_restart_activity: [0,148928027,105,com.android.gallery3d/.app.MovieActivity]
11-11 06:05:03.884 1514 10536 I wm_set_resumed_activity: [0,com.android.gallery3d/.app.MovieActivity,minimalResumeActivityLocked]
11-11 06:05:03.895 1514 1595 I sysui_multi_action: [757,803,799,window_time_0,802,5]
11-11 06:05:03.950 13858 13858 E AndroidRuntime: FATAL EXCEPTION: main
11-11 06:05:03.950 13858 13858 E AndroidRuntime: Process: com.android.gallery3d, PID: 13858
11-11 06:05:03.950 13858 13858 E AndroidRuntime: java.lang.RuntimeException: Unable to start activity ComponentInfo{com.android.gallery3d/com.android.gallery3d.app.MovieActivity}: java.lang.NullPointerException: Attempt to invoke virtual method 'java.lang.String android.net.Uri.getScheme()' on a null object reference
11-11 06:05:03.950 13858 13858 E AndroidRuntime: at android.app.ActivityThread.performLaunchActivity(ActivityThread.java:3636)
11-11 06:05:03.950 13858 13858 E AndroidRuntime: at android.app.ActivityThread.handleLaunchActivity(ActivityThread.java:3793)
11-11 06:05:03.950 13858 13858 E AndroidRuntime: at android.app.servertransaction.LaunchActivityItem.execute(LaunchActivityItem.java:103)
11-11 06:05:03.950 13858 13858 E AndroidRuntime: at android.app.servertransaction.TransactionExecutor.executeCallbacks(TransactionExecutor.java:135)
11-11 06:05:03.950 13858 13858 E AndroidRuntime: at android.app.servertransaction.TransactionExecutor.execute(TransactionExecutor.java:95)
11-11 06:05:03.950 13858 13858 E AndroidRuntime: at android.app.ActivityThread$H.handleMessage(ActivityThread.java:2211)
11-11 06:05:03.950 13858 13858 E AndroidRuntime: at android.os.Handler.dispatchMessage(Handler.java:106)
11-11 06:05:03.950 13858 13858 E AndroidRuntime: at android.os.Looper.loopOnce(Looper.java:201)
11-11 06:05:03.950 13858 13858 E AndroidRuntime: at android.os.Looper.loop(Looper.java:288)
11-11 06:05:03.950 13858 13858 E AndroidRuntime: at android.app.ActivityThread.main(ActivityThread.java:7880)
11-11 06:05:03.950 13858 13858 E AndroidRuntime: at java.lang.reflect.Method.invoke(Native Method)
11-11 06:05:03.950 13858 13858 E AndroidRuntime: at com.android.internal.os.RuntimeInit$MethodAndArgsCaller.run(RuntimeInit.java:548)
11-11 06:05:03.950 13858 13858 E AndroidRuntime: at com.android.internal.os.ZygoteInit.main(ZygoteInit.java:1009)
11-11 06:05:03.950 13858 13858 E AndroidRuntime: Caused by: java.lang.NullPointerException: Attempt to invoke virtual method 'java.lang.String android.net.Uri.getScheme()' on a null object reference
11-11 06:05:03.950 13858 13858 E AndroidRuntime: at com.android.gallery3d.app.MoviePlayer.startVideo(MoviePlayer.java:324)
11-11 06:05:03.950 13858 13858 E AndroidRuntime: at com.android.gallery3d.app.MoviePlayer.(MoviePlayer.java:200)
11-11 06:05:03.950 13858 13858 E AndroidRuntime: at com.android.gallery3d.app.MovieActivity$1.(MovieActivity.java:95)
11-11 06:05:03.950 13858 13858 E AndroidRuntime: at com.android.gallery3d.app.MovieActivity.onCreate(MovieActivity.java:94)
11-11 06:05:03.950 13858 13858 E AndroidRuntime: at android.app.Activity.performCreate(Activity.java:8070)
11-11 06:05:03.950 13858 13858 E AndroidRuntime: at android.app.Activity.performCreate(Activity.java:8050)
11-11 06:05:03.950 13858 13858 E AndroidRuntime: at android.app.Instrumentation.callActivityOnCreate(Instrumentation.java:1330)
11-11 06:05:03.950 13858 13858 E AndroidRuntime: at android.app.ActivityThread.performLaunchActivity(ActivityThread.java:3609)
11-11 06:05:03.950 13858 13858 E AndroidRuntime: ... 12 more
11-11 06:05:03.951 1514 1539 I am_crash: [13858,0,com.android.gallery3d,819510341,java.lang.NullPointerException,Attempt to invoke virtual method 'java.lang.String android.net.Uri.getScheme()' on a null object reference,MoviePlayer.java,324]
11-11 06:05:03.952 1514 13966 I DropBoxManagerService: add tag=system_app_crash isTagEnabled=true flags=0x2
11-11 06:05:03.952 1514 1539 W ActivityTaskManager: Force finishing activity com.android.gallery3d/.app.MovieActivity
11-11 06:05:03.953 1514 1539 I wm_finish_activity: [0,148928027,105,com.android.gallery3d/.app.MovieActivity,force-crash]
11-11 06:05:03.953 1514 1539 I wm_task_moved: [39,1,6]
11-11 06:05:03.953 1514 1539 I wm_task_moved: [40,1,2147483647]
11-11 06:05:03.953 1514 1539 I wm_task_to_front: [0,40]
11-11 06:05:03.954 1514 1539 I wm_focused_root_task: [0,0,39,-1,finish-top adjustFocusToNextFocusableTask]
11-11 06:05:03.955 1514 1539 I wm_pause_activity: [0,148928027,com.android.gallery3d/.app.MovieActivity,userLeaving=false,finish]
11-11 06:05:03.958 1514 1596 I input_focus: [Focus request eea03e8 com.android.launcher3/com.android.launcher3.uioverrides.QuickstepLauncher,reason=UpdateInputWindows]
11-11 06:05:03.960 1514 1595 I sysui_multi_action: [757,1144,758,8,806,com.android.gallery3d,871,com.android.gallery3d.app.MovieActivity]
11-11 06:05:03.974 1514 1770 I input_focus: [Focus leaving recents_animation_input_consumer (server),reason=setFocusedWindow]
11-11 06:05:03.974 1514 1770 I input_focus: [Focus entering eea03e8 com.android.launcher3/com.android.launcher3.uioverrides.QuickstepLauncher (server),reason=setFocusedWindow]
11-11 06:05:03.975 1514 1596 I input_focus: [Focus request 9b2322e Application Error: com.android.gallery3d,reason=UpdateInputWindows]
11-11 06:05:03.989 1514 1770 I input_focus: [Focus leaving eea03e8 com.android.launcher3/com.android.launcher3.uioverrides.QuickstepLauncher (server),reason=Waiting for window because NOT_VISIBLE]
11-11 06:05:03.993 3685 3703 W ContextImpl: Calling a method in the system process without a qualified user: android.app.ContextImpl.startService:1816 android.content.ContextWrapper.startService:774 com.thundercomm.gamemode.ingame.services.GameModeActionUtils.startGameModeService:93 com.thundercomm.gamemode.ingame.services.GameModeActionUtils.startGameModeEntry:21 com.thundercomm.gamemode.ingame.services.ActivityMonitoringService$1.onActivityLaunch:126
11-11 06:05:04.000 1514 1514 I GameModeConfig: Current uri is uri = content://com.thundercomm.gamemode.api/gamemode_settings/gamemode_isgaming
11-11 06:05:04.002 1514 1514 I GameModeConfig: isGameModeOn = false
11-11 06:05:04.003 1514 1514 I GameModeConfig: isGameModeOn = false
11-11 06:05:04.003 1514 1514 I GameModeConfig: isDisableVoice = true
11-11 06:05:04.023 1514 1770 I input_focus: [Focus entering 9b2322e Application Error: com.android.gallery3d (server),reason=Window became focusable. Previous reason: NOT_VISIBLE]
11-11 06:05:04.226 1514 6145 I wm_task_moved: [39,1,6]
11-11 06:05:04.227 1514 6145 I wm_task_moved: [40,1,2147483647]
11-11 06:05:04.227 1514 6145 I wm_set_resumed_activity: [0,com.android.launcher3/.uioverrides.QuickstepLauncher,RecentsAnimation.onAnimationFinished()]
11-11 06:05:04.244 1514 1595 I sysui_multi_action: [757,803,799,window_time_2,802,0]
11-11 06:05:04.353 3685 3703 W ContextImpl: Calling a method in the system process without a qualified user: android.app.ContextImpl.startService:1816 android.content.ContextWrapper.startService:774 com.thundercomm.gamemode.ingame.services.GameModeActionUtils.startGameModeService:93 com.thundercomm.gamemode.ingame.services.GameModeActionUtils.startGameModeEntry:21 com.thundercomm.gamemode.ingame.services.ActivityMonitoringService$1.onActivityLaunch:126
11-11 06:05:04.361 1514 1514 I GameModeConfig: Current uri is uri = content://com.thundercomm.gamemode.api/gamemode_settings/gamemode_isgaming
11-11 06:05:04.365 1514 1514 I GameModeConfig: isGameModeOn = false
11-11 06:05:04.366 1514 1514 I GameModeConfig: isGameModeOn = false
11-11 06:05:04.366 1514 1514 I GameModeConfig: isDisableVoice = true
11-11 06:05:04.454 1514 1595 W ActivityTaskManager: Activity top resumed state loss timeout for ActivityRecord{8e0761b u0 com.android.gallery3d/.app.MovieActivity t105 f}}
11-11 06:05:04.456 1514 1595 W ActivityTaskManager: Activity pause timeout for ActivityRecord{8e0761b u0 com.android.gallery3d/.app.MovieActivity t105 f}}
11-11 06:05:04.458 1514 1595 I ActivityTaskManager: FOREGROUND_APPLICATION_CHANGED to com.android.launcher3.uioverrides.QuickstepLauncher
11-11 06:05:04.458 1514 1595 I wm_set_resumed_activity: [0,com.android.launcher3/.uioverrides.QuickstepLauncher,resumeTopActivityInnerLocked]
11-11 06:05:04.460 1514 1595 I wm_resume_activity: [0,157690489,40,com.android.launcher3/.uioverrides.QuickstepLauncher]
11-11 06:05:04.460 2503 2503 I wm_on_resume_called: [157690489,com.android.launcher3.uioverrides.QuickstepLauncher,RESUME_ACTIVITY]
11-11 06:05:04.460 2503 2503 I wm_on_top_resumed_gained_called: [157690489,com.android.launcher3.uioverrides.QuickstepLauncher,topWhenResuming]
11-11 06:05:04.469 1514 1595 I sysui_multi_action: [757,803,799,window_time_0,802,0]
11-11 06:05:04.474 1514 2960 I wm_destroy_activity: [0,148928027,105,com.android.gallery3d/.app.MovieActivity,finish-idle]
11-11 06:05:04.494 1514 1612 I am_pss : [13755,1000,com.android.settings,26615808,24653824,0,110419968,0,19,8]
11-11 06:05:04.570 3685 3703 W ContextImpl: Calling a method in the system process without a qualified user: android.app.ContextImpl.startService:1816 android.content.ContextWrapper.startService:774 com.thundercomm.gamemode.ingame.services.GameModeActionUtils.startGameModeService:93 com.thundercomm.gamemode.ingame.services.GameModeActionUtils.startGameModeEntry:21 com.thundercomm.gamemode.ingame.services.ActivityMonitoringService$1.onActivityLaunch:126
11-11 06:05:04.574 1514 1595 I wm_destroy_activity: [0,200118061,105,com.android.gallery3d/.app.MovieActivity,finish-imm:idle]
11-11 06:05:04.574 1514 1595 I wm_destroy_activity: [0,55643034,105,com.android.gallery3d/.app.GalleryActivity,finish-imm:idle]
11-11 06:05:04.576 1514 1514 I GameModeConfig: Current uri is uri = content://com.thundercomm.gamemode.api/gamemode_settings/gamemode_isgaming
11-11 06:05:04.578 1514 1514 I GameModeConfig: isGameModeOn = false
11-11 06:05:04.578 1514 1514 I GameModeConfig: isGameModeOn = false
11-11 06:05:04.578 1514 1514 I GameModeConfig: isDisableVoice = true
11-11 06:05:04.585 3685 3703 W ContextImpl: Calling a method in the system process without a qualified user: android.app.ContextImpl.startService:1816 android.content.ContextWrapper.startService:774 com.thundercomm.gamemode.ingame.services.GameModeActionUtils.startGameModeService:93 com.thundercomm.gamemode.ingame.services.GameModeActionUtils.startGameModeEntry:21 com.thundercomm.gamemode.ingame.services.ActivityMonitoringService$1.onActivityLaunch:126
11-11 06:05:04.589 1514 1514 I GameModeConfig: Current uri is uri = content://com.thundercomm.gamemode.api/gamemode_settings/gamemode_isgaming
11-11 06:05:04.591 1514 1514 I GameModeConfig: isGameModeOn = false
11-11 06:05:04.592 1514 1514 I GameModeConfig: isGameModeOn = false
11-11 06:05:04.592 1514 1514 I GameModeConfig: isDisableVoice = true
11-11 06:05:05.693 1514 1770 I input_interaction: Interaction with: 9b2322e Application Error: com.android.gallery3d (server), edge-swipe (server), swipe-up (server), PointerEventDispatcher0 (server),
11-11 06:05:05.812 1514 1539 I sysui_multi_action: [757,316,758,4,759,1]
11-11 06:05:05.813 1514 1539 W WindowManager: Force finishing activity com.android.gallery3d/.app.MovieActivity
11-11 06:05:05.814 1514 1539 I wm_destroy_activity: [0,148928027,105,com.android.gallery3d/.app.MovieActivity,finish-imm:handleAppCrashed]
11-11 06:05:05.816 1514 1539 W WindowManager: Force finishing activity com.android.gallery3d/.app.MovieActivity
11-11 06:05:05.817 1514 1539 I wm_destroy_activity: [0,200118061,105,com.android.gallery3d/.app.MovieActivity,finish-imm:handleAppCrashed]
11-11 06:05:05.818 1514 1539 W WindowManager: Force finishing activity com.android.gallery3d/.app.GalleryActivity
11-11 06:05:05.818 1514 1539 I wm_destroy_activity: [0,55643034,105,com.android.gallery3d/.app.GalleryActivity,finish-imm:handleAppCrashed]
11-11 06:05:05.822 1514 1612 W UsageStatsService: Unexpected activity event reported! (com.android.gallery3d/com.android.gallery3d.app.GalleryActivity event : 23 instanceId : 212325551)
11-11 06:05:05.830 1514 1539 I am_uid_stopped: 10068
11-11 06:05:05.836 1514 1596 I wm_task_removed: [105,removeChild:removeChild last r=ActivityRecord{3510b9a u0 com.android.gallery3d/.app.GalleryActivity t-1 f}} in t=Task{5a6d9f9 #105 type=standard A=10068:com.android.gallery3d U=0 visible=false mode=freeform translucent=true sz=0}]
11-11 06:05:05.836 1514 1596 I wm_task_removed: [105,removeChild]
11-11 06:05:05.836 1514 1596 D FreeFormWindowHelper: Remove freefrom task=Task{5a6d9f9 #105 type=standard A=10068:com.android.gallery3d U=0 visible=false mode=freeform translucent=true sz=0}
11-11 06:05:05.838 1514 1539 I ActivityManager: Killing 13858:com.android.gallery3d/u0a68 (adj 900): crash
11-11 06:05:05.838 1514 1539 I am_kill : [0,13858,com.android.gallery3d,900,crash]
11-11 06:05:05.851 1514 1596 I input_focus: [Focus request eea03e8 com.android.launcher3/com.android.launcher3.uioverrides.QuickstepLauncher,reason=UpdateInputWindows]
11-11 06:05:05.866 1514 1770 I input_focus: [Focus entering eea03e8 com.android.launcher3/com.android.launcher3.uioverrides.QuickstepLauncher (server),reason=setFocusedWindow]
11-11 06:05:05.905 1514 2505 V ActivityManager: Got obituary of 13858:com.android.gallery3d
11-11 06:05:05.906 1514 1595 W ActivityManager: setHasOverlayUi called on unknown pid: 13858
11-11 06:05:07.063 1514 1901 I GameModeConfig: isGameModeOn = false
11-11 06:05:07.323 1514 2742 E TaskPersister: File error accessing recents directory (directory doesn't exist?).
11-11 06:05:07.399 0 0 I auditd : type=1400 audit(0.0:5514): avc: denied { kill } for comm="swapper/2" capability=5 scontext=u:r:kernel:s0 tcontext=u:r:kernel:s0 tclass=capability permissive=0
11-11 06:05:08.399 0 0 I auditd : type=1400 audit(0.0:5515): avc: denied { kill } for comm="swapper/2" capability=5 scontext=u:r:kernel:s0 tcontext=u:r:kernel:s0 tclass=capability permissive=0
11-11 06:05:09.399 0 0 I auditd : type=1400 audit(0.0:5516): avc: denied { kill } for comm="swapper/2" capability=5 scontext=u:r:kernel:s0 tcontext=u:r:kernel:s0 tclass=capability permissive=0
11-11 06:05:09.797 1514 1614 W BroadcastQueue: Permission Denial: broadcasting Intent { act=android.net.conn.CONNECTIVITY_CHANGE flg=0x4200010 (has extras) } from null (pid=-1, uid=-1) requires com.baidu.input.permission.sofire.RECEIVE due to registered receiver BroadcastFilter{7fe2bf1 10023/u0 ReceiverList{53e3798 4154 com.baidu.input/10023/u0 remote:7e41d7b}}
11-11 06:05:10.105 1514 1614 I am_uid_idle: 10051
11-11 06:05:10.399 0 0 I auditd : type=1400 audit(0.0:5517): avc: denied { kill } for comm="swapper/2" capability=5 scontext=u:r:kernel:s0 tcontext=u:r:kernel:s0 tclass=capability permissive=0
11-11 06:05:11.399 0 0 I auditd : type=1400 audit(0.0:5518): avc: denied { kill } for comm="swapper/2" capability=5 scontext=u:r:kernel:s0 tcontext=u:r:kernel:s0 tclass=capability permissive=0
11-11 06:05:12.399 0 0 I auditd : type=1400 audit(0.0:5519): avc: denied { kill } for comm="swapper/2" capability=5 scontext=u:r:kernel:s0 tcontext=u:r:kernel:s0 tclass=capability permissive=0
