11-11 06:20:39.734 1514 1770 I input_interaction: Interaction with: e3d59d com.android.deskclock/com.android.deskclock.DeskClock (server), edge-swipe (server), swipe-up (server), PointerEventDispatcher0 (server),
11-11 06:20:40.399 0 0 I auditd : type=1400 audit(0.0:6422): avc: denied { kill } for comm="swapper/2" capability=5 scontext=u:r:kernel:s0 tcontext=u:r:kernel:s0 tclass=capability permissive=0
11-11 06:20:40.660 1514 4820 I wm_finish_activity: [0,156275819,114,com.android.deskclock/.DeskClock,finish-activity]
11-11 06:20:40.660 1514 4820 I wm_task_moved: [39,1,6]
11-11 06:20:40.661 1514 4820 I wm_set_resumed_activity: [0,com.android.launcher3/.uioverrides.QuickstepLauncher,positionChildAt]
11-11 06:20:40.662 1514 4820 I wm_task_moved: [40,1,2147483647]
11-11 06:20:40.662 1514 4820 I wm_task_to_front: [0,40]
11-11 06:20:40.662 1514 4820 I wm_focused_root_task: [0,0,39,-1,finish-top adjustFocusToNextFocusableTask]
11-11 06:20:40.662 1514 4820 I wm_set_resumed_activity: [0,com.android.launcher3/.uioverrides.QuickstepLauncher,finish-top]
11-11 06:20:40.670 1514 4820 I wm_pause_activity: [0,156275819,com.android.deskclock/.DeskClock,userLeaving=false,finish]
11-11 06:20:40.674 14384 14384 I wm_on_top_resumed_lost_called: [156275819,com.android.deskclock.DeskClock,topStateChangedWhenResumed]
11-11 06:20:40.675 1514 1596 I input_focus: [Focus request eea03e8 com.android.launcher3/com.android.launcher3.uioverrides.QuickstepLauncher,reason=UpdateInputWindows]
11-11 06:20:40.676 2503 2503 I wm_on_top_resumed_gained_called: [157690489,com.android.launcher3.uioverrides.QuickstepLauncher,topStateChangedWhenResumed]
11-11 06:20:40.677 1514 2742 E TaskPersister: File error accessing recents directory (directory doesn't exist?).
11-11 06:20:40.678 14384 14384 I wm_on_paused_called: [156275819,com.android.deskclock.DeskClock,performPause]
11-11 06:20:40.681 1514 4820 I ActivityTaskManager: FOREGROUND_APPLICATION_CHANGED to com.android.launcher3.uioverrides.QuickstepLauncher
11-11 06:20:40.681 1514 4820 I wm_destroy_activity: [0,156275819,114,com.android.deskclock/.DeskClock,finish-imm:completePausedLocked]
11-11 06:20:40.690 1514 1770 I input_focus: [Focus leaving e3d59d com.android.deskclock/com.android.deskclock.DeskClock (server),reason=NO_WINDOW]
11-11 06:20:40.690 1514 1770 I input_focus: [Focus entering eea03e8 com.android.launcher3/com.android.launcher3.uioverrides.QuickstepLauncher (server),reason=setFocusedWindow]
11-11 06:20:40.699 14384 14384 I wm_on_stop_called: [156275819,com.android.deskclock.DeskClock,LIFECYCLER_STOP_ACTIVITY]
11-11 06:20:40.703 1514 1595 I sysui_multi_action: [757,803,799,window_time_2,802,22]
11-11 06:20:40.704 1514 1595 I sysui_multi_action: [757,803,799,window_time_0,802,0]
11-11 06:20:40.706 14384 14384 I wm_on_destroy_called: [156275819,com.android.deskclock.DeskClock,performDestroy]
11-11 06:20:40.722 3685 3703 W ContextImpl: Calling a method in the system process without a qualified user: android.app.ContextImpl.startService:1816 android.content.ContextWrapper.startService:774 com.thundercomm.gamemode.ingame.services.GameModeActionUtils.startGameModeService:93 com.thundercomm.gamemode.ingame.services.GameModeActionUtils.startGameModeEntry:21 com.thundercomm.gamemode.ingame.services.ActivityMonitoringService$1.onActivityLaunch:126
11-11 06:20:40.728 1514 1514 I GameModeConfig: Current uri is uri = content://com.thundercomm.gamemode.api/gamemode_settings/gamemode_isgaming
11-11 06:20:40.732 1514 1514 I GameModeConfig: isGameModeOn = false
11-11 06:20:40.733 1514 1514 I GameModeConfig: isGameModeOn = false
11-11 06:20:40.733 1514 1514 I GameModeConfig: isDisableVoice = true
11-11 06:20:40.736 1514 1612 I am_pss : [2503,10079,com.android.launcher3,110356480,101421056,0,244580352,0,2,9]
11-11 06:20:40.792 3685 3703 W ContextImpl: Calling a method in the system process without a qualified user: android.app.ContextImpl.startService:1816 android.content.ContextWrapper.startService:774 com.thundercomm.gamemode.ingame.services.GameModeActionUtils.startGameModeService:93 com.thundercomm.gamemode.ingame.services.GameModeActionUtils.startGameModeEntry:21 com.thundercomm.gamemode.ingame.services.ActivityMonitoringService$1.onActivityLaunch:126
11-11 06:20:40.797 1514 1514 I GameModeConfig: Current uri is uri = content://com.thundercomm.gamemode.api/gamemode_settings/gamemode_isgaming
11-11 06:20:40.799 1514 1514 I GameModeConfig: isGameModeOn = false
11-11 06:20:40.799 1514 1514 I GameModeConfig: isGameModeOn = false
11-11 06:20:40.799 1514 1514 I GameModeConfig: isDisableVoice = true
11-11 06:20:40.988 1514 1596 I wm_task_removed: [114,removeChild:removeChild last r=ActivityRecord{950946b u0 com.android.deskclock/.DeskClock t-1 f}} in t=Task{cd36dba #114 type=standard A=10066:com.android.deskclock U=0 visible=false mode=freeform translucent=true sz=0}]
11-11 06:20:40.988 1514 1596 I wm_task_removed: [114,removeChild]
11-11 06:20:40.989 1514 1596 D FreeFormWindowHelper: Remove freefrom task=Task{cd36dba #114 type=standard A=10066:com.android.deskclock U=0 visible=false mode=freeform translucent=true sz=0}
11-11 06:20:41.399 0 0 I auditd : type=1400 audit(0.0:6423): avc: denied { kill } for comm="swapper/2" capability=5 scontext=u:r:kernel:s0 tcontext=u:r:kernel:s0 tclass=capability permissive=0
11-11 06:20:41.828 1514 1770 I input_interaction: Interaction with: eea03e8 com.android.launcher3/com.android.launcher3.uioverrides.QuickstepLauncher (server), 8068647 com.android.systemui.ImageWallpaper (server), edge-swipe (server), swipe-up (server), PointerEventDispatcher0 (server),
11-11 06:20:41.935 1514 2116 I ActivityTaskManager: START u0 {act=android.intent.action.MAIN cat=[android.intent.category.LAUNCHER] flg=0x10200000 cmp=com.android.music/.MusicBrowserActivity bnds=[2233,357][2408,540]} from uid 10079
11-11 06:20:41.952 1514 2116 I wm_task_created: [116,-1]
11-11 06:20:41.952 1514 2116 W ActivityTaskManager: Can't find TaskDisplayArea to determine support for multi window. Task id=116 attached=false
11-11 06:20:41.956 1514 2116 D CompatibilityChangeReporter: Compat change id reported: 174042980; UID 10086; state: DISABLED
11-11 06:20:41.957 1514 2116 D CompatibilityChangeReporter: Compat change id reported: 184838306; UID 10086; state: DISABLED
11-11 06:20:41.958 1514 2116 D CompatibilityChangeReporter: Compat change id reported: 185004937; UID 10086; state: DISABLED
11-11 06:20:41.961 1514 2116 D CompatibilityChangeReporter: Compat change id reported: 181136395; UID 10086; state: DISABLED
11-11 06:20:41.961 1514 2116 D CompatibilityChangeReporter: Compat change id reported: 174042936; UID 10086; state: DISABLED
11-11 06:20:41.962 1514 2116 I wm_task_moved: [116,1,6]
11-11 06:20:41.963 1514 2116 I wm_task_to_front: [0,116]
11-11 06:20:41.963 1514 2116 I wm_create_task: [0,116]
11-11 06:20:41.963 1514 2116 I wm_create_activity: [0,164310171,116,com.android.music/.MusicBrowserActivity,android.intent.action.MAIN,NULL,NULL,270532608]
11-11 06:20:41.963 1514 2116 I wm_task_moved: [116,1,6]
11-11 06:20:41.964 1514 2116 D CompatibilityChangeReporter: Compat change id reported: 168419799; UID 10086; state: DISABLED
11-11 06:20:41.966 1514 2116 I wm_pause_activity: [0,157690489,com.android.launcher3/.uioverrides.QuickstepLauncher,userLeaving=true,pauseBackTasks]
11-11 06:20:41.972 2503 2503 I wm_on_top_resumed_lost_called: [157690489,com.android.launcher3.uioverrides.QuickstepLauncher,topStateChangedWhenResumed]
11-11 06:20:41.973 2503 2503 I wm_on_paused_called: [157690489,com.android.launcher3.uioverrides.QuickstepLauncher,performPause]
11-11 06:20:41.973 1514 4820 I ActivityTaskManager: FOREGROUND_APPLICATION_CHANGED to com.android.music.MusicBrowserActivity
11-11 06:20:41.974 1514 4820 I ActivityTaskManager: The Process com.android.music Already Exists in BG. So sending its PID: 14110
11-11 06:20:41.974 1514 4820 I wm_add_to_stopping: [0,157690489,com.android.launcher3/.uioverrides.QuickstepLauncher,makeInvisible]
11-11 06:20:41.975 1514 4820 I wm_restart_activity: [0,164310171,116,com.android.music/.MusicBrowserActivity]
11-11 06:20:41.977 1514 4820 I wm_set_resumed_activity: [0,com.android.music/.MusicBrowserActivity,minimalResumeActivityLocked]
11-11 06:20:41.983 1514 1595 I am_uid_active: 10086
11-11 06:20:42.000 1514 1595 I sysui_multi_action: [757,803,799,window_time_0,802,1]
11-11 06:20:42.002 1514 2116 I ActivityTaskManager: START u0 {cmp=com.android.music/com.codeaurora.music.custom.PermissionActivity (has extras)} from uid 10086
11-11 06:20:42.004 3685 3703 W ContextImpl: Calling a method in the system process without a qualified user: android.app.ContextImpl.startService:1816 android.content.ContextWrapper.startService:774 com.thundercomm.gamemode.ingame.services.GameModeActionUtils.startGameModeService:93 com.thundercomm.gamemode.ingame.services.GameModeActionUtils.startGameModeEntry:21 com.thundercomm.gamemode.ingame.services.ActivityMonitoringService$1.onActivityLaunch:126
11-11 06:20:42.006 1514 2116 I wm_task_moved: [116,1,6]
11-11 06:20:42.006 1514 2116 I wm_set_resumed_activity: [0,com.android.music/.MusicBrowserActivity,positionChildAt]
11-11 06:20:42.006 1514 2116 I wm_create_activity: [0,250232905,116,com.android.music/com.codeaurora.music.custom.PermissionActivity,NULL,NULL,NULL,268435456]
11-11 06:20:42.007 1514 2116 I wm_pause_activity: [0,164310171,com.android.music/.MusicBrowserActivity,userLeaving=true,resumeTopActivityInnerLocked]
11-11 06:20:42.010 1514 1514 I GameModeConfig: Current uri is uri = content://com.thundercomm.gamemode.api/gamemode_settings/gamemode_isgaming
11-11 06:20:42.011 1514 1514 I GameModeConfig: isGameModeOn = false
11-11 06:20:42.011 1514 1514 I GameModeConfig: isGameModeOn = false
11-11 06:20:42.011 1514 1514 I GameModeConfig: isDisableVoice = true
11-11 06:20:42.014 1514 2116 I wm_finish_activity: [0,164310171,116,com.android.music/.MusicBrowserActivity,app-request]
11-11 06:20:42.022 1514 2072 I ActivityManager: Process com.android.music (pid 14110) has died: fg TOP
11-11 06:20:42.022 1514 2072 I am_proc_died: [0,14110,com.android.music,0,2]
11-11 06:20:42.023 1514 2072 I am_uid_stopped: 10086
11-11 06:20:42.025 1514 1770 I input_focus: [Focus leaving eea03e8 com.android.launcher3/com.android.launcher3.uioverrides.QuickstepLauncher (server),reason=NO_WINDOW]
11-11 06:20:42.028 1514 2072 I ActivityTaskManager: FOREGROUND_APPLICATION_CHANGED to com.codeaurora.music.custom.PermissionActivity
11-11 06:20:42.029 1514 1595 I am_uid_running: 10086
11-11 06:20:42.030 1514 1595 D CompatibilityChangeReporter: Compat change id reported: 135634846; UID 10086; state: DISABLED
11-11 06:20:42.030 1514 1595 D CompatibilityChangeReporter: Compat change id reported: 177438394; UID 10086; state: DISABLED
11-11 06:20:42.030 1514 1595 D CompatibilityChangeReporter: Compat change id reported: 135772972; UID 10086; state: DISABLED
11-11 06:20:42.030 1514 1595 D CompatibilityChangeReporter: Compat change id reported: 135754954; UID 10086; state: ENABLED
11-11 06:20:42.030 1514 1615 D CompatibilityChangeReporter: Compat change id reported: 143937733; UID 10086; state: ENABLED
11-11 06:20:42.039 1514 1615 I am_proc_start: [0,14569,10086,com.android.music,top-activity,{com.android.music/com.codeaurora.music.custom.PermissionActivity}]
11-11 06:20:42.039 1514 1615 I ActivityManager: Start proc 14569:com.android.music/u0a86 for top-activity {com.android.music/com.codeaurora.music.custom.PermissionActivity}
11-11 06:20:42.057 1514 2072 I am_proc_bound: [0,14569,com.android.music]
11-11 06:20:42.060 1514 2072 I ActivityTaskManager: The Process com.android.music Already Exists in BG. So sending its PID: 14569
11-11 06:20:42.061 1514 2072 I wm_restart_activity: [0,250232905,116,com.android.music/com.codeaurora.music.custom.PermissionActivity]
11-11 06:20:42.061 1514 2072 I wm_set_resumed_activity: [0,com.android.music/com.codeaurora.music.custom.PermissionActivity,minimalResumeActivityLocked]
11-11 06:20:42.062 1514 2072 I am_uid_active: 10086
11-11 06:20:42.075 3685 3703 W ContextImpl: Calling a method in the system process without a qualified user: android.app.ContextImpl.startService:1816 android.content.ContextWrapper.startService:774 com.thundercomm.gamemode.ingame.services.GameModeActionUtils.startGameModeService:93 com.thundercomm.gamemode.ingame.services.GameModeActionUtils.startGameModeEntry:21 com.thundercomm.gamemode.ingame.services.ActivityMonitoringService$1.onActivityLaunch:126
11-11 06:20:42.079 1514 1514 I GameModeConfig: Current uri is uri = content://com.thundercomm.gamemode.api/gamemode_settings/gamemode_isgaming
11-11 06:20:42.081 1514 1514 I GameModeConfig: isGameModeOn = false
11-11 06:20:42.081 1514 1514 I GameModeConfig: isGameModeOn = false
11-11 06:20:42.081 1514 1514 I GameModeConfig: isDisableVoice = true
11-11 06:20:42.086 3685 3703 W ContextImpl: Calling a method in the system process without a qualified user: android.app.ContextImpl.startService:1816 android.content.ContextWrapper.startService:774 com.thundercomm.gamemode.ingame.services.GameModeActionUtils.startGameModeService:93 com.thundercomm.gamemode.ingame.services.GameModeActionUtils.startGameModeEntry:21 com.thundercomm.gamemode.ingame.services.ActivityMonitoringService$1.onActivityLaunch:126
11-11 06:20:42.089 1514 1514 I GameModeConfig: Current uri is uri = content://com.thundercomm.gamemode.api/gamemode_settings/gamemode_isgaming
11-11 06:20:42.090 1514 7707 I ActivityTaskManager: START u0 {act=android.content.pm.action.REQUEST_PERMISSIONS pkg=com.android.permissioncontroller cmp=com.android.permissioncontroller/.permission.ui.GrantPermissionsActivity (has extras)} from uid 10086
11-11 06:20:42.092 1514 1514 I GameModeConfig: isGameModeOn = false
11-11 06:20:42.093 1514 1514 I GameModeConfig: isGameModeOn = false
11-11 06:20:42.093 1514 1514 I GameModeConfig: isDisableVoice = true
11-11 06:20:42.097 1514 7707 I wm_task_moved: [116,1,6]
11-11 06:20:42.097 1514 7707 I wm_set_resumed_activity: [0,com.android.music/com.codeaurora.music.custom.PermissionActivity,positionChildAt]
11-11 06:20:42.098 1514 7707 I wm_create_activity: [0,237468401,116,com.android.permissioncontroller/.permission.ui.GrantPermissionsActivity,android.content.pm.action.REQUEST_PERMISSIONS,NULL,NULL,8388608]
11-11 06:20:42.099 1514 7707 I wm_pause_activity: [0,250232905,com.android.music/com.codeaurora.music.custom.PermissionActivity,userLeaving=true,resumeTopActivityInnerLocked]
11-11 06:20:42.102 14569 14569 I wm_on_create_called: [250232905,com.codeaurora.music.custom.PermissionActivity,performCreate]
11-11 06:20:42.111 14569 14569 I wm_on_start_called: [250232905,com.codeaurora.music.custom.PermissionActivity,handleStartActivity]
11-11 06:20:42.112 14569 14569 I wm_on_resume_called: [250232905,com.codeaurora.music.custom.PermissionActivity,RESUME_ACTIVITY]
11-11 06:20:42.120 14569 14569 I wm_on_paused_called: [250232905,com.codeaurora.music.custom.PermissionActivity,performPause]
11-11 06:20:42.120 1514 7707 I ActivityTaskManager: FOREGROUND_APPLICATION_CHANGED to com.android.permissioncontroller.permission.ui.GrantPermissionsActivity
11-11 06:20:42.120 1514 7707 I ActivityTaskManager: The Process com.android.permissioncontroller Already Exists in BG. So sending its PID: 14181
11-11 06:20:42.121 1514 7707 W ActivityTaskManager: Tried to set launchTime (0) < mLastActivityLaunchTime (5478943)
11-11 06:20:42.122 1514 7707 I wm_restart_activity: [0,237468401,116,com.android.permissioncontroller/.permission.ui.GrantPermissionsActivity]
11-11 06:20:42.122 1514 7707 I wm_set_resumed_activity: [0,com.android.permissioncontroller/.permission.ui.GrantPermissionsActivity,minimalResumeActivityLocked]
11-11 06:20:42.123 1514 1595 I am_uid_active: 10094
11-11 06:20:42.126 1514 1595 I sysui_multi_action: [757,803,799,window_time_0,802,0]
11-11 06:20:42.142 3685 3703 W ContextImpl: Calling a method in the system process without a qualified user: android.app.ContextImpl.startService:1816 android.content.ContextWrapper.startService:774 com.thundercomm.gamemode.ingame.services.GameModeActionUtils.startGameModeService:93 com.thundercomm.gamemode.ingame.services.GameModeActionUtils.startGameModeEntry:21 com.thundercomm.gamemode.ingame.services.ActivityMonitoringService$1.onActivityLaunch:126
11-11 06:20:42.149 1514 1514 I GameModeConfig: Current uri is uri = content://com.thundercomm.gamemode.api/gamemode_settings/gamemode_isgaming
11-11 06:20:42.149 14181 14181 I wm_on_create_called: [237468401,com.android.permissioncontroller.permission.ui.GrantPermissionsActivity,performCreate]
11-11 06:20:42.150 14181 14181 I wm_on_start_called: [237468401,com.android.permissioncontroller.permission.ui.GrantPermissionsActivity,handleStartActivity]
11-11 06:20:42.150 14181 14181 I wm_on_resume_called: [237468401,com.android.permissioncontroller.permission.ui.GrantPermissionsActivity,RESUME_ACTIVITY]
11-11 06:20:42.151 1514 1514 I GameModeConfig: isGameModeOn = false
11-11 06:20:42.151 1514 1514 I GameModeConfig: isGameModeOn = false
11-11 06:20:42.152 1514 1514 I GameModeConfig: isDisableVoice = true
11-11 06:20:42.163 1514 1596 I input_focus: [Focus request 96323dc com.android.permissioncontroller/com.android.permissioncontroller.permission.ui.GrantPermissionsActivity,reason=UpdateInputWindows]
11-11 06:20:42.177 1514 1770 I input_focus: [Focus entering 96323dc com.android.permissioncontroller/com.android.permissioncontroller.permission.ui.GrantPermissionsActivity (server),reason=setFocusedWindow]
11-11 06:20:42.235 3685 3703 W ContextImpl: Calling a method in the system process without a qualified user: android.app.ContextImpl.startService:1816 android.content.ContextWrapper.startService:774 com.thundercomm.gamemode.ingame.services.GameModeActionUtils.startGameModeService:93 com.thundercomm.gamemode.ingame.services.GameModeActionUtils.startGameModeEntry:21 com.thundercomm.gamemode.ingame.services.ActivityMonitoringService$1.onActivityLaunch:126
11-11 06:20:42.238 1514 1514 I GameModeConfig: Current uri is uri = content://com.thundercomm.gamemode.api/gamemode_settings/gamemode_isgaming
11-11 06:20:42.241 1514 1514 I GameModeConfig: isGameModeOn = false
11-11 06:20:42.241 1514 1514 I GameModeConfig: isGameModeOn = false
11-11 06:20:42.241 1514 1514 I GameModeConfig: isDisableVoice = true
11-11 06:20:42.399 0 0 I auditd : type=1400 audit(0.0:6424): avc: denied { kill } for comm="swapper/2" capability=5 scontext=u:r:kernel:s0 tcontext=u:r:kernel:s0 tclass=capability permissive=0
11-11 06:20:42.508 1514 1595 W ActivityTaskManager: Activity top resumed state loss timeout for ActivityRecord{9cb2c9b u0 com.android.music/.MusicBrowserActivity t-1 f}}
11-11 06:20:42.509 14181 14181 I wm_on_top_resumed_gained_called: [237468401,com.android.permissioncontroller.permission.ui.GrantPermissionsActivity,topStateChangedWhenResumed]
11-11 06:20:42.577 1514 1595 I wm_stop_activity: [0,157690489,com.android.launcher3/.uioverrides.QuickstepLauncher]
11-11 06:20:42.580 2503 2503 I wm_on_stop_called: [157690489,com.android.launcher3.uioverrides.QuickstepLauncher,STOP_ACTIVITY_ITEM]
11-11 06:20:42.608 3685 3703 W ContextImpl: Calling a method in the system process without a qualified user: android.app.ContextImpl.startService:1816 android.content.ContextWrapper.startService:774 com.thundercomm.gamemode.ingame.services.GameModeActionUtils.startGameModeService:93 com.thundercomm.gamemode.ingame.services.GameModeActionUtils.startGameModeEntry:21 com.thundercomm.gamemode.ingame.services.ActivityMonitoringService$1.onActivityLaunch:126
11-11 06:20:42.613 1514 1514 I GameModeConfig: Current uri is uri = content://com.thundercomm.gamemode.api/gamemode_settings/gamemode_isgaming
11-11 06:20:42.615 1514 1514 I GameModeConfig: isGameModeOn = false
11-11 06:20:42.615 1514 1514 I GameModeConfig: isGameModeOn = false
11-11 06:20:42.615 1514 1514 I GameModeConfig: isDisableVoice = true
11-11 06:20:43.071 1514 1770 I input_interaction: Interaction with: 96323dc com.android.permissioncontroller/com.android.permissioncontroller.permission.ui.GrantPermissionsActivity (server), edge-swipe (server), swipe-up (server), PointerEventDispatcher0 (server),
11-11 06:20:43.267 1514 1539 I sysui_multi_action: [757,1243,758,4,806,com.android.music,1241,android.permission.READ_PHONE_STATE]
11-11 06:20:43.269 14181 14181 I snet_event_log: [individual_permissions_requested,10086,com.android.music:com.android.music:;android.permission.READ_PHONE_STATE|false|768]
11-11 06:20:43.269 1514 1539 I wm_finish_activity: [0,237468401,116,com.android.permissioncontroller/.permission.ui.GrantPermissionsActivity,app-request]
11-11 06:20:43.284 1514 1539 I wm_pause_activity: [0,237468401,com.android.permissioncontroller/.permission.ui.GrantPermissionsActivity,userLeaving=false,finish]
11-11 06:20:43.294 1514 1595 I sysui_multi_action: [757,1144,758,8,806,com.android.permissioncontroller,871,com.android.permissioncontroller.permission.ui.GrantPermissionsActivity]
11-11 06:20:43.311 1514 1770 I input_focus: [Focus leaving 96323dc com.android.permissioncontroller/com.android.permissioncontroller.permission.ui.GrantPermissionsActivity (server),reason=NO_WINDOW]
11-11 06:20:43.345 14181 14181 I wm_on_top_resumed_lost_called: [237468401,com.android.permissioncontroller.permission.ui.GrantPermissionsActivity,topStateChangedWhenResumed]
11-11 06:20:43.345 14181 14181 I wm_on_paused_called: [237468401,com.android.permissioncontroller.permission.ui.GrantPermissionsActivity,performPause]
11-11 06:20:43.346 1514 6145 I ActivityTaskManager: FOREGROUND_APPLICATION_CHANGED to com.codeaurora.music.custom.PermissionActivity
11-11 06:20:43.347 1514 6145 I wm_set_resumed_activity: [0,com.android.music/com.codeaurora.music.custom.PermissionActivity,resumeTopActivityInnerLocked]
11-11 06:20:43.348 1514 6145 I wm_resume_activity: [0,250232905,116,com.android.music/com.codeaurora.music.custom.PermissionActivity]
11-11 06:20:43.356 1514 1596 I input_focus: [Focus request b6997f3 com.android.music/com.codeaurora.music.custom.PermissionActivity,reason=UpdateInputWindows]
11-11 06:20:43.356 1514 1595 I sysui_multi_action: [757,803,799,window_time_0,802,1]
11-11 06:20:43.358 1514 1539 I ActivityTaskManager: START u0 {act=android.intent.action.MAIN cat=[android.intent.category.LAUNCHER] flg=0x10200000 cmp=com.android.music/.MusicBrowserActivity bnds=[2233,357][2408,540]} from uid 10086
11-11 06:20:43.362 1514 1539 I wm_task_moved: [116,1,6]
11-11 06:20:43.362 1514 1539 I wm_set_resumed_activity: [0,com.android.music/com.codeaurora.music.custom.PermissionActivity,positionChildAt]
11-11 06:20:43.362 1514 1539 I wm_create_activity: [0,172816109,116,com.android.music/.MusicBrowserActivity,android.intent.action.MAIN,NULL,NULL,270532608]
11-11 06:20:43.364 1514 1539 I wm_pause_activity: [0,250232905,com.android.music/com.codeaurora.music.custom.PermissionActivity,userLeaving=true,resumeTopActivityInnerLocked]
11-11 06:20:43.372 1514 1539 I wm_finish_activity: [0,250232905,116,com.android.music/com.codeaurora.music.custom.PermissionActivity,app-request]
11-11 06:20:43.372 14569 14569 I wm_on_activity_result_called: [250232905,com.codeaurora.music.custom.PermissionActivity,ACTIVITY_RESULT]
11-11 06:20:43.373 1514 4820 I wm_add_to_stopping: [0,250232905,com.android.music/com.codeaurora.music.custom.PermissionActivity,completeFinishing]
11-11 06:20:43.374 1514 4820 I ActivityTaskManager: FOREGROUND_APPLICATION_CHANGED to com.android.music.MusicBrowserActivity
11-11 06:20:43.374 1514 4820 I ActivityTaskManager: The Process com.android.music Already Exists in BG. So sending its PID: 14569
11-11 06:20:43.374 1514 4820 W ActivityTaskManager: Tried to set launchTime (0) < mLastActivityLaunchTime (5657475)
11-11 06:20:43.374 1514 4820 I wm_restart_activity: [0,172816109,116,com.android.music/.MusicBrowserActivity]
11-11 06:20:43.375 1514 4820 I wm_set_resumed_activity: [0,com.android.music/.MusicBrowserActivity,minimalResumeActivityLocked]
11-11 06:20:43.377 1514 1595 I sysui_multi_action: [757,803,799,window_time_0,802,0]
11-11 06:20:43.380 1514 1770 I input_focus: [Focus entering b6997f3 com.android.music/com.codeaurora.music.custom.PermissionActivity (server),reason=setFocusedWindow]
11-11 06:20:43.395 1514 1770 I input_focus: [Focus leaving b6997f3 com.android.music/com.codeaurora.music.custom.PermissionActivity (server),reason=NO_WINDOW]
11-11 06:20:43.404 1514 4820 D CompatibilityChangeReporter: Compat change id reported: 149924527; UID 10086; state: ENABLED
11-11 06:20:43.404 1514 4820 D CompatibilityChangeReporter: Compat change id reported: 132649864; UID 10086; state: DISABLED
11-11 06:20:43.405 1514 4820 D CompatibilityChangeReporter: Compat change id reported: 182734110; UID 10086; state: ENABLED
11-11 06:20:43.412 14569 14569 I wm_on_create_called: [172816109,com.android.music.MusicBrowserActivity,performCreate]
11-11 06:20:43.419 1514 7417 D CompatibilityChangeReporter: Compat change id reported: 172100307; UID 10086; state: ENABLED
11-11 06:20:43.421 14569 14569 I wm_on_start_called: [172816109,com.android.music.MusicBrowserActivity,handleStartActivity]
11-11 06:20:43.421 14569 14569 I wm_on_resume_called: [172816109,com.android.music.MusicBrowserActivity,RESUME_ACTIVITY]
11-11 06:20:43.423 14569 14569 I wm_on_top_resumed_gained_called: [172816109,com.android.music.MusicBrowserActivity,topStateChangedWhenResumed]
11-11 06:20:43.441 1514 4820 I sysui_multi_action: [757,856,758,1,806,com.android.music,857,Channel-music,858,2]
11-11 06:20:43.449 1514 1514 I notification_enqueue: [10086,14569,com.android.music,1,NULL,0,Notification(channel=Channel-music shortcut=null contentView=null vibrate=null sound=null defaults=0x0 flags=0x0 color=0x00000000 category=transport actions=3 vis=PRIVATE),0]
11-11 06:20:43.451 1514 1901 I GameModeConfig: isGameModeOn = false
11-11 06:20:43.451 1514 1901 I GameModeConfig: isGameModeOn = false
11-11 06:20:43.451 1514 1901 I GameModeConfig: isGameModeOn = false
11-11 06:20:43.451 1514 1901 I GameModeConfig: isGameModeOn = false
11-11 06:20:43.453 1514 1514 I notification_enqueue: [10086,14569,com.android.music,1,NULL,0,Notification(channel=Channel-music shortcut=null contentView=null vibrate=null sound=null defaults=0x0 flags=0x40 color=0x00000000 category=transport actions=3 vis=PRIVATE),0]
11-11 06:20:43.454 1514 1514 I notification_enqueue: [10086,14569,com.android.music,1,NULL,0,Notification(channel=Channel-music shortcut=null contentView=null vibrate=null sound=null defaults=0x0 flags=0x40 color=0x00000000 category=transport actions=3 vis=PRIVATE),0]
11-11 06:20:43.456 1514 1514 I notification_enqueue: [10086,14569,com.android.music,1,NULL,0,Notification(channel=Channel-music shortcut=null contentView=null vibrate=null sound=null defaults=0x0 flags=0x40 color=0x00000000 category=transport actions=3 vis=PRIVATE),0]
11-11 06:20:43.457 1514 1901 I GameModeConfig: isGameModeOn = false
11-11 06:20:43.457 1514 1901 I GameModeConfig: isGameModeOn = false
11-11 06:20:43.457 1514 1901 I GameModeConfig: isGameModeOn = false
11-11 06:20:43.457 1514 1901 I GameModeConfig: isGameModeOn = false
11-11 06:20:43.461 1514 1514 I notification_enqueue: [10086,14569,com.android.music,1,NULL,0,Notification(channel=Channel-music shortcut=null contentView=null vibrate=null sound=null defaults=0x0 flags=0x40 color=0x00000000 category=transport actions=3 vis=PRIVATE),0]
11-11 06:20:43.466 1514 1514 I notification_enqueue: [10086,14569,com.android.music,1,NULL,0,Notification(channel=Channel-music shortcut=null contentView=null vibrate=null sound=null defaults=0x0 flags=0x40 color=0x00000000 category=transport actions=3 vis=PRIVATE),0]
11-11 06:20:43.469 1514 1596 I input_focus: [Focus request fa7e2ce com.android.music/com.android.music.MusicBrowserActivity,reason=UpdateInputWindows]
11-11 06:20:43.483 3685 3703 W ContextImpl: Calling a method in the system process without a qualified user: android.app.ContextImpl.startService:1816 android.content.ContextWrapper.startService:774 com.thundercomm.gamemode.ingame.services.GameModeActionUtils.startGameModeService:93 com.thundercomm.gamemode.ingame.services.GameModeActionUtils.startGameModeEntry:21 com.thundercomm.gamemode.ingame.services.ActivityMonitoringService$1.onActivityLaunch:126
11-11 06:20:43.495 1514 4820 D CompatibilityChangeReporter: Compat change id reported: 157233955; UID 10086; state: ENABLED
11-11 06:20:43.497 1514 1592 I wm_activity_launch_time: [0,172816109,com.android.music/.MusicBrowserActivity,138]
11-11 06:20:43.498 1514 1514 I sysui_multi_action: [757,128,758,5,759,8,793,54,794,0,795,54,796,1,806,com.android.music,857,Channel-music,858,2,947,0,1500,54,1641,transport,1688,1,1745,1043716538]
11-11 06:20:43.498 1514 1514 I notification_canceled: [0|com.android.music|1|null|10086,8,54,54,0,-1,-1,NULL]
11-11 06:20:43.499 1514 1514 I GameModeConfig: Current uri is uri = content://com.thundercomm.gamemode.api/gamemode_settings/gamemode_isgaming
11-11 06:20:43.501 1514 1514 I GameModeConfig: isGameModeOn = false
11-11 06:20:43.502 1514 1514 I GameModeConfig: isGameModeOn = false
11-11 06:20:43.502 1514 1514 I GameModeConfig: isDisableVoice = true
11-11 06:20:43.506 1514 8092 I wm_destroy_activity: [0,237468401,116,com.android.permissioncontroller/.permission.ui.GrantPermissionsActivity,finish-idle]
11-11 06:20:43.512 1514 1770 I input_focus: [Focus entering fa7e2ce com.android.music/com.android.music.MusicBrowserActivity (server),reason=Window became focusable. Previous reason: NOT_VISIBLE]
11-11 06:20:43.522 3685 3703 W ContextImpl: Calling a method in the system process without a qualified user: android.app.ContextImpl.startService:1816 android.content.ContextWrapper.startService:774 com.thundercomm.gamemode.ingame.services.GameModeActionUtils.startGameModeService:93 com.thundercomm.gamemode.ingame.services.GameModeActionUtils.startGameModeEntry:21 com.thundercomm.gamemode.ingame.services.ActivityMonitoringService$1.onActivityLaunch:126
11-11 06:20:43.525 1514 1514 I GameModeConfig: Current uri is uri = content://com.thundercomm.gamemode.api/gamemode_settings/gamemode_isgaming
11-11 06:20:43.527 1514 1514 I GameModeConfig: isGameModeOn = false
11-11 06:20:43.528 1514 1514 I GameModeConfig: isGameModeOn = false
11-11 06:20:43.528 1514 1514 I GameModeConfig: isDisableVoice = true
11-11 06:20:43.628 14181 14181 I wm_on_stop_called: [237468401,com.android.permissioncontroller.permission.ui.GrantPermissionsActivity,LIFECYCLER_STOP_ACTIVITY]
11-11 06:20:43.630 14181 14181 I wm_on_destroy_called: [237468401,com.android.permissioncontroller.permission.ui.GrantPermissionsActivity,performDestroy]
11-11 06:20:43.649 1514 1514 I NotificationService: Cannot find enqueued record for key: 0|com.android.music|1|null|10086
11-11 06:20:43.654 1514 1514 I NotificationService: Cannot find enqueued record for key: 0|com.android.music|1|null|10086
11-11 06:20:43.654 1514 1514 I NotificationService: Cannot find enqueued record for key: 0|com.android.music|1|null|10086
11-11 06:20:43.658 1514 1514 I NotificationService: Cannot find enqueued record for key: 0|com.android.music|1|null|10086
11-11 06:20:43.662 1514 1514 I NotificationService: Cannot find enqueued record for key: 0|com.android.music|1|null|10086
11-11 06:20:43.667 1514 1514 I NotificationService: Cannot find enqueued record for key: 0|com.android.music|1|null|10086
11-11 06:20:43.700 1514 1594 I commit_sys_config_file: [notification-policy,5649082]
11-11 06:20:43.901 1514 1595 I wm_destroy_activity: [0,250232905,116,com.android.music/com.codeaurora.music.custom.PermissionActivity,finish-imm:idle]
11-11 06:20:43.907 14569 14569 I wm_on_stop_called: [250232905,com.codeaurora.music.custom.PermissionActivity,LIFECYCLER_STOP_ACTIVITY]
11-11 06:20:43.907 14569 14569 I wm_on_destroy_called: [250232905,com.codeaurora.music.custom.PermissionActivity,performDestroy]
11-11 06:20:44.247 1514 1770 I input_interaction: Interaction with: fa7e2ce com.android.music/com.android.music.MusicBrowserActivity (server), edge-swipe (server), swipe-up (server), PointerEventDispatcher0 (server),
11-11 06:20:44.267 1514 8092 I wm_task_moved: [39,0,0]
11-11 06:20:44.268 1514 8092 I wm_task_moved: [39,0,5]
11-11 06:20:44.277 2503 2503 I wm_on_restart_called: [157690489,com.android.launcher3.uioverrides.QuickstepLauncher,performRestartActivity]
11-11 06:20:44.310 2503 2503 I wm_on_start_called: [157690489,com.android.launcher3.uioverrides.QuickstepLauncher,handleStartActivity]
11-11 06:20:44.310 14569 14569 I view_enqueue_input_event: [Motion - Cancel,com.android.music/com.android.music.MusicBrowserActivity]
11-11 06:20:44.313 1514 1770 I input_interaction: Interaction with: edge-swipe (server), swipe-up (server), PointerEventDispatcher0 (server),
11-11 06:20:44.316 1514 1596 I input_focus: [Focus request recents_animation_input_consumer,reason=UpdateInputWindows]
11-11 06:20:44.318 2503 2503 I sysui_latency: [1,73]
11-11 06:20:44.327 1514 1592 I sysui_multi_action: [319,15,322,55,325,5659,757,761,758,9,759,5,806,com.android.launcher3,871,com.android.launcher3.uioverrides.QuickstepLauncher,904,com.android.launcher3,905,0,1320,8,1321,5]
11-11 06:20:44.331 1514 1770 I input_focus: [Focus leaving fa7e2ce com.android.music/com.android.music.MusicBrowserActivity (server),reason=NOT_FOCUSABLE]
11-11 06:20:44.331 1514 1770 I input_focus: [Focus entering recents_animation_input_consumer (server),reason=setFocusedWindow]
11-11 06:20:44.504 1514 2742 E TaskPersister: File error accessing recents directory (directory doesn't exist?).
11-11 06:20:44.511 1514 1715 I commit_sys_config_file: [settings-1-0,4]
11-11 06:20:44.624 1514 1612 I sysui_latency: [8,69]
11-11 06:20:45.153 1514 1715 I commit_sys_config_file: [settings-1-0,5]
11-11 06:20:46.043 1514 1770 I input_interaction: Interaction with: eea03e8 com.android.launcher3/com.android.launcher3.uioverrides.QuickstepLauncher (server), edge-swipe (server), swipe-up (server), PointerEventDispatcher0 (server),
11-11 06:20:46.139 1514 2040 D FreeFormWindowHelper: Add freeform task=Task{5a6d9f9 #105 type=standard A=10068:com.android.gallery3d U=0 visible=false mode=freeform translucent=true sz=0}
11-11 06:20:46.142 1514 2040 I wm_task_moved: [39,1,7]
11-11 06:20:46.147 1514 2040 I wm_focused_root_task: [0,0,39,116,startActivityFromRecents]
11-11 06:20:46.148 14569 14569 I wm_on_top_resumed_lost_called: [172816109,com.android.music.MusicBrowserActivity,topStateChangedWhenResumed]
11-11 06:20:46.148 1514 2040 I ActivityTaskManager: START u0 {act=android.intent.action.MAIN cat=[android.intent.category.LAUNCHER] flg=0x10300000 cmp=com.android.gallery3d/.app.GalleryActivity} from uid 10079
11-11 06:20:46.163 1514 2040 D CompatibilityChangeReporter: Compat change id reported: 174042980; UID 10068; state: DISABLED
11-11 06:20:46.164 1514 2040 D CompatibilityChangeReporter: Compat change id reported: 184838306; UID 10068; state: DISABLED
11-11 06:20:46.165 1514 2040 D CompatibilityChangeReporter: Compat change id reported: 185004937; UID 10068; state: DISABLED
11-11 06:20:46.166 1514 2040 D CompatibilityChangeReporter: Compat change id reported: 181136395; UID 10068; state: DISABLED
11-11 06:20:46.167 1514 2040 D CompatibilityChangeReporter: Compat change id reported: 174042936; UID 10068; state: DISABLED
11-11 06:20:46.168 1514 2040 I wm_task_moved: [105,1,7]
11-11 06:20:46.169 1514 2040 I wm_task_to_front: [0,105]
11-11 06:20:46.169 1514 2040 I wm_focused_root_task: [0,0,105,39,reuseOrNewTask]
11-11 06:20:46.169 1514 2040 I wm_create_activity: [0,45866803,105,com.android.gallery3d/.app.GalleryActivity,android.intent.action.MAIN,NULL,NULL,271581184]
11-11 06:20:46.172 1514 2040 D CompatibilityChangeReporter: Compat change id reported: 168419799; UID 10068; state: DISABLED
11-11 06:20:46.178 1514 2040 I wm_pause_activity: [0,172816109,com.android.music/.MusicBrowserActivity,userLeaving=true,pauseBackTasks]
11-11 06:20:46.187 1514 1596 I input_focus: [Focus request eea03e8 com.android.launcher3/com.android.launcher3.uioverrides.QuickstepLauncher,reason=UpdateInputWindows]
11-11 06:20:46.189 14569 14569 I wm_on_paused_called: [172816109,com.android.music.MusicBrowserActivity,performPause]
11-11 06:20:46.196 1514 1595 I am_uid_running: 10068
11-11 06:20:46.197 1514 2040 I ActivityTaskManager: FOREGROUND_APPLICATION_CHANGED to com.android.gallery3d.app.GalleryActivity
11-11 06:20:46.202 1514 1770 I input_focus: [Focus leaving recents_animation_input_consumer (server),reason=setFocusedWindow]
11-11 06:20:46.202 1514 1770 I input_focus: [Focus entering eea03e8 com.android.launcher3/com.android.launcher3.uioverrides.QuickstepLauncher (server),reason=setFocusedWindow]
11-11 06:20:46.208 1514 2040 I wm_add_to_stopping: [0,172816109,com.android.music/.MusicBrowserActivity,makeInvisible]
11-11 06:20:46.211 1514 1595 D CompatibilityChangeReporter: Compat change id reported: 135634846; UID 10068; state: DISABLED
11-11 06:20:46.211 1514 1595 D CompatibilityChangeReporter: Compat change id reported: 177438394; UID 10068; state: DISABLED
11-11 06:20:46.211 1514 1595 D CompatibilityChangeReporter: Compat change id reported: 135772972; UID 10068; state: DISABLED
11-11 06:20:46.211 1514 1595 D CompatibilityChangeReporter: Compat change id reported: 135754954; UID 10068; state: DISABLED
11-11 06:20:46.212 1514 1615 D CompatibilityChangeReporter: Compat change id reported: 143937733; UID 10068; state: DISABLED
11-11 06:20:46.222 1514 1615 I am_proc_start: [0,14627,10068,com.android.gallery3d,pre-top-activity,{com.android.gallery3d/com.android.gallery3d.app.GalleryActivity}]
11-11 06:20:46.222 1514 1615 I ActivityManager: Start proc 14627:com.android.gallery3d/u0a68 for pre-top-activity {com.android.gallery3d/com.android.gallery3d.app.GalleryActivity}
11-11 06:20:46.224 1514 14628 W ContextImpl: Calling a method in the system process without a qualified user: android.app.ContextImpl.sendBroadcast:1173 com.qualcomm.qti.Performance$SendGameLaunchBroadcast.run:217 java.lang.Thread.run:920
11-11 06:20:46.235 1514 1595 I sysui_multi_action: [757,803,799,window_time_0,802,3]
11-11 06:20:46.236 1514 1595 I ActivityManager: PendingStartActivityUids startActivity to updateOomAdj delay:1962ms, uid:10079
11-11 06:20:46.247 1514 2119 I am_proc_bound: [0,14627,com.android.gallery3d]
11-11 06:20:46.249 1514 2119 I wm_restart_activity: [0,45866803,105,com.android.gallery3d/.app.GalleryActivity]
11-11 06:20:46.250 1514 2119 I wm_set_resumed_activity: [0,com.android.gallery3d/.app.GalleryActivity,minimalResumeActivityLocked]
11-11 06:20:46.251 1514 1595 I am_uid_active: 10068
11-11 06:20:46.264 3685 3703 W ContextImpl: Calling a method in the system process without a qualified user: android.app.ContextImpl.startService:1816 android.content.ContextWrapper.startService:774 com.thundercomm.gamemode.ingame.services.GameModeActionUtils.startGameModeService:93 com.thundercomm.gamemode.ingame.services.GameModeActionUtils.startGameModeEntry:21 com.thundercomm.gamemode.ingame.services.ActivityMonitoringService$1.onActivityLaunch:126
11-11 06:20:46.270 1514 1514 I GameModeConfig: Current uri is uri = content://com.thundercomm.gamemode.api/gamemode_settings/gamemode_isgaming
11-11 06:20:46.273 1514 1514 I GameModeConfig: isGameModeOn = false
11-11 06:20:46.273 1514 1514 I GameModeConfig: isGameModeOn = false
11-11 06:20:46.273 1514 1514 I GameModeConfig: isDisableVoice = true
11-11 06:20:46.291 14627 14627 I wm_on_create_called: [45866803,com.android.gallery3d.app.GalleryActivity,performCreate]
11-11 06:20:46.292 14627 14627 I wm_on_start_called: [45866803,com.android.gallery3d.app.GalleryActivity,handleStartActivity]
11-11 06:20:46.295 14627 14627 I wm_on_resume_called: [45866803,com.android.gallery3d.app.GalleryActivity,RESUME_ACTIVITY]
11-11 06:20:46.296 1514 2119 D CompatibilityChangeReporter: Compat change id reported: 149924527; UID 10068; state: ENABLED
11-11 06:20:46.296 1514 2119 D CompatibilityChangeReporter: Compat change id reported: 132649864; UID 10068; state: DISABLED
11-11 06:20:46.297 1514 2119 D CompatibilityChangeReporter: Compat change id reported: 182734110; UID 10068; state: DISABLED
11-11 06:20:46.299 1514 2119 W WindowManager: Failed looking up window session=Session{e4fe02 14627:u0a10068} callers=com.android.server.wm.WindowManagerService.windowForClientLocked:5628 com.android.server.wm.Session.insetsModified:629 android.view.IWindowSession$Stub.onTransact:1151
11-11 06:20:46.303 14627 14627 I wm_on_top_resumed_gained_called: [45866803,com.android.gallery3d.app.GalleryActivity,topStateChangedWhenResumed]
11-11 06:20:46.329 3685 3703 W ContextImpl: Calling a method in the system process without a qualified user: android.app.ContextImpl.startService:1816 android.content.ContextWrapper.startService:774 com.thundercomm.gamemode.ingame.services.GameModeActionUtils.startGameModeService:93 com.thundercomm.gamemode.ingame.services.GameModeActionUtils.startGameModeEntry:21 com.thundercomm.gamemode.ingame.services.ActivityMonitoringService$1.onActivityLaunch:126
11-11 06:20:46.334 1514 1514 I GameModeConfig: Current uri is uri = content://com.thundercomm.gamemode.api/gamemode_settings/gamemode_isgaming
11-11 06:20:46.338 1514 1514 I GameModeConfig: isGameModeOn = false
11-11 06:20:46.338 1514 1514 I GameModeConfig: isGameModeOn = false
11-11 06:20:46.338 1514 1514 I GameModeConfig: isDisableVoice = true
11-11 06:20:46.360 1514 1592 I sysui_multi_action: [319,108,321,104,322,206,325,5661,757,761,758,7,759,1,806,com.android.gallery3d,871,com.android.gallery3d.app.GalleryActivity,904,com.android.launcher3,905,0,945,100,1320,4,1321,1]
11-11 06:20:46.364 1514 1592 I wm_activity_launch_time: [0,45866803,com.android.gallery3d/.app.GalleryActivity,206]
11-11 06:20:46.626 1514 2119 I wm_task_moved: [39,0,5]
11-11 06:20:46.629 1514 2119 I wm_add_to_stopping: [0,157690489,com.android.launcher3/.uioverrides.QuickstepLauncher,makeInvisible]
11-11 06:20:46.631 1514 1901 I GameModeConfig: isGameModeOn = false
11-11 06:20:46.632 1514 1901 I GameModeConfig: isGameModeOn = false
11-11 06:20:46.632 1514 1901 I GameModeConfig: isGameModeOn = false
11-11 06:20:46.632 1514 1901 I GameModeConfig: isGameModeOn = false
11-11 06:20:46.634 1514 1514 I notification_enqueue: [10082,1998,com.android.systemui,2048,NULL,0,Notification(channel=updateNotification shortcut=null contentView=null vibrate=null sound=null defaults=0x0 flags=0x0 color=0x00000000 vis=PRIVATE),1]
11-11 06:20:46.636 1998 1998 I sysui_multi_action: [757,111,758,2]
11-11 06:20:46.642 1998 1998 I sysui_multi_action: [757,111,758,2]
11-11 06:20:46.650 1514 1595 I wm_stop_activity: [0,157690489,com.android.launcher3/.uioverrides.QuickstepLauncher]
11-11 06:20:46.651 1514 1595 I wm_stop_activity: [0,172816109,com.android.music/.MusicBrowserActivity]
11-11 06:20:46.652 1514 1596 I input_focus: [Focus request edad6f com.android.gallery3d/com.android.gallery3d.app.GalleryActivity,reason=UpdateInputWindows]
11-11 06:20:46.655 1514 1770 I input_focus: [Focus leaving eea03e8 com.android.launcher3/com.android.launcher3.uioverrides.QuickstepLauncher (server),reason=NOT_VISIBLE]
11-11 06:20:46.658 1998 1998 I sysui_multi_action: [757,111,758,1]
11-11 06:20:46.659 1998 1998 I sysui_multi_action: [757,126,758,1,759,126,927,0,928,1,1593,0]
11-11 06:20:46.659 1998 1998 I sysui_multi_action: [757,113,758,1,759,113,927,1,928,1,1593,0]
11-11 06:20:46.659 1998 1998 I sysui_multi_action: [757,0,758,1,759,0,927,2,928,0,1593,0]
11-11 06:20:46.660 1998 1998 I sysui_multi_action: [757,0,758,1,759,0,927,3,928,0,1593,0]
11-11 06:20:46.660 1998 1998 I sysui_multi_action: [757,491,758,1,759,491,927,4,928,0,1311,-1,1593,0]
11-11 06:20:46.661 1998 1998 I sysui_multi_action: [757,0,758,1,759,0,927,5,928,0,1593,0]
11-11 06:20:46.661 1998 1998 I sysui_multi_action: [757,111,758,1]
11-11 06:20:46.661 1998 1998 I sysui_multi_action: [757,126,758,1,759,126,927,0,928,1,1593,0]
11-11 06:20:46.661 1998 1998 I sysui_multi_action: [757,113,758,1,759,113,927,1,928,1,1593,0]
11-11 06:20:46.661 1998 1998 I sysui_multi_action: [757,0,758,1,759,0,927,2,928,0,1593,0]
11-11 06:20:46.662 1998 1998 I sysui_multi_action: [757,0,758,1,759,0,927,3,928,0,1593,0]
11-11 06:20:46.665 14569 14569 I wm_on_stop_called: [172816109,com.android.music.MusicBrowserActivity,STOP_ACTIVITY_ITEM]
11-11 06:20:46.670 1514 1770 I input_focus: [Focus entering edad6f com.android.gallery3d/com.android.gallery3d.app.GalleryActivity (server),reason=setFocusedWindow]
11-11 06:20:46.701 3685 3703 W ContextImpl: Calling a method in the system process without a qualified user: android.app.ContextImpl.startService:1816 android.content.ContextWrapper.startService:774 com.thundercomm.gamemode.ingame.services.GameModeActionUtils.startGameModeService:93 com.thundercomm.gamemode.ingame.services.GameModeActionUtils.startGameModeEntry:21 com.thundercomm.gamemode.ingame.services.ActivityMonitoringService$1.onActivityLaunch:126
11-11 06:20:46.704 1514 1514 I GameModeConfig: Current uri is uri = content://com.thundercomm.gamemode.api/gamemode_settings/gamemode_isgaming
11-11 06:20:46.707 1514 1514 I GameModeConfig: isGameModeOn = false
11-11 06:20:46.707 1514 1514 I GameModeConfig: isGameModeOn = false
11-11 06:20:46.707 1514 1514 I GameModeConfig: isDisableVoice = true
11-11 06:20:46.714 2503 2503 I wm_on_stop_called: [157690489,com.android.launcher3.uioverrides.QuickstepLauncher,STOP_ACTIVITY_ITEM]
11-11 06:20:46.718 1514 1612 W UsageStatsService: Unexpected activity event reported! (com.android.launcher3/com.android.launcher3.uioverrides.QuickstepLauncher event : 23 instanceId : 224777684)
11-11 06:20:46.724 3685 3703 W ContextImpl: Calling a method in the system process without a qualified user: android.app.ContextImpl.startService:1816 android.content.ContextWrapper.startService:774 com.thundercomm.gamemode.ingame.services.GameModeActionUtils.startGameModeService:93 com.thundercomm.gamemode.ingame.services.GameModeActionUtils.startGameModeEntry:21 com.thundercomm.gamemode.ingame.services.ActivityMonitoringService$1.onActivityLaunch:126
11-11 06:20:46.727 1514 1514 I GameModeConfig: Current uri is uri = content://com.thundercomm.gamemode.api/gamemode_settings/gamemode_isgaming
11-11 06:20:46.729 1514 1514 I GameModeConfig: isGameModeOn = false
11-11 06:20:46.729 1514 1514 I GameModeConfig: isGameModeOn = false
11-11 06:20:46.729 1514 1514 I GameModeConfig: isDisableVoice = true
11-11 06:20:46.838 1514 1514 I GameModeConfig: isGameModeOn = false
11-11 06:20:46.839 1514 1514 I sysui_multi_action: [757,1501,758,1,793,5640958,794,0,795,207,796,2048,806,com.android.systemui,857,updateNotification,858,3,947,0,1500,0,1688,1]
11-11 06:20:46.839 1514 1514 I sysui_multi_action: [757,804,799,note_interruptive,801,0,802,1]
11-11 06:20:46.839 1514 1514 I sysui_multi_action: [757,199,758,1,759,2,793,5640959,794,0,795,208,796,2048,806,com.android.systemui,857,updateNotification,858,3,947,0,1500,1,1688,1]
11-11 06:20:46.839 1514 1514 I notification_alert: [0|com.android.systemui|2048|null|10082,0,1,0]
11-11 06:20:46.840 1514 1514 W NotificationHistory: Attempted to add notif for locked/gone/disabled user 0
11-11 06:20:47.293 1514 1770 I input_interaction: Interaction with: edad6f com.android.gallery3d/com.android.gallery3d.app.GalleryActivity (server), edge-swipe (server), swipe-up (server), PointerEventDispatcher0 (server),
11-11 06:20:48.399 0 0 I auditd : type=1400 audit(0.0:6425): avc: denied { kill } for comm="swapper/3" capability=5 scontext=u:r:kernel:s0 tcontext=u:r:kernel:s0 tclass=capability permissive=0
11-11 06:20:48.443 1514 2119 I ActivityTaskManager: START u0 {act=android.intent.action.VIEW dat=content://media/external/video/media/20 typ=video/* cmp=com.android.gallery3d/.app.MovieActivity (has extras)} from uid 10068
11-11 06:20:48.448 1514 2119 I wm_task_moved: [105,1,7]
11-11 06:20:48.449 1514 2119 I wm_set_resumed_activity: [0,com.android.gallery3d/.app.GalleryActivity,positionChildAt]
11-11 06:20:48.449 1514 2119 I wm_create_activity: [0,28795708,105,com.android.gallery3d/.app.MovieActivity,android.intent.action.VIEW,video/*,content://media/external/video/media/20,0]
11-11 06:20:48.451 1514 2119 I wm_pause_activity: [0,45866803,com.android.gallery3d/.app.GalleryActivity,userLeaving=true,resumeTopActivityInnerLocked]
11-11 06:20:48.456 14627 14627 I wm_on_top_resumed_lost_called: [45866803,com.android.gallery3d.app.GalleryActivity,topStateChangedWhenResumed]
11-11 06:20:48.470 14627 14627 I wm_on_paused_called: [45866803,com.android.gallery3d.app.GalleryActivity,performPause]
11-11 06:20:48.472 1514 8092 I ActivityTaskManager: FOREGROUND_APPLICATION_CHANGED to com.android.gallery3d.app.MovieActivity
11-11 06:20:48.472 1514 8092 I ActivityTaskManager: The Process com.android.gallery3d Already Exists in BG. So sending its PID: 14627
11-11 06:20:48.472 1514 8092 W ActivityTaskManager: Tried to set launchTime (0) < mLastActivityLaunchTime (5661663)
11-11 06:20:48.473 1514 8092 I wm_add_to_stopping: [0,45866803,com.android.gallery3d/.app.GalleryActivity,makeInvisible]
11-11 06:20:48.475 1514 8092 I wm_restart_activity: [0,28795708,105,com.android.gallery3d/.app.MovieActivity]
11-11 06:20:48.477 1514 8092 I wm_set_resumed_activity: [0,com.android.gallery3d/.app.MovieActivity,minimalResumeActivityLocked]
11-11 06:20:48.481 1514 1595 I sysui_multi_action: [757,803,799,window_time_0,802,2]
11-11 06:20:48.500 14627 14627 I wm_on_create_called: [28795708,com.android.gallery3d.app.MovieActivity,performCreate]
11-11 06:20:48.504 14627 14627 I wm_on_start_called: [28795708,com.android.gallery3d.app.MovieActivity,handleStartActivity]
11-11 06:20:48.504 14627 14627 I wm_on_resume_called: [28795708,com.android.gallery3d.app.MovieActivity,RESUME_ACTIVITY]
11-11 06:20:48.507 1514 1770 I input_focus: [Focus leaving edad6f com.android.gallery3d/com.android.gallery3d.app.GalleryActivity (server),reason=NO_WINDOW]
11-11 06:20:48.508 14627 14627 I wm_on_top_resumed_gained_called: [28795708,com.android.gallery3d.app.MovieActivity,topStateChangedWhenResumed]
