11-19 04:07:51.048 1499 1831 I input_interaction: Interaction with: 632f7bf com.android.launcher3/com.android.launcher3.uioverrides.QuickstepLauncher (server), a1d9774 com.android.systemui.ImageWallpaper (server), edge-swipe (server), swipe-up (server), PointerEventDispatcher0 (server),
11-19 04:07:51.139 2802 2802 I view_enqueue_input_event: [Motion - Cancel,com.android.launcher3/com.android.launcher3.uioverrides.QuickstepLauncher]
11-19 04:07:51.147 1499 1831 I input_interaction: Interaction with: edge-swipe (server), swipe-up (server), PointerEventDispatcher0 (server),
11-19 04:07:51.311 1499 1759 I commit_sys_config_file: [settings-1-0,6]
11-19 04:07:51.561 1499 1759 I commit_sys_config_file: [settings-1-0,10]
11-19 04:07:52.131 0 0 I auditd : type=1400 audit(0.0:5970): avc: denied { kill } for comm="swapper/1" capability=5 scontext=u:r:kernel:s0 tcontext=u:r:kernel:s0 tclass=capability permissive=0
11-19 04:07:52.237 1499 1831 I input_interaction: Interaction with: 632f7bf com.android.launcher3/com.android.launcher3.uioverrides.QuickstepLauncher (server), a1d9774 com.android.systemui.ImageWallpaper (server), edge-swipe (server), swipe-up (server), PointerEventDispatcher0 (server),
11-19 04:07:52.310 1499 8632 I wm_task_moved: [1,1,6]
11-19 04:07:52.311 1499 8632 I wm_set_resumed_activity: [0,com.android.launcher3/.uioverrides.QuickstepLauncher,positionChildAt]
11-19 04:07:52.311 1499 8632 I wm_task_moved: [33,1,6]
11-19 04:07:52.311 1499 8632 I wm_task_to_front: [0,33]
11-19 04:07:52.311 1499 8632 I wm_focused_root_task: [0,0,33,1,moveTaskToFront findTaskToMoveToFront]
11-19 04:07:52.312 1499 8632 I wm_set_resumed_activity: [0,com.android.deskclock/.DeskClock,moveTaskToFront findTaskToMoveToFront]
11-19 04:07:52.313 1499 8632 I wm_pause_activity: [0,19758722,com.android.launcher3/.uioverrides.QuickstepLauncher,userLeaving=true,pauseBackTasks]
11-19 04:07:52.320 2802 2802 I wm_on_top_resumed_lost_called: [19758722,com.android.launcher3.uioverrides.QuickstepLauncher,topStateChangedWhenResumed]
11-19 04:07:52.323 2802 2802 I wm_on_paused_called: [19758722,com.android.launcher3.uioverrides.QuickstepLauncher,performPause]
11-19 04:07:52.329 1499 8632 I wm_set_resumed_activity: [0,com.android.deskclock/.DeskClock,resumeTopActivityInnerLocked]
11-19 04:07:52.330 1499 8632 I wm_add_to_stopping: [0,19758722,com.android.launcher3/.uioverrides.QuickstepLauncher,makeInvisible]
11-19 04:07:52.331 1499 8632 I wm_resume_activity: [0,246016663,33,com.android.deskclock/.DeskClock]
11-19 04:07:52.349 1499 1831 I input_focus: [Focus leaving 632f7bf com.android.launcher3/com.android.launcher3.uioverrides.QuickstepLauncher (server),reason=NO_WINDOW]
11-19 04:07:52.355 8639 8639 I wm_on_restart_called: [246016663,com.android.deskclock.DeskClock,performRestartActivity]
11-19 04:07:52.358 1499 1637 I sysui_multi_action: [757,803,799,window_time_0,802,2]
11-19 04:07:52.361 8639 8639 I wm_on_start_called: [246016663,com.android.deskclock.DeskClock,handleStartActivity]
11-19 04:07:52.361 8639 8639 I wm_on_resume_called: [246016663,com.android.deskclock.DeskClock,RESUME_ACTIVITY]
11-19 04:07:52.365 8639 8639 I wm_on_top_resumed_gained_called: [246016663,com.android.deskclock.DeskClock,topWhenResuming]
11-19 04:07:52.376 1499 1638 I input_focus: [Focus request 89f9468 com.android.deskclock/com.android.deskclock.DeskClock,reason=UpdateInputWindows]
11-19 04:07:52.398 1499 1634 I sysui_multi_action: [319,38,321,35,322,84,325,10151,757,761,758,9,759,4,806,com.android.deskclock,871,com.android.deskclock.DeskClock,904,com.android.launcher3,905,0,1320,4,1321,1]
11-19 04:07:52.408 1499 1831 I input_focus: [Focus entering 89f9468 com.android.deskclock/com.android.deskclock.DeskClock (server),reason=Window became focusable. Previous reason: NOT_VISIBLE]
11-19 04:07:52.751 1499 1637 I wm_stop_activity: [0,19758722,com.android.launcher3/.uioverrides.QuickstepLauncher]
11-19 04:07:52.791 2802 2802 I wm_on_stop_called: [19758722,com.android.launcher3.uioverrides.QuickstepLauncher,STOP_ACTIVITY_ITEM]
11-19 04:07:52.928 1499 1831 I input_interaction: Interaction with: 89f9468 com.android.deskclock/com.android.deskclock.DeskClock (server), edge-swipe (server), swipe-up (server), PointerEventDispatcher0 (server),
11-19 04:07:52.941 1499 8632 I wm_task_moved: [1,0,0]
11-19 04:07:52.941 1499 8632 I wm_task_moved: [1,0,5]
11-19 04:07:52.962 2802 2802 I wm_on_restart_called: [19758722,com.android.launcher3.uioverrides.QuickstepLauncher,performRestartActivity]
11-19 04:07:52.980 2802 2802 I wm_on_start_called: [19758722,com.android.launcher3.uioverrides.QuickstepLauncher,handleStartActivity]
11-19 04:07:52.982 8639 8639 I view_enqueue_input_event: [Motion - Cancel,com.android.deskclock/com.android.deskclock.DeskClock]
11-19 04:07:52.983 1499 1638 I input_focus: [Focus request recents_animation_input_consumer,reason=UpdateInputWindows]
11-19 04:07:52.983 1499 1831 I input_interaction: Interaction with: edge-swipe (server), swipe-up (server), PointerEventDispatcher0 (server),
11-19 04:07:52.992 2802 2802 I sysui_latency: [1,64]
11-19 04:07:52.993 1499 1831 I input_focus: [Focus leaving 89f9468 com.android.deskclock/com.android.deskclock.DeskClock (server),reason=NOT_FOCUSABLE]
11-19 04:07:52.993 1499 1831 I input_focus: [Focus entering recents_animation_input_consumer (server),reason=setFocusedWindow]
11-19 04:07:53.013 1499 1634 I sysui_multi_action: [319,12,322,60,325,10152,757,761,758,9,759,5,806,com.android.launcher3,871,com.android.launcher3.uioverrides.QuickstepLauncher,905,0,1320,8,1321,5]
11-19 04:07:53.131 0 0 I auditd : type=1400 audit(0.0:5971): avc: denied { kill } for comm="swapper/1" capability=5 scontext=u:r:kernel:s0 tcontext=u:r:kernel:s0 tclass=capability permissive=0
11-19 04:07:53.181 1499 1759 I commit_sys_config_file: [settings-1-0,6]
11-19 04:07:53.303 1499 1644 I sysui_latency: [8,70]
11-19 04:07:53.903 1499 1759 I commit_sys_config_file: [settings-1-0,8]
11-19 04:07:54.131 0 0 I auditd : type=1400 audit(0.0:5972): avc: denied { kill } for comm="swapper/1" capability=5 scontext=u:r:kernel:s0 tcontext=u:r:kernel:s0 tclass=capability permissive=0
11-19 04:07:54.472 1499 1831 I input_interaction: Interaction with: 632f7bf com.android.launcher3/com.android.launcher3.uioverrides.QuickstepLauncher (server), edge-swipe (server), swipe-up (server), PointerEventDispatcher0 (server),
11-19 04:07:54.569 1499 6279 I wm_relaunch_resume_activity: [0,246016663,33,com.android.deskclock/.DeskClock]
11-19 04:07:54.570 1499 6279 I wm_task_moved: [1,1,6]
11-19 04:07:54.570 8639 8639 I wm_on_top_resumed_lost_called: [246016663,com.android.deskclock.DeskClock,pausing]
11-19 04:07:54.571 1499 6279 I wm_focused_root_task: [0,0,1,33,startActivityFromRecents]
11-19 04:07:54.571 1499 6279 I wm_task_moved: [33,1,6]
11-19 04:07:54.571 1499 6279 I wm_set_resumed_activity: [0,com.android.deskclock/.DeskClock,positionChildAt]
11-19 04:07:54.571 1499 6279 I wm_focused_root_task: [0,0,33,1,moveTaskToFront findTaskToMoveToFront]
11-19 04:07:54.571 1499 6279 I wm_set_resumed_activity: [0,com.android.deskclock/.DeskClock,moveTaskToFront findTaskToMoveToFront]
11-19 04:07:54.573 8639 8639 I wm_on_paused_called: [246016663,com.android.deskclock.DeskClock,performPause]
11-19 04:07:54.579 8639 8639 I wm_on_stop_called: [246016663,com.android.deskclock.DeskClock,handleRelaunchActivity]
11-19 04:07:54.597 8639 8639 I wm_on_destroy_called: [246016663,com.android.deskclock.DeskClock,performDestroy]
11-19 04:07:54.628 1499 6279 I wm_task_moved: [33,1,6]
11-19 04:07:54.628 1499 6279 I wm_set_resumed_activity: [0,com.android.deskclock/.DeskClock,positionChildAt]
11-19 04:07:54.628 1499 6279 I wm_create_activity: [0,152625442,33,com.android.permissioncontroller/.permission.ui.GrantPermissionsActivity,android.content.pm.action.REQUEST_PERMISSIONS,NULL,NULL,8388608]
11-19 04:07:54.628 1499 6279 I wm_pause_activity: [0,246016663,com.android.deskclock/.DeskClock,userLeaving=true,resumeTopActivityInnerLocked]
11-19 04:07:54.639 8639 8639 I wm_on_create_called: [246016663,com.android.deskclock.DeskClock,performCreate]
11-19 04:07:54.662 8639 8639 I wm_on_start_called: [246016663,com.android.deskclock.DeskClock,handleStartActivity]
11-19 04:07:54.663 8639 8639 I wm_on_resume_called: [246016663,com.android.deskclock.DeskClock,RESUME_ACTIVITY]
11-19 04:07:54.664 8639 8639 I wm_on_top_resumed_gained_called: [246016663,com.android.deskclock.DeskClock,topWhenResuming]
11-19 04:07:54.665 8639 8639 I wm_on_top_resumed_lost_called: [246016663,com.android.deskclock.DeskClock,topStateChangedWhenResumed]
11-19 04:07:54.705 8639 8639 I wm_on_paused_called: [246016663,com.android.deskclock.DeskClock,performPause]
11-19 04:07:54.710 1499 6279 I wm_restart_activity: [0,152625442,33,com.android.permissioncontroller/.permission.ui.GrantPermissionsActivity]
11-19 04:07:54.712 1499 6279 I wm_set_resumed_activity: [0,com.android.permissioncontroller/.permission.ui.GrantPermissionsActivity,minimalResumeActivityLocked]
11-19 04:07:54.719 1499 1637 I sysui_multi_action: [757,803,799,window_time_0,802,3]
11-19 04:07:54.737 8560 8560 I wm_on_create_called: [152625442,com.android.permissioncontroller.permission.ui.GrantPermissionsActivity,performCreate]
11-19 04:07:54.738 8560 8560 I wm_on_start_called: [152625442,com.android.permissioncontroller.permission.ui.GrantPermissionsActivity,handleStartActivity]
11-19 04:07:54.738 8560 8560 I wm_on_resume_called: [152625442,com.android.permissioncontroller.permission.ui.GrantPermissionsActivity,RESUME_ACTIVITY]
11-19 04:07:54.740 8560 8560 I wm_on_top_resumed_gained_called: [152625442,com.android.permissioncontroller.permission.ui.GrantPermissionsActivity,topStateChangedWhenResumed]
11-19 04:07:54.744 1499 5517 I wm_finish_activity: [0,152625442,33,com.android.permissioncontroller/.permission.ui.GrantPermissionsActivity,app-request]
11-19 04:07:54.744 1499 5517 I wm_pause_activity: [0,152625442,com.android.permissioncontroller/.permission.ui.GrantPermissionsActivity,userLeaving=false,finish]
11-19 04:07:54.747 1499 1637 I sysui_multi_action: [757,1144,758,8,806,com.android.permissioncontroller,871,com.android.permissioncontroller.permission.ui.GrantPermissionsActivity]
11-19 04:07:54.753 8560 8560 I wm_on_top_resumed_lost_called: [152625442,com.android.permissioncontroller.permission.ui.GrantPermissionsActivity,topStateChangedWhenResumed]
11-19 04:07:54.754 8560 8560 I wm_on_paused_called: [152625442,com.android.permissioncontroller.permission.ui.GrantPermissionsActivity,performPause]
11-19 04:07:54.759 1499 6279 I wm_set_resumed_activity: [0,com.android.deskclock/.DeskClock,resumeTopActivityInnerLocked]
11-19 04:07:54.761 1499 6279 I wm_resume_activity: [0,246016663,33,com.android.deskclock/.DeskClock]
11-19 04:07:54.761 8639 8639 I wm_on_activity_result_called: [246016663,com.android.deskclock.DeskClock,ACTIVITY_RESULT]
11-19 04:07:54.762 8639 8639 I wm_on_resume_called: [246016663,com.android.deskclock.DeskClock,RESUME_ACTIVITY]
11-19 04:07:54.763 8639 8639 I wm_on_top_resumed_gained_called: [246016663,com.android.deskclock.DeskClock,topWhenResuming]
11-19 04:07:54.769 1499 1637 I sysui_multi_action: [757,803,799,window_time_2,802,0]
11-19 04:07:54.781 1499 8632 I wm_destroy_activity: [0,152625442,33,com.android.permissioncontroller/.permission.ui.GrantPermissionsActivity,finish-idle]
11-19 04:07:54.782 8560 8560 I wm_on_stop_called: [152625442,com.android.permissioncontroller.permission.ui.GrantPermissionsActivity,LIFECYCLER_STOP_ACTIVITY]
11-19 04:07:54.782 8560 8560 I wm_on_destroy_called: [152625442,com.android.permissioncontroller.permission.ui.GrantPermissionsActivity,performDestroy]
11-19 04:07:54.987 1499 6279 I wm_task_moved: [1,1,6]
11-19 04:07:54.987 1499 6279 I wm_task_moved: [10,1,2147483647]
11-19 04:07:54.987 1499 6279 I wm_task_to_front: [0,10]
11-19 04:07:54.988 8639 8639 I wm_on_top_resumed_lost_called: [246016663,com.android.deskclock.DeskClock,topStateChangedWhenResumed]
11-19 04:07:54.988 1499 6279 I wm_focused_root_task: [0,0,1,33,RecentsAnimation.onAnimationFinished()]
11-19 04:07:54.988 1499 6279 I wm_set_resumed_activity: [0,com.android.launcher3/.uioverrides.QuickstepLauncher,RecentsAnimation.onAnimationFinished()]
11-19 04:07:54.989 1499 6279 I wm_set_resumed_activity: [0,com.android.launcher3/.uioverrides.QuickstepLauncher,resumeTopActivityInnerLocked]
11-19 04:07:54.991 1499 6279 I wm_resume_activity: [0,19758722,10,com.android.launcher3/.uioverrides.QuickstepLauncher]
11-19 04:07:54.998 2802 2802 I wm_on_resume_called: [19758722,com.android.launcher3.uioverrides.QuickstepLauncher,RESUME_ACTIVITY]
11-19 04:07:54.999 1499 1638 I input_focus: [Focus request 632f7bf com.android.launcher3/com.android.launcher3.uioverrides.QuickstepLauncher,reason=UpdateInputWindows]
11-19 04:07:55.003 2802 2802 I wm_on_top_resumed_gained_called: [19758722,com.android.launcher3.uioverrides.QuickstepLauncher,topStateChangedWhenResumed]
11-19 04:07:55.006 1499 1637 I sysui_multi_action: [757,803,799,window_time_2,802,0]
11-19 04:07:55.015 1499 1831 I input_focus: [Focus leaving recents_animation_input_consumer (server),reason=NOT_VISIBLE]
11-19 04:07:55.015 1499 1831 I input_focus: [Focus entering 632f7bf com.android.launcher3/com.android.launcher3.uioverrides.QuickstepLauncher (server),reason=setFocusedWindow]
11-19 04:07:55.131 7914 7914 I auditd : type=1400 audit(0.0:5973): avc: denied { kill } for comm="kworker/u16:7" capability=5 scontext=u:r:kernel:s0 tcontext=u:r:kernel:s0 tclass=capability permissive=0
11-19 04:07:55.759 1499 1831 I input_interaction: Interaction with: 89f9468 com.android.deskclock/com.android.deskclock.DeskClock (server), edge-swipe (server), swipe-up (server), PointerEventDispatcher0 (server),
11-19 04:07:55.762 1499 1637 I wm_task_moved: [33,1,6]
11-19 04:07:55.762 1499 1637 I wm_task_to_front: [0,33]
11-19 04:07:55.766 1499 1637 I wm_set_resumed_activity: [0,com.android.deskclock/.DeskClock,positionChildAt]
11-19 04:07:55.766 1499 1637 I wm_focused_root_task: [0,0,33,1,setFocusedTask]
11-19 04:07:55.766 1499 1637 I wm_set_resumed_activity: [0,com.android.deskclock/.DeskClock,setFocusedTask]
11-19 04:07:55.766 2802 2802 I wm_on_top_resumed_lost_called: [19758722,com.android.launcher3.uioverrides.QuickstepLauncher,topStateChangedWhenResumed]
11-19 04:07:55.767 1499 1638 I input_focus: [Focus request 89f9468 com.android.deskclock/com.android.deskclock.DeskClock,reason=UpdateInputWindows]
11-19 04:07:55.771 8639 8639 I wm_on_top_resumed_gained_called: [246016663,com.android.deskclock.DeskClock,topStateChangedWhenResumed]
11-19 04:07:55.785 1499 1831 I input_focus: [Focus leaving 632f7bf com.android.launcher3/com.android.launcher3.uioverrides.QuickstepLauncher (server),reason=setFocusedWindow]
11-19 04:07:55.785 1499 1831 I input_focus: [Focus entering 89f9468 com.android.deskclock/com.android.deskclock.DeskClock (server),reason=setFocusedWindow]
11-19 04:07:55.843 1499 6279 I wm_relaunch_resume_activity: [0,246016663,33,com.android.deskclock/.DeskClock]
11-19 04:07:55.844 1499 6279 I wm_add_to_stopping: [0,19758722,com.android.launcher3/.uioverrides.QuickstepLauncher,makeInvisible]
11-19 04:07:55.863 8639 8639 I wm_on_top_resumed_lost_called: [246016663,com.android.deskclock.DeskClock,pausing]
11-19 04:07:55.866 8639 8639 I wm_on_paused_called: [246016663,com.android.deskclock.DeskClock,performPause]
11-19 04:07:55.869 8639 8639 I wm_on_stop_called: [246016663,com.android.deskclock.DeskClock,handleRelaunchActivity]
11-19 04:07:55.880 8639 8639 I wm_on_destroy_called: [246016663,com.android.deskclock.DeskClock,performDestroy]
11-19 04:07:55.894 1499 6279 I sysui_multi_action: [757,1513,758,4,805,1668802075894,1514,10063,1515,com.android.deskclock,1516,1002,1517,1,1518,10063,1519,1002,1520,1,1526,com.android.permissioncontroller/.permission.ui.GrantPermissionsActivity,1527,0,1528,android.content.pm.action.REQUEST_PERMISSIONS,1529,com.android.deskclock,1530,1002,1531,0,1532,0,1533,1,1534,0,1535,0,1536,1,1537,3557,1539,5363]
11-19 04:07:55.895 1499 6279 I wm_create_activity: [0,138051443,33,com.android.permissioncontroller/.permission.ui.GrantPermissionsActivity,android.content.pm.action.REQUEST_PERMISSIONS,NULL,NULL,8388608]
11-19 04:07:55.906 8639 8639 I wm_on_create_called: [246016663,com.android.deskclock.DeskClock,performCreate]
11-19 04:07:55.930 8639 8639 I wm_on_start_called: [246016663,com.android.deskclock.DeskClock,handleStartActivity]
11-19 04:07:55.931 8639 8639 I wm_on_resume_called: [246016663,com.android.deskclock.DeskClock,RESUME_ACTIVITY]
11-19 04:07:55.933 8639 8639 I wm_on_top_resumed_gained_called: [246016663,com.android.deskclock.DeskClock,topWhenResuming]
11-19 04:07:55.980 1499 4959 I wm_restart_activity: [0,138051443,33,com.android.permissioncontroller/.permission.ui.GrantPermissionsActivity]
11-19 04:07:55.982 8639 8639 I wm_on_top_resumed_lost_called: [246016663,com.android.deskclock.DeskClock,topStateChangedWhenResumed]
11-19 04:07:55.983 1499 4959 I wm_set_resumed_activity: [0,com.android.permissioncontroller/.permission.ui.GrantPermissionsActivity,minimalResumeActivityLocked]
11-19 04:07:55.999 8560 8560 I wm_on_create_called: [138051443,com.android.permissioncontroller.permission.ui.GrantPermissionsActivity,performCreate]
11-19 04:07:55.999 8560 8560 I wm_on_start_called: [138051443,com.android.permissioncontroller.permission.ui.GrantPermissionsActivity,handleStartActivity]
11-19 04:07:55.999 8560 8560 I wm_on_resume_called: [138051443,com.android.permissioncontroller.permission.ui.GrantPermissionsActivity,RESUME_ACTIVITY]
11-19 04:07:56.001 8560 8560 I wm_on_top_resumed_gained_called: [138051443,com.android.permissioncontroller.permission.ui.GrantPermissionsActivity,topStateChangedWhenResumed]
11-19 04:07:56.004 1499 6279 I wm_finish_activity: [0,138051443,33,com.android.permissioncontroller/.permission.ui.GrantPermissionsActivity,app-request]
11-19 04:07:56.016 1499 6279 I wm_pause_activity: [0,138051443,com.android.permissioncontroller/.permission.ui.GrantPermissionsActivity,userLeaving=false,finish]
11-19 04:07:56.019 1499 1637 I sysui_multi_action: [757,1144,758,8,806,com.android.permissioncontroller,871,com.android.permissioncontroller.permission.ui.GrantPermissionsActivity]
11-19 04:07:56.025 8560 8560 I wm_on_top_resumed_lost_called: [138051443,com.android.permissioncontroller.permission.ui.GrantPermissionsActivity,topStateChangedWhenResumed]
11-19 04:07:56.026 8560 8560 I wm_on_paused_called: [138051443,com.android.permissioncontroller.permission.ui.GrantPermissionsActivity,performPause]
11-19 04:07:56.027 1499 2761 I wm_pause_activity: [0,19758722,com.android.launcher3/.uioverrides.QuickstepLauncher,userLeaving=false,pauseBackTasks]
11-19 04:07:56.028 2802 2802 I wm_on_paused_called: [19758722,com.android.launcher3.uioverrides.QuickstepLauncher,performPause]
11-19 04:07:56.032 1499 1637 I sysui_multi_action: [757,803,799,window_time_0,802,1]
11-19 04:07:56.040 1499 4959 I wm_resume_activity: [0,246016663,33,com.android.deskclock/.DeskClock]
11-19 04:07:56.042 8639 8639 I wm_on_paused_called: [246016663,com.android.deskclock.DeskClock,performPause]
11-19 04:07:56.042 8639 8639 I wm_on_activity_result_called: [246016663,com.android.deskclock.DeskClock,ACTIVITY_RESULT]
11-19 04:07:56.042 8639 8639 I wm_on_resume_called: [246016663,com.android.deskclock.DeskClock,ACTIVITY_RESULT]
11-19 04:07:56.047 1499 1637 I wm_destroy_activity: [0,138051443,33,com.android.permissioncontroller/.permission.ui.GrantPermissionsActivity,finish-idle]
11-19 04:07:56.049 8560 8560 I wm_on_stop_called: [138051443,com.android.permissioncontroller.permission.ui.GrantPermissionsActivity,LIFECYCLER_STOP_ACTIVITY]
11-19 04:07:56.049 8560 8560 I wm_on_destroy_called: [138051443,com.android.permissioncontroller.permission.ui.GrantPermissionsActivity,performDestroy]
11-19 04:07:56.053 1499 1637 I sysui_multi_action: [757,803,799,window_time_0,802,0]
11-19 04:07:56.056 1499 8632 I wm_resume_activity: [0,246016663,33,com.android.deskclock/.DeskClock]
11-19 04:07:56.057 1499 1638 I input_focus: [Focus request 89f9468 com.android.deskclock/com.android.deskclock.DeskClock,reason=UpdateInputWindows]
11-19 04:07:56.603 1499 6279 I wm_task_moved: [1,0,0]
11-19 04:07:56.604 1499 6279 I wm_task_moved: [1,0,5]
11-19 04:07:56.659 1499 1634 I sysui_multi_action: [319,9,322,42,325,10155,757,761,758,9,759,5,806,com.android.launcher3,871,com.android.launcher3.uioverrides.QuickstepLauncher,905,0,1320,8,1321,5]
11-19 04:07:56.677 8639 8639 I view_enqueue_input_event: [Motion - Cancel,com.android.deskclock/com.android.deskclock.DeskClock]
11-19 04:07:56.680 1499 1831 I input_interaction: Interaction with: edge-swipe (server), swipe-up (server), PointerEventDispatcher0 (server),
11-19 04:07:56.703 2802 2802 I sysui_latency: [1,11]
11-19 04:07:56.704 1499 1638 I input_focus: [Focus request recents_animation_input_consumer,reason=UpdateInputWindows]
11-19 04:07:56.736 1499 1831 I input_focus: [Focus leaving 89f9468 com.android.deskclock/com.android.deskclock.DeskClock (server),reason=NOT_FOCUSABLE]
11-19 04:07:56.736 1499 1831 I input_focus: [Focus entering recents_animation_input_consumer (server),reason=setFocusedWindow]
11-19 04:07:56.908 1499 1759 I commit_sys_config_file: [settings-1-0,8]
11-19 04:07:56.948 1499 1644 I sysui_latency: [8,57]
11-19 04:07:57.131 0 0 I auditd : type=1400 audit(0.0:5974): avc: denied { kill } for comm="swapper/1" capability=5 scontext=u:r:kernel:s0 tcontext=u:r:kernel:s0 tclass=capability permissive=0
11-19 04:07:57.489 1499 1759 I commit_sys_config_file: [settings-1-0,8]
11-19 04:07:58.131 0 0 I auditd : type=1400 audit(0.0:5975): avc: denied { kill } for comm="swapper/1" capability=5 scontext=u:r:kernel:s0 tcontext=u:r:kernel:s0 tclass=capability permissive=0
11-19 04:07:58.479 1499 1831 I input_interaction: Interaction with: 632f7bf com.android.launcher3/com.android.launcher3.uioverrides.QuickstepLauncher (server), edge-swipe (server), swipe-up (server), PointerEventDispatcher0 (server),
11-19 04:07:59.017 1499 8632 I wm_task_moved: [1,1,6]
11-19 04:07:59.021 1499 8632 I wm_task_moved: [10,1,2147483647]
11-19 04:07:59.021 1499 8632 I wm_task_to_front: [0,10]
11-19 04:07:59.021 1499 8632 I wm_focused_root_task: [0,0,1,33,RecentsAnimation.onAnimationFinished()]
11-19 04:07:59.021 1499 8632 I wm_set_resumed_activity: [0,com.android.launcher3/.uioverrides.QuickstepLauncher,RecentsAnimation.onAnimationFinished()]
11-19 04:07:59.025 1499 8632 I wm_set_resumed_activity: [0,com.android.launcher3/.uioverrides.QuickstepLauncher,resumeTopActivityInnerLocked]
11-19 04:07:59.025 1499 8632 I wm_add_to_stopping: [0,246016663,com.android.deskclock/.DeskClock,makeInvisible]
11-19 04:07:59.027 1499 8632 I wm_resume_activity: [0,19758722,10,com.android.launcher3/.uioverrides.QuickstepLauncher]
11-19 04:07:59.038 1499 1638 I input_focus: [Focus request 632f7bf com.android.launcher3/com.android.launcher3.uioverrides.QuickstepLauncher,reason=UpdateInputWindows]
11-19 04:07:59.042 1499 1831 I input_focus: [Focus leaving recents_animation_input_consumer (server),reason=NOT_VISIBLE]
11-19 04:07:59.043 1499 1637 I wm_stop_activity: [0,246016663,com.android.deskclock/.DeskClock]
11-19 04:07:59.043 1499 1637 I sysui_multi_action: [757,803,799,window_time_0,802,3]
11-19 04:07:59.049 2802 2802 I wm_on_resume_called: [19758722,com.android.launcher3.uioverrides.QuickstepLauncher,RESUME_ACTIVITY]
11-19 04:07:59.049 2802 2802 I wm_on_top_resumed_gained_called: [19758722,com.android.launcher3.uioverrides.QuickstepLauncher,topWhenResuming]
11-19 04:07:59.051 8639 8639 I wm_on_paused_called: [246016663,com.android.deskclock.DeskClock,performPause]
11-19 04:07:59.060 1499 1831 I input_focus: [Focus entering 632f7bf com.android.launcher3/com.android.launcher3.uioverrides.QuickstepLauncher (server),reason=setFocusedWindow]
11-19 04:07:59.066 8639 8639 I wm_on_stop_called: [246016663,com.android.deskclock.DeskClock,STOP_ACTIVITY_ITEM]
11-19 04:07:59.131 0 0 I auditd : type=1400 audit(0.0:5976): avc: denied { kill } for comm="swapper/1" capability=5 scontext=u:r:kernel:s0 tcontext=u:r:kernel:s0 tclass=capability permissive=0
11-19 04:08:00.563 1499 1831 I input_interaction: Interaction with: 632f7bf com.android.launcher3/com.android.launcher3.uioverrides.QuickstepLauncher (server), a1d9774 com.android.systemui.ImageWallpaper (server), edge-swipe (server), swipe-up (server), PointerEventDispatcher0 (server),
11-19 04:08:00.651 2802 2802 I view_enqueue_input_event: [Motion - Cancel,com.android.launcher3/com.android.launcher3.uioverrides.QuickstepLauncher]
11-19 04:08:00.663 1499 1831 I input_interaction: Interaction with: edge-swipe (server), swipe-up (server), PointerEventDispatcher0 (server),
11-19 04:08:00.842 1499 1759 I commit_sys_config_file: [settings-1-0,13]
11-19 04:08:01.174 1499 1759 I commit_sys_config_file: [settings-1-0,8]
11-19 04:08:01.611 1499 1831 I input_interaction: Interaction with: 632f7bf com.android.launcher3/com.android.launcher3.uioverrides.QuickstepLauncher (server), a1d9774 com.android.systemui.ImageWallpaper (server), edge-swipe (server), swipe-up (server), PointerEventDispatcher0 (server),
11-19 04:08:02.114 1499 2755 I wm_finish_activity: [0,246016663,33,com.android.deskclock/.DeskClock,recent-task-trimmed]
11-19 04:08:02.118 1499 2755 I wm_destroy_activity: [0,246016663,33,com.android.deskclock/.DeskClock,finish-imm:finishIfPossible]
11-19 04:08:02.127 1499 1637 I am_kill : [0,8639,com.android.deskclock,900,remove task]
11-19 04:08:02.135 1499 1637 I sysui_multi_action: [757,803,799,window_time_0,802,3]
11-19 04:08:02.192 1499 2755 I am_proc_died: [0,8639,com.android.deskclock,900,18]
11-19 04:08:02.198 1499 2755 I am_uid_stopped: 10063
11-19 04:08:02.204 1499 2755 I wm_task_removed: [33,removeChild:removeChild last r=ActivityRecord{ea9ea97 u0 com.android.deskclock/.DeskClock t-1 f}} in t=Task{8f8d116 #33 type=standard A=10063:com.android.deskclock U=0 visible=false mode=fullscreen translucent=true sz=0}]
11-19 04:08:02.204 1499 2755 I wm_task_removed: [33,removeChild]
11-19 04:08:03.108 1499 1729 I wm_task_created: [34,-1]
11-19 04:08:03.118 1499 1729 I wm_task_moved: [34,1,6]
11-19 04:08:03.118 1499 1729 I wm_task_to_front: [0,34]
11-19 04:08:03.118 1499 1729 I wm_create_task: [0,34]
11-19 04:08:03.119 1499 1729 I wm_create_activity: [0,104108856,34,com.android.gallery3d/.app.GalleryActivity,NULL,NULL,NULL,268468224]
11-19 04:08:03.119 1499 1729 I wm_task_moved: [34,1,6]
11-19 04:08:03.127 1499 1637 I am_uid_running: 10066
11-19 04:08:03.129 2802 2802 I wm_on_top_resumed_lost_called: [19758722,com.android.launcher3.uioverrides.QuickstepLauncher,topStateChangedWhenResumed]
11-19 04:08:03.131 0 0 I auditd : type=1400 audit(0.0:5977): avc: denied { kill } for comm="swapper/1" capability=5 scontext=u:r:kernel:s0 tcontext=u:r:kernel:s0 tclass=capability permissive=0
11-19 04:08:03.147 1499 1646 I am_proc_start: [0,8775,10066,com.android.gallery3d,top-activity,{com.android.gallery3d/com.android.gallery3d.app.GalleryActivity}]
11-19 04:08:03.169 1499 1729 I am_proc_bound: [0,8775,com.android.gallery3d]
11-19 04:08:03.173 1499 1729 I wm_restart_activity: [0,104108856,34,com.android.gallery3d/.app.GalleryActivity]
11-19 04:08:03.174 1499 1729 I wm_set_resumed_activity: [0,com.android.gallery3d/.app.GalleryActivity,minimalResumeActivityLocked]
11-19 04:08:03.174 1499 1729 I am_uid_active: 10066
11-19 04:08:03.232 8775 8775 I wm_on_create_called: [104108856,com.android.gallery3d.app.GalleryActivity,performCreate]
11-19 04:08:03.233 8775 8775 I wm_on_start_called: [104108856,com.android.gallery3d.app.GalleryActivity,handleStartActivity]
11-19 04:08:03.236 8775 8775 I wm_on_resume_called: [104108856,com.android.gallery3d.app.GalleryActivity,RESUME_ACTIVITY]
11-19 04:08:03.241 8775 8775 I wm_on_top_resumed_gained_called: [104108856,com.android.gallery3d.app.GalleryActivity,topStateChangedWhenResumed]
11-19 04:08:03.257 1499 1638 I input_focus: [Focus request f3cee80 com.android.gallery3d/com.android.gallery3d.app.GalleryActivity,reason=UpdateInputWindows]
11-19 04:08:03.288 1499 1831 I input_focus: [Focus leaving 632f7bf com.android.launcher3/com.android.launcher3.uioverrides.QuickstepLauncher (server),reason=Waiting for window because NOT_VISIBLE]
11-19 04:08:03.353 1499 1831 I input_focus: [Focus entering f3cee80 com.android.gallery3d/com.android.gallery3d.app.GalleryActivity (server),reason=Window became focusable. Previous reason: NOT_VISIBLE]
11-19 04:08:03.357 1499 1634 I sysui_multi_action: [319,244,322,244,325,10162,757,761,758,7,759,2,806,com.android.gallery3d,871,com.android.gallery3d.app.GalleryActivity,904,com.android.launcher3,905,0,945,76,1320,4,1321,1]
11-19 04:08:03.359 1499 1634 I wm_activity_launch_time: [0,104108856,com.android.gallery3d/.app.GalleryActivity,244]
11-19 04:08:05.131 8101 8101 I auditd : type=1400 audit(0.0:5978): avc: denied { kill } for comm="kworker/u16:8" capability=5 scontext=u:r:kernel:s0 tcontext=u:r:kernel:s0 tclass=capability permissive=0
11-19 04:08:05.312 1499 1831 I input_interaction: Interaction with: f3cee80 com.android.gallery3d/com.android.gallery3d.app.GalleryActivity (server), edge-swipe (server), swipe-up (server), PointerEventDispatcher0 (server),
11-19 04:08:05.472 1499 2761 I wm_relaunch_resume_activity: [0,104108856,34,com.android.gallery3d/.app.GalleryActivity]
11-19 04:08:05.473 1499 2761 I wm_add_to_stopping: [0,19758722,com.android.launcher3/.uioverrides.QuickstepLauncher,makeInvisible]
11-19 04:08:05.486 8775 8775 I wm_on_top_resumed_lost_called: [104108856,com.android.gallery3d.app.GalleryActivity,pausing]
11-19 04:08:05.493 8775 8775 I wm_on_paused_called: [104108856,com.android.gallery3d.app.GalleryActivity,performPause]
11-19 04:08:05.493 8775 8775 I wm_on_stop_called: [104108856,com.android.gallery3d.app.GalleryActivity,handleRelaunchActivity]
11-19 04:08:05.495 8775 8775 I wm_on_destroy_called: [104108856,com.android.gallery3d.app.GalleryActivity,performDestroy]
11-19 04:08:05.518 8775 8775 I wm_on_create_called: [104108856,com.android.gallery3d.app.GalleryActivity,performCreate]
11-19 04:08:05.519 8775 8775 I wm_on_start_called: [104108856,com.android.gallery3d.app.GalleryActivity,handleStartActivity]
11-19 04:08:05.528 8775 8775 I wm_on_resume_called: [104108856,com.android.gallery3d.app.GalleryActivity,RESUME_ACTIVITY]
11-19 04:08:05.528 8775 8775 I wm_on_top_resumed_gained_called: [104108856,com.android.gallery3d.app.GalleryActivity,topWhenResuming]
11-19 04:08:05.539 1499 1499 I notification_enqueue: [10081,2342,com.android.systemui,2048,NULL,0,Notification(channel=updateNotification shortcut=null contentView=null vibrate=null sound=null defaults=0x0 flags=0x0 color=0x00000000 vis=PRIVATE),1]
11-19 04:08:05.540 2342 2342 I sysui_multi_action: [757,111,758,2]
11-19 04:08:05.541 2342 2342 I sysui_multi_action: [757,111,758,2]
11-19 04:08:05.564 2342 2342 I sysui_multi_action: [757,111,758,1]
11-19 04:08:05.565 2342 2342 I sysui_multi_action: [757,126,758,1,759,126,927,0,928,0,1593,0]
11-19 04:08:05.565 2342 2342 I sysui_multi_action: [757,113,758,1,759,113,927,1,928,1,1593,0]
11-19 04:08:05.565 2342 2342 I sysui_multi_action: [757,0,758,1,759,0,927,2,928,0,1593,0]
11-19 04:08:05.565 2342 2342 I sysui_multi_action: [757,0,758,1,759,0,927,3,928,0,1593,0]
11-19 04:08:05.566 2342 2342 I sysui_multi_action: [757,491,758,1,759,491,927,4,928,0,1311,-1,1593,0]
11-19 04:08:05.566 2342 2342 I sysui_multi_action: [757,0,758,1,759,0,927,5,928,0,1593,0]
11-19 04:08:05.566 2342 2342 I sysui_multi_action: [757,111,758,1]
11-19 04:08:05.566 2342 2342 I sysui_multi_action: [757,126,758,1,759,126,927,0,928,0,1593,0]
11-19 04:08:05.567 2342 2342 I sysui_multi_action: [757,113,758,1,759,113,927,1,928,1,1593,0]
11-19 04:08:05.567 2342 2342 I sysui_multi_action: [757,0,758,1,759,0,927,2,928,0,1593,0]
11-19 04:08:05.567 2342 2342 I sysui_multi_action: [757,0,758,1,759,0,927,3,928,0,1593,0]
11-19 04:08:05.911 1499 1637 I wm_stop_activity: [0,19758722,com.android.launcher3/.uioverrides.QuickstepLauncher]
11-19 04:08:05.939 2802 2802 I wm_on_paused_called: [19758722,com.android.launcher3.uioverrides.QuickstepLauncher,performPause]
11-19 04:08:05.947 2802 2802 I wm_on_stop_called: [19758722,com.android.launcher3.uioverrides.QuickstepLauncher,STOP_ACTIVITY_ITEM]
11-19 04:08:06.131 0 0 I auditd : type=1400 audit(0.0:5979): avc: denied { kill } for comm="swapper/1" capability=5 scontext=u:r:kernel:s0 tcontext=u:r:kernel:s0 tclass=capability permissive=0
11-19 04:08:07.058 1499 2761 I wm_task_moved: [1,0,0]
11-19 04:08:07.059 1499 2761 I wm_task_moved: [1,0,5]
11-19 04:08:07.069 2802 2802 I wm_on_restart_called: [19758722,com.android.launcher3.uioverrides.QuickstepLauncher,performRestartActivity]
11-19 04:08:07.086 2802 2802 I wm_on_start_called: [19758722,com.android.launcher3.uioverrides.QuickstepLauncher,handleStartActivity]
11-19 04:08:07.115 1499 1634 I sysui_multi_action: [319,12,322,49,325,10166,757,761,758,9,759,5,806,com.android.launcher3,871,com.android.launcher3.uioverrides.QuickstepLauncher,905,0,1320,8,1321,5]
11-19 04:08:07.131 0 0 I auditd : type=1400 audit(0.0:5980): avc: denied { kill } for comm="swapper/1" capability=5 scontext=u:r:kernel:s0 tcontext=u:r:kernel:s0 tclass=capability permissive=0
11-19 04:08:07.162 8775 8775 I view_enqueue_input_event: [Motion - Cancel,com.android.gallery3d/com.android.gallery3d.app.GalleryActivity]
11-19 04:08:07.163 2802 2802 I sysui_latency: [1,69]
11-19 04:08:07.169 1499 1638 I input_focus: [Focus request recents_animation_input_consumer,reason=UpdateInputWindows]
11-19 04:08:07.175 1499 1831 I input_interaction: Interaction with: edge-swipe (server), swipe-up (server), PointerEventDispatcher0 (server),
11-19 04:08:07.197 1499 1831 I input_focus: [Focus leaving f3cee80 com.android.gallery3d/com.android.gallery3d.app.GalleryActivity (server),reason=NOT_FOCUSABLE]
11-19 04:08:07.197 1499 1831 I input_focus: [Focus entering recents_animation_input_consumer (server),reason=setFocusedWindow]
11-19 04:08:07.289 1499 1759 I commit_sys_config_file: [settings-1-0,5]
11-19 04:08:07.408 1499 1644 I sysui_latency: [8,69]
11-19 04:08:07.689 1499 8767 I wm_task_moved: [1,0,5]
11-19 04:08:07.690 1499 8767 I wm_add_to_stopping: [0,19758722,com.android.launcher3/.uioverrides.QuickstepLauncher,makeInvisible]
11-19 04:08:07.700 1499 1638 I input_focus: [Focus request f3cee80 com.android.gallery3d/com.android.gallery3d.app.GalleryActivity,reason=UpdateInputWindows]
11-19 04:08:07.706 1499 1637 I wm_stop_activity: [0,19758722,com.android.launcher3/.uioverrides.QuickstepLauncher]
11-19 04:08:07.714 1499 1831 I input_focus: [Focus leaving recents_animation_input_consumer (server),reason=NOT_VISIBLE]
11-19 04:08:07.714 1499 1831 I input_focus: [Focus entering f3cee80 com.android.gallery3d/com.android.gallery3d.app.GalleryActivity (server),reason=setFocusedWindow]
11-19 04:08:07.746 2802 2802 I wm_on_stop_called: [19758722,com.android.launcher3.uioverrides.QuickstepLauncher,STOP_ACTIVITY_ITEM]
11-19 04:08:07.949 1499 1759 I commit_sys_config_file: [settings-1-0,5]
11-19 04:08:08.131 0 0 I auditd : type=1400 audit(0.0:5981): avc: denied { kill } for comm="swapper/1" capability=5 scontext=u:r:kernel:s0 tcontext=u:r:kernel:s0 tclass=capability permissive=0
11-19 04:08:08.482 1499 1831 I input_interaction: Interaction with: f3cee80 com.android.gallery3d/com.android.gallery3d.app.GalleryActivity (server), edge-swipe (server), swipe-up (server), PointerEventDispatcher0 (server),
11-19 04:08:08.504 1499 1729 I wm_task_moved: [1,0,0]
11-19 04:08:08.505 1499 1729 I wm_task_moved: [1,0,5]
11-19 04:08:08.533 2802 2802 I wm_on_restart_called: [19758722,com.android.launcher3.uioverrides.QuickstepLauncher,performRestartActivity]
11-19 04:08:08.553 2802 2802 I wm_on_start_called: [19758722,com.android.launcher3.uioverrides.QuickstepLauncher,handleStartActivity]
11-19 04:08:08.554 8775 8775 I view_enqueue_input_event: [Motion - Cancel,com.android.gallery3d/com.android.gallery3d.app.GalleryActivity]
11-19 04:08:08.556 1499 1638 I input_focus: [Focus request recents_animation_input_consumer,reason=UpdateInputWindows]
11-19 04:08:08.557 1499 1831 I input_interaction: Interaction with: edge-swipe (server), swipe-up (server), PointerEventDispatcher0 (server),
11-19 04:08:08.564 1499 1831 I input_focus: [Focus leaving f3cee80 com.android.gallery3d/com.android.gallery3d.app.GalleryActivity (server),reason=NOT_FOCUSABLE]
11-19 04:08:08.564 1499 1831 I input_focus: [Focus entering recents_animation_input_consumer (server),reason=setFocusedWindow]
11-19 04:08:08.565 2802 2802 I sysui_latency: [1,83]
11-19 04:08:08.581 1499 1634 I sysui_multi_action: [319,13,322,68,325,10167,757,761,758,9,759,5,806,com.android.launcher3,871,com.android.launcher3.uioverrides.QuickstepLauncher,905,0,1320,8,1321,5]
11-19 04:08:08.753 1499 1759 I commit_sys_config_file: [settings-1-0,4]
11-19 04:08:08.874 1499 1644 I sysui_latency: [8,84]
11-19 04:08:09.131 0 0 I auditd : type=1400 audit(0.0:5982): avc: denied { kill } for comm="swapper/1" capability=5 scontext=u:r:kernel:s0 tcontext=u:r:kernel:s0 tclass=capability permissive=0
11-19 04:08:09.432 1499 1759 I commit_sys_config_file: [settings-1-0,5]
11-19 04:08:09.810 1499 1831 I input_interaction: Interaction with: 632f7bf com.android.launcher3/com.android.launcher3.uioverrides.QuickstepLauncher (server), edge-swipe (server), swipe-up (server), PointerEventDispatcher0 (server),
11-19 04:08:09.921 1499 1499 I service_manager_stats: [100,73,40678]
11-19 04:08:10.238 1499 2761 I wm_task_moved: [1,1,6]
11-19 04:08:10.240 1499 2761 I wm_focused_root_task: [0,0,1,34,RecentsAnimation.onAnimationFinished()]
11-19 04:08:10.241 8775 8775 I wm_on_top_resumed_lost_called: [104108856,com.android.gallery3d.app.GalleryActivity,topStateChangedWhenResumed]
11-19 04:08:10.242 1499 2761 I wm_pause_activity: [0,104108856,com.android.gallery3d/.app.GalleryActivity,userLeaving=false,pauseBackTasks]
11-19 04:08:10.244 1499 2761 I wm_set_resumed_activity: [0,com.android.launcher3/.uioverrides.QuickstepLauncher,resumeTopActivityInnerLocked]
11-19 04:08:10.245 1499 2761 I wm_resume_activity: [0,19758722,10,com.android.launcher3/.uioverrides.QuickstepLauncher]
11-19 04:08:10.246 1499 2761 I wm_add_to_stopping: [0,104108856,com.android.gallery3d/.app.GalleryActivity,makeInvisible]
11-19 04:08:10.248 2802 2802 I wm_on_resume_called: [19758722,com.android.launcher3.uioverrides.QuickstepLauncher,RESUME_ACTIVITY]
11-19 04:08:10.257 1499 1638 I input_focus: [Focus request 632f7bf com.android.launcher3/com.android.launcher3.uioverrides.QuickstepLauncher,reason=UpdateInputWindows]
11-19 04:08:10.263 1499 1637 I sysui_multi_action: [757,803,799,window_time_0,802,8]
11-19 04:08:10.268 1499 1831 I input_focus: [Focus leaving recents_animation_input_consumer (server),reason=NOT_VISIBLE]
11-19 04:08:10.269 1499 1831 I input_focus: [Focus entering 632f7bf com.android.launcher3/com.android.launcher3.uioverrides.QuickstepLauncher (server),reason=setFocusedWindow]
11-19 04:08:10.269 2802 2802 I wm_on_top_resumed_gained_called: [19758722,com.android.launcher3.uioverrides.QuickstepLauncher,topStateChangedWhenResumed]
11-19 04:08:10.273 1499 1614 I wm_stop_activity: [0,104108856,com.android.gallery3d/.app.GalleryActivity]
11-19 04:08:10.274 8775 8775 I wm_on_paused_called: [104108856,com.android.gallery3d.app.GalleryActivity,performPause]
11-19 04:08:10.282 1499 1637 I sysui_multi_action: [757,803,799,window_time_0,802,0]
11-19 04:08:10.304 8775 8775 I wm_on_stop_called: [104108856,com.android.gallery3d.app.GalleryActivity,STOP_ACTIVITY_ITEM]
11-19 04:08:10.359 1499 7777 I wm_finish_activity: [0,104108856,34,com.android.gallery3d/.app.GalleryActivity,recent-task-trimmed]
11-19 04:08:10.360 1499 7777 I wm_destroy_activity: [0,104108856,34,com.android.gallery3d/.app.GalleryActivity,finish-imm:finishIfPossible]
11-19 04:08:10.362 1499 1637 I am_kill : [0,8775,com.android.gallery3d,905,remove task]
11-19 04:08:10.364 1499 1637 I sysui_multi_action: [757,803,799,window_time_0,802,0]
11-19 04:08:10.408 1499 2432 I am_proc_died: [0,8775,com.android.gallery3d,905,19]
11-19 04:08:10.415 1499 2432 I am_uid_stopped: 10066
11-19 04:08:10.418 1499 2432 I wm_task_removed: [34,removeChild:removeChild last r=ActivityRecord{6349338 u0 com.android.gallery3d/.app.GalleryActivity t-1 f}} in t=Task{5d2239b #34 type=standard A=10066:com.android.gallery3d U=0 visible=false mode=fullscreen translucent=true sz=0}]
11-19 04:08:10.418 1499 2432 I wm_task_removed: [34,removeChild]
11-19 04:08:10.422 1499 1637 I am_uid_running: 10066
11-19 04:08:10.432 1499 1646 I am_proc_start: [0,8832,10066,com.android.gallery3d,NULL,]
11-19 04:08:10.463 1499 6279 I am_proc_bound: [0,8832,com.android.gallery3d]
11-19 04:08:10.610 1499 1831 I input_interaction: Interaction with: 632f7bf com.android.launcher3/com.android.launcher3.uioverrides.QuickstepLauncher (server), a1d9774 com.android.systemui.ImageWallpaper (server), edge-swipe (server), swipe-up (server), PointerEventDispatcher0 (server),
11-19 04:08:10.701 1499 5215 I wm_task_created: [35,-1]
11-19 04:08:10.705 1499 5215 I wm_task_moved: [35,1,6]
11-19 04:08:10.705 1499 5215 I wm_task_to_front: [0,35]
11-19 04:08:10.705 1499 5215 I wm_create_task: [0,35]
11-19 04:08:10.705 1499 5215 I wm_create_activity: [0,211246718,35,com.android.deskclock/.DeskClock,NULL,NULL,NULL,268468224]
11-19 04:08:10.705 1499 5215 I wm_task_moved: [35,1,6]
11-19 04:08:10.717 1499 1637 I am_uid_running: 10063
11-19 04:08:10.718 2802 2802 I wm_on_top_resumed_lost_called: [19758722,com.android.launcher3.uioverrides.QuickstepLauncher,topStateChangedWhenResumed]
11-19 04:08:10.730 1499 1646 I am_proc_start: [0,8854,10063,com.android.deskclock,top-activity,{com.android.deskclock/com.android.deskclock.DeskClock}]
11-19 04:08:10.746 1499 6279 I am_proc_bound: [0,8854,com.android.deskclock]
11-19 04:08:10.750 1499 6279 I wm_restart_activity: [0,211246718,35,com.android.deskclock/.DeskClock]
11-19 04:08:10.751 1499 6279 I wm_set_resumed_activity: [0,com.android.deskclock/.DeskClock,minimalResumeActivityLocked]
11-19 04:08:10.751 1499 6279 I am_uid_active: 10063
11-19 04:08:10.824 1499 2432 I wm_task_moved: [35,1,6]
11-19 04:08:10.824 1499 2432 I wm_set_resumed_activity: [0,com.android.deskclock/.DeskClock,positionChildAt]
11-19 04:08:10.824 1499 2432 I wm_create_activity: [0,249527588,35,com.android.permissioncontroller/.permission.ui.GrantPermissionsActivity,android.content.pm.action.REQUEST_PERMISSIONS,NULL,NULL,8388608]
11-19 04:08:10.825 1499 2432 I wm_pause_activity: [0,211246718,com.android.deskclock/.DeskClock,userLeaving=true,resumeTopActivityInnerLocked]
11-19 04:08:10.843 8854 8854 I wm_on_create_called: [211246718,com.android.deskclock.DeskClock,performCreate]
11-19 04:08:10.845 8854 8854 I wm_on_start_called: [211246718,com.android.deskclock.DeskClock,handleStartActivity]
11-19 04:08:10.846 8854 8854 I wm_on_resume_called: [211246718,com.android.deskclock.DeskClock,RESUME_ACTIVITY]
11-19 04:08:10.850 8854 8854 I wm_on_top_resumed_gained_called: [211246718,com.android.deskclock.DeskClock,topStateChangedWhenResumed]
11-19 04:08:10.851 8854 8854 I wm_on_top_resumed_lost_called: [211246718,com.android.deskclock.DeskClock,topStateChangedWhenResumed]
11-19 04:08:10.851 8854 8854 I wm_on_paused_called: [211246718,com.android.deskclock.DeskClock,performPause]
11-19 04:08:10.855 1499 2432 I wm_restart_activity: [0,249527588,35,com.android.permissioncontroller/.permission.ui.GrantPermissionsActivity]
11-19 04:08:10.856 1499 2432 I wm_set_resumed_activity: [0,com.android.permissioncontroller/.permission.ui.GrantPermissionsActivity,minimalResumeActivityLocked]
11-19 04:08:10.859 1499 1637 I sysui_multi_action: [757,803,799,window_time_0,802,1]
11-19 04:08:10.876 8560 8560 I wm_on_create_called: [249527588,com.android.permissioncontroller.permission.ui.GrantPermissionsActivity,performCreate]
11-19 04:08:10.877 8560 8560 I wm_on_start_called: [249527588,com.android.permissioncontroller.permission.ui.GrantPermissionsActivity,handleStartActivity]
11-19 04:08:10.877 8560 8560 I wm_on_resume_called: [249527588,com.android.permissioncontroller.permission.ui.GrantPermissionsActivity,RESUME_ACTIVITY]
11-19 04:08:10.879 8560 8560 I wm_on_top_resumed_gained_called: [249527588,com.android.permissioncontroller.permission.ui.GrantPermissionsActivity,topStateChangedWhenResumed]
11-19 04:08:10.882 1499 5215 I wm_finish_activity: [0,249527588,35,com.android.permissioncontroller/.permission.ui.GrantPermissionsActivity,app-request]
11-19 04:08:10.883 1499 5215 I wm_pause_activity: [0,249527588,com.android.permissioncontroller/.permission.ui.GrantPermissionsActivity,userLeaving=false,finish]
11-19 04:08:10.888 8560 8560 I wm_on_top_resumed_lost_called: [249527588,com.android.permissioncontroller.permission.ui.GrantPermissionsActivity,topStateChangedWhenResumed]
11-19 04:08:10.889 8560 8560 I wm_on_paused_called: [249527588,com.android.permissioncontroller.permission.ui.GrantPermissionsActivity,performPause]
11-19 04:08:10.890 1499 8831 I wm_add_to_stopping: [0,249527588,com.android.permissioncontroller/.permission.ui.GrantPermissionsActivity,completeFinishing]
11-19 04:08:10.890 1499 8831 I wm_set_resumed_activity: [0,com.android.deskclock/.DeskClock,resumeTopActivityInnerLocked]
11-19 04:08:10.891 1499 8831 I wm_resume_activity: [0,211246718,35,com.android.deskclock/.DeskClock]
11-19 04:08:10.893 1499 1637 I sysui_multi_action: [757,803,799,window_time_2,802,0]
11-19 04:08:10.916 1499 1638 I input_focus: [Focus request 3f7108e com.android.deskclock/com.android.deskclock.DeskClock,reason=UpdateInputWindows]
11-19 04:08:10.937 1499 1831 I input_focus: [Focus leaving 632f7bf com.android.launcher3/com.android.launcher3.uioverrides.QuickstepLauncher (server),reason=Waiting for window because NOT_VISIBLE]
11-19 04:08:10.992 8854 8854 I wm_on_activity_result_called: [211246718,com.android.deskclock.DeskClock,ACTIVITY_RESULT]
11-19 04:08:10.993 8854 8854 I wm_on_resume_called: [211246718,com.android.deskclock.DeskClock,RESUME_ACTIVITY]
11-19 04:08:10.994 8854 8854 I wm_on_top_resumed_gained_called: [211246718,com.android.deskclock.DeskClock,topWhenResuming]
11-19 04:08:11.003 1499 1831 I input_focus: [Focus entering 3f7108e com.android.deskclock/com.android.deskclock.DeskClock (server),reason=Window became focusable. Previous reason: NOT_VISIBLE]
11-19 04:08:11.275 1499 1637 I wm_destroy_activity: [0,249527588,35,com.android.permissioncontroller/.permission.ui.GrantPermissionsActivity,finish-imm:idle]
11-19 04:08:11.277 8560 8560 I wm_on_stop_called: [249527588,com.android.permissioncontroller.permission.ui.GrantPermissionsActivity,LIFECYCLER_STOP_ACTIVITY]
11-19 04:08:11.278 8560 8560 I wm_on_destroy_called: [249527588,com.android.permissioncontroller.permission.ui.GrantPermissionsActivity,performDestroy]
11-19 04:08:11.770 1499 1831 I input_interaction: Interaction with: 3f7108e com.android.deskclock/com.android.deskclock.DeskClock (server), edge-swipe (server), swipe-up (server), PointerEventDispatcher0 (server),
11-19 04:08:11.892 1499 6279 I wm_relaunch_resume_activity: [0,211246718,35,com.android.deskclock/.DeskClock]
11-19 04:08:11.892 1499 6279 I wm_add_to_stopping: [0,19758722,com.android.launcher3/.uioverrides.QuickstepLauncher,makeInvisible]
11-19 04:08:11.912 8854 8854 I wm_on_top_resumed_lost_called: [211246718,com.android.deskclock.DeskClock,pausing]
11-19 04:08:11.914 8854 8854 I wm_on_paused_called: [211246718,com.android.deskclock.DeskClock,performPause]
11-19 04:08:11.916 8854 8854 I wm_on_stop_called: [211246718,com.android.deskclock.DeskClock,handleRelaunchActivity]
11-19 04:08:11.924 8854 8854 I wm_on_destroy_called: [211246718,com.android.deskclock.DeskClock,performDestroy]
11-19 04:08:11.940 1499 6279 I wm_task_moved: [35,1,6]
11-19 04:08:11.940 1499 6279 I wm_set_resumed_activity: [0,com.android.deskclock/.DeskClock,positionChildAt]
11-19 04:08:11.940 1499 6279 I wm_create_activity: [0,68088943,35,com.android.permissioncontroller/.permission.ui.GrantPermissionsActivity,android.content.pm.action.REQUEST_PERMISSIONS,NULL,NULL,8388608]
11-19 04:08:11.941 1499 6279 I wm_pause_activity: [0,19758722,com.android.launcher3/.uioverrides.QuickstepLauncher,userLeaving=true,pauseBackTasks]
11-19 04:08:11.942 2802 2802 I wm_on_paused_called: [19758722,com.android.launcher3.uioverrides.QuickstepLauncher,performPause]
11-19 04:08:11.943 1499 6279 I wm_pause_activity: [0,211246718,com.android.deskclock/.DeskClock,userLeaving=true,resumeTopActivityInnerLocked]
11-19 04:08:11.950 1499 1637 I sysui_multi_action: [757,803,799,window_time_2,802,1]
11-19 04:08:11.960 8854 8854 I wm_on_create_called: [211246718,com.android.deskclock.DeskClock,performCreate]
11-19 04:08:11.987 8854 8854 I wm_on_start_called: [211246718,com.android.deskclock.DeskClock,handleStartActivity]
11-19 04:08:11.987 8854 8854 I wm_on_resume_called: [211246718,com.android.deskclock.DeskClock,RESUME_ACTIVITY]
11-19 04:08:11.990 8854 8854 I wm_on_top_resumed_gained_called: [211246718,com.android.deskclock.DeskClock,topWhenResuming]
11-19 04:08:12.034 8854 8854 I wm_on_top_resumed_lost_called: [211246718,com.android.deskclock.DeskClock,topStateChangedWhenResumed]
11-19 04:08:12.035 8854 8854 I wm_on_paused_called: [211246718,com.android.deskclock.DeskClock,performPause]
11-19 04:08:12.040 1499 6279 I wm_restart_activity: [0,68088943,35,com.android.permissioncontroller/.permission.ui.GrantPermissionsActivity]
11-19 04:08:12.042 1499 6279 I wm_set_resumed_activity: [0,com.android.permissioncontroller/.permission.ui.GrantPermissionsActivity,minimalResumeActivityLocked]
11-19 04:08:12.059 1499 1637 I sysui_multi_action: [757,803,799,window_time_0,802,0]
11-19 04:08:12.079 8560 8560 I wm_on_create_called: [68088943,com.android.permissioncontroller.permission.ui.GrantPermissionsActivity,performCreate]
