11-19 03:52:26.131 0 0 I auditd : type=1400 audit(0.0:4997): avc: denied { kill } for comm="swapper/2" capability=5 scontext=u:r:kernel:s0 tcontext=u:r:kernel:s0 tclass=capability permissive=0
11-19 03:52:27.131 0 0 I auditd : type=1400 audit(0.0:4998): avc: denied { kill } for comm="swapper/2" capability=5 scontext=u:r:kernel:s0 tcontext=u:r:kernel:s0 tclass=capability permissive=0
11-19 03:52:28.131 0 0 I auditd : type=1400 audit(0.0:4999): avc: denied { kill } for comm="swapper/2" capability=5 scontext=u:r:kernel:s0 tcontext=u:r:kernel:s0 tclass=capability permissive=0
11-19 03:52:29.131 0 0 I auditd : type=1400 audit(0.0:5000): avc: denied { kill } for comm="swapper/2" capability=5 scontext=u:r:kernel:s0 tcontext=u:r:kernel:s0 tclass=capability permissive=0
11-19 03:52:30.131 0 0 I auditd : type=1400 audit(0.0:5001): avc: denied { kill } for comm="swapper/2" capability=5 scontext=u:r:kernel:s0 tcontext=u:r:kernel:s0 tclass=capability permissive=0
11-19 03:52:31.131 0 0 I auditd : type=1400 audit(0.0:5002): avc: denied { kill } for comm="swapper/2" capability=5 scontext=u:r:kernel:s0 tcontext=u:r:kernel:s0 tclass=capability permissive=0
11-19 03:52:32.131 0 0 I auditd : type=1400 audit(0.0:5003): avc: denied { kill } for comm="swapper/2" capability=5 scontext=u:r:kernel:s0 tcontext=u:r:kernel:s0 tclass=capability permissive=0
11-19 03:52:33.131 0 0 I auditd : type=1400 audit(0.0:5004): avc: denied { kill } for comm="swapper/2" capability=5 scontext=u:r:kernel:s0 tcontext=u:r:kernel:s0 tclass=capability permissive=0
11-19 03:52:34.131 0 0 I auditd : type=1400 audit(0.0:5005): avc: denied { kill } for comm="swapper/2" capability=5 scontext=u:r:kernel:s0 tcontext=u:r:kernel:s0 tclass=capability permissive=0
11-19 03:52:35.131 0 0 I auditd : type=1400 audit(0.0:5006): avc: denied { kill } for comm="swapper/2" capability=5 scontext=u:r:kernel:s0 tcontext=u:r:kernel:s0 tclass=capability permissive=0
11-19 03:52:36.131 0 0 I auditd : type=1400 audit(0.0:5007): avc: denied { kill } for comm="swapper/2" capability=5 scontext=u:r:kernel:s0 tcontext=u:r:kernel:s0 tclass=capability permissive=0
11-19 03:52:37.131 0 0 I auditd : type=1400 audit(0.0:5008): avc: denied { kill } for comm="swapper/2" capability=5 scontext=u:r:kernel:s0 tcontext=u:r:kernel:s0 tclass=capability permissive=0
11-19 03:52:38.131 0 0 I auditd : type=1400 audit(0.0:5009): avc: denied { kill } for comm="swapper/2" capability=5 scontext=u:r:kernel:s0 tcontext=u:r:kernel:s0 tclass=capability permissive=0
11-19 03:52:39.131 0 0 I auditd : type=1400 audit(0.0:5010): avc: denied { kill } for comm="swapper/2" capability=5 scontext=u:r:kernel:s0 tcontext=u:r:kernel:s0 tclass=capability permissive=0
11-19 03:52:40.131 0 0 I auditd : type=1400 audit(0.0:5011): avc: denied { kill } for comm="swapper/2" capability=5 scontext=u:r:kernel:s0 tcontext=u:r:kernel:s0 tclass=capability permissive=0
11-19 03:52:41.131 0 0 I auditd : type=1400 audit(0.0:5012): avc: denied { kill } for comm="swapper/2" capability=5 scontext=u:r:kernel:s0 tcontext=u:r:kernel:s0 tclass=capability permissive=0
11-19 03:52:42.131 0 0 I auditd : type=1400 audit(0.0:5013): avc: denied { kill } for comm="swapper/2" capability=5 scontext=u:r:kernel:s0 tcontext=u:r:kernel:s0 tclass=capability permissive=0
11-19 03:52:43.131 0 0 I auditd : type=1400 audit(0.0:5014): avc: denied { kill } for comm="swapper/2" capability=5 scontext=u:r:kernel:s0 tcontext=u:r:kernel:s0 tclass=capability permissive=0
11-19 03:52:44.131 0 0 I auditd : type=1400 audit(0.0:5015): avc: denied { kill } for comm="swapper/2" capability=5 scontext=u:r:kernel:s0 tcontext=u:r:kernel:s0 tclass=capability permissive=0
11-19 03:52:45.131 0 0 I auditd : type=1400 audit(0.0:5016): avc: denied { kill } for comm="swapper/2" capability=5 scontext=u:r:kernel:s0 tcontext=u:r:kernel:s0 tclass=capability permissive=0
11-19 03:52:46.131 0 0 I auditd : type=1400 audit(0.0:5017): avc: denied { kill } for comm="swapper/2" capability=5 scontext=u:r:kernel:s0 tcontext=u:r:kernel:s0 tclass=capability permissive=0
11-19 03:52:47.131 0 0 I auditd : type=1400 audit(0.0:5018): avc: denied { kill } for comm="swapper/2" capability=5 scontext=u:r:kernel:s0 tcontext=u:r:kernel:s0 tclass=capability permissive=0
11-19 03:52:48.131 0 0 I auditd : type=1400 audit(0.0:5019): avc: denied { kill } for comm="swapper/2" capability=5 scontext=u:r:kernel:s0 tcontext=u:r:kernel:s0 tclass=capability permissive=0
11-19 03:52:49.131 0 0 I auditd : type=1400 audit(0.0:5020): avc: denied { kill } for comm="swapper/2" capability=5 scontext=u:r:kernel:s0 tcontext=u:r:kernel:s0 tclass=capability permissive=0
11-19 03:52:50.131 0 0 I auditd : type=1400 audit(0.0:5021): avc: denied { kill } for comm="swapper/2" capability=5 scontext=u:r:kernel:s0 tcontext=u:r:kernel:s0 tclass=capability permissive=0
11-19 03:52:51.131 0 0 I auditd : type=1400 audit(0.0:5022): avc: denied { kill } for comm="swapper/2" capability=5 scontext=u:r:kernel:s0 tcontext=u:r:kernel:s0 tclass=capability permissive=0
11-19 03:52:52.131 0 0 I auditd : type=1400 audit(0.0:5023): avc: denied { kill } for comm="swapper/2" capability=5 scontext=u:r:kernel:s0 tcontext=u:r:kernel:s0 tclass=capability permissive=0
11-19 03:52:53.131 0 0 I auditd : type=1400 audit(0.0:5024): avc: denied { kill } for comm="swapper/2" capability=5 scontext=u:r:kernel:s0 tcontext=u:r:kernel:s0 tclass=capability permissive=0
11-19 03:52:54.131 0 0 I auditd : type=1400 audit(0.0:5025): avc: denied { kill } for comm="swapper/2" capability=5 scontext=u:r:kernel:s0 tcontext=u:r:kernel:s0 tclass=capability permissive=0
11-19 03:52:55.131 0 0 I auditd : type=1400 audit(0.0:5026): avc: denied { kill } for comm="swapper/2" capability=5 scontext=u:r:kernel:s0 tcontext=u:r:kernel:s0 tclass=capability permissive=0
11-19 03:52:56.131 0 0 I auditd : type=1400 audit(0.0:5027): avc: denied { kill } for comm="swapper/2" capability=5 scontext=u:r:kernel:s0 tcontext=u:r:kernel:s0 tclass=capability permissive=0
11-19 03:52:58.131 0 0 I auditd : type=1400 audit(0.0:5028): avc: denied { kill } for comm="swapper/2" capability=5 scontext=u:r:kernel:s0 tcontext=u:r:kernel:s0 tclass=capability permissive=0
11-19 03:53:00.131 0 0 I auditd : type=1400 audit(0.0:5029): avc: denied { kill } for comm="swapper/3" capability=5 scontext=u:r:kernel:s0 tcontext=u:r:kernel:s0 tclass=capability permissive=0
11-19 03:53:03.131 0 0 I auditd : type=1400 audit(0.0:5030): avc: denied { kill } for comm="swapper/3" capability=5 scontext=u:r:kernel:s0 tcontext=u:r:kernel:s0 tclass=capability permissive=0
11-19 03:53:04.131 0 0 I auditd : type=1400 audit(0.0:5031): avc: denied { kill } for comm="swapper/3" capability=5 scontext=u:r:kernel:s0 tcontext=u:r:kernel:s0 tclass=capability permissive=0
11-19 03:53:05.131 0 0 I auditd : type=1400 audit(0.0:5032): avc: denied { kill } for comm="swapper/3" capability=5 scontext=u:r:kernel:s0 tcontext=u:r:kernel:s0 tclass=capability permissive=0
11-19 03:53:06.131 0 0 I auditd : type=1400 audit(0.0:5033): avc: denied { kill } for comm="swapper/3" capability=5 scontext=u:r:kernel:s0 tcontext=u:r:kernel:s0 tclass=capability permissive=0
11-19 03:53:07.131 0 0 I auditd : type=1400 audit(0.0:5034): avc: denied { kill } for comm="swapper/3" capability=5 scontext=u:r:kernel:s0 tcontext=u:r:kernel:s0 tclass=capability permissive=0
11-19 03:53:08.131 0 0 I auditd : type=1400 audit(0.0:5035): avc: denied { kill } for comm="swapper/3" capability=5 scontext=u:r:kernel:s0 tcontext=u:r:kernel:s0 tclass=capability permissive=0
11-19 03:53:09.131 0 0 I auditd : type=1400 audit(0.0:5036): avc: denied { kill } for comm="swapper/3" capability=5 scontext=u:r:kernel:s0 tcontext=u:r:kernel:s0 tclass=capability permissive=0
11-19 03:53:10.131 0 0 I auditd : type=1400 audit(0.0:5037): avc: denied { kill } for comm="swapper/3" capability=5 scontext=u:r:kernel:s0 tcontext=u:r:kernel:s0 tclass=capability permissive=0
11-19 03:53:11.131 0 0 I auditd : type=1400 audit(0.0:5038): avc: denied { kill } for comm="swapper/3" capability=5 scontext=u:r:kernel:s0 tcontext=u:r:kernel:s0 tclass=capability permissive=0
11-19 03:53:12.131 0 0 I auditd : type=1400 audit(0.0:5039): avc: denied { kill } for comm="swapper/3" capability=5 scontext=u:r:kernel:s0 tcontext=u:r:kernel:s0 tclass=capability permissive=0
11-19 03:53:13.131 0 0 I auditd : type=1400 audit(0.0:5040): avc: denied { kill } for comm="swapper/3" capability=5 scontext=u:r:kernel:s0 tcontext=u:r:kernel:s0 tclass=capability permissive=0
11-19 03:53:14.131 0 0 I auditd : type=1400 audit(0.0:5041): avc: denied { kill } for comm="swapper/3" capability=5 scontext=u:r:kernel:s0 tcontext=u:r:kernel:s0 tclass=capability permissive=0
11-19 03:53:15.131 0 0 I auditd : type=1400 audit(0.0:5042): avc: denied { kill } for comm="swapper/3" capability=5 scontext=u:r:kernel:s0 tcontext=u:r:kernel:s0 tclass=capability permissive=0
11-19 03:53:16.131 0 0 I auditd : type=1400 audit(0.0:5043): avc: denied { kill } for comm="swapper/3" capability=5 scontext=u:r:kernel:s0 tcontext=u:r:kernel:s0 tclass=capability permissive=0
11-19 03:53:17.131 0 0 I auditd : type=1400 audit(0.0:5044): avc: denied { kill } for comm="swapper/3" capability=5 scontext=u:r:kernel:s0 tcontext=u:r:kernel:s0 tclass=capability permissive=0
11-19 03:53:18.131 0 0 I auditd : type=1400 audit(0.0:5045): avc: denied { kill } for comm="swapper/3" capability=5 scontext=u:r:kernel:s0 tcontext=u:r:kernel:s0 tclass=capability permissive=0
11-19 03:53:19.131 0 0 I auditd : type=1400 audit(0.0:5046): avc: denied { kill } for comm="swapper/3" capability=5 scontext=u:r:kernel:s0 tcontext=u:r:kernel:s0 tclass=capability permissive=0
11-19 03:53:20.131 0 0 I auditd : type=1400 audit(0.0:5047): avc: denied { kill } for comm="swapper/3" capability=5 scontext=u:r:kernel:s0 tcontext=u:r:kernel:s0 tclass=capability permissive=0
11-19 03:53:21.131 0 0 I auditd : type=1400 audit(0.0:5048): avc: denied { kill } for comm="swapper/3" capability=5 scontext=u:r:kernel:s0 tcontext=u:r:kernel:s0 tclass=capability permissive=0
11-19 03:53:22.131 0 0 I auditd : type=1400 audit(0.0:5049): avc: denied { kill } for comm="swapper/3" capability=5 scontext=u:r:kernel:s0 tcontext=u:r:kernel:s0 tclass=capability permissive=0
11-19 03:53:23.131 0 0 I auditd : type=1400 audit(0.0:5050): avc: denied { kill } for comm="swapper/3" capability=5 scontext=u:r:kernel:s0 tcontext=u:r:kernel:s0 tclass=capability permissive=0
11-19 03:53:24.131 0 0 I auditd : type=1400 audit(0.0:5051): avc: denied { kill } for comm="swapper/3" capability=5 scontext=u:r:kernel:s0 tcontext=u:r:kernel:s0 tclass=capability permissive=0
11-19 03:53:25.131 0 0 I auditd : type=1400 audit(0.0:5052): avc: denied { kill } for comm="swapper/3" capability=5 scontext=u:r:kernel:s0 tcontext=u:r:kernel:s0 tclass=capability permissive=0
11-19 03:53:26.131 0 0 I auditd : type=1400 audit(0.0:5053): avc: denied { kill } for comm="swapper/3" capability=5 scontext=u:r:kernel:s0 tcontext=u:r:kernel:s0 tclass=capability permissive=0
11-19 03:53:27.131 0 0 I auditd : type=1400 audit(0.0:5054): avc: denied { kill } for comm="swapper/3" capability=5 scontext=u:r:kernel:s0 tcontext=u:r:kernel:s0 tclass=capability permissive=0
11-19 03:53:28.131 0 0 I auditd : type=1400 audit(0.0:5055): avc: denied { kill } for comm="swapper/3" capability=5 scontext=u:r:kernel:s0 tcontext=u:r:kernel:s0 tclass=capability permissive=0
11-19 03:53:29.131 0 0 I auditd : type=1400 audit(0.0:5056): avc: denied { kill } for comm="swapper/3" capability=5 scontext=u:r:kernel:s0 tcontext=u:r:kernel:s0 tclass=capability permissive=0
11-19 03:53:30.131 0 0 I auditd : type=1400 audit(0.0:5057): avc: denied { kill } for comm="swapper/3" capability=5 scontext=u:r:kernel:s0 tcontext=u:r:kernel:s0 tclass=capability permissive=0
11-19 03:53:31.131 0 0 I auditd : type=1400 audit(0.0:5058): avc: denied { kill } for comm="swapper/3" capability=5 scontext=u:r:kernel:s0 tcontext=u:r:kernel:s0 tclass=capability permissive=0
11-19 03:53:32.131 0 0 I auditd : type=1400 audit(0.0:5059): avc: denied { kill } for comm="swapper/3" capability=5 scontext=u:r:kernel:s0 tcontext=u:r:kernel:s0 tclass=capability permissive=0
11-19 03:53:33.131 0 0 I auditd : type=1400 audit(0.0:5060): avc: denied { kill } for comm="swapper/3" capability=5 scontext=u:r:kernel:s0 tcontext=u:r:kernel:s0 tclass=capability permissive=0
11-19 03:53:34.131 0 0 I auditd : type=1400 audit(0.0:5061): avc: denied { kill } for comm="swapper/3" capability=5 scontext=u:r:kernel:s0 tcontext=u:r:kernel:s0 tclass=capability permissive=0
11-19 03:53:35.131 0 0 I auditd : type=1400 audit(0.0:5062): avc: denied { kill } for comm="swapper/3" capability=5 scontext=u:r:kernel:s0 tcontext=u:r:kernel:s0 tclass=capability permissive=0
11-19 03:53:36.131 0 0 I auditd : type=1400 audit(0.0:5063): avc: denied { kill } for comm="swapper/3" capability=5 scontext=u:r:kernel:s0 tcontext=u:r:kernel:s0 tclass=capability permissive=0
11-19 03:53:37.131 0 0 I auditd : type=1400 audit(0.0:5064): avc: denied { kill } for comm="swapper/3" capability=5 scontext=u:r:kernel:s0 tcontext=u:r:kernel:s0 tclass=capability permissive=0
11-19 03:53:38.131 0 0 I auditd : type=1400 audit(0.0:5065): avc: denied { kill } for comm="swapper/3" capability=5 scontext=u:r:kernel:s0 tcontext=u:r:kernel:s0 tclass=capability permissive=0
11-19 03:53:39.131 0 0 I auditd : type=1400 audit(0.0:5066): avc: denied { kill } for comm="swapper/3" capability=5 scontext=u:r:kernel:s0 tcontext=u:r:kernel:s0 tclass=capability permissive=0
11-19 03:53:40.131 0 0 I auditd : type=1400 audit(0.0:5067): avc: denied { kill } for comm="swapper/3" capability=5 scontext=u:r:kernel:s0 tcontext=u:r:kernel:s0 tclass=capability permissive=0
11-19 03:53:41.131 0 0 I auditd : type=1400 audit(0.0:5068): avc: denied { kill } for comm="swapper/3" capability=5 scontext=u:r:kernel:s0 tcontext=u:r:kernel:s0 tclass=capability permissive=0
11-19 03:53:42.131 0 0 I auditd : type=1400 audit(0.0:5069): avc: denied { kill } for comm="swapper/3" capability=5 scontext=u:r:kernel:s0 tcontext=u:r:kernel:s0 tclass=capability permissive=0
11-19 03:53:43.131 0 0 I auditd : type=1400 audit(0.0:5070): avc: denied { kill } for comm="swapper/3" capability=5 scontext=u:r:kernel:s0 tcontext=u:r:kernel:s0 tclass=capability permissive=0
11-19 03:53:44.131 0 0 I auditd : type=1400 audit(0.0:5071): avc: denied { kill } for comm="swapper/3" capability=5 scontext=u:r:kernel:s0 tcontext=u:r:kernel:s0 tclass=capability permissive=0
11-19 03:53:45.131 0 0 I auditd : type=1400 audit(0.0:5072): avc: denied { kill } for comm="swapper/3" capability=5 scontext=u:r:kernel:s0 tcontext=u:r:kernel:s0 tclass=capability permissive=0
11-19 03:53:46.131 0 0 I auditd : type=1400 audit(0.0:5073): avc: denied { kill } for comm="swapper/3" capability=5 scontext=u:r:kernel:s0 tcontext=u:r:kernel:s0 tclass=capability permissive=0
11-19 03:53:47.131 0 0 I auditd : type=1400 audit(0.0:5074): avc: denied { kill } for comm="swapper/3" capability=5 scontext=u:r:kernel:s0 tcontext=u:r:kernel:s0 tclass=capability permissive=0
11-19 03:53:48.131 0 0 I auditd : type=1400 audit(0.0:5075): avc: denied { kill } for comm="swapper/3" capability=5 scontext=u:r:kernel:s0 tcontext=u:r:kernel:s0 tclass=capability permissive=0
11-19 03:53:49.131 0 0 I auditd : type=1400 audit(0.0:5076): avc: denied { kill } for comm="swapper/3" capability=5 scontext=u:r:kernel:s0 tcontext=u:r:kernel:s0 tclass=capability permissive=0
11-19 03:53:50.131 0 0 I auditd : type=1400 audit(0.0:5077): avc: denied { kill } for comm="swapper/3" capability=5 scontext=u:r:kernel:s0 tcontext=u:r:kernel:s0 tclass=capability permissive=0
11-19 03:53:51.131 0 0 I auditd : type=1400 audit(0.0:5078): avc: denied { kill } for comm="swapper/3" capability=5 scontext=u:r:kernel:s0 tcontext=u:r:kernel:s0 tclass=capability permissive=0
11-19 03:53:52.131 0 0 I auditd : type=1400 audit(0.0:5079): avc: denied { kill } for comm="swapper/3" capability=5 scontext=u:r:kernel:s0 tcontext=u:r:kernel:s0 tclass=capability permissive=0
11-19 03:53:53.131 0 0 I auditd : type=1400 audit(0.0:5080): avc: denied { kill } for comm="swapper/3" capability=5 scontext=u:r:kernel:s0 tcontext=u:r:kernel:s0 tclass=capability permissive=0
11-19 03:53:54.131 0 0 I auditd : type=1400 audit(0.0:5081): avc: denied { kill } for comm="swapper/3" capability=5 scontext=u:r:kernel:s0 tcontext=u:r:kernel:s0 tclass=capability permissive=0
11-19 03:53:55.131 0 0 I auditd : type=1400 audit(0.0:5082): avc: denied { kill } for comm="swapper/3" capability=5 scontext=u:r:kernel:s0 tcontext=u:r:kernel:s0 tclass=capability permissive=0
11-19 03:53:56.131 0 0 I auditd : type=1400 audit(0.0:5083): avc: denied { kill } for comm="swapper/3" capability=5 scontext=u:r:kernel:s0 tcontext=u:r:kernel:s0 tclass=capability permissive=0
11-19 03:53:58.131 0 0 I auditd : type=1400 audit(0.0:5084): avc: denied { kill } for comm="swapper/3" capability=5 scontext=u:r:kernel:s0 tcontext=u:r:kernel:s0 tclass=capability permissive=0
11-19 03:53:59.131 0 0 I auditd : type=1400 audit(0.0:5085): avc: denied { kill } for comm="swapper/3" capability=5 scontext=u:r:kernel:s0 tcontext=u:r:kernel:s0 tclass=capability permissive=0
11-19 03:54:00.131 0 0 I auditd : type=1400 audit(0.0:5086): avc: denied { kill } for comm="swapper/3" capability=5 scontext=u:r:kernel:s0 tcontext=u:r:kernel:s0 tclass=capability permissive=0
11-19 03:54:01.131 0 0 I auditd : type=1400 audit(0.0:5087): avc: denied { kill } for comm="swapper/3" capability=5 scontext=u:r:kernel:s0 tcontext=u:r:kernel:s0 tclass=capability permissive=0
11-19 03:54:02.131 0 0 I auditd : type=1400 audit(0.0:5088): avc: denied { kill } for comm="swapper/3" capability=5 scontext=u:r:kernel:s0 tcontext=u:r:kernel:s0 tclass=capability permissive=0
11-19 03:54:03.131 0 0 I auditd : type=1400 audit(0.0:5089): avc: denied { kill } for comm="swapper/3" capability=5 scontext=u:r:kernel:s0 tcontext=u:r:kernel:s0 tclass=capability permissive=0
11-19 03:54:04.131 0 0 I auditd : type=1400 audit(0.0:5090): avc: denied { kill } for comm="swapper/3" capability=5 scontext=u:r:kernel:s0 tcontext=u:r:kernel:s0 tclass=capability permissive=0
11-19 03:54:05.131 0 0 I auditd : type=1400 audit(0.0:5091): avc: denied { kill } for comm="swapper/3" capability=5 scontext=u:r:kernel:s0 tcontext=u:r:kernel:s0 tclass=capability permissive=0
11-19 03:54:06.131 0 0 I auditd : type=1400 audit(0.0:5092): avc: denied { kill } for comm="swapper/3" capability=5 scontext=u:r:kernel:s0 tcontext=u:r:kernel:s0 tclass=capability permissive=0
11-19 03:54:07.131 0 0 I auditd : type=1400 audit(0.0:5093): avc: denied { kill } for comm="swapper/3" capability=5 scontext=u:r:kernel:s0 tcontext=u:r:kernel:s0 tclass=capability permissive=0
11-19 03:54:08.131 0 0 I auditd : type=1400 audit(0.0:5094): avc: denied { kill } for comm="swapper/3" capability=5 scontext=u:r:kernel:s0 tcontext=u:r:kernel:s0 tclass=capability permissive=0
11-19 03:54:09.131 0 0 I auditd : type=1400 audit(0.0:5095): avc: denied { kill } for comm="swapper/3" capability=5 scontext=u:r:kernel:s0 tcontext=u:r:kernel:s0 tclass=capability permissive=0
11-19 03:54:10.131 0 0 I auditd : type=1400 audit(0.0:5096): avc: denied { kill } for comm="swapper/3" capability=5 scontext=u:r:kernel:s0 tcontext=u:r:kernel:s0 tclass=capability permissive=0
11-19 03:54:11.131 0 0 I auditd : type=1400 audit(0.0:5097): avc: denied { kill } for comm="swapper/3" capability=5 scontext=u:r:kernel:s0 tcontext=u:r:kernel:s0 tclass=capability permissive=0
11-19 03:54:12.131 0 0 I auditd : type=1400 audit(0.0:5098): avc: denied { kill } for comm="swapper/3" capability=5 scontext=u:r:kernel:s0 tcontext=u:r:kernel:s0 tclass=capability permissive=0
11-19 03:54:13.131 0 0 I auditd : type=1400 audit(0.0:5099): avc: denied { kill } for comm="swapper/3" capability=5 scontext=u:r:kernel:s0 tcontext=u:r:kernel:s0 tclass=capability permissive=0
11-19 03:54:14.131 0 0 I auditd : type=1400 audit(0.0:5100): avc: denied { kill } for comm="swapper/3" capability=5 scontext=u:r:kernel:s0 tcontext=u:r:kernel:s0 tclass=capability permissive=0
11-19 03:54:15.131 0 0 I auditd : type=1400 audit(0.0:5101): avc: denied { kill } for comm="swapper/3" capability=5 scontext=u:r:kernel:s0 tcontext=u:r:kernel:s0 tclass=capability permissive=0
11-19 03:54:16.131 0 0 I auditd : type=1400 audit(0.0:5102): avc: denied { kill } for comm="swapper/3" capability=5 scontext=u:r:kernel:s0 tcontext=u:r:kernel:s0 tclass=capability permissive=0
11-19 03:54:17.131 0 0 I auditd : type=1400 audit(0.0:5103): avc: denied { kill } for comm="swapper/3" capability=5 scontext=u:r:kernel:s0 tcontext=u:r:kernel:s0 tclass=capability permissive=0
11-19 03:54:18.131 0 0 I auditd : type=1400 audit(0.0:5104): avc: denied { kill } for comm="swapper/3" capability=5 scontext=u:r:kernel:s0 tcontext=u:r:kernel:s0 tclass=capability permissive=0
11-19 03:54:19.131 0 0 I auditd : type=1400 audit(0.0:5105): avc: denied { kill } for comm="swapper/3" capability=5 scontext=u:r:kernel:s0 tcontext=u:r:kernel:s0 tclass=capability permissive=0
11-19 03:54:20.131 0 0 I auditd : type=1400 audit(0.0:5106): avc: denied { kill } for comm="swapper/3" capability=5 scontext=u:r:kernel:s0 tcontext=u:r:kernel:s0 tclass=capability permissive=0
11-19 03:54:21.131 0 0 I auditd : type=1400 audit(0.0:5107): avc: denied { kill } for comm="swapper/3" capability=5 scontext=u:r:kernel:s0 tcontext=u:r:kernel:s0 tclass=capability permissive=0
11-19 03:54:22.131 0 0 I auditd : type=1400 audit(0.0:5108): avc: denied { kill } for comm="swapper/3" capability=5 scontext=u:r:kernel:s0 tcontext=u:r:kernel:s0 tclass=capability permissive=0
11-19 03:54:23.131 0 0 I auditd : type=1400 audit(0.0:5109): avc: denied { kill } for comm="swapper/3" capability=5 scontext=u:r:kernel:s0 tcontext=u:r:kernel:s0 tclass=capability permissive=0
11-19 03:54:24.131 0 0 I auditd : type=1400 audit(0.0:5110): avc: denied { kill } for comm="swapper/3" capability=5 scontext=u:r:kernel:s0 tcontext=u:r:kernel:s0 tclass=capability permissive=0
11-19 03:54:25.131 0 0 I auditd : type=1400 audit(0.0:5111): avc: denied { kill } for comm="swapper/3" capability=5 scontext=u:r:kernel:s0 tcontext=u:r:kernel:s0 tclass=capability permissive=0
11-19 03:54:26.131 0 0 I auditd : type=1400 audit(0.0:5112): avc: denied { kill } for comm="swapper/3" capability=5 scontext=u:r:kernel:s0 tcontext=u:r:kernel:s0 tclass=capability permissive=0
11-19 03:54:27.131 0 0 I auditd : type=1400 audit(0.0:5113): avc: denied { kill } for comm="swapper/3" capability=5 scontext=u:r:kernel:s0 tcontext=u:r:kernel:s0 tclass=capability permissive=0
11-19 03:54:28.131 0 0 I auditd : type=1400 audit(0.0:5114): avc: denied { kill } for comm="swapper/3" capability=5 scontext=u:r:kernel:s0 tcontext=u:r:kernel:s0 tclass=capability permissive=0
11-19 03:54:29.131 0 0 I auditd : type=1400 audit(0.0:5115): avc: denied { kill } for comm="swapper/3" capability=5 scontext=u:r:kernel:s0 tcontext=u:r:kernel:s0 tclass=capability permissive=0
11-19 03:54:30.131 0 0 I auditd : type=1400 audit(0.0:5116): avc: denied { kill } for comm="swapper/3" capability=5 scontext=u:r:kernel:s0 tcontext=u:r:kernel:s0 tclass=capability permissive=0
11-19 03:54:31.131 0 0 I auditd : type=1400 audit(0.0:5117): avc: denied { kill } for comm="swapper/3" capability=5 scontext=u:r:kernel:s0 tcontext=u:r:kernel:s0 tclass=capability permissive=0
11-19 03:54:32.131 0 0 I auditd : type=1400 audit(0.0:5118): avc: denied { kill } for comm="swapper/3" capability=5 scontext=u:r:kernel:s0 tcontext=u:r:kernel:s0 tclass=capability permissive=0
11-19 03:54:33.131 0 0 I auditd : type=1400 audit(0.0:5119): avc: denied { kill } for comm="swapper/3" capability=5 scontext=u:r:kernel:s0 tcontext=u:r:kernel:s0 tclass=capability permissive=0
11-19 03:54:34.131 0 0 I auditd : type=1400 audit(0.0:5120): avc: denied { kill } for comm="swapper/3" capability=5 scontext=u:r:kernel:s0 tcontext=u:r:kernel:s0 tclass=capability permissive=0
11-19 03:54:35.131 0 0 I auditd : type=1400 audit(0.0:5121): avc: denied { kill } for comm="swapper/3" capability=5 scontext=u:r:kernel:s0 tcontext=u:r:kernel:s0 tclass=capability permissive=0
11-19 03:54:36.131 0 0 I auditd : type=1400 audit(0.0:5122): avc: denied { kill } for comm="swapper/3" capability=5 scontext=u:r:kernel:s0 tcontext=u:r:kernel:s0 tclass=capability permissive=0
11-19 03:54:37.131 0 0 I auditd : type=1400 audit(0.0:5123): avc: denied { kill } for comm="swapper/3" capability=5 scontext=u:r:kernel:s0 tcontext=u:r:kernel:s0 tclass=capability permissive=0
11-19 03:54:38.131 0 0 I auditd : type=1400 audit(0.0:5124): avc: denied { kill } for comm="swapper/3" capability=5 scontext=u:r:kernel:s0 tcontext=u:r:kernel:s0 tclass=capability permissive=0
11-19 03:54:39.131 0 0 I auditd : type=1400 audit(0.0:5125): avc: denied { kill } for comm="swapper/3" capability=5 scontext=u:r:kernel:s0 tcontext=u:r:kernel:s0 tclass=capability permissive=0
11-19 03:54:40.131 0 0 I auditd : type=1400 audit(0.0:5126): avc: denied { kill } for comm="swapper/3" capability=5 scontext=u:r:kernel:s0 tcontext=u:r:kernel:s0 tclass=capability permissive=0
11-19 03:54:41.131 0 0 I auditd : type=1400 audit(0.0:5127): avc: denied { kill } for comm="swapper/3" capability=5 scontext=u:r:kernel:s0 tcontext=u:r:kernel:s0 tclass=capability permissive=0
11-19 03:54:42.131 0 0 I auditd : type=1400 audit(0.0:5128): avc: denied { kill } for comm="swapper/3" capability=5 scontext=u:r:kernel:s0 tcontext=u:r:kernel:s0 tclass=capability permissive=0
11-19 03:54:43.131 0 0 I auditd : type=1400 audit(0.0:5129): avc: denied { kill } for comm="swapper/3" capability=5 scontext=u:r:kernel:s0 tcontext=u:r:kernel:s0 tclass=capability permissive=0
11-19 03:54:44.131 0 0 I auditd : type=1400 audit(0.0:5130): avc: denied { kill } for comm="swapper/3" capability=5 scontext=u:r:kernel:s0 tcontext=u:r:kernel:s0 tclass=capability permissive=0
11-19 03:54:45.131 0 0 I auditd : type=1400 audit(0.0:5131): avc: denied { kill } for comm="swapper/3" capability=5 scontext=u:r:kernel:s0 tcontext=u:r:kernel:s0 tclass=capability permissive=0
11-19 03:54:46.131 0 0 I auditd : type=1400 audit(0.0:5132): avc: denied { kill } for comm="swapper/3" capability=5 scontext=u:r:kernel:s0 tcontext=u:r:kernel:s0 tclass=capability permissive=0
11-19 03:54:47.131 0 0 I auditd : type=1400 audit(0.0:5133): avc: denied { kill } for comm="swapper/3" capability=5 scontext=u:r:kernel:s0 tcontext=u:r:kernel:s0 tclass=capability permissive=0
11-19 03:54:48.131 0 0 I auditd : type=1400 audit(0.0:5134): avc: denied { kill } for comm="swapper/3" capability=5 scontext=u:r:kernel:s0 tcontext=u:r:kernel:s0 tclass=capability permissive=0
11-19 03:54:49.131 0 0 I auditd : type=1400 audit(0.0:5135): avc: denied { kill } for comm="swapper/3" capability=5 scontext=u:r:kernel:s0 tcontext=u:r:kernel:s0 tclass=capability permissive=0
11-19 03:54:50.131 0 0 I auditd : type=1400 audit(0.0:5136): avc: denied { kill } for comm="swapper/3" capability=5 scontext=u:r:kernel:s0 tcontext=u:r:kernel:s0 tclass=capability permissive=0
11-19 03:54:51.131 0 0 I auditd : type=1400 audit(0.0:5137): avc: denied { kill } for comm="swapper/3" capability=5 scontext=u:r:kernel:s0 tcontext=u:r:kernel:s0 tclass=capability permissive=0
11-19 03:54:52.131 0 0 I auditd : type=1400 audit(0.0:5138): avc: denied { kill } for comm="swapper/3" capability=5 scontext=u:r:kernel:s0 tcontext=u:r:kernel:s0 tclass=capability permissive=0
11-19 03:54:53.131 0 0 I auditd : type=1400 audit(0.0:5139): avc: denied { kill } for comm="swapper/3" capability=5 scontext=u:r:kernel:s0 tcontext=u:r:kernel:s0 tclass=capability permissive=0
11-19 03:54:54.131 0 0 I auditd : type=1400 audit(0.0:5140): avc: denied { kill } for comm="swapper/3" capability=5 scontext=u:r:kernel:s0 tcontext=u:r:kernel:s0 tclass=capability permissive=0
11-19 03:54:55.131 0 0 I auditd : type=1400 audit(0.0:5141): avc: denied { kill } for comm="swapper/3" capability=5 scontext=u:r:kernel:s0 tcontext=u:r:kernel:s0 tclass=capability permissive=0
11-19 03:54:56.131 0 0 I auditd : type=1400 audit(0.0:5142): avc: denied { kill } for comm="swapper/3" capability=5 scontext=u:r:kernel:s0 tcontext=u:r:kernel:s0 tclass=capability permissive=0
11-19 03:54:57.131 0 0 I auditd : type=1400 audit(0.0:5143): avc: denied { kill } for comm="swapper/3" capability=5 scontext=u:r:kernel:s0 tcontext=u:r:kernel:s0 tclass=capability permissive=0
11-19 03:55:00.131 0 0 I auditd : type=1400 audit(0.0:5144): avc: denied { kill } for comm="swapper/3" capability=5 scontext=u:r:kernel:s0 tcontext=u:r:kernel:s0 tclass=capability permissive=0
11-19 03:55:02.131 0 0 I auditd : type=1400 audit(0.0:5145): avc: denied { kill } for comm="swapper/3" capability=5 scontext=u:r:kernel:s0 tcontext=u:r:kernel:s0 tclass=capability permissive=0
11-19 03:55:03.131 0 0 I auditd : type=1400 audit(0.0:5146): avc: denied { kill } for comm="swapper/3" capability=5 scontext=u:r:kernel:s0 tcontext=u:r:kernel:s0 tclass=capability permissive=0
11-19 03:55:04.131 0 0 I auditd : type=1400 audit(0.0:5147): avc: denied { kill } for comm="swapper/3" capability=5 scontext=u:r:kernel:s0 tcontext=u:r:kernel:s0 tclass=capability permissive=0
11-19 03:55:05.131 0 0 I auditd : type=1400 audit(0.0:5148): avc: denied { kill } for comm="swapper/3" capability=5 scontext=u:r:kernel:s0 tcontext=u:r:kernel:s0 tclass=capability permissive=0
11-19 03:55:06.131 0 0 I auditd : type=1400 audit(0.0:5149): avc: denied { kill } for comm="swapper/3" capability=5 scontext=u:r:kernel:s0 tcontext=u:r:kernel:s0 tclass=capability permissive=0
11-19 03:55:07.131 0 0 I auditd : type=1400 audit(0.0:5150): avc: denied { kill } for comm="swapper/3" capability=5 scontext=u:r:kernel:s0 tcontext=u:r:kernel:s0 tclass=capability permissive=0
11-19 03:55:08.131 0 0 I auditd : type=1400 audit(0.0:5151): avc: denied { kill } for comm="swapper/3" capability=5 scontext=u:r:kernel:s0 tcontext=u:r:kernel:s0 tclass=capability permissive=0
11-19 03:55:09.131 0 0 I auditd : type=1400 audit(0.0:5152): avc: denied { kill } for comm="swapper/3" capability=5 scontext=u:r:kernel:s0 tcontext=u:r:kernel:s0 tclass=capability permissive=0
11-19 03:55:10.131 0 0 I auditd : type=1400 audit(0.0:5153): avc: denied { kill } for comm="swapper/3" capability=5 scontext=u:r:kernel:s0 tcontext=u:r:kernel:s0 tclass=capability permissive=0
11-19 03:55:11.131 0 0 I auditd : type=1400 audit(0.0:5154): avc: denied { kill } for comm="swapper/3" capability=5 scontext=u:r:kernel:s0 tcontext=u:r:kernel:s0 tclass=capability permissive=0
11-19 03:55:12.131 0 0 I auditd : type=1400 audit(0.0:5155): avc: denied { kill } for comm="swapper/3" capability=5 scontext=u:r:kernel:s0 tcontext=u:r:kernel:s0 tclass=capability permissive=0
11-19 03:55:13.131 0 0 I auditd : type=1400 audit(0.0:5156): avc: denied { kill } for comm="swapper/3" capability=5 scontext=u:r:kernel:s0 tcontext=u:r:kernel:s0 tclass=capability permissive=0
11-19 03:55:14.131 0 0 I auditd : type=1400 audit(0.0:5157): avc: denied { kill } for comm="swapper/3" capability=5 scontext=u:r:kernel:s0 tcontext=u:r:kernel:s0 tclass=capability permissive=0
11-19 03:55:15.131 0 0 I auditd : type=1400 audit(0.0:5158): avc: denied { kill } for comm="swapper/3" capability=5 scontext=u:r:kernel:s0 tcontext=u:r:kernel:s0 tclass=capability permissive=0
11-19 03:55:16.131 0 0 I auditd : type=1400 audit(0.0:5159): avc: denied { kill } for comm="swapper/3" capability=5 scontext=u:r:kernel:s0 tcontext=u:r:kernel:s0 tclass=capability permissive=0
11-19 03:55:17.131 0 0 I auditd : type=1400 audit(0.0:5160): avc: denied { kill } for comm="swapper/3" capability=5 scontext=u:r:kernel:s0 tcontext=u:r:kernel:s0 tclass=capability permissive=0
11-19 03:55:18.131 0 0 I auditd : type=1400 audit(0.0:5161): avc: denied { kill } for comm="swapper/3" capability=5 scontext=u:r:kernel:s0 tcontext=u:r:kernel:s0 tclass=capability permissive=0
11-19 03:55:19.131 0 0 I auditd : type=1400 audit(0.0:5162): avc: denied { kill } for comm="swapper/3" capability=5 scontext=u:r:kernel:s0 tcontext=u:r:kernel:s0 tclass=capability permissive=0
11-19 03:55:20.131 0 0 I auditd : type=1400 audit(0.0:5163): avc: denied { kill } for comm="swapper/3" capability=5 scontext=u:r:kernel:s0 tcontext=u:r:kernel:s0 tclass=capability permissive=0
11-19 03:55:21.131 0 0 I auditd : type=1400 audit(0.0:5164): avc: denied { kill } for comm="swapper/3" capability=5 scontext=u:r:kernel:s0 tcontext=u:r:kernel:s0 tclass=capability permissive=0
11-19 03:55:22.131 0 0 I auditd : type=1400 audit(0.0:5165): avc: denied { kill } for comm="swapper/3" capability=5 scontext=u:r:kernel:s0 tcontext=u:r:kernel:s0 tclass=capability permissive=0
11-19 03:55:23.131 0 0 I auditd : type=1400 audit(0.0:5166): avc: denied { kill } for comm="swapper/3" capability=5 scontext=u:r:kernel:s0 tcontext=u:r:kernel:s0 tclass=capability permissive=0
11-19 03:55:24.131 0 0 I auditd : type=1400 audit(0.0:5167): avc: denied { kill } for comm="swapper/3" capability=5 scontext=u:r:kernel:s0 tcontext=u:r:kernel:s0 tclass=capability permissive=0
11-19 03:55:25.131 0 0 I auditd : type=1400 audit(0.0:5168): avc: denied { kill } for comm="swapper/3" capability=5 scontext=u:r:kernel:s0 tcontext=u:r:kernel:s0 tclass=capability permissive=0
11-19 03:55:26.131 0 0 I auditd : type=1400 audit(0.0:5169): avc: denied { kill } for comm="swapper/3" capability=5 scontext=u:r:kernel:s0 tcontext=u:r:kernel:s0 tclass=capability permissive=0
11-19 03:55:27.131 0 0 I auditd : type=1400 audit(0.0:5170): avc: denied { kill } for comm="swapper/3" capability=5 scontext=u:r:kernel:s0 tcontext=u:r:kernel:s0 tclass=capability permissive=0
11-19 03:55:28.131 0 0 I auditd : type=1400 audit(0.0:5171): avc: denied { kill } for comm="swapper/3" capability=5 scontext=u:r:kernel:s0 tcontext=u:r:kernel:s0 tclass=capability permissive=0
11-19 03:55:29.131 0 0 I auditd : type=1400 audit(0.0:5172): avc: denied { kill } for comm="swapper/3" capability=5 scontext=u:r:kernel:s0 tcontext=u:r:kernel:s0 tclass=capability permissive=0
11-19 03:55:29.240 1499 2450 I commit_sys_config_file: [appops,9376797]
11-19 03:55:29.740 1499 1793 I am_freeze: [7999,com.android.documentsui]
11-19 03:55:29.742 1499 1793 I am_kill : [0,7999,com.android.documentsui,915,Unable to freeze binder interface]
11-19 03:55:29.767 1499 2759 I am_proc_died: [0,7999,com.android.documentsui,915,19]
11-19 03:55:29.768 1499 2759 I am_uid_stopped: 10029
11-19 03:55:29.785 1499 1637 I am_uid_running: 10090
11-19 03:55:29.786 1499 1637 I am_uid_running: 10029
11-19 03:55:29.802 1499 1646 I am_proc_start: [0,8106,10090,com.android.music,NULL,]
11-19 03:55:29.805 1499 1644 I am_pss : [8027,10066,com.android.gallery3d,8519680,6242304,0,93634560,0,19,7]
11-19 03:55:29.811 1499 1644 I am_pss : [7883,1000,com.qti.diagservices,6266880,3825664,0,93069312,0,10,5]
11-19 03:55:29.815 1499 1644 I commit_sys_config_file: [procstats,8]
11-19 03:55:29.816 1499 1646 I am_proc_start: [0,8107,10029,com.android.documentsui,NULL,]
11-19 03:55:29.840 1499 2759 I am_proc_bound: [0,8106,com.android.music]
11-19 03:55:29.843 1499 5215 I am_proc_bound: [0,8107,com.android.documentsui]
11-19 03:55:30.131 0 0 I auditd : type=1400 audit(0.0:5173): avc: denied { kill } for comm="swapper/3" capability=5 scontext=u:r:kernel:s0 tcontext=u:r:kernel:s0 tclass=capability permissive=0
11-19 03:55:31.131 0 0 I auditd : type=1400 audit(0.0:5174): avc: denied { kill } for comm="swapper/3" capability=5 scontext=u:r:kernel:s0 tcontext=u:r:kernel:s0 tclass=capability permissive=0
11-19 03:55:32.131 0 0 I auditd : type=1400 audit(0.0:5175): avc: denied { kill } for comm="swapper/3" capability=5 scontext=u:r:kernel:s0 tcontext=u:r:kernel:s0 tclass=capability permissive=0
11-19 03:55:33.131 0 0 I auditd : type=1400 audit(0.0:5176): avc: denied { kill } for comm="swapper/3" capability=5 scontext=u:r:kernel:s0 tcontext=u:r:kernel:s0 tclass=capability permissive=0
11-19 03:55:34.131 0 0 I auditd : type=1400 audit(0.0:5177): avc: denied { kill } for comm="swapper/3" capability=5 scontext=u:r:kernel:s0 tcontext=u:r:kernel:s0 tclass=capability permissive=0
11-19 03:55:35.131 0 0 I auditd : type=1400 audit(0.0:5178): avc: denied { kill } for comm="swapper/3" capability=5 scontext=u:r:kernel:s0 tcontext=u:r:kernel:s0 tclass=capability permissive=0
11-19 03:55:36.131 0 0 I auditd : type=1400 audit(0.0:5179): avc: denied { kill } for comm="swapper/3" capability=5 scontext=u:r:kernel:s0 tcontext=u:r:kernel:s0 tclass=capability permissive=0
11-19 03:55:37.131 0 0 I auditd : type=1400 audit(0.0:5180): avc: denied { kill } for comm="swapper/3" capability=5 scontext=u:r:kernel:s0 tcontext=u:r:kernel:s0 tclass=capability permissive=0
11-19 03:55:38.131 0 0 I auditd : type=1400 audit(0.0:5181): avc: denied { kill } for comm="swapper/3" capability=5 scontext=u:r:kernel:s0 tcontext=u:r:kernel:s0 tclass=capability permissive=0
11-19 03:55:39.131 0 0 I auditd : type=1400 audit(0.0:5182): avc: denied { kill } for comm="swapper/3" capability=5 scontext=u:r:kernel:s0 tcontext=u:r:kernel:s0 tclass=capability permissive=0
11-19 03:55:40.131 0 0 I auditd : type=1400 audit(0.0:5183): avc: denied { kill } for comm="swapper/3" capability=5 scontext=u:r:kernel:s0 tcontext=u:r:kernel:s0 tclass=capability permissive=0
11-19 03:55:41.131 0 0 I auditd : type=1400 audit(0.0:5184): avc: denied { kill } for comm="swapper/3" capability=5 scontext=u:r:kernel:s0 tcontext=u:r:kernel:s0 tclass=capability permissive=0
11-19 03:55:42.131 0 0 I auditd : type=1400 audit(0.0:5185): avc: denied { kill } for comm="swapper/3" capability=5 scontext=u:r:kernel:s0 tcontext=u:r:kernel:s0 tclass=capability permissive=0
11-19 03:55:43.131 0 0 I auditd : type=1400 audit(0.0:5186): avc: denied { kill } for comm="swapper/3" capability=5 scontext=u:r:kernel:s0 tcontext=u:r:kernel:s0 tclass=capability permissive=0
11-19 03:55:44.131 0 0 I auditd : type=1400 audit(0.0:5187): avc: denied { kill } for comm="swapper/3" capability=5 scontext=u:r:kernel:s0 tcontext=u:r:kernel:s0 tclass=capability permissive=0
11-19 03:55:45.131 0 0 I auditd : type=1400 audit(0.0:5188): avc: denied { kill } for comm="swapper/3" capability=5 scontext=u:r:kernel:s0 tcontext=u:r:kernel:s0 tclass=capability permissive=0
11-19 03:55:46.131 0 0 I auditd : type=1400 audit(0.0:5189): avc: denied { kill } for comm="swapper/3" capability=5 scontext=u:r:kernel:s0 tcontext=u:r:kernel:s0 tclass=capability permissive=0
11-19 03:55:47.131 0 0 I auditd : type=1400 audit(0.0:5190): avc: denied { kill } for comm="swapper/3" capability=5 scontext=u:r:kernel:s0 tcontext=u:r:kernel:s0 tclass=capability permissive=0
11-19 03:55:48.131 0 0 I auditd : type=1400 audit(0.0:5191): avc: denied { kill } for comm="swapper/3" capability=5 scontext=u:r:kernel:s0 tcontext=u:r:kernel:s0 tclass=capability permissive=0
11-19 03:55:49.131 0 0 I auditd : type=1400 audit(0.0:5192): avc: denied { kill } for comm="swapper/3" capability=5 scontext=u:r:kernel:s0 tcontext=u:r:kernel:s0 tclass=capability permissive=0
11-19 03:55:50.131 0 0 I auditd : type=1400 audit(0.0:5193): avc: denied { kill } for comm="swapper/3" capability=5 scontext=u:r:kernel:s0 tcontext=u:r:kernel:s0 tclass=capability permissive=0
11-19 03:55:51.131 0 0 I auditd : type=1400 audit(0.0:5194): avc: denied { kill } for comm="swapper/3" capability=5 scontext=u:r:kernel:s0 tcontext=u:r:kernel:s0 tclass=capability permissive=0
11-19 03:55:52.131 0 0 I auditd : type=1400 audit(0.0:5195): avc: denied { kill } for comm="swapper/3" capability=5 scontext=u:r:kernel:s0 tcontext=u:r:kernel:s0 tclass=capability permissive=0
11-19 03:55:53.131 0 0 I auditd : type=1400 audit(0.0:5196): avc: denied { kill } for comm="swapper/3" capability=5 scontext=u:r:kernel:s0 tcontext=u:r:kernel:s0 tclass=capability permissive=0
11-19 03:55:54.131 0 0 I auditd : type=1400 audit(0.0:5197): avc: denied { kill } for comm="swapper/3" capability=5 scontext=u:r:kernel:s0 tcontext=u:r:kernel:s0 tclass=capability permissive=0
11-19 03:55:55.131 0 0 I auditd : type=1400 audit(0.0:5198): avc: denied { kill } for comm="swapper/3" capability=5 scontext=u:r:kernel:s0 tcontext=u:r:kernel:s0 tclass=capability permissive=0
11-19 03:55:56.131 0 0 I auditd : type=1400 audit(0.0:5199): avc: denied { kill } for comm="swapper/3" capability=5 scontext=u:r:kernel:s0 tcontext=u:r:kernel:s0 tclass=capability permissive=0
11-19 03:55:58.131 0 0 I auditd : type=1400 audit(0.0:5200): avc: denied { kill } for comm="swapper/3" capability=5 scontext=u:r:kernel:s0 tcontext=u:r:kernel:s0 tclass=capability permissive=0
11-19 03:55:59.131 0 0 I auditd : type=1400 audit(0.0:5201): avc: denied { kill } for comm="swapper/3" capability=5 scontext=u:r:kernel:s0 tcontext=u:r:kernel:s0 tclass=capability permissive=0
11-19 03:56:00.131 0 0 I auditd : type=1400 audit(0.0:5202): avc: denied { kill } for comm="swapper/3" capability=5 scontext=u:r:kernel:s0 tcontext=u:r:kernel:s0 tclass=capability permissive=0
11-19 03:56:03.131 0 0 I auditd : type=1400 audit(0.0:5203): avc: denied { kill } for comm="swapper/3" capability=5 scontext=u:r:kernel:s0 tcontext=u:r:kernel:s0 tclass=capability permissive=0
11-19 03:56:04.131 0 0 I auditd : type=1400 audit(0.0:5204): avc: denied { kill } for comm="swapper/3" capability=5 scontext=u:r:kernel:s0 tcontext=u:r:kernel:s0 tclass=capability permissive=0
11-19 03:56:05.131 0 0 I auditd : type=1400 audit(0.0:5205): avc: denied { kill } for comm="swapper/3" capability=5 scontext=u:r:kernel:s0 tcontext=u:r:kernel:s0 tclass=capability permissive=0
11-19 03:56:06.131 0 0 I auditd : type=1400 audit(0.0:5206): avc: denied { kill } for comm="swapper/3" capability=5 scontext=u:r:kernel:s0 tcontext=u:r:kernel:s0 tclass=capability permissive=0
11-19 03:56:08.131 0 0 I auditd : type=1400 audit(0.0:5207): avc: denied { kill } for comm="swapper/3" capability=5 scontext=u:r:kernel:s0 tcontext=u:r:kernel:s0 tclass=capability permissive=0
11-19 03:56:09.131 0 0 I auditd : type=1400 audit(0.0:5208): avc: denied { kill } for comm="swapper/3" capability=5 scontext=u:r:kernel:s0 tcontext=u:r:kernel:s0 tclass=capability permissive=0
11-19 03:56:10.131 0 0 I auditd : type=1400 audit(0.0:5209): avc: denied { kill } for comm="swapper/3" capability=5 scontext=u:r:kernel:s0 tcontext=u:r:kernel:s0 tclass=capability permissive=0
11-19 03:56:10.948 1499 1793 I am_freeze: [8027,com.android.gallery3d]
11-19 03:56:10.950 1499 1793 I am_kill : [0,8027,com.android.gallery3d,905,Unable to freeze binder interface]
11-19 03:56:10.974 1499 2759 I am_proc_died: [0,8027,com.android.gallery3d,905,19]
11-19 03:56:10.975 1499 2759 I am_uid_stopped: 10066
11-19 03:56:10.983 1499 1637 I am_uid_running: 10066
11-19 03:56:10.985 1499 1644 I am_pss : [8107,10029,com.android.documentsui,12762112,9871360,0,106037248,0,19,7]
11-19 03:56:10.991 1499 1644 I am_pss : [8106,10090,com.android.music,7176192,4788224,0,90603520,0,19,5]
11-19 03:56:11.002 1499 1646 I am_proc_start: [0,8148,10066,com.android.gallery3d,NULL,]
11-19 03:56:11.006 1499 1644 I am_pss : [2342,10081,com.android.systemui,114397184,91332608,0,283713536,0,0,13]
11-19 03:56:11.035 1499 2759 I am_proc_bound: [0,8148,com.android.gallery3d]
11-19 03:56:11.131 0 0 I auditd : type=1400 audit(0.0:5210): avc: denied { kill } for comm="swapper/3" capability=5 scontext=u:r:kernel:s0 tcontext=u:r:kernel:s0 tclass=capability permissive=0
11-19 03:56:12.131 0 0 I auditd : type=1400 audit(0.0:5211): avc: denied { kill } for comm="swapper/3" capability=5 scontext=u:r:kernel:s0 tcontext=u:r:kernel:s0 tclass=capability permissive=0
11-19 03:56:13.131 0 0 I auditd : type=1400 audit(0.0:5212): avc: denied { kill } for comm="swapper/3" capability=5 scontext=u:r:kernel:s0 tcontext=u:r:kernel:s0 tclass=capability permissive=0
11-19 03:56:14.131 0 0 I auditd : type=1400 audit(0.0:5213): avc: denied { kill } for comm="swapper/3" capability=5 scontext=u:r:kernel:s0 tcontext=u:r:kernel:s0 tclass=capability permissive=0
11-19 03:56:15.131 0 0 I auditd : type=1400 audit(0.0:5214): avc: denied { kill } for comm="swapper/3" capability=5 scontext=u:r:kernel:s0 tcontext=u:r:kernel:s0 tclass=capability permissive=0
11-19 03:56:16.131 0 0 I auditd : type=1400 audit(0.0:5215): avc: denied { kill } for comm="swapper/3" capability=5 scontext=u:r:kernel:s0 tcontext=u:r:kernel:s0 tclass=capability permissive=0
11-19 03:56:17.131 0 0 I auditd : type=1400 audit(0.0:5216): avc: denied { kill } for comm="swapper/3" capability=5 scontext=u:r:kernel:s0 tcontext=u:r:kernel:s0 tclass=capability permissive=0
11-19 03:56:18.131 0 0 I auditd : type=1400 audit(0.0:5217): avc: denied { kill } for comm="swapper/3" capability=5 scontext=u:r:kernel:s0 tcontext=u:r:kernel:s0 tclass=capability permissive=0
11-19 03:56:19.131 0 0 I auditd : type=1400 audit(0.0:5218): avc: denied { kill } for comm="swapper/3" capability=5 scontext=u:r:kernel:s0 tcontext=u:r:kernel:s0 tclass=capability permissive=0
11-19 03:56:20.131 0 0 I auditd : type=1400 audit(0.0:5219): avc: denied { kill } for comm="swapper/3" capability=5 scontext=u:r:kernel:s0 tcontext=u:r:kernel:s0 tclass=capability permissive=0
11-19 03:56:21.131 0 0 I auditd : type=1400 audit(0.0:5220): avc: denied { kill } for comm="swapper/3" capability=5 scontext=u:r:kernel:s0 tcontext=u:r:kernel:s0 tclass=capability permissive=0
11-19 03:56:22.131 0 0 I auditd : type=1400 audit(0.0:5221): avc: denied { kill } for comm="swapper/3" capability=5 scontext=u:r:kernel:s0 tcontext=u:r:kernel:s0 tclass=capability permissive=0
11-19 03:56:23.131 0 0 I auditd : type=1400 audit(0.0:5222): avc: denied { kill } for comm="swapper/3" capability=5 scontext=u:r:kernel:s0 tcontext=u:r:kernel:s0 tclass=capability permissive=0
11-19 03:56:24.131 0 0 I auditd : type=1400 audit(0.0:5223): avc: denied { kill } for comm="swapper/3" capability=5 scontext=u:r:kernel:s0 tcontext=u:r:kernel:s0 tclass=capability permissive=0
11-19 03:56:25.131 0 0 I auditd : type=1400 audit(0.0:5224): avc: denied { kill } for comm="swapper/3" capability=5 scontext=u:r:kernel:s0 tcontext=u:r:kernel:s0 tclass=capability permissive=0
11-19 03:56:26.131 0 0 I auditd : type=1400 audit(0.0:5225): avc: denied { kill } for comm="swapper/3" capability=5 scontext=u:r:kernel:s0 tcontext=u:r:kernel:s0 tclass=capability permissive=0
11-19 03:56:27.131 0 0 I auditd : type=1400 audit(0.0:5226): avc: denied { kill } for comm="swapper/3" capability=5 scontext=u:r:kernel:s0 tcontext=u:r:kernel:s0 tclass=capability permissive=0
11-19 03:56:28.131 0 0 I auditd : type=1400 audit(0.0:5227): avc: denied { kill } for comm="swapper/3" capability=5 scontext=u:r:kernel:s0 tcontext=u:r:kernel:s0 tclass=capability permissive=0
11-19 03:56:29.131 0 0 I auditd : type=1400 audit(0.0:5228): avc: denied { kill } for comm="swapper/3" capability=5 scontext=u:r:kernel:s0 tcontext=u:r:kernel:s0 tclass=capability permissive=0
11-19 03:56:30.131 0 0 I auditd : type=1400 audit(0.0:5229): avc: denied { kill } for comm="swapper/3" capability=5 scontext=u:r:kernel:s0 tcontext=u:r:kernel:s0 tclass=capability permissive=0
11-19 03:56:31.131 0 0 I auditd : type=1400 audit(0.0:5230): avc: denied { kill } for comm="swapper/3" capability=5 scontext=u:r:kernel:s0 tcontext=u:r:kernel:s0 tclass=capability permissive=0
11-19 03:56:32.131 0 0 I auditd : type=1400 audit(0.0:5231): avc: denied { kill } for comm="swapper/3" capability=5 scontext=u:r:kernel:s0 tcontext=u:r:kernel:s0 tclass=capability permissive=0
11-19 03:56:33.131 0 0 I auditd : type=1400 audit(0.0:5232): avc: denied { kill } for comm="swapper/3" capability=5 scontext=u:r:kernel:s0 tcontext=u:r:kernel:s0 tclass=capability permissive=0
11-19 03:56:34.131 0 0 I auditd : type=1400 audit(0.0:5233): avc: denied { kill } for comm="swapper/3" capability=5 scontext=u:r:kernel:s0 tcontext=u:r:kernel:s0 tclass=capability permissive=0
11-19 03:56:35.131 0 0 I auditd : type=1400 audit(0.0:5234): avc: denied { kill } for comm="swapper/3" capability=5 scontext=u:r:kernel:s0 tcontext=u:r:kernel:s0 tclass=capability permissive=0
11-19 03:56:36.131 0 0 I auditd : type=1400 audit(0.0:5235): avc: denied { kill } for comm="swapper/3" capability=5 scontext=u:r:kernel:s0 tcontext=u:r:kernel:s0 tclass=capability permissive=0
11-19 03:56:37.131 0 0 I auditd : type=1400 audit(0.0:5236): avc: denied { kill } for comm="swapper/3" capability=5 scontext=u:r:kernel:s0 tcontext=u:r:kernel:s0 tclass=capability permissive=0
11-19 03:56:38.131 0 0 I auditd : type=1400 audit(0.0:5237): avc: denied { kill } for comm="swapper/3" capability=5 scontext=u:r:kernel:s0 tcontext=u:r:kernel:s0 tclass=capability permissive=0
11-19 03:56:39.131 0 0 I auditd : type=1400 audit(0.0:5238): avc: denied { kill } for comm="swapper/3" capability=5 scontext=u:r:kernel:s0 tcontext=u:r:kernel:s0 tclass=capability permissive=0
11-19 03:56:40.131 0 0 I auditd : type=1400 audit(0.0:5239): avc: denied { kill } for comm="swapper/3" capability=5 scontext=u:r:kernel:s0 tcontext=u:r:kernel:s0 tclass=capability permissive=0
11-19 03:56:41.131 0 0 I auditd : type=1400 audit(0.0:5240): avc: denied { kill } for comm="swapper/3" capability=5 scontext=u:r:kernel:s0 tcontext=u:r:kernel:s0 tclass=capability permissive=0
11-19 03:56:42.131 0 0 I auditd : type=1400 audit(0.0:5241): avc: denied { kill } for comm="swapper/3" capability=5 scontext=u:r:kernel:s0 tcontext=u:r:kernel:s0 tclass=capability permissive=0
11-19 03:56:43.131 0 0 I auditd : type=1400 audit(0.0:5242): avc: denied { kill } for comm="swapper/3" capability=5 scontext=u:r:kernel:s0 tcontext=u:r:kernel:s0 tclass=capability permissive=0
11-19 03:56:44.131 0 0 I auditd : type=1400 audit(0.0:5243): avc: denied { kill } for comm="swapper/3" capability=5 scontext=u:r:kernel:s0 tcontext=u:r:kernel:s0 tclass=capability permissive=0
11-19 03:56:45.131 0 0 I auditd : type=1400 audit(0.0:5244): avc: denied { kill } for comm="swapper/3" capability=5 scontext=u:r:kernel:s0 tcontext=u:r:kernel:s0 tclass=capability permissive=0
