11-19 04:13:34.225 1499 1634 I sysui_multi_action: [319,134,322,134,325,10493,757,761,758,8,759,2,806,com.android.permissioncontroller,871,com.android.permissioncontroller.permission.ui.GrantPermissionsActivity,904,com.android.deskclock,905,0,1320,8,1321,5]
11-19 04:13:34.226 1499 1634 I wm_activity_launch_time: [0,10407657,com.android.permissioncontroller/.permission.ui.GrantPermissionsActivity,134]
11-19 04:13:34.230 8560 8560 I wm_on_top_resumed_lost_called: [10407657,com.android.permissioncontroller.permission.ui.GrantPermissionsActivity,topStateChangedWhenResumed]
11-19 04:13:34.231 1499 1831 I input_focus: [Focus leaving 25476c5 com.android.deskclock/com.android.deskclock.DeskClock (server),reason=setFocusedWindow]
11-19 04:13:34.231 1499 1831 I input_focus: [Focus entering f53a8ff com.android.permissioncontroller/com.android.permissioncontroller.permission.ui.GrantPermissionsActivity (server),reason=setFocusedWindow]
11-19 04:13:34.232 8560 8560 I wm_on_paused_called: [10407657,com.android.permissioncontroller.permission.ui.GrantPermissionsActivity,performPause]
11-19 04:13:34.233 1499 8917 I wm_pause_activity: [0,19758722,com.android.launcher3/.uioverrides.QuickstepLauncher,userLeaving=false,pauseBackTasks]
11-19 04:13:34.234 2802 2802 I wm_on_paused_called: [19758722,com.android.launcher3.uioverrides.QuickstepLauncher,performPause]
11-19 04:13:34.240 1499 1637 I sysui_multi_action: [757,803,799,window_time_0,802,1]
11-19 04:13:34.244 1499 5520 I wm_resume_activity: [0,10783760,48,com.android.deskclock/.DeskClock]
11-19 04:13:34.247 1499 1831 I input_focus: [Focus leaving f53a8ff com.android.permissioncontroller/com.android.permissioncontroller.permission.ui.GrantPermissionsActivity (server),reason=NO_WINDOW]
11-19 04:13:34.250 1499 1637 I wm_destroy_activity: [0,10407657,48,com.android.permissioncontroller/.permission.ui.GrantPermissionsActivity,finish-idle]
11-19 04:13:34.250 8560 8560 I wm_on_stop_called: [10407657,com.android.permissioncontroller.permission.ui.GrantPermissionsActivity,LIFECYCLER_STOP_ACTIVITY]
11-19 04:13:34.251 8560 8560 I wm_on_destroy_called: [10407657,com.android.permissioncontroller.permission.ui.GrantPermissionsActivity,performDestroy]
11-19 04:13:34.255 1499 1637 I sysui_multi_action: [757,803,799,window_time_0,802,0]
11-19 04:13:34.269 1499 5520 I wm_resume_activity: [0,10783760,48,com.android.deskclock/.DeskClock]
11-19 04:13:34.270 1499 1638 I input_focus: [Focus request 25476c5 com.android.deskclock/com.android.deskclock.DeskClock,reason=UpdateInputWindows]
11-19 04:13:34.270 9544 9544 I wm_on_paused_called: [10783760,com.android.deskclock.DeskClock,performPause]
11-19 04:13:34.270 9544 9544 I wm_on_activity_result_called: [10783760,com.android.deskclock.DeskClock,ACTIVITY_RESULT]
11-19 04:13:34.271 9544 9544 I wm_on_resume_called: [10783760,com.android.deskclock.DeskClock,ACTIVITY_RESULT]
11-19 04:13:34.280 1499 1831 I input_focus: [Focus entering 25476c5 com.android.deskclock/com.android.deskclock.DeskClock (server),reason=setFocusedWindow]
11-19 04:13:35.131 0 0 I auditd : type=1400 audit(0.0:6254): avc: denied { kill } for comm="swapper/2" capability=5 scontext=u:r:kernel:s0 tcontext=u:r:kernel:s0 tclass=capability permissive=0
11-19 04:13:35.547 1499 1730 I wm_task_moved: [1,0,0]
11-19 04:13:35.548 1499 1730 I wm_task_moved: [1,0,8]
11-19 04:13:35.603 9544 9544 I view_enqueue_input_event: [Motion - Cancel,com.android.deskclock/com.android.deskclock.DeskClock]
11-19 04:13:35.609 1499 1634 I sysui_multi_action: [319,9,322,48,325,10494,757,761,758,9,759,5,806,com.android.launcher3,871,com.android.launcher3.uioverrides.QuickstepLauncher,905,0,1320,8,1321,5]
11-19 04:13:35.619 1499 1831 I input_interaction: Interaction with: edge-swipe (server), swipe-up (server), PointerEventDispatcher0 (server),
11-19 04:13:35.630 2802 2802 I sysui_latency: [1,18]
11-19 04:13:35.631 1499 1638 I input_focus: [Focus request recents_animation_input_consumer,reason=UpdateInputWindows]
11-19 04:13:35.651 1499 1831 I input_focus: [Focus leaving 25476c5 com.android.deskclock/com.android.deskclock.DeskClock (server),reason=NOT_FOCUSABLE]
11-19 04:13:35.653 1499 1831 I input_focus: [Focus entering recents_animation_input_consumer (server),reason=setFocusedWindow]
11-19 04:13:35.830 1499 1759 I commit_sys_config_file: [settings-1-0,4]
11-19 04:13:35.896 1499 1644 I sysui_latency: [8,69]
11-19 04:13:36.131 0 0 I auditd : type=1400 audit(0.0:6255): avc: denied { kill } for comm="swapper/2" capability=5 scontext=u:r:kernel:s0 tcontext=u:r:kernel:s0 tclass=capability permissive=0
11-19 04:13:36.525 1499 1759 I commit_sys_config_file: [settings-1-0,3]
11-19 04:13:37.131 0 0 I auditd : type=1400 audit(0.0:6256): avc: denied { kill } for comm="swapper/2" capability=5 scontext=u:r:kernel:s0 tcontext=u:r:kernel:s0 tclass=capability permissive=0
11-19 04:13:37.271 1499 1831 I input_interaction: Interaction with: 632f7bf com.android.launcher3/com.android.launcher3.uioverrides.QuickstepLauncher (server), edge-swipe (server), swipe-up (server), PointerEventDispatcher0 (server),
11-19 04:13:37.406 1499 8917 I wm_relaunch_resume_activity: [0,10783760,48,com.android.deskclock/.DeskClock]
11-19 04:13:37.410 9544 9544 I wm_on_paused_called: [10783760,com.android.deskclock.DeskClock,performPause]
11-19 04:13:37.410 1499 8917 I wm_resume_activity: [0,10783760,48,com.android.deskclock/.DeskClock]
11-19 04:13:37.412 1499 8917 I wm_task_moved: [1,1,9]
11-19 04:13:37.413 9544 9544 I wm_on_stop_called: [10783760,com.android.deskclock.DeskClock,handleRelaunchActivity]
11-19 04:13:37.413 1499 8917 I wm_focused_root_task: [0,0,1,48,startActivityFromRecents]
11-19 04:13:37.414 1499 8917 I wm_task_moved: [48,1,9]
11-19 04:13:37.414 1499 8917 I wm_focused_root_task: [0,0,48,1,moveTaskToFront findTaskToMoveToFront]
11-19 04:13:37.414 1499 8917 I wm_set_resumed_activity: [0,com.android.deskclock/.DeskClock,moveTaskToFront findTaskToMoveToFront]
11-19 04:13:37.417 1499 8917 I wm_resume_activity: [0,10783760,48,com.android.deskclock/.DeskClock]
11-19 04:13:37.425 9544 9544 I wm_on_destroy_called: [10783760,com.android.deskclock.DeskClock,performDestroy]
11-19 04:13:37.466 1499 8917 I wm_task_moved: [48,1,9]
11-19 04:13:37.466 1499 8917 I wm_create_activity: [0,145705809,48,com.android.permissioncontroller/.permission.ui.GrantPermissionsActivity,android.content.pm.action.REQUEST_PERMISSIONS,NULL,NULL,8388608]
11-19 04:13:37.467 1499 8917 I wm_restart_activity: [0,145705809,48,com.android.permissioncontroller/.permission.ui.GrantPermissionsActivity]
11-19 04:13:37.469 1499 8917 I wm_set_resumed_activity: [0,com.android.permissioncontroller/.permission.ui.GrantPermissionsActivity,minimalResumeActivityLocked]
11-19 04:13:37.487 9544 9544 I wm_on_create_called: [10783760,com.android.deskclock.DeskClock,performCreate]
11-19 04:13:37.507 9544 9544 I wm_on_start_called: [10783760,com.android.deskclock.DeskClock,handleStartActivity]
11-19 04:13:37.508 8560 8560 I wm_on_create_called: [145705809,com.android.permissioncontroller.permission.ui.GrantPermissionsActivity,performCreate]
11-19 04:13:37.508 9544 9544 I wm_on_resume_called: [10783760,com.android.deskclock.DeskClock,RESUME_ACTIVITY]
11-19 04:13:37.509 8560 8560 I wm_on_start_called: [145705809,com.android.permissioncontroller.permission.ui.GrantPermissionsActivity,handleStartActivity]
11-19 04:13:37.510 8560 8560 I wm_on_resume_called: [145705809,com.android.permissioncontroller.permission.ui.GrantPermissionsActivity,RESUME_ACTIVITY]
11-19 04:13:37.513 8560 8560 I wm_on_top_resumed_gained_called: [145705809,com.android.permissioncontroller.permission.ui.GrantPermissionsActivity,topStateChangedWhenResumed]
11-19 04:13:37.518 1499 1730 I wm_finish_activity: [0,145705809,48,com.android.permissioncontroller/.permission.ui.GrantPermissionsActivity,app-request]
11-19 04:13:37.521 1499 1730 I wm_pause_activity: [0,145705809,com.android.permissioncontroller/.permission.ui.GrantPermissionsActivity,userLeaving=false,finish]
11-19 04:13:37.526 1499 1637 I sysui_multi_action: [757,1144,758,8,806,com.android.permissioncontroller,871,com.android.permissioncontroller.permission.ui.GrantPermissionsActivity]
11-19 04:13:37.532 8560 8560 I wm_on_top_resumed_lost_called: [145705809,com.android.permissioncontroller.permission.ui.GrantPermissionsActivity,topStateChangedWhenResumed]
11-19 04:13:37.532 8560 8560 I wm_on_paused_called: [145705809,com.android.permissioncontroller.permission.ui.GrantPermissionsActivity,performPause]
11-19 04:13:37.539 1499 1730 I wm_resume_activity: [0,10783760,48,com.android.deskclock/.DeskClock]
11-19 04:13:37.541 1499 1730 I wm_resume_activity: [0,10783760,48,com.android.deskclock/.DeskClock]
11-19 04:13:37.544 1499 1637 I sysui_multi_action: [757,803,799,window_time_0,802,3]
11-19 04:13:37.569 9544 9544 I wm_on_paused_called: [10783760,com.android.deskclock.DeskClock,performPause]
11-19 04:13:37.569 9544 9544 I wm_on_activity_result_called: [10783760,com.android.deskclock.DeskClock,ACTIVITY_RESULT]
11-19 04:13:37.569 9544 9544 I wm_on_resume_called: [10783760,com.android.deskclock.DeskClock,ACTIVITY_RESULT]
11-19 04:13:37.581 1499 1730 I wm_destroy_activity: [0,145705809,48,com.android.permissioncontroller/.permission.ui.GrantPermissionsActivity,finish-idle]
11-19 04:13:37.582 8560 8560 I wm_on_stop_called: [145705809,com.android.permissioncontroller.permission.ui.GrantPermissionsActivity,LIFECYCLER_STOP_ACTIVITY]
11-19 04:13:37.582 8560 8560 I wm_on_destroy_called: [145705809,com.android.permissioncontroller.permission.ui.GrantPermissionsActivity,performDestroy]
11-19 04:13:37.590 1499 2389 I wm_resume_activity: [0,10783760,48,com.android.deskclock/.DeskClock]
11-19 04:13:37.592 1499 1638 I input_focus: [Focus request 632f7bf com.android.launcher3/com.android.launcher3.uioverrides.QuickstepLauncher,reason=UpdateInputWindows]
11-19 04:13:37.604 1499 1831 I input_focus: [Focus leaving recents_animation_input_consumer (server),reason=setFocusedWindow]
11-19 04:13:37.605 1499 1831 I input_focus: [Focus entering 632f7bf com.android.launcher3/com.android.launcher3.uioverrides.QuickstepLauncher (server),reason=setFocusedWindow]
11-19 04:13:37.846 1499 5520 I wm_task_moved: [1,1,9]
11-19 04:13:37.846 1499 5520 I wm_task_moved: [10,1,2147483647]
11-19 04:13:37.846 1499 5520 I wm_task_to_front: [0,10]
11-19 04:13:37.846 1499 5520 I wm_focused_root_task: [0,0,1,48,RecentsAnimation.onAnimationFinished()]
11-19 04:13:37.846 1499 5520 I wm_set_resumed_activity: [0,com.android.launcher3/.uioverrides.QuickstepLauncher,RecentsAnimation.onAnimationFinished()]
11-19 04:13:37.848 1499 5520 I wm_set_resumed_activity: [0,com.android.launcher3/.uioverrides.QuickstepLauncher,resumeTopActivityInnerLocked]
11-19 04:13:37.850 1499 5520 I wm_resume_activity: [0,19758722,10,com.android.launcher3/.uioverrides.QuickstepLauncher]
11-19 04:13:37.859 1499 1637 I sysui_multi_action: [757,803,799,window_time_2,802,1]
11-19 04:13:37.864 2802 2802 I wm_on_resume_called: [19758722,com.android.launcher3.uioverrides.QuickstepLauncher,RESUME_ACTIVITY]
11-19 04:13:37.864 2802 2802 I wm_on_top_resumed_gained_called: [19758722,com.android.launcher3.uioverrides.QuickstepLauncher,topWhenResuming]
11-19 04:13:38.131 0 0 I auditd : type=1400 audit(0.0:6257): avc: denied { kill } for comm="swapper/2" capability=5 scontext=u:r:kernel:s0 tcontext=u:r:kernel:s0 tclass=capability permissive=0
11-19 04:13:39.085 1499 1831 I input_interaction: Interaction with: 25476c5 com.android.deskclock/com.android.deskclock.DeskClock (server), edge-swipe (server), swipe-up (server), PointerEventDispatcher0 (server),
11-19 04:13:39.089 1499 1637 I wm_task_moved: [48,1,9]
11-19 04:13:39.089 1499 1637 I wm_task_to_front: [0,48]
11-19 04:13:39.096 1499 1637 I wm_focused_root_task: [0,0,48,1,setFocusedTask]
11-19 04:13:39.097 1499 1637 I wm_set_resumed_activity: [0,com.android.deskclock/.DeskClock,setFocusedTask]
11-19 04:13:39.097 2802 2802 I wm_on_top_resumed_lost_called: [19758722,com.android.launcher3.uioverrides.QuickstepLauncher,topStateChangedWhenResumed]
11-19 04:13:39.101 1499 1637 I wm_resume_activity: [0,10783760,48,com.android.deskclock/.DeskClock]
11-19 04:13:39.102 1499 1638 I input_focus: [Focus request 25476c5 com.android.deskclock/com.android.deskclock.DeskClock,reason=UpdateInputWindows]
11-19 04:13:39.129 1499 1831 I input_focus: [Focus leaving 632f7bf com.android.launcher3/com.android.launcher3.uioverrides.QuickstepLauncher (server),reason=setFocusedWindow]
11-19 04:13:39.129 1499 1831 I input_focus: [Focus entering 25476c5 com.android.deskclock/com.android.deskclock.DeskClock (server),reason=setFocusedWindow]
11-19 04:13:39.131 749 749 I auditd : type=1400 audit(0.0:6258): avc: denied { kill } for comm="crtc_commit:125" capability=5 scontext=u:r:kernel:s0 tcontext=u:r:kernel:s0 tclass=capability permissive=0
11-19 04:13:39.228 1499 1730 I wm_relaunch_resume_activity: [0,10783760,48,com.android.deskclock/.DeskClock]
11-19 04:13:39.229 1499 1730 I wm_add_to_stopping: [0,19758722,com.android.launcher3/.uioverrides.QuickstepLauncher,makeInvisible]
11-19 04:13:39.230 1499 1730 I wm_pause_activity: [0,19758722,com.android.launcher3/.uioverrides.QuickstepLauncher,userLeaving=false,pauseBackTasks]
11-19 04:13:39.232 2802 2802 I wm_on_paused_called: [19758722,com.android.launcher3.uioverrides.QuickstepLauncher,performPause]
11-19 04:13:39.240 1499 5520 I wm_resume_activity: [0,10783760,48,com.android.deskclock/.DeskClock]
11-19 04:13:39.244 9544 9544 I wm_on_paused_called: [10783760,com.android.deskclock.DeskClock,performPause]
11-19 04:13:39.247 9544 9544 I wm_on_stop_called: [10783760,com.android.deskclock.DeskClock,handleRelaunchActivity]
11-19 04:13:39.250 1499 1637 I sysui_multi_action: [757,803,799,window_time_0,802,1]
11-19 04:13:39.261 9544 9544 I wm_on_destroy_called: [10783760,com.android.deskclock.DeskClock,performDestroy]
11-19 04:13:39.276 1499 5520 I sysui_multi_action: [757,1513,758,4,805,1668802419276,1514,10063,1515,com.android.deskclock,1516,1002,1517,1,1518,10063,1519,1002,1520,1,1526,com.android.permissioncontroller/.permission.ui.GrantPermissionsActivity,1527,0,1528,android.content.pm.action.REQUEST_PERMISSIONS,1529,com.android.deskclock,1530,1002,1531,0,1532,0,1533,1,1534,0,1535,0,1536,1,1537,170826,1539,188678]
11-19 04:13:39.278 1499 5520 I wm_create_activity: [0,74913179,48,com.android.permissioncontroller/.permission.ui.GrantPermissionsActivity,android.content.pm.action.REQUEST_PERMISSIONS,NULL,NULL,8388608]
11-19 04:13:39.293 9544 9544 I wm_on_create_called: [10783760,com.android.deskclock.DeskClock,performCreate]
11-19 04:13:39.319 9544 9544 I wm_on_start_called: [10783760,com.android.deskclock.DeskClock,handleStartActivity]
11-19 04:13:39.320 9544 9544 I wm_on_resume_called: [10783760,com.android.deskclock.DeskClock,RESUME_ACTIVITY]
11-19 04:13:40.131 0 0 I auditd : type=1400 audit(0.0:6259): avc: denied { kill } for comm="swapper/2" capability=5 scontext=u:r:kernel:s0 tcontext=u:r:kernel:s0 tclass=capability permissive=0
11-19 04:13:41.131 0 0 I auditd : type=1400 audit(0.0:6260): avc: denied { kill } for comm="swapper/2" capability=5 scontext=u:r:kernel:s0 tcontext=u:r:kernel:s0 tclass=capability permissive=0
11-19 04:13:42.131 0 0 I auditd : type=1400 audit(0.0:6261): avc: denied { kill } for comm="swapper/2" capability=5 scontext=u:r:kernel:s0 tcontext=u:r:kernel:s0 tclass=capability permissive=0
11-19 04:13:43.131 0 0 I auditd : type=1400 audit(0.0:6262): avc: denied { kill } for comm="swapper/2" capability=5 scontext=u:r:kernel:s0 tcontext=u:r:kernel:s0 tclass=capability permissive=0
11-19 04:13:44.131 0 0 I auditd : type=1400 audit(0.0:6263): avc: denied { kill } for comm="swapper/2" capability=5 scontext=u:r:kernel:s0 tcontext=u:r:kernel:s0 tclass=capability permissive=0
11-19 04:13:45.131 0 0 I auditd : type=1400 audit(0.0:6264): avc: denied { kill } for comm="swapper/2" capability=5 scontext=u:r:kernel:s0 tcontext=u:r:kernel:s0 tclass=capability permissive=0
11-19 04:13:46.131 0 0 I auditd : type=1400 audit(0.0:6265): avc: denied { kill } for comm="swapper/2" capability=5 scontext=u:r:kernel:s0 tcontext=u:r:kernel:s0 tclass=capability permissive=0
11-19 04:13:47.131 0 0 I auditd : type=1400 audit(0.0:6266): avc: denied { kill } for comm="swapper/2" capability=5 scontext=u:r:kernel:s0 tcontext=u:r:kernel:s0 tclass=capability permissive=0
11-19 04:13:48.131 0 0 I auditd : type=1400 audit(0.0:6267): avc: denied { kill } for comm="swapper/2" capability=5 scontext=u:r:kernel:s0 tcontext=u:r:kernel:s0 tclass=capability permissive=0
11-19 04:13:49.131 0 0 I auditd : type=1400 audit(0.0:6268): avc: denied { kill } for comm="swapper/2" capability=5 scontext=u:r:kernel:s0 tcontext=u:r:kernel:s0 tclass=capability permissive=0
11-19 04:13:50.131 0 0 I auditd : type=1400 audit(0.0:6269): avc: denied { kill } for comm="swapper/2" capability=5 scontext=u:r:kernel:s0 tcontext=u:r:kernel:s0 tclass=capability permissive=0
11-19 04:13:51.131 0 0 I auditd : type=1400 audit(0.0:6270): avc: denied { kill } for comm="swapper/2" capability=5 scontext=u:r:kernel:s0 tcontext=u:r:kernel:s0 tclass=capability permissive=0
11-19 04:13:52.131 0 0 I auditd : type=1400 audit(0.0:6271): avc: denied { kill } for comm="swapper/2" capability=5 scontext=u:r:kernel:s0 tcontext=u:r:kernel:s0 tclass=capability permissive=0
11-19 04:13:53.131 0 0 I auditd : type=1400 audit(0.0:6272): avc: denied { kill } for comm="swapper/2" capability=5 scontext=u:r:kernel:s0 tcontext=u:r:kernel:s0 tclass=capability permissive=0
11-19 04:13:54.131 0 0 I auditd : type=1400 audit(0.0:6273): avc: denied { kill } for comm="swapper/2" capability=5 scontext=u:r:kernel:s0 tcontext=u:r:kernel:s0 tclass=capability permissive=0
11-19 04:13:55.131 0 0 I auditd : type=1400 audit(0.0:6274): avc: denied { kill } for comm="swapper/2" capability=5 scontext=u:r:kernel:s0 tcontext=u:r:kernel:s0 tclass=capability permissive=0
11-19 04:13:56.131 0 0 I auditd : type=1400 audit(0.0:6275): avc: denied { kill } for comm="swapper/2" capability=5 scontext=u:r:kernel:s0 tcontext=u:r:kernel:s0 tclass=capability permissive=0
11-19 04:13:57.131 0 0 I auditd : type=1400 audit(0.0:6276): avc: denied { kill } for comm="swapper/2" capability=5 scontext=u:r:kernel:s0 tcontext=u:r:kernel:s0 tclass=capability permissive=0
11-19 04:13:58.131 0 0 I auditd : type=1400 audit(0.0:6277): avc: denied { kill } for comm="swapper/2" capability=5 scontext=u:r:kernel:s0 tcontext=u:r:kernel:s0 tclass=capability permissive=0
11-19 04:13:59.131 0 0 I auditd : type=1400 audit(0.0:6278): avc: denied { kill } for comm="swapper/2" capability=5 scontext=u:r:kernel:s0 tcontext=u:r:kernel:s0 tclass=capability permissive=0
11-19 04:14:00.131 0 0 I auditd : type=1400 audit(0.0:6279): avc: denied { kill } for comm="swapper/2" capability=5 scontext=u:r:kernel:s0 tcontext=u:r:kernel:s0 tclass=capability permissive=0
11-19 04:14:01.131 0 0 I auditd : type=1400 audit(0.0:6280): avc: denied { kill } for comm="swapper/2" capability=5 scontext=u:r:kernel:s0 tcontext=u:r:kernel:s0 tclass=capability permissive=0
11-19 04:14:02.131 0 0 I auditd : type=1400 audit(0.0:6281): avc: denied { kill } for comm="swapper/2" capability=5 scontext=u:r:kernel:s0 tcontext=u:r:kernel:s0 tclass=capability permissive=0
11-19 04:14:03.131 0 0 I auditd : type=1400 audit(0.0:6282): avc: denied { kill } for comm="swapper/2" capability=5 scontext=u:r:kernel:s0 tcontext=u:r:kernel:s0 tclass=capability permissive=0
11-19 04:14:04.131 0 0 I auditd : type=1400 audit(0.0:6283): avc: denied { kill } for comm="swapper/2" capability=5 scontext=u:r:kernel:s0 tcontext=u:r:kernel:s0 tclass=capability permissive=0
11-19 04:14:05.131 0 0 I auditd : type=1400 audit(0.0:6284): avc: denied { kill } for comm="swapper/2" capability=5 scontext=u:r:kernel:s0 tcontext=u:r:kernel:s0 tclass=capability permissive=0
11-19 04:14:06.131 0 0 I auditd : type=1400 audit(0.0:6285): avc: denied { kill } for comm="swapper/2" capability=5 scontext=u:r:kernel:s0 tcontext=u:r:kernel:s0 tclass=capability permissive=0
11-19 04:14:07.131 0 0 I auditd : type=1400 audit(0.0:6286): avc: denied { kill } for comm="swapper/2" capability=5 scontext=u:r:kernel:s0 tcontext=u:r:kernel:s0 tclass=capability permissive=0
11-19 04:14:08.131 0 0 I auditd : type=1400 audit(0.0:6287): avc: denied { kill } for comm="swapper/2" capability=5 scontext=u:r:kernel:s0 tcontext=u:r:kernel:s0 tclass=capability permissive=0
11-19 04:14:09.131 0 0 I auditd : type=1400 audit(0.0:6288): avc: denied { kill } for comm="swapper/2" capability=5 scontext=u:r:kernel:s0 tcontext=u:r:kernel:s0 tclass=capability permissive=0
11-19 04:14:10.131 0 0 I auditd : type=1400 audit(0.0:6289): avc: denied { kill } for comm="swapper/2" capability=5 scontext=u:r:kernel:s0 tcontext=u:r:kernel:s0 tclass=capability permissive=0
11-19 04:14:11.131 0 0 I auditd : type=1400 audit(0.0:6290): avc: denied { kill } for comm="swapper/2" capability=5 scontext=u:r:kernel:s0 tcontext=u:r:kernel:s0 tclass=capability permissive=0
11-19 04:14:12.131 0 0 I auditd : type=1400 audit(0.0:6291): avc: denied { kill } for comm="swapper/2" capability=5 scontext=u:r:kernel:s0 tcontext=u:r:kernel:s0 tclass=capability permissive=0
11-19 04:14:13.131 0 0 I auditd : type=1400 audit(0.0:6292): avc: denied { kill } for comm="swapper/2" capability=5 scontext=u:r:kernel:s0 tcontext=u:r:kernel:s0 tclass=capability permissive=0
11-19 04:14:14.131 0 0 I auditd : type=1400 audit(0.0:6293): avc: denied { kill } for comm="swapper/2" capability=5 scontext=u:r:kernel:s0 tcontext=u:r:kernel:s0 tclass=capability permissive=0
11-19 04:14:15.131 0 0 I auditd : type=1400 audit(0.0:6294): avc: denied { kill } for comm="swapper/2" capability=5 scontext=u:r:kernel:s0 tcontext=u:r:kernel:s0 tclass=capability permissive=0
11-19 04:14:16.131 0 0 I auditd : type=1400 audit(0.0:6295): avc: denied { kill } for comm="swapper/2" capability=5 scontext=u:r:kernel:s0 tcontext=u:r:kernel:s0 tclass=capability permissive=0
11-19 04:14:17.131 0 0 I auditd : type=1400 audit(0.0:6296): avc: denied { kill } for comm="swapper/2" capability=5 scontext=u:r:kernel:s0 tcontext=u:r:kernel:s0 tclass=capability permissive=0
11-19 04:14:18.131 0 0 I auditd : type=1400 audit(0.0:6297): avc: denied { kill } for comm="swapper/2" capability=5 scontext=u:r:kernel:s0 tcontext=u:r:kernel:s0 tclass=capability permissive=0
11-19 04:14:19.131 0 0 I auditd : type=1400 audit(0.0:6298): avc: denied { kill } for comm="swapper/2" capability=5 scontext=u:r:kernel:s0 tcontext=u:r:kernel:s0 tclass=capability permissive=0
11-19 04:14:20.131 0 0 I auditd : type=1400 audit(0.0:6299): avc: denied { kill } for comm="swapper/2" capability=5 scontext=u:r:kernel:s0 tcontext=u:r:kernel:s0 tclass=capability permissive=0
11-19 04:14:21.131 0 0 I auditd : type=1400 audit(0.0:6300): avc: denied { kill } for comm="swapper/2" capability=5 scontext=u:r:kernel:s0 tcontext=u:r:kernel:s0 tclass=capability permissive=0
11-19 04:14:22.131 0 0 I auditd : type=1400 audit(0.0:6301): avc: denied { kill } for comm="swapper/2" capability=5 scontext=u:r:kernel:s0 tcontext=u:r:kernel:s0 tclass=capability permissive=0
11-19 04:14:23.131 0 0 I auditd : type=1400 audit(0.0:6302): avc: denied { kill } for comm="swapper/2" capability=5 scontext=u:r:kernel:s0 tcontext=u:r:kernel:s0 tclass=capability permissive=0
11-19 04:14:23.174 1499 1645 I am_uid_idle: 10050
11-19 04:14:24.131 0 0 I auditd : type=1400 audit(0.0:6303): avc: denied { kill } for comm="swapper/2" capability=5 scontext=u:r:kernel:s0 tcontext=u:r:kernel:s0 tclass=capability permissive=0
11-19 04:14:25.131 0 0 I auditd : type=1400 audit(0.0:6304): avc: denied { kill } for comm="swapper/2" capability=5 scontext=u:r:kernel:s0 tcontext=u:r:kernel:s0 tclass=capability permissive=0
11-19 04:14:26.131 0 0 I auditd : type=1400 audit(0.0:6305): avc: denied { kill } for comm="swapper/2" capability=5 scontext=u:r:kernel:s0 tcontext=u:r:kernel:s0 tclass=capability permissive=0
11-19 04:14:27.131 0 0 I auditd : type=1400 audit(0.0:6306): avc: denied { kill } for comm="swapper/2" capability=5 scontext=u:r:kernel:s0 tcontext=u:r:kernel:s0 tclass=capability permissive=0
11-19 04:14:28.131 0 0 I auditd : type=1400 audit(0.0:6307): avc: denied { kill } for comm="swapper/2" capability=5 scontext=u:r:kernel:s0 tcontext=u:r:kernel:s0 tclass=capability permissive=0
11-19 04:14:29.131 0 0 I auditd : type=1400 audit(0.0:6308): avc: denied { kill } for comm="swapper/2" capability=5 scontext=u:r:kernel:s0 tcontext=u:r:kernel:s0 tclass=capability permissive=0
11-19 04:14:30.131 0 0 I auditd : type=1400 audit(0.0:6309): avc: denied { kill } for comm="swapper/2" capability=5 scontext=u:r:kernel:s0 tcontext=u:r:kernel:s0 tclass=capability permissive=0
11-19 04:14:31.131 0 0 I auditd : type=1400 audit(0.0:6310): avc: denied { kill } for comm="swapper/2" capability=5 scontext=u:r:kernel:s0 tcontext=u:r:kernel:s0 tclass=capability permissive=0
11-19 04:14:32.131 0 0 I auditd : type=1400 audit(0.0:6311): avc: denied { kill } for comm="swapper/2" capability=5 scontext=u:r:kernel:s0 tcontext=u:r:kernel:s0 tclass=capability permissive=0
11-19 04:14:32.217 1499 1663 I sysui_multi_action: [757,1696,758,6,759,2]
11-19 04:14:32.223 1499 1645 I am_wtf : [0,1499,system_server,-1,DisplayDeviceConfig,requesting nits when no mapping exists.]
11-19 04:14:32.227 1499 1645 I am_wtf : [0,1499,system_server,-1,DisplayDeviceConfig,requesting nits when no mapping exists.]
11-19 04:14:32.239 1499 1645 I am_wtf : [0,1499,system_server,-1,DisplayDeviceConfig,requesting nits when no mapping exists.]
11-19 04:14:32.242 1499 1645 I am_wtf : [0,1499,system_server,-1,DisplayDeviceConfig,requesting nits when no mapping exists.]
11-19 04:14:32.249 1499 1645 I am_wtf : [0,1499,system_server,-1,DisplayDeviceConfig,requesting nits when no mapping exists.]
11-19 04:14:32.251 1499 1645 I am_wtf : [0,1499,system_server,-1,DisplayDeviceConfig,requesting nits when no mapping exists.]
11-19 04:14:32.266 1499 1645 I am_wtf : [0,1499,system_server,-1,DisplayDeviceConfig,requesting nits when no mapping exists.]
11-19 04:14:32.267 1499 1645 I am_wtf : [0,1499,system_server,-1,DisplayDeviceConfig,requesting nits when no mapping exists.]
11-19 04:14:32.283 1499 1645 I am_wtf : [0,1499,system_server,-1,DisplayDeviceConfig,requesting nits when no mapping exists.]
11-19 04:14:32.284 1499 1645 I am_wtf : [0,1499,system_server,-1,DisplayDeviceConfig,requesting nits when no mapping exists.]
11-19 04:14:32.299 1499 1645 I am_wtf : [0,1499,system_server,-1,DisplayDeviceConfig,requesting nits when no mapping exists.]
11-19 04:14:32.300 1499 1645 I am_wtf : [0,1499,system_server,-1,DisplayDeviceConfig,requesting nits when no mapping exists.]
11-19 04:14:32.317 1499 1645 I am_wtf : [0,1499,system_server,-1,DisplayDeviceConfig,requesting nits when no mapping exists.]
11-19 04:14:32.317 1499 1645 I am_wtf : [0,1499,system_server,-1,DisplayDeviceConfig,requesting nits when no mapping exists.]
11-19 04:14:32.318 1499 1645 I service_manager_stats: [100,80,149859]
11-19 04:14:32.333 1499 1645 I am_wtf : [0,1499,system_server,-1,DisplayDeviceConfig,requesting nits when no mapping exists.]
11-19 04:14:32.334 1499 1645 I am_wtf : [0,1499,system_server,-1,DisplayDeviceConfig,requesting nits when no mapping exists.]
11-19 04:14:32.350 1499 1645 I am_wtf : [0,1499,system_server,-1,DisplayDeviceConfig,requesting nits when no mapping exists.]
11-19 04:14:32.350 1499 1645 I am_wtf : [0,1499,system_server,-1,DisplayDeviceConfig,requesting nits when no mapping exists.]
11-19 04:14:32.367 1499 1645 I am_wtf : [0,1499,system_server,-1,DisplayDeviceConfig,requesting nits when no mapping exists.]
11-19 04:14:32.368 1499 1645 I am_wtf : [0,1499,system_server,-1,DisplayDeviceConfig,requesting nits when no mapping exists.]
11-19 04:14:32.383 1499 1645 I am_wtf : [0,1499,system_server,-1,DisplayDeviceConfig,requesting nits when no mapping exists.]
11-19 04:14:32.384 1499 1645 I am_wtf : [0,1499,system_server,-1,DisplayDeviceConfig,requesting nits when no mapping exists.]
11-19 04:14:32.400 1499 1645 I am_wtf : [0,1499,system_server,-1,DisplayDeviceConfig,requesting nits when no mapping exists.]
11-19 04:14:32.401 1499 1645 I am_wtf : [0,1499,system_server,-1,DisplayDeviceConfig,requesting nits when no mapping exists.]
11-19 04:14:32.417 1499 1645 I am_wtf : [0,1499,system_server,-1,DisplayDeviceConfig,requesting nits when no mapping exists.]
11-19 04:14:32.418 1499 1645 I am_wtf : [0,1499,system_server,-1,DisplayDeviceConfig,requesting nits when no mapping exists.]
11-19 04:14:32.434 1499 1645 I am_wtf : [0,1499,system_server,-1,DisplayDeviceConfig,requesting nits when no mapping exists.]
11-19 04:14:32.434 1499 1645 I am_wtf : [0,1499,system_server,-1,DisplayDeviceConfig,requesting nits when no mapping exists.]
11-19 04:14:32.450 1499 1645 I am_wtf : [0,1499,system_server,-1,DisplayDeviceConfig,requesting nits when no mapping exists.]
11-19 04:14:32.452 1499 1645 I am_wtf : [0,1499,system_server,-1,DisplayDeviceConfig,requesting nits when no mapping exists.]
11-19 04:14:32.467 1499 1645 I am_wtf : [0,1499,system_server,-1,DisplayDeviceConfig,requesting nits when no mapping exists.]
11-19 04:14:32.468 1499 1645 I am_wtf : [0,1499,system_server,-1,DisplayDeviceConfig,requesting nits when no mapping exists.]
11-19 04:14:32.483 1499 1645 I am_wtf : [0,1499,system_server,-1,DisplayDeviceConfig,requesting nits when no mapping exists.]
11-19 04:14:32.484 1499 1645 I am_wtf : [0,1499,system_server,-1,DisplayDeviceConfig,requesting nits when no mapping exists.]
11-19 04:14:32.500 1499 1645 I am_wtf : [0,1499,system_server,-1,DisplayDeviceConfig,requesting nits when no mapping exists.]
11-19 04:14:32.501 1499 1645 I am_wtf : [0,1499,system_server,-1,DisplayDeviceConfig,requesting nits when no mapping exists.]
11-19 04:14:32.517 1499 1645 I am_wtf : [0,1499,system_server,-1,DisplayDeviceConfig,requesting nits when no mapping exists.]
11-19 04:14:32.518 1499 1645 I am_wtf : [0,1499,system_server,-1,DisplayDeviceConfig,requesting nits when no mapping exists.]
11-19 04:14:32.533 1499 1645 I am_wtf : [0,1499,system_server,-1,DisplayDeviceConfig,requesting nits when no mapping exists.]
11-19 04:14:32.534 1499 1645 I am_wtf : [0,1499,system_server,-1,DisplayDeviceConfig,requesting nits when no mapping exists.]
11-19 04:14:32.550 1499 1645 I am_wtf : [0,1499,system_server,-1,DisplayDeviceConfig,requesting nits when no mapping exists.]
11-19 04:14:32.551 1499 1645 I am_wtf : [0,1499,system_server,-1,DisplayDeviceConfig,requesting nits when no mapping exists.]
11-19 04:14:32.567 1499 1645 I am_wtf : [0,1499,system_server,-1,DisplayDeviceConfig,requesting nits when no mapping exists.]
11-19 04:14:32.567 1499 1645 I am_wtf : [0,1499,system_server,-1,DisplayDeviceConfig,requesting nits when no mapping exists.]
11-19 04:14:32.583 1499 1645 I am_wtf : [0,1499,system_server,-1,DisplayDeviceConfig,requesting nits when no mapping exists.]
11-19 04:14:32.585 1499 1645 I am_wtf : [0,1499,system_server,-1,DisplayDeviceConfig,requesting nits when no mapping exists.]
11-19 04:14:32.600 1499 1645 I am_wtf : [0,1499,system_server,-1,DisplayDeviceConfig,requesting nits when no mapping exists.]
11-19 04:14:32.602 1499 1645 I am_wtf : [0,1499,system_server,-1,DisplayDeviceConfig,requesting nits when no mapping exists.]
11-19 04:14:32.617 1499 1645 I am_wtf : [0,1499,system_server,-1,DisplayDeviceConfig,requesting nits when no mapping exists.]
11-19 04:14:32.619 1499 1645 I am_wtf : [0,1499,system_server,-1,DisplayDeviceConfig,requesting nits when no mapping exists.]
11-19 04:14:32.634 1499 1645 I am_wtf : [0,1499,system_server,-1,DisplayDeviceConfig,requesting nits when no mapping exists.]
11-19 04:14:32.635 1499 1645 I am_wtf : [0,1499,system_server,-1,DisplayDeviceConfig,requesting nits when no mapping exists.]
11-19 04:14:32.650 1499 1645 I am_wtf : [0,1499,system_server,-1,DisplayDeviceConfig,requesting nits when no mapping exists.]
11-19 04:14:32.651 1499 1645 I am_wtf : [0,1499,system_server,-1,DisplayDeviceConfig,requesting nits when no mapping exists.]
11-19 04:14:32.667 1499 1645 I am_wtf : [0,1499,system_server,-1,DisplayDeviceConfig,requesting nits when no mapping exists.]
11-19 04:14:32.668 1499 1645 I am_wtf : [0,1499,system_server,-1,DisplayDeviceConfig,requesting nits when no mapping exists.]
11-19 04:14:32.684 1499 1645 I am_wtf : [0,1499,system_server,-1,DisplayDeviceConfig,requesting nits when no mapping exists.]
11-19 04:14:32.685 1499 1645 I am_wtf : [0,1499,system_server,-1,DisplayDeviceConfig,requesting nits when no mapping exists.]
11-19 04:14:32.701 1499 1645 I am_wtf : [0,1499,system_server,-1,DisplayDeviceConfig,requesting nits when no mapping exists.]
11-19 04:14:32.702 1499 1645 I am_wtf : [0,1499,system_server,-1,DisplayDeviceConfig,requesting nits when no mapping exists.]
11-19 04:14:32.717 1499 1645 I am_wtf : [0,1499,system_server,-1,DisplayDeviceConfig,requesting nits when no mapping exists.]
11-19 04:14:32.718 1499 1645 I am_wtf : [0,1499,system_server,-1,DisplayDeviceConfig,requesting nits when no mapping exists.]
11-19 04:14:32.734 1499 1645 I am_wtf : [0,1499,system_server,-1,DisplayDeviceConfig,requesting nits when no mapping exists.]
11-19 04:14:32.735 1499 1645 I am_wtf : [0,1499,system_server,-1,DisplayDeviceConfig,requesting nits when no mapping exists.]
11-19 04:14:32.752 1499 1645 I am_wtf : [0,1499,system_server,-1,DisplayDeviceConfig,requesting nits when no mapping exists.]
11-19 04:14:32.753 1499 1645 I am_wtf : [0,1499,system_server,-1,DisplayDeviceConfig,requesting nits when no mapping exists.]
11-19 04:14:32.766 1499 1645 I am_wtf : [0,1499,system_server,-1,DisplayDeviceConfig,requesting nits when no mapping exists.]
11-19 04:14:32.767 1499 1645 I am_wtf : [0,1499,system_server,-1,DisplayDeviceConfig,requesting nits when no mapping exists.]
11-19 04:14:32.784 1499 1645 I am_wtf : [0,1499,system_server,-1,DisplayDeviceConfig,requesting nits when no mapping exists.]
11-19 04:14:32.784 1499 1645 I am_wtf : [0,1499,system_server,-1,DisplayDeviceConfig,requesting nits when no mapping exists.]
11-19 04:14:32.800 1499 1645 I am_wtf : [0,1499,system_server,-1,DisplayDeviceConfig,requesting nits when no mapping exists.]
11-19 04:14:32.801 1499 1645 I am_wtf : [0,1499,system_server,-1,DisplayDeviceConfig,requesting nits when no mapping exists.]
11-19 04:14:32.817 1499 1645 I am_wtf : [0,1499,system_server,-1,DisplayDeviceConfig,requesting nits when no mapping exists.]
11-19 04:14:32.819 1499 1645 I am_wtf : [0,1499,system_server,-1,DisplayDeviceConfig,requesting nits when no mapping exists.]
11-19 04:14:32.834 1499 1645 I am_wtf : [0,1499,system_server,-1,DisplayDeviceConfig,requesting nits when no mapping exists.]
11-19 04:14:32.835 1499 1645 I am_wtf : [0,1499,system_server,-1,DisplayDeviceConfig,requesting nits when no mapping exists.]
11-19 04:14:32.851 1499 1645 I am_wtf : [0,1499,system_server,-1,DisplayDeviceConfig,requesting nits when no mapping exists.]
11-19 04:14:32.853 1499 1645 I am_wtf : [0,1499,system_server,-1,DisplayDeviceConfig,requesting nits when no mapping exists.]
11-19 04:14:32.867 1499 1645 I am_wtf : [0,1499,system_server,-1,DisplayDeviceConfig,requesting nits when no mapping exists.]
11-19 04:14:32.868 1499 1645 I am_wtf : [0,1499,system_server,-1,DisplayDeviceConfig,requesting nits when no mapping exists.]
11-19 04:14:32.885 1499 1645 I am_wtf : [0,1499,system_server,-1,DisplayDeviceConfig,requesting nits when no mapping exists.]
11-19 04:14:32.886 1499 1645 I am_wtf : [0,1499,system_server,-1,DisplayDeviceConfig,requesting nits when no mapping exists.]
11-19 04:14:32.901 1499 1645 I am_wtf : [0,1499,system_server,-1,DisplayDeviceConfig,requesting nits when no mapping exists.]
11-19 04:14:32.902 1499 1645 I am_wtf : [0,1499,system_server,-1,DisplayDeviceConfig,requesting nits when no mapping exists.]
11-19 04:14:32.918 1499 1645 I am_wtf : [0,1499,system_server,-1,DisplayDeviceConfig,requesting nits when no mapping exists.]
11-19 04:14:32.918 1499 1645 I am_wtf : [0,1499,system_server,-1,DisplayDeviceConfig,requesting nits when no mapping exists.]
11-19 04:14:32.934 1499 1645 I am_wtf : [0,1499,system_server,-1,DisplayDeviceConfig,requesting nits when no mapping exists.]
11-19 04:14:32.935 1499 1645 I am_wtf : [0,1499,system_server,-1,DisplayDeviceConfig,requesting nits when no mapping exists.]
11-19 04:14:32.951 1499 1645 I am_wtf : [0,1499,system_server,-1,DisplayDeviceConfig,requesting nits when no mapping exists.]
11-19 04:14:32.953 1499 1645 I am_wtf : [0,1499,system_server,-1,DisplayDeviceConfig,requesting nits when no mapping exists.]
11-19 04:14:32.968 1499 1645 I am_wtf : [0,1499,system_server,-1,DisplayDeviceConfig,requesting nits when no mapping exists.]
11-19 04:14:32.969 1499 1645 I am_wtf : [0,1499,system_server,-1,DisplayDeviceConfig,requesting nits when no mapping exists.]
11-19 04:14:32.984 1499 1645 I am_wtf : [0,1499,system_server,-1,DisplayDeviceConfig,requesting nits when no mapping exists.]
11-19 04:14:32.986 1499 1645 I am_wtf : [0,1499,system_server,-1,DisplayDeviceConfig,requesting nits when no mapping exists.]
11-19 04:14:33.002 1499 1645 I am_wtf : [0,1499,system_server,-1,DisplayDeviceConfig,requesting nits when no mapping exists.]
11-19 04:14:33.004 1499 1645 I am_wtf : [0,1499,system_server,-1,DisplayDeviceConfig,requesting nits when no mapping exists.]
11-19 04:14:33.020 1499 1645 I am_wtf : [0,1499,system_server,-1,DisplayDeviceConfig,requesting nits when no mapping exists.]
11-19 04:14:33.021 1499 1645 I am_wtf : [0,1499,system_server,-1,DisplayDeviceConfig,requesting nits when no mapping exists.]
11-19 04:14:33.035 1499 1645 I am_wtf : [0,1499,system_server,-1,DisplayDeviceConfig,requesting nits when no mapping exists.]
11-19 04:14:33.036 1499 1645 I am_wtf : [0,1499,system_server,-1,DisplayDeviceConfig,requesting nits when no mapping exists.]
11-19 04:14:33.052 1499 1645 I am_wtf : [0,1499,system_server,-1,DisplayDeviceConfig,requesting nits when no mapping exists.]
11-19 04:14:33.055 1499 1645 I am_wtf : [0,1499,system_server,-1,DisplayDeviceConfig,requesting nits when no mapping exists.]
11-19 04:14:33.069 1499 1645 I am_wtf : [0,1499,system_server,-1,DisplayDeviceConfig,requesting nits when no mapping exists.]
11-19 04:14:33.070 1499 1645 I am_wtf : [0,1499,system_server,-1,DisplayDeviceConfig,requesting nits when no mapping exists.]
11-19 04:14:33.085 1499 1645 I am_wtf : [0,1499,system_server,-1,DisplayDeviceConfig,requesting nits when no mapping exists.]
11-19 04:14:33.087 1499 1645 I am_wtf : [0,1499,system_server,-1,DisplayDeviceConfig,requesting nits when no mapping exists.]
11-19 04:14:33.102 1499 1645 I am_wtf : [0,1499,system_server,-1,DisplayDeviceConfig,requesting nits when no mapping exists.]
11-19 04:14:33.103 1499 1645 I am_wtf : [0,1499,system_server,-1,DisplayDeviceConfig,requesting nits when no mapping exists.]
11-19 04:14:33.118 1499 1645 I am_wtf : [0,1499,system_server,-1,DisplayDeviceConfig,requesting nits when no mapping exists.]
11-19 04:14:33.119 1499 1645 I am_wtf : [0,1499,system_server,-1,DisplayDeviceConfig,requesting nits when no mapping exists.]
11-19 04:14:33.131 473 473 I auditd : type=1400 audit(0.0:6312): avc: denied { kill } for comm="ueventd" capability=5 scontext=u:r:ueventd:s0 tcontext=u:r:ueventd:s0 tclass=capability permissive=0
11-19 04:14:33.135 1499 1645 I am_wtf : [0,1499,system_server,-1,DisplayDeviceConfig,requesting nits when no mapping exists.]
11-19 04:14:33.138 1499 1645 I am_wtf : [0,1499,system_server,-1,DisplayDeviceConfig,requesting nits when no mapping exists.]
11-19 04:14:33.151 1499 1645 I am_wtf : [0,1499,system_server,-1,DisplayDeviceConfig,requesting nits when no mapping exists.]
11-19 04:14:33.152 1499 1645 I am_wtf : [0,1499,system_server,-1,DisplayDeviceConfig,requesting nits when no mapping exists.]
11-19 04:14:33.168 1499 1645 I am_wtf : [0,1499,system_server,-1,DisplayDeviceConfig,requesting nits when no mapping exists.]
11-19 04:14:33.169 1499 1645 I am_wtf : [0,1499,system_server,-1,DisplayDeviceConfig,requesting nits when no mapping exists.]
11-19 04:14:34.131 0 0 I auditd : type=1400 audit(0.0:6313): avc: denied { kill } for comm="swapper/0" capability=5 scontext=u:r:kernel:s0 tcontext=u:r:kernel:s0 tclass=capability permissive=0
11-19 04:14:35.131 0 0 I auditd : type=1400 audit(0.0:6314): avc: denied { kill } for comm="swapper/0" capability=5 scontext=u:r:kernel:s0 tcontext=u:r:kernel:s0 tclass=capability permissive=0
11-19 04:14:36.131 0 0 I auditd : type=1400 audit(0.0:6315): avc: denied { kill } for comm="swapper/0" capability=5 scontext=u:r:kernel:s0 tcontext=u:r:kernel:s0 tclass=capability permissive=0
11-19 04:14:37.131 0 0 I auditd : type=1400 audit(0.0:6316): avc: denied { kill } for comm="swapper/0" capability=5 scontext=u:r:kernel:s0 tcontext=u:r:kernel:s0 tclass=capability permissive=0
11-19 04:14:37.909 1499 1645 I am_uid_idle: 10094
11-19 04:14:38.131 354 354 I auditd : type=1400 audit(0.0:6317): avc: denied { kill } for comm="irq/382-atmel_m" capability=5 scontext=u:r:kernel:s0 tcontext=u:r:kernel:s0 tclass=capability permissive=0
11-19 04:14:39.131 0 0 I auditd : type=1400 audit(0.0:6318): avc: denied { kill } for comm="swapper/0" capability=5 scontext=u:r:kernel:s0 tcontext=u:r:kernel:s0 tclass=capability permissive=0
11-19 04:14:39.219 1499 1634 I sysui_multi_action: [757,222,758,1]
11-19 04:14:39.222 1499 1634 I am_uid_active: 10050
11-19 04:14:39.225 1499 1634 I service_manager_stats: [103,57,6907]
11-19 04:14:39.243 1499 2389 I wm_task_created: [50,-1]
11-19 04:14:39.247 1499 2389 I wm_task_moved: [50,1,10]
11-19 04:14:39.247 1499 2389 I wm_task_to_front: [0,50]
11-19 04:14:39.247 1499 2389 I wm_create_task: [0,50]
11-19 04:14:39.247 1499 2389 I wm_create_activity: [0,83671856,50,com.thundercomm.screensaver/android.service.dreams.DreamActivity,NULL,NULL,NULL,276824064]
11-19 04:14:39.247 1499 2389 I wm_task_moved: [50,1,10]
11-19 04:14:39.250 1499 2389 I wm_add_to_stopping: [0,10783760,com.android.deskclock/.DeskClock,makeInvisible]
11-19 04:14:39.251 1499 2389 I wm_restart_activity: [0,83671856,50,com.thundercomm.screensaver/android.service.dreams.DreamActivity]
11-19 04:14:39.252 1499 2389 I wm_set_resumed_activity: [0,com.thundercomm.screensaver/android.service.dreams.DreamActivity,minimalResumeActivityLocked]
11-19 04:14:39.263 1499 1637 I wm_stop_activity: [0,19758722,com.android.launcher3/.uioverrides.QuickstepLauncher]
11-19 04:14:39.272 2802 2802 I wm_on_stop_called: [19758722,com.android.launcher3.uioverrides.QuickstepLauncher,STOP_ACTIVITY_ITEM]
11-19 04:14:39.278 1499 1831 I input_focus: [Focus leaving 25476c5 com.android.deskclock/com.android.deskclock.DeskClock (server),reason=NO_WINDOW]
11-19 04:14:39.280 4805 4805 I wm_on_create_called: [83671856,android.service.dreams.DreamActivity,performCreate]
11-19 04:14:39.282 4805 4805 I wm_on_start_called: [83671856,android.service.dreams.DreamActivity,handleStartActivity]
11-19 04:14:39.283 4805 4805 I wm_on_resume_called: [83671856,android.service.dreams.DreamActivity,RESUME_ACTIVITY]
11-19 04:14:39.291 4805 4805 I wm_on_top_resumed_gained_called: [83671856,android.service.dreams.DreamActivity,topStateChangedWhenResumed]
11-19 04:14:39.321 1499 1638 I input_focus: [Focus request cce7e3a com.thundercomm.screensaver/android.service.dreams.DreamActivity,reason=UpdateInputWindows]
11-19 04:14:39.332 1499 1499 I notification_enqueue: [10081,2342,com.android.systemui,2048,NULL,0,Notification(channel=updateNotification shortcut=null contentView=null vibrate=null sound=null defaults=0x0 flags=0x0 color=0x00000000 vis=PRIVATE),1]
11-19 04:14:39.337 2342 2342 I sysui_multi_action: [757,111,758,2]
11-19 04:14:39.337 2342 2342 I sysui_multi_action: [757,111,758,2]
11-19 04:14:39.350 1499 1663 I sysui_multi_action: [757,1696,758,6,759,3]
11-19 04:14:39.352 1499 1645 I am_wtf : [0,1499,system_server,-1,DisplayDeviceConfig,requesting nits when no mapping exists.]
11-19 04:14:39.352 1499 1645 I am_wtf : [0,1499,system_server,-1,DisplayDeviceConfig,requesting nits when no mapping exists.]
11-19 04:14:39.353 1499 1634 I sysui_multi_action: [319,109,322,94,325,10558,757,761,758,8,759,2,806,com.thundercomm.screensaver,871,android.service.dreams.DreamActivity,904,com.thundercomm.screensaver,905,0,1320,4,1321,2]
11-19 04:14:39.353 1499 1634 I wm_activity_launch_time: [0,83671856,com.thundercomm.screensaver/android.service.dreams.DreamActivity,94]
11-19 04:14:39.358 2342 2342 I sysui_multi_action: [757,111,758,1]
11-19 04:14:39.358 2342 2342 I sysui_multi_action: [757,126,758,1,759,126,927,0,928,0,1593,0]
11-19 04:14:39.358 2342 2342 I sysui_multi_action: [757,113,758,1,759,113,927,1,928,1,1593,0]
11-19 04:14:39.359 2342 2342 I sysui_multi_action: [757,0,758,1,759,0,927,2,928,0,1593,0]
11-19 04:14:39.359 2342 2342 I sysui_multi_action: [757,0,758,1,759,0,927,3,928,0,1593,0]
11-19 04:14:39.359 2342 2342 I sysui_multi_action: [757,491,758,1,759,491,927,4,928,0,1311,-1,1593,0]
11-19 04:14:39.359 2342 2342 I sysui_multi_action: [757,0,758,1,759,0,927,5,928,0,1593,0]
11-19 04:14:39.359 2342 2342 I sysui_multi_action: [757,111,758,1]
11-19 04:14:39.359 2342 2342 I sysui_multi_action: [757,126,758,1,759,126,927,0,928,0,1593,0]
11-19 04:14:39.359 2342 2342 I sysui_multi_action: [757,113,758,1,759,113,927,1,928,1,1593,0]
11-19 04:14:39.359 2342 2342 I sysui_multi_action: [757,0,758,1,759,0,927,2,928,0,1593,0]
11-19 04:14:39.359 2342 2342 I sysui_multi_action: [757,0,758,1,759,0,927,3,928,0,1593,0]
11-19 04:14:39.370 1499 1645 I am_wtf : [0,1499,system_server,-1,DisplayDeviceConfig,requesting nits when no mapping exists.]
11-19 04:14:39.371 1499 1645 I am_wtf : [0,1499,system_server,-1,DisplayDeviceConfig,requesting nits when no mapping exists.]
11-19 04:14:39.386 1499 1831 I input_focus: [Focus entering cce7e3a com.thundercomm.screensaver/android.service.dreams.DreamActivity (server),reason=Window became focusable. Previous reason: NOT_VISIBLE]
11-19 04:14:39.387 1499 1645 I am_wtf : [0,1499,system_server,-1,DisplayDeviceConfig,requesting nits when no mapping exists.]
11-19 04:14:39.388 1499 1645 I am_wtf : [0,1499,system_server,-1,DisplayDeviceConfig,requesting nits when no mapping exists.]
11-19 04:14:39.409 1499 1645 I am_wtf : [0,1499,system_server,-1,DisplayDeviceConfig,requesting nits when no mapping exists.]
11-19 04:14:39.410 1499 1645 I am_wtf : [0,1499,system_server,-1,DisplayDeviceConfig,requesting nits when no mapping exists.]
11-19 04:14:39.420 1499 1645 I am_wtf : [0,1499,system_server,-1,DisplayDeviceConfig,requesting nits when no mapping exists.]
11-19 04:14:39.420 1499 1645 I am_wtf : [0,1499,system_server,-1,DisplayDeviceConfig,requesting nits when no mapping exists.]
11-19 04:14:39.436 1499 1645 I am_wtf : [0,1499,system_server,-1,DisplayDeviceConfig,requesting nits when no mapping exists.]
11-19 04:14:39.437 1499 1645 I am_wtf : [0,1499,system_server,-1,DisplayDeviceConfig,requesting nits when no mapping exists.]
11-19 04:14:39.454 1499 1645 I am_wtf : [0,1499,system_server,-1,DisplayDeviceConfig,requesting nits when no mapping exists.]
11-19 04:14:39.455 1499 1645 I am_wtf : [0,1499,system_server,-1,DisplayDeviceConfig,requesting nits when no mapping exists.]
11-19 04:14:39.469 1499 1645 I am_wtf : [0,1499,system_server,-1,DisplayDeviceConfig,requesting nits when no mapping exists.]
11-19 04:14:39.470 1499 1645 I am_wtf : [0,1499,system_server,-1,DisplayDeviceConfig,requesting nits when no mapping exists.]
11-19 04:14:39.486 1499 1645 I am_wtf : [0,1499,system_server,-1,DisplayDeviceConfig,requesting nits when no mapping exists.]
11-19 04:14:39.487 1499 1645 I am_wtf : [0,1499,system_server,-1,DisplayDeviceConfig,requesting nits when no mapping exists.]
11-19 04:14:39.505 1499 1645 I am_wtf : [0,1499,system_server,-1,DisplayDeviceConfig,requesting nits when no mapping exists.]
11-19 04:14:39.506 1499 1645 I am_wtf : [0,1499,system_server,-1,DisplayDeviceConfig,requesting nits when no mapping exists.]
11-19 04:14:39.519 1499 1645 I am_wtf : [0,1499,system_server,-1,DisplayDeviceConfig,requesting nits when no mapping exists.]
11-19 04:14:39.520 1499 1645 I am_wtf : [0,1499,system_server,-1,DisplayDeviceConfig,requesting nits when no mapping exists.]
11-19 04:14:39.536 1499 1645 I am_wtf : [0,1499,system_server,-1,DisplayDeviceConfig,requesting nits when no mapping exists.]
11-19 04:14:39.539 1499 1645 I am_wtf : [0,1499,system_server,-1,DisplayDeviceConfig,requesting nits when no mapping exists.]
11-19 04:14:39.554 1499 1645 I am_wtf : [0,1499,system_server,-1,DisplayDeviceConfig,requesting nits when no mapping exists.]
11-19 04:14:39.561 1499 1645 I am_wtf : [0,1499,system_server,-1,DisplayDeviceConfig,requesting nits when no mapping exists.]
11-19 04:14:39.571 1499 1645 I am_wtf : [0,1499,system_server,-1,DisplayDeviceConfig,requesting nits when no mapping exists.]
11-19 04:14:39.572 1499 1645 I am_wtf : [0,1499,system_server,-1,DisplayDeviceConfig,requesting nits when no mapping exists.]
11-19 04:14:39.586 1499 1645 I am_wtf : [0,1499,system_server,-1,DisplayDeviceConfig,requesting nits when no mapping exists.]
11-19 04:14:39.587 1499 1645 I am_wtf : [0,1499,system_server,-1,DisplayDeviceConfig,requesting nits when no mapping exists.]
11-19 04:14:39.603 1499 1645 I am_wtf : [0,1499,system_server,-1,DisplayDeviceConfig,requesting nits when no mapping exists.]
11-19 04:14:39.604 1499 1645 I am_wtf : [0,1499,system_server,-1,DisplayDeviceConfig,requesting nits when no mapping exists.]
11-19 04:14:39.619 1499 1645 I am_wtf : [0,1499,system_server,-1,DisplayDeviceConfig,requesting nits when no mapping exists.]
11-19 04:14:39.620 1499 1645 I am_wtf : [0,1499,system_server,-1,DisplayDeviceConfig,requesting nits when no mapping exists.]
11-19 04:14:39.636 1499 1645 I am_wtf : [0,1499,system_server,-1,DisplayDeviceConfig,requesting nits when no mapping exists.]
11-19 04:14:39.637 1499 1645 I am_wtf : [0,1499,system_server,-1,DisplayDeviceConfig,requesting nits when no mapping exists.]
