11-19 04:08:30.304 9056 9056 I wm_on_top_resumed_gained_called: [148190298,com.android.music.MusicBrowserActivity,topWhenResuming]
11-19 04:08:30.323 1499 1499 I notification_enqueue: [10090,9056,com.android.music,1,NULL,0,Notification(channel=Channel-music shortcut=null contentView=null vibrate=null sound=null defaults=0x0 flags=0x40 color=0x00000000 category=transport actions=4 vis=PRIVATE),0]
11-19 04:08:30.325 1499 1499 I notification_enqueue: [10090,9056,com.android.music,1,NULL,0,Notification(channel=Channel-music shortcut=null contentView=null vibrate=null sound=null defaults=0x0 flags=0x40 color=0x00000000 category=transport actions=4 vis=PRIVATE),0]
11-19 04:08:30.334 1499 1499 I notification_enqueue: [10090,9056,com.android.music,1,NULL,0,Notification(channel=Channel-music shortcut=null contentView=null vibrate=null sound=null defaults=0x0 flags=0x40 color=0x00000000 category=transport actions=4 vis=PRIVATE),0]
11-19 04:08:30.339 1499 1499 I notification_enqueue: [10090,9056,com.android.music,1,NULL,0,Notification(channel=Channel-music shortcut=null contentView=null vibrate=null sound=null defaults=0x0 flags=0x40 color=0x00000000 category=transport actions=4 vis=PRIVATE),0]
11-19 04:08:30.340 1499 1499 I notification_enqueue: [10090,9056,com.android.music,1,NULL,0,Notification(channel=Channel-music shortcut=null contentView=null vibrate=null sound=null defaults=0x0 flags=0x40 color=0x00000000 category=transport actions=4 vis=PRIVATE),0]
11-19 04:08:30.342 1499 1499 I notification_enqueue: [10090,9056,com.android.music,1,NULL,0,Notification(channel=Channel-music shortcut=null contentView=null vibrate=null sound=null defaults=0x0 flags=0x40 color=0x00000000 category=transport actions=4 vis=PRIVATE),0]
11-19 04:08:30.526 1499 1499 I sysui_multi_action: [757,1501,758,1,793,202,794,0,795,202,796,1,806,com.android.music,857,Channel-music,858,2,947,0,1500,0,1641,transport,1688,1,1745,1043716538]
11-19 04:08:30.526 1499 1499 I sysui_multi_action: [757,804,799,note_interruptive,801,0,802,1]
11-19 04:08:30.599 1499 1499 I sysui_multi_action: [757,128,758,5,759,8,793,9720752,794,0,795,9720752,796,1,797,empty_media,806,com.android.systemui,857,empty_media_style_id,858,4,947,0,1500,9720550,1641,transport,1688,1,1745,1043716538]
11-19 04:08:30.600 1499 1499 I notification_canceled: [0|com.android.systemui|1|empty_media|10081,8,9720752,9720752,0,-1,-1,NULL]
11-19 04:08:30.668 1499 1637 I wm_stop_activity: [0,19758722,com.android.launcher3/.uioverrides.QuickstepLauncher]
11-19 04:08:30.674 2802 2802 I wm_on_paused_called: [19758722,com.android.launcher3.uioverrides.QuickstepLauncher,performPause]
11-19 04:08:30.682 2802 2802 I wm_on_stop_called: [19758722,com.android.launcher3.uioverrides.QuickstepLauncher,STOP_ACTIVITY_ITEM]
11-19 04:08:30.684 1499 1644 I am_pss : [8832,10066,com.android.gallery3d,7744512,5148672,0,93683712,0,19,6]
11-19 04:08:31.510 1499 2761 I wm_task_moved: [1,0,0]
11-19 04:08:31.511 1499 2761 I wm_task_moved: [1,0,5]
11-19 04:08:31.538 2802 2802 I wm_on_restart_called: [19758722,com.android.launcher3.uioverrides.QuickstepLauncher,performRestartActivity]
11-19 04:08:31.553 2802 2802 I wm_on_start_called: [19758722,com.android.launcher3.uioverrides.QuickstepLauncher,handleStartActivity]
11-19 04:08:31.575 1499 1634 I sysui_multi_action: [319,14,322,60,325,10190,757,761,758,9,759,5,806,com.android.launcher3,871,com.android.launcher3.uioverrides.QuickstepLauncher,905,0,1320,8,1321,5]
11-19 04:08:31.581 9056 9056 I view_enqueue_input_event: [Motion - Cancel,com.android.music/com.android.music.MusicBrowserActivity]
11-19 04:08:31.583 2802 2802 I sysui_latency: [1,79]
11-19 04:08:31.587 1499 1638 I input_focus: [Focus request recents_animation_input_consumer,reason=UpdateInputWindows]
11-19 04:08:31.588 1499 1831 I input_interaction: Interaction with: edge-swipe (server), swipe-up (server), PointerEventDispatcher0 (server),
11-19 04:08:31.620 1499 1831 I input_focus: [Focus leaving a72c586 com.android.music/com.android.music.MusicBrowserActivity (server),reason=NOT_FOCUSABLE]
11-19 04:08:31.620 1499 1831 I input_focus: [Focus entering recents_animation_input_consumer (server),reason=setFocusedWindow]
11-19 04:08:31.759 1499 1759 I commit_sys_config_file: [settings-1-0,10]
11-19 04:08:31.872 1499 1644 I sysui_latency: [8,80]
11-19 04:08:32.530 1499 1759 I commit_sys_config_file: [settings-1-0,11]
11-19 04:08:32.835 1499 1831 I input_interaction: Interaction with: 632f7bf com.android.launcher3/com.android.launcher3.uioverrides.QuickstepLauncher (server), edge-swipe (server), swipe-up (server), PointerEventDispatcher0 (server),
11-19 04:08:33.131 0 0 I auditd : type=1400 audit(0.0:5993): avc: denied { kill } for comm="swapper/3" capability=5 scontext=u:r:kernel:s0 tcontext=u:r:kernel:s0 tclass=capability permissive=0
11-19 04:08:33.257 1499 6279 I wm_task_moved: [1,1,6]
11-19 04:08:33.264 1499 6279 I wm_focused_root_task: [0,0,1,38,RecentsAnimation.onAnimationFinished()]
11-19 04:08:33.269 1499 6279 I wm_pause_activity: [0,148190298,com.android.music/.MusicBrowserActivity,userLeaving=false,pauseBackTasks]
11-19 04:08:33.273 9056 9056 I wm_on_top_resumed_lost_called: [148190298,com.android.music.MusicBrowserActivity,topStateChangedWhenResumed]
11-19 04:08:33.273 1499 6279 I wm_set_resumed_activity: [0,com.android.launcher3/.uioverrides.QuickstepLauncher,resumeTopActivityInnerLocked]
11-19 04:08:33.275 1499 6279 I wm_resume_activity: [0,19758722,10,com.android.launcher3/.uioverrides.QuickstepLauncher]
11-19 04:08:33.276 2802 2802 I wm_on_resume_called: [19758722,com.android.launcher3.uioverrides.QuickstepLauncher,RESUME_ACTIVITY]
11-19 04:08:33.276 1499 6279 I wm_add_to_stopping: [0,148190298,com.android.music/.MusicBrowserActivity,makeInvisible]
11-19 04:08:33.288 1499 1638 I input_focus: [Focus request 632f7bf com.android.launcher3/com.android.launcher3.uioverrides.QuickstepLauncher,reason=UpdateInputWindows]
11-19 04:08:33.289 1499 1637 I sysui_multi_action: [757,803,799,window_time_0,802,5]
11-19 04:08:33.291 1499 1831 I input_focus: [Focus leaving recents_animation_input_consumer (server),reason=NOT_VISIBLE]
11-19 04:08:33.296 9056 9056 I wm_on_paused_called: [148190298,com.android.music.MusicBrowserActivity,performPause]
11-19 04:08:33.298 1499 1637 I wm_stop_activity: [0,148190298,com.android.music/.MusicBrowserActivity]
11-19 04:08:33.300 1499 1637 I sysui_multi_action: [757,803,799,window_time_0,802,0]
11-19 04:08:33.307 2802 2802 I wm_on_top_resumed_gained_called: [19758722,com.android.launcher3.uioverrides.QuickstepLauncher,topStateChangedWhenResumed]
11-19 04:08:33.307 1499 1831 I input_focus: [Focus entering 632f7bf com.android.launcher3/com.android.launcher3.uioverrides.QuickstepLauncher (server),reason=setFocusedWindow]
11-19 04:08:33.314 9056 9056 I wm_on_stop_called: [148190298,com.android.music.MusicBrowserActivity,STOP_ACTIVITY_ITEM]
11-19 04:08:33.390 1499 2759 I wm_finish_activity: [0,148190298,38,com.android.music/.MusicBrowserActivity,recent-task-trimmed]
11-19 04:08:33.391 1499 2759 I wm_destroy_activity: [0,148190298,38,com.android.music/.MusicBrowserActivity,finish-imm:finishIfPossible]
11-19 04:08:33.397 1499 1637 I sysui_multi_action: [757,803,799,window_time_0,802,0]
11-19 04:08:33.402 9056 9056 I wm_on_destroy_called: [148190298,com.android.music.MusicBrowserActivity,performDestroy]
11-19 04:08:33.418 1499 6279 I wm_task_removed: [38,removeChild:removeChild last r=ActivityRecord{8d5345a u0 com.android.music/.MusicBrowserActivity t-1 f}} in t=Task{adec05 #38 type=standard A=10090:android.task.music U=0 visible=false mode=fullscreen translucent=true sz=0}]
11-19 04:08:33.418 1499 6279 I wm_task_removed: [38,removeChild]
11-19 04:08:33.425 1499 1499 I sysui_multi_action: [757,128,758,5,759,8,793,3084,794,0,795,3084,796,1,806,com.android.music,857,Channel-music,858,2,947,0,1500,3084,1641,transport,1688,1,1745,1043716538]
11-19 04:08:33.426 1499 1499 I notification_canceled: [0|com.android.music|1|null|10090,8,3084,3084,0,-1,-1,NULL]
11-19 04:08:33.435 1499 1645 I am_uid_running: 10025
11-19 04:08:33.440 1499 2759 I sysui_multi_action: [757,856,758,2,806,com.android.music,857,Channel-music,858,2]
11-19 04:08:33.441 1499 1499 I notification_cancel_all: [1000,1499,com.android.music,0,0,0,20,NULL]
11-19 04:08:33.446 1499 1646 I am_proc_start: [0,9112,10025,com.android.musicfx,broadcast,{com.android.musicfx/com.android.musicfx.ControlPanelReceiver}]
11-19 04:08:33.465 1499 1499 I notification_enqueue: [10081,2342,com.android.systemui,1,empty_media,0,Notification(channel=empty_media_style_id shortcut=null contentView=null vibrate=null sound=null defaults=0x0 flags=0x20 color=0x00000000 category=transport actions=4 vis=PRIVATE),0]
11-19 04:08:33.466 1499 2761 I am_proc_bound: [0,9112,com.android.musicfx]
11-19 04:08:33.667 1499 1499 I sysui_multi_action: [757,1501,758,1,793,203,794,0,795,203,796,1,797,empty_media,806,com.android.systemui,857,empty_media_style_id,858,4,947,0,1500,0,1641,transport,1688,1,1745,1043716538]
11-19 04:08:33.668 1499 1499 I sysui_multi_action: [757,804,799,note_interruptive,801,0,802,1]
11-19 04:08:33.671 1499 1831 I input_interaction: Interaction with: 632f7bf com.android.launcher3/com.android.launcher3.uioverrides.QuickstepLauncher (server), a1d9774 com.android.systemui.ImageWallpaper (server), edge-swipe (server), swipe-up (server), PointerEventDispatcher0 (server),
11-19 04:08:33.702 1499 1636 I commit_sys_config_file: [notification-policy,10171238]
11-19 04:08:33.779 1499 2759 I wm_task_created: [39,-1]
11-19 04:08:33.783 1499 2759 I wm_task_moved: [39,1,6]
11-19 04:08:33.783 1499 2759 I wm_task_to_front: [0,39]
11-19 04:08:33.784 1499 2759 I wm_create_task: [0,39]
11-19 04:08:33.784 1499 2759 I wm_create_activity: [0,69923240,39,com.android.calendar/.AllInOneActivity,NULL,NULL,NULL,268468224]
11-19 04:08:33.784 1499 2759 I wm_task_moved: [39,1,6]
11-19 04:08:33.791 1499 1637 I am_uid_running: 10062
11-19 04:08:33.792 2802 2802 I wm_on_top_resumed_lost_called: [19758722,com.android.launcher3.uioverrides.QuickstepLauncher,topStateChangedWhenResumed]
11-19 04:08:33.802 1499 1646 I am_proc_start: [0,9133,10062,com.android.calendar,top-activity,{com.android.calendar/com.android.calendar.AllInOneActivity}]
11-19 04:08:33.815 1499 6279 I am_proc_bound: [0,9133,com.android.calendar]
11-19 04:08:33.818 1499 6279 I wm_restart_activity: [0,69923240,39,com.android.calendar/.AllInOneActivity]
11-19 04:08:33.819 1499 6279 I wm_set_resumed_activity: [0,com.android.calendar/.AllInOneActivity,minimalResumeActivityLocked]
11-19 04:08:33.819 1499 6279 I am_uid_active: 10062
11-19 04:08:33.840 1499 5215 I am_uid_running: 10021
11-19 04:08:33.850 1499 1646 I am_proc_start: [0,9155,10021,com.android.providers.calendar,content provider,{com.android.providers.calendar/com.android.providers.calendar.CalendarProvider2}]
11-19 04:08:33.861 9133 9133 I wm_on_create_called: [69923240,com.android.calendar.AllInOneActivity,performCreate]
11-19 04:08:33.871 1499 5215 I am_proc_bound: [0,9155,com.android.providers.calendar]
11-19 04:08:33.875 1499 5215 I am_uid_active: 10021
11-19 04:08:33.876 9133 9133 I wm_on_start_called: [69923240,com.android.calendar.AllInOneActivity,handleStartActivity]
11-19 04:08:33.878 9133 9133 I wm_on_resume_called: [69923240,com.android.calendar.AllInOneActivity,RESUME_ACTIVITY]
11-19 04:08:33.887 9133 9133 I wm_on_top_resumed_gained_called: [69923240,com.android.calendar.AllInOneActivity,topStateChangedWhenResumed]
11-19 04:08:33.900 1499 1638 I input_focus: [Focus request f2acaa2 com.android.calendar/com.android.calendar.AllInOneActivity,reason=UpdateInputWindows]
11-19 04:08:33.925 1499 1831 I input_focus: [Focus leaving 632f7bf com.android.launcher3/com.android.launcher3.uioverrides.QuickstepLauncher (server),reason=Waiting for window because NOT_VISIBLE]
11-19 04:08:33.978 1499 1634 I sysui_multi_action: [319,199,322,198,325,10193,757,761,758,7,759,2,806,com.android.calendar,871,com.android.calendar.AllInOneActivity,904,com.android.launcher3,905,0,945,41,1320,4,1321,1]
11-19 04:08:33.980 1499 1634 I wm_activity_launch_time: [0,69923240,com.android.calendar/.AllInOneActivity,198]
11-19 04:08:33.992 1499 1831 I input_focus: [Focus entering f2acaa2 com.android.calendar/com.android.calendar.AllInOneActivity (server),reason=Window became focusable. Previous reason: NOT_VISIBLE]
11-19 04:08:34.131 0 0 I auditd : type=1400 audit(0.0:5994): avc: denied { kill } for comm="swapper/3" capability=5 scontext=u:r:kernel:s0 tcontext=u:r:kernel:s0 tclass=capability permissive=0
11-19 04:08:34.864 1499 1831 I input_interaction: Interaction with: f2acaa2 com.android.calendar/com.android.calendar.AllInOneActivity (server), edge-swipe (server), swipe-up (server), PointerEventDispatcher0 (server),
11-19 04:08:35.049 1499 6279 I wm_relaunch_resume_activity: [0,69923240,39,com.android.calendar/.AllInOneActivity]
11-19 04:08:35.050 1499 6279 I wm_add_to_stopping: [0,19758722,com.android.launcher3/.uioverrides.QuickstepLauncher,makeInvisible]
11-19 04:08:35.057 9133 9133 I wm_on_top_resumed_lost_called: [69923240,com.android.calendar.AllInOneActivity,pausing]
11-19 04:08:35.063 9133 9133 I wm_on_paused_called: [69923240,com.android.calendar.AllInOneActivity,performPause]
11-19 04:08:35.063 9133 9133 I wm_on_stop_called: [69923240,com.android.calendar.AllInOneActivity,handleRelaunchActivity]
11-19 04:08:35.064 9133 9133 I wm_on_destroy_called: [69923240,com.android.calendar.AllInOneActivity,performDestroy]
11-19 04:08:35.080 9133 9133 I wm_on_create_called: [69923240,com.android.calendar.AllInOneActivity,performCreate]
11-19 04:08:35.093 9133 9133 I wm_on_start_called: [69923240,com.android.calendar.AllInOneActivity,handleStartActivity]
11-19 04:08:35.097 9133 9133 I wm_on_resume_called: [69923240,com.android.calendar.AllInOneActivity,RESUME_ACTIVITY]
11-19 04:08:35.097 9133 9133 I wm_on_top_resumed_gained_called: [69923240,com.android.calendar.AllInOneActivity,topWhenResuming]
11-19 04:08:35.465 1499 1637 I wm_stop_activity: [0,19758722,com.android.launcher3/.uioverrides.QuickstepLauncher]
11-19 04:08:35.495 2802 2802 I wm_on_paused_called: [19758722,com.android.launcher3.uioverrides.QuickstepLauncher,performPause]
11-19 04:08:35.506 2802 2802 I wm_on_stop_called: [19758722,com.android.launcher3.uioverrides.QuickstepLauncher,STOP_ACTIVITY_ITEM]
11-19 04:08:36.131 0 0 I auditd : type=1400 audit(0.0:5995): avc: denied { kill } for comm="swapper/3" capability=5 scontext=u:r:kernel:s0 tcontext=u:r:kernel:s0 tclass=capability permissive=0
11-19 04:08:36.616 1499 6279 I wm_task_moved: [1,0,0]
11-19 04:08:36.617 1499 6279 I wm_task_moved: [1,0,5]
11-19 04:08:36.628 2802 2802 I wm_on_restart_called: [19758722,com.android.launcher3.uioverrides.QuickstepLauncher,performRestartActivity]
11-19 04:08:36.651 2802 2802 I wm_on_start_called: [19758722,com.android.launcher3.uioverrides.QuickstepLauncher,handleStartActivity]
11-19 04:08:36.666 9133 9133 I view_enqueue_input_event: [Motion - Cancel,com.android.calendar/com.android.calendar.AllInOneActivity]
11-19 04:08:36.667 2802 2802 I sysui_latency: [1,86]
11-19 04:08:36.673 1499 1638 I input_focus: [Focus request recents_animation_input_consumer,reason=UpdateInputWindows]
11-19 04:08:36.678 1499 1634 I sysui_multi_action: [319,14,322,54,325,10195,757,761,758,9,759,5,806,com.android.launcher3,871,com.android.launcher3.uioverrides.QuickstepLauncher,905,0,1320,8,1321,5]
11-19 04:08:36.678 1499 1831 I input_interaction: Interaction with: edge-swipe (server), swipe-up (server), PointerEventDispatcher0 (server),
11-19 04:08:36.698 1499 1831 I input_focus: [Focus leaving f2acaa2 com.android.calendar/com.android.calendar.AllInOneActivity (server),reason=NOT_FOCUSABLE]
11-19 04:08:36.698 1499 1831 I input_focus: [Focus entering recents_animation_input_consumer (server),reason=setFocusedWindow]
11-19 04:08:36.861 1499 1759 I commit_sys_config_file: [settings-1-0,12]
11-19 04:08:36.972 1499 1644 I sysui_latency: [8,87]
11-19 04:08:37.131 7348 7348 I auditd : type=1400 audit(0.0:5996): avc: denied { kill } for comm="kworker/u17:5" capability=5 scontext=u:r:kernel:s0 tcontext=u:r:kernel:s0 tclass=capability permissive=0
11-19 04:08:37.594 1499 1759 I commit_sys_config_file: [settings-1-0,11]
11-19 04:08:38.116 1499 1831 I input_interaction: Interaction with: 632f7bf com.android.launcher3/com.android.launcher3.uioverrides.QuickstepLauncher (server), edge-swipe (server), swipe-up (server), PointerEventDispatcher0 (server),
11-19 04:08:38.131 0 0 I auditd : type=1400 audit(0.0:5997): avc: denied { kill } for comm="swapper/3" capability=5 scontext=u:r:kernel:s0 tcontext=u:r:kernel:s0 tclass=capability permissive=0
11-19 04:08:38.225 1499 2759 I wm_task_created: [40,-1]
11-19 04:08:38.241 1499 2759 I wm_task_moved: [40,1,7]
11-19 04:08:38.241 1499 2759 I wm_task_to_front: [0,40]
11-19 04:08:38.242 1499 2759 I wm_create_task: [0,40]
11-19 04:08:38.242 1499 2759 I wm_create_activity: [0,228511047,40,com.android.music/.MusicBrowserActivity,NULL,NULL,NULL,268468224]
11-19 04:08:38.242 1499 2759 I wm_task_moved: [40,1,7]
11-19 04:08:38.243 9133 9133 I wm_on_top_resumed_lost_called: [69923240,com.android.calendar.AllInOneActivity,topStateChangedWhenResumed]
11-19 04:08:38.246 1499 2759 I wm_restart_activity: [0,228511047,40,com.android.music/.MusicBrowserActivity]
11-19 04:08:38.247 1499 2759 I wm_set_resumed_activity: [0,com.android.music/.MusicBrowserActivity,minimalResumeActivityLocked]
11-19 04:08:38.307 9056 9056 I wm_on_create_called: [228511047,com.android.music.MusicBrowserActivity,performCreate]
11-19 04:08:38.314 9056 9056 I wm_on_start_called: [228511047,com.android.music.MusicBrowserActivity,handleStartActivity]
11-19 04:08:38.314 9056 9056 I wm_on_resume_called: [228511047,com.android.music.MusicBrowserActivity,RESUME_ACTIVITY]
11-19 04:08:38.316 9056 9056 I wm_on_top_resumed_gained_called: [228511047,com.android.music.MusicBrowserActivity,topStateChangedWhenResumed]
11-19 04:08:38.328 1499 2761 I sysui_multi_action: [757,856,758,1,806,com.android.music,857,Channel-music,858,2]
11-19 04:08:38.333 1499 1499 I notification_enqueue: [10090,9056,com.android.music,1,NULL,0,Notification(channel=Channel-music shortcut=null contentView=null vibrate=null sound=null defaults=0x0 flags=0x0 color=0x00000000 category=transport actions=4 vis=PRIVATE),0]
11-19 04:08:38.334 1499 1499 I notification_enqueue: [10090,9056,com.android.music,1,NULL,0,Notification(channel=Channel-music shortcut=null contentView=null vibrate=null sound=null defaults=0x0 flags=0x40 color=0x00000000 category=transport actions=4 vis=PRIVATE),0]
11-19 04:08:38.339 1499 1499 I notification_enqueue: [10090,9056,com.android.music,1,NULL,0,Notification(channel=Channel-music shortcut=null contentView=null vibrate=null sound=null defaults=0x0 flags=0x40 color=0x00000000 category=transport actions=4 vis=PRIVATE),0]
11-19 04:08:38.341 1499 1499 I notification_enqueue: [10090,9056,com.android.music,1,NULL,0,Notification(channel=Channel-music shortcut=null contentView=null vibrate=null sound=null defaults=0x0 flags=0x40 color=0x00000000 category=transport actions=4 vis=PRIVATE),0]
11-19 04:08:38.350 1499 1499 I notification_enqueue: [10090,9056,com.android.music,1,NULL,0,Notification(channel=Channel-music shortcut=null contentView=null vibrate=null sound=null defaults=0x0 flags=0x40 color=0x00000000 category=transport actions=4 vis=PRIVATE),0]
11-19 04:08:38.354 1499 1499 I notification_enqueue: [10090,9056,com.android.music,1,NULL,0,Notification(channel=Channel-music shortcut=null contentView=null vibrate=null sound=null defaults=0x0 flags=0x40 color=0x00000000 category=transport actions=4 vis=PRIVATE),0]
11-19 04:08:38.364 1499 1638 I input_focus: [Focus request 31e0cc5 com.android.music/com.android.music.MusicBrowserActivity,reason=UpdateInputWindows]
11-19 04:08:38.375 1499 1499 I sysui_multi_action: [757,128,758,5,759,8,793,43,794,0,795,43,796,1,806,com.android.music,857,Channel-music,858,2,947,0,1500,43,1641,transport,1688,1,1745,1043716538]
11-19 04:08:38.376 1499 1499 I notification_canceled: [0|com.android.music|1|null|10090,8,43,43,0,-1,-1,NULL]
11-19 04:08:38.379 1499 1634 I sysui_multi_action: [319,156,322,156,325,10197,757,761,758,8,759,2,806,com.android.music,871,com.android.music.MusicBrowserActivity,904,com.android.launcher3,905,0,1320,4,1321,1]
11-19 04:08:38.380 1499 1634 I wm_activity_launch_time: [0,228511047,com.android.music/.MusicBrowserActivity,156]
11-19 04:08:38.387 1499 1831 I input_focus: [Focus leaving recents_animation_input_consumer (server),reason=setFocusedWindow]
11-19 04:08:38.387 1499 1831 I input_focus: [Focus entering 31e0cc5 com.android.music/com.android.music.MusicBrowserActivity (server),reason=setFocusedWindow]
11-19 04:08:38.586 1499 1636 I commit_sys_config_file: [notification-policy,10176122]
11-19 04:08:38.680 1499 2759 I wm_task_moved: [1,1,7]
11-19 04:08:38.681 1499 2759 I wm_task_moved: [10,1,2147483647]
11-19 04:08:38.681 1499 2759 I wm_task_to_front: [0,10]
11-19 04:08:38.682 1499 2759 I wm_focused_root_task: [0,0,1,40,RecentsAnimation.onAnimationFinished()]
11-19 04:08:38.682 1499 2759 I wm_set_resumed_activity: [0,com.android.launcher3/.uioverrides.QuickstepLauncher,RecentsAnimation.onAnimationFinished()]
11-19 04:08:38.684 1499 2759 I wm_pause_activity: [0,69923240,com.android.calendar/.AllInOneActivity,userLeaving=true,pauseBackTasks]
11-19 04:08:38.686 1499 2759 I wm_add_to_stopping: [0,69923240,com.android.calendar/.AllInOneActivity,makeInvisible]
11-19 04:08:38.688 1499 2759 I wm_set_resumed_activity: [0,com.android.launcher3/.uioverrides.QuickstepLauncher,resumeTopActivityInnerLocked]
11-19 04:08:38.688 9056 9056 I wm_on_top_resumed_lost_called: [228511047,com.android.music.MusicBrowserActivity,topStateChangedWhenResumed]
11-19 04:08:38.691 9133 9133 I wm_on_paused_called: [69923240,com.android.calendar.AllInOneActivity,performPause]
11-19 04:08:38.691 1499 2759 I wm_resume_activity: [0,19758722,10,com.android.launcher3/.uioverrides.QuickstepLauncher]
11-19 04:08:38.692 2802 2802 I wm_on_resume_called: [19758722,com.android.launcher3.uioverrides.QuickstepLauncher,RESUME_ACTIVITY]
11-19 04:08:38.708 1499 1638 I input_focus: [Focus request 632f7bf com.android.launcher3/com.android.launcher3.uioverrides.QuickstepLauncher,reason=UpdateInputWindows]
11-19 04:08:38.711 2802 2802 I wm_on_top_resumed_gained_called: [19758722,com.android.launcher3.uioverrides.QuickstepLauncher,topStateChangedWhenResumed]
11-19 04:08:38.715 1499 2761 I wm_stop_activity: [0,69923240,com.android.calendar/.AllInOneActivity]
11-19 04:08:38.719 1499 1637 I sysui_multi_action: [757,803,799,window_time_0,802,6]
11-19 04:08:38.721 1499 1637 I sysui_multi_action: [757,803,799,window_time_0,802,0]
11-19 04:08:38.721 1499 1831 I input_focus: [Focus leaving 31e0cc5 com.android.music/com.android.music.MusicBrowserActivity (server),reason=setFocusedWindow]
11-19 04:08:38.721 1499 1831 I input_focus: [Focus entering 632f7bf com.android.launcher3/com.android.launcher3.uioverrides.QuickstepLauncher (server),reason=setFocusedWindow]
11-19 04:08:38.739 9133 9133 I wm_on_stop_called: [69923240,com.android.calendar.AllInOneActivity,STOP_ACTIVITY_ITEM]
11-19 04:08:39.131 0 0 I auditd : type=1400 audit(0.0:5998): avc: denied { kill } for comm="swapper/3" capability=5 scontext=u:r:kernel:s0 tcontext=u:r:kernel:s0 tclass=capability permissive=0
11-19 04:08:40.150 1499 1831 I input_interaction: Interaction with: 31e0cc5 com.android.music/com.android.music.MusicBrowserActivity (server), edge-swipe (server), swipe-up (server), PointerEventDispatcher0 (server),
11-19 04:08:40.159 1499 1637 I wm_task_moved: [40,1,7]
11-19 04:08:40.159 1499 1637 I wm_task_to_front: [0,40]
11-19 04:08:40.168 1499 1637 I wm_set_resumed_activity: [0,com.android.music/.MusicBrowserActivity,positionChildAt]
11-19 04:08:40.168 1499 1637 I wm_focused_root_task: [0,0,40,1,setFocusedTask]
11-19 04:08:40.168 1499 1637 I wm_set_resumed_activity: [0,com.android.music/.MusicBrowserActivity,setFocusedTask]
11-19 04:08:40.169 1499 1638 I input_focus: [Focus request 31e0cc5 com.android.music/com.android.music.MusicBrowserActivity,reason=UpdateInputWindows]
11-19 04:08:40.173 2802 2802 I wm_on_top_resumed_lost_called: [19758722,com.android.launcher3.uioverrides.QuickstepLauncher,topStateChangedWhenResumed]
11-19 04:08:40.177 9056 9056 I wm_on_top_resumed_gained_called: [228511047,com.android.music.MusicBrowserActivity,topStateChangedWhenResumed]
11-19 04:08:40.192 1499 1831 I input_focus: [Focus leaving 632f7bf com.android.launcher3/com.android.launcher3.uioverrides.QuickstepLauncher (server),reason=setFocusedWindow]
11-19 04:08:40.192 1499 1831 I input_focus: [Focus entering 31e0cc5 com.android.music/com.android.music.MusicBrowserActivity (server),reason=setFocusedWindow]
11-19 04:08:40.268 1499 5215 I wm_relaunch_resume_activity: [0,228511047,40,com.android.music/.MusicBrowserActivity]
11-19 04:08:40.268 1499 5215 I wm_add_to_stopping: [0,19758722,com.android.launcher3/.uioverrides.QuickstepLauncher,makeInvisible]
11-19 04:08:40.300 9056 9056 I wm_on_top_resumed_lost_called: [228511047,com.android.music.MusicBrowserActivity,pausing]
11-19 04:08:40.300 9056 9056 I wm_on_paused_called: [228511047,com.android.music.MusicBrowserActivity,performPause]
11-19 04:08:40.301 9056 9056 I wm_on_stop_called: [228511047,com.android.music.MusicBrowserActivity,handleRelaunchActivity]
11-19 04:08:40.304 9056 9056 I wm_on_destroy_called: [228511047,com.android.music.MusicBrowserActivity,performDestroy]
11-19 04:08:40.324 9056 9056 I wm_on_create_called: [228511047,com.android.music.MusicBrowserActivity,performCreate]
11-19 04:08:40.335 9056 9056 I wm_on_start_called: [228511047,com.android.music.MusicBrowserActivity,handleStartActivity]
11-19 04:08:40.336 9056 9056 I wm_on_resume_called: [228511047,com.android.music.MusicBrowserActivity,RESUME_ACTIVITY]
11-19 04:08:40.336 9056 9056 I wm_on_top_resumed_gained_called: [228511047,com.android.music.MusicBrowserActivity,topWhenResuming]
11-19 04:08:40.353 1499 1499 I notification_enqueue: [10090,9056,com.android.music,1,NULL,0,Notification(channel=Channel-music shortcut=null contentView=null vibrate=null sound=null defaults=0x0 flags=0x40 color=0x00000000 category=transport actions=4 vis=PRIVATE),0]
11-19 04:08:40.354 1499 1499 I notification_enqueue: [10090,9056,com.android.music,1,NULL,0,Notification(channel=Channel-music shortcut=null contentView=null vibrate=null sound=null defaults=0x0 flags=0x40 color=0x00000000 category=transport actions=4 vis=PRIVATE),0]
11-19 04:08:40.362 1499 1499 I notification_enqueue: [10090,9056,com.android.music,1,NULL,0,Notification(channel=Channel-music shortcut=null contentView=null vibrate=null sound=null defaults=0x0 flags=0x40 color=0x00000000 category=transport actions=4 vis=PRIVATE),0]
11-19 04:08:40.371 1499 1499 I notification_enqueue: [10090,9056,com.android.music,1,NULL,0,Notification(channel=Channel-music shortcut=null contentView=null vibrate=null sound=null defaults=0x0 flags=0x40 color=0x00000000 category=transport actions=4 vis=PRIVATE),0]
11-19 04:08:40.376 1499 1499 I notification_enqueue: [10090,9056,com.android.music,1,NULL,0,Notification(channel=Channel-music shortcut=null contentView=null vibrate=null sound=null defaults=0x0 flags=0x40 color=0x00000000 category=transport actions=4 vis=PRIVATE),0]
11-19 04:08:40.377 1499 1499 I notification_enqueue: [10090,9056,com.android.music,1,NULL,0,Notification(channel=Channel-music shortcut=null contentView=null vibrate=null sound=null defaults=0x0 flags=0x40 color=0x00000000 category=transport actions=4 vis=PRIVATE),0]
11-19 04:08:40.555 1499 1499 I sysui_multi_action: [757,1501,758,1,793,203,794,0,795,203,796,1,806,com.android.music,857,Channel-music,858,2,947,0,1500,0,1641,transport,1688,1,1745,1043716538]
11-19 04:08:40.555 1499 1499 I sysui_multi_action: [757,804,799,note_interruptive,801,0,802,1]
11-19 04:08:40.615 1499 1499 I sysui_multi_action: [757,128,758,5,759,8,793,7151,794,0,795,7151,796,1,797,empty_media,806,com.android.systemui,857,empty_media_style_id,858,4,947,0,1500,6948,1641,transport,1688,1,1745,1043716538]
11-19 04:08:40.616 1499 1499 I notification_canceled: [0|com.android.systemui|1|empty_media|10081,8,7151,7151,0,-1,-1,NULL]
11-19 04:08:40.690 1499 1637 I wm_stop_activity: [0,19758722,com.android.launcher3/.uioverrides.QuickstepLauncher]
11-19 04:08:40.698 2802 2802 I wm_on_paused_called: [19758722,com.android.launcher3.uioverrides.QuickstepLauncher,performPause]
11-19 04:08:40.703 2802 2802 I wm_on_stop_called: [19758722,com.android.launcher3.uioverrides.QuickstepLauncher,STOP_ACTIVITY_ITEM]
11-19 04:08:42.131 0 0 I auditd : type=1400 audit(0.0:5999): avc: denied { kill } for comm="swapper/3" capability=5 scontext=u:r:kernel:s0 tcontext=u:r:kernel:s0 tclass=capability permissive=0
11-19 04:08:43.131 0 0 I auditd : type=1400 audit(0.0:6000): avc: denied { kill } for comm="swapper/3" capability=5 scontext=u:r:kernel:s0 tcontext=u:r:kernel:s0 tclass=capability permissive=0
11-19 04:08:44.131 0 0 I auditd : type=1400 audit(0.0:6001): avc: denied { kill } for comm="swapper/3" capability=5 scontext=u:r:kernel:s0 tcontext=u:r:kernel:s0 tclass=capability permissive=0
11-19 04:08:45.131 0 0 I auditd : type=1400 audit(0.0:6002): avc: denied { kill } for comm="swapper/3" capability=5 scontext=u:r:kernel:s0 tcontext=u:r:kernel:s0 tclass=capability permissive=0
11-19 04:08:46.131 0 0 I auditd : type=1400 audit(0.0:6003): avc: denied { kill } for comm="swapper/3" capability=5 scontext=u:r:kernel:s0 tcontext=u:r:kernel:s0 tclass=capability permissive=0
11-19 04:08:47.131 0 0 I auditd : type=1400 audit(0.0:6004): avc: denied { kill } for comm="swapper/3" capability=5 scontext=u:r:kernel:s0 tcontext=u:r:kernel:s0 tclass=capability permissive=0
11-19 04:08:48.131 0 0 I auditd : type=1400 audit(0.0:6005): avc: denied { kill } for comm="swapper/3" capability=5 scontext=u:r:kernel:s0 tcontext=u:r:kernel:s0 tclass=capability permissive=0
11-19 04:08:49.131 0 0 I auditd : type=1400 audit(0.0:6006): avc: denied { kill } for comm="swapper/3" capability=5 scontext=u:r:kernel:s0 tcontext=u:r:kernel:s0 tclass=capability permissive=0
11-19 04:08:50.131 0 0 I auditd : type=1400 audit(0.0:6007): avc: denied { kill } for comm="swapper/3" capability=5 scontext=u:r:kernel:s0 tcontext=u:r:kernel:s0 tclass=capability permissive=0
11-19 04:08:51.131 0 0 I auditd : type=1400 audit(0.0:6008): avc: denied { kill } for comm="swapper/3" capability=5 scontext=u:r:kernel:s0 tcontext=u:r:kernel:s0 tclass=capability permissive=0
11-19 04:08:52.131 0 0 I auditd : type=1400 audit(0.0:6009): avc: denied { kill } for comm="swapper/3" capability=5 scontext=u:r:kernel:s0 tcontext=u:r:kernel:s0 tclass=capability permissive=0
11-19 04:08:54.131 0 0 I auditd : type=1400 audit(0.0:6010): avc: denied { kill } for comm="swapper/3" capability=5 scontext=u:r:kernel:s0 tcontext=u:r:kernel:s0 tclass=capability permissive=0
11-19 04:08:55.131 0 0 I auditd : type=1400 audit(0.0:6011): avc: denied { kill } for comm="swapper/3" capability=5 scontext=u:r:kernel:s0 tcontext=u:r:kernel:s0 tclass=capability permissive=0
11-19 04:08:56.131 0 0 I auditd : type=1400 audit(0.0:6012): avc: denied { kill } for comm="swapper/3" capability=5 scontext=u:r:kernel:s0 tcontext=u:r:kernel:s0 tclass=capability permissive=0
11-19 04:08:57.131 0 0 I auditd : type=1400 audit(0.0:6013): avc: denied { kill } for comm="swapper/3" capability=5 scontext=u:r:kernel:s0 tcontext=u:r:kernel:s0 tclass=capability permissive=0
11-19 04:08:58.131 0 0 I auditd : type=1400 audit(0.0:6014): avc: denied { kill } for comm="swapper/3" capability=5 scontext=u:r:kernel:s0 tcontext=u:r:kernel:s0 tclass=capability permissive=0
11-19 04:08:59.131 0 0 I auditd : type=1400 audit(0.0:6015): avc: denied { kill } for comm="swapper/3" capability=5 scontext=u:r:kernel:s0 tcontext=u:r:kernel:s0 tclass=capability permissive=0
11-19 04:09:00.131 0 0 I auditd : type=1400 audit(0.0:6016): avc: denied { kill } for comm="swapper/3" capability=5 scontext=u:r:kernel:s0 tcontext=u:r:kernel:s0 tclass=capability permissive=0
11-19 04:09:01.131 0 0 I auditd : type=1400 audit(0.0:6017): avc: denied { kill } for comm="swapper/3" capability=5 scontext=u:r:kernel:s0 tcontext=u:r:kernel:s0 tclass=capability permissive=0
11-19 04:09:02.131 0 0 I auditd : type=1400 audit(0.0:6018): avc: denied { kill } for comm="swapper/3" capability=5 scontext=u:r:kernel:s0 tcontext=u:r:kernel:s0 tclass=capability permissive=0
11-19 04:09:03.131 0 0 I auditd : type=1400 audit(0.0:6019): avc: denied { kill } for comm="swapper/3" capability=5 scontext=u:r:kernel:s0 tcontext=u:r:kernel:s0 tclass=capability permissive=0
11-19 04:09:04.131 0 0 I auditd : type=1400 audit(0.0:6020): avc: denied { kill } for comm="swapper/3" capability=5 scontext=u:r:kernel:s0 tcontext=u:r:kernel:s0 tclass=capability permissive=0
11-19 04:09:05.131 0 0 I auditd : type=1400 audit(0.0:6021): avc: denied { kill } for comm="swapper/3" capability=5 scontext=u:r:kernel:s0 tcontext=u:r:kernel:s0 tclass=capability permissive=0
11-19 04:09:06.131 0 0 I auditd : type=1400 audit(0.0:6022): avc: denied { kill } for comm="swapper/3" capability=5 scontext=u:r:kernel:s0 tcontext=u:r:kernel:s0 tclass=capability permissive=0
11-19 04:09:07.131 0 0 I auditd : type=1400 audit(0.0:6023): avc: denied { kill } for comm="swapper/3" capability=5 scontext=u:r:kernel:s0 tcontext=u:r:kernel:s0 tclass=capability permissive=0
11-19 04:09:08.131 0 0 I auditd : type=1400 audit(0.0:6024): avc: denied { kill } for comm="swapper/3" capability=5 scontext=u:r:kernel:s0 tcontext=u:r:kernel:s0 tclass=capability permissive=0
11-19 04:09:09.131 0 0 I auditd : type=1400 audit(0.0:6025): avc: denied { kill } for comm="swapper/3" capability=5 scontext=u:r:kernel:s0 tcontext=u:r:kernel:s0 tclass=capability permissive=0
11-19 04:09:10.131 0 0 I auditd : type=1400 audit(0.0:6026): avc: denied { kill } for comm="swapper/3" capability=5 scontext=u:r:kernel:s0 tcontext=u:r:kernel:s0 tclass=capability permissive=0
11-19 04:09:11.131 0 0 I auditd : type=1400 audit(0.0:6027): avc: denied { kill } for comm="swapper/3" capability=5 scontext=u:r:kernel:s0 tcontext=u:r:kernel:s0 tclass=capability permissive=0
11-19 04:09:12.131 0 0 I auditd : type=1400 audit(0.0:6028): avc: denied { kill } for comm="swapper/3" capability=5 scontext=u:r:kernel:s0 tcontext=u:r:kernel:s0 tclass=capability permissive=0
11-19 04:09:13.131 0 0 I auditd : type=1400 audit(0.0:6029): avc: denied { kill } for comm="swapper/3" capability=5 scontext=u:r:kernel:s0 tcontext=u:r:kernel:s0 tclass=capability permissive=0
11-19 04:09:14.131 0 0 I auditd : type=1400 audit(0.0:6030): avc: denied { kill } for comm="swapper/3" capability=5 scontext=u:r:kernel:s0 tcontext=u:r:kernel:s0 tclass=capability permissive=0
11-19 04:09:15.131 0 0 I auditd : type=1400 audit(0.0:6031): avc: denied { kill } for comm="swapper/3" capability=5 scontext=u:r:kernel:s0 tcontext=u:r:kernel:s0 tclass=capability permissive=0
11-19 04:09:16.131 0 0 I auditd : type=1400 audit(0.0:6032): avc: denied { kill } for comm="swapper/3" capability=5 scontext=u:r:kernel:s0 tcontext=u:r:kernel:s0 tclass=capability permissive=0
11-19 04:09:17.131 0 0 I auditd : type=1400 audit(0.0:6033): avc: denied { kill } for comm="swapper/3" capability=5 scontext=u:r:kernel:s0 tcontext=u:r:kernel:s0 tclass=capability permissive=0
11-19 04:09:18.131 0 0 I auditd : type=1400 audit(0.0:6034): avc: denied { kill } for comm="swapper/3" capability=5 scontext=u:r:kernel:s0 tcontext=u:r:kernel:s0 tclass=capability permissive=0
11-19 04:09:19.131 0 0 I auditd : type=1400 audit(0.0:6035): avc: denied { kill } for comm="swapper/3" capability=5 scontext=u:r:kernel:s0 tcontext=u:r:kernel:s0 tclass=capability permissive=0
11-19 04:09:20.131 0 0 I auditd : type=1400 audit(0.0:6036): avc: denied { kill } for comm="swapper/3" capability=5 scontext=u:r:kernel:s0 tcontext=u:r:kernel:s0 tclass=capability permissive=0
11-19 04:09:21.131 0 0 I auditd : type=1400 audit(0.0:6037): avc: denied { kill } for comm="swapper/3" capability=5 scontext=u:r:kernel:s0 tcontext=u:r:kernel:s0 tclass=capability permissive=0
11-19 04:09:22.131 0 0 I auditd : type=1400 audit(0.0:6038): avc: denied { kill } for comm="swapper/3" capability=5 scontext=u:r:kernel:s0 tcontext=u:r:kernel:s0 tclass=capability permissive=0
11-19 04:09:23.131 0 0 I auditd : type=1400 audit(0.0:6039): avc: denied { kill } for comm="swapper/3" capability=5 scontext=u:r:kernel:s0 tcontext=u:r:kernel:s0 tclass=capability permissive=0
11-19 04:09:24.112 1499 6279 I wm_task_moved: [1,0,0]
11-19 04:09:24.113 1499 6279 I wm_task_moved: [1,0,6]
11-19 04:09:24.140 2802 2802 I wm_on_restart_called: [19758722,com.android.launcher3.uioverrides.QuickstepLauncher,performRestartActivity]
11-19 04:09:24.162 2802 2802 I wm_on_start_called: [19758722,com.android.launcher3.uioverrides.QuickstepLauncher,handleStartActivity]
11-19 04:09:24.179 1499 1634 I sysui_multi_action: [319,15,322,60,325,10243,757,761,758,9,759,5,806,com.android.launcher3,871,com.android.launcher3.uioverrides.QuickstepLauncher,905,0,1320,8,1321,5]
11-19 04:09:24.206 9056 9056 I view_enqueue_input_event: [Motion - Cancel,com.android.music/com.android.music.MusicBrowserActivity]
11-19 04:09:24.208 2802 2802 I sysui_latency: [1,84]
11-19 04:09:24.218 1499 1638 I input_focus: [Focus request recents_animation_input_consumer,reason=UpdateInputWindows]
11-19 04:09:24.218 1499 1831 I input_interaction: Interaction with: edge-swipe (server), swipe-up (server), PointerEventDispatcher0 (server),
11-19 04:09:24.245 1499 1831 I input_focus: [Focus leaving 31e0cc5 com.android.music/com.android.music.MusicBrowserActivity (server),reason=NOT_FOCUSABLE]
11-19 04:09:24.245 1499 1831 I input_focus: [Focus entering recents_animation_input_consumer (server),reason=setFocusedWindow]
11-19 04:09:24.369 1499 1759 I commit_sys_config_file: [settings-1-0,10]
11-19 04:09:24.474 1499 1644 I sysui_latency: [8,81]
11-19 04:09:25.045 1499 1759 I commit_sys_config_file: [settings-1-0,5]
11-19 04:09:25.131 7905 7905 I auditd : type=1400 audit(0.0:6040): avc: denied { kill } for comm="kworker/u17:0" capability=5 scontext=u:r:kernel:s0 tcontext=u:r:kernel:s0 tclass=capability permissive=0
11-19 04:09:25.157 1499 1645 I am_uid_idle: 10094
11-19 04:09:26.030 1499 1831 I input_interaction: Interaction with: 632f7bf com.android.launcher3/com.android.launcher3.uioverrides.QuickstepLauncher (server), edge-swipe (server), swipe-up (server), PointerEventDispatcher0 (server),
11-19 04:09:26.131 0 0 I auditd : type=1400 audit(0.0:6041): avc: denied { kill } for comm="swapper/3" capability=5 scontext=u:r:kernel:s0 tcontext=u:r:kernel:s0 tclass=capability permissive=0
11-19 04:09:26.165 1499 8917 I wm_relaunch_resume_activity: [0,228511047,40,com.android.music/.MusicBrowserActivity]
11-19 04:09:26.167 1499 8917 I wm_task_moved: [1,1,7]
11-19 04:09:26.169 1499 8917 I wm_focused_root_task: [0,0,1,40,startActivityFromRecents]
11-19 04:09:26.169 1499 8917 I wm_task_moved: [40,1,7]
11-19 04:09:26.170 1499 8917 I wm_set_resumed_activity: [0,com.android.music/.MusicBrowserActivity,positionChildAt]
11-19 04:09:26.170 1499 8917 I wm_focused_root_task: [0,0,40,1,moveTaskToFront findTaskToMoveToFront]
11-19 04:09:26.170 1499 8917 I wm_set_resumed_activity: [0,com.android.music/.MusicBrowserActivity,moveTaskToFront findTaskToMoveToFront]
11-19 04:09:26.171 9056 9056 I wm_on_top_resumed_lost_called: [228511047,com.android.music.MusicBrowserActivity,pausing]
11-19 04:09:26.171 9056 9056 I wm_on_paused_called: [228511047,com.android.music.MusicBrowserActivity,performPause]
11-19 04:09:26.180 9056 9056 I wm_on_stop_called: [228511047,com.android.music.MusicBrowserActivity,handleRelaunchActivity]
11-19 04:09:26.195 9056 9056 I wm_on_destroy_called: [228511047,com.android.music.MusicBrowserActivity,performDestroy]
11-19 04:09:26.210 1499 1644 I am_pss : [9056,10090,com.android.music,71980032,64851968,0,198475776,0,2,9]
11-19 04:09:26.231 9056 9056 I wm_on_create_called: [228511047,com.android.music.MusicBrowserActivity,performCreate]
11-19 04:09:26.241 9056 9056 I wm_on_start_called: [228511047,com.android.music.MusicBrowserActivity,handleStartActivity]
11-19 04:09:26.241 9056 9056 I wm_on_resume_called: [228511047,com.android.music.MusicBrowserActivity,RESUME_ACTIVITY]
11-19 04:09:26.241 9056 9056 I wm_on_top_resumed_gained_called: [228511047,com.android.music.MusicBrowserActivity,topWhenResuming]
11-19 04:09:26.242 9056 9056 I wm_on_top_resumed_lost_called: [228511047,com.android.music.MusicBrowserActivity,topStateChangedWhenResumed]
11-19 04:09:26.261 1499 1499 I notification_enqueue: [10090,9056,com.android.music,1,NULL,0,Notification(channel=Channel-music shortcut=null contentView=null vibrate=null sound=null defaults=0x0 flags=0x40 color=0x00000000 category=transport actions=4 vis=PRIVATE),1]
11-19 04:09:26.267 1499 1499 I notification_enqueue: [10090,9056,com.android.music,1,NULL,0,Notification(channel=Channel-music shortcut=null contentView=null vibrate=null sound=null defaults=0x0 flags=0x40 color=0x00000000 category=transport actions=4 vis=PRIVATE),1]
11-19 04:09:26.270 1499 1499 I notification_enqueue: [10090,9056,com.android.music,1,NULL,0,Notification(channel=Channel-music shortcut=null contentView=null vibrate=null sound=null defaults=0x0 flags=0x40 color=0x00000000 category=transport actions=4 vis=PRIVATE),1]
11-19 04:09:26.271 1499 1499 I notification_enqueue: [10090,9056,com.android.music,1,NULL,0,Notification(channel=Channel-music shortcut=null contentView=null vibrate=null sound=null defaults=0x0 flags=0x40 color=0x00000000 category=transport actions=4 vis=PRIVATE),1]
11-19 04:09:26.274 1499 1499 I notification_enqueue: [10090,9056,com.android.music,1,NULL,0,Notification(channel=Channel-music shortcut=null contentView=null vibrate=null sound=null defaults=0x0 flags=0x40 color=0x00000000 category=transport actions=4 vis=PRIVATE),1]
11-19 04:09:26.276 9056 9056 I wm_on_top_resumed_gained_called: [228511047,com.android.music.MusicBrowserActivity,topStateChangedWhenResumed]
11-19 04:09:26.276 1499 1499 I notification_enqueue: [10090,9056,com.android.music,1,NULL,0,Notification(channel=Channel-music shortcut=null contentView=null vibrate=null sound=null defaults=0x0 flags=0x40 color=0x00000000 category=transport actions=4 vis=PRIVATE),1]
11-19 04:09:26.297 1499 1644 I am_pss : [9133,10062,com.android.calendar,23704576,16789504,0,146935808,0,15,7]
11-19 04:09:26.305 1499 1644 I am_pss : [9155,10021,com.android.providers.calendar,7373824,5017600,0,98082816,0,19,5]
11-19 04:09:26.311 1499 1644 I am_pss : [9112,10025,com.android.musicfx,5739520,3792896,0,90034176,0,19,5]
11-19 04:09:26.320 1499 1644 I am_pss : [8560,10094,com.android.permissioncontroller,24902656,20774912,0,122736640,0,19,6]
11-19 04:09:26.328 1499 1644 I am_pss : [8832,10066,com.android.gallery3d,8343552,6275072,0,93683712,0,19,5]
11-19 04:09:26.586 1499 2755 I wm_task_moved: [1,1,7]
11-19 04:09:26.586 1499 2755 I wm_task_moved: [10,1,2147483647]
11-19 04:09:26.586 1499 2755 I wm_task_to_front: [0,10]
11-19 04:09:26.586 1499 2755 I wm_focused_root_task: [0,0,1,40,RecentsAnimation.onAnimationFinished()]
11-19 04:09:26.586 1499 2755 I wm_set_resumed_activity: [0,com.android.launcher3/.uioverrides.QuickstepLauncher,RecentsAnimation.onAnimationFinished()]
11-19 04:09:26.587 1499 2755 I wm_set_resumed_activity: [0,com.android.launcher3/.uioverrides.QuickstepLauncher,resumeTopActivityInnerLocked]
11-19 04:09:26.587 1499 2755 I wm_resume_activity: [0,19758722,10,com.android.launcher3/.uioverrides.QuickstepLauncher]
11-19 04:09:26.590 9056 9056 I wm_on_top_resumed_lost_called: [228511047,com.android.music.MusicBrowserActivity,topStateChangedWhenResumed]
11-19 04:09:26.591 1499 1638 I input_focus: [Focus request 632f7bf com.android.launcher3/com.android.launcher3.uioverrides.QuickstepLauncher,reason=UpdateInputWindows]
11-19 04:09:26.591 2802 2802 I wm_on_resume_called: [19758722,com.android.launcher3.uioverrides.QuickstepLauncher,RESUME_ACTIVITY]
11-19 04:09:26.593 1499 1637 I sysui_multi_action: [757,803,799,window_time_0,802,47]
11-19 04:09:26.600 2802 2802 I wm_on_top_resumed_gained_called: [19758722,com.android.launcher3.uioverrides.QuickstepLauncher,topStateChangedWhenResumed]
11-19 04:09:26.618 1499 1831 I input_focus: [Focus leaving recents_animation_input_consumer (server),reason=NOT_VISIBLE]
11-19 04:09:26.618 1499 1831 I input_focus: [Focus entering 632f7bf com.android.launcher3/com.android.launcher3.uioverrides.QuickstepLauncher (server),reason=setFocusedWindow]
11-19 04:09:28.790 1499 1831 I input_interaction: Interaction with: 31e0cc5 com.android.music/com.android.music.MusicBrowserActivity (server), edge-swipe (server), swipe-up (server), PointerEventDispatcher0 (server),
11-19 04:09:28.793 1499 1637 I wm_task_moved: [40,1,7]
11-19 04:09:28.793 1499 1637 I wm_task_to_front: [0,40]
11-19 04:09:28.802 1499 1637 I wm_set_resumed_activity: [0,com.android.music/.MusicBrowserActivity,positionChildAt]
11-19 04:09:28.802 1499 1637 I wm_focused_root_task: [0,0,40,1,setFocusedTask]
11-19 04:09:28.802 1499 1637 I wm_set_resumed_activity: [0,com.android.music/.MusicBrowserActivity,setFocusedTask]
11-19 04:09:28.804 1499 1638 I input_focus: [Focus request 31e0cc5 com.android.music/com.android.music.MusicBrowserActivity,reason=UpdateInputWindows]
11-19 04:09:28.806 2802 2802 I wm_on_top_resumed_lost_called: [19758722,com.android.launcher3.uioverrides.QuickstepLauncher,topStateChangedWhenResumed]
11-19 04:09:28.809 9056 9056 I wm_on_top_resumed_gained_called: [228511047,com.android.music.MusicBrowserActivity,topStateChangedWhenResumed]
11-19 04:09:28.825 1499 1831 I input_focus: [Focus leaving 632f7bf com.android.launcher3/com.android.launcher3.uioverrides.QuickstepLauncher (server),reason=setFocusedWindow]
11-19 04:09:28.825 1499 1831 I input_focus: [Focus entering 31e0cc5 com.android.music/com.android.music.MusicBrowserActivity (server),reason=setFocusedWindow]
11-19 04:09:28.918 1499 6279 I wm_relaunch_resume_activity: [0,228511047,40,com.android.music/.MusicBrowserActivity]
11-19 04:09:28.919 1499 6279 I wm_add_to_stopping: [0,19758722,com.android.launcher3/.uioverrides.QuickstepLauncher,makeInvisible]
11-19 04:09:28.933 9056 9056 I wm_on_top_resumed_lost_called: [228511047,com.android.music.MusicBrowserActivity,pausing]
11-19 04:09:28.933 9056 9056 I wm_on_paused_called: [228511047,com.android.music.MusicBrowserActivity,performPause]
11-19 04:09:28.935 9056 9056 I wm_on_stop_called: [228511047,com.android.music.MusicBrowserActivity,handleRelaunchActivity]
11-19 04:09:28.941 9056 9056 I wm_on_destroy_called: [228511047,com.android.music.MusicBrowserActivity,performDestroy]
11-19 04:09:28.962 9056 9056 I wm_on_create_called: [228511047,com.android.music.MusicBrowserActivity,performCreate]
11-19 04:09:28.973 9056 9056 I wm_on_start_called: [228511047,com.android.music.MusicBrowserActivity,handleStartActivity]
11-19 04:09:28.973 9056 9056 I wm_on_resume_called: [228511047,com.android.music.MusicBrowserActivity,RESUME_ACTIVITY]
11-19 04:09:28.974 9056 9056 I wm_on_top_resumed_gained_called: [228511047,com.android.music.MusicBrowserActivity,topWhenResuming]
11-19 04:09:28.992 1499 1499 I notification_enqueue: [10090,9056,com.android.music,1,NULL,0,Notification(channel=Channel-music shortcut=null contentView=null vibrate=null sound=null defaults=0x0 flags=0x40 color=0x00000000 category=transport actions=4 vis=PRIVATE),1]
11-19 04:09:28.993 1499 1499 I notification_enqueue: [10090,9056,com.android.music,1,NULL,0,Notification(channel=Channel-music shortcut=null contentView=null vibrate=null sound=null defaults=0x0 flags=0x40 color=0x00000000 category=transport actions=4 vis=PRIVATE),1]
11-19 04:09:28.998 1499 1499 I notification_enqueue: [10090,9056,com.android.music,1,NULL,0,Notification(channel=Channel-music shortcut=null contentView=null vibrate=null sound=null defaults=0x0 flags=0x40 color=0x00000000 category=transport actions=4 vis=PRIVATE),1]
11-19 04:09:28.999 1499 1499 I notification_enqueue: [10090,9056,com.android.music,1,NULL,0,Notification(channel=Channel-music shortcut=null contentView=null vibrate=null sound=null defaults=0x0 flags=0x40 color=0x00000000 category=transport actions=4 vis=PRIVATE),1]
11-19 04:09:29.003 1499 1499 I notification_enqueue: [10090,9056,com.android.music,1,NULL,0,Notification(channel=Channel-music shortcut=null contentView=null vibrate=null sound=null defaults=0x0 flags=0x40 color=0x00000000 category=transport actions=4 vis=PRIVATE),1]
11-19 04:09:29.005 1499 1499 I notification_enqueue: [10090,9056,com.android.music,1,NULL,0,Notification(channel=Channel-music shortcut=null contentView=null vibrate=null sound=null defaults=0x0 flags=0x40 color=0x00000000 category=transport actions=4 vis=PRIVATE),1]
11-19 04:09:29.131 0 0 I auditd : type=1400 audit(0.0:6042): avc: denied { kill } for comm="swapper/3" capability=5 scontext=u:r:kernel:s0 tcontext=u:r:kernel:s0 tclass=capability permissive=0
11-19 04:09:29.324 1499 1637 I wm_stop_activity: [0,19758722,com.android.launcher3/.uioverrides.QuickstepLauncher]
11-19 04:09:29.325 2802 2802 I wm_on_paused_called: [19758722,com.android.launcher3.uioverrides.QuickstepLauncher,performPause]
11-19 04:09:29.329 2802 2802 I wm_on_stop_called: [19758722,com.android.launcher3.uioverrides.QuickstepLauncher,STOP_ACTIVITY_ITEM]
11-19 04:09:30.131 0 0 I auditd : type=1400 audit(0.0:6043): avc: denied { kill } for comm="swapper/3" capability=5 scontext=u:r:kernel:s0 tcontext=u:r:kernel:s0 tclass=capability permissive=0
11-19 04:09:30.385 1499 5215 I wm_task_moved: [1,0,0]
11-19 04:09:30.387 1499 5215 I wm_task_moved: [1,0,6]
11-19 04:09:30.411 2802 2802 I wm_on_restart_called: [19758722,com.android.launcher3.uioverrides.QuickstepLauncher,performRestartActivity]
