--------- beginning of radio
11-19 01:19:02.139 1499 1499 D TelephonyRegistry: listen oscl: mHasNotifySubscriptionInfoChangedOccurred==false no callback
11-19 01:19:02.644 1499 2438 D TelephonyRegistry: listen oscl: mHasNotifySubscriptionInfoChangedOccurred==false no callback
11-19 01:19:02.687 1499 2268 D TelephonyRegistry: listen oscl: mHasNotifySubscriptionInfoChangedOccurred==false no callback
11-19 01:19:02.702 1499 1499 D TelephonyRegistry: listen oscl: mHasNotifySubscriptionInfoChangedOccurred==false no callback
11-19 01:19:02.703 1499 2269 D TelephonyRegistry: listen oscl: mHasNotifySubscriptionInfoChangedOccurred==false no callback
11-19 01:19:02.721 1499 1499 D TelephonyRegistry: listen oscl: mHasNotifySubscriptionInfoChangedOccurred==false no callback
11-19 01:19:02.758 1499 1634 W CarrierConfigManager: Error getting config for subId -1 ICarrierConfigLoader is null
11-19 01:19:02.807 1499 1499 D TelephonyRegistry: systemRunning register for intents
11-19 01:19:02.891 1499 1644 D TelephonyRegistry: listen oscl: mHasNotifySubscriptionInfoChangedOccurred==false no callback
11-19 01:19:03.174 2342 2342 W CarrierConfigManager: Error getting config for subId -1 ICarrierConfigLoader is null
11-19 01:19:03.190 1499 2762 D TelephonyRegistry: listen oscl: mHasNotifySubscriptionInfoChangedOccurred==false no callback
11-19 01:19:03.729 1499 1499 D TelephonyRegistry: listen oscl: mHasNotifySubscriptionInfoChangedOccurred==false no callback
11-19 01:19:03.732 1499 1499 W CarrierConfigManager: Error getting config for subId -1 ICarrierConfigLoader is null
11-19 01:19:04.237 1499 2432 D TelephonyRegistry: listen oscl: mHasNotifySubscriptionInfoChangedOccurred==false no callback
11-19 01:19:04.674 1499 1499 D TelephonyRegistry: notifyCellLocationForSubscriber: subId=2147483647 cellIdentity=null
11-19 01:19:04.961 1499 2757 D TelephonyRegistry: listen oscl: mHasNotifySubscriptionInfoChangedOccurred==false no callback
11-19 01:19:05.605 1499 2432 D TelephonyRegistry: listen oscl: mHasNotifySubscriptionInfoChangedOccurred==false no callback
11-19 01:19:06.727 1499 1499 W CarrierConfigManager: Error getting config for subId -1 ICarrierConfigLoader is null
11-19 01:19:06.732 1499 1499 W CarrierConfigManager: Error getting config for subId -1 ICarrierConfigLoader is null
11-19 01:19:07.133 4147 4147 D CAT : BootCompletedReceiver: [ACTION_BOOT_COMPLETED]
11-19 01:19:07.134 4147 4147 D CAT : StkAppService: onCreate()+
11-19 01:19:07.135 4147 4147 D CAT : StkAppService: simCount: 1
11-19 01:19:07.135 4147 4147 D CAT : StkAppService: slotId: 0
11-19 01:19:07.136 4147 4147 D CAT : StkAppService: onStart sim id: 0, op: 5, *****
11-19 01:19:07.136 4147 4147 D CAT : StkAppService: mStkService is: -1
11-19 01:19:07.143 4147 4147 D CAT : StkAppService: onDestroy()
11-19 01:19:38.501 2896 2896 W CarrierConfigManager: Error getting config for subId -1 ICarrierConfigLoader is null
11-19 01:19:38.540 1499 2762 D TelephonyRegistry: listen oscl: mHasNotifySubscriptionInfoChangedOccurred==false no callback
11-19 01:19:38.543 1499 1614 D TelephonyRegistry: listen oscl: mHasNotifySubscriptionInfoChangedOccurred==false no callback
11-19 01:19:41.710 1499 3537 D TelephonyRegistry: listen oscl: mHasNotifySubscriptionInfoChangedOccurred==false no callback
11-19 01:19:41.712 1499 2755 D TelephonyRegistry: listen oscl: mHasNotifySubscriptionInfoChangedOccurred==false no callback
11-19 01:19:50.167 2896 2896 W FeatureConnector: [ImsConnector, 0] connect: not supported.
11-19 01:19:54.872 1499 2437 D TelephonyRegistry: listen oscl: mHasNotifySubscriptionInfoChangedOccurred==false no callback
11-19 01:19:54.874 1499 2437 D TelephonyRegistry: listen oscl: mHasNotifySubscriptionInfoChangedOccurred==false no callback
11-19 01:25:20.046 1499 4678 D TelephonyRegistry: listen oscl: mHasNotifySubscriptionInfoChangedOccurred==false no callback
11-19 01:25:20.048 1499 4678 D TelephonyRegistry: listen oscl: mHasNotifySubscriptionInfoChangedOccurred==false no callback --------- beginning of events
11-19 02:13:32.501 1499 1644 I am_pss : [2714,1000,com.thundercomm.tcservice,8584192,6381568,0,96301056,0,0,4]
11-19 02:13:32.506 1499 1644 I am_pss : [2609,10084,com.qti.qualcomm.mstatssystemservice,5761024,3784704,0,90095616,0,0,4]
11-19 02:13:32.511 1499 1644 I am_pss : [2601,1000,vendor.qti.qesdk.sysservice,5791744,3756032,0,90980352,0,0,4]
11-19 02:13:32.516 1499 1644 I am_pss : [2584,1000,com.thundercomm.tchttpserver,16697344,14684160,0,101818368,0,0,4]
11-19 02:13:32.520 1499 1644 I am_pss : [2571,10053,.qtidataservices,6223872,4206592,0,91799552,0,0,4]
11-19 02:13:32.525 1499 1644 I am_pss : [2599,1000,com.tc.logclient,7296000,5259264,0,93106176,0,0,4]
11-19 02:13:32.529 1499 1644 I am_pss : [2566,1001,.dataservices,8118272,5984256,0,94552064,0,0,4]
11-19 02:13:32.534 1499 1644 I am_pss : [2558,1000,com.thundercomm.tcsetupWizard,7066624,5124096,0,90705920,0,0,4]
11-19 02:13:32.539 1499 1644 I am_pss : [2554,1000,com.thundercomm.microsettings,35139584,31719424,0,128536576,0,0,5]
11-19 02:13:32.544 1499 1644 I am_pss : [2537,1000,com.thundercomm.microservice,16543744,14495744,0,102109184,0,0,5]
11-19 02:13:32.549 1499 1644 I am_pss : [2484,1073,com.android.networkstack.process,11567104,8826880,0,104919040,0,0,4]
11-19 02:13:32.569 1499 1644 I am_pss : [1499,1000,system,223353856,132009984,0,549310464,0,0,19]
11-19 02:14:24.837 1499 1793 I am_freeze: [5829,com.android.settings]
11-19 02:14:24.838 1499 1793 I am_kill : [0,5829,com.android.settings,935,Unable to freeze binder interface]
11-19 02:14:24.880 1499 2761 I am_proc_died: [0,5829,com.android.settings,935,19]
11-19 02:14:24.890 1499 1644 I am_pss : [6231,10090,com.android.music,6888448,4694016,0,90816512,0,19,6]
11-19 02:15:28.046 1499 1793 I am_freeze: [4252,com.thundercomm.gamemode]
11-19 02:15:28.048 1499 1793 I am_kill : [0,4252,com.thundercomm.gamemode,945,Unable to freeze binder interface]
11-19 02:15:28.092 1499 2438 I am_proc_died: [0,4252,com.thundercomm.gamemode,945,10]
11-19 02:15:28.093 1499 2438 I am_schedule_service_restart: [0,com.thundercomm.gamemode/.ingame.services.GameModeService,1000]
11-19 02:15:28.093 1499 2438 I am_schedule_service_restart: [0,com.thundercomm.gamemode/.ingame.services.ActivityMonitoringService,11000]
11-19 02:15:28.104 1499 1644 I am_pss : [4805,10050,com.thundercomm.screensaver,64405504,56659968,0,183693312,0,2,7]
11-19 02:15:28.167 1499 1793 I am_freeze: [6172,com.android.documentsui]
11-19 02:15:28.168 1499 1793 I am_kill : [0,6172,com.android.documentsui,925,Unable to freeze binder interface]
11-19 02:15:28.188 1499 2761 I am_proc_died: [0,6172,com.android.documentsui,925,19]
11-19 02:15:28.189 1499 2761 I am_uid_stopped: 10029
11-19 02:15:28.193 1499 1637 I am_uid_running: 10029
11-19 02:15:28.211 1499 1646 I am_proc_start: [0,6280,10029,com.android.documentsui,NULL,]
11-19 02:15:28.250 1499 2761 I am_proc_bound: [0,6280,com.android.documentsui]
11-19 02:15:29.122 1499 1646 I am_proc_start: [0,6305,1000,com.thundercomm.gamemode,service,{com.thundercomm.gamemode/com.thundercomm.gamemode.ingame.services.GameModeService}]
11-19 02:15:29.164 1499 2761 I am_proc_bound: [0,6305,com.thundercomm.gamemode]
11-19 02:15:29.468 1499 2761 I am_uid_running: 10064
11-19 02:15:29.487 1499 1646 I am_proc_start: [0,6322,10064,com.thundercomm.gamemode.provider,content provider,{com.thundercomm.gamemode.provider/com.thundercomm.gamemode.provider.SettingsProvider}]
11-19 02:15:29.526 1499 2761 I am_proc_bound: [0,6322,com.thundercomm.gamemode.provider]
11-19 02:15:29.587 1499 1499 I am_uid_active: 10064
11-19 02:16:09.773 1499 1793 I am_freeze: [6214,com.android.gallery3d]
11-19 02:16:09.774 1499 1793 I am_kill : [0,6214,com.android.gallery3d,915,Unable to freeze binder interface]
11-19 02:16:09.806 1499 2761 I am_proc_died: [0,6214,com.android.gallery3d,915,19]
11-19 02:16:09.807 1499 2761 I am_uid_stopped: 10066
11-19 02:16:09.814 1499 1637 I am_uid_running: 10066
11-19 02:16:09.817 1499 1644 I am_pss : [6322,10064,com.thundercomm.gamemode.provider,7993344,5685248,0,95637504,0,19,5]
11-19 02:16:09.824 1499 1644 I am_pss : [6305,1000,com.thundercomm.gamemode,16638976,12812288,0,116703232,0,10,6]
11-19 02:16:09.827 1499 1646 I am_proc_start: [0,6351,10066,com.android.gallery3d,NULL,]
11-19 02:16:09.831 1499 1644 I am_pss : [6280,10029,com.android.documentsui,12008448,8646656,0,106147840,0,19,6]
11-19 02:16:09.862 1499 2761 I am_proc_bound: [0,6351,com.android.gallery3d]
11-19 02:16:30.415 1499 1793 I am_freeze: [6231,com.android.music]
11-19 02:16:30.415 1499 1793 I am_kill : [0,6231,com.android.music,925,Unable to freeze binder interface]
11-19 02:16:30.446 1499 2761 I am_proc_died: [0,6231,com.android.music,925,19]
11-19 02:16:30.447 1499 2761 I am_uid_stopped: 10090
11-19 02:16:30.453 1499 1637 I am_uid_running: 10090
11-19 02:16:30.458 1499 1644 I am_pss : [6351,10066,com.android.gallery3d,8029184,5320704,0,93806592,0,19,6]
11-19 02:16:30.463 1499 1644 I am_pss : [6322,10064,com.thundercomm.gamemode.provider,7964672,5685248,0,95637504,0,19,4]
11-19 02:16:30.466 1499 1646 I am_proc_start: [0,6369,10090,com.android.music,NULL,]
11-19 02:16:30.472 1499 1644 I am_pss : [6305,1000,com.thundercomm.gamemode,16633856,12812288,0,116703232,0,10,7]
11-19 02:16:30.479 1499 1644 I am_pss : [6280,10029,com.android.documentsui,11851776,8495104,0,105996288,0,19,6]
11-19 02:16:30.499 1499 2761 I am_proc_bound: [0,6369,com.android.music]
11-19 02:16:35.614 1499 1645 I am_uid_idle: 10064
11-19 02:18:40.743 565 565 I auditd : type=1400 audit(0.0:517): avc: denied { read } for comm="Binder:565_2" name="wakeup58" dev="sysfs" ino=71858 scontext=u:r:system_suspend:s0 tcontext=u:object_r:sysfs:s0 tclass=dir permissive=0
11-19 02:18:40.743 565 565 I auditd : type=1400 audit(0.0:518): avc: denied { read } for comm="Binder:565_2" name="wakeup48" dev="sysfs" ino=67434 scontext=u:r:system_suspend:s0 tcontext=u:object_r:sysfs:s0 tclass=dir permissive=0
11-19 02:18:40.743 565 565 I auditd : type=1400 audit(0.0:519): avc: denied { read } for comm="Binder:565_2" name="wakeup4" dev="sysfs" ino=47032 scontext=u:r:system_suspend:s0 tcontext=u:object_r:sysfs:s0 tclass=dir permissive=0
11-19 02:18:40.743 565 565 I auditd : type=1400 audit(0.0:520): avc: denied { read } for comm="Binder:565_2" name="wakeup76" dev="sysfs" ino=76901 scontext=u:r:system_suspend:s0 tcontext=u:object_r:sysfs:s0 tclass=dir permissive=0
11-19 02:18:40.743 565 565 I auditd : type=1400 audit(0.0:521): avc: denied { read } for comm="Binder:565_2" name="wakeup28" dev="sysfs" ino=53237 scontext=u:r:system_suspend:s0 tcontext=u:object_r:sysfs:s0 tclass=dir permissive=0
11-19 02:18:40.743 565 565 I auditd : type=1400 audit(0.0:522): avc: denied { read } for comm="Binder:565_2" name="wakeup56" dev="sysfs" ino=71786 scontext=u:r:system_suspend:s0 tcontext=u:object_r:sysfs:s0 tclass=dir permissive=0
11-19 02:18:40.776 1499 1644 I commit_sys_config_file: [batterystats,5]
11-19 02:18:40.778 1499 1644 I commit_sys_config_file: [batterystats,2]
11-19 02:19:12.851 501 513 I auditd : type=1401 audit(0.0:566): op=security_compute_sid invalid_context=u:r:np_thundercomm_tlog_pstore:s0 scontext=u:r:init:s0 tcontext=u:object_r:np_thundercomm_tlog_pstore_exec:s0 tclass=process
11-19 02:19:15.183 6424 6424 I auditd : type=1400 audit(0.0:567): avc: denied { read } for comm="ls" name="/" dev="dm-5" ino=2 scontext=u:r:system_app:s0 tcontext=u:object_r:rootfs:s0 tclass=dir permissive=0
11-19 02:19:15.235 6428 6428 I auditd : type=1400 audit(0.0:568): avc: denied { read } for comm="ls" name="/" dev="dm-5" ino=2 scontext=u:r:system_app:s0 tcontext=u:object_r:rootfs:s0 tclass=dir permissive=0
11-19 02:19:17.779 1499 1831 I input_interaction: Interaction with: da8d5e6 com.thundercomm.screensaver/android.service.dreams.DreamActivity (server), edge-swipe (server), swipe-up (server), PointerEventDispatcher0 (server),
11-19 02:19:17.784 1499 2761 I wm_finish_activity: [0,165005096,25,com.thundercomm.screensaver/android.service.dreams.DreamActivity,finish-activity]
11-19 02:19:17.785 1499 2761 I wm_pause_activity: [0,165005096,com.thundercomm.screensaver/android.service.dreams.DreamActivity,userLeaving=false,finish]
11-19 02:19:17.793 4805 4805 I wm_on_paused_called: [165005096,android.service.dreams.DreamActivity,performPause]
11-19 02:19:17.794 1499 1637 I sysui_multi_action: [757,803,799,window_time_2,802,3105]
11-19 02:19:17.796 1499 2761 I wm_add_to_stopping: [0,165005096,com.thundercomm.screensaver/android.service.dreams.DreamActivity,completeFinishing]
11-19 02:19:17.805 1499 2761 I wm_resume_activity: [0,19758722,10,com.android.launcher3/.uioverrides.QuickstepLauncher]
11-19 02:19:17.817 1499 1638 I input_focus: [Focus request d728a42 com.android.permissioncontroller/com.android.permissioncontroller.permission.ui.GrantPermissionsActivity,reason=UpdateInputWindows]
11-19 02:19:17.819 2802 2802 I wm_on_restart_called: [19758722,com.android.launcher3.uioverrides.QuickstepLauncher,performRestartActivity]
11-19 02:19:17.819 2802 2802 I wm_on_start_called: [19758722,com.android.launcher3.uioverrides.QuickstepLauncher,handleStartActivity]
11-19 02:19:17.824 1499 1637 I sysui_multi_action: [757,803,799,window_time_2,802,0]
11-19 02:19:17.825 2802 2802 I wm_on_resume_called: [19758722,com.android.launcher3.uioverrides.QuickstepLauncher,RESUME_ACTIVITY]
11-19 02:19:17.829 1499 1831 I input_focus: [Focus leaving da8d5e6 com.thundercomm.screensaver/android.service.dreams.DreamActivity (server),reason=NO_WINDOW]
11-19 02:19:17.829 1499 1831 I input_focus: [Focus entering d728a42 com.android.permissioncontroller/com.android.permissioncontroller.permission.ui.GrantPermissionsActivity (server),reason=setFocusedWindow]
11-19 02:19:17.836 1499 1644 I am_pss : [2344,10094,com.android.permissioncontroller,27358208,21270528,0,136192000,0,2,7]
11-19 02:19:17.846 1499 1644 I am_pss : [5303,10060,com.android.soundrecorder,32116736,25706496,0,148070400,0,2,7]
11-19 02:19:17.854 1499 1644 I am_pss : [6369,10090,com.android.music,6892544,4755456,0,90812416,0,19,5]
11-19 02:19:17.858 1499 1499 I am_uid_active: 10064
11-19 02:19:17.862 1499 1644 I am_pss : [6351,10066,com.android.gallery3d,7983104,5320704,0,93806592,0,19,5]
11-19 02:19:17.869 1499 1644 I am_pss : [4734,2000,com.android.shell,6402048,4280320,0,92663808,0,19,5]
11-19 02:19:18.135 1499 1637 I wm_destroy_activity: [0,165005096,25,com.thundercomm.screensaver/android.service.dreams.DreamActivity,finish-imm:idle]
11-19 02:19:18.157 4805 4805 I wm_on_stop_called: [165005096,android.service.dreams.DreamActivity,LIFECYCLER_STOP_ACTIVITY]
11-19 02:19:18.158 4805 4805 I wm_on_destroy_called: [165005096,android.service.dreams.DreamActivity,performDestroy]
11-19 02:19:18.163 1499 1634 I sysui_multi_action: [757,222,758,2]
11-19 02:19:18.164 1499 1634 I sysui_multi_action: [757,804,799,dreaming_minutes,801,51,802,1]
11-19 02:19:18.179 1499 2438 I wm_task_removed: [25,removeChild:removeChild last r=ActivityRecord{9d5c728 u0 com.thundercomm.screensaver/android.service.dreams.DreamActivity t-1 f}} in t=Task{e660ded #25 type=dream A=10050:android:com.thundercomm.screensaver/dream U=0 visible=false mode=fullscreen translucent=true sz=0}]
11-19 02:19:18.180 1499 2438 I wm_task_removed: [25,removeChild]
11-19 02:20:10.832 1499 1663 I sysui_multi_action: [757,1696,758,6,759,2]
11-19 02:20:10.847 1499 1645 I am_wtf : [0,1499,system_server,-1,DisplayDeviceConfig,requesting nits when no mapping exists.]
11-19 02:20:10.851 1499 1645 I am_wtf : [0,1499,system_server,-1,DisplayDeviceConfig,requesting nits when no mapping exists.]
11-19 02:20:10.862 1499 1645 I am_wtf : [0,1499,system_server,-1,DisplayDeviceConfig,requesting nits when no mapping exists.]
11-19 02:20:10.865 1499 1645 I am_wtf : [0,1499,system_server,-1,DisplayDeviceConfig,requesting nits when no mapping exists.]
11-19 02:20:10.869 1499 1645 I am_wtf : [0,1499,system_server,-1,DisplayDeviceConfig,requesting nits when no mapping exists.]
11-19 02:20:10.872 1499 1645 I am_wtf : [0,1499,system_server,-1,DisplayDeviceConfig,requesting nits when no mapping exists.]
11-19 02:20:10.887 1499 1645 I am_wtf : [0,1499,system_server,-1,DisplayDeviceConfig,requesting nits when no mapping exists.]
11-19 02:20:10.888 1499 1645 I am_wtf : [0,1499,system_server,-1,DisplayDeviceConfig,requesting nits when no mapping exists.]
11-19 02:20:10.904 1499 1645 I am_wtf : [0,1499,system_server,-1,DisplayDeviceConfig,requesting nits when no mapping exists.]
11-19 02:20:10.905 1499 1645 I am_wtf : [0,1499,system_server,-1,DisplayDeviceConfig,requesting nits when no mapping exists.]
11-19 02:20:10.920 1499 1645 I am_wtf : [0,1499,system_server,-1,DisplayDeviceConfig,requesting nits when no mapping exists.]
11-19 02:20:10.921 1499 1645 I am_wtf : [0,1499,system_server,-1,DisplayDeviceConfig,requesting nits when no mapping exists.]
11-19 02:20:10.936 1499 1645 I am_wtf : [0,1499,system_server,-1,DisplayDeviceConfig,requesting nits when no mapping exists.]
11-19 02:20:10.937 1499 1645 I am_wtf : [0,1499,system_server,-1,DisplayDeviceConfig,requesting nits when no mapping exists.]
11-19 02:20:10.954 1499 1645 I am_wtf : [0,1499,system_server,-1,DisplayDeviceConfig,requesting nits when no mapping exists.]
11-19 02:20:10.955 1499 1645 I am_wtf : [0,1499,system_server,-1,DisplayDeviceConfig,requesting nits when no mapping exists.]
11-19 02:20:10.970 1499 1645 I am_wtf : [0,1499,system_server,-1,DisplayDeviceConfig,requesting nits when no mapping exists.]
11-19 02:20:10.971 1499 1645 I am_wtf : [0,1499,system_server,-1,DisplayDeviceConfig,requesting nits when no mapping exists.]
11-19 02:20:10.987 1499 1645 I am_wtf : [0,1499,system_server,-1,DisplayDeviceConfig,requesting nits when no mapping exists.]
11-19 02:20:10.989 1499 1645 I am_wtf : [0,1499,system_server,-1,DisplayDeviceConfig,requesting nits when no mapping exists.]
11-19 02:20:11.003 1499 1645 I am_wtf : [0,1499,system_server,-1,DisplayDeviceConfig,requesting nits when no mapping exists.]
11-19 02:20:11.005 1499 1645 I am_wtf : [0,1499,system_server,-1,DisplayDeviceConfig,requesting nits when no mapping exists.]
11-19 02:20:11.021 1499 1645 I am_wtf : [0,1499,system_server,-1,DisplayDeviceConfig,requesting nits when no mapping exists.]
11-19 02:20:11.022 1499 1645 I am_wtf : [0,1499,system_server,-1,DisplayDeviceConfig,requesting nits when no mapping exists.]
11-19 02:20:11.037 1499 1645 I am_wtf : [0,1499,system_server,-1,DisplayDeviceConfig,requesting nits when no mapping exists.]
11-19 02:20:11.038 1499 1645 I am_wtf : [0,1499,system_server,-1,DisplayDeviceConfig,requesting nits when no mapping exists.]
11-19 02:20:11.054 1499 1645 I am_wtf : [0,1499,system_server,-1,DisplayDeviceConfig,requesting nits when no mapping exists.]
11-19 02:20:11.054 1499 1645 I am_wtf : [0,1499,system_server,-1,DisplayDeviceConfig,requesting nits when no mapping exists.]
11-19 02:20:11.071 1499 1645 I am_wtf : [0,1499,system_server,-1,DisplayDeviceConfig,requesting nits when no mapping exists.]
11-19 02:20:11.071 1499 1645 I am_wtf : [0,1499,system_server,-1,DisplayDeviceConfig,requesting nits when no mapping exists.]
11-19 02:20:11.087 1499 1645 I am_wtf : [0,1499,system_server,-1,DisplayDeviceConfig,requesting nits when no mapping exists.]
11-19 02:20:11.088 1499 1645 I am_wtf : [0,1499,system_server,-1,DisplayDeviceConfig,requesting nits when no mapping exists.]
11-19 02:20:11.104 1499 1645 I am_wtf : [0,1499,system_server,-1,DisplayDeviceConfig,requesting nits when no mapping exists.]
11-19 02:20:11.105 1499 1645 I am_wtf : [0,1499,system_server,-1,DisplayDeviceConfig,requesting nits when no mapping exists.]
11-19 02:20:11.120 1499 1645 I am_wtf : [0,1499,system_server,-1,DisplayDeviceConfig,requesting nits when no mapping exists.]
11-19 02:20:11.122 1499 1645 I am_wtf : [0,1499,system_server,-1,DisplayDeviceConfig,requesting nits when no mapping exists.]
11-19 02:20:11.137 1499 1645 I am_wtf : [0,1499,system_server,-1,DisplayDeviceConfig,requesting nits when no mapping exists.]
11-19 02:20:11.138 1499 1645 I am_wtf : [0,1499,system_server,-1,DisplayDeviceConfig,requesting nits when no mapping exists.]
11-19 02:20:11.153 1499 1645 I am_wtf : [0,1499,system_server,-1,DisplayDeviceConfig,requesting nits when no mapping exists.]
11-19 02:20:11.154 1499 1645 I am_wtf : [0,1499,system_server,-1,DisplayDeviceConfig,requesting nits when no mapping exists.]
11-19 02:20:11.170 1499 1645 I am_wtf : [0,1499,system_server,-1,DisplayDeviceConfig,requesting nits when no mapping exists.]
11-19 02:20:11.171 1499 1645 I am_wtf : [0,1499,system_server,-1,DisplayDeviceConfig,requesting nits when no mapping exists.]
11-19 02:20:11.187 1499 1645 I am_wtf : [0,1499,system_server,-1,DisplayDeviceConfig,requesting nits when no mapping exists.]
11-19 02:20:11.188 1499 1645 I am_wtf : [0,1499,system_server,-1,DisplayDeviceConfig,requesting nits when no mapping exists.]
11-19 02:20:11.204 1499 1645 I am_wtf : [0,1499,system_server,-1,DisplayDeviceConfig,requesting nits when no mapping exists.]
11-19 02:20:11.205 1499 1645 I am_wtf : [0,1499,system_server,-1,DisplayDeviceConfig,requesting nits when no mapping exists.]
11-19 02:20:11.205 1499 1645 I service_manager_stats: [100,77,3061034]
11-19 02:20:11.220 1499 1645 I am_wtf : [0,1499,system_server,-1,DisplayDeviceConfig,requesting nits when no mapping exists.]
11-19 02:20:11.221 1499 1645 I am_wtf : [0,1499,system_server,-1,DisplayDeviceConfig,requesting nits when no mapping exists.]
11-19 02:20:11.237 1499 1645 I am_wtf : [0,1499,system_server,-1,DisplayDeviceConfig,requesting nits when no mapping exists.]
11-19 02:20:11.238 1499 1645 I am_wtf : [0,1499,system_server,-1,DisplayDeviceConfig,requesting nits when no mapping exists.]
11-19 02:20:11.254 1499 1645 I am_wtf : [0,1499,system_server,-1,DisplayDeviceConfig,requesting nits when no mapping exists.]
11-19 02:20:11.255 1499 1645 I am_wtf : [0,1499,system_server,-1,DisplayDeviceConfig,requesting nits when no mapping exists.]
11-19 02:20:11.271 1499 1645 I am_wtf : [0,1499,system_server,-1,DisplayDeviceConfig,requesting nits when no mapping exists.]
11-19 02:20:11.271 1499 1645 I am_wtf : [0,1499,system_server,-1,DisplayDeviceConfig,requesting nits when no mapping exists.]
11-19 02:20:11.288 1499 1645 I am_wtf : [0,1499,system_server,-1,DisplayDeviceConfig,requesting nits when no mapping exists.]
11-19 02:20:11.289 1499 1645 I am_wtf : [0,1499,system_server,-1,DisplayDeviceConfig,requesting nits when no mapping exists.]
11-19 02:20:11.304 1499 1645 I am_wtf : [0,1499,system_server,-1,DisplayDeviceConfig,requesting nits when no mapping exists.]
11-19 02:20:11.305 1499 1645 I am_wtf : [0,1499,system_server,-1,DisplayDeviceConfig,requesting nits when no mapping exists.]
11-19 02:20:11.321 1499 1645 I am_wtf : [0,1499,system_server,-1,DisplayDeviceConfig,requesting nits when no mapping exists.]
11-19 02:20:11.321 1499 1645 I am_wtf : [0,1499,system_server,-1,DisplayDeviceConfig,requesting nits when no mapping exists.]
11-19 02:20:11.337 1499 1645 I am_wtf : [0,1499,system_server,-1,DisplayDeviceConfig,requesting nits when no mapping exists.]
11-19 02:20:11.338 1499 1645 I am_wtf : [0,1499,system_server,-1,DisplayDeviceConfig,requesting nits when no mapping exists.]
11-19 02:20:11.354 1499 1645 I am_wtf : [0,1499,system_server,-1,DisplayDeviceConfig,requesting nits when no mapping exists.]
11-19 02:20:11.355 1499 1645 I am_wtf : [0,1499,system_server,-1,DisplayDeviceConfig,requesting nits when no mapping exists.]
11-19 02:20:11.371 1499 1645 I am_wtf : [0,1499,system_server,-1,DisplayDeviceConfig,requesting nits when no mapping exists.]
11-19 02:20:11.371 1499 1645 I am_wtf : [0,1499,system_server,-1,DisplayDeviceConfig,requesting nits when no mapping exists.]
11-19 02:20:11.387 1499 1645 I am_wtf : [0,1499,system_server,-1,DisplayDeviceConfig,requesting nits when no mapping exists.]
11-19 02:20:11.389 1499 1645 I am_wtf : [0,1499,system_server,-1,DisplayDeviceConfig,requesting nits when no mapping exists.]
11-19 02:20:11.404 1499 1645 I am_wtf : [0,1499,system_server,-1,DisplayDeviceConfig,requesting nits when no mapping exists.]
11-19 02:20:11.405 1499 1645 I am_wtf : [0,1499,system_server,-1,DisplayDeviceConfig,requesting nits when no mapping exists.]
11-19 02:20:11.421 1499 1645 I am_wtf : [0,1499,system_server,-1,DisplayDeviceConfig,requesting nits when no mapping exists.]
11-19 02:20:11.422 1499 1645 I am_wtf : [0,1499,system_server,-1,DisplayDeviceConfig,requesting nits when no mapping exists.]
11-19 02:20:11.438 1499 1645 I am_wtf : [0,1499,system_server,-1,DisplayDeviceConfig,requesting nits when no mapping exists.]
11-19 02:20:11.439 1499 1645 I am_wtf : [0,1499,system_server,-1,DisplayDeviceConfig,requesting nits when no mapping exists.]
11-19 02:20:11.454 1499 1645 I am_wtf : [0,1499,system_server,-1,DisplayDeviceConfig,requesting nits when no mapping exists.]
11-19 02:20:11.455 1499 1645 I am_wtf : [0,1499,system_server,-1,DisplayDeviceConfig,requesting nits when no mapping exists.]
11-19 02:20:11.471 1499 1645 I am_wtf : [0,1499,system_server,-1,DisplayDeviceConfig,requesting nits when no mapping exists.]
11-19 02:20:11.472 1499 1645 I am_wtf : [0,1499,system_server,-1,DisplayDeviceConfig,requesting nits when no mapping exists.]
11-19 02:20:11.488 1499 1645 I am_wtf : [0,1499,system_server,-1,DisplayDeviceConfig,requesting nits when no mapping exists.]
11-19 02:20:11.488 1499 1645 I am_wtf : [0,1499,system_server,-1,DisplayDeviceConfig,requesting nits when no mapping exists.]
11-19 02:20:11.505 1499 1645 I am_wtf : [0,1499,system_server,-1,DisplayDeviceConfig,requesting nits when no mapping exists.]
11-19 02:20:11.505 1499 1645 I am_wtf : [0,1499,system_server,-1,DisplayDeviceConfig,requesting nits when no mapping exists.]
11-19 02:20:11.521 1499 1645 I am_wtf : [0,1499,system_server,-1,DisplayDeviceConfig,requesting nits when no mapping exists.]
11-19 02:20:11.522 1499 1645 I am_wtf : [0,1499,system_server,-1,DisplayDeviceConfig,requesting nits when no mapping exists.]
11-19 02:20:11.538 1499 1645 I am_wtf : [0,1499,system_server,-1,DisplayDeviceConfig,requesting nits when no mapping exists.]
11-19 02:20:11.538 1499 1645 I am_wtf : [0,1499,system_server,-1,DisplayDeviceConfig,requesting nits when no mapping exists.]
11-19 02:20:11.554 1499 1645 I am_wtf : [0,1499,system_server,-1,DisplayDeviceConfig,requesting nits when no mapping exists.]
11-19 02:20:11.555 1499 1645 I am_wtf : [0,1499,system_server,-1,DisplayDeviceConfig,requesting nits when no mapping exists.]
11-19 02:20:11.572 1499 1645 I am_wtf : [0,1499,system_server,-1,DisplayDeviceConfig,requesting nits when no mapping exists.]
11-19 02:20:11.573 1499 1645 I am_wtf : [0,1499,system_server,-1,DisplayDeviceConfig,requesting nits when no mapping exists.]
11-19 02:20:11.587 1499 1645 I am_wtf : [0,1499,system_server,-1,DisplayDeviceConfig,requesting nits when no mapping exists.]
11-19 02:20:11.589 1499 1645 I am_wtf : [0,1499,system_server,-1,DisplayDeviceConfig,requesting nits when no mapping exists.]
11-19 02:20:11.605 1499 1645 I am_wtf : [0,1499,system_server,-1,DisplayDeviceConfig,requesting nits when no mapping exists.]
11-19 02:20:11.606 1499 1645 I am_wtf : [0,1499,system_server,-1,DisplayDeviceConfig,requesting nits when no mapping exists.]
11-19 02:20:11.621 1499 1645 I am_wtf : [0,1499,system_server,-1,DisplayDeviceConfig,requesting nits when no mapping exists.]
11-19 02:20:11.622 1499 1645 I am_wtf : [0,1499,system_server,-1,DisplayDeviceConfig,requesting nits when no mapping exists.]
11-19 02:20:11.638 1499 1645 I am_wtf : [0,1499,system_server,-1,DisplayDeviceConfig,requesting nits when no mapping exists.]
11-19 02:20:11.639 1499 1645 I am_wtf : [0,1499,system_server,-1,DisplayDeviceConfig,requesting nits when no mapping exists.]
11-19 02:20:11.655 1499 1645 I am_wtf : [0,1499,system_server,-1,DisplayDeviceConfig,requesting nits when no mapping exists.]
11-19 02:20:11.655 1499 1645 I am_wtf : [0,1499,system_server,-1,DisplayDeviceConfig,requesting nits when no mapping exists.]
11-19 02:20:11.672 1499 1645 I am_wtf : [0,1499,system_server,-1,DisplayDeviceConfig,requesting nits when no mapping exists.]
11-19 02:20:11.674 1499 1645 I am_wtf : [0,1499,system_server,-1,DisplayDeviceConfig,requesting nits when no mapping exists.]
11-19 02:20:11.689 1499 1645 I am_wtf : [0,1499,system_server,-1,DisplayDeviceConfig,requesting nits when no mapping exists.]
11-19 02:20:11.690 1499 1645 I am_wtf : [0,1499,system_server,-1,DisplayDeviceConfig,requesting nits when no mapping exists.]
11-19 02:20:11.706 1499 1645 I am_wtf : [0,1499,system_server,-1,DisplayDeviceConfig,requesting nits when no mapping exists.]
11-19 02:20:11.707 1499 1645 I am_wtf : [0,1499,system_server,-1,DisplayDeviceConfig,requesting nits when no mapping exists.]
11-19 02:20:11.722 1499 1645 I am_wtf : [0,1499,system_server,-1,DisplayDeviceConfig,requesting nits when no mapping exists.]
11-19 02:20:11.722 1499 1645 I am_wtf : [0,1499,system_server,-1,DisplayDeviceConfig,requesting nits when no mapping exists.]
11-19 02:20:11.738 1499 1645 I am_wtf : [0,1499,system_server,-1,DisplayDeviceConfig,requesting nits when no mapping exists.]
11-19 02:20:11.740 1499 1645 I am_wtf : [0,1499,system_server,-1,DisplayDeviceConfig,requesting nits when no mapping exists.]
11-19 02:20:11.755 1499 1645 I am_wtf : [0,1499,system_server,-1,DisplayDeviceConfig,requesting nits when no mapping exists.]
11-19 02:20:11.756 1499 1645 I am_wtf : [0,1499,system_server,-1,DisplayDeviceConfig,requesting nits when no mapping exists.]
11-19 02:20:11.772 1499 1645 I am_wtf : [0,1499,system_server,-1,DisplayDeviceConfig,requesting nits when no mapping exists.]
11-19 02:20:11.774 1499 1645 I am_wtf : [0,1499,system_server,-1,DisplayDeviceConfig,requesting nits when no mapping exists.]
11-19 02:20:11.789 1499 1645 I am_wtf : [0,1499,system_server,-1,DisplayDeviceConfig,requesting nits when no mapping exists.]
11-19 02:20:11.790 1499 1645 I am_wtf : [0,1499,system_server,-1,DisplayDeviceConfig,requesting nits when no mapping exists.]
11-19 02:20:18.141 1499 1634 I sysui_multi_action: [757,222,758,1]
11-19 02:20:18.157 1499 2761 I wm_task_created: [27,-1]
11-19 02:20:18.160 1499 2761 I wm_task_moved: [27,1,7]
11-19 02:20:18.160 1499 2761 I wm_task_to_front: [0,27]
11-19 02:20:18.161 1499 2761 I wm_create_task: [0,27]
11-19 02:20:18.161 1499 2761 I wm_create_activity: [0,51730909,27,com.thundercomm.screensaver/android.service.dreams.DreamActivity,NULL,NULL,NULL,276824064]
11-19 02:20:18.161 1499 2761 I wm_task_moved: [27,1,7]
11-19 02:20:18.161 2344 2344 I wm_on_top_resumed_lost_called: [8864191,com.android.permissioncontroller.permission.ui.GrantPermissionsActivity,topStateChangedWhenResumed]
11-19 02:20:18.162 1499 2761 I wm_pause_activity: [0,19758722,com.android.launcher3/.uioverrides.QuickstepLauncher,userLeaving=true,pauseBackTasks]
11-19 02:20:18.163 2802 2802 I wm_on_paused_called: [19758722,com.android.launcher3.uioverrides.QuickstepLauncher,performPause]
11-19 02:20:18.164 1499 1644 I am_pss : [6369,10090,com.android.music,6892544,4755456,0,90812416,0,19,6]
11-19 02:20:18.171 1499 2438 I wm_add_to_stopping: [0,19758722,com.android.launcher3/.uioverrides.QuickstepLauncher,makeInvisible]
11-19 02:20:18.172 1499 2438 I wm_restart_activity: [0,51730909,27,com.thundercomm.screensaver/android.service.dreams.DreamActivity]
11-19 02:20:18.175 1499 2438 I wm_set_resumed_activity: [0,com.thundercomm.screensaver/android.service.dreams.DreamActivity,minimalResumeActivityLocked]
11-19 02:20:18.184 1499 1637 I sysui_multi_action: [757,803,799,window_time_2,802,60]
11-19 02:20:18.190 4805 4805 I wm_on_create_called: [51730909,android.service.dreams.DreamActivity,performCreate]
11-19 02:20:18.190 4805 4805 I wm_on_start_called: [51730909,android.service.dreams.DreamActivity,handleStartActivity]
11-19 02:20:18.198 4805 4805 I wm_on_resume_called: [51730909,android.service.dreams.DreamActivity,RESUME_ACTIVITY]
11-19 02:20:18.203 4805 4805 I wm_on_top_resumed_gained_called: [51730909,android.service.dreams.DreamActivity,topStateChangedWhenResumed]
11-19 02:20:18.235 1499 1638 I input_focus: [Focus request 4599f7f com.thundercomm.screensaver/android.service.dreams.DreamActivity,reason=UpdateInputWindows]
11-19 02:20:18.247 1499 1499 I notification_enqueue: [10081,2342,com.android.systemui,2048,NULL,0,Notification(channel=updateNotification shortcut=null contentView=null vibrate=null sound=null defaults=0x0 flags=0x0 color=0x00000000 vis=PRIVATE),1]
11-19 02:20:18.247 2342 2342 I sysui_multi_action: [757,111,758,2]
11-19 02:20:18.247 2342 2342 I sysui_multi_action: [757,111,758,2]
11-19 02:20:18.250 1499 1663 I sysui_multi_action: [757,1696,758,6,759,3]
11-19 02:20:18.254 1499 1634 I sysui_multi_action: [319,92,322,91,325,3697,757,761,758,8,759,2,806,com.thundercomm.screensaver,871,android.service.dreams.DreamActivity,904,com.thundercomm.screensaver,905,0,1320,4,1321,2]
11-19 02:20:18.255 1499 1634 I wm_activity_launch_time: [0,51730909,com.thundercomm.screensaver/android.service.dreams.DreamActivity,91]
11-19 02:20:18.257 1499 1645 I am_wtf : [0,1499,system_server,-1,DisplayDeviceConfig,requesting nits when no mapping exists.]
11-19 02:20:18.258 1499 1831 I input_focus: [Focus leaving d728a42 com.android.permissioncontroller/com.android.permissioncontroller.permission.ui.GrantPermissionsActivity (server),reason=Waiting for window because NOT_VISIBLE]
11-19 02:20:18.258 1499 1645 I am_wtf : [0,1499,system_server,-1,DisplayDeviceConfig,requesting nits when no mapping exists.]
11-19 02:20:18.264 2342 2342 I sysui_multi_action: [757,111,758,1]
11-19 02:20:18.265 2342 2342 I sysui_multi_action: [757,126,758,1,759,126,927,0,928,0,1593,0]
11-19 02:20:18.265 2342 2342 I sysui_multi_action: [757,113,758,1,759,113,927,1,928,1,1593,0]
11-19 02:20:18.265 2342 2342 I sysui_multi_action: [757,0,758,1,759,0,927,2,928,0,1593,0]
11-19 02:20:18.265 2342 2342 I sysui_multi_action: [757,0,758,1,759,0,927,3,928,0,1593,0]
11-19 02:20:18.266 2342 2342 I sysui_multi_action: [757,491,758,1,759,491,927,4,928,0,1311,-1,1593,0]
11-19 02:20:18.266 2342 2342 I sysui_multi_action: [757,0,758,1,759,0,927,5,928,0,1593,0]
11-19 02:20:18.266 2342 2342 I sysui_multi_action: [757,111,758,1]
11-19 02:20:18.267 2342 2342 I sysui_multi_action: [757,126,758,1,759,126,927,0,928,0,1593,0]
11-19 02:20:18.267 2342 2342 I sysui_multi_action: [757,113,758,1,759,113,927,1,928,1,1593,0]
11-19 02:20:18.267 2342 2342 I sysui_multi_action: [757,0,758,1,759,0,927,2,928,0,1593,0]
11-19 02:20:18.267 2342 2342 I sysui_multi_action: [757,0,758,1,759,0,927,3,928,0,1593,0]
11-19 02:20:18.273 1499 1645 I am_wtf : [0,1499,system_server,-1,DisplayDeviceConfig,requesting nits when no mapping exists.]
11-19 02:20:18.274 1499 1645 I am_wtf : [0,1499,system_server,-1,DisplayDeviceConfig,requesting nits when no mapping exists.]
11-19 02:20:18.289 1499 1645 I am_wtf : [0,1499,system_server,-1,DisplayDeviceConfig,requesting nits when no mapping exists.]
11-19 02:20:18.291 1499 1645 I am_wtf : [0,1499,system_server,-1,DisplayDeviceConfig,requesting nits when no mapping exists.]
11-19 02:20:18.291 1499 1831 I input_focus: [Focus entering 4599f7f com.thundercomm.screensaver/android.service.dreams.DreamActivity (server),reason=Window became focusable. Previous reason: NOT_VISIBLE]
11-19 02:20:18.308 1499 1645 I am_wtf : [0,1499,system_server,-1,DisplayDeviceConfig,requesting nits when no mapping exists.]
11-19 02:20:18.309 1499 1645 I am_wtf : [0,1499,system_server,-1,DisplayDeviceConfig,requesting nits when no mapping exists.]
11-19 02:20:18.328 1499 1645 I am_wtf : [0,1499,system_server,-1,DisplayDeviceConfig,requesting nits when no mapping exists.]
11-19 02:20:18.329 1499 1645 I am_wtf : [0,1499,system_server,-1,DisplayDeviceConfig,requesting nits when no mapping exists.]
11-19 02:20:18.347 1499 1645 I am_wtf : [0,1499,system_server,-1,DisplayDeviceConfig,requesting nits when no mapping exists.]
11-19 02:20:18.349 1499 1645 I am_wtf : [0,1499,system_server,-1,DisplayDeviceConfig,requesting nits when no mapping exists.]
11-19 02:20:18.359 1499 1645 I am_wtf : [0,1499,system_server,-1,DisplayDeviceConfig,requesting nits when no mapping exists.]
11-19 02:20:18.360 1499 1645 I am_wtf : [0,1499,system_server,-1,DisplayDeviceConfig,requesting nits when no mapping exists.]
11-19 02:20:18.376 1499 1645 I am_wtf : [0,1499,system_server,-1,DisplayDeviceConfig,requesting nits when no mapping exists.]
11-19 02:20:18.377 1499 1645 I am_wtf : [0,1499,system_server,-1,DisplayDeviceConfig,requesting nits when no mapping exists.]
11-19 02:20:18.390 1499 1645 I am_wtf : [0,1499,system_server,-1,DisplayDeviceConfig,requesting nits when no mapping exists.]
11-19 02:20:18.393 1499 1645 I am_wtf : [0,1499,system_server,-1,DisplayDeviceConfig,requesting nits when no mapping exists.]
11-19 02:20:18.410 1499 1645 I am_wtf : [0,1499,system_server,-1,DisplayDeviceConfig,requesting nits when no mapping exists.]
11-19 02:20:18.411 1499 1645 I am_wtf : [0,1499,system_server,-1,DisplayDeviceConfig,requesting nits when no mapping exists.]
11-19 02:20:18.426 1499 1645 I am_wtf : [0,1499,system_server,-1,DisplayDeviceConfig,requesting nits when no mapping exists.]
11-19 02:20:18.427 1499 1645 I am_wtf : [0,1499,system_server,-1,DisplayDeviceConfig,requesting nits when no mapping exists.]
11-19 02:20:18.443 1499 1645 I am_wtf : [0,1499,system_server,-1,DisplayDeviceConfig,requesting nits when no mapping exists.]
11-19 02:20:18.445 1499 1645 I am_wtf : [0,1499,system_server,-1,DisplayDeviceConfig,requesting nits when no mapping exists.]
11-19 02:20:18.459 1499 1645 I am_wtf : [0,1499,system_server,-1,DisplayDeviceConfig,requesting nits when no mapping exists.]
11-19 02:20:18.460 1499 1645 I am_wtf : [0,1499,system_server,-1,DisplayDeviceConfig,requesting nits when no mapping exists.]
11-19 02:20:18.473 1499 1645 I am_wtf : [0,1499,system_server,-1,DisplayDeviceConfig,requesting nits when no mapping exists.]
11-19 02:20:18.474 1499 1645 I service_manager_stats: [100,59,7269]
11-19 02:20:18.475 1499 1645 I am_wtf : [0,1499,system_server,-1,DisplayDeviceConfig,requesting nits when no mapping exists.]
11-19 02:20:18.491 1499 1645 I am_wtf : [0,1499,system_server,-1,DisplayDeviceConfig,requesting nits when no mapping exists.]
11-19 02:20:18.493 1499 1645 I am_wtf : [0,1499,system_server,-1,DisplayDeviceConfig,requesting nits when no mapping exists.]
11-19 02:20:18.507 1499 1645 I am_wtf : [0,1499,system_server,-1,DisplayDeviceConfig,requesting nits when no mapping exists.]
11-19 02:20:18.509 1499 1645 I am_wtf : [0,1499,system_server,-1,DisplayDeviceConfig,requesting nits when no mapping exists.]
11-19 02:20:18.524 1499 1645 I am_wtf : [0,1499,system_server,-1,DisplayDeviceConfig,requesting nits when no mapping exists.]
11-19 02:20:18.528 1499 1645 I am_wtf : [0,1499,system_server,-1,DisplayDeviceConfig,requesting nits when no mapping exists.]
11-19 02:20:18.542 1499 1645 I am_wtf : [0,1499,system_server,-1,DisplayDeviceConfig,requesting nits when no mapping exists.]
11-19 02:20:18.543 1499 1645 I am_wtf : [0,1499,system_server,-1,DisplayDeviceConfig,requesting nits when no mapping exists.]
11-19 02:20:18.546 1499 1637 I wm_stop_activity: [0,19758722,com.android.launcher3/.uioverrides.QuickstepLauncher]
11-19 02:20:18.561 1499 1645 I am_wtf : [0,1499,system_server,-1,DisplayDeviceConfig,requesting nits when no mapping exists.]
11-19 02:20:18.562 1499 1645 I am_wtf : [0,1499,system_server,-1,DisplayDeviceConfig,requesting nits when no mapping exists.]
11-19 02:20:18.572 2802 2802 I wm_on_stop_called: [19758722,com.android.launcher3.uioverrides.QuickstepLauncher,STOP_ACTIVITY_ITEM]
11-19 02:20:18.574 1499 1645 I am_wtf : [0,1499,system_server,-1,DisplayDeviceConfig,requesting nits when no mapping exists.]
11-19 02:20:18.576 1499 1645 I am_wtf : [0,1499,system_server,-1,DisplayDeviceConfig,requesting nits when no mapping exists.]
11-19 02:20:18.593 1499 1645 I am_wtf : [0,1499,system_server,-1,DisplayDeviceConfig,requesting nits when no mapping exists.]
11-19 02:20:18.594 1499 1645 I am_wtf : [0,1499,system_server,-1,DisplayDeviceConfig,requesting nits when no mapping exists.]
11-19 02:20:18.608 1499 1645 I am_wtf : [0,1499,system_server,-1,DisplayDeviceConfig,requesting nits when no mapping exists.]
11-19 02:20:18.608 1499 1645 I am_wtf : [0,1499,system_server,-1,DisplayDeviceConfig,requesting nits when no mapping exists.]
11-19 02:20:18.621 1499 1645 I am_wtf : [0,1499,system_server,-1,DisplayDeviceConfig,requesting nits when no mapping exists.]
11-19 02:20:18.622 1499 1645 I am_wtf : [0,1499,system_server,-1,DisplayDeviceConfig,requesting nits when no mapping exists.]
11-19 02:20:18.638 1499 1645 I am_wtf : [0,1499,system_server,-1,DisplayDeviceConfig,requesting nits when no mapping exists.]
11-19 02:20:18.639 1499 1645 I am_wtf : [0,1499,system_server,-1,DisplayDeviceConfig,requesting nits when no mapping exists.]
11-19 02:20:18.655 1499 1645 I am_wtf : [0,1499,system_server,-1,DisplayDeviceConfig,requesting nits when no mapping exists.]
11-19 02:20:18.655 1499 1645 I am_wtf : [0,1499,system_server,-1,DisplayDeviceConfig,requesting nits when no mapping exists.]
11-19 02:20:18.672 1499 1645 I am_wtf : [0,1499,system_server,-1,DisplayDeviceConfig,requesting nits when no mapping exists.]
11-19 02:20:18.673 1499 1645 I am_wtf : [0,1499,system_server,-1,DisplayDeviceConfig,requesting nits when no mapping exists.]
11-19 02:20:18.689 1499 1645 I am_wtf : [0,1499,system_server,-1,DisplayDeviceConfig,requesting nits when no mapping exists.]
11-19 02:20:18.690 1499 1645 I am_wtf : [0,1499,system_server,-1,DisplayDeviceConfig,requesting nits when no mapping exists.]
11-19 02:20:18.705 1499 1645 I am_wtf : [0,1499,system_server,-1,DisplayDeviceConfig,requesting nits when no mapping exists.]
11-19 02:20:18.706 1499 1645 I am_wtf : [0,1499,system_server,-1,DisplayDeviceConfig,requesting nits when no mapping exists.]
11-19 02:20:18.722 1499 1645 I am_wtf : [0,1499,system_server,-1,DisplayDeviceConfig,requesting nits when no mapping exists.]
11-19 02:20:18.723 1499 1645 I am_wtf : [0,1499,system_server,-1,DisplayDeviceConfig,requesting nits when no mapping exists.]
11-19 02:20:18.739 1499 1645 I am_wtf : [0,1499,system_server,-1,DisplayDeviceConfig,requesting nits when no mapping exists.]
11-19 02:20:18.740 1499 1645 I am_wtf : [0,1499,system_server,-1,DisplayDeviceConfig,requesting nits when no mapping exists.]
11-19 02:20:18.756 1499 1645 I am_wtf : [0,1499,system_server,-1,DisplayDeviceConfig,requesting nits when no mapping exists.]
11-19 02:20:18.757 1499 1645 I am_wtf : [0,1499,system_server,-1,DisplayDeviceConfig,requesting nits when no mapping exists.]
11-19 02:20:18.773 1499 1645 I am_wtf : [0,1499,system_server,-1,DisplayDeviceConfig,requesting nits when no mapping exists.]
11-19 02:20:18.774 1499 1645 I am_wtf : [0,1499,system_server,-1,DisplayDeviceConfig,requesting nits when no mapping exists.]
11-19 02:20:18.790 1499 1645 I am_wtf : [0,1499,system_server,-1,DisplayDeviceConfig,requesting nits when no mapping exists.]
11-19 02:20:18.791 1499 1645 I am_wtf : [0,1499,system_server,-1,DisplayDeviceConfig,requesting nits when no mapping exists.]
11-19 02:20:18.806 1499 1645 I am_wtf : [0,1499,system_server,-1,DisplayDeviceConfig,requesting nits when no mapping exists.]
11-19 02:20:18.807 1499 1645 I am_wtf : [0,1499,system_server,-1,DisplayDeviceConfig,requesting nits when no mapping exists.]
11-19 02:20:18.823 1499 1645 I am_wtf : [0,1499,system_server,-1,DisplayDeviceConfig,requesting nits when no mapping exists.]
11-19 02:20:18.824 1499 1645 I am_wtf : [0,1499,system_server,-1,DisplayDeviceConfig,requesting nits when no mapping exists.]
11-19 02:20:18.840 1499 1645 I am_wtf : [0,1499,system_server,-1,DisplayDeviceConfig,requesting nits when no mapping exists.]
11-19 02:20:18.842 1499 1645 I am_wtf : [0,1499,system_server,-1,DisplayDeviceConfig,requesting nits when no mapping exists.]
11-19 02:20:18.856 1499 1645 I am_wtf : [0,1499,system_server,-1,DisplayDeviceConfig,requesting nits when no mapping exists.]
11-19 02:20:18.857 1499 1645 I am_wtf : [0,1499,system_server,-1,DisplayDeviceConfig,requesting nits when no mapping exists.]
11-19 02:20:18.872 1499 1645 I am_wtf : [0,1499,system_server,-1,DisplayDeviceConfig,requesting nits when no mapping exists.]
11-19 02:20:18.873 1499 1645 I am_wtf : [0,1499,system_server,-1,DisplayDeviceConfig,requesting nits when no mapping exists.]
11-19 02:20:18.889 1499 1645 I am_wtf : [0,1499,system_server,-1,DisplayDeviceConfig,requesting nits when no mapping exists.]
11-19 02:20:18.890 1499 1645 I am_wtf : [0,1499,system_server,-1,DisplayDeviceConfig,requesting nits when no mapping exists.]
11-19 02:20:18.907 1499 1645 I am_wtf : [0,1499,system_server,-1,DisplayDeviceConfig,requesting nits when no mapping exists.]
11-19 02:20:18.909 1499 1645 I am_wtf : [0,1499,system_server,-1,DisplayDeviceConfig,requesting nits when no mapping exists.]
11-19 02:20:18.924 1499 1645 I am_wtf : [0,1499,system_server,-1,DisplayDeviceConfig,requesting nits when no mapping exists.]
11-19 02:20:18.925 1499 1645 I am_wtf : [0,1499,system_server,-1,DisplayDeviceConfig,requesting nits when no mapping exists.]
11-19 02:20:18.939 1499 1645 I am_wtf : [0,1499,system_server,-1,DisplayDeviceConfig,requesting nits when no mapping exists.]
11-19 02:20:18.941 1499 1645 I am_wtf : [0,1499,system_server,-1,DisplayDeviceConfig,requesting nits when no mapping exists.]
11-19 02:20:18.957 1499 1645 I am_wtf : [0,1499,system_server,-1,DisplayDeviceConfig,requesting nits when no mapping exists.]
11-19 02:20:18.958 1499 1645 I am_wtf : [0,1499,system_server,-1,DisplayDeviceConfig,requesting nits when no mapping exists.]
11-19 02:20:18.973 1499 1645 I am_wtf : [0,1499,system_server,-1,DisplayDeviceConfig,requesting nits when no mapping exists.]
11-19 02:20:18.974 1499 1645 I am_wtf : [0,1499,system_server,-1,DisplayDeviceConfig,requesting nits when no mapping exists.]
11-19 02:20:18.989 1499 1645 I am_wtf : [0,1499,system_server,-1,DisplayDeviceConfig,requesting nits when no mapping exists.]
11-19 02:20:18.990 1499 1645 I am_wtf : [0,1499,system_server,-1,DisplayDeviceConfig,requesting nits when no mapping exists.]
11-19 02:20:19.006 1499 1645 I am_wtf : [0,1499,system_server,-1,DisplayDeviceConfig,requesting nits when no mapping exists.]
11-19 02:20:19.007 1499 1645 I am_wtf : [0,1499,system_server,-1,DisplayDeviceConfig,requesting nits when no mapping exists.]
11-19 02:20:19.023 1499 1645 I am_wtf : [0,1499,system_server,-1,DisplayDeviceConfig,requesting nits when no mapping exists.]
11-19 02:20:19.025 1499 1645 I am_wtf : [0,1499,system_server,-1,DisplayDeviceConfig,requesting nits when no mapping exists.]
11-19 02:20:19.042 1499 1645 I am_wtf : [0,1499,system_server,-1,DisplayDeviceConfig,requesting nits when no mapping exists.]
11-19 02:20:19.043 1499 1645 I am_wtf : [0,1499,system_server,-1,DisplayDeviceConfig,requesting nits when no mapping exists.]
11-19 02:20:19.059 1499 1645 I am_wtf : [0,1499,system_server,-1,DisplayDeviceConfig,requesting nits when no mapping exists.]
11-19 02:20:19.061 1499 1645 I am_wtf : [0,1499,system_server,-1,DisplayDeviceConfig,requesting nits when no mapping exists.]
11-19 02:20:19.074 1499 1645 I am_wtf : [0,1499,system_server,-1,DisplayDeviceConfig,requesting nits when no mapping exists.]
11-19 02:20:19.075 1499 1645 I am_wtf : [0,1499,system_server,-1,DisplayDeviceConfig,requesting nits when no mapping exists.]
11-19 02:20:19.090 1499 1645 I am_wtf : [0,1499,system_server,-1,DisplayDeviceConfig,requesting nits when no mapping exists.]
11-19 02:20:19.090 1499 1645 I am_wtf : [0,1499,system_server,-1,DisplayDeviceConfig,requesting nits when no mapping exists.]
11-19 02:20:19.106 1499 1645 I am_wtf : [0,1499,system_server,-1,DisplayDeviceConfig,requesting nits when no mapping exists.]
11-19 02:20:19.108 1499 1645 I am_wtf : [0,1499,system_server,-1,DisplayDeviceConfig,requesting nits when no mapping exists.]
11-19 02:20:19.123 1499 1645 I am_wtf : [0,1499,system_server,-1,DisplayDeviceConfig,requesting nits when no mapping exists.]
11-19 02:20:19.126 1499 1645 I am_wtf : [0,1499,system_server,-1,DisplayDeviceConfig,requesting nits when no mapping exists.]
11-19 02:20:19.141 1499 1645 I am_wtf : [0,1499,system_server,-1,DisplayDeviceConfig,requesting nits when no mapping exists.]
11-19 02:20:19.142 1499 1645 I am_wtf : [0,1499,system_server,-1,DisplayDeviceConfig,requesting nits when no mapping exists.]
11-19 02:20:19.157 1499 1645 I am_wtf : [0,1499,system_server,-1,DisplayDeviceConfig,requesting nits when no mapping exists.]
11-19 02:20:19.160 1499 1645 I am_wtf : [0,1499,system_server,-1,DisplayDeviceConfig,requesting nits when no mapping exists.]
11-19 02:20:19.173 1499 1645 I am_wtf : [0,1499,system_server,-1,DisplayDeviceConfig,requesting nits when no mapping exists.]
11-19 02:20:19.174 1499 1645 I am_wtf : [0,1499,system_server,-1,DisplayDeviceConfig,requesting nits when no mapping exists.]
11-19 02:20:19.192 1499 1645 I am_wtf : [0,1499,system_server,-1,DisplayDeviceConfig,requesting nits when no mapping exists.]
11-19 02:20:19.193 1499 1645 I am_wtf : [0,1499,system_server,-1,DisplayDeviceConfig,requesting nits when no mapping exists.]
11-19 02:20:19.207 1499 1645 I am_wtf : [0,1499,system_server,-1,DisplayDeviceConfig,requesting nits when no mapping exists.]
11-19 02:20:19.208 1499 1645 I am_wtf : [0,1499,system_server,-1,DisplayDeviceConfig,requesting nits when no mapping exists.]
11-19 02:21:24.658 1499 1645 I am_uid_idle: 10064
11-19 02:25:27.993 1499 2450 I commit_sys_config_file: [appops,3975551]
11-19 02:25:28.355 1499 1793 I am_freeze: [6280,com.android.documentsui]
11-19 02:25:28.356 1499 1793 I am_kill : [0,6280,com.android.documentsui,925,Unable to freeze binder interface]
11-19 02:25:28.391 1499 3537 I am_proc_died: [0,6280,com.android.documentsui,925,19]
11-19 02:25:28.392 1499 3537 I am_uid_stopped: 10029
11-19 02:25:28.397 1499 1637 I am_uid_running: 10029
