11-19 04:08:12.080 8560 8560 I wm_on_start_called: [68088943,com.android.permissioncontroller.permission.ui.GrantPermissionsActivity,handleStartActivity]
11-19 04:08:12.081 8560 8560 I wm_on_resume_called: [68088943,com.android.permissioncontroller.permission.ui.GrantPermissionsActivity,RESUME_ACTIVITY]
11-19 04:08:12.083 8560 8560 I wm_on_top_resumed_gained_called: [68088943,com.android.permissioncontroller.permission.ui.GrantPermissionsActivity,topStateChangedWhenResumed]
11-19 04:08:12.087 1499 4678 I wm_finish_activity: [0,68088943,35,com.android.permissioncontroller/.permission.ui.GrantPermissionsActivity,app-request]
11-19 04:08:12.102 1499 4678 I wm_pause_activity: [0,68088943,com.android.permissioncontroller/.permission.ui.GrantPermissionsActivity,userLeaving=false,finish]
11-19 04:08:12.109 1499 1637 I sysui_multi_action: [757,1144,758,8,806,com.android.permissioncontroller,871,com.android.permissioncontroller.permission.ui.GrantPermissionsActivity]
11-19 04:08:12.117 8560 8560 I wm_on_top_resumed_lost_called: [68088943,com.android.permissioncontroller.permission.ui.GrantPermissionsActivity,topStateChangedWhenResumed]
11-19 04:08:12.119 8560 8560 I wm_on_paused_called: [68088943,com.android.permissioncontroller.permission.ui.GrantPermissionsActivity,performPause]
11-19 04:08:12.120 1499 5215 I wm_set_resumed_activity: [0,com.android.deskclock/.DeskClock,resumeTopActivityInnerLocked]
11-19 04:08:12.121 1499 5215 I wm_resume_activity: [0,211246718,35,com.android.deskclock/.DeskClock]
11-19 04:08:12.123 8854 8854 I wm_on_activity_result_called: [211246718,com.android.deskclock.DeskClock,ACTIVITY_RESULT]
11-19 04:08:12.123 8854 8854 I wm_on_resume_called: [211246718,com.android.deskclock.DeskClock,RESUME_ACTIVITY]
11-19 04:08:12.127 8854 8854 I wm_on_top_resumed_gained_called: [211246718,com.android.deskclock.DeskClock,topWhenResuming]
11-19 04:08:12.134 1499 1638 I input_focus: [Focus request 3f7108e com.android.deskclock/com.android.deskclock.DeskClock,reason=UpdateInputWindows]
11-19 04:08:12.135 1499 1637 I sysui_multi_action: [757,803,799,window_time_0,802,0]
11-19 04:08:12.143 1499 8831 I wm_destroy_activity: [0,68088943,35,com.android.permissioncontroller/.permission.ui.GrantPermissionsActivity,finish-idle]
11-19 04:08:12.144 8560 8560 I wm_on_stop_called: [68088943,com.android.permissioncontroller.permission.ui.GrantPermissionsActivity,LIFECYCLER_STOP_ACTIVITY]
11-19 04:08:12.145 8560 8560 I wm_on_destroy_called: [68088943,com.android.permissioncontroller.permission.ui.GrantPermissionsActivity,performDestroy]
11-19 04:08:12.479 1499 1637 I wm_stop_activity: [0,19758722,com.android.launcher3/.uioverrides.QuickstepLauncher]
11-19 04:08:12.507 2802 2802 I wm_on_stop_called: [19758722,com.android.launcher3.uioverrides.QuickstepLauncher,STOP_ACTIVITY_ITEM]
11-19 04:08:13.446 1499 5215 I wm_task_moved: [1,0,0]
11-19 04:08:13.448 1499 5215 I wm_task_moved: [1,0,5]
11-19 04:08:13.477 2802 2802 I wm_on_restart_called: [19758722,com.android.launcher3.uioverrides.QuickstepLauncher,performRestartActivity]
11-19 04:08:13.504 2802 2802 I wm_on_start_called: [19758722,com.android.launcher3.uioverrides.QuickstepLauncher,handleStartActivity]
11-19 04:08:13.505 8854 8854 I view_enqueue_input_event: [Motion - Cancel,com.android.deskclock/com.android.deskclock.DeskClock]
11-19 04:08:13.508 1499 1831 I input_interaction: Interaction with: edge-swipe (server), swipe-up (server), PointerEventDispatcher0 (server),
11-19 04:08:13.513 1499 1638 I input_focus: [Focus request recents_animation_input_consumer,reason=UpdateInputWindows]
11-19 04:08:13.515 2802 2802 I sysui_latency: [1,98]
11-19 04:08:13.526 1499 1831 I input_focus: [Focus leaving 3f7108e com.android.deskclock/com.android.deskclock.DeskClock (server),reason=NOT_FOCUSABLE]
11-19 04:08:13.528 1499 1831 I input_focus: [Focus entering recents_animation_input_consumer (server),reason=setFocusedWindow]
11-19 04:08:13.530 1499 1634 I sysui_multi_action: [319,18,322,74,325,10172,757,761,758,9,759,5,806,com.android.launcher3,871,com.android.launcher3.uioverrides.QuickstepLauncher,905,0,1320,8,1321,5]
11-19 04:08:13.714 1499 1759 I commit_sys_config_file: [settings-1-0,12]
11-19 04:08:13.822 1499 1644 I sysui_latency: [8,96]
11-19 04:08:14.401 1499 1759 I commit_sys_config_file: [settings-1-0,10]
11-19 04:08:14.642 1499 1831 I input_interaction: Interaction with: 632f7bf com.android.launcher3/com.android.launcher3.uioverrides.QuickstepLauncher (server), edge-swipe (server), swipe-up (server), PointerEventDispatcher0 (server),
11-19 04:08:15.054 1499 8831 I wm_task_moved: [1,1,6]
11-19 04:08:15.061 1499 8831 I wm_focused_root_task: [0,0,1,35,RecentsAnimation.onAnimationFinished()]
11-19 04:08:15.063 1499 8831 I wm_pause_activity: [0,211246718,com.android.deskclock/.DeskClock,userLeaving=false,pauseBackTasks]
11-19 04:08:15.064 8854 8854 I wm_on_top_resumed_lost_called: [211246718,com.android.deskclock.DeskClock,topStateChangedWhenResumed]
11-19 04:08:15.067 1499 8831 I wm_set_resumed_activity: [0,com.android.launcher3/.uioverrides.QuickstepLauncher,resumeTopActivityInnerLocked]
11-19 04:08:15.069 1499 8831 I wm_resume_activity: [0,19758722,10,com.android.launcher3/.uioverrides.QuickstepLauncher]
11-19 04:08:15.070 1499 8831 I wm_add_to_stopping: [0,211246718,com.android.deskclock/.DeskClock,makeInvisible]
11-19 04:08:15.072 2802 2802 I wm_on_resume_called: [19758722,com.android.launcher3.uioverrides.QuickstepLauncher,RESUME_ACTIVITY]
11-19 04:08:15.086 1499 1638 I input_focus: [Focus request 632f7bf com.android.launcher3/com.android.launcher3.uioverrides.QuickstepLauncher,reason=UpdateInputWindows]
11-19 04:08:15.090 1499 4678 I wm_stop_activity: [0,211246718,com.android.deskclock/.DeskClock]
11-19 04:08:15.091 8854 8854 I wm_on_paused_called: [211246718,com.android.deskclock.DeskClock,performPause]
11-19 04:08:15.094 1499 1637 I sysui_multi_action: [757,803,799,window_time_0,802,3]
11-19 04:08:15.098 1499 1637 I sysui_multi_action: [757,803,799,window_time_0,802,0]
11-19 04:08:15.098 1499 1831 I input_focus: [Focus leaving recents_animation_input_consumer (server),reason=NOT_VISIBLE]
11-19 04:08:15.098 1499 1831 I input_focus: [Focus entering 632f7bf com.android.launcher3/com.android.launcher3.uioverrides.QuickstepLauncher (server),reason=setFocusedWindow]
11-19 04:08:15.100 2802 2802 I wm_on_top_resumed_gained_called: [19758722,com.android.launcher3.uioverrides.QuickstepLauncher,topStateChangedWhenResumed]
11-19 04:08:15.102 8854 8854 I wm_on_stop_called: [211246718,com.android.deskclock.DeskClock,STOP_ACTIVITY_ITEM]
11-19 04:08:15.190 1499 6279 I wm_finish_activity: [0,211246718,35,com.android.deskclock/.DeskClock,recent-task-trimmed]
11-19 04:08:15.192 1499 6279 I wm_destroy_activity: [0,211246718,35,com.android.deskclock/.DeskClock,finish-imm:finishIfPossible]
11-19 04:08:15.194 1499 1637 I am_kill : [0,8854,com.android.deskclock,900,remove task]
11-19 04:08:15.198 1499 1637 I sysui_multi_action: [757,803,799,window_time_0,802,0]
11-19 04:08:15.246 1499 7777 I am_proc_died: [0,8854,com.android.deskclock,900,18]
11-19 04:08:15.250 1499 7777 I am_uid_stopped: 10063
11-19 04:08:15.252 1499 7777 I wm_task_removed: [35,removeChild:removeChild last r=ActivityRecord{c975e7e u0 com.android.deskclock/.DeskClock t-1 f}} in t=Task{4fb9839 #35 type=standard A=10063:com.android.deskclock U=0 visible=false mode=fullscreen translucent=true sz=0}]
11-19 04:08:15.252 1499 7777 I wm_task_removed: [35,removeChild]
11-19 04:08:15.483 1499 1831 I input_interaction: Interaction with: 632f7bf com.android.launcher3/com.android.launcher3.uioverrides.QuickstepLauncher (server), a1d9774 com.android.systemui.ImageWallpaper (server), edge-swipe (server), swipe-up (server), PointerEventDispatcher0 (server),
11-19 04:08:15.576 1499 7777 I wm_task_created: [36,-1]
11-19 04:08:15.582 1499 7777 I wm_task_moved: [36,1,6]
11-19 04:08:15.582 1499 7777 I wm_task_to_front: [0,36]
11-19 04:08:15.583 1499 7777 I wm_create_task: [0,36]
11-19 04:08:15.583 1499 7777 I wm_create_activity: [0,26527600,36,com.android.deskclock/.DeskClock,NULL,NULL,NULL,268468224]
11-19 04:08:15.583 1499 7777 I wm_task_moved: [36,1,6]
11-19 04:08:15.590 1499 1637 I am_uid_running: 10063
11-19 04:08:15.593 2802 2802 I wm_on_top_resumed_lost_called: [19758722,com.android.launcher3.uioverrides.QuickstepLauncher,topStateChangedWhenResumed]
11-19 04:08:15.602 1499 1646 I am_proc_start: [0,8924,10063,com.android.deskclock,top-activity,{com.android.deskclock/com.android.deskclock.DeskClock}]
11-19 04:08:15.617 1499 2761 I am_proc_bound: [0,8924,com.android.deskclock]
11-19 04:08:15.619 1499 2761 I wm_restart_activity: [0,26527600,36,com.android.deskclock/.DeskClock]
11-19 04:08:15.620 1499 2761 I wm_set_resumed_activity: [0,com.android.deskclock/.DeskClock,minimalResumeActivityLocked]
11-19 04:08:15.621 1499 2761 I am_uid_active: 10063
11-19 04:08:15.676 1499 5215 I wm_task_moved: [36,1,6]
11-19 04:08:15.676 1499 5215 I wm_set_resumed_activity: [0,com.android.deskclock/.DeskClock,positionChildAt]
11-19 04:08:15.676 1499 5215 I wm_create_activity: [0,226723851,36,com.android.permissioncontroller/.permission.ui.GrantPermissionsActivity,android.content.pm.action.REQUEST_PERMISSIONS,NULL,NULL,8388608]
11-19 04:08:15.677 1499 5215 I wm_pause_activity: [0,26527600,com.android.deskclock/.DeskClock,userLeaving=true,resumeTopActivityInnerLocked]
11-19 04:08:15.693 8924 8924 I wm_on_create_called: [26527600,com.android.deskclock.DeskClock,performCreate]
11-19 04:08:15.695 8924 8924 I wm_on_start_called: [26527600,com.android.deskclock.DeskClock,handleStartActivity]
11-19 04:08:15.696 8924 8924 I wm_on_resume_called: [26527600,com.android.deskclock.DeskClock,RESUME_ACTIVITY]
11-19 04:08:15.701 8924 8924 I wm_on_top_resumed_gained_called: [26527600,com.android.deskclock.DeskClock,topStateChangedWhenResumed]
11-19 04:08:15.701 8924 8924 I wm_on_top_resumed_lost_called: [26527600,com.android.deskclock.DeskClock,topStateChangedWhenResumed]
11-19 04:08:15.702 8924 8924 I wm_on_paused_called: [26527600,com.android.deskclock.DeskClock,performPause]
11-19 04:08:15.703 1499 5215 I wm_restart_activity: [0,226723851,36,com.android.permissioncontroller/.permission.ui.GrantPermissionsActivity]
11-19 04:08:15.703 1499 5215 I wm_set_resumed_activity: [0,com.android.permissioncontroller/.permission.ui.GrantPermissionsActivity,minimalResumeActivityLocked]
11-19 04:08:15.707 1499 1637 I sysui_multi_action: [757,803,799,window_time_0,802,1]
11-19 04:08:15.724 8560 8560 I wm_on_create_called: [226723851,com.android.permissioncontroller.permission.ui.GrantPermissionsActivity,performCreate]
11-19 04:08:15.725 8560 8560 I wm_on_start_called: [226723851,com.android.permissioncontroller.permission.ui.GrantPermissionsActivity,handleStartActivity]
11-19 04:08:15.725 8560 8560 I wm_on_resume_called: [226723851,com.android.permissioncontroller.permission.ui.GrantPermissionsActivity,RESUME_ACTIVITY]
11-19 04:08:15.727 8560 8560 I wm_on_top_resumed_gained_called: [226723851,com.android.permissioncontroller.permission.ui.GrantPermissionsActivity,topStateChangedWhenResumed]
11-19 04:08:15.737 1499 1638 I input_focus: [Focus request cc9497e com.android.permissioncontroller/com.android.permissioncontroller.permission.ui.GrantPermissionsActivity,reason=UpdateInputWindows]
11-19 04:08:15.743 1499 2761 I wm_finish_activity: [0,226723851,36,com.android.permissioncontroller/.permission.ui.GrantPermissionsActivity,app-request]
11-19 04:08:15.744 1499 2761 I wm_pause_activity: [0,226723851,com.android.permissioncontroller/.permission.ui.GrantPermissionsActivity,userLeaving=false,finish]
11-19 04:08:15.748 8560 8560 I wm_on_top_resumed_lost_called: [226723851,com.android.permissioncontroller.permission.ui.GrantPermissionsActivity,topStateChangedWhenResumed]
11-19 04:08:15.750 8560 8560 I wm_on_paused_called: [226723851,com.android.permissioncontroller.permission.ui.GrantPermissionsActivity,performPause]
11-19 04:08:15.750 1499 2761 I wm_add_to_stopping: [0,226723851,com.android.permissioncontroller/.permission.ui.GrantPermissionsActivity,completeFinishing]
11-19 04:08:15.751 1499 2761 I wm_set_resumed_activity: [0,com.android.deskclock/.DeskClock,resumeTopActivityInnerLocked]
11-19 04:08:15.752 1499 1831 I input_focus: [Focus leaving 632f7bf com.android.launcher3/com.android.launcher3.uioverrides.QuickstepLauncher (server),reason=Waiting for window because NOT_VISIBLE]
11-19 04:08:15.752 1499 2761 I wm_resume_activity: [0,26527600,36,com.android.deskclock/.DeskClock]
11-19 04:08:15.758 1499 1637 I sysui_multi_action: [757,803,799,window_time_2,802,0]
11-19 04:08:15.769 1499 1638 I input_focus: [Focus request 4be2c3d com.android.deskclock/com.android.deskclock.DeskClock,reason=UpdateInputWindows]
11-19 04:08:15.841 8924 8924 I wm_on_activity_result_called: [26527600,com.android.deskclock.DeskClock,ACTIVITY_RESULT]
11-19 04:08:15.841 8924 8924 I wm_on_resume_called: [26527600,com.android.deskclock.DeskClock,RESUME_ACTIVITY]
11-19 04:08:15.842 8924 8924 I wm_on_top_resumed_gained_called: [26527600,com.android.deskclock.DeskClock,topWhenResuming]
11-19 04:08:15.848 1499 1831 I input_focus: [Focus entering 4be2c3d com.android.deskclock/com.android.deskclock.DeskClock (server),reason=Window became focusable. Previous reason: NOT_VISIBLE]
11-19 04:08:16.120 1499 1637 I wm_destroy_activity: [0,226723851,36,com.android.permissioncontroller/.permission.ui.GrantPermissionsActivity,finish-imm:idle]
11-19 04:08:16.122 8560 8560 I wm_on_stop_called: [226723851,com.android.permissioncontroller.permission.ui.GrantPermissionsActivity,LIFECYCLER_STOP_ACTIVITY]
11-19 04:08:16.124 8560 8560 I wm_on_destroy_called: [226723851,com.android.permissioncontroller.permission.ui.GrantPermissionsActivity,performDestroy]
11-19 04:08:16.695 1499 1831 I input_interaction: Interaction with: 4be2c3d com.android.deskclock/com.android.deskclock.DeskClock (server), edge-swipe (server), swipe-up (server), PointerEventDispatcher0 (server),
11-19 04:08:16.859 1499 5215 I wm_relaunch_resume_activity: [0,26527600,36,com.android.deskclock/.DeskClock]
11-19 04:08:16.860 1499 5215 I wm_add_to_stopping: [0,19758722,com.android.launcher3/.uioverrides.QuickstepLauncher,makeInvisible]
11-19 04:08:16.871 8924 8924 I wm_on_top_resumed_lost_called: [26527600,com.android.deskclock.DeskClock,pausing]
11-19 04:08:16.886 8924 8924 I wm_on_paused_called: [26527600,com.android.deskclock.DeskClock,performPause]
11-19 04:08:16.889 8924 8924 I wm_on_stop_called: [26527600,com.android.deskclock.DeskClock,handleRelaunchActivity]
11-19 04:08:16.903 8924 8924 I wm_on_destroy_called: [26527600,com.android.deskclock.DeskClock,performDestroy]
11-19 04:08:16.937 1499 5215 I wm_task_moved: [36,1,6]
11-19 04:08:16.937 1499 5215 I wm_set_resumed_activity: [0,com.android.deskclock/.DeskClock,positionChildAt]
11-19 04:08:16.937 1499 5215 I wm_create_activity: [0,103547551,36,com.android.permissioncontroller/.permission.ui.GrantPermissionsActivity,android.content.pm.action.REQUEST_PERMISSIONS,NULL,NULL,8388608]
11-19 04:08:16.938 1499 5215 I wm_pause_activity: [0,19758722,com.android.launcher3/.uioverrides.QuickstepLauncher,userLeaving=true,pauseBackTasks]
11-19 04:08:16.939 1499 5215 I wm_pause_activity: [0,26527600,com.android.deskclock/.DeskClock,userLeaving=true,resumeTopActivityInnerLocked]
11-19 04:08:16.940 2802 2802 I wm_on_paused_called: [19758722,com.android.launcher3.uioverrides.QuickstepLauncher,performPause]
11-19 04:08:16.947 1499 1637 I sysui_multi_action: [757,803,799,window_time_2,802,1]
11-19 04:08:16.984 8924 8924 I wm_on_create_called: [26527600,com.android.deskclock.DeskClock,performCreate]
11-19 04:08:17.020 8924 8924 I wm_on_start_called: [26527600,com.android.deskclock.DeskClock,handleStartActivity]
11-19 04:08:17.020 8924 8924 I wm_on_resume_called: [26527600,com.android.deskclock.DeskClock,RESUME_ACTIVITY]
11-19 04:08:17.023 8924 8924 I wm_on_top_resumed_gained_called: [26527600,com.android.deskclock.DeskClock,topWhenResuming]
11-19 04:08:17.070 8924 8924 I wm_on_top_resumed_lost_called: [26527600,com.android.deskclock.DeskClock,topStateChangedWhenResumed]
11-19 04:08:17.070 8924 8924 I wm_on_paused_called: [26527600,com.android.deskclock.DeskClock,performPause]
11-19 04:08:17.075 1499 7777 I wm_restart_activity: [0,103547551,36,com.android.permissioncontroller/.permission.ui.GrantPermissionsActivity]
11-19 04:08:17.077 1499 7777 I wm_set_resumed_activity: [0,com.android.permissioncontroller/.permission.ui.GrantPermissionsActivity,minimalResumeActivityLocked]
11-19 04:08:17.082 1499 1637 I sysui_multi_action: [757,803,799,window_time_0,802,0]
11-19 04:08:17.107 8560 8560 I wm_on_create_called: [103547551,com.android.permissioncontroller.permission.ui.GrantPermissionsActivity,performCreate]
11-19 04:08:17.108 8560 8560 I wm_on_start_called: [103547551,com.android.permissioncontroller.permission.ui.GrantPermissionsActivity,handleStartActivity]
11-19 04:08:17.109 8560 8560 I wm_on_resume_called: [103547551,com.android.permissioncontroller.permission.ui.GrantPermissionsActivity,RESUME_ACTIVITY]
11-19 04:08:17.111 8560 8560 I wm_on_top_resumed_gained_called: [103547551,com.android.permissioncontroller.permission.ui.GrantPermissionsActivity,topStateChangedWhenResumed]
11-19 04:08:17.117 1499 7777 I wm_finish_activity: [0,103547551,36,com.android.permissioncontroller/.permission.ui.GrantPermissionsActivity,app-request]
11-19 04:08:17.130 1499 7777 I wm_pause_activity: [0,103547551,com.android.permissioncontroller/.permission.ui.GrantPermissionsActivity,userLeaving=false,finish]
11-19 04:08:17.134 1499 1637 I sysui_multi_action: [757,1144,758,8,806,com.android.permissioncontroller,871,com.android.permissioncontroller.permission.ui.GrantPermissionsActivity]
11-19 04:08:17.141 8560 8560 I wm_on_top_resumed_lost_called: [103547551,com.android.permissioncontroller.permission.ui.GrantPermissionsActivity,topStateChangedWhenResumed]
11-19 04:08:17.143 8560 8560 I wm_on_paused_called: [103547551,com.android.permissioncontroller.permission.ui.GrantPermissionsActivity,performPause]
11-19 04:08:17.146 1499 8917 I wm_set_resumed_activity: [0,com.android.deskclock/.DeskClock,resumeTopActivityInnerLocked]
11-19 04:08:17.147 1499 8917 I wm_resume_activity: [0,26527600,36,com.android.deskclock/.DeskClock]
11-19 04:08:17.148 8924 8924 I wm_on_activity_result_called: [26527600,com.android.deskclock.DeskClock,ACTIVITY_RESULT]
11-19 04:08:17.149 8924 8924 I wm_on_resume_called: [26527600,com.android.deskclock.DeskClock,RESUME_ACTIVITY]
11-19 04:08:17.152 8924 8924 I wm_on_top_resumed_gained_called: [26527600,com.android.deskclock.DeskClock,topWhenResuming]
11-19 04:08:17.155 1499 1638 I input_focus: [Focus request 4be2c3d com.android.deskclock/com.android.deskclock.DeskClock,reason=UpdateInputWindows]
11-19 04:08:17.164 1499 1637 I sysui_multi_action: [757,803,799,window_time_0,802,0]
11-19 04:08:17.173 1499 8917 I wm_destroy_activity: [0,103547551,36,com.android.permissioncontroller/.permission.ui.GrantPermissionsActivity,finish-idle]
11-19 04:08:17.174 8560 8560 I wm_on_stop_called: [103547551,com.android.permissioncontroller.permission.ui.GrantPermissionsActivity,LIFECYCLER_STOP_ACTIVITY]
11-19 04:08:17.175 8560 8560 I wm_on_destroy_called: [103547551,com.android.permissioncontroller.permission.ui.GrantPermissionsActivity,performDestroy]
11-19 04:08:17.507 1499 1637 I wm_stop_activity: [0,19758722,com.android.launcher3/.uioverrides.QuickstepLauncher]
11-19 04:08:17.539 2802 2802 I wm_on_stop_called: [19758722,com.android.launcher3.uioverrides.QuickstepLauncher,STOP_ACTIVITY_ITEM]
11-19 04:08:18.075 1499 6279 I wm_task_moved: [1,0,0]
11-19 04:08:18.075 1499 6279 I wm_task_moved: [1,0,5]
11-19 04:08:18.105 2802 2802 I wm_on_restart_called: [19758722,com.android.launcher3.uioverrides.QuickstepLauncher,performRestartActivity]
11-19 04:08:18.133 2802 2802 I wm_on_start_called: [19758722,com.android.launcher3.uioverrides.QuickstepLauncher,handleStartActivity]
11-19 04:08:18.131 0 0 I auditd : type=1400 audit(0.0:5983): avc: denied { kill } for comm="swapper/3" capability=5 scontext=u:r:kernel:s0 tcontext=u:r:kernel:s0 tclass=capability permissive=0
11-19 04:08:18.134 8924 8924 I view_enqueue_input_event: [Motion - Cancel,com.android.deskclock/com.android.deskclock.DeskClock]
11-19 04:08:18.143 1499 1831 I input_interaction: Interaction with: edge-swipe (server), swipe-up (server), PointerEventDispatcher0 (server),
11-19 04:08:18.144 2802 2802 I sysui_latency: [1,100]
11-19 04:08:18.155 1499 1831 I input_focus: [Focus leaving 4be2c3d com.android.deskclock/com.android.deskclock.DeskClock (server),reason=NOT_FOCUSABLE]
11-19 04:08:18.159 1499 1634 I sysui_multi_action: [319,14,322,74,325,10177,757,761,758,9,759,5,806,com.android.launcher3,871,com.android.launcher3.uioverrides.QuickstepLauncher,905,0,1320,8,1321,5]
11-19 04:08:18.337 1499 1759 I commit_sys_config_file: [settings-1-0,6]
11-19 04:08:18.450 1499 1644 I sysui_latency: [8,95]
11-19 04:08:18.984 1499 1759 I commit_sys_config_file: [settings-1-0,7]
11-19 04:08:19.131 0 0 I auditd : type=1400 audit(0.0:5984): avc: denied { kill } for comm="swapper/3" capability=5 scontext=u:r:kernel:s0 tcontext=u:r:kernel:s0 tclass=capability permissive=0
11-19 04:08:19.187 1499 1831 I input_interaction: Interaction with: 632f7bf com.android.launcher3/com.android.launcher3.uioverrides.QuickstepLauncher (server), edge-swipe (server), swipe-up (server), PointerEventDispatcher0 (server),
11-19 04:08:19.593 1499 8917 I wm_task_moved: [1,1,6]
11-19 04:08:19.594 1499 8917 I wm_focused_root_task: [0,0,1,36,RecentsAnimation.onAnimationFinished()]
11-19 04:08:19.595 8924 8924 I wm_on_top_resumed_lost_called: [26527600,com.android.deskclock.DeskClock,topStateChangedWhenResumed]
11-19 04:08:19.599 1499 8917 I wm_pause_activity: [0,26527600,com.android.deskclock/.DeskClock,userLeaving=false,pauseBackTasks]
11-19 04:08:19.602 1499 8917 I wm_set_resumed_activity: [0,com.android.launcher3/.uioverrides.QuickstepLauncher,resumeTopActivityInnerLocked]
11-19 04:08:19.603 1499 8917 I wm_resume_activity: [0,19758722,10,com.android.launcher3/.uioverrides.QuickstepLauncher]
11-19 04:08:19.604 1499 8917 I wm_add_to_stopping: [0,26527600,com.android.deskclock/.DeskClock,makeInvisible]
11-19 04:08:19.604 2802 2802 I wm_on_resume_called: [19758722,com.android.launcher3.uioverrides.QuickstepLauncher,RESUME_ACTIVITY]
11-19 04:08:19.611 1499 1638 I input_focus: [Focus request 632f7bf com.android.launcher3/com.android.launcher3.uioverrides.QuickstepLauncher,reason=UpdateInputWindows]
11-19 04:08:19.615 1499 1637 I sysui_multi_action: [757,803,799,window_time_0,802,2]
11-19 04:08:19.617 1499 1637 I wm_stop_activity: [0,26527600,com.android.deskclock/.DeskClock]
11-19 04:08:19.618 1499 1637 I sysui_multi_action: [757,803,799,window_time_0,802,0]
11-19 04:08:19.621 8924 8924 I wm_on_paused_called: [26527600,com.android.deskclock.DeskClock,performPause]
11-19 04:08:19.625 8924 8924 I wm_on_stop_called: [26527600,com.android.deskclock.DeskClock,STOP_ACTIVITY_ITEM]
11-19 04:08:19.625 1499 1831 I input_focus: [Focus entering 632f7bf com.android.launcher3/com.android.launcher3.uioverrides.QuickstepLauncher (server),reason=setFocusedWindow]
11-19 04:08:19.642 2802 2802 I wm_on_top_resumed_gained_called: [19758722,com.android.launcher3.uioverrides.QuickstepLauncher,topStateChangedWhenResumed]
11-19 04:08:19.713 1499 5215 I wm_finish_activity: [0,26527600,36,com.android.deskclock/.DeskClock,recent-task-trimmed]
11-19 04:08:19.714 1499 5215 I wm_destroy_activity: [0,26527600,36,com.android.deskclock/.DeskClock,finish-imm:finishIfPossible]
11-19 04:08:19.716 1499 1637 I am_kill : [0,8924,com.android.deskclock,905,remove task]
11-19 04:08:19.719 1499 1637 I sysui_multi_action: [757,803,799,window_time_0,802,1]
11-19 04:08:19.755 1499 8917 I am_proc_died: [0,8924,com.android.deskclock,905,19]
11-19 04:08:19.757 1499 8917 I am_uid_stopped: 10063
11-19 04:08:19.760 1499 8917 I wm_task_removed: [36,removeChild:removeChild last r=ActivityRecord{194c770 u0 com.android.deskclock/.DeskClock t-1 f}} in t=Task{f2e25b3 #36 type=standard A=10063:com.android.deskclock U=0 visible=false mode=fullscreen translucent=true sz=0}]
11-19 04:08:19.760 1499 8917 I wm_task_removed: [36,removeChild]
11-19 04:08:20.131 0 0 I auditd : type=1400 audit(0.0:5985): avc: denied { kill } for comm="swapper/3" capability=5 scontext=u:r:kernel:s0 tcontext=u:r:kernel:s0 tclass=capability permissive=0
11-19 04:08:20.227 1499 1831 I input_interaction: Interaction with: 632f7bf com.android.launcher3/com.android.launcher3.uioverrides.QuickstepLauncher (server), a1d9774 com.android.systemui.ImageWallpaper (server), edge-swipe (server), swipe-up (server), PointerEventDispatcher0 (server),
11-19 04:08:21.131 749 749 I auditd : type=1400 audit(0.0:5986): avc: denied { kill } for comm="crtc_commit:125" capability=5 scontext=u:r:kernel:s0 tcontext=u:r:kernel:s0 tclass=capability permissive=0
11-19 04:08:22.112 2802 2802 I view_enqueue_input_event: [Motion - Cancel,com.android.launcher3/com.android.launcher3.uioverrides.QuickstepLauncher]
11-19 04:08:22.126 1499 1831 I input_interaction: Interaction with: edge-swipe (server), swipe-up (server), PointerEventDispatcher0 (server),
11-19 04:08:22.131 0 0 I auditd : type=1400 audit(0.0:5987): avc: denied { kill } for comm="swapper/3" capability=5 scontext=u:r:kernel:s0 tcontext=u:r:kernel:s0 tclass=capability permissive=0
11-19 04:08:22.274 1499 1759 I commit_sys_config_file: [settings-1-0,4]
11-19 04:08:22.553 1499 1759 I commit_sys_config_file: [settings-1-0,5]
11-19 04:08:23.131 0 0 I auditd : type=1400 audit(0.0:5988): avc: denied { kill } for comm="swapper/3" capability=5 scontext=u:r:kernel:s0 tcontext=u:r:kernel:s0 tclass=capability permissive=0
11-19 04:08:23.227 1499 1831 I input_interaction: Interaction with: 632f7bf com.android.launcher3/com.android.launcher3.uioverrides.QuickstepLauncher (server), a1d9774 com.android.systemui.ImageWallpaper (server), edge-swipe (server), swipe-up (server), PointerEventDispatcher0 (server),
11-19 04:08:23.343 1499 8917 I wm_task_created: [37,-1]
11-19 04:08:23.349 1499 8917 I wm_task_moved: [37,1,6]
11-19 04:08:23.349 1499 8917 I wm_task_to_front: [0,37]
11-19 04:08:23.350 1499 8917 I wm_create_task: [0,37]
11-19 04:08:23.350 1499 8917 I wm_create_activity: [0,206010777,37,com.android.deskclock/.DeskClock,NULL,NULL,NULL,268468224]
11-19 04:08:23.350 1499 8917 I wm_task_moved: [37,1,6]
11-19 04:08:23.360 2802 2802 I wm_on_top_resumed_lost_called: [19758722,com.android.launcher3.uioverrides.QuickstepLauncher,topStateChangedWhenResumed]
11-19 04:08:23.366 1499 1637 I am_uid_running: 10063
11-19 04:08:23.377 1499 1646 I am_proc_start: [0,8987,10063,com.android.deskclock,top-activity,{com.android.deskclock/com.android.deskclock.DeskClock}]
11-19 04:08:23.403 1499 1730 I am_proc_bound: [0,8987,com.android.deskclock]
11-19 04:08:23.405 1499 1730 I wm_restart_activity: [0,206010777,37,com.android.deskclock/.DeskClock]
11-19 04:08:23.406 1499 1730 I wm_set_resumed_activity: [0,com.android.deskclock/.DeskClock,minimalResumeActivityLocked]
11-19 04:08:23.406 1499 1730 I am_uid_active: 10063
11-19 04:08:23.471 1499 1730 I wm_task_moved: [37,1,6]
11-19 04:08:23.471 1499 1730 I wm_set_resumed_activity: [0,com.android.deskclock/.DeskClock,positionChildAt]
11-19 04:08:23.472 1499 1730 I wm_create_activity: [0,74332248,37,com.android.permissioncontroller/.permission.ui.GrantPermissionsActivity,android.content.pm.action.REQUEST_PERMISSIONS,NULL,NULL,8388608]
11-19 04:08:23.472 1499 1730 I wm_pause_activity: [0,206010777,com.android.deskclock/.DeskClock,userLeaving=true,resumeTopActivityInnerLocked]
11-19 04:08:23.488 8987 8987 I wm_on_create_called: [206010777,com.android.deskclock.DeskClock,performCreate]
11-19 04:08:23.490 8987 8987 I wm_on_start_called: [206010777,com.android.deskclock.DeskClock,handleStartActivity]
11-19 04:08:23.492 8987 8987 I wm_on_resume_called: [206010777,com.android.deskclock.DeskClock,RESUME_ACTIVITY]
11-19 04:08:23.496 8987 8987 I wm_on_top_resumed_gained_called: [206010777,com.android.deskclock.DeskClock,topStateChangedWhenResumed]
11-19 04:08:23.496 8987 8987 I wm_on_top_resumed_lost_called: [206010777,com.android.deskclock.DeskClock,topStateChangedWhenResumed]
11-19 04:08:23.497 8987 8987 I wm_on_paused_called: [206010777,com.android.deskclock.DeskClock,performPause]
11-19 04:08:23.500 1499 8917 I wm_restart_activity: [0,74332248,37,com.android.permissioncontroller/.permission.ui.GrantPermissionsActivity]
11-19 04:08:23.502 1499 8917 I wm_set_resumed_activity: [0,com.android.permissioncontroller/.permission.ui.GrantPermissionsActivity,minimalResumeActivityLocked]
11-19 04:08:23.506 1499 1637 I sysui_multi_action: [757,803,799,window_time_0,802,3]
11-19 04:08:23.516 8560 8560 I wm_on_create_called: [74332248,com.android.permissioncontroller.permission.ui.GrantPermissionsActivity,performCreate]
11-19 04:08:23.517 8560 8560 I wm_on_start_called: [74332248,com.android.permissioncontroller.permission.ui.GrantPermissionsActivity,handleStartActivity]
11-19 04:08:23.517 8560 8560 I wm_on_resume_called: [74332248,com.android.permissioncontroller.permission.ui.GrantPermissionsActivity,RESUME_ACTIVITY]
11-19 04:08:23.519 8560 8560 I wm_on_top_resumed_gained_called: [74332248,com.android.permissioncontroller.permission.ui.GrantPermissionsActivity,topStateChangedWhenResumed]
11-19 04:08:23.525 1499 5046 I wm_finish_activity: [0,74332248,37,com.android.permissioncontroller/.permission.ui.GrantPermissionsActivity,app-request]
11-19 04:08:23.525 1499 5046 I wm_pause_activity: [0,74332248,com.android.permissioncontroller/.permission.ui.GrantPermissionsActivity,userLeaving=false,finish]
11-19 04:08:23.536 8560 8560 I wm_on_top_resumed_lost_called: [74332248,com.android.permissioncontroller.permission.ui.GrantPermissionsActivity,topStateChangedWhenResumed]
11-19 04:08:23.538 8560 8560 I wm_on_paused_called: [74332248,com.android.permissioncontroller.permission.ui.GrantPermissionsActivity,performPause]
11-19 04:08:23.538 1499 1730 I wm_add_to_stopping: [0,74332248,com.android.permissioncontroller/.permission.ui.GrantPermissionsActivity,completeFinishing]
11-19 04:08:23.539 1499 1730 I wm_set_resumed_activity: [0,com.android.deskclock/.DeskClock,resumeTopActivityInnerLocked]
11-19 04:08:23.540 1499 1730 I wm_resume_activity: [0,206010777,37,com.android.deskclock/.DeskClock]
11-19 04:08:23.545 1499 1637 I sysui_multi_action: [757,803,799,window_time_2,802,0]
11-19 04:08:23.556 1499 1638 I input_focus: [Focus request a19d222 com.android.deskclock/com.android.deskclock.DeskClock,reason=UpdateInputWindows]
11-19 04:08:23.583 1499 1831 I input_focus: [Focus leaving 632f7bf com.android.launcher3/com.android.launcher3.uioverrides.QuickstepLauncher (server),reason=Waiting for window because NOT_VISIBLE]
11-19 04:08:23.632 8987 8987 I wm_on_activity_result_called: [206010777,com.android.deskclock.DeskClock,ACTIVITY_RESULT]
11-19 04:08:23.632 8987 8987 I wm_on_resume_called: [206010777,com.android.deskclock.DeskClock,RESUME_ACTIVITY]
11-19 04:08:23.634 8987 8987 I wm_on_top_resumed_gained_called: [206010777,com.android.deskclock.DeskClock,topWhenResuming]
11-19 04:08:23.634 1499 1831 I input_focus: [Focus entering a19d222 com.android.deskclock/com.android.deskclock.DeskClock (server),reason=Window became focusable. Previous reason: NOT_VISIBLE]
11-19 04:08:23.902 1499 1637 I wm_destroy_activity: [0,74332248,37,com.android.permissioncontroller/.permission.ui.GrantPermissionsActivity,finish-imm:idle]
11-19 04:08:23.905 8560 8560 I wm_on_stop_called: [74332248,com.android.permissioncontroller.permission.ui.GrantPermissionsActivity,LIFECYCLER_STOP_ACTIVITY]
11-19 04:08:23.906 8560 8560 I wm_on_destroy_called: [74332248,com.android.permissioncontroller.permission.ui.GrantPermissionsActivity,performDestroy]
11-19 04:08:24.131 0 0 I auditd : type=1400 audit(0.0:5989): avc: denied { kill } for comm="swapper/3" capability=5 scontext=u:r:kernel:s0 tcontext=u:r:kernel:s0 tclass=capability permissive=0
11-19 04:08:24.694 1499 1831 I input_interaction: Interaction with: a19d222 com.android.deskclock/com.android.deskclock.DeskClock (server), edge-swipe (server), swipe-up (server), PointerEventDispatcher0 (server),
11-19 04:08:24.879 1499 2761 I wm_relaunch_resume_activity: [0,206010777,37,com.android.deskclock/.DeskClock]
11-19 04:08:24.880 1499 2761 I wm_add_to_stopping: [0,19758722,com.android.launcher3/.uioverrides.QuickstepLauncher,makeInvisible]
11-19 04:08:24.891 8987 8987 I wm_on_top_resumed_lost_called: [206010777,com.android.deskclock.DeskClock,pausing]
11-19 04:08:24.893 8987 8987 I wm_on_paused_called: [206010777,com.android.deskclock.DeskClock,performPause]
11-19 04:08:24.897 8987 8987 I wm_on_stop_called: [206010777,com.android.deskclock.DeskClock,handleRelaunchActivity]
11-19 04:08:24.909 8987 8987 I wm_on_destroy_called: [206010777,com.android.deskclock.DeskClock,performDestroy]
11-19 04:08:24.928 1499 2761 I wm_task_moved: [37,1,6]
11-19 04:08:24.928 1499 2761 I wm_set_resumed_activity: [0,com.android.deskclock/.DeskClock,positionChildAt]
11-19 04:08:24.928 1499 2761 I wm_create_activity: [0,37999300,37,com.android.permissioncontroller/.permission.ui.GrantPermissionsActivity,android.content.pm.action.REQUEST_PERMISSIONS,NULL,NULL,8388608]
11-19 04:08:24.929 1499 2761 I wm_pause_activity: [0,19758722,com.android.launcher3/.uioverrides.QuickstepLauncher,userLeaving=true,pauseBackTasks]
11-19 04:08:24.930 1499 2761 I wm_pause_activity: [0,206010777,com.android.deskclock/.DeskClock,userLeaving=true,resumeTopActivityInnerLocked]
11-19 04:08:24.930 2802 2802 I wm_on_paused_called: [19758722,com.android.launcher3.uioverrides.QuickstepLauncher,performPause]
11-19 04:08:24.938 1499 1637 I sysui_multi_action: [757,803,799,window_time_2,802,2]
11-19 04:08:24.949 8987 8987 I wm_on_create_called: [206010777,com.android.deskclock.DeskClock,performCreate]
11-19 04:08:24.975 8987 8987 I wm_on_start_called: [206010777,com.android.deskclock.DeskClock,handleStartActivity]
11-19 04:08:24.975 8987 8987 I wm_on_resume_called: [206010777,com.android.deskclock.DeskClock,RESUME_ACTIVITY]
11-19 04:08:24.978 8987 8987 I wm_on_top_resumed_gained_called: [206010777,com.android.deskclock.DeskClock,topWhenResuming]
11-19 04:08:25.021 8987 8987 I wm_on_top_resumed_lost_called: [206010777,com.android.deskclock.DeskClock,topStateChangedWhenResumed]
11-19 04:08:25.022 8987 8987 I wm_on_paused_called: [206010777,com.android.deskclock.DeskClock,performPause]
11-19 04:08:25.026 1499 1730 I wm_restart_activity: [0,37999300,37,com.android.permissioncontroller/.permission.ui.GrantPermissionsActivity]
11-19 04:08:25.027 1499 1730 I wm_set_resumed_activity: [0,com.android.permissioncontroller/.permission.ui.GrantPermissionsActivity,minimalResumeActivityLocked]
11-19 04:08:25.033 1499 1637 I sysui_multi_action: [757,803,799,window_time_0,802,0]
11-19 04:08:25.044 8560 8560 I wm_on_create_called: [37999300,com.android.permissioncontroller.permission.ui.GrantPermissionsActivity,performCreate]
11-19 04:08:25.045 8560 8560 I wm_on_start_called: [37999300,com.android.permissioncontroller.permission.ui.GrantPermissionsActivity,handleStartActivity]
11-19 04:08:25.045 8560 8560 I wm_on_resume_called: [37999300,com.android.permissioncontroller.permission.ui.GrantPermissionsActivity,RESUME_ACTIVITY]
11-19 04:08:25.047 8560 8560 I wm_on_top_resumed_gained_called: [37999300,com.android.permissioncontroller.permission.ui.GrantPermissionsActivity,topStateChangedWhenResumed]
11-19 04:08:25.062 1499 1638 I input_focus: [Focus request 6761519 com.android.permissioncontroller/com.android.permissioncontroller.permission.ui.GrantPermissionsActivity,reason=UpdateInputWindows]
11-19 04:08:25.065 1499 5046 I wm_finish_activity: [0,37999300,37,com.android.permissioncontroller/.permission.ui.GrantPermissionsActivity,app-request]
11-19 04:08:25.070 1499 5046 I wm_pause_activity: [0,37999300,com.android.permissioncontroller/.permission.ui.GrantPermissionsActivity,userLeaving=false,finish]
11-19 04:08:25.073 8560 8560 I wm_on_top_resumed_lost_called: [37999300,com.android.permissioncontroller.permission.ui.GrantPermissionsActivity,topStateChangedWhenResumed]
11-19 04:08:25.073 1499 1637 I sysui_multi_action: [757,1144,758,8,806,com.android.permissioncontroller,871,com.android.permissioncontroller.permission.ui.GrantPermissionsActivity]
11-19 04:08:25.075 8560 8560 I wm_on_paused_called: [37999300,com.android.permissioncontroller.permission.ui.GrantPermissionsActivity,performPause]
11-19 04:08:25.076 1499 5046 I wm_set_resumed_activity: [0,com.android.deskclock/.DeskClock,resumeTopActivityInnerLocked]
11-19 04:08:25.077 1499 5046 I wm_resume_activity: [0,206010777,37,com.android.deskclock/.DeskClock]
11-19 04:08:25.078 8987 8987 I wm_on_activity_result_called: [206010777,com.android.deskclock.DeskClock,ACTIVITY_RESULT]
11-19 04:08:25.078 8987 8987 I wm_on_resume_called: [206010777,com.android.deskclock.DeskClock,RESUME_ACTIVITY]
11-19 04:08:25.085 8987 8987 I wm_on_top_resumed_gained_called: [206010777,com.android.deskclock.DeskClock,topWhenResuming]
11-19 04:08:25.086 1499 1638 I input_focus: [Focus request a19d222 com.android.deskclock/com.android.deskclock.DeskClock,reason=UpdateInputWindows]
11-19 04:08:25.086 1499 1637 I sysui_multi_action: [757,803,799,window_time_0,802,0]
11-19 04:08:25.090 1499 1831 I input_focus: [Focus leaving a19d222 com.android.deskclock/com.android.deskclock.DeskClock (server),reason=Waiting for window because NO_WINDOW]
11-19 04:08:25.104 1499 1831 I input_focus: [Focus entering a19d222 com.android.deskclock/com.android.deskclock.DeskClock (server),reason=setFocusedWindow]
11-19 04:08:25.131 0 0 I auditd : type=1400 audit(0.0:5990): avc: denied { kill } for comm="swapper/3" capability=5 scontext=u:r:kernel:s0 tcontext=u:r:kernel:s0 tclass=capability permissive=0
11-19 04:08:25.155 1499 1730 I wm_destroy_activity: [0,37999300,37,com.android.permissioncontroller/.permission.ui.GrantPermissionsActivity,finish-idle]
11-19 04:08:25.157 8560 8560 I wm_on_stop_called: [37999300,com.android.permissioncontroller.permission.ui.GrantPermissionsActivity,LIFECYCLER_STOP_ACTIVITY]
11-19 04:08:25.157 8560 8560 I wm_on_destroy_called: [37999300,com.android.permissioncontroller.permission.ui.GrantPermissionsActivity,performDestroy]
11-19 04:08:25.426 1499 1637 I wm_stop_activity: [0,19758722,com.android.launcher3/.uioverrides.QuickstepLauncher]
11-19 04:08:25.458 2802 2802 I wm_on_stop_called: [19758722,com.android.launcher3.uioverrides.QuickstepLauncher,STOP_ACTIVITY_ITEM]
11-19 04:08:26.131 0 0 I auditd : type=1400 audit(0.0:5991): avc: denied { kill } for comm="swapper/3" capability=5 scontext=u:r:kernel:s0 tcontext=u:r:kernel:s0 tclass=capability permissive=0
11-19 04:08:26.404 1499 1730 I wm_task_moved: [1,0,0]
11-19 04:08:26.404 1499 1730 I wm_task_moved: [1,0,5]
11-19 04:08:26.419 2802 2802 I wm_on_restart_called: [19758722,com.android.launcher3.uioverrides.QuickstepLauncher,performRestartActivity]
11-19 04:08:26.432 2802 2802 I wm_on_start_called: [19758722,com.android.launcher3.uioverrides.QuickstepLauncher,handleStartActivity]
11-19 04:08:26.453 1499 1634 I sysui_multi_action: [319,16,322,44,325,10185,757,761,758,9,759,5,806,com.android.launcher3,871,com.android.launcher3.uioverrides.QuickstepLauncher,905,0,1320,8,1321,5]
11-19 04:08:26.454 8987 8987 I view_enqueue_input_event: [Motion - Cancel,com.android.deskclock/com.android.deskclock.DeskClock]
11-19 04:08:26.455 2802 2802 I sysui_latency: [1,68]
11-19 04:08:26.458 1499 1638 I input_focus: [Focus request recents_animation_input_consumer,reason=UpdateInputWindows]
11-19 04:08:26.460 1499 1831 I input_interaction: Interaction with: edge-swipe (server), swipe-up (server), PointerEventDispatcher0 (server),
11-19 04:08:26.490 1499 1831 I input_focus: [Focus leaving a19d222 com.android.deskclock/com.android.deskclock.DeskClock (server),reason=NOT_FOCUSABLE]
11-19 04:08:26.490 1499 1831 I input_focus: [Focus entering recents_animation_input_consumer (server),reason=setFocusedWindow]
11-19 04:08:26.635 1499 1759 I commit_sys_config_file: [settings-1-0,5]
11-19 04:08:26.750 1499 1644 I sysui_latency: [8,65]
11-19 04:08:27.131 0 0 I auditd : type=1400 audit(0.0:5992): avc: denied { kill } for comm="swapper/3" capability=5 scontext=u:r:kernel:s0 tcontext=u:r:kernel:s0 tclass=capability permissive=0
11-19 04:08:27.317 1499 1759 I commit_sys_config_file: [settings-1-0,4]
11-19 04:08:27.606 1499 1831 I input_interaction: Interaction with: 632f7bf com.android.launcher3/com.android.launcher3.uioverrides.QuickstepLauncher (server), edge-swipe (server), swipe-up (server), PointerEventDispatcher0 (server),
11-19 04:08:28.003 1499 5046 I wm_task_moved: [1,1,6]
11-19 04:08:28.007 1499 5046 I wm_focused_root_task: [0,0,1,37,RecentsAnimation.onAnimationFinished()]
11-19 04:08:28.008 8987 8987 I wm_on_top_resumed_lost_called: [206010777,com.android.deskclock.DeskClock,topStateChangedWhenResumed]
11-19 04:08:28.011 1499 5046 I wm_pause_activity: [0,206010777,com.android.deskclock/.DeskClock,userLeaving=false,pauseBackTasks]
11-19 04:08:28.016 1499 5046 I wm_set_resumed_activity: [0,com.android.launcher3/.uioverrides.QuickstepLauncher,resumeTopActivityInnerLocked]
11-19 04:08:28.019 1499 5046 I wm_resume_activity: [0,19758722,10,com.android.launcher3/.uioverrides.QuickstepLauncher]
11-19 04:08:28.020 1499 5046 I wm_add_to_stopping: [0,206010777,com.android.deskclock/.DeskClock,makeInvisible]
11-19 04:08:28.023 2802 2802 I wm_on_resume_called: [19758722,com.android.launcher3.uioverrides.QuickstepLauncher,RESUME_ACTIVITY]
11-19 04:08:28.031 1499 1638 I input_focus: [Focus request 632f7bf com.android.launcher3/com.android.launcher3.uioverrides.QuickstepLauncher,reason=UpdateInputWindows]
11-19 04:08:28.034 8987 8987 I wm_on_paused_called: [206010777,com.android.deskclock.DeskClock,performPause]
11-19 04:08:28.035 1499 1637 I sysui_multi_action: [757,803,799,window_time_0,802,3]
11-19 04:08:28.043 1499 8917 I wm_stop_activity: [0,206010777,com.android.deskclock/.DeskClock]
11-19 04:08:28.045 1499 1831 I input_focus: [Focus leaving recents_animation_input_consumer (server),reason=NOT_VISIBLE]
11-19 04:08:28.045 1499 1831 I input_focus: [Focus entering 632f7bf com.android.launcher3/com.android.launcher3.uioverrides.QuickstepLauncher (server),reason=setFocusedWindow]
11-19 04:08:28.046 2802 2802 I wm_on_top_resumed_gained_called: [19758722,com.android.launcher3.uioverrides.QuickstepLauncher,topStateChangedWhenResumed]
11-19 04:08:28.050 1499 1637 I sysui_multi_action: [757,803,799,window_time_0,802,0]
11-19 04:08:28.065 8987 8987 I wm_on_stop_called: [206010777,com.android.deskclock.DeskClock,STOP_ACTIVITY_ITEM]
11-19 04:08:28.132 1499 8917 I wm_finish_activity: [0,206010777,37,com.android.deskclock/.DeskClock,recent-task-trimmed]
11-19 04:08:28.132 1499 8917 I wm_destroy_activity: [0,206010777,37,com.android.deskclock/.DeskClock,finish-imm:finishIfPossible]
11-19 04:08:28.133 1499 1637 I am_kill : [0,8987,com.android.deskclock,900,remove task]
11-19 04:08:28.135 1499 1637 I sysui_multi_action: [757,803,799,window_time_0,802,0]
11-19 04:08:28.177 1499 2761 I am_proc_died: [0,8987,com.android.deskclock,900,18]
11-19 04:08:28.180 1499 2761 I am_uid_stopped: 10063
11-19 04:08:28.183 1499 2761 I wm_task_removed: [37,removeChild:removeChild last r=ActivityRecord{c477999 u0 com.android.deskclock/.DeskClock t-1 f}} in t=Task{edb12e0 #37 type=standard A=10063:com.android.deskclock U=0 visible=false mode=fullscreen translucent=true sz=0}]
11-19 04:08:28.183 1499 2761 I wm_task_removed: [37,removeChild]
11-19 04:08:28.793 1499 1831 I input_interaction: Interaction with: 632f7bf com.android.launcher3/com.android.launcher3.uioverrides.QuickstepLauncher (server), a1d9774 com.android.systemui.ImageWallpaper (server), edge-swipe (server), swipe-up (server), PointerEventDispatcher0 (server),
11-19 04:08:28.911 1499 2755 I wm_task_created: [38,-1]
11-19 04:08:28.926 1499 2755 I wm_task_moved: [38,1,6]
11-19 04:08:28.926 1499 2755 I wm_task_to_front: [0,38]
11-19 04:08:28.927 1499 2755 I wm_create_task: [0,38]
11-19 04:08:28.927 1499 2755 I wm_create_activity: [0,148190298,38,com.android.music/.MusicBrowserActivity,NULL,NULL,NULL,268468224]
11-19 04:08:28.927 1499 2755 I wm_task_moved: [38,1,6]
11-19 04:08:28.938 1499 1637 I am_uid_running: 10090
11-19 04:08:28.939 2802 2802 I wm_on_top_resumed_lost_called: [19758722,com.android.launcher3.uioverrides.QuickstepLauncher,topStateChangedWhenResumed]
11-19 04:08:28.958 1499 1646 I am_proc_start: [0,9056,10090,com.android.music,top-activity,{com.android.music/com.android.music.MusicBrowserActivity}]
11-19 04:08:28.986 1499 2755 I am_proc_bound: [0,9056,com.android.music]
11-19 04:08:28.988 1499 2755 I wm_restart_activity: [0,148190298,38,com.android.music/.MusicBrowserActivity]
11-19 04:08:28.989 1499 2755 I wm_set_resumed_activity: [0,com.android.music/.MusicBrowserActivity,minimalResumeActivityLocked]
11-19 04:08:28.989 1499 2755 I am_uid_active: 10090
11-19 04:08:29.036 9056 9056 I wm_on_create_called: [148190298,com.android.music.MusicBrowserActivity,performCreate]
11-19 04:08:29.043 9056 9056 I wm_on_start_called: [148190298,com.android.music.MusicBrowserActivity,handleStartActivity]
11-19 04:08:29.044 9056 9056 I wm_on_resume_called: [148190298,com.android.music.MusicBrowserActivity,RESUME_ACTIVITY]
11-19 04:08:29.048 9056 9056 I wm_on_top_resumed_gained_called: [148190298,com.android.music.MusicBrowserActivity,topStateChangedWhenResumed]
11-19 04:08:29.063 1499 2755 I sysui_multi_action: [757,856,758,1,806,com.android.music,857,Channel-music,858,2]
11-19 04:08:29.068 1499 1499 I notification_enqueue: [10090,9056,com.android.music,1,NULL,0,Notification(channel=Channel-music shortcut=null contentView=null vibrate=null sound=null defaults=0x0 flags=0x0 color=0x00000000 category=transport actions=4 vis=PRIVATE),0]
11-19 04:08:29.071 1499 1499 I notification_enqueue: [10090,9056,com.android.music,1,NULL,0,Notification(channel=Channel-music shortcut=null contentView=null vibrate=null sound=null defaults=0x0 flags=0x40 color=0x00000000 category=transport actions=4 vis=PRIVATE),0]
11-19 04:08:29.073 1499 1499 I notification_enqueue: [10090,9056,com.android.music,1,NULL,0,Notification(channel=Channel-music shortcut=null contentView=null vibrate=null sound=null defaults=0x0 flags=0x40 color=0x00000000 category=transport actions=4 vis=PRIVATE),0]
11-19 04:08:29.074 1499 1499 I notification_enqueue: [10090,9056,com.android.music,1,NULL,0,Notification(channel=Channel-music shortcut=null contentView=null vibrate=null sound=null defaults=0x0 flags=0x40 color=0x00000000 category=transport actions=4 vis=PRIVATE),0]
11-19 04:08:29.086 1499 1499 I notification_enqueue: [10090,9056,com.android.music,1,NULL,0,Notification(channel=Channel-music shortcut=null contentView=null vibrate=null sound=null defaults=0x0 flags=0x40 color=0x00000000 category=transport actions=4 vis=PRIVATE),0]
11-19 04:08:29.089 1499 1499 I notification_enqueue: [10090,9056,com.android.music,1,NULL,0,Notification(channel=Channel-music shortcut=null contentView=null vibrate=null sound=null defaults=0x0 flags=0x40 color=0x00000000 category=transport actions=4 vis=PRIVATE),0]
11-19 04:08:29.101 1499 1638 I input_focus: [Focus request a72c586 com.android.music/com.android.music.MusicBrowserActivity,reason=UpdateInputWindows]
11-19 04:08:29.134 1499 1499 I sysui_multi_action: [757,128,758,5,759,8,793,67,794,0,795,67,796,1,806,com.android.music,857,Channel-music,858,2,947,0,1500,67,1641,transport,1688,1,1745,1043716538]
11-19 04:08:29.135 1499 1499 I notification_canceled: [0|com.android.music|1|null|10090,8,67,67,0,-1,-1,NULL]
11-19 04:08:29.131 1499 1831 I input_focus: [Focus leaving 632f7bf com.android.launcher3/com.android.launcher3.uioverrides.QuickstepLauncher (server),reason=Waiting for window because NOT_VISIBLE]
11-19 04:08:29.139 1499 1634 I sysui_multi_action: [319,236,322,235,325,10188,757,761,758,7,759,2,806,com.android.music,871,com.android.music.MusicBrowserActivity,904,com.android.launcher3,905,0,945,88,1320,4,1321,1]
11-19 04:08:29.140 1499 1634 I wm_activity_launch_time: [0,148190298,com.android.music/.MusicBrowserActivity,235]
11-19 04:08:29.147 1499 1831 I input_focus: [Focus entering a72c586 com.android.music/com.android.music.MusicBrowserActivity (server),reason=Window became focusable. Previous reason: NOT_VISIBLE]
11-19 04:08:29.323 1499 1636 I commit_sys_config_file: [notification-policy,10166860]
11-19 04:08:29.875 1499 1645 I am_uid_idle: 10050
11-19 04:08:30.098 1499 1831 I input_interaction: Interaction with: a72c586 com.android.music/com.android.music.MusicBrowserActivity (server), edge-swipe (server), swipe-up (server), PointerEventDispatcher0 (server),
11-19 04:08:30.238 1499 8917 I wm_relaunch_resume_activity: [0,148190298,38,com.android.music/.MusicBrowserActivity]
11-19 04:08:30.239 1499 8917 I wm_add_to_stopping: [0,19758722,com.android.launcher3/.uioverrides.QuickstepLauncher,makeInvisible]
11-19 04:08:30.258 9056 9056 I wm_on_top_resumed_lost_called: [148190298,com.android.music.MusicBrowserActivity,pausing]
11-19 04:08:30.259 9056 9056 I wm_on_paused_called: [148190298,com.android.music.MusicBrowserActivity,performPause]
11-19 04:08:30.261 9056 9056 I wm_on_stop_called: [148190298,com.android.music.MusicBrowserActivity,handleRelaunchActivity]
11-19 04:08:30.267 9056 9056 I wm_on_destroy_called: [148190298,com.android.music.MusicBrowserActivity,performDestroy]
11-19 04:08:30.294 9056 9056 I wm_on_create_called: [148190298,com.android.music.MusicBrowserActivity,performCreate]
11-19 04:08:30.304 9056 9056 I wm_on_start_called: [148190298,com.android.music.MusicBrowserActivity,handleStartActivity]
11-19 04:08:30.304 9056 9056 I wm_on_resume_called: [148190298,com.android.music.MusicBrowserActivity,RESUME_ACTIVITY]
