11-19 02:43:12.679 2342 2342 I sysui_multi_action: [757,113,758,1,759,113,927,1,928,1,1593,1]
11-19 02:43:12.679 2342 2342 I sysui_multi_action: [757,0,758,1,759,0,927,2,928,0,1593,1]
11-19 02:43:12.679 2342 2342 I sysui_multi_action: [757,0,758,1,759,0,927,3,928,0,1593,1]
11-19 02:43:12.691 1499 1499 I notification_enqueue: [10081,2342,com.android.systemui,2048,NULL,0,Notification(channel=updateNotification shortcut=null contentView=null vibrate=null sound=null defaults=0x0 flags=0x0 color=0x00000000 vis=PRIVATE),1]
11-19 02:43:12.691 2342 2342 I sysui_multi_action: [757,111,758,2]
11-19 02:43:12.691 2342 2342 I sysui_multi_action: [757,111,758,2]
11-19 02:43:12.695 2342 2342 I sysui_multi_action: [757,111,758,1]
11-19 02:43:12.695 2342 2342 I sysui_multi_action: [757,126,758,1,759,126,927,0,928,1,1593,1]
11-19 02:43:12.695 2342 2342 I sysui_multi_action: [757,113,758,1,759,113,927,1,928,1,1593,1]
11-19 02:43:12.695 2342 2342 I sysui_multi_action: [757,0,758,1,759,0,927,2,928,0,1593,1]
11-19 02:43:12.695 2342 2342 I sysui_multi_action: [757,0,758,1,759,0,927,3,928,0,1593,1]
11-19 02:43:12.695 2342 2342 I sysui_multi_action: [757,491,758,1,759,491,927,4,928,0,1311,-1,1593,0]
11-19 02:43:12.695 2342 2342 I sysui_multi_action: [757,0,758,1,759,0,927,5,928,0,1593,0]
11-19 02:43:12.695 2342 2342 I sysui_multi_action: [757,111,758,1]
11-19 02:43:12.695 2342 2342 I sysui_multi_action: [757,126,758,1,759,126,927,0,928,1,1593,1]
11-19 02:43:12.695 2342 2342 I sysui_multi_action: [757,113,758,1,759,113,927,1,928,1,1593,1]
11-19 02:43:12.695 2342 2342 I sysui_multi_action: [757,0,758,1,759,0,927,2,928,0,1593,1]
11-19 02:43:12.695 2342 2342 I sysui_multi_action: [757,0,758,1,759,0,927,3,928,0,1593,1]
11-19 02:43:12.708 1499 1499 I notification_enqueue: [10081,2342,com.android.systemui,2048,NULL,0,Notification(channel=updateNotification shortcut=null contentView=null vibrate=null sound=null defaults=0x0 flags=0x0 color=0x00000000 vis=PRIVATE),1]
11-19 02:43:12.708 2342 2342 I sysui_multi_action: [757,111,758,2]
11-19 02:43:12.708 2342 2342 I sysui_multi_action: [757,111,758,2]
11-19 02:43:12.711 2342 2342 I sysui_multi_action: [757,111,758,1]
11-19 02:43:12.712 2342 2342 I sysui_multi_action: [757,126,758,1,759,126,927,0,928,1,1593,1]
11-19 02:43:12.712 2342 2342 I sysui_multi_action: [757,113,758,1,759,113,927,1,928,1,1593,1]
11-19 02:43:12.712 2342 2342 I sysui_multi_action: [757,0,758,1,759,0,927,2,928,0,1593,1]
11-19 02:43:12.712 2342 2342 I sysui_multi_action: [757,0,758,1,759,0,927,3,928,0,1593,1]
11-19 02:43:12.712 2342 2342 I sysui_multi_action: [757,491,758,1,759,491,927,4,928,0,1311,-1,1593,0]
11-19 02:43:12.712 2342 2342 I sysui_multi_action: [757,0,758,1,759,0,927,5,928,0,1593,0]
11-19 02:43:12.712 2342 2342 I sysui_multi_action: [757,111,758,1]
11-19 02:43:12.712 2342 2342 I sysui_multi_action: [757,126,758,1,759,126,927,0,928,1,1593,1]
11-19 02:43:12.712 2342 2342 I sysui_multi_action: [757,113,758,1,759,113,927,1,928,1,1593,1]
11-19 02:43:12.712 2342 2342 I sysui_multi_action: [757,0,758,1,759,0,927,2,928,0,1593,1]
11-19 02:43:12.712 2342 2342 I sysui_multi_action: [757,0,758,1,759,0,927,3,928,0,1593,1]
11-19 02:43:12.724 2342 2342 I sysui_multi_action: [757,111,758,2]
11-19 02:43:12.725 2342 2342 I sysui_multi_action: [757,111,758,2]
11-19 02:43:12.725 1499 1499 I notification_enqueue: [10081,2342,com.android.systemui,2048,NULL,0,Notification(channel=updateNotification shortcut=null contentView=null vibrate=null sound=null defaults=0x0 flags=0x0 color=0x00000000 vis=PRIVATE),1]
11-19 02:43:12.728 2342 2342 I sysui_multi_action: [757,111,758,1]
11-19 02:43:12.728 2342 2342 I sysui_multi_action: [757,126,758,1,759,126,927,0,928,1,1593,1]
11-19 02:43:12.728 2342 2342 I sysui_multi_action: [757,113,758,1,759,113,927,1,928,1,1593,1]
11-19 02:43:12.729 2342 2342 I sysui_multi_action: [757,0,758,1,759,0,927,2,928,0,1593,1]
11-19 02:43:12.729 2342 2342 I sysui_multi_action: [757,0,758,1,759,0,927,3,928,0,1593,1]
11-19 02:43:12.729 2342 2342 I sysui_multi_action: [757,491,758,1,759,491,927,4,928,0,1311,-1,1593,0]
11-19 02:43:12.729 2342 2342 I sysui_multi_action: [757,0,758,1,759,0,927,5,928,0,1593,0]
11-19 02:43:12.729 2342 2342 I sysui_multi_action: [757,111,758,1]
11-19 02:43:12.729 2342 2342 I sysui_multi_action: [757,126,758,1,759,126,927,0,928,1,1593,1]
11-19 02:43:12.729 2342 2342 I sysui_multi_action: [757,113,758,1,759,113,927,1,928,1,1593,1]
11-19 02:43:12.729 2342 2342 I sysui_multi_action: [757,0,758,1,759,0,927,2,928,0,1593,1]
11-19 02:43:12.729 2342 2342 I sysui_multi_action: [757,0,758,1,759,0,927,3,928,0,1593,1]
11-19 02:43:12.741 1499 1499 I notification_enqueue: [10081,2342,com.android.systemui,2048,NULL,0,Notification(channel=updateNotification shortcut=null contentView=null vibrate=null sound=null defaults=0x0 flags=0x0 color=0x00000000 vis=PRIVATE),1]
11-19 02:43:12.741 2342 2342 I sysui_multi_action: [757,111,758,2]
11-19 02:43:12.741 2342 2342 I sysui_multi_action: [757,111,758,2]
11-19 02:43:12.745 2342 2342 I sysui_multi_action: [757,111,758,1]
11-19 02:43:12.745 2342 2342 I sysui_multi_action: [757,126,758,1,759,126,927,0,928,1,1593,1]
11-19 02:43:12.745 2342 2342 I sysui_multi_action: [757,113,758,1,759,113,927,1,928,1,1593,1]
11-19 02:43:12.746 2342 2342 I sysui_multi_action: [757,0,758,1,759,0,927,2,928,0,1593,1]
11-19 02:43:12.746 2342 2342 I sysui_multi_action: [757,0,758,1,759,0,927,3,928,0,1593,1]
11-19 02:43:12.746 2342 2342 I sysui_multi_action: [757,491,758,1,759,491,927,4,928,0,1311,-1,1593,0]
11-19 02:43:12.746 2342 2342 I sysui_multi_action: [757,0,758,1,759,0,927,5,928,0,1593,0]
11-19 02:43:12.746 2342 2342 I sysui_multi_action: [757,111,758,1]
11-19 02:43:12.746 2342 2342 I sysui_multi_action: [757,126,758,1,759,126,927,0,928,1,1593,1]
11-19 02:43:12.746 2342 2342 I sysui_multi_action: [757,113,758,1,759,113,927,1,928,1,1593,1]
11-19 02:43:12.746 2342 2342 I sysui_multi_action: [757,0,758,1,759,0,927,2,928,0,1593,1]
11-19 02:43:12.746 2342 2342 I sysui_multi_action: [757,0,758,1,759,0,927,3,928,0,1593,1]
11-19 02:43:12.758 2342 2342 I sysui_multi_action: [757,111,758,2]
11-19 02:43:12.759 1499 1499 I notification_enqueue: [10081,2342,com.android.systemui,2048,NULL,0,Notification(channel=updateNotification shortcut=null contentView=null vibrate=null sound=null defaults=0x0 flags=0x0 color=0x00000000 vis=PRIVATE),1]
11-19 02:43:12.759 2342 2342 I sysui_multi_action: [757,111,758,2]
11-19 02:43:12.762 2342 2342 I sysui_multi_action: [757,111,758,1]
11-19 02:43:12.763 2342 2342 I sysui_multi_action: [757,126,758,1,759,126,927,0,928,1,1593,1]
11-19 02:43:12.763 2342 2342 I sysui_multi_action: [757,113,758,1,759,113,927,1,928,1,1593,1]
11-19 02:43:12.763 2342 2342 I sysui_multi_action: [757,0,758,1,759,0,927,2,928,0,1593,1]
11-19 02:43:12.763 2342 2342 I sysui_multi_action: [757,0,758,1,759,0,927,3,928,0,1593,1]
11-19 02:43:12.763 2342 2342 I sysui_multi_action: [757,491,758,1,759,491,927,4,928,0,1311,-1,1593,0]
11-19 02:43:12.763 2342 2342 I sysui_multi_action: [757,0,758,1,759,0,927,5,928,0,1593,0]
11-19 02:43:12.763 2342 2342 I sysui_multi_action: [757,111,758,1]
11-19 02:43:12.763 2342 2342 I sysui_multi_action: [757,126,758,1,759,126,927,0,928,1,1593,1]
11-19 02:43:12.763 2342 2342 I sysui_multi_action: [757,113,758,1,759,113,927,1,928,1,1593,1]
11-19 02:43:12.763 2342 2342 I sysui_multi_action: [757,0,758,1,759,0,927,2,928,0,1593,1]
11-19 02:43:12.763 2342 2342 I sysui_multi_action: [757,0,758,1,759,0,927,3,928,0,1593,1]
11-19 02:43:12.774 1499 1499 I notification_enqueue: [10081,2342,com.android.systemui,2048,NULL,0,Notification(channel=updateNotification shortcut=null contentView=null vibrate=null sound=null defaults=0x0 flags=0x0 color=0x00000000 vis=PRIVATE),1]
11-19 02:43:12.774 2342 2342 I sysui_multi_action: [757,111,758,2]
11-19 02:43:12.775 2342 2342 I sysui_multi_action: [757,111,758,2]
11-19 02:43:12.778 2342 2342 I sysui_multi_action: [757,111,758,1]
11-19 02:43:12.779 2342 2342 I sysui_multi_action: [757,126,758,1,759,126,927,0,928,1,1593,1]
11-19 02:43:12.779 2342 2342 I sysui_multi_action: [757,113,758,1,759,113,927,1,928,1,1593,1]
11-19 02:43:12.779 2342 2342 I sysui_multi_action: [757,0,758,1,759,0,927,2,928,0,1593,1]
11-19 02:43:12.779 2342 2342 I sysui_multi_action: [757,0,758,1,759,0,927,3,928,0,1593,1]
11-19 02:43:12.779 2342 2342 I sysui_multi_action: [757,491,758,1,759,491,927,4,928,0,1311,-1,1593,0]
11-19 02:43:12.779 2342 2342 I sysui_multi_action: [757,0,758,1,759,0,927,5,928,0,1593,0]
11-19 02:43:12.779 2342 2342 I sysui_multi_action: [757,111,758,1]
11-19 02:43:12.779 2342 2342 I sysui_multi_action: [757,126,758,1,759,126,927,0,928,1,1593,1]
11-19 02:43:12.779 2342 2342 I sysui_multi_action: [757,113,758,1,759,113,927,1,928,1,1593,1]
11-19 02:43:12.779 2342 2342 I sysui_multi_action: [757,0,758,1,759,0,927,2,928,0,1593,1]
11-19 02:43:12.779 2342 2342 I sysui_multi_action: [757,0,758,1,759,0,927,3,928,0,1593,1]
11-19 02:43:12.791 2342 2342 I sysui_multi_action: [757,111,758,2]
11-19 02:43:12.791 1499 1499 I notification_enqueue: [10081,2342,com.android.systemui,2048,NULL,0,Notification(channel=updateNotification shortcut=null contentView=null vibrate=null sound=null defaults=0x0 flags=0x0 color=0x00000000 vis=PRIVATE),1]
11-19 02:43:12.792 2342 2342 I sysui_multi_action: [757,111,758,2]
11-19 02:43:12.795 2342 2342 I sysui_multi_action: [757,111,758,1]
11-19 02:43:12.795 2342 2342 I sysui_multi_action: [757,126,758,1,759,126,927,0,928,1,1593,1]
11-19 02:43:12.795 2342 2342 I sysui_multi_action: [757,113,758,1,759,113,927,1,928,1,1593,1]
11-19 02:43:12.795 2342 2342 I sysui_multi_action: [757,0,758,1,759,0,927,2,928,0,1593,1]
11-19 02:43:12.795 2342 2342 I sysui_multi_action: [757,0,758,1,759,0,927,3,928,0,1593,1]
11-19 02:43:12.795 2342 2342 I sysui_multi_action: [757,491,758,1,759,491,927,4,928,0,1311,-1,1593,0]
11-19 02:43:12.795 2342 2342 I sysui_multi_action: [757,0,758,1,759,0,927,5,928,0,1593,0]
11-19 02:43:12.796 2342 2342 I sysui_multi_action: [757,111,758,1]
11-19 02:43:12.796 2342 2342 I sysui_multi_action: [757,126,758,1,759,126,927,0,928,1,1593,1]
11-19 02:43:12.796 2342 2342 I sysui_multi_action: [757,113,758,1,759,113,927,1,928,1,1593,1]
11-19 02:43:12.796 2342 2342 I sysui_multi_action: [757,0,758,1,759,0,927,2,928,0,1593,1]
11-19 02:43:12.796 2342 2342 I sysui_multi_action: [757,0,758,1,759,0,927,3,928,0,1593,1]
11-19 02:43:12.806 2342 2342 I sysui_multi_action: [757,111,758,2]
11-19 02:43:12.806 1499 1499 I notification_enqueue: [10081,2342,com.android.systemui,2048,NULL,0,Notification(channel=updateNotification shortcut=null contentView=null vibrate=null sound=null defaults=0x0 flags=0x0 color=0x00000000 vis=PRIVATE),1]
11-19 02:43:12.807 2342 2342 I sysui_multi_action: [757,111,758,2]
11-19 02:43:12.815 1499 1638 I input_focus: [Focus request 632f7bf com.android.launcher3/com.android.launcher3.uioverrides.QuickstepLauncher,reason=UpdateInputWindows]
11-19 02:43:12.817 2342 2342 I sysui_multi_action: [757,111,758,1]
11-19 02:43:12.817 2342 2342 I sysui_multi_action: [757,126,758,1,759,126,927,0,928,1,1593,1]
11-19 02:43:12.817 2342 2342 I sysui_multi_action: [757,113,758,1,759,113,927,1,928,1,1593,1]
11-19 02:43:12.817 2342 2342 I sysui_multi_action: [757,0,758,1,759,0,927,2,928,0,1593,1]
11-19 02:43:12.817 2342 2342 I sysui_multi_action: [757,0,758,1,759,0,927,3,928,0,1593,1]
11-19 02:43:12.817 2342 2342 I sysui_multi_action: [757,491,758,1,759,491,927,4,928,0,1311,-1,1593,0]
11-19 02:43:12.817 2342 2342 I sysui_multi_action: [757,0,758,1,759,0,927,5,928,0,1593,0]
11-19 02:43:12.817 2342 2342 I sysui_multi_action: [757,111,758,1]
11-19 02:43:12.817 2342 2342 I sysui_multi_action: [757,126,758,1,759,126,927,0,928,1,1593,1]
11-19 02:43:12.817 2342 2342 I sysui_multi_action: [757,113,758,1,759,113,927,1,928,1,1593,1]
11-19 02:43:12.817 2342 2342 I sysui_multi_action: [757,0,758,1,759,0,927,2,928,0,1593,1]
11-19 02:43:12.817 2342 2342 I sysui_multi_action: [757,0,758,1,759,0,927,3,928,0,1593,1]
11-19 02:43:12.826 2342 2342 I sysui_multi_action: [757,111,758,2]
11-19 02:43:12.827 2342 2342 I sysui_multi_action: [757,111,758,2]
11-19 02:43:12.827 1499 1499 I notification_enqueue: [10081,2342,com.android.systemui,2048,NULL,0,Notification(channel=updateNotification shortcut=null contentView=null vibrate=null sound=null defaults=0x0 flags=0x0 color=0x00000000 vis=PRIVATE),1]
11-19 02:43:12.830 1499 3537 I sysui_multi_action: [757,128,758,2,793,4994020,794,30253,795,4994020,796,26,798,0,806,android,857,DEVELOPER_IMPORTANT,858,4,947,0,1395,2,1500,4993816,1688,1]
11-19 02:43:12.830 1499 3537 I notification_visibility: [-1|android|26|null|1000,0,4994020,4994020,0,0]
11-19 02:43:12.830 1499 3537 I sysui_multi_action: [757,128,758,2,793,5048593,794,30253,795,5048593,796,32,798,1,806,android,857,USB,858,1,947,0,1395,2,1500,5047916,1688,1]
11-19 02:43:12.830 1499 3537 I notification_visibility: [-1|android|32|null|1000,0,5048593,5048593,0,1]
11-19 02:43:12.830 1499 3537 I sysui_multi_action: [757,127,758,2]
11-19 02:43:12.830 1499 3537 I notification_panel_hidden:
11-19 02:43:12.841 2342 2342 I sysui_multi_action: [757,111,758,1]
11-19 02:43:12.841 2342 2342 I sysui_multi_action: [757,126,758,1,759,126,927,0,928,1,1593,0]
11-19 02:43:12.841 2342 2342 I sysui_multi_action: [757,113,758,1,759,113,927,1,928,1,1593,0]
11-19 02:43:12.841 2342 2342 I sysui_multi_action: [757,0,758,1,759,0,927,2,928,0,1593,1]
11-19 02:43:12.841 2342 2342 I sysui_multi_action: [757,0,758,1,759,0,927,3,928,0,1593,1]
11-19 02:43:12.841 2342 2342 I sysui_multi_action: [757,491,758,1,759,491,927,4,928,0,1311,-1,1593,0]
11-19 02:43:12.841 2342 2342 I sysui_multi_action: [757,0,758,1,759,0,927,5,928,0,1593,0]
11-19 02:43:12.841 2342 2342 I sysui_multi_action: [757,111,758,1]
11-19 02:43:12.841 2342 2342 I sysui_multi_action: [757,126,758,1,759,126,927,0,928,1,1593,1]
11-19 02:43:12.841 2342 2342 I sysui_multi_action: [757,113,758,1,759,113,927,1,928,1,1593,1]
11-19 02:43:12.841 2342 2342 I sysui_multi_action: [757,0,758,1,759,0,927,2,928,0,1593,1]
11-19 02:43:12.842 2342 2342 I sysui_multi_action: [757,0,758,1,759,0,927,3,928,0,1593,1]
11-19 02:43:12.845 1499 1831 I input_focus: [Focus leaving 574f5d NotificationShade (server),reason=NO_WINDOW]
11-19 02:43:12.845 1499 1831 I input_focus: [Focus entering 632f7bf com.android.launcher3/com.android.launcher3.uioverrides.QuickstepLauncher (server),reason=setFocusedWindow]
11-19 02:43:12.847 7153 7153 I auditd : type=1400 audit(0.0:735): avc: denied { read } for comm="cat" name="address" dev="sysfs" ino=61771 scontext=u:r:platform_app:s0:c512,c768 tcontext=u:object_r:sysfs:s0 tclass=file permissive=0 app=com.hht.lebocast
11-19 02:43:13.181 1499 2488 I ntp_failure: [time.android.com/216.239.35.4,java.net.SocketTimeoutException: Poll timed out]
11-19 02:43:13.610 1499 1831 I input_interaction: Interaction with: 632f7bf com.android.launcher3/com.android.launcher3.uioverrides.QuickstepLauncher (server), a1d9774 com.android.systemui.ImageWallpaper (server), edge-swipe (server), swipe-up (server), PointerEventDispatcher0 (server),
11-19 02:43:13.706 1499 5517 I wm_task_created: [29,-1]
11-19 02:43:13.715 1499 5517 I wm_task_moved: [29,1,6]
11-19 02:43:13.715 1499 5517 I wm_task_to_front: [0,29]
11-19 02:43:13.716 1499 5517 I wm_create_task: [0,29]
11-19 02:43:13.717 1499 5517 I wm_create_activity: [0,121204407,29,com.android.settings/.Settings,android.intent.action.MAIN,NULL,NULL,270532608]
11-19 02:43:13.717 1499 5517 I wm_task_moved: [29,1,6]
11-19 02:43:13.721 1499 5517 I wm_pause_activity: [0,19758722,com.android.launcher3/.uioverrides.QuickstepLauncher,userLeaving=true,pauseBackTasks]
11-19 02:43:13.727 2802 2802 I wm_on_top_resumed_lost_called: [19758722,com.android.launcher3.uioverrides.QuickstepLauncher,topStateChangedWhenResumed]
11-19 02:43:13.731 2802 2802 I wm_on_paused_called: [19758722,com.android.launcher3.uioverrides.QuickstepLauncher,performPause]
11-19 02:43:13.734 1499 3537 I wm_add_to_stopping: [0,19758722,com.android.launcher3/.uioverrides.QuickstepLauncher,makeInvisible]
11-19 02:43:13.736 1499 3537 I wm_restart_activity: [0,121204407,29,com.android.settings/.Settings]
11-19 02:43:13.738 1499 3537 I wm_set_resumed_activity: [0,com.android.settings/.Settings,minimalResumeActivityLocked]
11-19 02:43:13.749 1499 1637 I sysui_multi_action: [757,803,799,window_time_0,802,8]
11-19 02:43:13.761 1499 1831 I input_focus: [Focus leaving 632f7bf com.android.launcher3/com.android.launcher3.uioverrides.QuickstepLauncher (server),reason=NO_WINDOW]
11-19 02:43:13.781 6725 6725 I wm_on_create_called: [121204407,com.android.settings.Settings,performCreate]
11-19 02:43:13.813 6725 6725 I wm_on_start_called: [121204407,com.android.settings.Settings,handleStartActivity]
11-19 02:43:13.814 6725 6725 I snet_event_log: [120484087,-1,]
11-19 02:43:13.814 6725 6725 I wm_on_resume_called: [121204407,com.android.settings.Settings,RESUME_ACTIVITY]
11-19 02:43:13.816 6725 6725 I sysui_multi_action: [757,35,758,1,833,0,1089,33]
11-19 02:43:13.824 6725 6725 I sysui_multi_action: [757,1729,758,4,854,isParalleledControllers:false,1089,41]
11-19 02:43:13.829 6725 6725 I wm_on_top_resumed_gained_called: [121204407,com.android.settings.Settings,topStateChangedWhenResumed]
11-19 02:43:13.863 565 565 I auditd : type=1400 audit(0.0:736): avc: denied { read } for comm="Binder:565_2" name="wakeup58" dev="sysfs" ino=71858 scontext=u:r:system_suspend:s0 tcontext=u:object_r:sysfs:s0 tclass=dir permissive=0
11-19 02:43:13.863 565 565 I auditd : type=1400 audit(0.0:737): avc: denied { read } for comm="Binder:565_2" name="wakeup48" dev="sysfs" ino=67434 scontext=u:r:system_suspend:s0 tcontext=u:object_r:sysfs:s0 tclass=dir permissive=0
11-19 02:43:13.863 565 565 I auditd : type=1400 audit(0.0:738): avc: denied { read } for comm="Binder:565_2" name="wakeup4" dev="sysfs" ino=47032 scontext=u:r:system_suspend:s0 tcontext=u:object_r:sysfs:s0 tclass=dir permissive=0
11-19 02:43:13.863 565 565 I auditd : type=1400 audit(0.0:739): avc: denied { read } for comm="Binder:565_2" name="wakeup76" dev="sysfs" ino=76901 scontext=u:r:system_suspend:s0 tcontext=u:object_r:sysfs:s0 tclass=dir permissive=0
11-19 02:43:13.863 565 565 I auditd : type=1400 audit(0.0:740): avc: denied { read } for comm="Binder:565_2" name="wakeup28" dev="sysfs" ino=53237 scontext=u:r:system_suspend:s0 tcontext=u:object_r:sysfs:s0 tclass=dir permissive=0
11-19 02:43:13.863 565 565 I auditd : type=1400 audit(0.0:741): avc: denied { read } for comm="Binder:565_2" name="wakeup56" dev="sysfs" ino=71786 scontext=u:r:system_suspend:s0 tcontext=u:object_r:sysfs:s0 tclass=dir permissive=0
11-19 02:43:13.865 1499 1638 I input_focus: [Focus request 688adb5 com.android.settings/com.android.settings.Settings,reason=UpdateInputWindows]
11-19 02:43:13.863 565 565 I auditd : type=1400 audit(0.0:742): avc: denied { read } for comm="Binder:565_2" name="wakeup2" dev="sysfs" ino=46556 scontext=u:r:system_suspend:s0 tcontext=u:object_r:sysfs:s0 tclass=dir permissive=0
11-19 02:43:13.863 565 565 I auditd : type=1400 audit(0.0:743): avc: denied { read } for comm="Binder:565_2" name="wakeup36" dev="sysfs" ino=62469 scontext=u:r:system_suspend:s0 tcontext=u:object_r:sysfs:s0 tclass=dir permissive=0
11-19 02:43:13.863 565 565 I auditd : type=1400 audit(0.0:744): avc: denied { read } for comm="Binder:565_2" name="wakeup54" dev="sysfs" ino=71714 scontext=u:r:system_suspend:s0 tcontext=u:object_r:sysfs:s0 tclass=dir permissive=0
11-19 02:43:13.890 1499 1638 I sysui_multi_action: [324,1,757,1090,758,12,806,com.android.settings,871,com.android.settings.Settings,1091,190]
11-19 02:43:13.895 1499 1831 I input_focus: [Focus entering 688adb5 com.android.settings/com.android.settings.Settings (server),reason=setFocusedWindow]
11-19 02:43:13.895 1499 1634 I sysui_multi_action: [319,67,321,66,322,190,325,5073,757,761,758,8,759,1,806,com.android.settings,871,com.android.settings.Settings,904,com.android.launcher3,905,0,1320,8,1321,5]
11-19 02:43:13.897 1499 1634 I wm_activity_launch_time: [0,121204407,com.android.settings/.Settings,190]
11-19 02:43:13.935 6725 6725 W CarrierConfigManager: Error getting config for subId -1 ICarrierConfigLoader is null
11-19 02:43:13.981 6725 6725 I sysui_multi_action: [757,746,758,1,833,0,1089,54]
11-19 02:43:13.982 1499 2437 D TelephonyRegistry: listen oscl: mHasNotifySubscriptionInfoChangedOccurred==false no callback
11-19 02:43:13.987 1499 3537 D TelephonyRegistry: listen oscl: mHasNotifySubscriptionInfoChangedOccurred==false no callback
11-19 02:43:14.000 6725 6725 I sysui_multi_action: [757,1729,758,4,854,isParalleledControllers:false,1089,72]
11-19 02:43:14.302 1499 1637 I wm_stop_activity: [0,19758722,com.android.launcher3/.uioverrides.QuickstepLauncher]
11-19 02:43:14.322 2802 2802 I wm_on_stop_called: [19758722,com.android.launcher3.uioverrides.QuickstepLauncher,STOP_ACTIVITY_ITEM]
11-19 02:43:15.131 0 0 I auditd : type=1400 audit(0.0:835): avc: denied { kill } for comm="swapper/3" capability=5 scontext=u:r:kernel:s0 tcontext=u:r:kernel:s0 tclass=capability permissive=0
11-19 02:43:15.268 1499 1831 I input_interaction: Interaction with: 947a81e StatusBar (server), edge-swipe (server), swipe-up (server), PointerEventDispatcher0 (server),
11-19 02:43:15.282 2342 2342 I sysui_multi_action: [757,803,799,panel_open,802,1]
11-19 02:43:15.285 2342 2342 I sysui_multi_action: [757,1328,758,4,1326,50,1327,2,1329,0]
11-19 02:43:15.423 1499 2432 I sysui_multi_action: [757,127,758,1]
11-19 02:43:15.423 1499 2432 I sysui_multi_action: [757,804,799,note_load,801,2,802,1]
11-19 02:43:15.424 1499 2432 I notification_panel_revealed: 2
11-19 02:43:15.432 1499 1499 I notification_enqueue: [10081,2342,com.android.systemui,2048,NULL,0,Notification(channel=updateNotification shortcut=null contentView=null vibrate=null sound=null defaults=0x0 flags=0x0 color=0x00000000 vis=PRIVATE),1]
11-19 02:43:15.434 2342 2342 I sysui_multi_action: [757,111,758,2]
11-19 02:43:15.434 2342 2342 I sysui_multi_action: [757,111,758,2]
11-19 02:43:15.453 1499 1638 I input_focus: [Focus request 574f5d NotificationShade,reason=UpdateInputWindows]
11-19 02:43:15.459 2342 2342 I sysui_multi_action: [757,111,758,1]
11-19 02:43:15.459 2342 2342 I sysui_multi_action: [757,126,758,1,759,126,927,0,928,1,1593,0]
11-19 02:43:15.459 2342 2342 I sysui_multi_action: [757,113,758,1,759,113,927,1,928,1,1593,0]
11-19 02:43:15.460 2342 2342 I sysui_multi_action: [757,0,758,1,759,0,927,2,928,0,1593,0]
11-19 02:43:15.460 2342 2342 I sysui_multi_action: [757,0,758,1,759,0,927,3,928,0,1593,0]
11-19 02:43:15.460 2342 2342 I sysui_multi_action: [757,491,758,1,759,491,927,4,928,0,1311,-1,1593,0]
11-19 02:43:15.460 2342 2342 I sysui_multi_action: [757,0,758,1,759,0,927,5,928,0,1593,0]
11-19 02:43:15.460 2342 2342 I sysui_multi_action: [757,111,758,1]
11-19 02:43:15.460 2342 2342 I sysui_multi_action: [757,126,758,1,759,126,927,0,928,1,1593,0]
11-19 02:43:15.460 2342 2342 I sysui_multi_action: [757,113,758,1,759,113,927,1,928,1,1593,0]
11-19 02:43:15.461 2342 2342 I sysui_multi_action: [757,0,758,1,759,0,927,2,928,0,1593,0]
11-19 02:43:15.461 2342 2342 I sysui_multi_action: [757,0,758,1,759,0,927,3,928,0,1593,0]
11-19 02:43:15.485 1499 1831 I input_focus: [Focus leaving 688adb5 com.android.settings/com.android.settings.Settings (server),reason=setFocusedWindow]
11-19 02:43:15.485 1499 1831 I input_focus: [Focus entering 574f5d NotificationShade (server),reason=setFocusedWindow]
11-19 02:43:15.985 1499 2437 I sysui_multi_action: [757,128,758,1,793,4997174,794,0,795,4997174,796,26,798,0,806,android,857,DEVELOPER_IMPORTANT,858,4,947,0,1395,2,1500,4996970,1688,1]
11-19 02:43:15.985 1499 2437 I sysui_multi_action: [757,804,799,note_freshness,801,4997174,802,1]
11-19 02:43:15.985 1499 2437 I notification_visibility: [-1|android|26|null|1000,1,4997174,4997174,0,0]
11-19 02:43:15.985 1499 2437 I sysui_multi_action: [757,128,758,1,793,5051748,794,0,795,5051748,796,32,798,1,806,android,857,USB,858,1,947,0,1395,2,1500,5051071,1688,1]
11-19 02:43:15.986 1499 2437 I sysui_multi_action: [757,804,799,note_freshness,801,5051748,802,1]
11-19 02:43:15.986 1499 2437 I notification_visibility: [-1|android|32|null|1000,1,5051748,5051748,0,1]
11-19 02:43:16.131 1499 1831 I input_interaction: Interaction with: 574f5d NotificationShade (server), PointerEventDispatcher0 (server),
11-19 02:43:16.131 0 0 I auditd : type=1400 audit(0.0:836): avc: denied { kill } for comm="swapper/3" capability=5 scontext=u:r:kernel:s0 tcontext=u:r:kernel:s0 tclass=capability permissive=0
11-19 02:43:17.131 0 0 I auditd : type=1400 audit(0.0:837): avc: denied { kill } for comm="swapper/3" capability=5 scontext=u:r:kernel:s0 tcontext=u:r:kernel:s0 tclass=capability permissive=0
11-19 02:43:17.722 1499 1831 I input_interaction: Interaction with: 574f5d NotificationShade (server), edge-swipe (server), swipe-up (server), PointerEventDispatcher0 (server),
11-19 02:43:17.882 2342 2342 I sysui_multi_action: [757,925,758,4,759,126,927,0,928,1,1592,0,1593,1]
11-19 02:43:17.913 1499 2437 D TelephonyRegistry: listen oscl: mHasNotifySubscriptionInfoChangedOccurred==false no callback
11-19 02:43:17.918 2342 2342 W CarrierConfigManager: Error getting config for subId -1 ICarrierConfigLoader is null
11-19 02:43:17.953 1499 1638 I input_focus: [Focus request a9ab740 InternetDialog,reason=UpdateInputWindows]
11-19 02:43:17.973 1499 1831 I input_focus: [Focus leaving 574f5d NotificationShade (server),reason=Waiting for window because NOT_VISIBLE]
11-19 02:43:17.990 1499 1831 I input_focus: [Focus entering a9ab740 InternetDialog (server),reason=Window became focusable. Previous reason: NOT_VISIBLE]
11-19 02:43:18.131 0 0 I auditd : type=1400 audit(0.0:838): avc: denied { kill } for comm="swapper/3" capability=5 scontext=u:r:kernel:s0 tcontext=u:r:kernel:s0 tclass=capability permissive=0
11-19 02:43:18.189 1499 2488 I ntp_failure: [time.android.com/216.239.35.12,java.net.SocketTimeoutException: Poll timed out]
11-19 02:43:18.198 1499 1759 I commit_sys_config_file: [settings-0-0,14]
11-19 02:43:19.131 0 0 I auditd : type=1400 audit(0.0:839): avc: denied { kill } for comm="swapper/3" capability=5 scontext=u:r:kernel:s0 tcontext=u:r:kernel:s0 tclass=capability permissive=0
11-19 02:43:20.131 0 0 I auditd : type=1400 audit(0.0:840): avc: denied { kill } for comm="swapper/3" capability=5 scontext=u:r:kernel:s0 tcontext=u:r:kernel:s0 tclass=capability permissive=0
11-19 02:43:21.084 1499 1831 I input_interaction: Interaction with: a9ab740 InternetDialog (server), edge-swipe (server), swipe-up (server), PointerEventDispatcher0 (server),
11-19 02:43:21.131 0 0 I auditd : type=1400 audit(0.0:841): avc: denied { kill } for comm="swapper/3" capability=5 scontext=u:r:kernel:s0 tcontext=u:r:kernel:s0 tclass=capability permissive=0
11-19 02:43:21.438 1499 1759 I commit_sys_config_file: [settings-0-0,12]
11-19 02:43:21.539 838 838 I auditd : type=1400 audit(0.0:842): avc: denied { search } for comm="wifi@1.0-servic" name="tombstones" dev="dm-10" ino=24 scontext=u:r:hal_wifi_default:s0 tcontext=u:object_r:vendor_tombstone_data_file:s0 tclass=dir permissive=0
11-19 02:43:21.585 1499 2279 I netstats_mobile_sample: [0,0,0,0,0,0,0,0,0,0,0,0,1668797001585]
11-19 02:43:21.585 1499 2279 I netstats_wifi_sample: [1480480,1473,207158,1185,1480480,1473,207158,1185,1507249,1843,172670,1085,1668797001585]
11-19 02:43:22.131 0 0 I auditd : type=1400 audit(0.0:843): avc: denied { kill } for comm="swapper/3" capability=5 scontext=u:r:kernel:s0 tcontext=u:r:kernel:s0 tclass=capability permissive=0
11-19 02:43:23.131 0 0 I auditd : type=1400 audit(0.0:844): avc: denied { kill } for comm="swapper/3" capability=5 scontext=u:r:kernel:s0 tcontext=u:r:kernel:s0 tclass=capability permissive=0
11-19 02:43:23.197 1499 2488 I ntp_failure: [time.android.com/216.239.35.8,java.net.SocketTimeoutException: Poll timed out]
11-19 02:43:23.202 1499 2488 I ntp_failure: [time.android.com/216.239.35.0,java.net.SocketException: Binding socket to network 100 failed: EPERM (Operation not permitted)]
11-19 02:43:24.131 0 0 I auditd : type=1400 audit(0.0:845): avc: denied { kill } for comm="swapper/3" capability=5 scontext=u:r:kernel:s0 tcontext=u:r:kernel:s0 tclass=capability permissive=0
11-19 02:43:25.131 0 0 I auditd : type=1400 audit(0.0:846): avc: denied { kill } for comm="swapper/3" capability=5 scontext=u:r:kernel:s0 tcontext=u:r:kernel:s0 tclass=capability permissive=0
11-19 02:43:26.131 0 0 I auditd : type=1400 audit(0.0:847): avc: denied { kill } for comm="swapper/2" capability=5 scontext=u:r:kernel:s0 tcontext=u:r:kernel:s0 tclass=capability permissive=0
11-19 02:43:27.131 0 0 I auditd : type=1400 audit(0.0:848): avc: denied { kill } for comm="swapper/2" capability=5 scontext=u:r:kernel:s0 tcontext=u:r:kernel:s0 tclass=capability permissive=0
11-19 02:43:28.131 0 0 I auditd : type=1400 audit(0.0:849): avc: denied { kill } for comm="swapper/2" capability=5 scontext=u:r:kernel:s0 tcontext=u:r:kernel:s0 tclass=capability permissive=0
11-19 02:43:29.131 0 0 I auditd : type=1400 audit(0.0:850): avc: denied { kill } for comm="swapper/2" capability=5 scontext=u:r:kernel:s0 tcontext=u:r:kernel:s0 tclass=capability permissive=0
11-19 02:43:30.131 0 0 I auditd : type=1400 audit(0.0:851): avc: denied { kill } for comm="swapper/2" capability=5 scontext=u:r:kernel:s0 tcontext=u:r:kernel:s0 tclass=capability permissive=0
11-19 02:43:31.131 0 0 I auditd : type=1400 audit(0.0:852): avc: denied { kill } for comm="swapper/2" capability=5 scontext=u:r:kernel:s0 tcontext=u:r:kernel:s0 tclass=capability permissive=0
11-19 02:43:32.131 0 0 I auditd : type=1400 audit(0.0:853): avc: denied { kill } for comm="swapper/2" capability=5 scontext=u:r:kernel:s0 tcontext=u:r:kernel:s0 tclass=capability permissive=0
11-19 02:43:33.131 0 0 I auditd : type=1400 audit(0.0:854): avc: denied { kill } for comm="swapper/2" capability=5 scontext=u:r:kernel:s0 tcontext=u:r:kernel:s0 tclass=capability permissive=0
11-19 02:43:34.131 0 0 I auditd : type=1400 audit(0.0:855): avc: denied { kill } for comm="swapper/2" capability=5 scontext=u:r:kernel:s0 tcontext=u:r:kernel:s0 tclass=capability permissive=0
11-19 02:43:34.316 1499 1645 I am_uid_idle: 10050
11-19 02:43:35.131 0 0 I auditd : type=1400 audit(0.0:856): avc: denied { kill } for comm="swapper/2" capability=5 scontext=u:r:kernel:s0 tcontext=u:r:kernel:s0 tclass=capability permissive=0
11-19 02:43:36.131 0 0 I auditd : type=1400 audit(0.0:857): avc: denied { kill } for comm="swapper/2" capability=5 scontext=u:r:kernel:s0 tcontext=u:r:kernel:s0 tclass=capability permissive=0
11-19 02:43:37.131 0 0 I auditd : type=1400 audit(0.0:858): avc: denied { kill } for comm="swapper/2" capability=5 scontext=u:r:kernel:s0 tcontext=u:r:kernel:s0 tclass=capability permissive=0
11-19 02:43:38.131 0 0 I auditd : type=1400 audit(0.0:859): avc: denied { kill } for comm="swapper/2" capability=5 scontext=u:r:kernel:s0 tcontext=u:r:kernel:s0 tclass=capability permissive=0
11-19 02:43:39.131 0 0 I auditd : type=1400 audit(0.0:860): avc: denied { kill } for comm="swapper/2" capability=5 scontext=u:r:kernel:s0 tcontext=u:r:kernel:s0 tclass=capability permissive=0
11-19 02:43:40.131 0 0 I auditd : type=1400 audit(0.0:861): avc: denied { kill } for comm="swapper/2" capability=5 scontext=u:r:kernel:s0 tcontext=u:r:kernel:s0 tclass=capability permissive=0
11-19 02:43:40.371 1499 1645 I am_uid_idle: 10060
11-19 02:43:41.131 0 0 I auditd : type=1400 audit(0.0:862): avc: denied { kill } for comm="swapper/2" capability=5 scontext=u:r:kernel:s0 tcontext=u:r:kernel:s0 tclass=capability permissive=0
11-19 02:43:42.131 0 0 I auditd : type=1400 audit(0.0:863): avc: denied { kill } for comm="swapper/2" capability=5 scontext=u:r:kernel:s0 tcontext=u:r:kernel:s0 tclass=capability permissive=0
11-19 02:43:43.131 0 0 I auditd : type=1400 audit(0.0:864): avc: denied { kill } for comm="swapper/2" capability=5 scontext=u:r:kernel:s0 tcontext=u:r:kernel:s0 tclass=capability permissive=0
11-19 02:43:44.131 0 0 I auditd : type=1400 audit(0.0:865): avc: denied { kill } for comm="swapper/2" capability=5 scontext=u:r:kernel:s0 tcontext=u:r:kernel:s0 tclass=capability permissive=0
11-19 02:43:45.131 0 0 I auditd : type=1400 audit(0.0:866): avc: denied { kill } for comm="swapper/2" capability=5 scontext=u:r:kernel:s0 tcontext=u:r:kernel:s0 tclass=capability permissive=0
11-19 02:43:46.131 0 0 I auditd : type=1400 audit(0.0:867): avc: denied { kill } for comm="swapper/2" capability=5 scontext=u:r:kernel:s0 tcontext=u:r:kernel:s0 tclass=capability permissive=0
11-19 02:43:47.131 0 0 I auditd : type=1400 audit(0.0:868): avc: denied { kill } for comm="swapper/2" capability=5 scontext=u:r:kernel:s0 tcontext=u:r:kernel:s0 tclass=capability permissive=0
11-19 02:43:48.131 0 0 I auditd : type=1400 audit(0.0:869): avc: denied { kill } for comm="swapper/2" capability=5 scontext=u:r:kernel:s0 tcontext=u:r:kernel:s0 tclass=capability permissive=0
11-19 02:43:49.131 0 0 I auditd : type=1400 audit(0.0:870): avc: denied { kill } for comm="swapper/2" capability=5 scontext=u:r:kernel:s0 tcontext=u:r:kernel:s0 tclass=capability permissive=0
11-19 02:43:50.131 0 0 I auditd : type=1400 audit(0.0:871): avc: denied { kill } for comm="swapper/2" capability=5 scontext=u:r:kernel:s0 tcontext=u:r:kernel:s0 tclass=capability permissive=0
11-19 02:43:51.131 0 0 I auditd : type=1400 audit(0.0:872): avc: denied { kill } for comm="swapper/2" capability=5 scontext=u:r:kernel:s0 tcontext=u:r:kernel:s0 tclass=capability permissive=0
11-19 02:43:51.473 1499 1645 I am_uid_idle: 10070
11-19 02:43:52.131 0 0 I auditd : type=1400 audit(0.0:873): avc: denied { kill } for comm="swapper/2" capability=5 scontext=u:r:kernel:s0 tcontext=u:r:kernel:s0 tclass=capability permissive=0
11-19 02:43:53.131 0 0 I auditd : type=1400 audit(0.0:874): avc: denied { kill } for comm="swapper/2" capability=5 scontext=u:r:kernel:s0 tcontext=u:r:kernel:s0 tclass=capability permissive=0
11-19 02:43:54.131 0 0 I auditd : type=1400 audit(0.0:875): avc: denied { kill } for comm="swapper/2" capability=5 scontext=u:r:kernel:s0 tcontext=u:r:kernel:s0 tclass=capability permissive=0
11-19 02:43:55.131 0 0 I auditd : type=1400 audit(0.0:876): avc: denied { kill } for comm="swapper/2" capability=5 scontext=u:r:kernel:s0 tcontext=u:r:kernel:s0 tclass=capability permissive=0
11-19 02:43:56.131 0 0 I auditd : type=1400 audit(0.0:877): avc: denied { kill } for comm="swapper/2" capability=5 scontext=u:r:kernel:s0 tcontext=u:r:kernel:s0 tclass=capability permissive=0
11-19 02:43:57.131 0 0 I auditd : type=1400 audit(0.0:878): avc: denied { kill } for comm="swapper/2" capability=5 scontext=u:r:kernel:s0 tcontext=u:r:kernel:s0 tclass=capability permissive=0
11-19 02:43:58.131 0 0 I auditd : type=1400 audit(0.0:879): avc: denied { kill } for comm="swapper/2" capability=5 scontext=u:r:kernel:s0 tcontext=u:r:kernel:s0 tclass=capability permissive=0
11-19 02:43:59.131 0 0 I auditd : type=1400 audit(0.0:880): avc: denied { kill } for comm="swapper/2" capability=5 scontext=u:r:kernel:s0 tcontext=u:r:kernel:s0 tclass=capability permissive=0
11-19 02:44:00.131 0 0 I auditd : type=1400 audit(0.0:881): avc: denied { kill } for comm="swapper/2" capability=5 scontext=u:r:kernel:s0 tcontext=u:r:kernel:s0 tclass=capability permissive=0
11-19 02:44:01.131 0 0 I auditd : type=1400 audit(0.0:882): avc: denied { kill } for comm="swapper/2" capability=5 scontext=u:r:kernel:s0 tcontext=u:r:kernel:s0 tclass=capability permissive=0
11-19 02:44:02.131 0 0 I auditd : type=1400 audit(0.0:883): avc: denied { kill } for comm="swapper/2" capability=5 scontext=u:r:kernel:s0 tcontext=u:r:kernel:s0 tclass=capability permissive=0
11-19 02:44:03.131 0 0 I auditd : type=1400 audit(0.0:884): avc: denied { kill } for comm="swapper/2" capability=5 scontext=u:r:kernel:s0 tcontext=u:r:kernel:s0 tclass=capability permissive=0
11-19 02:44:04.131 0 0 I auditd : type=1400 audit(0.0:885): avc: denied { kill } for comm="swapper/2" capability=5 scontext=u:r:kernel:s0 tcontext=u:r:kernel:s0 tclass=capability permissive=0
11-19 02:44:05.131 0 0 I auditd : type=1400 audit(0.0:886): avc: denied { kill } for comm="swapper/2" capability=5 scontext=u:r:kernel:s0 tcontext=u:r:kernel:s0 tclass=capability permissive=0
11-19 02:44:06.131 0 0 I auditd : type=1400 audit(0.0:887): avc: denied { kill } for comm="swapper/2" capability=5 scontext=u:r:kernel:s0 tcontext=u:r:kernel:s0 tclass=capability permissive=0
11-19 02:44:07.131 0 0 I auditd : type=1400 audit(0.0:888): avc: denied { kill } for comm="swapper/2" capability=5 scontext=u:r:kernel:s0 tcontext=u:r:kernel:s0 tclass=capability permissive=0
11-19 02:44:07.317 1499 1645 I am_uid_idle: 10094
11-19 02:44:08.131 0 0 I auditd : type=1400 audit(0.0:889): avc: denied { kill } for comm="swapper/2" capability=5 scontext=u:r:kernel:s0 tcontext=u:r:kernel:s0 tclass=capability permissive=0
11-19 02:44:09.131 0 0 I auditd : type=1400 audit(0.0:890): avc: denied { kill } for comm="swapper/2" capability=5 scontext=u:r:kernel:s0 tcontext=u:r:kernel:s0 tclass=capability permissive=0
11-19 02:44:10.131 0 0 I auditd : type=1400 audit(0.0:891): avc: denied { kill } for comm="swapper/2" capability=5 scontext=u:r:kernel:s0 tcontext=u:r:kernel:s0 tclass=capability permissive=0
11-19 02:44:10.299 3646 3646 I auditd : type=1400 audit(0.0:892): avc: denied { read } for comm="BackgroundThrea" name="enforce" dev="selinuxfs" ino=4 scontext=u:r:priv_app:s0:c512,c768 tcontext=u:object_r:selinuxfs:s0 tclass=file permissive=0 app=com.baidu.input
11-19 02:44:12.131 0 0 I auditd : type=1400 audit(0.0:893): avc: denied { kill } for comm="swapper/1" capability=5 scontext=u:r:kernel:s0 tcontext=u:r:kernel:s0 tclass=capability permissive=0
11-19 02:44:13.047 7334 7334 I auditd : type=1400 audit(0.0:894): avc: denied { read } for comm="BackgroundThrea" name="uptime" dev="proc" ino=4026532246 scontext=u:r:priv_app:s0:c512,c768 tcontext=u:object_r:proc_uptime:s0 tclass=file permissive=0 app=com.baidu.input
11-19 02:44:13.051 7334 7334 I auditd : type=1400 audit(0.0:895): avc: denied { read } for comm="BackgroundThrea" name="tcp" dev="proc" ino=4026532265 scontext=u:r:priv_app:s0:c512,c768 tcontext=u:object_r:proc_net_tcp_udp:s0 tclass=file permissive=0 app=com.baidu.input
11-19 02:44:13.051 7334 7334 I auditd : type=1400 audit(0.0:896): avc: denied { read } for comm="BackgroundThrea" name="udp" dev="proc" ino=4026532266 scontext=u:r:priv_app:s0:c512,c768 tcontext=u:object_r:proc_net_tcp_udp:s0 tclass=file permissive=0 app=com.baidu.input
11-19 02:44:13.131 0 0 I auditd : type=1400 audit(0.0:897): avc: denied { kill } for comm="swapper/1" capability=5 scontext=u:r:kernel:s0 tcontext=u:r:kernel:s0 tclass=capability permissive=0
11-19 02:44:14.131 0 0 I auditd : type=1400 audit(0.0:898): avc: denied { kill } for comm="swapper/1" capability=5 scontext=u:r:kernel:s0 tcontext=u:r:kernel:s0 tclass=capability permissive=0
11-19 02:44:14.220 1499 1663 I sysui_multi_action: [757,1696,758,6,759,2]
11-19 02:44:14.238 1499 1645 I am_wtf : [0,1499,system_server,-1,DisplayDeviceConfig,requesting nits when no mapping exists.]
11-19 02:44:14.241 1499 1645 I am_wtf : [0,1499,system_server,-1,DisplayDeviceConfig,requesting nits when no mapping exists.]
11-19 02:44:14.252 1499 1645 I am_wtf : [0,1499,system_server,-1,DisplayDeviceConfig,requesting nits when no mapping exists.]
11-19 02:44:14.253 1499 1645 I am_wtf : [0,1499,system_server,-1,DisplayDeviceConfig,requesting nits when no mapping exists.]
11-19 02:44:14.269 1499 1645 I am_wtf : [0,1499,system_server,-1,DisplayDeviceConfig,requesting nits when no mapping exists.]
11-19 02:44:14.271 1499 1645 I am_wtf : [0,1499,system_server,-1,DisplayDeviceConfig,requesting nits when no mapping exists.]
11-19 02:44:14.286 1499 1645 I am_wtf : [0,1499,system_server,-1,DisplayDeviceConfig,requesting nits when no mapping exists.]
11-19 02:44:14.287 1499 1645 I am_wtf : [0,1499,system_server,-1,DisplayDeviceConfig,requesting nits when no mapping exists.]
11-19 02:44:14.303 1499 1645 I am_wtf : [0,1499,system_server,-1,DisplayDeviceConfig,requesting nits when no mapping exists.]
11-19 02:44:14.304 1499 1645 I am_wtf : [0,1499,system_server,-1,DisplayDeviceConfig,requesting nits when no mapping exists.]
11-19 02:44:14.320 1499 1645 I am_wtf : [0,1499,system_server,-1,DisplayDeviceConfig,requesting nits when no mapping exists.]
11-19 02:44:14.321 1499 1645 I am_wtf : [0,1499,system_server,-1,DisplayDeviceConfig,requesting nits when no mapping exists.]
11-19 02:44:14.337 1499 1645 I am_wtf : [0,1499,system_server,-1,DisplayDeviceConfig,requesting nits when no mapping exists.]
11-19 02:44:14.338 1499 1645 I am_wtf : [0,1499,system_server,-1,DisplayDeviceConfig,requesting nits when no mapping exists.]
11-19 02:44:14.354 1499 1645 I am_wtf : [0,1499,system_server,-1,DisplayDeviceConfig,requesting nits when no mapping exists.]
11-19 02:44:14.355 1499 1645 I am_wtf : [0,1499,system_server,-1,DisplayDeviceConfig,requesting nits when no mapping exists.]
11-19 02:44:14.370 1499 1645 I am_wtf : [0,1499,system_server,-1,DisplayDeviceConfig,requesting nits when no mapping exists.]
11-19 02:44:14.371 1499 1645 I am_wtf : [0,1499,system_server,-1,DisplayDeviceConfig,requesting nits when no mapping exists.]
11-19 02:44:14.387 1499 1645 I am_wtf : [0,1499,system_server,-1,DisplayDeviceConfig,requesting nits when no mapping exists.]
11-19 02:44:14.388 1499 1645 I am_wtf : [0,1499,system_server,-1,DisplayDeviceConfig,requesting nits when no mapping exists.]
11-19 02:44:14.403 1499 1645 I am_wtf : [0,1499,system_server,-1,DisplayDeviceConfig,requesting nits when no mapping exists.]
11-19 02:44:14.404 1499 1645 I am_wtf : [0,1499,system_server,-1,DisplayDeviceConfig,requesting nits when no mapping exists.]
11-19 02:44:14.420 1499 1645 I am_wtf : [0,1499,system_server,-1,DisplayDeviceConfig,requesting nits when no mapping exists.]
11-19 02:44:14.421 1499 1645 I am_wtf : [0,1499,system_server,-1,DisplayDeviceConfig,requesting nits when no mapping exists.]
11-19 02:44:14.437 1499 1645 I am_wtf : [0,1499,system_server,-1,DisplayDeviceConfig,requesting nits when no mapping exists.]
11-19 02:44:14.438 1499 1645 I am_wtf : [0,1499,system_server,-1,DisplayDeviceConfig,requesting nits when no mapping exists.]
11-19 02:44:14.453 1499 1645 I am_wtf : [0,1499,system_server,-1,DisplayDeviceConfig,requesting nits when no mapping exists.]
11-19 02:44:14.454 1499 1645 I am_wtf : [0,1499,system_server,-1,DisplayDeviceConfig,requesting nits when no mapping exists.]
11-19 02:44:14.470 1499 1645 I am_wtf : [0,1499,system_server,-1,DisplayDeviceConfig,requesting nits when no mapping exists.]
11-19 02:44:14.471 1499 1645 I am_wtf : [0,1499,system_server,-1,DisplayDeviceConfig,requesting nits when no mapping exists.]
11-19 02:44:14.487 1499 1645 I am_wtf : [0,1499,system_server,-1,DisplayDeviceConfig,requesting nits when no mapping exists.]
11-19 02:44:14.488 1499 1645 I am_wtf : [0,1499,system_server,-1,DisplayDeviceConfig,requesting nits when no mapping exists.]
11-19 02:44:14.504 1499 1645 I am_wtf : [0,1499,system_server,-1,DisplayDeviceConfig,requesting nits when no mapping exists.]
11-19 02:44:14.505 1499 1645 I am_wtf : [0,1499,system_server,-1,DisplayDeviceConfig,requesting nits when no mapping exists.]
11-19 02:44:14.521 1499 1645 I am_wtf : [0,1499,system_server,-1,DisplayDeviceConfig,requesting nits when no mapping exists.]
11-19 02:44:14.522 1499 1645 I am_wtf : [0,1499,system_server,-1,DisplayDeviceConfig,requesting nits when no mapping exists.]
11-19 02:44:14.537 1499 1645 I am_wtf : [0,1499,system_server,-1,DisplayDeviceConfig,requesting nits when no mapping exists.]
11-19 02:44:14.539 1499 1645 I am_wtf : [0,1499,system_server,-1,DisplayDeviceConfig,requesting nits when no mapping exists.]
11-19 02:44:14.554 1499 1645 I am_wtf : [0,1499,system_server,-1,DisplayDeviceConfig,requesting nits when no mapping exists.]
11-19 02:44:14.554 1499 1645 I am_wtf : [0,1499,system_server,-1,DisplayDeviceConfig,requesting nits when no mapping exists.]
11-19 02:44:14.570 1499 1645 I am_wtf : [0,1499,system_server,-1,DisplayDeviceConfig,requesting nits when no mapping exists.]
11-19 02:44:14.571 1499 1645 I am_wtf : [0,1499,system_server,-1,DisplayDeviceConfig,requesting nits when no mapping exists.]
11-19 02:44:14.588 1499 1645 I am_wtf : [0,1499,system_server,-1,DisplayDeviceConfig,requesting nits when no mapping exists.]
11-19 02:44:14.589 1499 1645 I am_wtf : [0,1499,system_server,-1,DisplayDeviceConfig,requesting nits when no mapping exists.]
11-19 02:44:14.604 1499 1645 I am_wtf : [0,1499,system_server,-1,DisplayDeviceConfig,requesting nits when no mapping exists.]
11-19 02:44:14.605 1499 1645 I am_wtf : [0,1499,system_server,-1,DisplayDeviceConfig,requesting nits when no mapping exists.]
11-19 02:44:14.621 1499 1645 I am_wtf : [0,1499,system_server,-1,DisplayDeviceConfig,requesting nits when no mapping exists.]
11-19 02:44:14.622 1499 1645 I am_wtf : [0,1499,system_server,-1,DisplayDeviceConfig,requesting nits when no mapping exists.]
11-19 02:44:14.638 1499 1645 I am_wtf : [0,1499,system_server,-1,DisplayDeviceConfig,requesting nits when no mapping exists.]
11-19 02:44:14.638 1499 1645 I am_wtf : [0,1499,system_server,-1,DisplayDeviceConfig,requesting nits when no mapping exists.]
11-19 02:44:14.654 1499 1645 I am_wtf : [0,1499,system_server,-1,DisplayDeviceConfig,requesting nits when no mapping exists.]
11-19 02:44:14.655 1499 1645 I am_wtf : [0,1499,system_server,-1,DisplayDeviceConfig,requesting nits when no mapping exists.]
11-19 02:44:14.671 1499 1645 I am_wtf : [0,1499,system_server,-1,DisplayDeviceConfig,requesting nits when no mapping exists.]
11-19 02:44:14.672 1499 1645 I am_wtf : [0,1499,system_server,-1,DisplayDeviceConfig,requesting nits when no mapping exists.]
11-19 02:44:14.688 1499 1645 I am_wtf : [0,1499,system_server,-1,DisplayDeviceConfig,requesting nits when no mapping exists.]
11-19 02:44:14.689 1499 1645 I am_wtf : [0,1499,system_server,-1,DisplayDeviceConfig,requesting nits when no mapping exists.]
11-19 02:44:14.706 1499 1645 I am_wtf : [0,1499,system_server,-1,DisplayDeviceConfig,requesting nits when no mapping exists.]
11-19 02:44:14.707 1499 1645 I am_wtf : [0,1499,system_server,-1,DisplayDeviceConfig,requesting nits when no mapping exists.]
11-19 02:44:14.708 1499 1645 I service_manager_stats: [100,55,66355]
11-19 02:44:14.721 1499 1645 I am_wtf : [0,1499,system_server,-1,DisplayDeviceConfig,requesting nits when no mapping exists.]
11-19 02:44:14.722 1499 1645 I am_wtf : [0,1499,system_server,-1,DisplayDeviceConfig,requesting nits when no mapping exists.]
11-19 02:44:14.738 1499 1645 I am_wtf : [0,1499,system_server,-1,DisplayDeviceConfig,requesting nits when no mapping exists.]
11-19 02:44:14.739 1499 1645 I am_wtf : [0,1499,system_server,-1,DisplayDeviceConfig,requesting nits when no mapping exists.]
11-19 02:44:14.754 1499 1645 I am_wtf : [0,1499,system_server,-1,DisplayDeviceConfig,requesting nits when no mapping exists.]
11-19 02:44:14.755 1499 1645 I am_wtf : [0,1499,system_server,-1,DisplayDeviceConfig,requesting nits when no mapping exists.]
11-19 02:44:14.771 1499 1645 I am_wtf : [0,1499,system_server,-1,DisplayDeviceConfig,requesting nits when no mapping exists.]
11-19 02:44:14.771 1499 1645 I am_wtf : [0,1499,system_server,-1,DisplayDeviceConfig,requesting nits when no mapping exists.]
11-19 02:44:14.787 1499 1645 I am_wtf : [0,1499,system_server,-1,DisplayDeviceConfig,requesting nits when no mapping exists.]
11-19 02:44:14.788 1499 1645 I am_wtf : [0,1499,system_server,-1,DisplayDeviceConfig,requesting nits when no mapping exists.]
11-19 02:44:14.804 1499 1645 I am_wtf : [0,1499,system_server,-1,DisplayDeviceConfig,requesting nits when no mapping exists.]
11-19 02:44:14.805 1499 1645 I am_wtf : [0,1499,system_server,-1,DisplayDeviceConfig,requesting nits when no mapping exists.]
11-19 02:44:14.821 1499 1645 I am_wtf : [0,1499,system_server,-1,DisplayDeviceConfig,requesting nits when no mapping exists.]
11-19 02:44:14.821 1499 1645 I am_wtf : [0,1499,system_server,-1,DisplayDeviceConfig,requesting nits when no mapping exists.]
11-19 02:44:14.838 1499 1645 I am_wtf : [0,1499,system_server,-1,DisplayDeviceConfig,requesting nits when no mapping exists.]
11-19 02:44:14.838 1499 1645 I am_wtf : [0,1499,system_server,-1,DisplayDeviceConfig,requesting nits when no mapping exists.]
11-19 02:44:14.854 1499 1645 I am_wtf : [0,1499,system_server,-1,DisplayDeviceConfig,requesting nits when no mapping exists.]
11-19 02:44:14.855 1499 1645 I am_wtf : [0,1499,system_server,-1,DisplayDeviceConfig,requesting nits when no mapping exists.]
11-19 02:44:14.872 1499 1645 I am_wtf : [0,1499,system_server,-1,DisplayDeviceConfig,requesting nits when no mapping exists.]
11-19 02:44:14.874 1499 1645 I am_wtf : [0,1499,system_server,-1,DisplayDeviceConfig,requesting nits when no mapping exists.]
11-19 02:44:14.890 1499 1645 I am_wtf : [0,1499,system_server,-1,DisplayDeviceConfig,requesting nits when no mapping exists.]
11-19 02:44:14.891 1499 1645 I am_wtf : [0,1499,system_server,-1,DisplayDeviceConfig,requesting nits when no mapping exists.]
11-19 02:44:14.906 1499 1645 I am_wtf : [0,1499,system_server,-1,DisplayDeviceConfig,requesting nits when no mapping exists.]
11-19 02:44:14.907 1499 1645 I am_wtf : [0,1499,system_server,-1,DisplayDeviceConfig,requesting nits when no mapping exists.]
11-19 02:44:14.921 1499 1645 I am_wtf : [0,1499,system_server,-1,DisplayDeviceConfig,requesting nits when no mapping exists.]
11-19 02:44:14.922 1499 1645 I am_wtf : [0,1499,system_server,-1,DisplayDeviceConfig,requesting nits when no mapping exists.]
11-19 02:44:14.937 1499 1645 I am_wtf : [0,1499,system_server,-1,DisplayDeviceConfig,requesting nits when no mapping exists.]
11-19 02:44:14.938 1499 1645 I am_wtf : [0,1499,system_server,-1,DisplayDeviceConfig,requesting nits when no mapping exists.]
