11-19 02:44:14.955 1499 1645 I am_wtf : [0,1499,system_server,-1,DisplayDeviceConfig,requesting nits when no mapping exists.]
11-19 02:44:14.956 1499 1645 I am_wtf : [0,1499,system_server,-1,DisplayDeviceConfig,requesting nits when no mapping exists.]
11-19 02:44:14.971 1499 1645 I am_wtf : [0,1499,system_server,-1,DisplayDeviceConfig,requesting nits when no mapping exists.]
11-19 02:44:14.972 1499 1645 I am_wtf : [0,1499,system_server,-1,DisplayDeviceConfig,requesting nits when no mapping exists.]
11-19 02:44:14.988 1499 1645 I am_wtf : [0,1499,system_server,-1,DisplayDeviceConfig,requesting nits when no mapping exists.]
11-19 02:44:14.989 1499 1645 I am_wtf : [0,1499,system_server,-1,DisplayDeviceConfig,requesting nits when no mapping exists.]
11-19 02:44:15.005 1499 1645 I am_wtf : [0,1499,system_server,-1,DisplayDeviceConfig,requesting nits when no mapping exists.]
11-19 02:44:15.006 1499 1645 I am_wtf : [0,1499,system_server,-1,DisplayDeviceConfig,requesting nits when no mapping exists.]
11-19 02:44:15.021 1499 1645 I am_wtf : [0,1499,system_server,-1,DisplayDeviceConfig,requesting nits when no mapping exists.]
11-19 02:44:15.023 1499 1645 I am_wtf : [0,1499,system_server,-1,DisplayDeviceConfig,requesting nits when no mapping exists.]
11-19 02:44:15.038 1499 1645 I am_wtf : [0,1499,system_server,-1,DisplayDeviceConfig,requesting nits when no mapping exists.]
11-19 02:44:15.039 1499 1645 I am_wtf : [0,1499,system_server,-1,DisplayDeviceConfig,requesting nits when no mapping exists.]
11-19 02:44:15.055 1499 1645 I am_wtf : [0,1499,system_server,-1,DisplayDeviceConfig,requesting nits when no mapping exists.]
11-19 02:44:15.056 1499 1645 I am_wtf : [0,1499,system_server,-1,DisplayDeviceConfig,requesting nits when no mapping exists.]
11-19 02:44:15.071 1499 1645 I am_wtf : [0,1499,system_server,-1,DisplayDeviceConfig,requesting nits when no mapping exists.]
11-19 02:44:15.072 1499 1645 I am_wtf : [0,1499,system_server,-1,DisplayDeviceConfig,requesting nits when no mapping exists.]
11-19 02:44:15.089 1499 1645 I am_wtf : [0,1499,system_server,-1,DisplayDeviceConfig,requesting nits when no mapping exists.]
11-19 02:44:15.090 1499 1645 I am_wtf : [0,1499,system_server,-1,DisplayDeviceConfig,requesting nits when no mapping exists.]
11-19 02:44:15.105 1499 1645 I am_wtf : [0,1499,system_server,-1,DisplayDeviceConfig,requesting nits when no mapping exists.]
11-19 02:44:15.106 1499 1645 I am_wtf : [0,1499,system_server,-1,DisplayDeviceConfig,requesting nits when no mapping exists.]
11-19 02:44:15.122 1499 1645 I am_wtf : [0,1499,system_server,-1,DisplayDeviceConfig,requesting nits when no mapping exists.]
11-19 02:44:15.123 1499 1645 I am_wtf : [0,1499,system_server,-1,DisplayDeviceConfig,requesting nits when no mapping exists.]
11-19 02:44:15.131 0 0 I auditd : type=1400 audit(0.0:899): avc: denied { kill } for comm="swapper/1" capability=5 scontext=u:r:kernel:s0 tcontext=u:r:kernel:s0 tclass=capability permissive=0
11-19 02:44:15.139 1499 1645 I am_wtf : [0,1499,system_server,-1,DisplayDeviceConfig,requesting nits when no mapping exists.]
11-19 02:44:15.141 1499 1645 I am_wtf : [0,1499,system_server,-1,DisplayDeviceConfig,requesting nits when no mapping exists.]
11-19 02:44:15.155 1499 1645 I am_wtf : [0,1499,system_server,-1,DisplayDeviceConfig,requesting nits when no mapping exists.]
11-19 02:44:15.156 1499 1645 I am_wtf : [0,1499,system_server,-1,DisplayDeviceConfig,requesting nits when no mapping exists.]
11-19 02:44:15.173 1499 1645 I am_wtf : [0,1499,system_server,-1,DisplayDeviceConfig,requesting nits when no mapping exists.]
11-19 02:44:15.174 1499 1645 I am_wtf : [0,1499,system_server,-1,DisplayDeviceConfig,requesting nits when no mapping exists.]
11-19 02:44:16.131 0 0 I auditd : type=1400 audit(0.0:900): avc: denied { kill } for comm="swapper/1" capability=5 scontext=u:r:kernel:s0 tcontext=u:r:kernel:s0 tclass=capability permissive=0
11-19 02:44:17.131 0 0 I auditd : type=1400 audit(0.0:901): avc: denied { kill } for comm="swapper/1" capability=5 scontext=u:r:kernel:s0 tcontext=u:r:kernel:s0 tclass=capability permissive=0
11-19 02:44:18.131 0 0 I auditd : type=1400 audit(0.0:902): avc: denied { kill } for comm="swapper/1" capability=5 scontext=u:r:kernel:s0 tcontext=u:r:kernel:s0 tclass=capability permissive=0
11-19 02:44:19.131 0 0 I auditd : type=1400 audit(0.0:903): avc: denied { kill } for comm="swapper/1" capability=5 scontext=u:r:kernel:s0 tcontext=u:r:kernel:s0 tclass=capability permissive=0
11-19 02:44:19.801 1499 1645 I am_uid_idle: 10089
11-19 02:44:20.131 0 0 I auditd : type=1400 audit(0.0:904): avc: denied { kill } for comm="swapper/1" capability=5 scontext=u:r:kernel:s0 tcontext=u:r:kernel:s0 tclass=capability permissive=0
11-19 02:44:20.352 1499 1645 I am_uid_idle: 10064
11-19 02:44:21.131 0 0 I auditd : type=1400 audit(0.0:905): avc: denied { kill } for comm="swapper/1" capability=5 scontext=u:r:kernel:s0 tcontext=u:r:kernel:s0 tclass=capability permissive=0
11-19 02:44:21.232 1499 1634 I sysui_multi_action: [757,222,758,1]
11-19 02:44:21.236 1499 1634 I am_uid_active: 10050
11-19 02:44:21.252 1499 1644 I am_pss : [6725,1000,com.android.settings,79183872,67604480,0,217264128,0,2,12]
11-19 02:44:21.258 1499 2437 I wm_task_created: [30,-1]
11-19 02:44:21.263 1499 1644 I am_pss : [5303,10060,com.android.soundrecorder,21041152,15319040,0,139649024,0,18,9]
11-19 02:44:21.263 1499 2437 I wm_task_moved: [30,1,7]
11-19 02:44:21.263 1499 2437 I wm_task_to_front: [0,30]
11-19 02:44:21.264 1499 2437 I wm_create_task: [0,30]
11-19 02:44:21.264 1499 2437 I wm_create_activity: [0,8221716,30,com.thundercomm.screensaver/android.service.dreams.DreamActivity,NULL,NULL,NULL,276824064]
11-19 02:44:21.264 1499 2437 I wm_task_moved: [30,1,7]
11-19 02:44:21.265 6725 6725 I wm_on_top_resumed_lost_called: [121204407,com.android.settings.Settings,topStateChangedWhenResumed]
11-19 02:44:21.268 1499 2437 I wm_pause_activity: [0,121204407,com.android.settings/.Settings,userLeaving=true,pauseBackTasks]
11-19 02:44:21.270 1499 1644 I am_pss : [6936,10089,com.qualcomm.qti.qccauthmgr,6538240,4366336,0,95174656,0,19,5]
11-19 02:44:21.277 1499 1644 I am_pss : [6657,10064,com.thundercomm.gamemode.provider,8153088,6029312,0,95903744,0,19,5]
11-19 02:44:21.284 1499 1644 I am_pss : [6856,10070,com.android.webview:webview_service,27376640,10756096,0,92876800,0,19,6]
11-19 02:44:21.285 1499 1638 I input_focus: [Focus request 574f5d NotificationShade,reason=UpdateInputWindows]
11-19 02:44:21.288 6725 6725 I sysui_multi_action: [757,35,758,2,1089,67471]
11-19 02:44:21.292 1499 1831 I input_focus: [Focus entering 574f5d NotificationShade (server),reason=setFocusedWindow]
11-19 02:44:21.293 6725 6725 I sysui_multi_action: [757,746,758,2,1089,67311]
11-19 02:44:21.297 1499 1644 I am_pss : [2344,10094,com.android.permissioncontroller,23071744,18313216,0,131555328,0,19,6]
11-19 02:44:21.302 1499 1638 I input_focus: [Focus request 688adb5 com.android.settings/com.android.settings.Settings,reason=UpdateInputWindows]
11-19 02:44:21.303 6725 6725 I wm_on_paused_called: [121204407,com.android.settings.Settings,performPause]
11-19 02:44:21.305 1499 2762 I wm_add_to_stopping: [0,121204407,com.android.settings/.Settings,makeInvisible]
11-19 02:44:21.306 1499 2762 I wm_restart_activity: [0,8221716,30,com.thundercomm.screensaver/android.service.dreams.DreamActivity]
11-19 02:44:21.307 1499 2762 I wm_set_resumed_activity: [0,com.thundercomm.screensaver/android.service.dreams.DreamActivity,minimalResumeActivityLocked]
11-19 02:44:21.313 1499 1637 I sysui_multi_action: [757,803,799,window_time_0,802,67]
11-19 02:44:21.318 4805 4805 I wm_on_create_called: [8221716,android.service.dreams.DreamActivity,performCreate]
11-19 02:44:21.319 4805 4805 I wm_on_start_called: [8221716,android.service.dreams.DreamActivity,handleStartActivity]
11-19 02:44:21.320 4805 4805 I wm_on_resume_called: [8221716,android.service.dreams.DreamActivity,RESUME_ACTIVITY]
11-19 02:44:21.323 1499 1831 I input_focus: [Focus leaving 574f5d NotificationShade (server),reason=NOT_FOCUSABLE]
11-19 02:44:21.326 4805 4805 I wm_on_top_resumed_gained_called: [8221716,android.service.dreams.DreamActivity,topStateChangedWhenResumed]
11-19 02:44:21.339 1499 1499 I am_uid_active: 10064
11-19 02:44:21.352 1499 1638 I input_focus: [Focus request 1853462 com.thundercomm.screensaver/android.service.dreams.DreamActivity,reason=UpdateInputWindows]
11-19 02:44:21.362 2342 2342 I sysui_multi_action: [757,111,758,2]
11-19 02:44:21.362 2342 2342 I sysui_multi_action: [757,111,758,2]
11-19 02:44:21.363 1499 1499 I notification_enqueue: [10081,2342,com.android.systemui,2048,NULL,0,Notification(channel=updateNotification shortcut=null contentView=null vibrate=null sound=null defaults=0x0 flags=0x0 color=0x00000000 vis=PRIVATE),1]
11-19 02:44:21.372 2342 2342 I sysui_multi_action: [757,111,758,1]
11-19 02:44:21.372 2342 2342 I sysui_multi_action: [757,126,758,1,759,126,927,0,928,0,1593,0]
11-19 02:44:21.372 2342 2342 I sysui_multi_action: [757,113,758,1,759,113,927,1,928,1,1593,0]
11-19 02:44:21.372 2342 2342 I sysui_multi_action: [757,0,758,1,759,0,927,2,928,0,1593,0]
11-19 02:44:21.372 2342 2342 I sysui_multi_action: [757,0,758,1,759,0,927,3,928,0,1593,0]
11-19 02:44:21.372 2342 2342 I sysui_multi_action: [757,491,758,1,759,491,927,4,928,0,1311,-1,1593,0]
11-19 02:44:21.373 2342 2342 I sysui_multi_action: [757,0,758,1,759,0,927,5,928,0,1593,0]
11-19 02:44:21.373 2342 2342 I sysui_multi_action: [757,111,758,1]
11-19 02:44:21.373 2342 2342 I sysui_multi_action: [757,126,758,1,759,126,927,0,928,0,1593,0]
11-19 02:44:21.373 2342 2342 I sysui_multi_action: [757,113,758,1,759,113,927,1,928,1,1593,0]
11-19 02:44:21.373 2342 2342 I sysui_multi_action: [757,0,758,1,759,0,927,2,928,0,1593,0]
11-19 02:44:21.373 2342 2342 I sysui_multi_action: [757,0,758,1,759,0,927,3,928,0,1593,0]
11-19 02:44:21.374 1499 1663 I sysui_multi_action: [757,1696,758,6,759,3]
11-19 02:44:21.375 1499 1634 I sysui_multi_action: [319,116,322,107,325,5140,757,761,758,8,759,2,806,com.thundercomm.screensaver,871,android.service.dreams.DreamActivity,904,com.thundercomm.screensaver,905,0,1320,4,1321,2]
11-19 02:44:21.379 1499 1634 I wm_activity_launch_time: [0,8221716,com.thundercomm.screensaver/android.service.dreams.DreamActivity,107]
11-19 02:44:21.392 1499 1645 I am_wtf : [0,1499,system_server,-1,DisplayDeviceConfig,requesting nits when no mapping exists.]
11-19 02:44:21.393 1499 1645 I am_wtf : [0,1499,system_server,-1,DisplayDeviceConfig,requesting nits when no mapping exists.]
11-19 02:44:21.410 1499 1831 I input_focus: [Focus entering 1853462 com.thundercomm.screensaver/android.service.dreams.DreamActivity (server),reason=Window became focusable. Previous reason: NOT_VISIBLE]
11-19 02:44:21.419 1499 1645 I am_wtf : [0,1499,system_server,-1,DisplayDeviceConfig,requesting nits when no mapping exists.]
11-19 02:44:21.420 1499 1645 I am_wtf : [0,1499,system_server,-1,DisplayDeviceConfig,requesting nits when no mapping exists.]
11-19 02:44:21.426 1499 1645 I am_wtf : [0,1499,system_server,-1,DisplayDeviceConfig,requesting nits when no mapping exists.]
11-19 02:44:21.432 1499 1645 I am_wtf : [0,1499,system_server,-1,DisplayDeviceConfig,requesting nits when no mapping exists.]
11-19 02:44:21.441 1499 1645 I am_wtf : [0,1499,system_server,-1,DisplayDeviceConfig,requesting nits when no mapping exists.]
11-19 02:44:21.442 1499 1645 I am_wtf : [0,1499,system_server,-1,DisplayDeviceConfig,requesting nits when no mapping exists.]
11-19 02:44:21.456 1499 1645 I am_wtf : [0,1499,system_server,-1,DisplayDeviceConfig,requesting nits when no mapping exists.]
11-19 02:44:21.457 1499 1645 I am_wtf : [0,1499,system_server,-1,DisplayDeviceConfig,requesting nits when no mapping exists.]
11-19 02:44:21.474 1499 1645 I am_wtf : [0,1499,system_server,-1,DisplayDeviceConfig,requesting nits when no mapping exists.]
11-19 02:44:21.475 1499 1645 I am_wtf : [0,1499,system_server,-1,DisplayDeviceConfig,requesting nits when no mapping exists.]
11-19 02:44:21.490 1499 1645 I am_wtf : [0,1499,system_server,-1,DisplayDeviceConfig,requesting nits when no mapping exists.]
11-19 02:44:21.491 1499 1645 I am_wtf : [0,1499,system_server,-1,DisplayDeviceConfig,requesting nits when no mapping exists.]
11-19 02:44:21.507 1499 1645 I am_wtf : [0,1499,system_server,-1,DisplayDeviceConfig,requesting nits when no mapping exists.]
11-19 02:44:21.509 1499 1645 I am_wtf : [0,1499,system_server,-1,DisplayDeviceConfig,requesting nits when no mapping exists.]
11-19 02:44:21.524 1499 1645 I am_wtf : [0,1499,system_server,-1,DisplayDeviceConfig,requesting nits when no mapping exists.]
11-19 02:44:21.525 1499 1645 I am_wtf : [0,1499,system_server,-1,DisplayDeviceConfig,requesting nits when no mapping exists.]
11-19 02:44:21.526 1499 1499 I notification_enqueue: [10081,2342,com.android.systemui,2048,NULL,0,Notification(channel=updateNotification shortcut=null contentView=null vibrate=null sound=null defaults=0x0 flags=0x0 color=0x00000000 vis=PRIVATE),1]
11-19 02:44:21.526 2342 2342 I sysui_multi_action: [757,111,758,2]
11-19 02:44:21.527 2342 2342 I sysui_multi_action: [757,111,758,2]
11-19 02:44:21.533 2342 2342 I sysui_multi_action: [757,111,758,1]
11-19 02:44:21.533 2342 2342 I sysui_multi_action: [757,126,758,1,759,126,927,0,928,0,1593,1]
11-19 02:44:21.533 2342 2342 I sysui_multi_action: [757,113,758,1,759,113,927,1,928,1,1593,1]
11-19 02:44:21.533 2342 2342 I sysui_multi_action: [757,0,758,1,759,0,927,2,928,0,1593,1]
11-19 02:44:21.534 2342 2342 I sysui_multi_action: [757,0,758,1,759,0,927,3,928,0,1593,1]
11-19 02:44:21.534 2342 2342 I sysui_multi_action: [757,491,758,1,759,491,927,4,928,0,1311,-1,1593,0]
11-19 02:44:21.534 2342 2342 I sysui_multi_action: [757,0,758,1,759,0,927,5,928,0,1593,0]
11-19 02:44:21.534 2342 2342 I sysui_multi_action: [757,111,758,1]
11-19 02:44:21.534 2342 2342 I sysui_multi_action: [757,126,758,1,759,126,927,0,928,0,1593,1]
11-19 02:44:21.535 2342 2342 I sysui_multi_action: [757,113,758,1,759,113,927,1,928,1,1593,1]
11-19 02:44:21.535 2342 2342 I sysui_multi_action: [757,0,758,1,759,0,927,2,928,0,1593,1]
11-19 02:44:21.535 2342 2342 I sysui_multi_action: [757,0,758,1,759,0,927,3,928,0,1593,1]
11-19 02:44:21.543 1499 1645 I am_wtf : [0,1499,system_server,-1,DisplayDeviceConfig,requesting nits when no mapping exists.]
11-19 02:44:21.544 1499 1645 I am_wtf : [0,1499,system_server,-1,DisplayDeviceConfig,requesting nits when no mapping exists.]
11-19 02:44:21.550 2342 2342 I sysui_multi_action: [757,111,758,2]
11-19 02:44:21.550 1499 1499 I notification_enqueue: [10081,2342,com.android.systemui,2048,NULL,0,Notification(channel=updateNotification shortcut=null contentView=null vibrate=null sound=null defaults=0x0 flags=0x0 color=0x00000000 vis=PRIVATE),1]
11-19 02:44:21.550 2342 2342 I sysui_multi_action: [757,111,758,2]
11-19 02:44:21.555 2342 2342 I sysui_multi_action: [757,111,758,1]
11-19 02:44:21.555 2342 2342 I sysui_multi_action: [757,126,758,1,759,126,927,0,928,0,1593,0]
11-19 02:44:21.556 2342 2342 I sysui_multi_action: [757,113,758,1,759,113,927,1,928,1,1593,0]
11-19 02:44:21.556 2342 2342 I sysui_multi_action: [757,0,758,1,759,0,927,2,928,0,1593,0]
11-19 02:44:21.556 2342 2342 I sysui_multi_action: [757,0,758,1,759,0,927,3,928,0,1593,0]
11-19 02:44:21.556 2342 2342 I sysui_multi_action: [757,491,758,1,759,491,927,4,928,0,1311,-1,1593,0]
11-19 02:44:21.556 2342 2342 I sysui_multi_action: [757,0,758,1,759,0,927,5,928,0,1593,0]
11-19 02:44:21.556 2342 2342 I sysui_multi_action: [757,111,758,1]
11-19 02:44:21.557 2342 2342 I sysui_multi_action: [757,126,758,1,759,126,927,0,928,0,1593,0]
11-19 02:44:21.557 2342 2342 I sysui_multi_action: [757,113,758,1,759,113,927,1,928,1,1593,0]
11-19 02:44:21.557 2342 2342 I sysui_multi_action: [757,0,758,1,759,0,927,2,928,0,1593,0]
11-19 02:44:21.557 2342 2342 I sysui_multi_action: [757,0,758,1,759,0,927,3,928,0,1593,0]
11-19 02:44:21.557 1499 1645 I am_wtf : [0,1499,system_server,-1,DisplayDeviceConfig,requesting nits when no mapping exists.]
11-19 02:44:21.559 1499 1645 I am_wtf : [0,1499,system_server,-1,DisplayDeviceConfig,requesting nits when no mapping exists.]
11-19 02:44:21.568 2342 2342 I sysui_multi_action: [757,111,758,2]
11-19 02:44:21.568 2342 2342 I sysui_multi_action: [757,111,758,2]
11-19 02:44:21.568 1499 1499 I notification_enqueue: [10081,2342,com.android.systemui,2048,NULL,0,Notification(channel=updateNotification shortcut=null contentView=null vibrate=null sound=null defaults=0x0 flags=0x0 color=0x00000000 vis=PRIVATE),1]
11-19 02:44:21.572 2342 2342 I sysui_multi_action: [757,111,758,1]
11-19 02:44:21.573 2342 2342 I sysui_multi_action: [757,126,758,1,759,126,927,0,928,0,1593,0]
11-19 02:44:21.573 2342 2342 I sysui_multi_action: [757,113,758,1,759,113,927,1,928,1,1593,0]
11-19 02:44:21.573 2342 2342 I sysui_multi_action: [757,0,758,1,759,0,927,2,928,0,1593,0]
11-19 02:44:21.573 2342 2342 I sysui_multi_action: [757,0,758,1,759,0,927,3,928,0,1593,0]
11-19 02:44:21.573 2342 2342 I sysui_multi_action: [757,491,758,1,759,491,927,4,928,0,1311,-1,1593,0]
11-19 02:44:21.573 2342 2342 I sysui_multi_action: [757,0,758,1,759,0,927,5,928,0,1593,0]
11-19 02:44:21.573 2342 2342 I sysui_multi_action: [757,111,758,1]
11-19 02:44:21.573 2342 2342 I sysui_multi_action: [757,126,758,1,759,126,927,0,928,0,1593,0]
11-19 02:44:21.574 2342 2342 I sysui_multi_action: [757,113,758,1,759,113,927,1,928,1,1593,0]
11-19 02:44:21.574 2342 2342 I sysui_multi_action: [757,0,758,1,759,0,927,2,928,0,1593,0]
11-19 02:44:21.574 2342 2342 I sysui_multi_action: [757,0,758,1,759,0,927,3,928,0,1593,0]
11-19 02:44:21.574 1499 1645 I am_wtf : [0,1499,system_server,-1,DisplayDeviceConfig,requesting nits when no mapping exists.]
11-19 02:44:21.576 1499 1645 I am_wtf : [0,1499,system_server,-1,DisplayDeviceConfig,requesting nits when no mapping exists.]
11-19 02:44:21.586 2342 2342 I sysui_multi_action: [757,111,758,2]
11-19 02:44:21.586 1499 1499 I notification_enqueue: [10081,2342,com.android.systemui,2048,NULL,0,Notification(channel=updateNotification shortcut=null contentView=null vibrate=null sound=null defaults=0x0 flags=0x0 color=0x00000000 vis=PRIVATE),1]
11-19 02:44:21.587 2342 2342 I sysui_multi_action: [757,111,758,2]
11-19 02:44:21.590 2342 2342 I sysui_multi_action: [757,111,758,1]
11-19 02:44:21.590 2342 2342 I sysui_multi_action: [757,126,758,1,759,126,927,0,928,0,1593,1]
11-19 02:44:21.590 2342 2342 I sysui_multi_action: [757,113,758,1,759,113,927,1,928,1,1593,1]
11-19 02:44:21.591 2342 2342 I sysui_multi_action: [757,0,758,1,759,0,927,2,928,0,1593,1]
11-19 02:44:21.591 2342 2342 I sysui_multi_action: [757,0,758,1,759,0,927,3,928,0,1593,1]
11-19 02:44:21.591 2342 2342 I sysui_multi_action: [757,491,758,1,759,491,927,4,928,0,1311,-1,1593,0]
11-19 02:44:21.591 1499 1645 I am_wtf : [0,1499,system_server,-1,DisplayDeviceConfig,requesting nits when no mapping exists.]
11-19 02:44:21.591 2342 2342 I sysui_multi_action: [757,0,758,1,759,0,927,5,928,0,1593,0]
11-19 02:44:21.591 2342 2342 I sysui_multi_action: [757,111,758,1]
11-19 02:44:21.591 2342 2342 I sysui_multi_action: [757,126,758,1,759,126,927,0,928,0,1593,1]
11-19 02:44:21.591 2342 2342 I sysui_multi_action: [757,113,758,1,759,113,927,1,928,1,1593,1]
11-19 02:44:21.591 2342 2342 I sysui_multi_action: [757,0,758,1,759,0,927,2,928,0,1593,1]
11-19 02:44:21.591 2342 2342 I sysui_multi_action: [757,0,758,1,759,0,927,3,928,0,1593,1]
11-19 02:44:21.592 1499 1645 I am_wtf : [0,1499,system_server,-1,DisplayDeviceConfig,requesting nits when no mapping exists.]
11-19 02:44:21.603 2342 2342 I sysui_multi_action: [757,111,758,2]
11-19 02:44:21.603 1499 1499 I notification_enqueue: [10081,2342,com.android.systemui,2048,NULL,0,Notification(channel=updateNotification shortcut=null contentView=null vibrate=null sound=null defaults=0x0 flags=0x0 color=0x00000000 vis=PRIVATE),1]
11-19 02:44:21.603 2342 2342 I sysui_multi_action: [757,111,758,2]
11-19 02:44:21.606 2342 2342 I sysui_multi_action: [757,111,758,1]
11-19 02:44:21.606 2342 2342 I sysui_multi_action: [757,126,758,1,759,126,927,0,928,0,1593,1]
11-19 02:44:21.607 2342 2342 I sysui_multi_action: [757,113,758,1,759,113,927,1,928,1,1593,1]
11-19 02:44:21.607 2342 2342 I sysui_multi_action: [757,0,758,1,759,0,927,2,928,0,1593,1]
11-19 02:44:21.607 2342 2342 I sysui_multi_action: [757,0,758,1,759,0,927,3,928,0,1593,1]
11-19 02:44:21.607 2342 2342 I sysui_multi_action: [757,491,758,1,759,491,927,4,928,0,1311,-1,1593,0]
11-19 02:44:21.607 2342 2342 I sysui_multi_action: [757,0,758,1,759,0,927,5,928,0,1593,0]
11-19 02:44:21.607 2342 2342 I sysui_multi_action: [757,111,758,1]
11-19 02:44:21.607 2342 2342 I sysui_multi_action: [757,126,758,1,759,126,927,0,928,0,1593,1]
11-19 02:44:21.607 2342 2342 I sysui_multi_action: [757,113,758,1,759,113,927,1,928,1,1593,1]
11-19 02:44:21.607 2342 2342 I sysui_multi_action: [757,0,758,1,759,0,927,2,928,0,1593,1]
11-19 02:44:21.607 2342 2342 I sysui_multi_action: [757,0,758,1,759,0,927,3,928,0,1593,1]
11-19 02:44:21.614 1499 1645 I am_wtf : [0,1499,system_server,-1,DisplayDeviceConfig,requesting nits when no mapping exists.]
11-19 02:44:21.614 2342 2342 I sysui_multi_action: [757,111,758,2]
11-19 02:44:21.614 2342 2342 I sysui_multi_action: [757,111,758,2]
11-19 02:44:21.615 1499 1645 I am_wtf : [0,1499,system_server,-1,DisplayDeviceConfig,requesting nits when no mapping exists.]
11-19 02:44:21.615 1499 1499 I notification_enqueue: [10081,2342,com.android.systemui,2048,NULL,0,Notification(channel=updateNotification shortcut=null contentView=null vibrate=null sound=null defaults=0x0 flags=0x0 color=0x00000000 vis=PRIVATE),1]
11-19 02:44:21.617 2342 2342 I sysui_multi_action: [757,111,758,1]
11-19 02:44:21.618 2342 2342 I sysui_multi_action: [757,126,758,1,759,126,927,0,928,0,1593,1]
11-19 02:44:21.618 2342 2342 I sysui_multi_action: [757,113,758,1,759,113,927,1,928,1,1593,1]
11-19 02:44:21.618 2342 2342 I sysui_multi_action: [757,0,758,1,759,0,927,2,928,0,1593,1]
11-19 02:44:21.618 2342 2342 I sysui_multi_action: [757,0,758,1,759,0,927,3,928,0,1593,1]
11-19 02:44:21.618 2342 2342 I sysui_multi_action: [757,491,758,1,759,491,927,4,928,0,1311,-1,1593,0]
11-19 02:44:21.618 2342 2342 I sysui_multi_action: [757,0,758,1,759,0,927,5,928,0,1593,0]
11-19 02:44:21.618 2342 2342 I sysui_multi_action: [757,111,758,1]
11-19 02:44:21.618 2342 2342 I sysui_multi_action: [757,126,758,1,759,126,927,0,928,0,1593,1]
11-19 02:44:21.618 2342 2342 I sysui_multi_action: [757,113,758,1,759,113,927,1,928,1,1593,1]
11-19 02:44:21.618 2342 2342 I sysui_multi_action: [757,0,758,1,759,0,927,2,928,0,1593,1]
11-19 02:44:21.618 2342 2342 I sysui_multi_action: [757,0,758,1,759,0,927,3,928,0,1593,1]
11-19 02:44:21.624 1499 1645 I am_wtf : [0,1499,system_server,-1,DisplayDeviceConfig,requesting nits when no mapping exists.]
11-19 02:44:21.626 2342 2342 I sysui_multi_action: [757,111,758,2]
11-19 02:44:21.626 2342 2342 I sysui_multi_action: [757,111,758,2]
11-19 02:44:21.626 1499 1499 I notification_enqueue: [10081,2342,com.android.systemui,2048,NULL,0,Notification(channel=updateNotification shortcut=null contentView=null vibrate=null sound=null defaults=0x0 flags=0x0 color=0x00000000 vis=PRIVATE),1]
11-19 02:44:21.629 2342 2342 I sysui_multi_action: [757,111,758,1]
11-19 02:44:21.629 2342 2342 I sysui_multi_action: [757,126,758,1,759,126,927,0,928,0,1593,1]
11-19 02:44:21.629 2342 2342 I sysui_multi_action: [757,113,758,1,759,113,927,1,928,1,1593,1]
11-19 02:44:21.629 2342 2342 I sysui_multi_action: [757,0,758,1,759,0,927,2,928,0,1593,1]
11-19 02:44:21.629 2342 2342 I sysui_multi_action: [757,0,758,1,759,0,927,3,928,0,1593,1]
11-19 02:44:21.629 2342 2342 I sysui_multi_action: [757,491,758,1,759,491,927,4,928,0,1311,-1,1593,0]
11-19 02:44:21.629 2342 2342 I sysui_multi_action: [757,0,758,1,759,0,927,5,928,0,1593,0]
11-19 02:44:21.629 2342 2342 I sysui_multi_action: [757,111,758,1]
11-19 02:44:21.629 2342 2342 I sysui_multi_action: [757,126,758,1,759,126,927,0,928,0,1593,1]
11-19 02:44:21.629 2342 2342 I sysui_multi_action: [757,113,758,1,759,113,927,1,928,1,1593,1]
11-19 02:44:21.629 2342 2342 I sysui_multi_action: [757,0,758,1,759,0,927,2,928,0,1593,1]
11-19 02:44:21.629 2342 2342 I sysui_multi_action: [757,0,758,1,759,0,927,3,928,0,1593,1]
11-19 02:44:21.630 1499 1645 I am_wtf : [0,1499,system_server,-1,DisplayDeviceConfig,requesting nits when no mapping exists.]
11-19 02:44:21.640 1499 1645 I am_wtf : [0,1499,system_server,-1,DisplayDeviceConfig,requesting nits when no mapping exists.]
11-19 02:44:21.640 2342 2342 I sysui_multi_action: [757,111,758,2]
11-19 02:44:21.640 2342 2342 I sysui_multi_action: [757,111,758,2]
11-19 02:44:21.641 1499 1499 I notification_enqueue: [10081,2342,com.android.systemui,2048,NULL,0,Notification(channel=updateNotification shortcut=null contentView=null vibrate=null sound=null defaults=0x0 flags=0x0 color=0x00000000 vis=PRIVATE),1]
11-19 02:44:21.642 1499 1645 I am_wtf : [0,1499,system_server,-1,DisplayDeviceConfig,requesting nits when no mapping exists.]
11-19 02:44:21.643 2342 2342 I sysui_multi_action: [757,111,758,1]
11-19 02:44:21.643 2342 2342 I sysui_multi_action: [757,126,758,1,759,126,927,0,928,0,1593,1]
11-19 02:44:21.643 2342 2342 I sysui_multi_action: [757,113,758,1,759,113,927,1,928,1,1593,1]
11-19 02:44:21.643 2342 2342 I sysui_multi_action: [757,0,758,1,759,0,927,2,928,0,1593,1]
11-19 02:44:21.643 2342 2342 I sysui_multi_action: [757,0,758,1,759,0,927,3,928,0,1593,1]
11-19 02:44:21.644 2342 2342 I sysui_multi_action: [757,491,758,1,759,491,927,4,928,0,1311,-1,1593,0]
11-19 02:44:21.644 2342 2342 I sysui_multi_action: [757,0,758,1,759,0,927,5,928,0,1593,0]
11-19 02:44:21.644 2342 2342 I sysui_multi_action: [757,111,758,1]
11-19 02:44:21.644 2342 2342 I sysui_multi_action: [757,126,758,1,759,126,927,0,928,0,1593,1]
11-19 02:44:21.644 2342 2342 I sysui_multi_action: [757,113,758,1,759,113,927,1,928,1,1593,1]
11-19 02:44:21.644 2342 2342 I sysui_multi_action: [757,0,758,1,759,0,927,2,928,0,1593,1]
11-19 02:44:21.644 2342 2342 I sysui_multi_action: [757,0,758,1,759,0,927,3,928,0,1593,1]
11-19 02:44:21.657 2342 2342 I sysui_multi_action: [757,111,758,2]
11-19 02:44:21.657 2342 2342 I sysui_multi_action: [757,111,758,2]
11-19 02:44:21.657 1499 1645 I am_wtf : [0,1499,system_server,-1,DisplayDeviceConfig,requesting nits when no mapping exists.]
11-19 02:44:21.658 1499 1499 I notification_enqueue: [10081,2342,com.android.systemui,2048,NULL,0,Notification(channel=updateNotification shortcut=null contentView=null vibrate=null sound=null defaults=0x0 flags=0x0 color=0x00000000 vis=PRIVATE),1]
11-19 02:44:21.658 1499 1645 I am_wtf : [0,1499,system_server,-1,DisplayDeviceConfig,requesting nits when no mapping exists.]
11-19 02:44:21.660 2342 2342 I sysui_multi_action: [757,111,758,1]
11-19 02:44:21.660 2342 2342 I sysui_multi_action: [757,126,758,1,759,126,927,0,928,0,1593,1]
11-19 02:44:21.660 2342 2342 I sysui_multi_action: [757,113,758,1,759,113,927,1,928,1,1593,1]
11-19 02:44:21.660 2342 2342 I sysui_multi_action: [757,0,758,1,759,0,927,2,928,0,1593,1]
11-19 02:44:21.660 2342 2342 I sysui_multi_action: [757,0,758,1,759,0,927,3,928,0,1593,1]
11-19 02:44:21.660 2342 2342 I sysui_multi_action: [757,491,758,1,759,491,927,4,928,0,1311,-1,1593,0]
11-19 02:44:21.660 2342 2342 I sysui_multi_action: [757,0,758,1,759,0,927,5,928,0,1593,0]
11-19 02:44:21.660 2342 2342 I sysui_multi_action: [757,111,758,1]
11-19 02:44:21.660 2342 2342 I sysui_multi_action: [757,126,758,1,759,126,927,0,928,0,1593,1]
11-19 02:44:21.660 2342 2342 I sysui_multi_action: [757,113,758,1,759,113,927,1,928,1,1593,1]
11-19 02:44:21.660 2342 2342 I sysui_multi_action: [757,0,758,1,759,0,927,2,928,0,1593,1]
11-19 02:44:21.660 2342 2342 I sysui_multi_action: [757,0,758,1,759,0,927,3,928,0,1593,1]
11-19 02:44:21.674 1499 1645 I am_wtf : [0,1499,system_server,-1,DisplayDeviceConfig,requesting nits when no mapping exists.]
11-19 02:44:21.674 1499 1645 I am_wtf : [0,1499,system_server,-1,DisplayDeviceConfig,requesting nits when no mapping exists.]
11-19 02:44:21.675 2342 2342 I sysui_multi_action: [757,111,758,2]
11-19 02:44:21.675 1499 1499 I notification_enqueue: [10081,2342,com.android.systemui,2048,NULL,0,Notification(channel=updateNotification shortcut=null contentView=null vibrate=null sound=null defaults=0x0 flags=0x0 color=0x00000000 vis=PRIVATE),1]
11-19 02:44:21.675 2342 2342 I sysui_multi_action: [757,111,758,2]
11-19 02:44:21.678 2342 2342 I sysui_multi_action: [757,111,758,1]
11-19 02:44:21.678 2342 2342 I sysui_multi_action: [757,126,758,1,759,126,927,0,928,0,1593,1]
11-19 02:44:21.678 2342 2342 I sysui_multi_action: [757,113,758,1,759,113,927,1,928,1,1593,1]
11-19 02:44:21.678 2342 2342 I sysui_multi_action: [757,0,758,1,759,0,927,2,928,0,1593,1]
11-19 02:44:21.678 2342 2342 I sysui_multi_action: [757,0,758,1,759,0,927,3,928,0,1593,1]
11-19 02:44:21.678 2342 2342 I sysui_multi_action: [757,491,758,1,759,491,927,4,928,0,1311,-1,1593,0]
11-19 02:44:21.678 2342 2342 I sysui_multi_action: [757,0,758,1,759,0,927,5,928,0,1593,0]
11-19 02:44:21.678 2342 2342 I sysui_multi_action: [757,111,758,1]
11-19 02:44:21.678 2342 2342 I sysui_multi_action: [757,126,758,1,759,126,927,0,928,0,1593,1]
11-19 02:44:21.678 2342 2342 I sysui_multi_action: [757,113,758,1,759,113,927,1,928,1,1593,1]
11-19 02:44:21.678 2342 2342 I sysui_multi_action: [757,0,758,1,759,0,927,2,928,0,1593,1]
11-19 02:44:21.679 2342 2342 I sysui_multi_action: [757,0,758,1,759,0,927,3,928,0,1593,1]
11-19 02:44:21.690 1499 1645 I am_wtf : [0,1499,system_server,-1,DisplayDeviceConfig,requesting nits when no mapping exists.]
11-19 02:44:21.691 1499 1645 I am_wtf : [0,1499,system_server,-1,DisplayDeviceConfig,requesting nits when no mapping exists.]
11-19 02:44:21.691 1499 1645 I service_manager_stats: [100,56,6984]
11-19 02:44:21.692 2342 2342 I sysui_multi_action: [757,111,758,2]
11-19 02:44:21.692 1499 1499 I notification_enqueue: [10081,2342,com.android.systemui,2048,NULL,0,Notification(channel=updateNotification shortcut=null contentView=null vibrate=null sound=null defaults=0x0 flags=0x0 color=0x00000000 vis=PRIVATE),1]
11-19 02:44:21.692 2342 2342 I sysui_multi_action: [757,111,758,2]
11-19 02:44:21.695 2342 2342 I sysui_multi_action: [757,111,758,1]
11-19 02:44:21.695 2342 2342 I sysui_multi_action: [757,126,758,1,759,126,927,0,928,0,1593,1]
11-19 02:44:21.695 2342 2342 I sysui_multi_action: [757,113,758,1,759,113,927,1,928,1,1593,1]
11-19 02:44:21.695 2342 2342 I sysui_multi_action: [757,0,758,1,759,0,927,2,928,0,1593,1]
11-19 02:44:21.695 2342 2342 I sysui_multi_action: [757,0,758,1,759,0,927,3,928,0,1593,1]
11-19 02:44:21.695 2342 2342 I sysui_multi_action: [757,491,758,1,759,491,927,4,928,0,1311,-1,1593,0]
11-19 02:44:21.695 2342 2342 I sysui_multi_action: [757,0,758,1,759,0,927,5,928,0,1593,0]
11-19 02:44:21.695 2342 2342 I sysui_multi_action: [757,111,758,1]
11-19 02:44:21.696 2342 2342 I sysui_multi_action: [757,126,758,1,759,126,927,0,928,0,1593,1]
11-19 02:44:21.696 2342 2342 I sysui_multi_action: [757,113,758,1,759,113,927,1,928,1,1593,1]
11-19 02:44:21.696 2342 2342 I sysui_multi_action: [757,0,758,1,759,0,927,2,928,0,1593,1]
11-19 02:44:21.696 2342 2342 I sysui_multi_action: [757,0,758,1,759,0,927,3,928,0,1593,1]
11-19 02:44:21.707 2342 2342 I sysui_multi_action: [757,111,758,2]
11-19 02:44:21.707 1499 1499 I notification_enqueue: [10081,2342,com.android.systemui,2048,NULL,0,Notification(channel=updateNotification shortcut=null contentView=null vibrate=null sound=null defaults=0x0 flags=0x0 color=0x00000000 vis=PRIVATE),1]
11-19 02:44:21.707 2342 2342 I sysui_multi_action: [757,111,758,2]
11-19 02:44:21.708 1499 1645 I am_wtf : [0,1499,system_server,-1,DisplayDeviceConfig,requesting nits when no mapping exists.]
11-19 02:44:21.708 1499 1645 I am_wtf : [0,1499,system_server,-1,DisplayDeviceConfig,requesting nits when no mapping exists.]
11-19 02:44:21.710 2342 2342 I sysui_multi_action: [757,111,758,1]
11-19 02:44:21.710 2342 2342 I sysui_multi_action: [757,126,758,1,759,126,927,0,928,0,1593,1]
11-19 02:44:21.710 2342 2342 I sysui_multi_action: [757,113,758,1,759,113,927,1,928,1,1593,1]
11-19 02:44:21.710 2342 2342 I sysui_multi_action: [757,0,758,1,759,0,927,2,928,0,1593,1]
11-19 02:44:21.711 2342 2342 I sysui_multi_action: [757,0,758,1,759,0,927,3,928,0,1593,1]
11-19 02:44:21.711 2342 2342 I sysui_multi_action: [757,491,758,1,759,491,927,4,928,0,1311,-1,1593,0]
11-19 02:44:21.711 2342 2342 I sysui_multi_action: [757,0,758,1,759,0,927,5,928,0,1593,0]
11-19 02:44:21.711 2342 2342 I sysui_multi_action: [757,111,758,1]
11-19 02:44:21.711 2342 2342 I sysui_multi_action: [757,126,758,1,759,126,927,0,928,0,1593,1]
11-19 02:44:21.711 2342 2342 I sysui_multi_action: [757,113,758,1,759,113,927,1,928,1,1593,1]
11-19 02:44:21.711 2342 2342 I sysui_multi_action: [757,0,758,1,759,0,927,2,928,0,1593,1]
11-19 02:44:21.711 2342 2342 I sysui_multi_action: [757,0,758,1,759,0,927,3,928,0,1593,1]
11-19 02:44:21.725 1499 1499 I notification_enqueue: [10081,2342,com.android.systemui,2048,NULL,0,Notification(channel=updateNotification shortcut=null contentView=null vibrate=null sound=null defaults=0x0 flags=0x0 color=0x00000000 vis=PRIVATE),1]
11-19 02:44:21.726 2342 2342 I sysui_multi_action: [757,111,758,2]
11-19 02:44:21.726 2342 2342 I sysui_multi_action: [757,111,758,2]
11-19 02:44:21.729 2342 2342 I sysui_multi_action: [757,111,758,1]
11-19 02:44:21.729 2342 2342 I sysui_multi_action: [757,126,758,1,759,126,927,0,928,0,1593,1]
11-19 02:44:21.729 2342 2342 I sysui_multi_action: [757,113,758,1,759,113,927,1,928,1,1593,1]
11-19 02:44:21.729 2342 2342 I sysui_multi_action: [757,0,758,1,759,0,927,2,928,0,1593,1]
11-19 02:44:21.729 2342 2342 I sysui_multi_action: [757,0,758,1,759,0,927,3,928,0,1593,1]
11-19 02:44:21.729 2342 2342 I sysui_multi_action: [757,491,758,1,759,491,927,4,928,0,1311,-1,1593,0]
11-19 02:44:21.729 2342 2342 I sysui_multi_action: [757,0,758,1,759,0,927,5,928,0,1593,0]
11-19 02:44:21.729 2342 2342 I sysui_multi_action: [757,111,758,1]
11-19 02:44:21.729 2342 2342 I sysui_multi_action: [757,126,758,1,759,126,927,0,928,0,1593,1]
11-19 02:44:21.729 2342 2342 I sysui_multi_action: [757,113,758,1,759,113,927,1,928,1,1593,1]
11-19 02:44:21.729 2342 2342 I sysui_multi_action: [757,0,758,1,759,0,927,2,928,0,1593,1]
11-19 02:44:21.729 2342 2342 I sysui_multi_action: [757,0,758,1,759,0,927,3,928,0,1593,1]
11-19 02:44:21.729 1499 1645 I am_wtf : [0,1499,system_server,-1,DisplayDeviceConfig,requesting nits when no mapping exists.]
11-19 02:44:21.730 1499 1645 I am_wtf : [0,1499,system_server,-1,DisplayDeviceConfig,requesting nits when no mapping exists.]
11-19 02:44:21.741 1499 1645 I am_wtf : [0,1499,system_server,-1,DisplayDeviceConfig,requesting nits when no mapping exists.]
11-19 02:44:21.741 2342 2342 I sysui_multi_action: [757,111,758,2]
11-19 02:44:21.742 2342 2342 I sysui_multi_action: [757,111,758,2]
11-19 02:44:21.742 1499 1645 I am_wtf : [0,1499,system_server,-1,DisplayDeviceConfig,requesting nits when no mapping exists.]
11-19 02:44:21.742 1499 1499 I notification_enqueue: [10081,2342,com.android.systemui,2048,NULL,0,Notification(channel=updateNotification shortcut=null contentView=null vibrate=null sound=null defaults=0x0 flags=0x0 color=0x00000000 vis=PRIVATE),1]
11-19 02:44:21.745 2342 2342 I sysui_multi_action: [757,111,758,1]
11-19 02:44:21.745 2342 2342 I sysui_multi_action: [757,126,758,1,759,126,927,0,928,0,1593,1]
11-19 02:44:21.745 2342 2342 I sysui_multi_action: [757,113,758,1,759,113,927,1,928,1,1593,1]
11-19 02:44:21.745 2342 2342 I sysui_multi_action: [757,0,758,1,759,0,927,2,928,0,1593,1]
11-19 02:44:21.745 2342 2342 I sysui_multi_action: [757,0,758,1,759,0,927,3,928,0,1593,1]
11-19 02:44:21.745 2342 2342 I sysui_multi_action: [757,491,758,1,759,491,927,4,928,0,1311,-1,1593,0]
11-19 02:44:21.745 2342 2342 I sysui_multi_action: [757,0,758,1,759,0,927,5,928,0,1593,0]
11-19 02:44:21.745 2342 2342 I sysui_multi_action: [757,111,758,1]
11-19 02:44:21.745 2342 2342 I sysui_multi_action: [757,126,758,1,759,126,927,0,928,0,1593,1]
11-19 02:44:21.745 2342 2342 I sysui_multi_action: [757,113,758,1,759,113,927,1,928,1,1593,1]
11-19 02:44:21.745 2342 2342 I sysui_multi_action: [757,0,758,1,759,0,927,2,928,0,1593,1]
11-19 02:44:21.746 2342 2342 I sysui_multi_action: [757,0,758,1,759,0,927,3,928,0,1593,1]
11-19 02:44:21.757 1499 1645 I am_wtf : [0,1499,system_server,-1,DisplayDeviceConfig,requesting nits when no mapping exists.]
11-19 02:44:21.757 2342 2342 I sysui_multi_action: [757,111,758,2]
11-19 02:44:21.757 2342 2342 I sysui_multi_action: [757,111,758,2]
11-19 02:44:21.757 1499 1499 I notification_enqueue: [10081,2342,com.android.systemui,2048,NULL,0,Notification(channel=updateNotification shortcut=null contentView=null vibrate=null sound=null defaults=0x0 flags=0x0 color=0x00000000 vis=PRIVATE),1]
11-19 02:44:21.757 1499 1645 I am_wtf : [0,1499,system_server,-1,DisplayDeviceConfig,requesting nits when no mapping exists.]
11-19 02:44:21.760 2342 2342 I sysui_multi_action: [757,111,758,1]
11-19 02:44:21.760 2342 2342 I sysui_multi_action: [757,126,758,1,759,126,927,0,928,0,1593,1]
11-19 02:44:21.760 2342 2342 I sysui_multi_action: [757,113,758,1,759,113,927,1,928,1,1593,1]
11-19 02:44:21.760 2342 2342 I sysui_multi_action: [757,0,758,1,759,0,927,2,928,0,1593,1]
11-19 02:44:21.760 2342 2342 I sysui_multi_action: [757,0,758,1,759,0,927,3,928,0,1593,1]
11-19 02:44:21.760 2342 2342 I sysui_multi_action: [757,491,758,1,759,491,927,4,928,0,1311,-1,1593,0]
11-19 02:44:21.760 2342 2342 I sysui_multi_action: [757,0,758,1,759,0,927,5,928,0,1593,0]
11-19 02:44:21.760 2342 2342 I sysui_multi_action: [757,111,758,1]
11-19 02:44:21.760 2342 2342 I sysui_multi_action: [757,126,758,1,759,126,927,0,928,0,1593,1]
11-19 02:44:21.760 2342 2342 I sysui_multi_action: [757,113,758,1,759,113,927,1,928,1,1593,1]
11-19 02:44:21.760 2342 2342 I sysui_multi_action: [757,0,758,1,759,0,927,2,928,0,1593,1]
11-19 02:44:21.761 2342 2342 I sysui_multi_action: [757,0,758,1,759,0,927,3,928,0,1593,1]
11-19 02:44:21.774 2342 2342 I sysui_multi_action: [757,111,758,2]
11-19 02:44:21.774 1499 1499 I notification_enqueue: [10081,2342,com.android.systemui,2048,NULL,0,Notification(channel=updateNotification shortcut=null contentView=null vibrate=null sound=null defaults=0x0 flags=0x0 color=0x00000000 vis=PRIVATE),1]
11-19 02:44:21.774 2342 2342 I sysui_multi_action: [757,111,758,2]
11-19 02:44:21.775 1499 1645 I am_wtf : [0,1499,system_server,-1,DisplayDeviceConfig,requesting nits when no mapping exists.]
11-19 02:44:21.776 1499 1645 I am_wtf : [0,1499,system_server,-1,DisplayDeviceConfig,requesting nits when no mapping exists.]
11-19 02:44:21.777 2342 2342 I sysui_multi_action: [757,111,758,1]
11-19 02:44:21.777 2342 2342 I sysui_multi_action: [757,126,758,1,759,126,927,0,928,0,1593,0]
11-19 02:44:21.777 2342 2342 I sysui_multi_action: [757,113,758,1,759,113,927,1,928,1,1593,0]
11-19 02:44:21.777 2342 2342 I sysui_multi_action: [757,0,758,1,759,0,927,2,928,0,1593,1]
11-19 02:44:21.777 2342 2342 I sysui_multi_action: [757,0,758,1,759,0,927,3,928,0,1593,1]
11-19 02:44:21.777 2342 2342 I sysui_multi_action: [757,491,758,1,759,491,927,4,928,0,1311,-1,1593,0]
11-19 02:44:21.777 2342 2342 I sysui_multi_action: [757,0,758,1,759,0,927,5,928,0,1593,0]
11-19 02:44:21.777 2342 2342 I sysui_multi_action: [757,111,758,1]
11-19 02:44:21.777 2342 2342 I sysui_multi_action: [757,126,758,1,759,126,927,0,928,0,1593,1]
11-19 02:44:21.777 2342 2342 I sysui_multi_action: [757,113,758,1,759,113,927,1,928,1,1593,1]
11-19 02:44:21.777 2342 2342 I sysui_multi_action: [757,0,758,1,759,0,927,2,928,0,1593,1]
11-19 02:44:21.777 2342 2342 I sysui_multi_action: [757,0,758,1,759,0,927,3,928,0,1593,1]
11-19 02:44:21.792 2342 2342 I sysui_multi_action: [757,111,758,2]
11-19 02:44:21.792 2342 2342 I sysui_multi_action: [757,111,758,2]
11-19 02:44:21.793 1499 1499 I notification_enqueue: [10081,2342,com.android.systemui,2048,NULL,0,Notification(channel=updateNotification shortcut=null contentView=null vibrate=null sound=null defaults=0x0 flags=0x0 color=0x00000000 vis=PRIVATE),1]
11-19 02:44:21.795 1499 1645 I am_wtf : [0,1499,system_server,-1,DisplayDeviceConfig,requesting nits when no mapping exists.]
11-19 02:44:21.796 1499 1645 I am_wtf : [0,1499,system_server,-1,DisplayDeviceConfig,requesting nits when no mapping exists.]
11-19 02:44:21.805 2342 2342 I sysui_multi_action: [757,111,758,1]
11-19 02:44:21.805 2342 2342 I sysui_multi_action: [757,126,758,1,759,126,927,0,928,0,1593,1]
11-19 02:44:21.805 2342 2342 I sysui_multi_action: [757,113,758,1,759,113,927,1,928,1,1593,1]
11-19 02:44:21.805 2342 2342 I sysui_multi_action: [757,0,758,1,759,0,927,2,928,0,1593,1]
11-19 02:44:21.805 2342 2342 I sysui_multi_action: [757,0,758,1,759,0,927,3,928,0,1593,1]
11-19 02:44:21.806 2342 2342 I sysui_multi_action: [757,491,758,1,759,491,927,4,928,0,1311,-1,1593,0]
11-19 02:44:21.806 2342 2342 I sysui_multi_action: [757,0,758,1,759,0,927,5,928,0,1593,0]
11-19 02:44:21.806 2342 2342 I sysui_multi_action: [757,111,758,1]
11-19 02:44:21.806 2342 2342 I sysui_multi_action: [757,126,758,1,759,126,927,0,928,0,1593,1]
11-19 02:44:21.806 2342 2342 I sysui_multi_action: [757,113,758,1,759,113,927,1,928,1,1593,1]
11-19 02:44:21.806 2342 2342 I sysui_multi_action: [757,0,758,1,759,0,927,2,928,0,1593,1]
11-19 02:44:21.806 2342 2342 I sysui_multi_action: [757,0,758,1,759,0,927,3,928,0,1593,1]
11-19 02:44:21.809 1499 1645 I am_wtf : [0,1499,system_server,-1,DisplayDeviceConfig,requesting nits when no mapping exists.]
11-19 02:44:21.810 1499 1645 I am_wtf : [0,1499,system_server,-1,DisplayDeviceConfig,requesting nits when no mapping exists.]
11-19 02:44:21.816 2342 2342 I sysui_multi_action: [757,111,758,2]
11-19 02:44:21.816 2342 2342 I sysui_multi_action: [757,111,758,2]
11-19 02:44:21.818 1499 1499 I notification_enqueue: [10081,2342,com.android.systemui,2048,NULL,0,Notification(channel=updateNotification shortcut=null contentView=null vibrate=null sound=null defaults=0x0 flags=0x0 color=0x00000000 vis=PRIVATE),1]
11-19 02:44:21.819 1499 3537 I sysui_multi_action: [757,128,758,2,793,5063009,794,65835,795,5063009,796,26,798,0,806,android,857,DEVELOPER_IMPORTANT,858,4,947,0,1395,2,1500,5062805,1688,1]
11-19 02:44:21.820 1499 3537 I notification_visibility: [-1|android|26|null|1000,0,5063009,5063009,0,0]
11-19 02:44:21.820 1499 3537 I sysui_multi_action: [757,128,758,2,793,5117583,794,65835,795,5117583,796,32,798,1,806,android,857,USB,858,1,947,0,1395,2,1500,5116906,1688,1]
11-19 02:44:21.820 1499 3537 I notification_visibility: [-1|android|32|null|1000,0,5117583,5117583,0,1]
11-19 02:44:21.820 1499 2438 I sysui_multi_action: [757,127,758,2]
11-19 02:44:21.820 1499 2438 I notification_panel_hidden:
11-19 02:44:21.826 1499 1645 I am_wtf : [0,1499,system_server,-1,DisplayDeviceConfig,requesting nits when no mapping exists.]
11-19 02:44:21.827 2342 2342 I sysui_multi_action: [757,111,758,1]
11-19 02:44:21.827 2342 2342 I sysui_multi_action: [757,126,758,1,759,126,927,0,928,0,1593,1]
11-19 02:44:21.827 2342 2342 I sysui_multi_action: [757,113,758,1,759,113,927,1,928,1,1593,1]
11-19 02:44:21.827 2342 2342 I sysui_multi_action: [757,0,758,1,759,0,927,2,928,0,1593,1]
11-19 02:44:21.827 2342 2342 I sysui_multi_action: [757,0,758,1,759,0,927,3,928,0,1593,1]
11-19 02:44:21.828 2342 2342 I sysui_multi_action: [757,491,758,1,759,491,927,4,928,0,1311,-1,1593,0]
11-19 02:44:21.828 2342 2342 I sysui_multi_action: [757,0,758,1,759,0,927,5,928,0,1593,0]
11-19 02:44:21.828 2342 2342 I sysui_multi_action: [757,111,758,1]
11-19 02:44:21.828 2342 2342 I sysui_multi_action: [757,126,758,1,759,126,927,0,928,0,1593,1]
11-19 02:44:21.828 2342 2342 I sysui_multi_action: [757,113,758,1,759,113,927,1,928,1,1593,1]
11-19 02:44:21.828 2342 2342 I sysui_multi_action: [757,0,758,1,759,0,927,2,928,0,1593,1]
11-19 02:44:21.828 2342 2342 I sysui_multi_action: [757,0,758,1,759,0,927,3,928,0,1593,1]
11-19 02:44:21.828 1499 1645 I am_wtf : [0,1499,system_server,-1,DisplayDeviceConfig,requesting nits when no mapping exists.]
11-19 02:44:21.842 1499 1645 I am_wtf : [0,1499,system_server,-1,DisplayDeviceConfig,requesting nits when no mapping exists.]
11-19 02:44:21.842 1499 1645 I am_wtf : [0,1499,system_server,-1,DisplayDeviceConfig,requesting nits when no mapping exists.]
11-19 02:44:21.857 1499 1645 I am_wtf : [0,1499,system_server,-1,DisplayDeviceConfig,requesting nits when no mapping exists.]
11-19 02:44:21.858 1499 1645 I am_wtf : [0,1499,system_server,-1,DisplayDeviceConfig,requesting nits when no mapping exists.]
11-19 02:44:21.874 1499 1645 I am_wtf : [0,1499,system_server,-1,DisplayDeviceConfig,requesting nits when no mapping exists.]
11-19 02:44:21.875 1499 1645 I am_wtf : [0,1499,system_server,-1,DisplayDeviceConfig,requesting nits when no mapping exists.]
11-19 02:44:21.876 1499 1637 I wm_stop_activity: [0,121204407,com.android.settings/.Settings]
11-19 02:44:21.894 1499 1645 I am_wtf : [0,1499,system_server,-1,DisplayDeviceConfig,requesting nits when no mapping exists.]
11-19 02:44:21.895 1499 1645 I am_wtf : [0,1499,system_server,-1,DisplayDeviceConfig,requesting nits when no mapping exists.]
11-19 02:44:21.908 1499 1645 I am_wtf : [0,1499,system_server,-1,DisplayDeviceConfig,requesting nits when no mapping exists.]
11-19 02:44:21.909 1499 1645 I am_wtf : [0,1499,system_server,-1,DisplayDeviceConfig,requesting nits when no mapping exists.]
11-19 02:44:21.911 6725 6725 I wm_on_stop_called: [121204407,com.android.settings.Settings,STOP_ACTIVITY_ITEM]
11-19 02:44:21.923 1499 1645 I am_wtf : [0,1499,system_server,-1,DisplayDeviceConfig,requesting nits when no mapping exists.]
11-19 02:44:21.924 1499 1645 I am_wtf : [0,1499,system_server,-1,DisplayDeviceConfig,requesting nits when no mapping exists.]
11-19 02:44:21.940 1499 1645 I am_wtf : [0,1499,system_server,-1,DisplayDeviceConfig,requesting nits when no mapping exists.]
11-19 02:44:21.941 1499 1645 I am_wtf : [0,1499,system_server,-1,DisplayDeviceConfig,requesting nits when no mapping exists.]
11-19 02:44:21.955 1499 1645 I am_wtf : [0,1499,system_server,-1,DisplayDeviceConfig,requesting nits when no mapping exists.]
11-19 02:44:21.956 1499 1645 I am_wtf : [0,1499,system_server,-1,DisplayDeviceConfig,requesting nits when no mapping exists.]
11-19 02:44:21.972 1499 1645 I am_wtf : [0,1499,system_server,-1,DisplayDeviceConfig,requesting nits when no mapping exists.]
11-19 02:44:21.973 1499 1645 I am_wtf : [0,1499,system_server,-1,DisplayDeviceConfig,requesting nits when no mapping exists.]
11-19 02:44:21.988 1499 1645 I am_wtf : [0,1499,system_server,-1,DisplayDeviceConfig,requesting nits when no mapping exists.]
11-19 02:44:21.989 1499 1645 I am_wtf : [0,1499,system_server,-1,DisplayDeviceConfig,requesting nits when no mapping exists.]
11-19 02:44:22.005 1499 1645 I am_wtf : [0,1499,system_server,-1,DisplayDeviceConfig,requesting nits when no mapping exists.]
11-19 02:44:22.006 1499 1645 I am_wtf : [0,1499,system_server,-1,DisplayDeviceConfig,requesting nits when no mapping exists.]
11-19 02:44:22.023 1499 1645 I am_wtf : [0,1499,system_server,-1,DisplayDeviceConfig,requesting nits when no mapping exists.]
11-19 02:44:22.024 1499 1645 I am_wtf : [0,1499,system_server,-1,DisplayDeviceConfig,requesting nits when no mapping exists.]
11-19 02:44:22.038 1499 1645 I am_wtf : [0,1499,system_server,-1,DisplayDeviceConfig,requesting nits when no mapping exists.]
11-19 02:44:22.039 1499 1645 I am_wtf : [0,1499,system_server,-1,DisplayDeviceConfig,requesting nits when no mapping exists.]
11-19 02:44:22.055 1499 1645 I am_wtf : [0,1499,system_server,-1,DisplayDeviceConfig,requesting nits when no mapping exists.]
11-19 02:44:22.056 1499 1645 I am_wtf : [0,1499,system_server,-1,DisplayDeviceConfig,requesting nits when no mapping exists.]
11-19 02:44:22.073 1499 1645 I am_wtf : [0,1499,system_server,-1,DisplayDeviceConfig,requesting nits when no mapping exists.]
11-19 02:44:22.073 1499 1645 I am_wtf : [0,1499,system_server,-1,DisplayDeviceConfig,requesting nits when no mapping exists.]
11-19 02:44:22.089 1499 1645 I am_wtf : [0,1499,system_server,-1,DisplayDeviceConfig,requesting nits when no mapping exists.]
11-19 02:44:22.090 1499 1645 I am_wtf : [0,1499,system_server,-1,DisplayDeviceConfig,requesting nits when no mapping exists.]
11-19 02:44:22.106 1499 1645 I am_wtf : [0,1499,system_server,-1,DisplayDeviceConfig,requesting nits when no mapping exists.]
11-19 02:44:22.107 1499 1645 I am_wtf : [0,1499,system_server,-1,DisplayDeviceConfig,requesting nits when no mapping exists.]
11-19 02:44:22.122 1499 1645 I am_wtf : [0,1499,system_server,-1,DisplayDeviceConfig,requesting nits when no mapping exists.]
11-19 02:44:22.124 1499 1645 I am_wtf : [0,1499,system_server,-1,DisplayDeviceConfig,requesting nits when no mapping exists.]
11-19 02:44:22.139 1499 1645 I am_wtf : [0,1499,system_server,-1,DisplayDeviceConfig,requesting nits when no mapping exists.]
11-19 02:44:22.140 1499 1645 I am_wtf : [0,1499,system_server,-1,DisplayDeviceConfig,requesting nits when no mapping exists.]
11-19 02:44:22.156 1499 1645 I am_wtf : [0,1499,system_server,-1,DisplayDeviceConfig,requesting nits when no mapping exists.]
11-19 02:44:22.158 1499 1645 I am_wtf : [0,1499,system_server,-1,DisplayDeviceConfig,requesting nits when no mapping exists.]
11-19 02:44:22.172 1499 1645 I am_wtf : [0,1499,system_server,-1,DisplayDeviceConfig,requesting nits when no mapping exists.]
11-19 02:44:22.174 1499 1645 I am_wtf : [0,1499,system_server,-1,DisplayDeviceConfig,requesting nits when no mapping exists.]
11-19 02:44:22.191 1499 1645 I am_wtf : [0,1499,system_server,-1,DisplayDeviceConfig,requesting nits when no mapping exists.]
11-19 02:44:22.192 1499 1645 I am_wtf : [0,1499,system_server,-1,DisplayDeviceConfig,requesting nits when no mapping exists.]
11-19 02:44:22.206 1499 1645 I am_wtf : [0,1499,system_server,-1,DisplayDeviceConfig,requesting nits when no mapping exists.]
