11-19 04:10:25.293 1499 1637 I am_uid_running: 10063
11-19 04:10:25.318 1499 1646 I am_proc_start: [0,9544,10063,com.android.deskclock,top-activity,{com.android.deskclock/com.android.deskclock.DeskClock}]
11-19 04:10:25.345 1499 5046 I am_proc_bound: [0,9544,com.android.deskclock]
11-19 04:10:25.347 1499 5046 I wm_restart_activity: [0,248777146,45,com.android.deskclock/.DeskClock]
11-19 04:10:25.348 1499 5046 I wm_set_resumed_activity: [0,com.android.deskclock/.DeskClock,minimalResumeActivityLocked]
11-19 04:10:25.348 1499 5046 I am_uid_active: 10063
11-19 04:10:25.414 1499 5046 I wm_task_moved: [45,1,8]
11-19 04:10:25.414 1499 5046 I wm_set_resumed_activity: [0,com.android.deskclock/.DeskClock,positionChildAt]
11-19 04:10:25.414 1499 5046 I wm_create_activity: [0,233665149,45,com.android.permissioncontroller/.permission.ui.GrantPermissionsActivity,android.content.pm.action.REQUEST_PERMISSIONS,NULL,NULL,8388608]
11-19 04:10:25.415 1499 5046 I wm_pause_activity: [0,248777146,com.android.deskclock/.DeskClock,userLeaving=true,resumeTopActivityInnerLocked]
11-19 04:10:25.438 9544 9544 I wm_on_create_called: [248777146,com.android.deskclock.DeskClock,performCreate]
11-19 04:10:25.440 9544 9544 I wm_on_start_called: [248777146,com.android.deskclock.DeskClock,handleStartActivity]
11-19 04:10:25.442 9544 9544 I wm_on_resume_called: [248777146,com.android.deskclock.DeskClock,RESUME_ACTIVITY]
11-19 04:10:25.447 9544 9544 I wm_on_top_resumed_gained_called: [248777146,com.android.deskclock.DeskClock,topStateChangedWhenResumed]
11-19 04:10:25.448 9544 9544 I wm_on_top_resumed_lost_called: [248777146,com.android.deskclock.DeskClock,topStateChangedWhenResumed]
11-19 04:10:25.448 9544 9544 I wm_on_paused_called: [248777146,com.android.deskclock.DeskClock,performPause]
11-19 04:10:25.451 1499 5046 I wm_restart_activity: [0,233665149,45,com.android.permissioncontroller/.permission.ui.GrantPermissionsActivity]
11-19 04:10:25.452 1499 5046 I wm_set_resumed_activity: [0,com.android.permissioncontroller/.permission.ui.GrantPermissionsActivity,minimalResumeActivityLocked]
11-19 04:10:25.465 1499 1637 I sysui_multi_action: [757,803,799,window_time_0,802,4]
11-19 04:10:25.476 8560 8560 I wm_on_create_called: [233665149,com.android.permissioncontroller.permission.ui.GrantPermissionsActivity,performCreate]
11-19 04:10:25.477 8560 8560 I wm_on_start_called: [233665149,com.android.permissioncontroller.permission.ui.GrantPermissionsActivity,handleStartActivity]
11-19 04:10:25.477 8560 8560 I wm_on_resume_called: [233665149,com.android.permissioncontroller.permission.ui.GrantPermissionsActivity,RESUME_ACTIVITY]
11-19 04:10:25.480 8560 8560 I wm_on_top_resumed_gained_called: [233665149,com.android.permissioncontroller.permission.ui.GrantPermissionsActivity,topStateChangedWhenResumed]
11-19 04:10:25.485 1499 5520 I wm_finish_activity: [0,233665149,45,com.android.permissioncontroller/.permission.ui.GrantPermissionsActivity,app-request]
11-19 04:10:25.485 1499 5520 I wm_pause_activity: [0,233665149,com.android.permissioncontroller/.permission.ui.GrantPermissionsActivity,userLeaving=false,finish]
11-19 04:10:25.498 8560 8560 I wm_on_top_resumed_lost_called: [233665149,com.android.permissioncontroller.permission.ui.GrantPermissionsActivity,topStateChangedWhenResumed]
11-19 04:10:25.498 8560 8560 I wm_on_paused_called: [233665149,com.android.permissioncontroller.permission.ui.GrantPermissionsActivity,performPause]
11-19 04:10:25.499 1499 5520 I wm_add_to_stopping: [0,233665149,com.android.permissioncontroller/.permission.ui.GrantPermissionsActivity,completeFinishing]
11-19 04:10:25.500 1499 5520 I wm_set_resumed_activity: [0,com.android.deskclock/.DeskClock,resumeTopActivityInnerLocked]
11-19 04:10:25.501 1499 5520 I wm_resume_activity: [0,248777146,45,com.android.deskclock/.DeskClock]
11-19 04:10:25.505 1499 1637 I sysui_multi_action: [757,803,799,window_time_2,802,0]
11-19 04:10:25.521 1499 1638 I input_focus: [Focus request a67f31f com.android.deskclock/com.android.deskclock.DeskClock,reason=UpdateInputWindows]
11-19 04:10:25.531 1499 1831 I input_focus: [Focus leaving recents_animation_input_consumer (server),reason=Waiting for window because NOT_VISIBLE]
11-19 04:10:25.600 9544 9544 I wm_on_activity_result_called: [248777146,com.android.deskclock.DeskClock,ACTIVITY_RESULT]
11-19 04:10:25.601 9544 9544 I wm_on_resume_called: [248777146,com.android.deskclock.DeskClock,RESUME_ACTIVITY]
11-19 04:10:25.602 9544 9544 I wm_on_top_resumed_gained_called: [248777146,com.android.deskclock.DeskClock,topWhenResuming]
11-19 04:10:25.611 1499 1831 I input_focus: [Focus entering a67f31f com.android.deskclock/com.android.deskclock.DeskClock (server),reason=Window became focusable. Previous reason: NOT_VISIBLE]
11-19 04:10:25.661 1499 2759 I wm_destroy_activity: [0,233665149,45,com.android.permissioncontroller/.permission.ui.GrantPermissionsActivity,finish-imm:idle]
11-19 04:10:25.662 8560 8560 I wm_on_stop_called: [233665149,com.android.permissioncontroller.permission.ui.GrantPermissionsActivity,LIFECYCLER_STOP_ACTIVITY]
11-19 04:10:25.663 8560 8560 I wm_on_destroy_called: [233665149,com.android.permissioncontroller.permission.ui.GrantPermissionsActivity,performDestroy]
11-19 04:10:25.696 1499 5046 I wm_task_moved: [1,1,8]
11-19 04:10:25.697 1499 5046 I wm_task_moved: [10,1,2147483647]
11-19 04:10:25.697 1499 5046 I wm_task_to_front: [0,10]
11-19 04:10:25.697 9544 9544 I wm_on_top_resumed_lost_called: [248777146,com.android.deskclock.DeskClock,topStateChangedWhenResumed]
11-19 04:10:25.697 1499 5046 I wm_focused_root_task: [0,0,1,45,RecentsAnimation.onAnimationFinished()]
11-19 04:10:25.697 1499 5046 I wm_set_resumed_activity: [0,com.android.launcher3/.uioverrides.QuickstepLauncher,RecentsAnimation.onAnimationFinished()]
11-19 04:10:25.698 1499 5046 I wm_pause_activity: [0,201777351,com.android.gallery3d/.app.GalleryActivity,userLeaving=true,pauseBackTasks]
11-19 04:10:25.699 1499 5046 I wm_add_to_stopping: [0,201777351,com.android.gallery3d/.app.GalleryActivity,makeInvisible]
11-19 04:10:25.700 1499 5046 I wm_set_resumed_activity: [0,com.android.launcher3/.uioverrides.QuickstepLauncher,resumeTopActivityInnerLocked]
11-19 04:10:25.705 1499 5046 I wm_resume_activity: [0,19758722,10,com.android.launcher3/.uioverrides.QuickstepLauncher]
11-19 04:10:25.708 8832 8832 I wm_on_paused_called: [201777351,com.android.gallery3d.app.GalleryActivity,performPause]
11-19 04:10:25.710 2802 2802 I wm_on_resume_called: [19758722,com.android.launcher3.uioverrides.QuickstepLauncher,RESUME_ACTIVITY]
11-19 04:10:25.730 1499 1638 I input_focus: [Focus request 632f7bf com.android.launcher3/com.android.launcher3.uioverrides.QuickstepLauncher,reason=UpdateInputWindows]
11-19 04:10:25.737 1499 5046 I wm_stop_activity: [0,201777351,com.android.gallery3d/.app.GalleryActivity]
11-19 04:10:25.746 1499 1831 I input_focus: [Focus leaving a67f31f com.android.deskclock/com.android.deskclock.DeskClock (server),reason=setFocusedWindow]
11-19 04:10:25.746 1499 1831 I input_focus: [Focus entering 632f7bf com.android.launcher3/com.android.launcher3.uioverrides.QuickstepLauncher (server),reason=setFocusedWindow]
11-19 04:10:25.750 8832 8832 I wm_on_stop_called: [201777351,com.android.gallery3d.app.GalleryActivity,STOP_ACTIVITY_ITEM]
11-19 04:10:25.753 1499 1637 I sysui_multi_action: [757,803,799,window_time_2,802,1]
11-19 04:10:25.755 1499 1637 I sysui_multi_action: [757,803,799,window_time_0,802,0]
11-19 04:10:25.764 2802 2802 I wm_on_top_resumed_gained_called: [19758722,com.android.launcher3.uioverrides.QuickstepLauncher,topStateChangedWhenResumed]
11-19 04:10:26.131 0 0 I auditd : type=1400 audit(0.0:6077): avc: denied { kill } for comm="swapper/3" capability=5 scontext=u:r:kernel:s0 tcontext=u:r:kernel:s0 tclass=capability permissive=0
11-19 04:10:26.632 1499 1831 I input_interaction: Interaction with: a67f31f com.android.deskclock/com.android.deskclock.DeskClock (server), edge-swipe (server), swipe-up (server), PointerEventDispatcher0 (server),
11-19 04:10:26.636 1499 1637 I wm_task_moved: [45,1,8]
11-19 04:10:26.636 1499 1637 I wm_task_to_front: [0,45]
11-19 04:10:26.645 1499 1637 I wm_set_resumed_activity: [0,com.android.deskclock/.DeskClock,positionChildAt]
11-19 04:10:26.645 1499 1637 I wm_focused_root_task: [0,0,45,1,setFocusedTask]
11-19 04:10:26.645 2802 2802 I wm_on_top_resumed_lost_called: [19758722,com.android.launcher3.uioverrides.QuickstepLauncher,topStateChangedWhenResumed]
11-19 04:10:26.645 1499 1637 I wm_set_resumed_activity: [0,com.android.deskclock/.DeskClock,setFocusedTask]
11-19 04:10:26.647 1499 1638 I input_focus: [Focus request a67f31f com.android.deskclock/com.android.deskclock.DeskClock,reason=UpdateInputWindows]
11-19 04:10:26.648 9544 9544 I wm_on_top_resumed_gained_called: [248777146,com.android.deskclock.DeskClock,topStateChangedWhenResumed]
11-19 04:10:26.664 1499 1831 I input_focus: [Focus leaving 632f7bf com.android.launcher3/com.android.launcher3.uioverrides.QuickstepLauncher (server),reason=setFocusedWindow]
11-19 04:10:26.664 1499 1831 I input_focus: [Focus entering a67f31f com.android.deskclock/com.android.deskclock.DeskClock (server),reason=setFocusedWindow]
11-19 04:10:26.800 1499 5520 I wm_relaunch_resume_activity: [0,248777146,45,com.android.deskclock/.DeskClock]
11-19 04:10:26.800 1499 5520 I wm_add_to_stopping: [0,19758722,com.android.launcher3/.uioverrides.QuickstepLauncher,makeInvisible]
11-19 04:10:26.822 9544 9544 I wm_on_top_resumed_lost_called: [248777146,com.android.deskclock.DeskClock,pausing]
11-19 04:10:26.824 9544 9544 I wm_on_paused_called: [248777146,com.android.deskclock.DeskClock,performPause]
11-19 04:10:26.827 9544 9544 I wm_on_stop_called: [248777146,com.android.deskclock.DeskClock,handleRelaunchActivity]
11-19 04:10:26.835 9544 9544 I wm_on_destroy_called: [248777146,com.android.deskclock.DeskClock,performDestroy]
11-19 04:10:26.851 1499 5046 I sysui_multi_action: [757,1513,758,4,805,1668802226851,1514,10063,1515,com.android.deskclock,1516,1002,1517,1,1518,10063,1519,1002,1520,1,1526,com.android.permissioncontroller/.permission.ui.GrantPermissionsActivity,1527,0,1528,android.content.pm.action.REQUEST_PERMISSIONS,1529,com.android.deskclock,1530,1002,1531,0,1532,0,1533,1,1534,0,1535,0,1536,1,1537,1502]
11-19 04:10:26.852 1499 5046 I wm_create_activity: [0,84840391,45,com.android.permissioncontroller/.permission.ui.GrantPermissionsActivity,android.content.pm.action.REQUEST_PERMISSIONS,NULL,NULL,8388608]
11-19 04:10:26.872 9544 9544 I wm_on_create_called: [248777146,com.android.deskclock.DeskClock,performCreate]
11-19 04:10:26.901 9544 9544 I wm_on_start_called: [248777146,com.android.deskclock.DeskClock,handleStartActivity]
11-19 04:10:26.902 9544 9544 I wm_on_resume_called: [248777146,com.android.deskclock.DeskClock,RESUME_ACTIVITY]
11-19 04:10:26.904 9544 9544 I wm_on_top_resumed_gained_called: [248777146,com.android.deskclock.DeskClock,topWhenResuming]
11-19 04:10:26.953 1499 5046 I wm_restart_activity: [0,84840391,45,com.android.permissioncontroller/.permission.ui.GrantPermissionsActivity]
11-19 04:10:26.954 9544 9544 I wm_on_top_resumed_lost_called: [248777146,com.android.deskclock.DeskClock,topStateChangedWhenResumed]
11-19 04:10:26.954 1499 5046 I wm_set_resumed_activity: [0,com.android.permissioncontroller/.permission.ui.GrantPermissionsActivity,minimalResumeActivityLocked]
11-19 04:10:26.967 8560 8560 I wm_on_create_called: [84840391,com.android.permissioncontroller.permission.ui.GrantPermissionsActivity,performCreate]
11-19 04:10:26.968 8560 8560 I wm_on_start_called: [84840391,com.android.permissioncontroller.permission.ui.GrantPermissionsActivity,handleStartActivity]
11-19 04:10:26.968 8560 8560 I wm_on_resume_called: [84840391,com.android.permissioncontroller.permission.ui.GrantPermissionsActivity,RESUME_ACTIVITY]
11-19 04:10:26.970 8560 8560 I wm_on_top_resumed_gained_called: [84840391,com.android.permissioncontroller.permission.ui.GrantPermissionsActivity,topStateChangedWhenResumed]
11-19 04:10:26.973 1499 5046 I wm_finish_activity: [0,84840391,45,com.android.permissioncontroller/.permission.ui.GrantPermissionsActivity,app-request]
11-19 04:10:26.979 1499 5046 I wm_pause_activity: [0,84840391,com.android.permissioncontroller/.permission.ui.GrantPermissionsActivity,userLeaving=false,finish]
11-19 04:10:26.983 1499 1637 I sysui_multi_action: [757,1144,758,8,806,com.android.permissioncontroller,871,com.android.permissioncontroller.permission.ui.GrantPermissionsActivity]
11-19 04:10:26.987 8560 8560 I wm_on_top_resumed_lost_called: [84840391,com.android.permissioncontroller.permission.ui.GrantPermissionsActivity,topStateChangedWhenResumed]
11-19 04:10:26.988 8560 8560 I wm_on_paused_called: [84840391,com.android.permissioncontroller.permission.ui.GrantPermissionsActivity,performPause]
11-19 04:10:26.989 1499 2389 I wm_pause_activity: [0,19758722,com.android.launcher3/.uioverrides.QuickstepLauncher,userLeaving=false,pauseBackTasks]
11-19 04:10:26.991 2802 2802 I wm_on_paused_called: [19758722,com.android.launcher3.uioverrides.QuickstepLauncher,performPause]
11-19 04:10:26.991 1499 1637 I sysui_multi_action: [757,803,799,window_time_0,802,1]
11-19 04:10:26.995 1499 2759 I wm_resume_activity: [0,248777146,45,com.android.deskclock/.DeskClock]
11-19 04:10:26.999 9544 9544 I wm_on_paused_called: [248777146,com.android.deskclock.DeskClock,performPause]
11-19 04:10:26.999 9544 9544 I wm_on_activity_result_called: [248777146,com.android.deskclock.DeskClock,ACTIVITY_RESULT]
11-19 04:10:26.999 9544 9544 I wm_on_resume_called: [248777146,com.android.deskclock.DeskClock,ACTIVITY_RESULT]
11-19 04:10:27.003 1499 1637 I wm_destroy_activity: [0,84840391,45,com.android.permissioncontroller/.permission.ui.GrantPermissionsActivity,finish-idle]
11-19 04:10:27.003 8560 8560 I wm_on_stop_called: [84840391,com.android.permissioncontroller.permission.ui.GrantPermissionsActivity,LIFECYCLER_STOP_ACTIVITY]
11-19 04:10:27.004 8560 8560 I wm_on_destroy_called: [84840391,com.android.permissioncontroller.permission.ui.GrantPermissionsActivity,performDestroy]
11-19 04:10:27.004 1499 1637 I sysui_multi_action: [757,803,799,window_time_0,802,0]
11-19 04:10:27.010 1499 5520 I wm_resume_activity: [0,248777146,45,com.android.deskclock/.DeskClock]
11-19 04:10:27.011 1499 1638 I input_focus: [Focus request a67f31f com.android.deskclock/com.android.deskclock.DeskClock,reason=UpdateInputWindows]
11-19 04:10:28.131 0 0 I auditd : type=1400 audit(0.0:6078): avc: denied { kill } for comm="swapper/3" capability=5 scontext=u:r:kernel:s0 tcontext=u:r:kernel:s0 tclass=capability permissive=0
11-19 04:10:28.404 1499 2759 I wm_task_moved: [1,0,0]
11-19 04:10:28.405 1499 2759 I wm_task_moved: [1,0,7]
11-19 04:10:28.453 1499 1634 I sysui_multi_action: [319,14,322,40,325,10307,757,761,758,9,759,5,806,com.android.launcher3,871,com.android.launcher3.uioverrides.QuickstepLauncher,905,0,1320,8,1321,5]
11-19 04:10:28.513 9544 9544 I view_enqueue_input_event: [Motion - Cancel,com.android.deskclock/com.android.deskclock.DeskClock]
11-19 04:10:28.520 1499 1831 I input_interaction: Interaction with: edge-swipe (server), swipe-up (server), PointerEventDispatcher0 (server),
11-19 04:10:28.547 2802 2802 I sysui_latency: [1,13]
11-19 04:10:28.552 1499 1638 I input_focus: [Focus request recents_animation_input_consumer,reason=UpdateInputWindows]
11-19 04:10:28.568 1499 1831 I input_focus: [Focus leaving a67f31f com.android.deskclock/com.android.deskclock.DeskClock (server),reason=NOT_FOCUSABLE]
11-19 04:10:28.568 1499 1831 I input_focus: [Focus entering recents_animation_input_consumer (server),reason=setFocusedWindow]
11-19 04:10:28.745 1499 1644 I sysui_latency: [8,54]
11-19 04:10:28.748 1499 1759 I commit_sys_config_file: [settings-1-0,4]
11-19 04:10:29.369 1499 1759 I commit_sys_config_file: [settings-1-0,6]
11-19 04:10:30.131 0 0 I auditd : type=1400 audit(0.0:6079): avc: denied { kill } for comm="swapper/3" capability=5 scontext=u:r:kernel:s0 tcontext=u:r:kernel:s0 tclass=capability permissive=0
11-19 04:10:30.199 1499 1831 I input_interaction: Interaction with: 632f7bf com.android.launcher3/com.android.launcher3.uioverrides.QuickstepLauncher (server), edge-swipe (server), swipe-up (server), PointerEventDispatcher0 (server),
11-19 04:10:30.360 1499 2389 I wm_relaunch_resume_activity: [0,248777146,45,com.android.deskclock/.DeskClock]
11-19 04:10:30.363 1499 2389 I wm_resume_activity: [0,248777146,45,com.android.deskclock/.DeskClock]
11-19 04:10:30.364 9544 9544 I wm_on_paused_called: [248777146,com.android.deskclock.DeskClock,performPause]
11-19 04:10:30.364 1499 2389 I wm_finish_activity: [0,248777146,45,com.android.deskclock/.DeskClock,clear-task-all]
11-19 04:10:30.367 1499 1645 I am_wtf : [0,1499,system_server,-1,ActivityTaskManager,Trying to pause when nothing is resumed]
11-19 04:10:30.370 9544 9544 I wm_on_stop_called: [248777146,com.android.deskclock.DeskClock,handleRelaunchActivity]
11-19 04:10:30.370 1499 2389 I wm_task_moved: [45,1,8]
11-19 04:10:30.371 1499 2389 I wm_create_activity: [0,32474073,45,com.android.deskclock/.DeskClock,NULL,NULL,NULL,268468224]
11-19 04:10:30.375 1499 2389 I wm_restart_activity: [0,32474073,45,com.android.deskclock/.DeskClock]
11-19 04:10:30.378 1499 2389 I wm_set_resumed_activity: [0,com.android.deskclock/.DeskClock,minimalResumeActivityLocked]
11-19 04:10:30.380 9544 9544 I wm_on_destroy_called: [248777146,com.android.deskclock.DeskClock,performDestroy]
11-19 04:10:30.438 1499 2759 I wm_task_created: [46,-1]
11-19 04:10:30.439 1499 2759 I wm_finish_activity: [0,32474073,45,com.android.deskclock/.DeskClock,app-request]
11-19 04:10:30.439 1499 2759 I wm_task_moved: [1,1,9]
11-19 04:10:30.441 1499 2759 I wm_task_moved: [10,1,2147483647]
11-19 04:10:30.441 1499 2759 I wm_task_to_front: [0,10]
11-19 04:10:30.441 1499 2759 I wm_focused_root_task: [0,0,1,-1,finish-top adjustFocusToNextFocusableTask]
11-19 04:10:30.442 1499 2759 I wm_pause_activity: [0,32474073,com.android.deskclock/.DeskClock,userLeaving=false,finish]
11-19 04:10:30.444 1499 2759 I wm_task_moved: [46,1,9]
11-19 04:10:30.444 1499 2759 I wm_task_to_front: [0,46]
11-19 04:10:30.444 1499 2759 I wm_focused_root_task: [0,0,46,1,reuseOrNewTask]
11-19 04:10:30.444 1499 2759 I wm_create_task: [0,46]
11-19 04:10:30.444 1499 2759 I wm_create_activity: [0,170710289,46,com.android.permissioncontroller/.permission.ui.GrantPermissionsActivity,android.content.pm.action.REQUEST_PERMISSIONS,NULL,NULL,276824064]
11-19 04:10:30.444 1499 2759 I wm_task_moved: [46,1,9]
11-19 04:10:30.448 1499 1638 I input_focus: [Focus request 632f7bf com.android.launcher3/com.android.launcher3.uioverrides.QuickstepLauncher,reason=UpdateInputWindows]
11-19 04:10:30.461 9544 9544 I wm_on_create_called: [248777146,com.android.deskclock.DeskClock,performCreate]
11-19 04:10:30.471 1499 1831 I input_focus: [Focus leaving recents_animation_input_consumer (server),reason=setFocusedWindow]
11-19 04:10:30.472 1499 1831 I input_focus: [Focus entering 632f7bf com.android.launcher3/com.android.launcher3.uioverrides.QuickstepLauncher (server),reason=setFocusedWindow]
11-19 04:10:30.484 9544 9544 I wm_on_start_called: [248777146,com.android.deskclock.DeskClock,handleStartActivity]
11-19 04:10:30.485 9544 9544 I wm_on_resume_called: [248777146,com.android.deskclock.DeskClock,RESUME_ACTIVITY]
11-19 04:10:30.533 1499 8917 I wm_task_created: [47,-1]
11-19 04:10:30.534 1499 8917 I wm_finish_activity: [0,170710289,46,com.android.permissioncontroller/.permission.ui.GrantPermissionsActivity,app-request]
11-19 04:10:30.534 1499 8917 I wm_task_moved: [1,1,10]
11-19 04:10:30.534 1499 8917 I wm_task_moved: [10,1,2147483647]
11-19 04:10:30.534 1499 8917 I wm_task_to_front: [0,10]
11-19 04:10:30.534 1499 8917 I wm_focused_root_task: [0,0,1,-1,finish-top adjustFocusToNextFocusableTask]
11-19 04:10:30.534 1499 8917 I wm_destroy_activity: [0,170710289,46,com.android.permissioncontroller/.permission.ui.GrantPermissionsActivity,finish-imm:finishIfPossible]
11-19 04:10:30.535 1499 8917 I wm_task_removed: [46,removeChild:removeChild last r=ActivityRecord{a2cd511 u0 com.android.permissioncontroller/.permission.ui.GrantPermissionsActivity t-1 f}} in t=Task{f075138 #46 type=standard A=10063:com.android.deskclock U=0 visible=false mode=freeform translucent=true sz=0}]
11-19 04:10:30.535 1499 8917 I wm_task_removed: [46,removeChild]
11-19 04:10:30.539 1499 8917 I wm_task_moved: [47,1,9]
11-19 04:10:30.539 1499 8917 I wm_task_to_front: [0,47]
11-19 04:10:30.539 1499 8917 I wm_focused_root_task: [0,0,47,1,reuseOrNewTask]
11-19 04:10:30.539 1499 8917 I wm_create_task: [0,47]
11-19 04:10:30.539 1499 8917 I wm_create_activity: [0,117763200,47,com.android.permissioncontroller/.permission.ui.GrantPermissionsActivity,android.content.pm.action.REQUEST_PERMISSIONS,NULL,NULL,276824064]
11-19 04:10:30.539 1499 8917 I wm_task_moved: [47,1,9]
11-19 04:10:30.549 9544 9544 I wm_on_create_called: [32474073,com.android.deskclock.DeskClock,performCreate]
11-19 04:10:30.550 9544 9544 I wm_on_start_called: [32474073,com.android.deskclock.DeskClock,handleStartActivity]
11-19 04:10:30.551 9544 9544 I wm_on_resume_called: [32474073,com.android.deskclock.DeskClock,RESUME_ACTIVITY]
11-19 04:10:30.553 9544 9544 I wm_on_top_resumed_gained_called: [32474073,com.android.deskclock.DeskClock,topStateChangedWhenResumed]
11-19 04:10:30.553 9544 9544 I wm_on_top_resumed_lost_called: [32474073,com.android.deskclock.DeskClock,topStateChangedWhenResumed]
11-19 04:10:30.553 9544 9544 I wm_on_paused_called: [32474073,com.android.deskclock.DeskClock,performPause]
11-19 04:10:30.553 1499 2759 I wm_add_to_stopping: [0,32474073,com.android.deskclock/.DeskClock,completeFinishing]
11-19 04:10:30.557 1499 2759 I wm_restart_activity: [0,117763200,47,com.android.permissioncontroller/.permission.ui.GrantPermissionsActivity]
11-19 04:10:30.559 1499 2759 I wm_set_resumed_activity: [0,com.android.permissioncontroller/.permission.ui.GrantPermissionsActivity,minimalResumeActivityLocked]
11-19 04:10:30.563 1499 1637 I sysui_multi_action: [757,803,799,window_time_0,802,3]
11-19 04:10:30.567 1499 5520 I wm_finish_activity: [0,117763200,47,com.android.permissioncontroller/.permission.ui.GrantPermissionsActivity,app-request]
11-19 04:10:30.568 1499 5520 I wm_task_moved: [1,1,9]
11-19 04:10:30.568 1499 5520 I wm_task_moved: [10,1,2147483647]
11-19 04:10:30.568 1499 5520 I wm_task_to_front: [0,10]
11-19 04:10:30.569 1499 5520 I wm_focused_root_task: [0,0,1,-1,finish-top adjustFocusToNextFocusableTask]
11-19 04:10:30.570 1499 5520 I wm_pause_activity: [0,117763200,com.android.permissioncontroller/.permission.ui.GrantPermissionsActivity,userLeaving=false,finish]
11-19 04:10:30.573 8560 8560 I wm_on_create_called: [117763200,com.android.permissioncontroller.permission.ui.GrantPermissionsActivity,performCreate]
11-19 04:10:30.573 1499 1638 I input_focus: [Focus request 632f7bf com.android.launcher3/com.android.launcher3.uioverrides.QuickstepLauncher,reason=UpdateInputWindows]
11-19 04:10:30.574 1499 1637 I sysui_multi_action: [757,1144,758,8,806,com.android.permissioncontroller,871,com.android.permissioncontroller.permission.ui.GrantPermissionsActivity]
11-19 04:10:30.577 1499 2759 I wm_add_to_stopping: [0,117763200,com.android.permissioncontroller/.permission.ui.GrantPermissionsActivity,completeFinishing]
11-19 04:10:30.581 1499 2759 I wm_set_resumed_activity: [0,com.android.launcher3/.uioverrides.QuickstepLauncher,resumeTopActivityInnerLocked]
11-19 04:10:30.583 1499 2759 I wm_resume_activity: [0,19758722,10,com.android.launcher3/.uioverrides.QuickstepLauncher]
11-19 04:10:30.592 1499 1637 I wm_destroy_activity: [0,117763200,47,com.android.permissioncontroller/.permission.ui.GrantPermissionsActivity,finish-imm:idle]
11-19 04:10:30.593 8560 8560 I wm_on_destroy_called: [117763200,com.android.permissioncontroller.permission.ui.GrantPermissionsActivity,performDestroy]
11-19 04:10:30.595 1499 8917 I wm_task_removed: [47,removeChild:removeChild last r=ActivityRecord{704ec80 u0 com.android.permissioncontroller/.permission.ui.GrantPermissionsActivity t-1 f}} in t=Task{f027503 #47 type=standard A=10063:com.android.deskclock U=0 visible=false mode=freeform translucent=true sz=0}]
11-19 04:10:30.595 1499 8917 I wm_task_removed: [47,removeChild]
11-19 04:10:30.598 1499 1637 I sysui_multi_action: [757,803,799,window_time_2,802,0]
11-19 04:10:30.603 2802 2802 I wm_on_resume_called: [19758722,com.android.launcher3.uioverrides.QuickstepLauncher,RESUME_ACTIVITY]
11-19 04:10:30.603 2802 2802 I wm_on_top_resumed_gained_called: [19758722,com.android.launcher3.uioverrides.QuickstepLauncher,topWhenResuming]
11-19 04:10:30.800 1499 1637 I wm_destroy_activity: [0,32474073,45,com.android.deskclock/.DeskClock,finish-imm:idle]
11-19 04:10:30.803 1499 1637 I sysui_multi_action: [757,803,799,window_time_0,802,1]
11-19 04:10:30.822 9544 9544 I wm_on_stop_called: [32474073,com.android.deskclock.DeskClock,LIFECYCLER_STOP_ACTIVITY]
11-19 04:10:30.831 9544 9544 I wm_on_destroy_called: [32474073,com.android.deskclock.DeskClock,performDestroy]
11-19 04:10:31.131 0 0 I auditd : type=1400 audit(0.0:6080): avc: denied { kill } for comm="swapper/3" capability=5 scontext=u:r:kernel:s0 tcontext=u:r:kernel:s0 tclass=capability permissive=0
11-19 04:10:34.131 0 0 I auditd : type=1400 audit(0.0:6081): avc: denied { kill } for comm="swapper/1" capability=5 scontext=u:r:kernel:s0 tcontext=u:r:kernel:s0 tclass=capability permissive=0
11-19 04:10:35.131 0 0 I auditd : type=1400 audit(0.0:6082): avc: denied { kill } for comm="swapper/1" capability=5 scontext=u:r:kernel:s0 tcontext=u:r:kernel:s0 tclass=capability permissive=0
11-19 04:10:36.131 0 0 I auditd : type=1400 audit(0.0:6083): avc: denied { kill } for comm="swapper/1" capability=5 scontext=u:r:kernel:s0 tcontext=u:r:kernel:s0 tclass=capability permissive=0
11-19 04:10:37.131 0 0 I auditd : type=1400 audit(0.0:6084): avc: denied { kill } for comm="swapper/1" capability=5 scontext=u:r:kernel:s0 tcontext=u:r:kernel:s0 tclass=capability permissive=0
11-19 04:10:38.131 0 0 I auditd : type=1400 audit(0.0:6085): avc: denied { kill } for comm="swapper/1" capability=5 scontext=u:r:kernel:s0 tcontext=u:r:kernel:s0 tclass=capability permissive=0
11-19 04:10:39.131 0 0 I auditd : type=1400 audit(0.0:6086): avc: denied { kill } for comm="swapper/1" capability=5 scontext=u:r:kernel:s0 tcontext=u:r:kernel:s0 tclass=capability permissive=0
11-19 04:10:40.131 0 0 I auditd : type=1400 audit(0.0:6087): avc: denied { kill } for comm="swapper/1" capability=5 scontext=u:r:kernel:s0 tcontext=u:r:kernel:s0 tclass=capability permissive=0
11-19 04:10:41.131 0 0 I auditd : type=1400 audit(0.0:6088): avc: denied { kill } for comm="swapper/1" capability=5 scontext=u:r:kernel:s0 tcontext=u:r:kernel:s0 tclass=capability permissive=0
11-19 04:10:42.131 0 0 I auditd : type=1400 audit(0.0:6089): avc: denied { kill } for comm="swapper/1" capability=5 scontext=u:r:kernel:s0 tcontext=u:r:kernel:s0 tclass=capability permissive=0
11-19 04:10:43.131 0 0 I auditd : type=1400 audit(0.0:6090): avc: denied { kill } for comm="swapper/1" capability=5 scontext=u:r:kernel:s0 tcontext=u:r:kernel:s0 tclass=capability permissive=0
11-19 04:10:44.131 0 0 I auditd : type=1400 audit(0.0:6091): avc: denied { kill } for comm="swapper/1" capability=5 scontext=u:r:kernel:s0 tcontext=u:r:kernel:s0 tclass=capability permissive=0
11-19 04:10:44.812 1499 1831 I input_interaction: Interaction with: 632f7bf com.android.launcher3/com.android.launcher3.uioverrides.QuickstepLauncher (server), a1d9774 com.android.systemui.ImageWallpaper (server), edge-swipe (server), swipe-up (server), PointerEventDispatcher0 (server),
11-19 04:10:45.131 0 0 I auditd : type=1400 audit(0.0:6092): avc: denied { kill } for comm="swapper/1" capability=5 scontext=u:r:kernel:s0 tcontext=u:r:kernel:s0 tclass=capability permissive=0
11-19 04:10:46.131 0 0 I auditd : type=1400 audit(0.0:6093): avc: denied { kill } for comm="swapper/1" capability=5 scontext=u:r:kernel:s0 tcontext=u:r:kernel:s0 tclass=capability permissive=0
11-19 04:10:46.569 1499 1759 I commit_sys_config_file: [settings-1-0,9]
11-19 04:10:47.131 0 0 I auditd : type=1400 audit(0.0:6094): avc: denied { kill } for comm="swapper/1" capability=5 scontext=u:r:kernel:s0 tcontext=u:r:kernel:s0 tclass=capability permissive=0
11-19 04:10:48.131 0 0 I auditd : type=1400 audit(0.0:6095): avc: denied { kill } for comm="swapper/1" capability=5 scontext=u:r:kernel:s0 tcontext=u:r:kernel:s0 tclass=capability permissive=0
11-19 04:10:48.436 1499 5520 I wm_task_created: [48,-1]
11-19 04:10:48.440 1499 5520 I wm_task_moved: [48,1,9]
11-19 04:10:48.441 1499 5520 I wm_task_to_front: [0,48]
11-19 04:10:48.441 1499 5520 I wm_create_task: [0,48]
11-19 04:10:48.441 1499 5520 I wm_create_activity: [0,10783760,48,com.android.deskclock/.DeskClock,NULL,NULL,NULL,268468224]
11-19 04:10:48.441 1499 5520 I wm_task_moved: [48,1,9]
11-19 04:10:48.444 1499 5520 I wm_restart_activity: [0,10783760,48,com.android.deskclock/.DeskClock]
11-19 04:10:48.446 1499 5520 I wm_set_resumed_activity: [0,com.android.deskclock/.DeskClock,minimalResumeActivityLocked]
11-19 04:10:48.467 2802 2802 I wm_on_top_resumed_lost_called: [19758722,com.android.launcher3.uioverrides.QuickstepLauncher,topStateChangedWhenResumed]
11-19 04:10:48.478 1499 5520 I wm_task_moved: [48,1,9]
11-19 04:10:48.478 1499 5520 I wm_set_resumed_activity: [0,com.android.deskclock/.DeskClock,positionChildAt]
11-19 04:10:48.478 1499 5520 I wm_create_activity: [0,101117743,48,com.android.permissioncontroller/.permission.ui.GrantPermissionsActivity,android.content.pm.action.REQUEST_PERMISSIONS,NULL,NULL,8388608]
11-19 04:10:48.479 1499 5520 I wm_pause_activity: [0,10783760,com.android.deskclock/.DeskClock,userLeaving=true,resumeTopActivityInnerLocked]
11-19 04:10:48.489 9544 9544 I wm_on_create_called: [10783760,com.android.deskclock.DeskClock,performCreate]
11-19 04:10:48.491 9544 9544 I wm_on_start_called: [10783760,com.android.deskclock.DeskClock,handleStartActivity]
11-19 04:10:48.492 9544 9544 I wm_on_resume_called: [10783760,com.android.deskclock.DeskClock,RESUME_ACTIVITY]
11-19 04:10:48.494 9544 9544 I wm_on_top_resumed_gained_called: [10783760,com.android.deskclock.DeskClock,topStateChangedWhenResumed]
11-19 04:10:48.494 9544 9544 I wm_on_top_resumed_lost_called: [10783760,com.android.deskclock.DeskClock,topStateChangedWhenResumed]
11-19 04:10:48.495 9544 9544 I wm_on_paused_called: [10783760,com.android.deskclock.DeskClock,performPause]
11-19 04:10:48.496 1499 8917 I wm_restart_activity: [0,101117743,48,com.android.permissioncontroller/.permission.ui.GrantPermissionsActivity]
11-19 04:10:48.497 1499 8917 I wm_set_resumed_activity: [0,com.android.permissioncontroller/.permission.ui.GrantPermissionsActivity,minimalResumeActivityLocked]
11-19 04:10:48.500 1499 1637 I sysui_multi_action: [757,803,799,window_time_0,802,17]
11-19 04:10:48.516 8560 8560 I wm_on_create_called: [101117743,com.android.permissioncontroller.permission.ui.GrantPermissionsActivity,performCreate]
11-19 04:10:48.516 8560 8560 I wm_on_start_called: [101117743,com.android.permissioncontroller.permission.ui.GrantPermissionsActivity,handleStartActivity]
11-19 04:10:48.516 8560 8560 I wm_on_resume_called: [101117743,com.android.permissioncontroller.permission.ui.GrantPermissionsActivity,RESUME_ACTIVITY]
11-19 04:10:48.518 8560 8560 I wm_on_top_resumed_gained_called: [101117743,com.android.permissioncontroller.permission.ui.GrantPermissionsActivity,topStateChangedWhenResumed]
11-19 04:10:48.528 1499 8917 I wm_finish_activity: [0,101117743,48,com.android.permissioncontroller/.permission.ui.GrantPermissionsActivity,app-request]
11-19 04:10:48.529 1499 8917 I wm_pause_activity: [0,101117743,com.android.permissioncontroller/.permission.ui.GrantPermissionsActivity,userLeaving=false,finish]
11-19 04:10:48.542 8560 8560 I wm_on_top_resumed_lost_called: [101117743,com.android.permissioncontroller.permission.ui.GrantPermissionsActivity,topStateChangedWhenResumed]
11-19 04:10:48.543 8560 8560 I wm_on_paused_called: [101117743,com.android.permissioncontroller.permission.ui.GrantPermissionsActivity,performPause]
11-19 04:10:48.544 1499 8917 I wm_add_to_stopping: [0,101117743,com.android.permissioncontroller/.permission.ui.GrantPermissionsActivity,completeFinishing]
11-19 04:10:48.546 1499 8917 I wm_set_resumed_activity: [0,com.android.deskclock/.DeskClock,resumeTopActivityInnerLocked]
11-19 04:10:48.546 1499 8917 I wm_resume_activity: [0,10783760,48,com.android.deskclock/.DeskClock]
11-19 04:10:48.550 1499 1638 I input_focus: [Focus request 25476c5 com.android.deskclock/com.android.deskclock.DeskClock,reason=UpdateInputWindows]
11-19 04:10:48.551 1499 1637 I sysui_multi_action: [757,803,799,window_time_2,802,0]
11-19 04:10:48.565 1499 1831 I input_focus: [Focus leaving 632f7bf com.android.launcher3/com.android.launcher3.uioverrides.QuickstepLauncher (server),reason=Waiting for window because NOT_VISIBLE]
11-19 04:10:48.571 9544 9544 I wm_on_activity_result_called: [10783760,com.android.deskclock.DeskClock,ACTIVITY_RESULT]
11-19 04:10:48.571 9544 9544 I wm_on_resume_called: [10783760,com.android.deskclock.DeskClock,RESUME_ACTIVITY]
11-19 04:10:48.572 9544 9544 I wm_on_top_resumed_gained_called: [10783760,com.android.deskclock.DeskClock,topWhenResuming]
11-19 04:10:48.583 1499 1831 I input_focus: [Focus entering 25476c5 com.android.deskclock/com.android.deskclock.DeskClock (server),reason=Window became focusable. Previous reason: NOT_VISIBLE]
11-19 04:10:48.629 1499 1759 I commit_sys_config_file: [settings-1-0,4]
11-19 04:10:48.643 1499 1644 I am_pss : [9368,10062,com.android.calendar,23485440,18558976,0,139304960,0,16,7]
11-19 04:10:48.654 1499 1644 I am_pss : [9056,10090,com.android.music,31303680,24571904,0,158052352,0,19,8]
11-19 04:10:48.855 1499 1637 I wm_destroy_activity: [0,101117743,48,com.android.permissioncontroller/.permission.ui.GrantPermissionsActivity,finish-imm:idle]
11-19 04:10:48.858 8560 8560 I wm_on_stop_called: [101117743,com.android.permissioncontroller.permission.ui.GrantPermissionsActivity,LIFECYCLER_STOP_ACTIVITY]
11-19 04:10:48.859 8560 8560 I wm_on_destroy_called: [101117743,com.android.permissioncontroller.permission.ui.GrantPermissionsActivity,performDestroy]
11-19 04:10:49.131 0 0 I auditd : type=1400 audit(0.0:6096): avc: denied { kill } for comm="swapper/1" capability=5 scontext=u:r:kernel:s0 tcontext=u:r:kernel:s0 tclass=capability permissive=0
11-19 04:10:50.131 0 0 I auditd : type=1400 audit(0.0:6097): avc: denied { kill } for comm="swapper/1" capability=5 scontext=u:r:kernel:s0 tcontext=u:r:kernel:s0 tclass=capability permissive=0
11-19 04:10:50.434 1499 1831 I input_interaction: Interaction with: 25476c5 com.android.deskclock/com.android.deskclock.DeskClock (server), edge-swipe (server), swipe-up (server), PointerEventDispatcher0 (server),
11-19 04:10:51.032 1499 1645 I am_uid_idle: 10090
11-19 04:10:51.131 0 0 I auditd : type=1400 audit(0.0:6098): avc: denied { kill } for comm="swapper/1" capability=5 scontext=u:r:kernel:s0 tcontext=u:r:kernel:s0 tclass=capability permissive=0
11-19 04:10:52.131 0 0 I auditd : type=1400 audit(0.0:6099): avc: denied { kill } for comm="swapper/1" capability=5 scontext=u:r:kernel:s0 tcontext=u:r:kernel:s0 tclass=capability permissive=0
11-19 04:10:53.131 0 0 I auditd : type=1400 audit(0.0:6100): avc: denied { kill } for comm="swapper/1" capability=5 scontext=u:r:kernel:s0 tcontext=u:r:kernel:s0 tclass=capability permissive=0
11-19 04:10:53.562 1499 2759 I wm_relaunch_resume_activity: [0,10783760,48,com.android.deskclock/.DeskClock]
11-19 04:10:53.574 9544 9544 I wm_on_top_resumed_lost_called: [10783760,com.android.deskclock.DeskClock,pausing]
11-19 04:10:53.579 9544 9544 I wm_on_paused_called: [10783760,com.android.deskclock.DeskClock,performPause]
11-19 04:10:53.583 9544 9544 I wm_on_stop_called: [10783760,com.android.deskclock.DeskClock,handleRelaunchActivity]
11-19 04:10:53.594 9544 9544 I wm_on_destroy_called: [10783760,com.android.deskclock.DeskClock,performDestroy]
11-19 04:10:53.614 1499 2759 I wm_task_moved: [48,1,9]
11-19 04:10:53.614 1499 2759 I wm_set_resumed_activity: [0,com.android.deskclock/.DeskClock,positionChildAt]
11-19 04:10:53.614 1499 2759 I wm_create_activity: [0,141152403,48,com.android.permissioncontroller/.permission.ui.GrantPermissionsActivity,android.content.pm.action.REQUEST_PERMISSIONS,NULL,NULL,8388608]
11-19 04:10:53.615 1499 2759 I wm_pause_activity: [0,10783760,com.android.deskclock/.DeskClock,userLeaving=true,resumeTopActivityInnerLocked]
11-19 04:10:53.636 9544 9544 I wm_on_create_called: [10783760,com.android.deskclock.DeskClock,performCreate]
11-19 04:10:53.660 9544 9544 I wm_on_start_called: [10783760,com.android.deskclock.DeskClock,handleStartActivity]
11-19 04:10:53.662 9544 9544 I wm_on_resume_called: [10783760,com.android.deskclock.DeskClock,RESUME_ACTIVITY]
11-19 04:10:53.663 9544 9544 I wm_on_top_resumed_gained_called: [10783760,com.android.deskclock.DeskClock,topWhenResuming]
11-19 04:10:53.701 9544 9544 I wm_on_top_resumed_lost_called: [10783760,com.android.deskclock.DeskClock,topStateChangedWhenResumed]
11-19 04:10:53.702 9544 9544 I wm_on_paused_called: [10783760,com.android.deskclock.DeskClock,performPause]
11-19 04:10:53.707 1499 2759 I wm_restart_activity: [0,141152403,48,com.android.permissioncontroller/.permission.ui.GrantPermissionsActivity]
11-19 04:10:53.710 1499 2759 I wm_set_resumed_activity: [0,com.android.permissioncontroller/.permission.ui.GrantPermissionsActivity,minimalResumeActivityLocked]
11-19 04:10:53.716 1499 1637 I sysui_multi_action: [757,803,799,window_time_2,802,6]
11-19 04:10:53.742 8560 8560 I wm_on_create_called: [141152403,com.android.permissioncontroller.permission.ui.GrantPermissionsActivity,performCreate]
11-19 04:10:53.743 8560 8560 I wm_on_start_called: [141152403,com.android.permissioncontroller.permission.ui.GrantPermissionsActivity,handleStartActivity]
11-19 04:10:53.743 8560 8560 I wm_on_resume_called: [141152403,com.android.permissioncontroller.permission.ui.GrantPermissionsActivity,RESUME_ACTIVITY]
11-19 04:10:53.746 8560 8560 I wm_on_top_resumed_gained_called: [141152403,com.android.permissioncontroller.permission.ui.GrantPermissionsActivity,topStateChangedWhenResumed]
11-19 04:10:53.752 1499 2759 I wm_finish_activity: [0,141152403,48,com.android.permissioncontroller/.permission.ui.GrantPermissionsActivity,app-request]
11-19 04:10:53.760 1499 2759 I wm_pause_activity: [0,141152403,com.android.permissioncontroller/.permission.ui.GrantPermissionsActivity,userLeaving=false,finish]
11-19 04:10:53.763 1499 1637 I sysui_multi_action: [757,1144,758,8,806,com.android.permissioncontroller,871,com.android.permissioncontroller.permission.ui.GrantPermissionsActivity]
11-19 04:10:53.771 8560 8560 I wm_on_top_resumed_lost_called: [141152403,com.android.permissioncontroller.permission.ui.GrantPermissionsActivity,topStateChangedWhenResumed]
11-19 04:10:53.772 8560 8560 I wm_on_paused_called: [141152403,com.android.permissioncontroller.permission.ui.GrantPermissionsActivity,performPause]
11-19 04:10:53.775 1499 5520 I wm_set_resumed_activity: [0,com.android.deskclock/.DeskClock,resumeTopActivityInnerLocked]
11-19 04:10:53.777 1499 5520 I wm_resume_activity: [0,10783760,48,com.android.deskclock/.DeskClock]
11-19 04:10:53.778 9544 9544 I wm_on_activity_result_called: [10783760,com.android.deskclock.DeskClock,ACTIVITY_RESULT]
11-19 04:10:53.778 9544 9544 I wm_on_resume_called: [10783760,com.android.deskclock.DeskClock,RESUME_ACTIVITY]
11-19 04:10:53.780 9544 9544 I wm_on_top_resumed_gained_called: [10783760,com.android.deskclock.DeskClock,topWhenResuming]
11-19 04:10:53.782 1499 1638 I input_focus: [Focus request 25476c5 com.android.deskclock/com.android.deskclock.DeskClock,reason=UpdateInputWindows]
11-19 04:10:53.782 1499 1637 I sysui_multi_action: [757,803,799,window_time_2,802,0]
11-19 04:10:53.807 1499 8917 I wm_destroy_activity: [0,141152403,48,com.android.permissioncontroller/.permission.ui.GrantPermissionsActivity,finish-idle]
11-19 04:10:53.808 8560 8560 I wm_on_stop_called: [141152403,com.android.permissioncontroller.permission.ui.GrantPermissionsActivity,LIFECYCLER_STOP_ACTIVITY]
11-19 04:10:53.808 8560 8560 I wm_on_destroy_called: [141152403,com.android.permissioncontroller.permission.ui.GrantPermissionsActivity,performDestroy]
11-19 04:10:54.131 0 0 I auditd : type=1400 audit(0.0:6101): avc: denied { kill } for comm="swapper/1" capability=5 scontext=u:r:kernel:s0 tcontext=u:r:kernel:s0 tclass=capability permissive=0
11-19 04:10:54.758 1499 5520 I wm_relaunch_resume_activity: [0,10783760,48,com.android.deskclock/.DeskClock]
11-19 04:10:54.769 9544 9544 I wm_on_top_resumed_lost_called: [10783760,com.android.deskclock.DeskClock,pausing]
11-19 04:10:54.770 9544 9544 I wm_on_paused_called: [10783760,com.android.deskclock.DeskClock,performPause]
11-19 04:10:54.772 9544 9544 I wm_on_stop_called: [10783760,com.android.deskclock.DeskClock,handleRelaunchActivity]
11-19 04:10:54.778 9544 9544 I wm_on_destroy_called: [10783760,com.android.deskclock.DeskClock,performDestroy]
11-19 04:10:54.801 1499 2759 I wm_task_moved: [48,1,9]
11-19 04:10:54.801 1499 2759 I wm_set_resumed_activity: [0,com.android.deskclock/.DeskClock,positionChildAt]
11-19 04:10:54.801 1499 2759 I wm_create_activity: [0,4629217,48,com.android.permissioncontroller/.permission.ui.GrantPermissionsActivity,android.content.pm.action.REQUEST_PERMISSIONS,NULL,NULL,8388608]
11-19 04:10:54.802 1499 2759 I wm_pause_activity: [0,10783760,com.android.deskclock/.DeskClock,userLeaving=true,resumeTopActivityInnerLocked]
11-19 04:10:54.820 9544 9544 I wm_on_create_called: [10783760,com.android.deskclock.DeskClock,performCreate]
11-19 04:10:54.846 9544 9544 I wm_on_start_called: [10783760,com.android.deskclock.DeskClock,handleStartActivity]
11-19 04:10:54.847 9544 9544 I wm_on_resume_called: [10783760,com.android.deskclock.DeskClock,RESUME_ACTIVITY]
11-19 04:10:54.849 9544 9544 I wm_on_top_resumed_gained_called: [10783760,com.android.deskclock.DeskClock,topWhenResuming]
11-19 04:10:54.890 9544 9544 I wm_on_top_resumed_lost_called: [10783760,com.android.deskclock.DeskClock,topStateChangedWhenResumed]
11-19 04:10:54.890 9544 9544 I wm_on_paused_called: [10783760,com.android.deskclock.DeskClock,performPause]
11-19 04:10:54.892 1499 8917 I wm_restart_activity: [0,4629217,48,com.android.permissioncontroller/.permission.ui.GrantPermissionsActivity]
11-19 04:10:54.892 1499 8917 I wm_set_resumed_activity: [0,com.android.permissioncontroller/.permission.ui.GrantPermissionsActivity,minimalResumeActivityLocked]
11-19 04:10:54.895 1499 1637 I sysui_multi_action: [757,803,799,window_time_2,802,1]
11-19 04:10:54.909 8560 8560 I wm_on_create_called: [4629217,com.android.permissioncontroller.permission.ui.GrantPermissionsActivity,performCreate]
11-19 04:10:54.909 8560 8560 I wm_on_start_called: [4629217,com.android.permissioncontroller.permission.ui.GrantPermissionsActivity,handleStartActivity]
11-19 04:10:54.910 8560 8560 I wm_on_resume_called: [4629217,com.android.permissioncontroller.permission.ui.GrantPermissionsActivity,RESUME_ACTIVITY]
11-19 04:10:54.911 8560 8560 I wm_on_top_resumed_gained_called: [4629217,com.android.permissioncontroller.permission.ui.GrantPermissionsActivity,topStateChangedWhenResumed]
11-19 04:10:54.919 1499 1638 I input_focus: [Focus request 18a1b24 com.android.permissioncontroller/com.android.permissioncontroller.permission.ui.GrantPermissionsActivity,reason=UpdateInputWindows]
11-19 04:10:54.925 1499 2757 I wm_finish_activity: [0,4629217,48,com.android.permissioncontroller/.permission.ui.GrantPermissionsActivity,app-request]
11-19 04:10:54.930 1499 1831 I input_focus: [Focus leaving 25476c5 com.android.deskclock/com.android.deskclock.DeskClock (server),reason=setFocusedWindow]
11-19 04:10:54.930 1499 1831 I input_focus: [Focus entering 18a1b24 com.android.permissioncontroller/com.android.permissioncontroller.permission.ui.GrantPermissionsActivity (server),reason=setFocusedWindow]
11-19 04:10:54.931 1499 2757 I wm_pause_activity: [0,4629217,com.android.permissioncontroller/.permission.ui.GrantPermissionsActivity,userLeaving=false,finish]
11-19 04:10:54.934 8560 8560 I wm_on_top_resumed_lost_called: [4629217,com.android.permissioncontroller.permission.ui.GrantPermissionsActivity,topStateChangedWhenResumed]
11-19 04:10:54.935 8560 8560 I wm_on_paused_called: [4629217,com.android.permissioncontroller.permission.ui.GrantPermissionsActivity,performPause]
11-19 04:10:54.937 1499 1634 I sysui_multi_action: [319,124,322,124,325,10334,757,761,758,8,759,2,806,com.android.permissioncontroller,871,com.android.permissioncontroller.permission.ui.GrantPermissionsActivity,904,com.android.deskclock,905,0,1320,8,1321,5]
11-19 04:10:54.940 1499 1729 I wm_set_resumed_activity: [0,com.android.deskclock/.DeskClock,resumeTopActivityInnerLocked]
11-19 04:10:54.941 1499 1634 I wm_activity_launch_time: [0,4629217,com.android.permissioncontroller/.permission.ui.GrantPermissionsActivity,124]
11-19 04:10:54.943 1499 1729 I wm_resume_activity: [0,10783760,48,com.android.deskclock/.DeskClock]
11-19 04:10:54.946 1499 1831 I input_focus: [Focus leaving 18a1b24 com.android.permissioncontroller/com.android.permissioncontroller.permission.ui.GrantPermissionsActivity (server),reason=NO_WINDOW]
11-19 04:10:54.947 9544 9544 I wm_on_activity_result_called: [10783760,com.android.deskclock.DeskClock,ACTIVITY_RESULT]
11-19 04:10:54.947 9544 9544 I wm_on_resume_called: [10783760,com.android.deskclock.DeskClock,RESUME_ACTIVITY]
11-19 04:10:54.949 9544 9544 I wm_on_top_resumed_gained_called: [10783760,com.android.deskclock.DeskClock,topWhenResuming]
11-19 04:10:54.958 1499 1638 I input_focus: [Focus request 25476c5 com.android.deskclock/com.android.deskclock.DeskClock,reason=UpdateInputWindows]
11-19 04:10:54.960 1499 1637 I sysui_multi_action: [757,803,799,window_time_2,802,0]
11-19 04:10:54.964 1499 1831 I input_focus: [Focus entering 25476c5 com.android.deskclock/com.android.deskclock.DeskClock (server),reason=setFocusedWindow]
11-19 04:10:55.015 1499 5520 I wm_destroy_activity: [0,4629217,48,com.android.permissioncontroller/.permission.ui.GrantPermissionsActivity,finish-idle]
11-19 04:10:55.016 8560 8560 I wm_on_stop_called: [4629217,com.android.permissioncontroller.permission.ui.GrantPermissionsActivity,LIFECYCLER_STOP_ACTIVITY]
11-19 04:10:55.021 8560 8560 I wm_on_destroy_called: [4629217,com.android.permissioncontroller.permission.ui.GrantPermissionsActivity,performDestroy]
11-19 04:10:56.131 0 0 I auditd : type=1400 audit(0.0:6102): avc: denied { kill } for comm="swapper/1" capability=5 scontext=u:r:kernel:s0 tcontext=u:r:kernel:s0 tclass=capability permissive=0
11-19 04:10:57.131 0 0 I auditd : type=1400 audit(0.0:6103): avc: denied { kill } for comm="swapper/1" capability=5 scontext=u:r:kernel:s0 tcontext=u:r:kernel:s0 tclass=capability permissive=0
11-19 04:10:58.131 0 0 I auditd : type=1400 audit(0.0:6104): avc: denied { kill } for comm="swapper/1" capability=5 scontext=u:r:kernel:s0 tcontext=u:r:kernel:s0 tclass=capability permissive=0
11-19 04:10:59.131 0 0 I auditd : type=1400 audit(0.0:6105): avc: denied { kill } for comm="swapper/1" capability=5 scontext=u:r:kernel:s0 tcontext=u:r:kernel:s0 tclass=capability permissive=0
11-19 04:11:00.131 0 0 I auditd : type=1400 audit(0.0:6106): avc: denied { kill } for comm="swapper/1" capability=5 scontext=u:r:kernel:s0 tcontext=u:r:kernel:s0 tclass=capability permissive=0
11-19 04:11:00.232 9544 9544 I view_enqueue_input_event: [Motion - Cancel,com.android.deskclock/com.android.deskclock.DeskClock]
11-19 04:11:00.236 1499 1831 I input_interaction: Interaction with: WindowManager (server), edge-swipe (server), swipe-up (server), PointerEventDispatcher0 (server),
11-19 04:11:00.510 1499 1499 I service_manager_stats: [100,83,44202]
11-19 04:11:01.819 1499 1638 I wm_relaunch_resume_activity: [0,10783760,48,com.android.deskclock/.DeskClock]
11-19 04:11:01.821 9544 9544 I wm_on_top_resumed_lost_called: [10783760,com.android.deskclock.DeskClock,pausing]
11-19 04:11:01.822 9544 9544 I wm_on_paused_called: [10783760,com.android.deskclock.DeskClock,performPause]
11-19 04:11:01.824 9544 9544 I wm_on_stop_called: [10783760,com.android.deskclock.DeskClock,handleRelaunchActivity]
11-19 04:11:01.831 9544 9544 I wm_on_destroy_called: [10783760,com.android.deskclock.DeskClock,performDestroy]
11-19 04:11:01.854 1499 2389 I wm_task_moved: [48,1,9]
11-19 04:11:01.854 1499 2389 I wm_set_resumed_activity: [0,com.android.deskclock/.DeskClock,positionChildAt]
11-19 04:11:01.854 1499 2389 I wm_create_activity: [0,46958842,48,com.android.permissioncontroller/.permission.ui.GrantPermissionsActivity,android.content.pm.action.REQUEST_PERMISSIONS,NULL,NULL,8388608]
11-19 04:11:01.855 1499 2389 I wm_pause_activity: [0,10783760,com.android.deskclock/.DeskClock,userLeaving=true,resumeTopActivityInnerLocked]
11-19 04:11:01.875 9544 9544 I wm_on_create_called: [10783760,com.android.deskclock.DeskClock,performCreate]
11-19 04:11:01.896 9544 9544 I wm_on_start_called: [10783760,com.android.deskclock.DeskClock,handleStartActivity]
11-19 04:11:01.897 9544 9544 I wm_on_resume_called: [10783760,com.android.deskclock.DeskClock,RESUME_ACTIVITY]
11-19 04:11:01.898 9544 9544 I wm_on_top_resumed_gained_called: [10783760,com.android.deskclock.DeskClock,topWhenResuming]
11-19 04:11:01.936 9544 9544 I wm_on_top_resumed_lost_called: [10783760,com.android.deskclock.DeskClock,topStateChangedWhenResumed]
11-19 04:11:01.937 9544 9544 I wm_on_paused_called: [10783760,com.android.deskclock.DeskClock,performPause]
11-19 04:11:01.938 1499 2389 I wm_restart_activity: [0,46958842,48,com.android.permissioncontroller/.permission.ui.GrantPermissionsActivity]
11-19 04:11:01.938 1499 2389 I wm_set_resumed_activity: [0,com.android.permissioncontroller/.permission.ui.GrantPermissionsActivity,minimalResumeActivityLocked]
