11-19 04:12:02.875 1499 1645 I am_wtf : [0,1499,system_server,-1,DisplayDeviceConfig,requesting nits when no mapping exists.]
11-19 04:12:02.877 1499 1645 I am_wtf : [0,1499,system_server,-1,DisplayDeviceConfig,requesting nits when no mapping exists.]
11-19 04:12:03.131 0 0 I auditd : type=1400 audit(0.0:6167): avc: denied { kill } for comm="swapper/1" capability=5 scontext=u:r:kernel:s0 tcontext=u:r:kernel:s0 tclass=capability permissive=0
11-19 04:12:04.131 0 0 I auditd : type=1400 audit(0.0:6168): avc: denied { kill } for comm="swapper/1" capability=5 scontext=u:r:kernel:s0 tcontext=u:r:kernel:s0 tclass=capability permissive=0
11-19 04:12:05.131 0 0 I auditd : type=1400 audit(0.0:6169): avc: denied { kill } for comm="swapper/1" capability=5 scontext=u:r:kernel:s0 tcontext=u:r:kernel:s0 tclass=capability permissive=0
11-19 04:12:06.131 0 0 I auditd : type=1400 audit(0.0:6170): avc: denied { kill } for comm="swapper/1" capability=5 scontext=u:r:kernel:s0 tcontext=u:r:kernel:s0 tclass=capability permissive=0
11-19 04:12:07.131 0 0 I auditd : type=1400 audit(0.0:6171): avc: denied { kill } for comm="swapper/1" capability=5 scontext=u:r:kernel:s0 tcontext=u:r:kernel:s0 tclass=capability permissive=0
11-19 04:12:08.131 0 0 I auditd : type=1400 audit(0.0:6172): avc: denied { kill } for comm="swapper/1" capability=5 scontext=u:r:kernel:s0 tcontext=u:r:kernel:s0 tclass=capability permissive=0
11-19 04:12:09.131 0 0 I auditd : type=1400 audit(0.0:6173): avc: denied { kill } for comm="swapper/1" capability=5 scontext=u:r:kernel:s0 tcontext=u:r:kernel:s0 tclass=capability permissive=0
11-19 04:12:10.131 0 0 I auditd : type=1400 audit(0.0:6174): avc: denied { kill } for comm="swapper/1" capability=5 scontext=u:r:kernel:s0 tcontext=u:r:kernel:s0 tclass=capability permissive=0
11-19 04:12:11.131 0 0 I auditd : type=1400 audit(0.0:6175): avc: denied { kill } for comm="swapper/1" capability=5 scontext=u:r:kernel:s0 tcontext=u:r:kernel:s0 tclass=capability permissive=0
11-19 04:12:12.131 0 0 I auditd : type=1400 audit(0.0:6176): avc: denied { kill } for comm="swapper/1" capability=5 scontext=u:r:kernel:s0 tcontext=u:r:kernel:s0 tclass=capability permissive=0
11-19 04:12:13.131 0 0 I auditd : type=1400 audit(0.0:6177): avc: denied { kill } for comm="swapper/1" capability=5 scontext=u:r:kernel:s0 tcontext=u:r:kernel:s0 tclass=capability permissive=0
11-19 04:12:14.131 0 0 I auditd : type=1400 audit(0.0:6178): avc: denied { kill } for comm="swapper/1" capability=5 scontext=u:r:kernel:s0 tcontext=u:r:kernel:s0 tclass=capability permissive=0
11-19 04:12:15.131 0 0 I auditd : type=1400 audit(0.0:6179): avc: denied { kill } for comm="swapper/1" capability=5 scontext=u:r:kernel:s0 tcontext=u:r:kernel:s0 tclass=capability permissive=0
11-19 04:12:16.131 0 0 I auditd : type=1400 audit(0.0:6180): avc: denied { kill } for comm="swapper/1" capability=5 scontext=u:r:kernel:s0 tcontext=u:r:kernel:s0 tclass=capability permissive=0
11-19 04:12:17.131 0 0 I auditd : type=1400 audit(0.0:6181): avc: denied { kill } for comm="swapper/1" capability=5 scontext=u:r:kernel:s0 tcontext=u:r:kernel:s0 tclass=capability permissive=0
11-19 04:12:18.131 0 0 I auditd : type=1400 audit(0.0:6182): avc: denied { kill } for comm="swapper/1" capability=5 scontext=u:r:kernel:s0 tcontext=u:r:kernel:s0 tclass=capability permissive=0
11-19 04:12:19.131 0 0 I auditd : type=1400 audit(0.0:6183): avc: denied { kill } for comm="swapper/1" capability=5 scontext=u:r:kernel:s0 tcontext=u:r:kernel:s0 tclass=capability permissive=0
11-19 04:12:20.131 0 0 I auditd : type=1400 audit(0.0:6184): avc: denied { kill } for comm="swapper/1" capability=5 scontext=u:r:kernel:s0 tcontext=u:r:kernel:s0 tclass=capability permissive=0
11-19 04:12:21.131 0 0 I auditd : type=1400 audit(0.0:6185): avc: denied { kill } for comm="swapper/1" capability=5 scontext=u:r:kernel:s0 tcontext=u:r:kernel:s0 tclass=capability permissive=0
11-19 04:12:22.131 0 0 I auditd : type=1400 audit(0.0:6186): avc: denied { kill } for comm="swapper/1" capability=5 scontext=u:r:kernel:s0 tcontext=u:r:kernel:s0 tclass=capability permissive=0
11-19 04:12:23.131 0 0 I auditd : type=1400 audit(0.0:6187): avc: denied { kill } for comm="swapper/1" capability=5 scontext=u:r:kernel:s0 tcontext=u:r:kernel:s0 tclass=capability permissive=0
11-19 04:12:24.131 0 0 I auditd : type=1400 audit(0.0:6188): avc: denied { kill } for comm="swapper/1" capability=5 scontext=u:r:kernel:s0 tcontext=u:r:kernel:s0 tclass=capability permissive=0
11-19 04:12:25.131 0 0 I auditd : type=1400 audit(0.0:6189): avc: denied { kill } for comm="swapper/1" capability=5 scontext=u:r:kernel:s0 tcontext=u:r:kernel:s0 tclass=capability permissive=0
11-19 04:12:26.131 0 0 I auditd : type=1400 audit(0.0:6190): avc: denied { kill } for comm="swapper/1" capability=5 scontext=u:r:kernel:s0 tcontext=u:r:kernel:s0 tclass=capability permissive=0
11-19 04:12:27.131 0 0 I auditd : type=1400 audit(0.0:6191): avc: denied { kill } for comm="swapper/1" capability=5 scontext=u:r:kernel:s0 tcontext=u:r:kernel:s0 tclass=capability permissive=0
11-19 04:12:28.131 0 0 I auditd : type=1400 audit(0.0:6192): avc: denied { kill } for comm="swapper/1" capability=5 scontext=u:r:kernel:s0 tcontext=u:r:kernel:s0 tclass=capability permissive=0
11-19 04:12:29.131 0 0 I auditd : type=1400 audit(0.0:6193): avc: denied { kill } for comm="swapper/1" capability=5 scontext=u:r:kernel:s0 tcontext=u:r:kernel:s0 tclass=capability permissive=0
11-19 04:12:30.131 0 0 I auditd : type=1400 audit(0.0:6194): avc: denied { kill } for comm="swapper/1" capability=5 scontext=u:r:kernel:s0 tcontext=u:r:kernel:s0 tclass=capability permissive=0
11-19 04:12:31.131 0 0 I auditd : type=1400 audit(0.0:6195): avc: denied { kill } for comm="swapper/1" capability=5 scontext=u:r:kernel:s0 tcontext=u:r:kernel:s0 tclass=capability permissive=0
11-19 04:12:32.131 0 0 I auditd : type=1400 audit(0.0:6196): avc: denied { kill } for comm="swapper/1" capability=5 scontext=u:r:kernel:s0 tcontext=u:r:kernel:s0 tclass=capability permissive=0
11-19 04:12:33.131 0 0 I auditd : type=1400 audit(0.0:6197): avc: denied { kill } for comm="swapper/1" capability=5 scontext=u:r:kernel:s0 tcontext=u:r:kernel:s0 tclass=capability permissive=0
11-19 04:12:34.131 0 0 I auditd : type=1400 audit(0.0:6198): avc: denied { kill } for comm="swapper/1" capability=5 scontext=u:r:kernel:s0 tcontext=u:r:kernel:s0 tclass=capability permissive=0
11-19 04:12:35.131 0 0 I auditd : type=1400 audit(0.0:6199): avc: denied { kill } for comm="swapper/1" capability=5 scontext=u:r:kernel:s0 tcontext=u:r:kernel:s0 tclass=capability permissive=0
11-19 04:12:36.131 0 0 I auditd : type=1400 audit(0.0:6200): avc: denied { kill } for comm="swapper/1" capability=5 scontext=u:r:kernel:s0 tcontext=u:r:kernel:s0 tclass=capability permissive=0
11-19 04:12:37.131 0 0 I auditd : type=1400 audit(0.0:6201): avc: denied { kill } for comm="swapper/1" capability=5 scontext=u:r:kernel:s0 tcontext=u:r:kernel:s0 tclass=capability permissive=0
11-19 04:12:38.131 0 0 I auditd : type=1400 audit(0.0:6202): avc: denied { kill } for comm="swapper/1" capability=5 scontext=u:r:kernel:s0 tcontext=u:r:kernel:s0 tclass=capability permissive=0
11-19 04:12:39.131 0 0 I auditd : type=1400 audit(0.0:6203): avc: denied { kill } for comm="swapper/1" capability=5 scontext=u:r:kernel:s0 tcontext=u:r:kernel:s0 tclass=capability permissive=0
11-19 04:12:40.131 0 0 I auditd : type=1400 audit(0.0:6204): avc: denied { kill } for comm="swapper/1" capability=5 scontext=u:r:kernel:s0 tcontext=u:r:kernel:s0 tclass=capability permissive=0
11-19 04:12:41.131 0 0 I auditd : type=1400 audit(0.0:6205): avc: denied { kill } for comm="swapper/1" capability=5 scontext=u:r:kernel:s0 tcontext=u:r:kernel:s0 tclass=capability permissive=0
11-19 04:12:42.131 0 0 I auditd : type=1400 audit(0.0:6206): avc: denied { kill } for comm="swapper/1" capability=5 scontext=u:r:kernel:s0 tcontext=u:r:kernel:s0 tclass=capability permissive=0
11-19 04:12:43.131 0 0 I auditd : type=1400 audit(0.0:6207): avc: denied { kill } for comm="swapper/1" capability=5 scontext=u:r:kernel:s0 tcontext=u:r:kernel:s0 tclass=capability permissive=0
11-19 04:12:44.131 0 0 I auditd : type=1400 audit(0.0:6208): avc: denied { kill } for comm="swapper/1" capability=5 scontext=u:r:kernel:s0 tcontext=u:r:kernel:s0 tclass=capability permissive=0
11-19 04:12:45.131 0 0 I auditd : type=1400 audit(0.0:6209): avc: denied { kill } for comm="swapper/1" capability=5 scontext=u:r:kernel:s0 tcontext=u:r:kernel:s0 tclass=capability permissive=0
11-19 04:12:46.131 0 0 I auditd : type=1400 audit(0.0:6210): avc: denied { kill } for comm="swapper/1" capability=5 scontext=u:r:kernel:s0 tcontext=u:r:kernel:s0 tclass=capability permissive=0
11-19 04:12:47.131 0 0 I auditd : type=1400 audit(0.0:6211): avc: denied { kill } for comm="swapper/1" capability=5 scontext=u:r:kernel:s0 tcontext=u:r:kernel:s0 tclass=capability permissive=0
11-19 04:12:48.131 0 0 I auditd : type=1400 audit(0.0:6212): avc: denied { kill } for comm="swapper/1" capability=5 scontext=u:r:kernel:s0 tcontext=u:r:kernel:s0 tclass=capability permissive=0
11-19 04:12:49.131 0 0 I auditd : type=1400 audit(0.0:6213): avc: denied { kill } for comm="swapper/1" capability=5 scontext=u:r:kernel:s0 tcontext=u:r:kernel:s0 tclass=capability permissive=0
11-19 04:12:50.131 0 0 I auditd : type=1400 audit(0.0:6214): avc: denied { kill } for comm="swapper/1" capability=5 scontext=u:r:kernel:s0 tcontext=u:r:kernel:s0 tclass=capability permissive=0
11-19 04:12:51.131 0 0 I auditd : type=1400 audit(0.0:6215): avc: denied { kill } for comm="swapper/1" capability=5 scontext=u:r:kernel:s0 tcontext=u:r:kernel:s0 tclass=capability permissive=0
11-19 04:12:52.131 0 0 I auditd : type=1400 audit(0.0:6216): avc: denied { kill } for comm="swapper/1" capability=5 scontext=u:r:kernel:s0 tcontext=u:r:kernel:s0 tclass=capability permissive=0
11-19 04:12:53.131 0 0 I auditd : type=1400 audit(0.0:6217): avc: denied { kill } for comm="swapper/1" capability=5 scontext=u:r:kernel:s0 tcontext=u:r:kernel:s0 tclass=capability permissive=0
11-19 04:12:54.131 0 0 I auditd : type=1400 audit(0.0:6218): avc: denied { kill } for comm="swapper/1" capability=5 scontext=u:r:kernel:s0 tcontext=u:r:kernel:s0 tclass=capability permissive=0
11-19 04:12:55.131 0 0 I auditd : type=1400 audit(0.0:6219): avc: denied { kill } for comm="swapper/1" capability=5 scontext=u:r:kernel:s0 tcontext=u:r:kernel:s0 tclass=capability permissive=0
11-19 04:12:56.131 0 0 I auditd : type=1400 audit(0.0:6220): avc: denied { kill } for comm="swapper/1" capability=5 scontext=u:r:kernel:s0 tcontext=u:r:kernel:s0 tclass=capability permissive=0
11-19 04:12:57.131 0 0 I auditd : type=1400 audit(0.0:6221): avc: denied { kill } for comm="swapper/1" capability=5 scontext=u:r:kernel:s0 tcontext=u:r:kernel:s0 tclass=capability permissive=0
11-19 04:12:58.131 0 0 I auditd : type=1400 audit(0.0:6222): avc: denied { kill } for comm="swapper/1" capability=5 scontext=u:r:kernel:s0 tcontext=u:r:kernel:s0 tclass=capability permissive=0
11-19 04:12:59.131 0 0 I auditd : type=1400 audit(0.0:6223): avc: denied { kill } for comm="swapper/1" capability=5 scontext=u:r:kernel:s0 tcontext=u:r:kernel:s0 tclass=capability permissive=0
11-19 04:13:00.131 0 0 I auditd : type=1400 audit(0.0:6224): avc: denied { kill } for comm="swapper/1" capability=5 scontext=u:r:kernel:s0 tcontext=u:r:kernel:s0 tclass=capability permissive=0
11-19 04:13:01.131 0 0 I auditd : type=1400 audit(0.0:6225): avc: denied { kill } for comm="swapper/1" capability=5 scontext=u:r:kernel:s0 tcontext=u:r:kernel:s0 tclass=capability permissive=0
11-19 04:13:03.131 0 0 I auditd : type=1400 audit(0.0:6226): avc: denied { kill } for comm="swapper/1" capability=5 scontext=u:r:kernel:s0 tcontext=u:r:kernel:s0 tclass=capability permissive=0
11-19 04:13:04.131 0 0 I auditd : type=1400 audit(0.0:6227): avc: denied { kill } for comm="swapper/1" capability=5 scontext=u:r:kernel:s0 tcontext=u:r:kernel:s0 tclass=capability permissive=0
11-19 04:13:05.131 0 0 I auditd : type=1400 audit(0.0:6228): avc: denied { kill } for comm="swapper/1" capability=5 scontext=u:r:kernel:s0 tcontext=u:r:kernel:s0 tclass=capability permissive=0
11-19 04:13:06.131 0 0 I auditd : type=1400 audit(0.0:6229): avc: denied { kill } for comm="swapper/1" capability=5 scontext=u:r:kernel:s0 tcontext=u:r:kernel:s0 tclass=capability permissive=0
11-19 04:13:07.131 0 0 I auditd : type=1400 audit(0.0:6230): avc: denied { kill } for comm="swapper/1" capability=5 scontext=u:r:kernel:s0 tcontext=u:r:kernel:s0 tclass=capability permissive=0
11-19 04:13:08.131 0 0 I auditd : type=1400 audit(0.0:6231): avc: denied { kill } for comm="swapper/1" capability=5 scontext=u:r:kernel:s0 tcontext=u:r:kernel:s0 tclass=capability permissive=0
11-19 04:13:08.309 1499 1645 I am_uid_idle: 10064
11-19 04:13:09.131 0 0 I auditd : type=1400 audit(0.0:6232): avc: denied { kill } for comm="swapper/1" capability=5 scontext=u:r:kernel:s0 tcontext=u:r:kernel:s0 tclass=capability permissive=0
11-19 04:13:10.131 0 0 I auditd : type=1400 audit(0.0:6233): avc: denied { kill } for comm="swapper/1" capability=5 scontext=u:r:kernel:s0 tcontext=u:r:kernel:s0 tclass=capability permissive=0
11-19 04:13:11.131 0 0 I auditd : type=1400 audit(0.0:6234): avc: denied { kill } for comm="swapper/1" capability=5 scontext=u:r:kernel:s0 tcontext=u:r:kernel:s0 tclass=capability permissive=0
11-19 04:13:12.131 0 0 I auditd : type=1400 audit(0.0:6235): avc: denied { kill } for comm="swapper/1" capability=5 scontext=u:r:kernel:s0 tcontext=u:r:kernel:s0 tclass=capability permissive=0
11-19 04:13:13.131 0 0 I auditd : type=1400 audit(0.0:6236): avc: denied { kill } for comm="swapper/1" capability=5 scontext=u:r:kernel:s0 tcontext=u:r:kernel:s0 tclass=capability permissive=0
11-19 04:13:14.131 0 0 I auditd : type=1400 audit(0.0:6237): avc: denied { kill } for comm="swapper/1" capability=5 scontext=u:r:kernel:s0 tcontext=u:r:kernel:s0 tclass=capability permissive=0
11-19 04:13:15.131 0 0 I auditd : type=1400 audit(0.0:6238): avc: denied { kill } for comm="swapper/1" capability=5 scontext=u:r:kernel:s0 tcontext=u:r:kernel:s0 tclass=capability permissive=0
11-19 04:13:16.131 0 0 I auditd : type=1400 audit(0.0:6239): avc: denied { kill } for comm="swapper/1" capability=5 scontext=u:r:kernel:s0 tcontext=u:r:kernel:s0 tclass=capability permissive=0
11-19 04:13:17.131 0 0 I auditd : type=1400 audit(0.0:6240): avc: denied { kill } for comm="swapper/1" capability=5 scontext=u:r:kernel:s0 tcontext=u:r:kernel:s0 tclass=capability permissive=0
11-19 04:13:18.131 0 0 I auditd : type=1400 audit(0.0:6241): avc: denied { kill } for comm="swapper/1" capability=5 scontext=u:r:kernel:s0 tcontext=u:r:kernel:s0 tclass=capability permissive=0
11-19 04:13:19.131 0 0 I auditd : type=1400 audit(0.0:6242): avc: denied { kill } for comm="swapper/1" capability=5 scontext=u:r:kernel:s0 tcontext=u:r:kernel:s0 tclass=capability permissive=0
11-19 04:13:20.131 0 0 I auditd : type=1400 audit(0.0:6243): avc: denied { kill } for comm="swapper/1" capability=5 scontext=u:r:kernel:s0 tcontext=u:r:kernel:s0 tclass=capability permissive=0
11-19 04:13:21.131 0 0 I auditd : type=1400 audit(0.0:6244): avc: denied { kill } for comm="swapper/1" capability=5 scontext=u:r:kernel:s0 tcontext=u:r:kernel:s0 tclass=capability permissive=0
11-19 04:13:22.131 0 0 I auditd : type=1400 audit(0.0:6245): avc: denied { kill } for comm="swapper/1" capability=5 scontext=u:r:kernel:s0 tcontext=u:r:kernel:s0 tclass=capability permissive=0
11-19 04:13:22.975 1499 1831 I input_interaction: Interaction with: d959f63 com.thundercomm.screensaver/android.service.dreams.DreamActivity (server), edge-swipe (server), swipe-up (server), PointerEventDispatcher0 (server),
11-19 04:13:22.979 1499 2389 I wm_finish_activity: [0,102562273,49,com.thundercomm.screensaver/android.service.dreams.DreamActivity,finish-activity]
11-19 04:13:22.980 1499 2389 I wm_task_moved: [48,1,9]
11-19 04:13:22.980 1499 2389 I wm_task_to_front: [0,48]
11-19 04:13:22.982 1499 2389 I wm_set_resumed_activity: [0,com.android.deskclock/.DeskClock,positionChildAt]
11-19 04:13:22.982 1499 2389 I wm_focused_root_task: [0,0,48,49,finish-top adjustFocusToNextFocusableTask]
11-19 04:13:22.982 1499 2389 I wm_set_resumed_activity: [0,com.android.deskclock/.DeskClock,finish-top]
11-19 04:13:22.983 1499 2389 I wm_pause_activity: [0,102562273,com.thundercomm.screensaver/android.service.dreams.DreamActivity,userLeaving=false,finish]
11-19 04:13:22.996 1499 1637 I sysui_multi_action: [757,803,799,window_time_0,802,81]
11-19 04:13:22.996 4805 4805 I wm_on_top_resumed_lost_called: [102562273,android.service.dreams.DreamActivity,topStateChangedWhenResumed]
11-19 04:13:22.997 4805 4805 I wm_on_paused_called: [102562273,android.service.dreams.DreamActivity,performPause]
11-19 04:13:22.997 9544 9544 I wm_on_top_resumed_gained_called: [10783760,com.android.deskclock.DeskClock,topStateChangedWhenResumed]
11-19 04:13:23.004 1499 2389 I wm_resume_activity: [0,19758722,10,com.android.launcher3/.uioverrides.QuickstepLauncher]
11-19 04:13:23.020 1499 1831 I input_focus: [Focus leaving d959f63 com.thundercomm.screensaver/android.service.dreams.DreamActivity (server),reason=NO_WINDOW]
11-19 04:13:23.020 4805 4805 I view_enqueue_input_event: [Motion - Cancel,com.thundercomm.screensaver/android.service.dreams.DreamActivity]
11-19 04:13:23.023 1499 1637 I sysui_multi_action: [757,803,799,window_time_2,802,0]
11-19 04:13:23.028 2802 2802 I wm_on_restart_called: [19758722,com.android.launcher3.uioverrides.QuickstepLauncher,performRestartActivity]
11-19 04:13:23.029 2802 2802 I wm_on_start_called: [19758722,com.android.launcher3.uioverrides.QuickstepLauncher,handleStartActivity]
11-19 04:13:23.030 2802 2802 I wm_on_resume_called: [19758722,com.android.launcher3.uioverrides.QuickstepLauncher,RESUME_ACTIVITY]
11-19 04:13:23.031 1499 1638 I input_focus: [Focus request 25476c5 com.android.deskclock/com.android.deskclock.DeskClock,reason=UpdateInputWindows]
11-19 04:13:23.042 1499 1499 I am_uid_active: 10064
11-19 04:13:23.052 1499 1831 I input_focus: [Focus entering 25476c5 com.android.deskclock/com.android.deskclock.DeskClock (server),reason=setFocusedWindow]
11-19 04:13:23.113 1499 1644 I am_pss : [9544,10063,com.android.deskclock,110823424,104484864,0,234840064,0,2,9]
11-19 04:13:23.139 1499 5520 I wm_destroy_activity: [0,102562273,49,com.thundercomm.screensaver/android.service.dreams.DreamActivity,finish-idle]
11-19 04:13:23.143 4805 4805 I wm_on_stop_called: [102562273,android.service.dreams.DreamActivity,LIFECYCLER_STOP_ACTIVITY]
11-19 04:13:23.144 4805 4805 I wm_on_destroy_called: [102562273,android.service.dreams.DreamActivity,performDestroy]
11-19 04:13:23.152 1499 1634 I sysui_multi_action: [757,222,758,2]
11-19 04:13:23.152 1499 1634 I sysui_multi_action: [757,804,799,dreaming_minutes,801,1,802,1]
11-19 04:13:23.352 1499 1638 I wm_task_removed: [49,removeChild:removeChild last r=ActivityRecord{61cf9e1 u0 com.thundercomm.screensaver/android.service.dreams.DreamActivity t-1 f}} in t=Task{3cc5b42 #49 type=dream A=10050:android:com.thundercomm.screensaver/dream U=0 visible=false mode=fullscreen translucent=true sz=0}]
11-19 04:13:23.352 1499 1638 I wm_task_removed: [49,removeChild]
11-19 04:13:24.131 0 0 I auditd : type=1400 audit(0.0:6246): avc: denied { kill } for comm="swapper/1" capability=5 scontext=u:r:kernel:s0 tcontext=u:r:kernel:s0 tclass=capability permissive=0
11-19 04:13:24.644 1499 1831 I input_interaction: Interaction with: 25476c5 com.android.deskclock/com.android.deskclock.DeskClock (server), edge-swipe (server), swipe-up (server), PointerEventDispatcher0 (server),
11-19 04:13:25.002 1499 2389 I wm_relaunch_resume_activity: [0,10783760,48,com.android.deskclock/.DeskClock]
11-19 04:13:25.018 9544 9544 I wm_on_top_resumed_lost_called: [10783760,com.android.deskclock.DeskClock,pausing]
11-19 04:13:25.021 9544 9544 I wm_on_paused_called: [10783760,com.android.deskclock.DeskClock,performPause]
11-19 04:13:25.024 9544 9544 I wm_on_stop_called: [10783760,com.android.deskclock.DeskClock,handleRelaunchActivity]
11-19 04:13:25.036 9544 9544 I wm_on_destroy_called: [10783760,com.android.deskclock.DeskClock,performDestroy]
11-19 04:13:25.067 1499 2389 I wm_task_moved: [48,1,9]
11-19 04:13:25.067 1499 2389 I wm_set_resumed_activity: [0,com.android.deskclock/.DeskClock,positionChildAt]
11-19 04:13:25.067 1499 2389 I wm_create_activity: [0,251466106,48,com.android.permissioncontroller/.permission.ui.GrantPermissionsActivity,android.content.pm.action.REQUEST_PERMISSIONS,NULL,NULL,8388608]
11-19 04:13:25.070 1499 2389 I wm_pause_activity: [0,10783760,com.android.deskclock/.DeskClock,userLeaving=true,resumeTopActivityInnerLocked]
11-19 04:13:25.088 9544 9544 I wm_on_create_called: [10783760,com.android.deskclock.DeskClock,performCreate]
11-19 04:13:25.128 9544 9544 I wm_on_start_called: [10783760,com.android.deskclock.DeskClock,handleStartActivity]
11-19 04:13:25.129 9544 9544 I wm_on_resume_called: [10783760,com.android.deskclock.DeskClock,RESUME_ACTIVITY]
11-19 04:13:25.131 9544 9544 I wm_on_top_resumed_gained_called: [10783760,com.android.deskclock.DeskClock,topWhenResuming]
11-19 04:13:25.131 0 0 I auditd : type=1400 audit(0.0:6247): avc: denied { kill } for comm="swapper/1" capability=5 scontext=u:r:kernel:s0 tcontext=u:r:kernel:s0 tclass=capability permissive=0
11-19 04:13:25.183 9544 9544 I wm_on_top_resumed_lost_called: [10783760,com.android.deskclock.DeskClock,topStateChangedWhenResumed]
11-19 04:13:25.184 9544 9544 I wm_on_paused_called: [10783760,com.android.deskclock.DeskClock,performPause]
11-19 04:13:25.187 1499 2389 I wm_restart_activity: [0,251466106,48,com.android.permissioncontroller/.permission.ui.GrantPermissionsActivity]
11-19 04:13:25.189 1499 2389 I wm_set_resumed_activity: [0,com.android.permissioncontroller/.permission.ui.GrantPermissionsActivity,minimalResumeActivityLocked]
11-19 04:13:25.190 1499 1637 I am_uid_active: 10094
11-19 04:13:25.196 1499 1637 I sysui_multi_action: [757,803,799,window_time_2,802,2]
11-19 04:13:25.218 8560 8560 I wm_on_create_called: [251466106,com.android.permissioncontroller.permission.ui.GrantPermissionsActivity,performCreate]
11-19 04:13:25.220 8560 8560 I wm_on_start_called: [251466106,com.android.permissioncontroller.permission.ui.GrantPermissionsActivity,handleStartActivity]
11-19 04:13:25.220 8560 8560 I wm_on_resume_called: [251466106,com.android.permissioncontroller.permission.ui.GrantPermissionsActivity,RESUME_ACTIVITY]
11-19 04:13:25.222 8560 8560 I wm_on_top_resumed_gained_called: [251466106,com.android.permissioncontroller.permission.ui.GrantPermissionsActivity,topStateChangedWhenResumed]
11-19 04:13:25.229 1499 1638 I input_focus: [Focus request 66e0e91 com.android.permissioncontroller/com.android.permissioncontroller.permission.ui.GrantPermissionsActivity,reason=UpdateInputWindows]
11-19 04:13:25.237 1499 5520 I wm_finish_activity: [0,251466106,48,com.android.permissioncontroller/.permission.ui.GrantPermissionsActivity,app-request]
11-19 04:13:25.242 1499 1634 I sysui_multi_action: [319,169,322,169,325,10484,757,761,758,8,759,2,806,com.android.permissioncontroller,871,com.android.permissioncontroller.permission.ui.GrantPermissionsActivity,904,com.android.deskclock,905,0,1320,8,1321,5]
11-19 04:13:25.244 1499 1831 I input_focus: [Focus leaving 25476c5 com.android.deskclock/com.android.deskclock.DeskClock (server),reason=setFocusedWindow]
11-19 04:13:25.244 1499 1831 I input_focus: [Focus entering 66e0e91 com.android.permissioncontroller/com.android.permissioncontroller.permission.ui.GrantPermissionsActivity (server),reason=setFocusedWindow]
11-19 04:13:25.245 1499 5520 I wm_pause_activity: [0,251466106,com.android.permissioncontroller/.permission.ui.GrantPermissionsActivity,userLeaving=false,finish]
11-19 04:13:25.245 1499 1634 I wm_activity_launch_time: [0,251466106,com.android.permissioncontroller/.permission.ui.GrantPermissionsActivity,169]
11-19 04:13:25.248 8560 8560 I wm_on_top_resumed_lost_called: [251466106,com.android.permissioncontroller.permission.ui.GrantPermissionsActivity,topStateChangedWhenResumed]
11-19 04:13:25.249 8560 8560 I wm_on_paused_called: [251466106,com.android.permissioncontroller.permission.ui.GrantPermissionsActivity,performPause]
11-19 04:13:25.251 1499 5520 I wm_set_resumed_activity: [0,com.android.deskclock/.DeskClock,resumeTopActivityInnerLocked]
11-19 04:13:25.253 1499 5520 I wm_resume_activity: [0,10783760,48,com.android.deskclock/.DeskClock]
11-19 04:13:25.258 1499 1831 I input_focus: [Focus leaving 66e0e91 com.android.permissioncontroller/com.android.permissioncontroller.permission.ui.GrantPermissionsActivity (server),reason=NO_WINDOW]
11-19 04:13:25.260 9544 9544 I wm_on_activity_result_called: [10783760,com.android.deskclock.DeskClock,ACTIVITY_RESULT]
11-19 04:13:25.261 9544 9544 I wm_on_resume_called: [10783760,com.android.deskclock.DeskClock,RESUME_ACTIVITY]
11-19 04:13:25.263 1499 1638 I input_focus: [Focus request 25476c5 com.android.deskclock/com.android.deskclock.DeskClock,reason=UpdateInputWindows]
11-19 04:13:25.264 9544 9544 I wm_on_top_resumed_gained_called: [10783760,com.android.deskclock.DeskClock,topWhenResuming]
11-19 04:13:25.264 1499 1637 I sysui_multi_action: [757,803,799,window_time_2,802,0]
11-19 04:13:25.275 1499 1831 I input_focus: [Focus entering 25476c5 com.android.deskclock/com.android.deskclock.DeskClock (server),reason=setFocusedWindow]
11-19 04:13:25.309 1499 5520 I wm_destroy_activity: [0,251466106,48,com.android.permissioncontroller/.permission.ui.GrantPermissionsActivity,finish-idle]
11-19 04:13:25.310 8560 8560 I wm_on_stop_called: [251466106,com.android.permissioncontroller.permission.ui.GrantPermissionsActivity,LIFECYCLER_STOP_ACTIVITY]
11-19 04:13:25.310 8560 8560 I wm_on_destroy_called: [251466106,com.android.permissioncontroller.permission.ui.GrantPermissionsActivity,performDestroy]
11-19 04:13:26.131 0 0 I auditd : type=1400 audit(0.0:6248): avc: denied { kill } for comm="swapper/1" capability=5 scontext=u:r:kernel:s0 tcontext=u:r:kernel:s0 tclass=capability permissive=0
11-19 04:13:26.652 1499 8917 I wm_relaunch_resume_activity: [0,10783760,48,com.android.deskclock/.DeskClock]
11-19 04:13:26.653 1499 8917 I wm_add_to_stopping: [0,19758722,com.android.launcher3/.uioverrides.QuickstepLauncher,makeInvisible]
11-19 04:13:26.666 9544 9544 I wm_on_top_resumed_lost_called: [10783760,com.android.deskclock.DeskClock,pausing]
11-19 04:13:26.668 9544 9544 I wm_on_paused_called: [10783760,com.android.deskclock.DeskClock,performPause]
11-19 04:13:26.671 9544 9544 I wm_on_stop_called: [10783760,com.android.deskclock.DeskClock,handleRelaunchActivity]
11-19 04:13:26.682 9544 9544 I wm_on_destroy_called: [10783760,com.android.deskclock.DeskClock,performDestroy]
11-19 04:13:26.713 1499 5520 I wm_task_moved: [48,1,9]
11-19 04:13:26.713 1499 5520 I wm_set_resumed_activity: [0,com.android.deskclock/.DeskClock,positionChildAt]
11-19 04:13:26.713 1499 5520 I wm_create_activity: [0,226105928,48,com.android.permissioncontroller/.permission.ui.GrantPermissionsActivity,android.content.pm.action.REQUEST_PERMISSIONS,NULL,NULL,8388608]
11-19 04:13:26.713 1499 5520 I wm_pause_activity: [0,19758722,com.android.launcher3/.uioverrides.QuickstepLauncher,userLeaving=true,pauseBackTasks]
11-19 04:13:26.714 1499 5520 I wm_pause_activity: [0,10783760,com.android.deskclock/.DeskClock,userLeaving=true,resumeTopActivityInnerLocked]
11-19 04:13:26.714 2802 2802 I wm_on_paused_called: [19758722,com.android.launcher3.uioverrides.QuickstepLauncher,performPause]
11-19 04:13:26.722 1499 1637 I sysui_multi_action: [757,803,799,window_time_2,802,2]
11-19 04:13:26.735 9544 9544 I wm_on_create_called: [10783760,com.android.deskclock.DeskClock,performCreate]
11-19 04:13:26.760 9544 9544 I wm_on_start_called: [10783760,com.android.deskclock.DeskClock,handleStartActivity]
11-19 04:13:26.760 9544 9544 I wm_on_resume_called: [10783760,com.android.deskclock.DeskClock,RESUME_ACTIVITY]
11-19 04:13:26.763 9544 9544 I wm_on_top_resumed_gained_called: [10783760,com.android.deskclock.DeskClock,topWhenResuming]
11-19 04:13:26.803 9544 9544 I wm_on_top_resumed_lost_called: [10783760,com.android.deskclock.DeskClock,topStateChangedWhenResumed]
11-19 04:13:26.804 9544 9544 I wm_on_paused_called: [10783760,com.android.deskclock.DeskClock,performPause]
11-19 04:13:26.808 1499 1729 I wm_restart_activity: [0,226105928,48,com.android.permissioncontroller/.permission.ui.GrantPermissionsActivity]
11-19 04:13:26.814 1499 1729 I wm_set_resumed_activity: [0,com.android.permissioncontroller/.permission.ui.GrantPermissionsActivity,minimalResumeActivityLocked]
11-19 04:13:26.830 1499 1637 I sysui_multi_action: [757,803,799,window_time_0,802,0]
11-19 04:13:26.853 8560 8560 I wm_on_create_called: [226105928,com.android.permissioncontroller.permission.ui.GrantPermissionsActivity,performCreate]
11-19 04:13:26.854 8560 8560 I wm_on_start_called: [226105928,com.android.permissioncontroller.permission.ui.GrantPermissionsActivity,handleStartActivity]
11-19 04:13:26.855 8560 8560 I wm_on_resume_called: [226105928,com.android.permissioncontroller.permission.ui.GrantPermissionsActivity,RESUME_ACTIVITY]
11-19 04:13:26.857 8560 8560 I wm_on_top_resumed_gained_called: [226105928,com.android.permissioncontroller.permission.ui.GrantPermissionsActivity,topStateChangedWhenResumed]
11-19 04:13:26.868 1499 1638 I input_focus: [Focus request eafc48d com.android.permissioncontroller/com.android.permissioncontroller.permission.ui.GrantPermissionsActivity,reason=UpdateInputWindows]
11-19 04:13:26.877 1499 1730 I wm_finish_activity: [0,226105928,48,com.android.permissioncontroller/.permission.ui.GrantPermissionsActivity,app-request]
11-19 04:13:26.878 1499 1730 I wm_pause_activity: [0,226105928,com.android.permissioncontroller/.permission.ui.GrantPermissionsActivity,userLeaving=false,finish]
11-19 04:13:26.879 1499 1634 I sysui_multi_action: [319,163,322,162,325,10486,757,761,758,8,759,2,806,com.android.permissioncontroller,871,com.android.permissioncontroller.permission.ui.GrantPermissionsActivity,904,com.android.deskclock,905,0,1320,8,1321,5]
11-19 04:13:26.880 8560 8560 I wm_on_top_resumed_lost_called: [226105928,com.android.permissioncontroller.permission.ui.GrantPermissionsActivity,topStateChangedWhenResumed]
11-19 04:13:26.882 1499 1831 I input_focus: [Focus leaving 25476c5 com.android.deskclock/com.android.deskclock.DeskClock (server),reason=setFocusedWindow]
11-19 04:13:26.882 1499 1831 I input_focus: [Focus entering eafc48d com.android.permissioncontroller/com.android.permissioncontroller.permission.ui.GrantPermissionsActivity (server),reason=setFocusedWindow]
11-19 04:13:26.882 8560 8560 I wm_on_paused_called: [226105928,com.android.permissioncontroller.permission.ui.GrantPermissionsActivity,performPause]
11-19 04:13:26.882 1499 1634 I wm_activity_launch_time: [0,226105928,com.android.permissioncontroller/.permission.ui.GrantPermissionsActivity,162]
11-19 04:13:26.885 1499 5520 I wm_set_resumed_activity: [0,com.android.deskclock/.DeskClock,resumeTopActivityInnerLocked]
11-19 04:13:26.889 1499 5520 I wm_resume_activity: [0,10783760,48,com.android.deskclock/.DeskClock]
11-19 04:13:26.895 9544 9544 I wm_on_activity_result_called: [10783760,com.android.deskclock.DeskClock,ACTIVITY_RESULT]
11-19 04:13:26.896 9544 9544 I wm_on_resume_called: [10783760,com.android.deskclock.DeskClock,RESUME_ACTIVITY]
11-19 04:13:26.898 1499 1831 I input_focus: [Focus leaving eafc48d com.android.permissioncontroller/com.android.permissioncontroller.permission.ui.GrantPermissionsActivity (server),reason=NO_WINDOW]
11-19 04:13:26.899 9544 9544 I wm_on_top_resumed_gained_called: [10783760,com.android.deskclock.DeskClock,topWhenResuming]
11-19 04:13:26.899 1499 1638 I input_focus: [Focus request 25476c5 com.android.deskclock/com.android.deskclock.DeskClock,reason=UpdateInputWindows]
11-19 04:13:26.900 1499 1637 I sysui_multi_action: [757,803,799,window_time_0,802,0]
11-19 04:13:26.913 1499 1831 I input_focus: [Focus entering 25476c5 com.android.deskclock/com.android.deskclock.DeskClock (server),reason=setFocusedWindow]
11-19 04:13:26.915 1499 5520 I wm_destroy_activity: [0,226105928,48,com.android.permissioncontroller/.permission.ui.GrantPermissionsActivity,finish-idle]
11-19 04:13:26.915 8560 8560 I wm_on_stop_called: [226105928,com.android.permissioncontroller.permission.ui.GrantPermissionsActivity,LIFECYCLER_STOP_ACTIVITY]
11-19 04:13:26.916 8560 8560 I wm_on_destroy_called: [226105928,com.android.permissioncontroller.permission.ui.GrantPermissionsActivity,performDestroy]
11-19 04:13:27.131 0 0 I auditd : type=1400 audit(0.0:6249): avc: denied { kill } for comm="swapper/1" capability=5 scontext=u:r:kernel:s0 tcontext=u:r:kernel:s0 tclass=capability permissive=0
11-19 04:13:27.214 1499 1637 I wm_stop_activity: [0,19758722,com.android.launcher3/.uioverrides.QuickstepLauncher]
11-19 04:13:27.243 2802 2802 I wm_on_stop_called: [19758722,com.android.launcher3.uioverrides.QuickstepLauncher,STOP_ACTIVITY_ITEM]
11-19 04:13:28.131 0 0 I auditd : type=1400 audit(0.0:6250): avc: denied { kill } for comm="swapper/1" capability=5 scontext=u:r:kernel:s0 tcontext=u:r:kernel:s0 tclass=capability permissive=0
11-19 04:13:28.722 9544 9544 I view_enqueue_input_event: [Motion - Cancel,com.android.deskclock/com.android.deskclock.DeskClock]
11-19 04:13:28.725 1499 1831 I input_interaction: Interaction with: edge-swipe (server), swipe-up (server), PointerEventDispatcher0 (server),
11-19 04:13:28.756 1499 2389 I wm_task_moved: [1,0,0]
11-19 04:13:28.757 1499 2389 I wm_task_moved: [1,0,8]
11-19 04:13:28.763 2802 2802 I wm_on_restart_called: [19758722,com.android.launcher3.uioverrides.QuickstepLauncher,performRestartActivity]
11-19 04:13:28.780 2802 2802 I wm_on_start_called: [19758722,com.android.launcher3.uioverrides.QuickstepLauncher,handleStartActivity]
11-19 04:13:28.800 1499 1634 I sysui_multi_action: [319,12,322,39,325,10488,757,761,758,9,759,5,806,com.android.launcher3,871,com.android.launcher3.uioverrides.QuickstepLauncher,905,0,1320,8,1321,5]
11-19 04:13:28.906 2802 2802 I sysui_latency: [1,74]
11-19 04:13:28.919 1499 1638 I input_focus: [Focus request recents_animation_input_consumer,reason=UpdateInputWindows]
11-19 04:13:28.952 1499 1831 I input_focus: [Focus leaving 25476c5 com.android.deskclock/com.android.deskclock.DeskClock (server),reason=NOT_FOCUSABLE]
11-19 04:13:28.952 1499 1831 I input_focus: [Focus entering recents_animation_input_consumer (server),reason=setFocusedWindow]
11-19 04:13:28.983 1499 1759 I commit_sys_config_file: [settings-1-0,4]
11-19 04:13:29.096 1499 1644 I sysui_latency: [8,67]
11-19 04:13:29.454 1499 5520 I wm_task_moved: [1,0,8]
11-19 04:13:29.456 1499 5520 I wm_add_to_stopping: [0,19758722,com.android.launcher3/.uioverrides.QuickstepLauncher,makeInvisible]
11-19 04:13:29.473 1499 1638 I input_focus: [Focus request 25476c5 com.android.deskclock/com.android.deskclock.DeskClock,reason=UpdateInputWindows]
11-19 04:13:29.475 1499 1637 I wm_stop_activity: [0,19758722,com.android.launcher3/.uioverrides.QuickstepLauncher]
11-19 04:13:29.485 1499 1831 I input_focus: [Focus leaving recents_animation_input_consumer (server),reason=NOT_VISIBLE]
11-19 04:13:29.486 1499 1831 I input_focus: [Focus entering 25476c5 com.android.deskclock/com.android.deskclock.DeskClock (server),reason=setFocusedWindow]
11-19 04:13:29.503 2802 2802 I wm_on_stop_called: [19758722,com.android.launcher3.uioverrides.QuickstepLauncher,STOP_ACTIVITY_ITEM]
11-19 04:13:29.697 1499 1759 I commit_sys_config_file: [settings-1-0,6]
11-19 04:13:30.131 0 0 I auditd : type=1400 audit(0.0:6251): avc: denied { kill } for comm="swapper/1" capability=5 scontext=u:r:kernel:s0 tcontext=u:r:kernel:s0 tclass=capability permissive=0
11-19 04:13:30.165 1499 1831 I input_interaction: Interaction with: 25476c5 com.android.deskclock/com.android.deskclock.DeskClock (server), edge-swipe (server), swipe-up (server), PointerEventDispatcher0 (server),
11-19 04:13:30.182 1499 5520 I wm_task_moved: [1,0,0]
11-19 04:13:30.182 1499 5520 I wm_task_moved: [1,0,8]
11-19 04:13:30.206 2802 2802 I wm_on_restart_called: [19758722,com.android.launcher3.uioverrides.QuickstepLauncher,performRestartActivity]
11-19 04:13:30.244 2802 2802 I wm_on_start_called: [19758722,com.android.launcher3.uioverrides.QuickstepLauncher,handleStartActivity]
11-19 04:13:30.245 9544 9544 I view_enqueue_input_event: [Motion - Cancel,com.android.deskclock/com.android.deskclock.DeskClock]
11-19 04:13:30.245 1499 1831 I input_interaction: Interaction with: edge-swipe (server), swipe-up (server), PointerEventDispatcher0 (server),
11-19 04:13:30.247 1499 1638 I input_focus: [Focus request recents_animation_input_consumer,reason=UpdateInputWindows]
11-19 04:13:30.254 1499 1831 I input_focus: [Focus leaving 25476c5 com.android.deskclock/com.android.deskclock.DeskClock (server),reason=NOT_FOCUSABLE]
11-19 04:13:30.254 1499 1831 I input_focus: [Focus entering recents_animation_input_consumer (server),reason=setFocusedWindow]
11-19 04:13:30.266 2802 2802 I sysui_latency: [1,102]
11-19 04:13:30.284 1499 1634 I sysui_multi_action: [319,13,322,91,325,10489,757,761,758,9,759,5,806,com.android.launcher3,871,com.android.launcher3.uioverrides.QuickstepLauncher,905,0,1320,8,1321,5]
11-19 04:13:30.448 1499 1759 I commit_sys_config_file: [settings-1-0,5]
11-19 04:13:30.575 1499 1644 I sysui_latency: [8,103]
11-19 04:13:31.141 1499 1759 I commit_sys_config_file: [settings-1-0,4]
11-19 04:13:32.174 1499 1831 I input_interaction: Interaction with: 632f7bf com.android.launcher3/com.android.launcher3.uioverrides.QuickstepLauncher (server), edge-swipe (server), swipe-up (server), PointerEventDispatcher0 (server),
11-19 04:13:32.317 1499 2389 I wm_relaunch_resume_activity: [0,10783760,48,com.android.deskclock/.DeskClock]
11-19 04:13:32.318 9544 9544 I wm_on_top_resumed_lost_called: [10783760,com.android.deskclock.DeskClock,pausing]
11-19 04:13:32.319 1499 2389 I wm_task_moved: [1,1,9]
11-19 04:13:32.320 1499 2389 I wm_focused_root_task: [0,0,1,48,startActivityFromRecents]
11-19 04:13:32.320 9544 9544 I wm_on_paused_called: [10783760,com.android.deskclock.DeskClock,performPause]
11-19 04:13:32.320 1499 2389 I wm_task_moved: [48,1,9]
11-19 04:13:32.320 1499 2389 I wm_set_resumed_activity: [0,com.android.deskclock/.DeskClock,positionChildAt]
11-19 04:13:32.321 1499 2389 I wm_focused_root_task: [0,0,48,1,moveTaskToFront findTaskToMoveToFront]
11-19 04:13:32.321 1499 2389 I wm_set_resumed_activity: [0,com.android.deskclock/.DeskClock,moveTaskToFront findTaskToMoveToFront]
11-19 04:13:32.323 9544 9544 I wm_on_stop_called: [10783760,com.android.deskclock.DeskClock,handleRelaunchActivity]
11-19 04:13:32.337 9544 9544 I wm_on_destroy_called: [10783760,com.android.deskclock.DeskClock,performDestroy]
11-19 04:13:32.369 1499 2757 I wm_task_moved: [48,1,9]
11-19 04:13:32.369 1499 2757 I wm_set_resumed_activity: [0,com.android.deskclock/.DeskClock,positionChildAt]
11-19 04:13:32.369 1499 2757 I wm_create_activity: [0,197541038,48,com.android.permissioncontroller/.permission.ui.GrantPermissionsActivity,android.content.pm.action.REQUEST_PERMISSIONS,NULL,NULL,8388608]
11-19 04:13:32.370 1499 2757 I wm_pause_activity: [0,10783760,com.android.deskclock/.DeskClock,userLeaving=true,resumeTopActivityInnerLocked]
11-19 04:13:32.382 9544 9544 I wm_on_create_called: [10783760,com.android.deskclock.DeskClock,performCreate]
11-19 04:13:32.404 9544 9544 I wm_on_start_called: [10783760,com.android.deskclock.DeskClock,handleStartActivity]
11-19 04:13:32.405 9544 9544 I wm_on_resume_called: [10783760,com.android.deskclock.DeskClock,RESUME_ACTIVITY]
11-19 04:13:32.406 9544 9544 I wm_on_top_resumed_gained_called: [10783760,com.android.deskclock.DeskClock,topWhenResuming]
11-19 04:13:32.406 9544 9544 I wm_on_top_resumed_lost_called: [10783760,com.android.deskclock.DeskClock,topStateChangedWhenResumed]
11-19 04:13:32.447 9544 9544 I wm_on_paused_called: [10783760,com.android.deskclock.DeskClock,performPause]
11-19 04:13:32.450 1499 2757 I wm_restart_activity: [0,197541038,48,com.android.permissioncontroller/.permission.ui.GrantPermissionsActivity]
11-19 04:13:32.451 1499 2757 I wm_set_resumed_activity: [0,com.android.permissioncontroller/.permission.ui.GrantPermissionsActivity,minimalResumeActivityLocked]
11-19 04:13:32.456 1499 1637 I sysui_multi_action: [757,803,799,window_time_0,802,5]
11-19 04:13:32.479 8560 8560 I wm_on_create_called: [197541038,com.android.permissioncontroller.permission.ui.GrantPermissionsActivity,performCreate]
11-19 04:13:32.480 8560 8560 I wm_on_start_called: [197541038,com.android.permissioncontroller.permission.ui.GrantPermissionsActivity,handleStartActivity]
11-19 04:13:32.480 8560 8560 I wm_on_resume_called: [197541038,com.android.permissioncontroller.permission.ui.GrantPermissionsActivity,RESUME_ACTIVITY]
11-19 04:13:32.484 8560 8560 I wm_on_top_resumed_gained_called: [197541038,com.android.permissioncontroller.permission.ui.GrantPermissionsActivity,topStateChangedWhenResumed]
11-19 04:13:32.489 1499 5520 I wm_finish_activity: [0,197541038,48,com.android.permissioncontroller/.permission.ui.GrantPermissionsActivity,app-request]
11-19 04:13:32.489 1499 5520 I wm_pause_activity: [0,197541038,com.android.permissioncontroller/.permission.ui.GrantPermissionsActivity,userLeaving=false,finish]
11-19 04:13:32.491 1499 1637 I sysui_multi_action: [757,1144,758,8,806,com.android.permissioncontroller,871,com.android.permissioncontroller.permission.ui.GrantPermissionsActivity]
11-19 04:13:32.496 8560 8560 I wm_on_top_resumed_lost_called: [197541038,com.android.permissioncontroller.permission.ui.GrantPermissionsActivity,topStateChangedWhenResumed]
11-19 04:13:32.496 8560 8560 I wm_on_paused_called: [197541038,com.android.permissioncontroller.permission.ui.GrantPermissionsActivity,performPause]
11-19 04:13:32.498 1499 5520 I wm_set_resumed_activity: [0,com.android.deskclock/.DeskClock,resumeTopActivityInnerLocked]
11-19 04:13:32.499 1499 5520 I wm_resume_activity: [0,10783760,48,com.android.deskclock/.DeskClock]
11-19 04:13:32.501 9544 9544 I wm_on_activity_result_called: [10783760,com.android.deskclock.DeskClock,ACTIVITY_RESULT]
11-19 04:13:32.501 9544 9544 I wm_on_resume_called: [10783760,com.android.deskclock.DeskClock,RESUME_ACTIVITY]
11-19 04:13:32.503 1499 1637 I sysui_multi_action: [757,803,799,window_time_2,802,0]
11-19 04:13:32.503 9544 9544 I wm_on_top_resumed_gained_called: [10783760,com.android.deskclock.DeskClock,topWhenResuming]
11-19 04:13:32.519 1499 2389 I wm_destroy_activity: [0,197541038,48,com.android.permissioncontroller/.permission.ui.GrantPermissionsActivity,finish-idle]
11-19 04:13:32.520 8560 8560 I wm_on_stop_called: [197541038,com.android.permissioncontroller.permission.ui.GrantPermissionsActivity,LIFECYCLER_STOP_ACTIVITY]
11-19 04:13:32.528 8560 8560 I wm_on_destroy_called: [197541038,com.android.permissioncontroller.permission.ui.GrantPermissionsActivity,performDestroy]
11-19 04:13:32.746 1499 2389 I wm_task_moved: [1,1,9]
11-19 04:13:32.746 1499 2389 I wm_task_moved: [10,1,2147483647]
11-19 04:13:32.746 1499 2389 I wm_task_to_front: [0,10]
11-19 04:13:32.747 1499 2389 I wm_focused_root_task: [0,0,1,48,RecentsAnimation.onAnimationFinished()]
11-19 04:13:32.747 1499 2389 I wm_set_resumed_activity: [0,com.android.launcher3/.uioverrides.QuickstepLauncher,RecentsAnimation.onAnimationFinished()]
11-19 04:13:32.747 1499 2389 I wm_set_resumed_activity: [0,com.android.launcher3/.uioverrides.QuickstepLauncher,resumeTopActivityInnerLocked]
11-19 04:13:32.748 1499 2389 I wm_resume_activity: [0,19758722,10,com.android.launcher3/.uioverrides.QuickstepLauncher]
11-19 04:13:32.749 2802 2802 I wm_on_resume_called: [19758722,com.android.launcher3.uioverrides.QuickstepLauncher,RESUME_ACTIVITY]
11-19 04:13:32.754 1499 1638 I input_focus: [Focus request 632f7bf com.android.launcher3/com.android.launcher3.uioverrides.QuickstepLauncher,reason=UpdateInputWindows]
11-19 04:13:32.759 9544 9544 I wm_on_top_resumed_lost_called: [10783760,com.android.deskclock.DeskClock,topStateChangedWhenResumed]
11-19 04:13:32.759 1499 1637 I sysui_multi_action: [757,803,799,window_time_2,802,1]
11-19 04:13:32.766 1499 1831 I input_focus: [Focus leaving recents_animation_input_consumer (server),reason=NOT_VISIBLE]
11-19 04:13:32.766 1499 1831 I input_focus: [Focus entering 632f7bf com.android.launcher3/com.android.launcher3.uioverrides.QuickstepLauncher (server),reason=setFocusedWindow]
11-19 04:13:32.768 2802 2802 I wm_on_top_resumed_gained_called: [19758722,com.android.launcher3.uioverrides.QuickstepLauncher,topStateChangedWhenResumed]
11-19 04:13:33.131 0 0 I auditd : type=1400 audit(0.0:6252): avc: denied { kill } for comm="swapper/2" capability=5 scontext=u:r:kernel:s0 tcontext=u:r:kernel:s0 tclass=capability permissive=0
11-19 04:13:33.890 1499 1831 I input_interaction: Interaction with: 25476c5 com.android.deskclock/com.android.deskclock.DeskClock (server), edge-swipe (server), swipe-up (server), PointerEventDispatcher0 (server),
11-19 04:13:33.894 1499 1637 I wm_task_moved: [48,1,9]
11-19 04:13:33.894 1499 1637 I wm_task_to_front: [0,48]
11-19 04:13:33.898 1499 1637 I wm_set_resumed_activity: [0,com.android.deskclock/.DeskClock,positionChildAt]
11-19 04:13:33.898 2802 2802 I wm_on_top_resumed_lost_called: [19758722,com.android.launcher3.uioverrides.QuickstepLauncher,topStateChangedWhenResumed]
11-19 04:13:33.898 1499 1637 I wm_focused_root_task: [0,0,48,1,setFocusedTask]
11-19 04:13:33.898 1499 1637 I wm_set_resumed_activity: [0,com.android.deskclock/.DeskClock,setFocusedTask]
11-19 04:13:33.900 1499 1638 I input_focus: [Focus request 25476c5 com.android.deskclock/com.android.deskclock.DeskClock,reason=UpdateInputWindows]
11-19 04:13:33.905 9544 9544 I wm_on_top_resumed_gained_called: [10783760,com.android.deskclock.DeskClock,topStateChangedWhenResumed]
11-19 04:13:33.916 1499 1831 I input_focus: [Focus leaving 632f7bf com.android.launcher3/com.android.launcher3.uioverrides.QuickstepLauncher (server),reason=setFocusedWindow]
11-19 04:13:33.917 1499 1831 I input_focus: [Focus entering 25476c5 com.android.deskclock/com.android.deskclock.DeskClock (server),reason=setFocusedWindow]
11-19 04:13:34.039 1499 2757 I wm_relaunch_resume_activity: [0,10783760,48,com.android.deskclock/.DeskClock]
11-19 04:13:34.040 1499 2757 I wm_add_to_stopping: [0,19758722,com.android.launcher3/.uioverrides.QuickstepLauncher,makeInvisible]
11-19 04:13:34.058 9544 9544 I wm_on_top_resumed_lost_called: [10783760,com.android.deskclock.DeskClock,pausing]
11-19 04:13:34.060 9544 9544 I wm_on_paused_called: [10783760,com.android.deskclock.DeskClock,performPause]
11-19 04:13:34.062 9544 9544 I wm_on_stop_called: [10783760,com.android.deskclock.DeskClock,handleRelaunchActivity]
11-19 04:13:34.067 9544 9544 I wm_on_destroy_called: [10783760,com.android.deskclock.DeskClock,performDestroy]
11-19 04:13:34.087 1499 8917 I sysui_multi_action: [757,1513,758,4,805,1668802414087,1514,10063,1515,com.android.deskclock,1516,1002,1517,1,1518,10063,1519,1002,1520,1,1526,com.android.permissioncontroller/.permission.ui.GrantPermissionsActivity,1527,0,1528,android.content.pm.action.REQUEST_PERMISSIONS,1529,com.android.deskclock,1530,1002,1531,0,1532,0,1533,1,1534,0,1535,0,1536,1,1537,165637,1539,183489]
11-19 04:13:34.089 1499 8917 I wm_create_activity: [0,10407657,48,com.android.permissioncontroller/.permission.ui.GrantPermissionsActivity,android.content.pm.action.REQUEST_PERMISSIONS,NULL,NULL,8388608]
11-19 04:13:34.107 9544 9544 I wm_on_create_called: [10783760,com.android.deskclock.DeskClock,performCreate]
11-19 04:13:34.131 0 0 I auditd : type=1400 audit(0.0:6253): avc: denied { kill } for comm="swapper/2" capability=5 scontext=u:r:kernel:s0 tcontext=u:r:kernel:s0 tclass=capability permissive=0
11-19 04:13:34.142 9544 9544 I wm_on_start_called: [10783760,com.android.deskclock.DeskClock,handleStartActivity]
11-19 04:13:34.143 9544 9544 I wm_on_resume_called: [10783760,com.android.deskclock.DeskClock,RESUME_ACTIVITY]
11-19 04:13:34.145 9544 9544 I wm_on_top_resumed_gained_called: [10783760,com.android.deskclock.DeskClock,topWhenResuming]
11-19 04:13:34.190 1499 1637 I wm_restart_activity: [0,10407657,48,com.android.permissioncontroller/.permission.ui.GrantPermissionsActivity]
11-19 04:13:34.191 1499 1637 I wm_set_resumed_activity: [0,com.android.permissioncontroller/.permission.ui.GrantPermissionsActivity,minimalResumeActivityLocked]
11-19 04:13:34.192 9544 9544 I wm_on_top_resumed_lost_called: [10783760,com.android.deskclock.DeskClock,topStateChangedWhenResumed]
11-19 04:13:34.206 8560 8560 I wm_on_create_called: [10407657,com.android.permissioncontroller.permission.ui.GrantPermissionsActivity,performCreate]
11-19 04:13:34.206 8560 8560 I wm_on_start_called: [10407657,com.android.permissioncontroller.permission.ui.GrantPermissionsActivity,handleStartActivity]
11-19 04:13:34.207 8560 8560 I wm_on_resume_called: [10407657,com.android.permissioncontroller.permission.ui.GrantPermissionsActivity,RESUME_ACTIVITY]
11-19 04:13:34.209 8560 8560 I wm_on_top_resumed_gained_called: [10407657,com.android.permissioncontroller.permission.ui.GrantPermissionsActivity,topStateChangedWhenResumed]
11-19 04:13:34.216 1499 1638 I input_focus: [Focus request f53a8ff com.android.permissioncontroller/com.android.permissioncontroller.permission.ui.GrantPermissionsActivity,reason=UpdateInputWindows]
11-19 04:13:34.223 1499 1730 I wm_finish_activity: [0,10407657,48,com.android.permissioncontroller/.permission.ui.GrantPermissionsActivity,app-request]
11-19 04:13:34.224 1499 1730 I wm_pause_activity: [0,10407657,com.android.permissioncontroller/.permission.ui.GrantPermissionsActivity,userLeaving=false,finish]
