11-19 04:07:09.458 2342 2342 I sysui_multi_action: [757,126,758,1,759,126,927,0,928,0,1593,0]
11-19 04:07:09.458 2342 2342 I sysui_multi_action: [757,113,758,1,759,113,927,1,928,1,1593,0]
11-19 04:07:09.459 2342 2342 I sysui_multi_action: [757,0,758,1,759,0,927,2,928,0,1593,0]
11-19 04:07:09.459 2342 2342 I sysui_multi_action: [757,0,758,1,759,0,927,3,928,0,1593,1]
11-19 04:07:09.459 2342 2342 I sysui_multi_action: [757,491,758,1,759,491,927,4,928,0,1311,-1,1593,0]
11-19 04:07:09.459 2342 2342 I sysui_multi_action: [757,0,758,1,759,0,927,5,928,0,1593,0]
11-19 04:07:09.459 2342 2342 I sysui_multi_action: [757,111,758,1]
11-19 04:07:09.459 2342 2342 I sysui_multi_action: [757,126,758,1,759,126,927,0,928,0,1593,1]
11-19 04:07:09.459 2342 2342 I sysui_multi_action: [757,113,758,1,759,113,927,1,928,1,1593,1]
11-19 04:07:09.460 2342 2342 I sysui_multi_action: [757,0,758,1,759,0,927,2,928,0,1593,1]
11-19 04:07:09.460 2342 2342 I sysui_multi_action: [757,0,758,1,759,0,927,3,928,0,1593,1]
11-19 04:07:09.472 1499 1645 I am_wtf : [0,1499,system_server,-1,DisplayDeviceConfig,requesting nits when no mapping exists.]
11-19 04:07:09.472 1499 1645 I am_wtf : [0,1499,system_server,-1,DisplayDeviceConfig,requesting nits when no mapping exists.]
11-19 04:07:09.474 1499 1499 I notification_enqueue: [10081,2342,com.android.systemui,2048,NULL,0,Notification(channel=updateNotification shortcut=null contentView=null vibrate=null sound=null defaults=0x0 flags=0x0 color=0x00000000 vis=PRIVATE),1]
11-19 04:07:09.474 2342 2342 I sysui_multi_action: [757,111,758,2]
11-19 04:07:09.474 2342 2342 I sysui_multi_action: [757,111,758,2]
11-19 04:07:09.478 2342 2342 I sysui_multi_action: [757,111,758,1]
11-19 04:07:09.479 2342 2342 I sysui_multi_action: [757,126,758,1,759,126,927,0,928,0,1593,1]
11-19 04:07:09.479 2342 2342 I sysui_multi_action: [757,113,758,1,759,113,927,1,928,1,1593,1]
11-19 04:07:09.479 2342 2342 I sysui_multi_action: [757,0,758,1,759,0,927,2,928,0,1593,1]
11-19 04:07:09.479 2342 2342 I sysui_multi_action: [757,0,758,1,759,0,927,3,928,0,1593,1]
11-19 04:07:09.479 2342 2342 I sysui_multi_action: [757,491,758,1,759,491,927,4,928,0,1311,-1,1593,0]
11-19 04:07:09.479 2342 2342 I sysui_multi_action: [757,0,758,1,759,0,927,5,928,0,1593,0]
11-19 04:07:09.480 2342 2342 I sysui_multi_action: [757,111,758,1]
11-19 04:07:09.480 2342 2342 I sysui_multi_action: [757,126,758,1,759,126,927,0,928,0,1593,1]
11-19 04:07:09.480 2342 2342 I sysui_multi_action: [757,113,758,1,759,113,927,1,928,1,1593,1]
11-19 04:07:09.480 2342 2342 I sysui_multi_action: [757,0,758,1,759,0,927,2,928,0,1593,1]
11-19 04:07:09.480 2342 2342 I sysui_multi_action: [757,0,758,1,759,0,927,3,928,0,1593,1]
11-19 04:07:09.488 1499 1645 I am_wtf : [0,1499,system_server,-1,DisplayDeviceConfig,requesting nits when no mapping exists.]
11-19 04:07:09.489 1499 1645 I am_wtf : [0,1499,system_server,-1,DisplayDeviceConfig,requesting nits when no mapping exists.]
11-19 04:07:09.492 2342 2342 I sysui_multi_action: [757,111,758,2]
11-19 04:07:09.493 2342 2342 I sysui_multi_action: [757,111,758,2]
11-19 04:07:09.493 1499 1499 I notification_enqueue: [10081,2342,com.android.systemui,2048,NULL,0,Notification(channel=updateNotification shortcut=null contentView=null vibrate=null sound=null defaults=0x0 flags=0x0 color=0x00000000 vis=PRIVATE),1]
11-19 04:07:09.495 2342 2342 I sysui_multi_action: [757,111,758,1]
11-19 04:07:09.495 2342 2342 I sysui_multi_action: [757,126,758,1,759,126,927,0,928,0,1593,0]
11-19 04:07:09.496 2342 2342 I sysui_multi_action: [757,113,758,1,759,113,927,1,928,1,1593,0]
11-19 04:07:09.496 2342 2342 I sysui_multi_action: [757,0,758,1,759,0,927,2,928,0,1593,0]
11-19 04:07:09.496 2342 2342 I sysui_multi_action: [757,0,758,1,759,0,927,3,928,0,1593,0]
11-19 04:07:09.496 2342 2342 I sysui_multi_action: [757,491,758,1,759,491,927,4,928,0,1311,-1,1593,0]
11-19 04:07:09.496 2342 2342 I sysui_multi_action: [757,0,758,1,759,0,927,5,928,0,1593,0]
11-19 04:07:09.496 2342 2342 I sysui_multi_action: [757,111,758,1]
11-19 04:07:09.496 2342 2342 I sysui_multi_action: [757,126,758,1,759,126,927,0,928,0,1593,0]
11-19 04:07:09.496 2342 2342 I sysui_multi_action: [757,113,758,1,759,113,927,1,928,1,1593,0]
11-19 04:07:09.496 2342 2342 I sysui_multi_action: [757,0,758,1,759,0,927,2,928,0,1593,0]
11-19 04:07:09.496 2342 2342 I sysui_multi_action: [757,0,758,1,759,0,927,3,928,0,1593,0]
11-19 04:07:09.506 2342 2342 I sysui_multi_action: [757,111,758,2]
11-19 04:07:09.506 2342 2342 I sysui_multi_action: [757,111,758,2]
11-19 04:07:09.509 2342 2342 I sysui_multi_action: [757,111,758,1]
11-19 04:07:09.509 2342 2342 I sysui_multi_action: [757,126,758,1,759,126,927,0,928,0,1593,1]
11-19 04:07:09.509 2342 2342 I sysui_multi_action: [757,113,758,1,759,113,927,1,928,1,1593,1]
11-19 04:07:09.509 2342 2342 I sysui_multi_action: [757,0,758,1,759,0,927,2,928,0,1593,1]
11-19 04:07:09.509 2342 2342 I sysui_multi_action: [757,0,758,1,759,0,927,3,928,0,1593,1]
11-19 04:07:09.509 2342 2342 I sysui_multi_action: [757,491,758,1,759,491,927,4,928,0,1311,-1,1593,1]
11-19 04:07:09.509 2342 2342 I sysui_multi_action: [757,0,758,1,759,0,927,5,928,0,1593,1]
11-19 04:07:09.509 2342 2342 I sysui_multi_action: [757,111,758,1]
11-19 04:07:09.509 2342 2342 I sysui_multi_action: [757,126,758,1,759,126,927,0,928,0,1593,1]
11-19 04:07:09.509 2342 2342 I sysui_multi_action: [757,113,758,1,759,113,927,1,928,1,1593,1]
11-19 04:07:09.509 2342 2342 I sysui_multi_action: [757,0,758,1,759,0,927,2,928,0,1593,1]
11-19 04:07:09.509 2342 2342 I sysui_multi_action: [757,0,758,1,759,0,927,3,928,0,1593,1]
11-19 04:07:09.510 1499 1645 I am_wtf : [0,1499,system_server,-1,DisplayDeviceConfig,requesting nits when no mapping exists.]
11-19 04:07:09.511 1499 1499 I notification_enqueue: [10081,2342,com.android.systemui,2048,NULL,0,Notification(channel=updateNotification shortcut=null contentView=null vibrate=null sound=null defaults=0x0 flags=0x0 color=0x00000000 vis=PRIVATE),1]
11-19 04:07:09.511 1499 1645 I am_wtf : [0,1499,system_server,-1,DisplayDeviceConfig,requesting nits when no mapping exists.]
11-19 04:07:09.521 1499 1645 I am_wtf : [0,1499,system_server,-1,DisplayDeviceConfig,requesting nits when no mapping exists.]
11-19 04:07:09.522 1499 1645 I am_wtf : [0,1499,system_server,-1,DisplayDeviceConfig,requesting nits when no mapping exists.]
11-19 04:07:09.523 1499 1499 I notification_enqueue: [10081,2342,com.android.systemui,2048,NULL,0,Notification(channel=updateNotification shortcut=null contentView=null vibrate=null sound=null defaults=0x0 flags=0x0 color=0x00000000 vis=PRIVATE),1]
11-19 04:07:09.523 2342 2342 I sysui_multi_action: [757,111,758,2]
11-19 04:07:09.524 2342 2342 I sysui_multi_action: [757,111,758,2]
11-19 04:07:09.526 2342 2342 I sysui_multi_action: [757,111,758,1]
11-19 04:07:09.526 2342 2342 I sysui_multi_action: [757,126,758,1,759,126,927,0,928,0,1593,1]
11-19 04:07:09.526 2342 2342 I sysui_multi_action: [757,113,758,1,759,113,927,1,928,1,1593,1]
11-19 04:07:09.526 2342 2342 I sysui_multi_action: [757,0,758,1,759,0,927,2,928,0,1593,1]
11-19 04:07:09.526 2342 2342 I sysui_multi_action: [757,0,758,1,759,0,927,3,928,0,1593,1]
11-19 04:07:09.527 2342 2342 I sysui_multi_action: [757,491,758,1,759,491,927,4,928,0,1311,-1,1593,0]
11-19 04:07:09.527 2342 2342 I sysui_multi_action: [757,0,758,1,759,0,927,5,928,0,1593,0]
11-19 04:07:09.527 2342 2342 I sysui_multi_action: [757,111,758,1]
11-19 04:07:09.527 2342 2342 I sysui_multi_action: [757,126,758,1,759,126,927,0,928,0,1593,1]
11-19 04:07:09.527 2342 2342 I sysui_multi_action: [757,113,758,1,759,113,927,1,928,1,1593,1]
11-19 04:07:09.527 2342 2342 I sysui_multi_action: [757,0,758,1,759,0,927,2,928,0,1593,1]
11-19 04:07:09.527 2342 2342 I sysui_multi_action: [757,0,758,1,759,0,927,3,928,0,1593,1]
11-19 04:07:09.538 1499 1645 I am_wtf : [0,1499,system_server,-1,DisplayDeviceConfig,requesting nits when no mapping exists.]
11-19 04:07:09.539 2342 2342 I sysui_multi_action: [757,111,758,2]
11-19 04:07:09.539 2342 2342 I sysui_multi_action: [757,111,758,2]
11-19 04:07:09.539 1499 1499 I notification_enqueue: [10081,2342,com.android.systemui,2048,NULL,0,Notification(channel=updateNotification shortcut=null contentView=null vibrate=null sound=null defaults=0x0 flags=0x0 color=0x00000000 vis=PRIVATE),1]
11-19 04:07:09.540 1499 1645 I am_wtf : [0,1499,system_server,-1,DisplayDeviceConfig,requesting nits when no mapping exists.]
11-19 04:07:09.542 2342 2342 I sysui_multi_action: [757,111,758,1]
11-19 04:07:09.542 2342 2342 I sysui_multi_action: [757,126,758,1,759,126,927,0,928,0,1593,1]
11-19 04:07:09.542 2342 2342 I sysui_multi_action: [757,113,758,1,759,113,927,1,928,1,1593,1]
11-19 04:07:09.542 2342 2342 I sysui_multi_action: [757,0,758,1,759,0,927,2,928,0,1593,1]
11-19 04:07:09.542 2342 2342 I sysui_multi_action: [757,0,758,1,759,0,927,3,928,0,1593,1]
11-19 04:07:09.543 2342 2342 I sysui_multi_action: [757,491,758,1,759,491,927,4,928,0,1311,-1,1593,0]
11-19 04:07:09.543 2342 2342 I sysui_multi_action: [757,0,758,1,759,0,927,5,928,0,1593,0]
11-19 04:07:09.543 2342 2342 I sysui_multi_action: [757,111,758,1]
11-19 04:07:09.543 2342 2342 I sysui_multi_action: [757,126,758,1,759,126,927,0,928,0,1593,1]
11-19 04:07:09.543 2342 2342 I sysui_multi_action: [757,113,758,1,759,113,927,1,928,1,1593,1]
11-19 04:07:09.543 2342 2342 I sysui_multi_action: [757,0,758,1,759,0,927,2,928,0,1593,1]
11-19 04:07:09.543 2342 2342 I sysui_multi_action: [757,0,758,1,759,0,927,3,928,0,1593,1]
11-19 04:07:09.555 1499 1645 I am_wtf : [0,1499,system_server,-1,DisplayDeviceConfig,requesting nits when no mapping exists.]
11-19 04:07:09.556 2342 2342 I sysui_multi_action: [757,111,758,2]
11-19 04:07:09.556 1499 1499 I notification_enqueue: [10081,2342,com.android.systemui,2048,NULL,0,Notification(channel=updateNotification shortcut=null contentView=null vibrate=null sound=null defaults=0x0 flags=0x0 color=0x00000000 vis=PRIVATE),1]
11-19 04:07:09.556 2342 2342 I sysui_multi_action: [757,111,758,2]
11-19 04:07:09.559 2342 2342 I sysui_multi_action: [757,111,758,1]
11-19 04:07:09.559 2342 2342 I sysui_multi_action: [757,126,758,1,759,126,927,0,928,0,1593,1]
11-19 04:07:09.559 2342 2342 I sysui_multi_action: [757,113,758,1,759,113,927,1,928,1,1593,1]
11-19 04:07:09.559 2342 2342 I sysui_multi_action: [757,0,758,1,759,0,927,2,928,0,1593,1]
11-19 04:07:09.559 2342 2342 I sysui_multi_action: [757,0,758,1,759,0,927,3,928,0,1593,1]
11-19 04:07:09.560 2342 2342 I sysui_multi_action: [757,491,758,1,759,491,927,4,928,0,1311,-1,1593,0]
11-19 04:07:09.560 2342 2342 I sysui_multi_action: [757,0,758,1,759,0,927,5,928,0,1593,0]
11-19 04:07:09.560 2342 2342 I sysui_multi_action: [757,111,758,1]
11-19 04:07:09.560 2342 2342 I sysui_multi_action: [757,126,758,1,759,126,927,0,928,0,1593,1]
11-19 04:07:09.560 2342 2342 I sysui_multi_action: [757,113,758,1,759,113,927,1,928,1,1593,1]
11-19 04:07:09.560 2342 2342 I sysui_multi_action: [757,0,758,1,759,0,927,2,928,0,1593,1]
11-19 04:07:09.560 2342 2342 I sysui_multi_action: [757,0,758,1,759,0,927,3,928,0,1593,1]
11-19 04:07:09.561 1499 1645 I am_wtf : [0,1499,system_server,-1,DisplayDeviceConfig,requesting nits when no mapping exists.]
11-19 04:07:09.572 1499 1645 I am_wtf : [0,1499,system_server,-1,DisplayDeviceConfig,requesting nits when no mapping exists.]
11-19 04:07:09.573 1499 1645 I am_wtf : [0,1499,system_server,-1,DisplayDeviceConfig,requesting nits when no mapping exists.]
11-19 04:07:09.574 2342 2342 I sysui_multi_action: [757,111,758,2]
11-19 04:07:09.574 2342 2342 I sysui_multi_action: [757,111,758,2]
11-19 04:07:09.574 1499 1499 I notification_enqueue: [10081,2342,com.android.systemui,2048,NULL,0,Notification(channel=updateNotification shortcut=null contentView=null vibrate=null sound=null defaults=0x0 flags=0x0 color=0x00000000 vis=PRIVATE),1]
11-19 04:07:09.576 2342 2342 I sysui_multi_action: [757,111,758,1]
11-19 04:07:09.576 2342 2342 I sysui_multi_action: [757,126,758,1,759,126,927,0,928,0,1593,1]
11-19 04:07:09.576 2342 2342 I sysui_multi_action: [757,113,758,1,759,113,927,1,928,1,1593,1]
11-19 04:07:09.576 2342 2342 I sysui_multi_action: [757,0,758,1,759,0,927,2,928,0,1593,1]
11-19 04:07:09.576 2342 2342 I sysui_multi_action: [757,0,758,1,759,0,927,3,928,0,1593,1]
11-19 04:07:09.577 2342 2342 I sysui_multi_action: [757,491,758,1,759,491,927,4,928,0,1311,-1,1593,0]
11-19 04:07:09.577 2342 2342 I sysui_multi_action: [757,0,758,1,759,0,927,5,928,0,1593,0]
11-19 04:07:09.577 2342 2342 I sysui_multi_action: [757,111,758,1]
11-19 04:07:09.577 2342 2342 I sysui_multi_action: [757,126,758,1,759,126,927,0,928,0,1593,1]
11-19 04:07:09.577 2342 2342 I sysui_multi_action: [757,113,758,1,759,113,927,1,928,1,1593,1]
11-19 04:07:09.577 2342 2342 I sysui_multi_action: [757,0,758,1,759,0,927,2,928,0,1593,1]
11-19 04:07:09.577 2342 2342 I sysui_multi_action: [757,0,758,1,759,0,927,3,928,0,1593,1]
11-19 04:07:09.590 2342 2342 I sysui_multi_action: [757,111,758,2]
11-19 04:07:09.590 1499 1499 I notification_enqueue: [10081,2342,com.android.systemui,2048,NULL,0,Notification(channel=updateNotification shortcut=null contentView=null vibrate=null sound=null defaults=0x0 flags=0x0 color=0x00000000 vis=PRIVATE),1]
11-19 04:07:09.590 2342 2342 I sysui_multi_action: [757,111,758,2]
11-19 04:07:09.593 2342 2342 I sysui_multi_action: [757,111,758,1]
11-19 04:07:09.593 2342 2342 I sysui_multi_action: [757,126,758,1,759,126,927,0,928,0,1593,1]
11-19 04:07:09.593 2342 2342 I sysui_multi_action: [757,113,758,1,759,113,927,1,928,1,1593,1]
11-19 04:07:09.593 2342 2342 I sysui_multi_action: [757,0,758,1,759,0,927,2,928,0,1593,1]
11-19 04:07:09.593 2342 2342 I sysui_multi_action: [757,0,758,1,759,0,927,3,928,0,1593,1]
11-19 04:07:09.594 2342 2342 I sysui_multi_action: [757,491,758,1,759,491,927,4,928,0,1311,-1,1593,0]
11-19 04:07:09.594 1499 1645 I am_wtf : [0,1499,system_server,-1,DisplayDeviceConfig,requesting nits when no mapping exists.]
11-19 04:07:09.594 2342 2342 I sysui_multi_action: [757,0,758,1,759,0,927,5,928,0,1593,0]
11-19 04:07:09.594 2342 2342 I sysui_multi_action: [757,111,758,1]
11-19 04:07:09.594 2342 2342 I sysui_multi_action: [757,126,758,1,759,126,927,0,928,0,1593,1]
11-19 04:07:09.594 2342 2342 I sysui_multi_action: [757,113,758,1,759,113,927,1,928,1,1593,1]
11-19 04:07:09.594 2342 2342 I sysui_multi_action: [757,0,758,1,759,0,927,2,928,0,1593,1]
11-19 04:07:09.594 2342 2342 I sysui_multi_action: [757,0,758,1,759,0,927,3,928,0,1593,1]
11-19 04:07:09.594 1499 1645 I am_wtf : [0,1499,system_server,-1,DisplayDeviceConfig,requesting nits when no mapping exists.]
11-19 04:07:09.606 1499 1645 I am_wtf : [0,1499,system_server,-1,DisplayDeviceConfig,requesting nits when no mapping exists.]
11-19 04:07:09.607 1499 1645 I am_wtf : [0,1499,system_server,-1,DisplayDeviceConfig,requesting nits when no mapping exists.]
11-19 04:07:09.611 2342 2342 I sysui_multi_action: [757,111,758,2]
11-19 04:07:09.611 2342 2342 I sysui_multi_action: [757,111,758,2]
11-19 04:07:09.612 1499 1499 I notification_enqueue: [10081,2342,com.android.systemui,2048,NULL,0,Notification(channel=updateNotification shortcut=null contentView=null vibrate=null sound=null defaults=0x0 flags=0x0 color=0x00000000 vis=PRIVATE),1]
11-19 04:07:09.614 2342 2342 I sysui_multi_action: [757,111,758,1]
11-19 04:07:09.614 2342 2342 I sysui_multi_action: [757,126,758,1,759,126,927,0,928,0,1593,1]
11-19 04:07:09.614 2342 2342 I sysui_multi_action: [757,113,758,1,759,113,927,1,928,1,1593,1]
11-19 04:07:09.615 2342 2342 I sysui_multi_action: [757,0,758,1,759,0,927,2,928,0,1593,1]
11-19 04:07:09.615 2342 2342 I sysui_multi_action: [757,0,758,1,759,0,927,3,928,0,1593,1]
11-19 04:07:09.615 2342 2342 I sysui_multi_action: [757,491,758,1,759,491,927,4,928,0,1311,-1,1593,0]
11-19 04:07:09.615 2342 2342 I sysui_multi_action: [757,0,758,1,759,0,927,5,928,0,1593,0]
11-19 04:07:09.615 2342 2342 I sysui_multi_action: [757,111,758,1]
11-19 04:07:09.615 2342 2342 I sysui_multi_action: [757,126,758,1,759,126,927,0,928,0,1593,1]
11-19 04:07:09.615 2342 2342 I sysui_multi_action: [757,113,758,1,759,113,927,1,928,1,1593,1]
11-19 04:07:09.615 2342 2342 I sysui_multi_action: [757,0,758,1,759,0,927,2,928,0,1593,1]
11-19 04:07:09.615 2342 2342 I sysui_multi_action: [757,0,758,1,759,0,927,3,928,0,1593,1]
11-19 04:07:09.622 1499 1645 I am_wtf : [0,1499,system_server,-1,DisplayDeviceConfig,requesting nits when no mapping exists.]
11-19 04:07:09.624 1499 1645 I am_wtf : [0,1499,system_server,-1,DisplayDeviceConfig,requesting nits when no mapping exists.]
11-19 04:07:09.624 2342 2342 I sysui_multi_action: [757,111,758,2]
11-19 04:07:09.624 1499 1499 I notification_enqueue: [10081,2342,com.android.systemui,2048,NULL,0,Notification(channel=updateNotification shortcut=null contentView=null vibrate=null sound=null defaults=0x0 flags=0x0 color=0x00000000 vis=PRIVATE),1]
11-19 04:07:09.624 2342 2342 I sysui_multi_action: [757,111,758,2]
11-19 04:07:09.628 2342 2342 I sysui_multi_action: [757,111,758,1]
11-19 04:07:09.628 2342 2342 I sysui_multi_action: [757,126,758,1,759,126,927,0,928,0,1593,1]
11-19 04:07:09.628 2342 2342 I sysui_multi_action: [757,113,758,1,759,113,927,1,928,1,1593,1]
11-19 04:07:09.628 2342 2342 I sysui_multi_action: [757,0,758,1,759,0,927,2,928,0,1593,1]
11-19 04:07:09.628 2342 2342 I sysui_multi_action: [757,0,758,1,759,0,927,3,928,0,1593,1]
11-19 04:07:09.628 2342 2342 I sysui_multi_action: [757,491,758,1,759,491,927,4,928,0,1311,-1,1593,0]
11-19 04:07:09.628 2342 2342 I sysui_multi_action: [757,0,758,1,759,0,927,5,928,0,1593,0]
11-19 04:07:09.628 2342 2342 I sysui_multi_action: [757,111,758,1]
11-19 04:07:09.628 2342 2342 I sysui_multi_action: [757,126,758,1,759,126,927,0,928,0,1593,1]
11-19 04:07:09.628 2342 2342 I sysui_multi_action: [757,113,758,1,759,113,927,1,928,1,1593,1]
11-19 04:07:09.628 2342 2342 I sysui_multi_action: [757,0,758,1,759,0,927,2,928,0,1593,1]
11-19 04:07:09.629 2342 2342 I sysui_multi_action: [757,0,758,1,759,0,927,3,928,0,1593,1]
11-19 04:07:09.639 2342 2342 I sysui_multi_action: [757,111,758,2]
11-19 04:07:09.639 1499 1499 I notification_enqueue: [10081,2342,com.android.systemui,2048,NULL,0,Notification(channel=updateNotification shortcut=null contentView=null vibrate=null sound=null defaults=0x0 flags=0x0 color=0x00000000 vis=PRIVATE),1]
11-19 04:07:09.639 2342 2342 I sysui_multi_action: [757,111,758,2]
11-19 04:07:09.642 2342 2342 I sysui_multi_action: [757,111,758,1]
11-19 04:07:09.642 2342 2342 I sysui_multi_action: [757,126,758,1,759,126,927,0,928,0,1593,1]
11-19 04:07:09.642 2342 2342 I sysui_multi_action: [757,113,758,1,759,113,927,1,928,1,1593,1]
11-19 04:07:09.642 2342 2342 I sysui_multi_action: [757,0,758,1,759,0,927,2,928,0,1593,1]
11-19 04:07:09.642 2342 2342 I sysui_multi_action: [757,0,758,1,759,0,927,3,928,0,1593,1]
11-19 04:07:09.643 2342 2342 I sysui_multi_action: [757,491,758,1,759,491,927,4,928,0,1311,-1,1593,0]
11-19 04:07:09.643 2342 2342 I sysui_multi_action: [757,0,758,1,759,0,927,5,928,0,1593,0]
11-19 04:07:09.643 2342 2342 I sysui_multi_action: [757,111,758,1]
11-19 04:07:09.643 2342 2342 I sysui_multi_action: [757,126,758,1,759,126,927,0,928,0,1593,1]
11-19 04:07:09.643 2342 2342 I sysui_multi_action: [757,113,758,1,759,113,927,1,928,1,1593,1]
11-19 04:07:09.643 2342 2342 I sysui_multi_action: [757,0,758,1,759,0,927,2,928,0,1593,1]
11-19 04:07:09.643 2342 2342 I sysui_multi_action: [757,0,758,1,759,0,927,3,928,0,1593,1]
11-19 04:07:09.644 1499 1645 I am_wtf : [0,1499,system_server,-1,DisplayDeviceConfig,requesting nits when no mapping exists.]
11-19 04:07:09.646 1499 1645 I am_wtf : [0,1499,system_server,-1,DisplayDeviceConfig,requesting nits when no mapping exists.]
11-19 04:07:09.657 1499 1645 I am_wtf : [0,1499,system_server,-1,DisplayDeviceConfig,requesting nits when no mapping exists.]
11-19 04:07:09.661 1499 1645 I am_wtf : [0,1499,system_server,-1,DisplayDeviceConfig,requesting nits when no mapping exists.]
11-19 04:07:09.661 1499 1499 I notification_enqueue: [10081,2342,com.android.systemui,2048,NULL,0,Notification(channel=updateNotification shortcut=null contentView=null vibrate=null sound=null defaults=0x0 flags=0x0 color=0x00000000 vis=PRIVATE),1]
11-19 04:07:09.661 2342 2342 I sysui_multi_action: [757,111,758,2]
11-19 04:07:09.661 2342 2342 I sysui_multi_action: [757,111,758,2]
11-19 04:07:09.665 2342 2342 I sysui_multi_action: [757,111,758,1]
11-19 04:07:09.665 2342 2342 I sysui_multi_action: [757,126,758,1,759,126,927,0,928,0,1593,1]
11-19 04:07:09.666 2342 2342 I sysui_multi_action: [757,113,758,1,759,113,927,1,928,1,1593,1]
11-19 04:07:09.666 2342 2342 I sysui_multi_action: [757,0,758,1,759,0,927,2,928,0,1593,1]
11-19 04:07:09.666 2342 2342 I sysui_multi_action: [757,0,758,1,759,0,927,3,928,0,1593,1]
11-19 04:07:09.666 2342 2342 I sysui_multi_action: [757,491,758,1,759,491,927,4,928,0,1311,-1,1593,0]
11-19 04:07:09.666 2342 2342 I sysui_multi_action: [757,0,758,1,759,0,927,5,928,0,1593,0]
11-19 04:07:09.666 2342 2342 I sysui_multi_action: [757,111,758,1]
11-19 04:07:09.666 2342 2342 I sysui_multi_action: [757,126,758,1,759,126,927,0,928,0,1593,1]
11-19 04:07:09.666 2342 2342 I sysui_multi_action: [757,113,758,1,759,113,927,1,928,1,1593,1]
11-19 04:07:09.666 2342 2342 I sysui_multi_action: [757,0,758,1,759,0,927,2,928,0,1593,1]
11-19 04:07:09.667 2342 2342 I sysui_multi_action: [757,0,758,1,759,0,927,3,928,0,1593,1]
11-19 04:07:09.672 1499 1645 I am_wtf : [0,1499,system_server,-1,DisplayDeviceConfig,requesting nits when no mapping exists.]
11-19 04:07:09.673 1499 1645 I am_wtf : [0,1499,system_server,-1,DisplayDeviceConfig,requesting nits when no mapping exists.]
11-19 04:07:09.681 2342 2342 I sysui_multi_action: [757,111,758,2]
11-19 04:07:09.681 2342 2342 I sysui_multi_action: [757,111,758,2]
11-19 04:07:09.681 1499 1499 I notification_enqueue: [10081,2342,com.android.systemui,2048,NULL,0,Notification(channel=updateNotification shortcut=null contentView=null vibrate=null sound=null defaults=0x0 flags=0x0 color=0x00000000 vis=PRIVATE),1]
11-19 04:07:09.688 1499 1645 I am_wtf : [0,1499,system_server,-1,DisplayDeviceConfig,requesting nits when no mapping exists.]
11-19 04:07:09.689 1499 1645 I am_wtf : [0,1499,system_server,-1,DisplayDeviceConfig,requesting nits when no mapping exists.]
11-19 04:07:09.697 2342 2342 I sysui_multi_action: [757,111,758,1]
11-19 04:07:09.697 2342 2342 I sysui_multi_action: [757,126,758,1,759,126,927,0,928,0,1593,1]
11-19 04:07:09.697 2342 2342 I sysui_multi_action: [757,113,758,1,759,113,927,1,928,1,1593,1]
11-19 04:07:09.697 2342 2342 I sysui_multi_action: [757,0,758,1,759,0,927,2,928,0,1593,1]
11-19 04:07:09.697 2342 2342 I sysui_multi_action: [757,0,758,1,759,0,927,3,928,0,1593,1]
11-19 04:07:09.697 2342 2342 I sysui_multi_action: [757,491,758,1,759,491,927,4,928,0,1311,-1,1593,0]
11-19 04:07:09.698 2342 2342 I sysui_multi_action: [757,0,758,1,759,0,927,5,928,0,1593,0]
11-19 04:07:09.698 2342 2342 I sysui_multi_action: [757,111,758,1]
11-19 04:07:09.698 2342 2342 I sysui_multi_action: [757,126,758,1,759,126,927,0,928,0,1593,1]
11-19 04:07:09.698 2342 2342 I sysui_multi_action: [757,113,758,1,759,113,927,1,928,1,1593,1]
11-19 04:07:09.698 2342 2342 I sysui_multi_action: [757,0,758,1,759,0,927,2,928,0,1593,1]
11-19 04:07:09.698 2342 2342 I sysui_multi_action: [757,0,758,1,759,0,927,3,928,0,1593,1]
11-19 04:07:09.706 1499 1645 I am_wtf : [0,1499,system_server,-1,DisplayDeviceConfig,requesting nits when no mapping exists.]
11-19 04:07:09.706 1499 1645 I am_wtf : [0,1499,system_server,-1,DisplayDeviceConfig,requesting nits when no mapping exists.]
11-19 04:07:09.715 2342 2342 I sysui_multi_action: [757,111,758,2]
11-19 04:07:09.715 2342 2342 I sysui_multi_action: [757,111,758,2]
11-19 04:07:09.715 1499 1499 I notification_enqueue: [10081,2342,com.android.systemui,2048,NULL,0,Notification(channel=updateNotification shortcut=null contentView=null vibrate=null sound=null defaults=0x0 flags=0x0 color=0x00000000 vis=PRIVATE),1]
11-19 04:07:09.717 1499 1729 I sysui_multi_action: [757,128,758,2,793,10030907,794,66034,795,10030907,796,26,798,0,806,android,857,DEVELOPER_IMPORTANT,858,4,947,0,1395,2,1500,10030703,1688,1]
11-19 04:07:09.717 1499 1729 I notification_visibility: [-1|android|26|null|1000,0,10030907,10030907,0,0]
11-19 04:07:09.717 1499 1729 I sysui_multi_action: [757,128,758,2,793,10085480,794,66034,795,10085480,796,32,798,1,806,android,857,USB,858,1,947,0,1395,2,1500,10084803,1688,1]
11-19 04:07:09.717 1499 1729 I notification_visibility: [-1|android|32|null|1000,0,10085480,10085480,0,1]
11-19 04:07:09.719 1499 1729 I sysui_multi_action: [757,127,758,2]
11-19 04:07:09.719 1499 1729 I notification_panel_hidden:
11-19 04:07:09.724 1499 1645 I am_wtf : [0,1499,system_server,-1,DisplayDeviceConfig,requesting nits when no mapping exists.]
11-19 04:07:09.725 1499 1645 I am_wtf : [0,1499,system_server,-1,DisplayDeviceConfig,requesting nits when no mapping exists.]
11-19 04:07:09.735 2342 2342 I sysui_multi_action: [757,111,758,1]
11-19 04:07:09.735 2342 2342 I sysui_multi_action: [757,126,758,1,759,126,927,0,928,0,1593,0]
11-19 04:07:09.735 2342 2342 I sysui_multi_action: [757,113,758,1,759,113,927,1,928,1,1593,0]
11-19 04:07:09.735 2342 2342 I sysui_multi_action: [757,0,758,1,759,0,927,2,928,0,1593,0]
11-19 04:07:09.735 2342 2342 I sysui_multi_action: [757,0,758,1,759,0,927,3,928,0,1593,0]
11-19 04:07:09.735 2342 2342 I sysui_multi_action: [757,491,758,1,759,491,927,4,928,0,1311,-1,1593,0]
11-19 04:07:09.735 2342 2342 I sysui_multi_action: [757,0,758,1,759,0,927,5,928,0,1593,0]
11-19 04:07:09.735 2342 2342 I sysui_multi_action: [757,111,758,1]
11-19 04:07:09.735 2342 2342 I sysui_multi_action: [757,126,758,1,759,126,927,0,928,0,1593,0]
11-19 04:07:09.735 2342 2342 I sysui_multi_action: [757,113,758,1,759,113,927,1,928,1,1593,0]
11-19 04:07:09.735 2342 2342 I sysui_multi_action: [757,0,758,1,759,0,927,2,928,0,1593,0]
11-19 04:07:09.735 2342 2342 I sysui_multi_action: [757,0,758,1,759,0,927,3,928,0,1593,0]
11-19 04:07:09.739 1499 1645 I am_wtf : [0,1499,system_server,-1,DisplayDeviceConfig,requesting nits when no mapping exists.]
11-19 04:07:09.740 1499 1645 I am_wtf : [0,1499,system_server,-1,DisplayDeviceConfig,requesting nits when no mapping exists.]
11-19 04:07:09.755 1499 1645 I am_wtf : [0,1499,system_server,-1,DisplayDeviceConfig,requesting nits when no mapping exists.]
11-19 04:07:09.757 1499 1637 I wm_stop_activity: [0,121204407,com.android.settings/.Settings]
11-19 04:07:09.757 1499 1645 I am_wtf : [0,1499,system_server,-1,DisplayDeviceConfig,requesting nits when no mapping exists.]
11-19 04:07:09.773 1499 1645 I am_wtf : [0,1499,system_server,-1,DisplayDeviceConfig,requesting nits when no mapping exists.]
11-19 04:07:09.774 1499 1645 I am_wtf : [0,1499,system_server,-1,DisplayDeviceConfig,requesting nits when no mapping exists.]
11-19 04:07:09.786 6725 6725 I wm_on_stop_called: [121204407,com.android.settings.Settings,STOP_ACTIVITY_ITEM]
11-19 04:07:09.789 1499 1645 I am_wtf : [0,1499,system_server,-1,DisplayDeviceConfig,requesting nits when no mapping exists.]
11-19 04:07:09.789 1499 1645 I am_wtf : [0,1499,system_server,-1,DisplayDeviceConfig,requesting nits when no mapping exists.]
11-19 04:07:09.807 1499 1645 I am_wtf : [0,1499,system_server,-1,DisplayDeviceConfig,requesting nits when no mapping exists.]
11-19 04:07:09.808 1499 1645 I am_wtf : [0,1499,system_server,-1,DisplayDeviceConfig,requesting nits when no mapping exists.]
11-19 04:07:09.823 1499 1645 I am_wtf : [0,1499,system_server,-1,DisplayDeviceConfig,requesting nits when no mapping exists.]
11-19 04:07:09.828 1499 1645 I am_wtf : [0,1499,system_server,-1,DisplayDeviceConfig,requesting nits when no mapping exists.]
11-19 04:07:09.837 1499 1645 I am_wtf : [0,1499,system_server,-1,DisplayDeviceConfig,requesting nits when no mapping exists.]
11-19 04:07:09.838 1499 1645 I am_wtf : [0,1499,system_server,-1,DisplayDeviceConfig,requesting nits when no mapping exists.]
11-19 04:07:09.854 1499 1645 I am_wtf : [0,1499,system_server,-1,DisplayDeviceConfig,requesting nits when no mapping exists.]
11-19 04:07:09.855 1499 1645 I am_wtf : [0,1499,system_server,-1,DisplayDeviceConfig,requesting nits when no mapping exists.]
11-19 04:07:09.870 1499 1645 I am_wtf : [0,1499,system_server,-1,DisplayDeviceConfig,requesting nits when no mapping exists.]
11-19 04:07:09.871 1499 1645 I am_wtf : [0,1499,system_server,-1,DisplayDeviceConfig,requesting nits when no mapping exists.]
11-19 04:07:09.887 1499 1645 I am_wtf : [0,1499,system_server,-1,DisplayDeviceConfig,requesting nits when no mapping exists.]
11-19 04:07:09.888 1499 1645 I am_wtf : [0,1499,system_server,-1,DisplayDeviceConfig,requesting nits when no mapping exists.]
11-19 04:07:09.903 1499 1645 I am_wtf : [0,1499,system_server,-1,DisplayDeviceConfig,requesting nits when no mapping exists.]
11-19 04:07:09.905 1499 1645 I am_wtf : [0,1499,system_server,-1,DisplayDeviceConfig,requesting nits when no mapping exists.]
11-19 04:07:09.921 1499 1645 I am_wtf : [0,1499,system_server,-1,DisplayDeviceConfig,requesting nits when no mapping exists.]
11-19 04:07:09.922 1499 1645 I am_wtf : [0,1499,system_server,-1,DisplayDeviceConfig,requesting nits when no mapping exists.]
11-19 04:07:09.937 1499 1645 I am_wtf : [0,1499,system_server,-1,DisplayDeviceConfig,requesting nits when no mapping exists.]
11-19 04:07:09.938 1499 1645 I am_wtf : [0,1499,system_server,-1,DisplayDeviceConfig,requesting nits when no mapping exists.]
11-19 04:07:09.953 1499 1645 I am_wtf : [0,1499,system_server,-1,DisplayDeviceConfig,requesting nits when no mapping exists.]
11-19 04:07:09.955 1499 1645 I am_wtf : [0,1499,system_server,-1,DisplayDeviceConfig,requesting nits when no mapping exists.]
11-19 04:07:09.970 1499 1645 I am_wtf : [0,1499,system_server,-1,DisplayDeviceConfig,requesting nits when no mapping exists.]
11-19 04:07:09.971 1499 1645 I am_wtf : [0,1499,system_server,-1,DisplayDeviceConfig,requesting nits when no mapping exists.]
11-19 04:07:09.989 1499 1645 I am_wtf : [0,1499,system_server,-1,DisplayDeviceConfig,requesting nits when no mapping exists.]
11-19 04:07:09.990 1499 1645 I am_wtf : [0,1499,system_server,-1,DisplayDeviceConfig,requesting nits when no mapping exists.]
11-19 04:07:10.004 1499 1645 I am_wtf : [0,1499,system_server,-1,DisplayDeviceConfig,requesting nits when no mapping exists.]
11-19 04:07:10.005 1499 1645 I am_wtf : [0,1499,system_server,-1,DisplayDeviceConfig,requesting nits when no mapping exists.]
11-19 04:07:10.022 1499 1645 I am_wtf : [0,1499,system_server,-1,DisplayDeviceConfig,requesting nits when no mapping exists.]
11-19 04:07:10.023 1499 1645 I am_wtf : [0,1499,system_server,-1,DisplayDeviceConfig,requesting nits when no mapping exists.]
11-19 04:07:10.037 1499 1645 I am_wtf : [0,1499,system_server,-1,DisplayDeviceConfig,requesting nits when no mapping exists.]
11-19 04:07:10.038 1499 1645 I am_wtf : [0,1499,system_server,-1,DisplayDeviceConfig,requesting nits when no mapping exists.]
11-19 04:07:10.054 1499 1645 I am_wtf : [0,1499,system_server,-1,DisplayDeviceConfig,requesting nits when no mapping exists.]
11-19 04:07:10.055 1499 1645 I am_wtf : [0,1499,system_server,-1,DisplayDeviceConfig,requesting nits when no mapping exists.]
11-19 04:07:10.071 1499 1645 I am_wtf : [0,1499,system_server,-1,DisplayDeviceConfig,requesting nits when no mapping exists.]
11-19 04:07:10.072 1499 1645 I am_wtf : [0,1499,system_server,-1,DisplayDeviceConfig,requesting nits when no mapping exists.]
11-19 04:07:10.088 1499 1645 I am_wtf : [0,1499,system_server,-1,DisplayDeviceConfig,requesting nits when no mapping exists.]
11-19 04:07:10.089 1499 1645 I am_wtf : [0,1499,system_server,-1,DisplayDeviceConfig,requesting nits when no mapping exists.]
11-19 04:07:10.107 1499 1645 I am_wtf : [0,1499,system_server,-1,DisplayDeviceConfig,requesting nits when no mapping exists.]
11-19 04:07:10.109 1499 1645 I am_wtf : [0,1499,system_server,-1,DisplayDeviceConfig,requesting nits when no mapping exists.]
11-19 04:07:10.122 1499 1645 I am_wtf : [0,1499,system_server,-1,DisplayDeviceConfig,requesting nits when no mapping exists.]
11-19 04:07:10.123 1499 1645 I am_wtf : [0,1499,system_server,-1,DisplayDeviceConfig,requesting nits when no mapping exists.]
11-19 04:07:10.131 8166 8166 I auditd : type=1400 audit(0.0:5938): avc: denied { kill } for comm="kworker/u17:2" capability=5 scontext=u:r:kernel:s0 tcontext=u:r:kernel:s0 tclass=capability permissive=0
11-19 04:07:10.137 1499 1645 I am_wtf : [0,1499,system_server,-1,DisplayDeviceConfig,requesting nits when no mapping exists.]
11-19 04:07:10.138 1499 1645 I am_wtf : [0,1499,system_server,-1,DisplayDeviceConfig,requesting nits when no mapping exists.]
11-19 04:07:10.155 1499 1645 I am_wtf : [0,1499,system_server,-1,DisplayDeviceConfig,requesting nits when no mapping exists.]
11-19 04:07:10.155 1499 1645 I am_wtf : [0,1499,system_server,-1,DisplayDeviceConfig,requesting nits when no mapping exists.]
11-19 04:07:10.171 1499 1645 I am_wtf : [0,1499,system_server,-1,DisplayDeviceConfig,requesting nits when no mapping exists.]
11-19 04:07:10.173 1499 1645 I am_wtf : [0,1499,system_server,-1,DisplayDeviceConfig,requesting nits when no mapping exists.]
11-19 04:07:10.188 1499 1645 I am_wtf : [0,1499,system_server,-1,DisplayDeviceConfig,requesting nits when no mapping exists.]
11-19 04:07:10.190 1499 1645 I am_wtf : [0,1499,system_server,-1,DisplayDeviceConfig,requesting nits when no mapping exists.]
11-19 04:07:10.204 1499 1645 I am_wtf : [0,1499,system_server,-1,DisplayDeviceConfig,requesting nits when no mapping exists.]
11-19 04:07:10.206 1499 1645 I am_wtf : [0,1499,system_server,-1,DisplayDeviceConfig,requesting nits when no mapping exists.]
11-19 04:07:11.131 0 0 I auditd : type=1400 audit(0.0:5939): avc: denied { kill } for comm="swapper/1" capability=5 scontext=u:r:kernel:s0 tcontext=u:r:kernel:s0 tclass=capability permissive=0
11-19 04:07:13.131 0 0 I auditd : type=1400 audit(0.0:5940): avc: denied { kill } for comm="swapper/3" capability=5 scontext=u:r:kernel:s0 tcontext=u:r:kernel:s0 tclass=capability permissive=0
11-19 04:07:14.131 0 0 I auditd : type=1400 audit(0.0:5941): avc: denied { kill } for comm="swapper/3" capability=5 scontext=u:r:kernel:s0 tcontext=u:r:kernel:s0 tclass=capability permissive=0
11-19 04:07:15.131 0 0 I auditd : type=1400 audit(0.0:5942): avc: denied { kill } for comm="swapper/3" capability=5 scontext=u:r:kernel:s0 tcontext=u:r:kernel:s0 tclass=capability permissive=0
11-19 04:07:16.131 0 0 I auditd : type=1400 audit(0.0:5943): avc: denied { kill } for comm="swapper/3" capability=5 scontext=u:r:kernel:s0 tcontext=u:r:kernel:s0 tclass=capability permissive=0
11-19 04:07:17.131 0 0 I auditd : type=1400 audit(0.0:5944): avc: denied { kill } for comm="swapper/3" capability=5 scontext=u:r:kernel:s0 tcontext=u:r:kernel:s0 tclass=capability permissive=0
11-19 04:07:18.131 0 0 I auditd : type=1400 audit(0.0:5945): avc: denied { kill } for comm="swapper/3" capability=5 scontext=u:r:kernel:s0 tcontext=u:r:kernel:s0 tclass=capability permissive=0
11-19 04:07:19.131 0 0 I auditd : type=1400 audit(0.0:5946): avc: denied { kill } for comm="swapper/3" capability=5 scontext=u:r:kernel:s0 tcontext=u:r:kernel:s0 tclass=capability permissive=0
11-19 04:07:20.131 0 0 I auditd : type=1400 audit(0.0:5947): avc: denied { kill } for comm="swapper/3" capability=5 scontext=u:r:kernel:s0 tcontext=u:r:kernel:s0 tclass=capability permissive=0
11-19 04:07:21.131 0 0 I auditd : type=1400 audit(0.0:5948): avc: denied { kill } for comm="swapper/3" capability=5 scontext=u:r:kernel:s0 tcontext=u:r:kernel:s0 tclass=capability permissive=0
11-19 04:07:22.131 0 0 I auditd : type=1400 audit(0.0:5949): avc: denied { kill } for comm="swapper/3" capability=5 scontext=u:r:kernel:s0 tcontext=u:r:kernel:s0 tclass=capability permissive=0
11-19 04:07:23.131 0 0 I auditd : type=1400 audit(0.0:5950): avc: denied { kill } for comm="swapper/3" capability=5 scontext=u:r:kernel:s0 tcontext=u:r:kernel:s0 tclass=capability permissive=0
11-19 04:07:24.131 0 0 I auditd : type=1400 audit(0.0:5951): avc: denied { kill } for comm="swapper/3" capability=5 scontext=u:r:kernel:s0 tcontext=u:r:kernel:s0 tclass=capability permissive=0
11-19 04:07:25.131 0 0 I auditd : type=1400 audit(0.0:5952): avc: denied { kill } for comm="swapper/3" capability=5 scontext=u:r:kernel:s0 tcontext=u:r:kernel:s0 tclass=capability permissive=0
11-19 04:07:26.131 0 0 I auditd : type=1400 audit(0.0:5953): avc: denied { kill } for comm="swapper/3" capability=5 scontext=u:r:kernel:s0 tcontext=u:r:kernel:s0 tclass=capability permissive=0
11-19 04:07:27.131 0 0 I auditd : type=1400 audit(0.0:5954): avc: denied { kill } for comm="swapper/3" capability=5 scontext=u:r:kernel:s0 tcontext=u:r:kernel:s0 tclass=capability permissive=0
11-19 04:07:28.131 0 0 I auditd : type=1400 audit(0.0:5955): avc: denied { kill } for comm="swapper/3" capability=5 scontext=u:r:kernel:s0 tcontext=u:r:kernel:s0 tclass=capability permissive=0
11-19 04:07:29.131 0 0 I auditd : type=1400 audit(0.0:5956): avc: denied { kill } for comm="swapper/3" capability=5 scontext=u:r:kernel:s0 tcontext=u:r:kernel:s0 tclass=capability permissive=0
11-19 04:07:29.235 1499 1831 I input_interaction: Interaction with: aa5a2d6 com.thundercomm.screensaver/android.service.dreams.DreamActivity (server), edge-swipe (server), swipe-up (server), PointerEventDispatcher0 (server),
11-19 04:07:29.242 1499 1729 I wm_finish_activity: [0,158028286,31,com.thundercomm.screensaver/android.service.dreams.DreamActivity,finish-activity]
11-19 04:07:29.242 1499 1499 I service_manager_stats: [114,70,19966]
11-19 04:07:29.242 1499 1729 I wm_task_moved: [29,1,6]
11-19 04:07:29.242 1499 1729 I wm_task_to_front: [0,29]
11-19 04:07:29.244 1499 1729 I wm_focused_root_task: [0,0,29,31,finish-top adjustFocusToNextFocusableTask]
11-19 04:07:29.246 1499 1729 I wm_pause_activity: [0,158028286,com.thundercomm.screensaver/android.service.dreams.DreamActivity,userLeaving=false,finish]
11-19 04:07:29.255 4805 4805 I wm_on_top_resumed_lost_called: [158028286,android.service.dreams.DreamActivity,topStateChangedWhenResumed]
11-19 04:07:29.257 4805 4805 I wm_on_paused_called: [158028286,android.service.dreams.DreamActivity,performPause]
11-19 04:07:29.257 1499 1637 I sysui_multi_action: [757,803,799,window_time_0,802,20]
11-19 04:07:29.259 1499 5048 I wm_add_to_stopping: [0,158028286,com.thundercomm.screensaver/android.service.dreams.DreamActivity,completeFinishing]
11-19 04:07:29.263 1499 5048 I wm_set_resumed_activity: [0,com.android.settings/.Settings,resumeTopActivityInnerLocked]
11-19 04:07:29.265 1499 5048 I wm_resume_activity: [0,121204407,29,com.android.settings/.Settings]
11-19 04:07:29.271 1499 1637 I sysui_multi_action: [757,803,799,window_time_0,802,0]
11-19 04:07:29.280 4805 4805 I view_enqueue_input_event: [Motion - Cancel,com.thundercomm.screensaver/android.service.dreams.DreamActivity]
11-19 04:07:29.281 1499 1831 I input_focus: [Focus leaving aa5a2d6 com.thundercomm.screensaver/android.service.dreams.DreamActivity (server),reason=NO_WINDOW]
11-19 04:07:29.283 6725 6725 I wm_on_restart_called: [121204407,com.android.settings.Settings,performRestartActivity]
11-19 04:07:29.298 6725 6725 I wm_on_start_called: [121204407,com.android.settings.Settings,handleStartActivity]
11-19 04:07:29.299 6725 6725 I snet_event_log: [120484087,-1,]
11-19 04:07:29.300 6725 6725 I wm_on_resume_called: [121204407,com.android.settings.Settings,RESUME_ACTIVITY]
11-19 04:07:29.300 6725 6725 I sysui_multi_action: [757,35,758,1,833,0,1089,0]
11-19 04:07:29.308 6725 6725 I sysui_multi_action: [757,746,758,1,833,0,1089,0]
11-19 04:07:29.308 1499 2757 D TelephonyRegistry: listen oscl: mHasNotifySubscriptionInfoChangedOccurred==false no callback
11-19 04:07:29.311 1499 4678 D TelephonyRegistry: listen oscl: mHasNotifySubscriptionInfoChangedOccurred==false no callback
11-19 04:07:29.318 6725 6725 I wm_on_top_resumed_gained_called: [121204407,com.android.settings.Settings,topWhenResuming]
11-19 04:07:29.323 1499 1638 I input_focus: [Focus request 688adb5 com.android.settings/com.android.settings.Settings,reason=UpdateInputWindows]
11-19 04:07:29.338 1499 1831 I input_focus: [Focus entering 688adb5 com.android.settings/com.android.settings.Settings (server),reason=setFocusedWindow]
11-19 04:07:29.844 1499 1637 I wm_destroy_activity: [0,158028286,31,com.thundercomm.screensaver/android.service.dreams.DreamActivity,finish-imm:idle]
11-19 04:07:29.865 4805 4805 I wm_on_stop_called: [158028286,android.service.dreams.DreamActivity,LIFECYCLER_STOP_ACTIVITY]
11-19 04:07:29.866 4805 4805 I wm_on_destroy_called: [158028286,android.service.dreams.DreamActivity,performDestroy]
11-19 04:07:29.871 1499 1634 I sysui_multi_action: [757,222,758,2]
11-19 04:07:29.871 1499 1634 I sysui_multi_action: [757,804,799,dreaming_minutes,801,0,802,1]
11-19 04:07:29.883 1499 7777 I wm_task_removed: [31,removeChild:removeChild last r=ActivityRecord{96b51fe u0 com.thundercomm.screensaver/android.service.dreams.DreamActivity t-1 f}} in t=Task{b4de61 #31 type=dream A=10050:android:com.thundercomm.screensaver/dream U=0 visible=false mode=fullscreen translucent=true sz=0}]
11-19 04:07:29.884 1499 7777 I wm_task_removed: [31,removeChild]
11-19 04:07:30.131 0 0 I auditd : type=1400 audit(0.0:5957): avc: denied { kill } for comm="swapper/3" capability=5 scontext=u:r:kernel:s0 tcontext=u:r:kernel:s0 tclass=capability permissive=0
11-19 04:07:30.769 1499 1831 I input_interaction: Interaction with: 688adb5 com.android.settings/com.android.settings.Settings (server), edge-swipe (server), swipe-up (server), PointerEventDispatcher0 (server),
11-19 04:07:31.131 0 0 I auditd : type=1400 audit(0.0:5958): avc: denied { kill } for comm="swapper/3" capability=5 scontext=u:r:kernel:s0 tcontext=u:r:kernel:s0 tclass=capability permissive=0
11-19 04:07:31.362 1499 4678 I wm_task_moved: [1,0,0]
11-19 04:07:31.362 1499 4678 I wm_task_moved: [1,0,5]
11-19 04:07:31.367 6725 6725 I view_enqueue_input_event: [Motion - Cancel,com.android.settings/com.android.settings.Settings]
11-19 04:07:31.372 1499 1831 I input_interaction: Interaction with: edge-swipe (server), swipe-up (server), PointerEventDispatcher0 (server),
11-19 04:07:31.372 2802 2802 I wm_on_restart_called: [19758722,com.android.launcher3.uioverrides.QuickstepLauncher,performRestartActivity]
11-19 04:07:31.396 2802 2802 I wm_on_start_called: [19758722,com.android.launcher3.uioverrides.QuickstepLauncher,handleStartActivity]
11-19 04:07:31.398 1499 1638 I input_focus: [Focus request recents_animation_input_consumer,reason=UpdateInputWindows]
11-19 04:07:31.406 2802 2802 I sysui_latency: [1,68]
11-19 04:07:31.408 1499 1831 I input_focus: [Focus leaving 688adb5 com.android.settings/com.android.settings.Settings (server),reason=NOT_FOCUSABLE]
11-19 04:07:31.408 1499 1831 I input_focus: [Focus entering recents_animation_input_consumer (server),reason=setFocusedWindow]
11-19 04:07:31.415 1499 1634 I sysui_multi_action: [319,14,322,49,325,10130,757,761,758,9,759,5,806,com.android.launcher3,871,com.android.launcher3.uioverrides.QuickstepLauncher,905,0,1320,8,1321,5]
11-19 04:07:31.603 1499 1759 I commit_sys_config_file: [settings-1-0,9]
11-19 04:07:31.713 1499 1644 I sysui_latency: [8,67]
11-19 04:07:32.237 1499 1759 I commit_sys_config_file: [settings-1-0,12]
11-19 04:07:33.028 1499 1831 I input_interaction: Interaction with: 632f7bf com.android.launcher3/com.android.launcher3.uioverrides.QuickstepLauncher (server), edge-swipe (server), swipe-up (server), PointerEventDispatcher0 (server),
11-19 04:07:33.689 1499 5215 I wm_task_moved: [1,1,6]
11-19 04:07:33.690 1499 5215 I wm_focused_root_task: [0,0,1,29,RecentsAnimation.onAnimationFinished()]
11-19 04:07:33.694 6725 6725 I wm_on_top_resumed_lost_called: [121204407,com.android.settings.Settings,topStateChangedWhenResumed]
11-19 04:07:33.696 1499 5215 I wm_pause_activity: [0,121204407,com.android.settings/.Settings,userLeaving=false,pauseBackTasks]
11-19 04:07:33.699 1499 5215 I wm_set_resumed_activity: [0,com.android.launcher3/.uioverrides.QuickstepLauncher,resumeTopActivityInnerLocked]
11-19 04:07:33.703 1499 5215 I wm_resume_activity: [0,19758722,10,com.android.launcher3/.uioverrides.QuickstepLauncher]
11-19 04:07:33.704 1499 5215 I wm_add_to_stopping: [0,121204407,com.android.settings/.Settings,makeInvisible]
11-19 04:07:33.706 2802 2802 I wm_on_resume_called: [19758722,com.android.launcher3.uioverrides.QuickstepLauncher,RESUME_ACTIVITY]
11-19 04:07:33.712 1499 1638 I input_focus: [Focus request 632f7bf com.android.launcher3/com.android.launcher3.uioverrides.QuickstepLauncher,reason=UpdateInputWindows]
11-19 04:07:33.714 1499 1831 I input_focus: [Focus leaving recents_animation_input_consumer (server),reason=NOT_VISIBLE]
11-19 04:07:33.718 1499 1637 I sysui_multi_action: [757,803,799,window_time_0,802,5]
11-19 04:07:33.720 6725 6725 I sysui_multi_action: [757,35,758,2,1089,4420]
11-19 04:07:33.724 6725 6725 I sysui_multi_action: [757,746,758,2,1089,4417]
11-19 04:07:33.730 6725 6725 I wm_on_paused_called: [121204407,com.android.settings.Settings,performPause]
11-19 04:07:33.731 1499 1637 I wm_stop_activity: [0,121204407,com.android.settings/.Settings]
11-19 04:07:33.733 1499 1831 I input_focus: [Focus entering 632f7bf com.android.launcher3/com.android.launcher3.uioverrides.QuickstepLauncher (server),reason=setFocusedWindow]
11-19 04:07:33.741 1499 1637 I sysui_multi_action: [757,803,799,window_time_0,802,0]
11-19 04:07:33.766 6725 6725 I wm_on_stop_called: [121204407,com.android.settings.Settings,STOP_ACTIVITY_ITEM]
11-19 04:07:33.768 2802 2802 I wm_on_top_resumed_gained_called: [19758722,com.android.launcher3.uioverrides.QuickstepLauncher,topStateChangedWhenResumed]
11-19 04:07:33.813 1499 2757 I wm_finish_activity: [0,121204407,29,com.android.settings/.Settings,remove-task]
11-19 04:07:33.813 1499 2757 I wm_destroy_activity: [0,121204407,29,com.android.settings/.Settings,finish-imm:finishIfPossible]
11-19 04:07:33.816 1499 1637 I am_kill : [0,6725,com.android.settings,905,remove task]
11-19 04:07:33.817 1499 1637 I sysui_multi_action: [757,803,799,window_time_0,802,0]
11-19 04:07:33.837 1499 1831 I input_interaction: Interaction with: 632f7bf com.android.launcher3/com.android.launcher3.uioverrides.QuickstepLauncher (server), a1d9774 com.android.systemui.ImageWallpaper (server), edge-swipe (server), swipe-up (server), PointerEventDispatcher0 (server),
11-19 04:07:33.870 1499 7777 I am_proc_died: [0,6725,com.android.settings,905,19]
11-19 04:07:33.876 1499 7777 I wm_task_removed: [29,removeChild:removeChild last r=ActivityRecord{7396eb7 u0 com.android.settings/.Settings t-1 f}} in t=Task{b947090 #29 type=standard A=1000:com.android.settings.root U=0 visible=false mode=fullscreen translucent=true sz=0}]
11-19 04:07:33.876 1499 7777 I wm_task_removed: [29,removeChild]
11-19 04:07:34.131 0 0 I auditd : type=1400 audit(0.0:5959): avc: denied { kill } for comm="swapper/1" capability=5 scontext=u:r:kernel:s0 tcontext=u:r:kernel:s0 tclass=capability permissive=0
11-19 04:07:34.584 1499 1637 I sysui_multi_action: [757,803,799,window_time_0,802,0]
11-19 04:07:35.131 0 0 I auditd : type=1400 audit(0.0:5960): avc: denied { kill } for comm="swapper/1" capability=5 scontext=u:r:kernel:s0 tcontext=u:r:kernel:s0 tclass=capability permissive=0
11-19 04:07:35.621 1499 1637 I sysui_multi_action: [757,803,799,window_time_0,802,1]
11-19 04:07:36.131 0 0 I auditd : type=1400 audit(0.0:5961): avc: denied { kill } for comm="swapper/1" capability=5 scontext=u:r:kernel:s0 tcontext=u:r:kernel:s0 tclass=capability permissive=0
11-19 04:07:37.131 0 0 I auditd : type=1400 audit(0.0:5962): avc: denied { kill } for comm="swapper/1" capability=5 scontext=u:r:kernel:s0 tcontext=u:r:kernel:s0 tclass=capability permissive=0
11-19 04:07:37.905 1499 4942 I wm_task_created: [32,-1]
11-19 04:07:37.913 1499 4942 I wm_task_moved: [32,1,6]
11-19 04:07:37.913 1499 4942 I wm_task_to_front: [0,32]
11-19 04:07:37.914 1499 4942 I wm_create_task: [0,32]
11-19 04:07:37.914 1499 4942 I wm_create_activity: [0,255332727,32,com.android.deskclock/.DeskClock,NULL,NULL,NULL,268468224]
11-19 04:07:37.914 1499 4942 I wm_task_moved: [32,1,6]
11-19 04:07:37.923 1499 1637 I am_uid_running: 10063
11-19 04:07:37.926 2802 2802 I wm_on_top_resumed_lost_called: [19758722,com.android.launcher3.uioverrides.QuickstepLauncher,topStateChangedWhenResumed]
11-19 04:07:37.950 1499 1646 I am_proc_start: [0,8540,10063,com.android.deskclock,top-activity,{com.android.deskclock/com.android.deskclock.DeskClock}]
11-19 04:07:37.976 1499 4942 I am_proc_bound: [0,8540,com.android.deskclock]
11-19 04:07:37.979 1499 4942 I wm_restart_activity: [0,255332727,32,com.android.deskclock/.DeskClock]
11-19 04:07:37.980 1499 4942 I wm_set_resumed_activity: [0,com.android.deskclock/.DeskClock,minimalResumeActivityLocked]
11-19 04:07:37.980 1499 4942 I am_uid_active: 10063
11-19 04:07:38.043 1499 4942 I wm_task_moved: [32,1,6]
11-19 04:07:38.044 1499 4942 I wm_set_resumed_activity: [0,com.android.deskclock/.DeskClock,positionChildAt]
11-19 04:07:38.044 1499 4942 I wm_create_activity: [0,144411822,32,com.android.permissioncontroller/.permission.ui.GrantPermissionsActivity,android.content.pm.action.REQUEST_PERMISSIONS,NULL,NULL,8388608]
11-19 04:07:38.046 1499 4942 I wm_pause_activity: [0,255332727,com.android.deskclock/.DeskClock,userLeaving=true,resumeTopActivityInnerLocked]
11-19 04:07:38.050 1499 1637 I am_uid_running: 10094
11-19 04:07:38.058 1499 1646 I am_proc_start: [0,8560,10094,com.android.permissioncontroller,pre-top-activity,{com.android.permissioncontroller/com.android.permissioncontroller.permission.ui.GrantPermissionsActivity}]
11-19 04:07:38.068 1499 2755 I am_proc_bound: [0,8560,com.android.permissioncontroller]
11-19 04:07:38.069 8540 8540 I wm_on_create_called: [255332727,com.android.deskclock.DeskClock,performCreate]
11-19 04:07:38.070 8540 8540 I wm_on_start_called: [255332727,com.android.deskclock.DeskClock,handleStartActivity]
