11-19 02:52:25.131 0 0 I auditd : type=1400 audit(0.0:1442): avc: denied { kill } for comm="swapper/3" capability=5 scontext=u:r:kernel:s0 tcontext=u:r:kernel:s0 tclass=capability permissive=0
11-19 02:52:26.131 0 0 I auditd : type=1400 audit(0.0:1443): avc: denied { kill } for comm="swapper/3" capability=5 scontext=u:r:kernel:s0 tcontext=u:r:kernel:s0 tclass=capability permissive=0
11-19 02:52:27.131 0 0 I auditd : type=1400 audit(0.0:1444): avc: denied { kill } for comm="swapper/3" capability=5 scontext=u:r:kernel:s0 tcontext=u:r:kernel:s0 tclass=capability permissive=0
11-19 02:52:28.131 0 0 I auditd : type=1400 audit(0.0:1445): avc: denied { kill } for comm="swapper/3" capability=5 scontext=u:r:kernel:s0 tcontext=u:r:kernel:s0 tclass=capability permissive=0
11-19 02:52:29.131 0 0 I auditd : type=1400 audit(0.0:1446): avc: denied { kill } for comm="swapper/3" capability=5 scontext=u:r:kernel:s0 tcontext=u:r:kernel:s0 tclass=capability permissive=0
11-19 02:52:30.131 0 0 I auditd : type=1400 audit(0.0:1447): avc: denied { kill } for comm="swapper/3" capability=5 scontext=u:r:kernel:s0 tcontext=u:r:kernel:s0 tclass=capability permissive=0
11-19 02:52:31.131 0 0 I auditd : type=1400 audit(0.0:1448): avc: denied { kill } for comm="swapper/3" capability=5 scontext=u:r:kernel:s0 tcontext=u:r:kernel:s0 tclass=capability permissive=0
11-19 02:52:32.131 0 0 I auditd : type=1400 audit(0.0:1449): avc: denied { kill } for comm="swapper/3" capability=5 scontext=u:r:kernel:s0 tcontext=u:r:kernel:s0 tclass=capability permissive=0
11-19 02:52:33.131 0 0 I auditd : type=1400 audit(0.0:1450): avc: denied { kill } for comm="swapper/3" capability=5 scontext=u:r:kernel:s0 tcontext=u:r:kernel:s0 tclass=capability permissive=0
11-19 02:52:34.131 0 0 I auditd : type=1400 audit(0.0:1451): avc: denied { kill } for comm="swapper/3" capability=5 scontext=u:r:kernel:s0 tcontext=u:r:kernel:s0 tclass=capability permissive=0
11-19 02:52:35.131 0 0 I auditd : type=1400 audit(0.0:1452): avc: denied { kill } for comm="swapper/3" capability=5 scontext=u:r:kernel:s0 tcontext=u:r:kernel:s0 tclass=capability permissive=0
11-19 02:52:36.131 0 0 I auditd : type=1400 audit(0.0:1453): avc: denied { kill } for comm="swapper/3" capability=5 scontext=u:r:kernel:s0 tcontext=u:r:kernel:s0 tclass=capability permissive=0
11-19 02:52:37.131 0 0 I auditd : type=1400 audit(0.0:1454): avc: denied { kill } for comm="swapper/3" capability=5 scontext=u:r:kernel:s0 tcontext=u:r:kernel:s0 tclass=capability permissive=0
11-19 02:52:38.131 0 0 I auditd : type=1400 audit(0.0:1455): avc: denied { kill } for comm="swapper/3" capability=5 scontext=u:r:kernel:s0 tcontext=u:r:kernel:s0 tclass=capability permissive=0
11-19 02:52:39.131 0 0 I auditd : type=1400 audit(0.0:1456): avc: denied { kill } for comm="swapper/3" capability=5 scontext=u:r:kernel:s0 tcontext=u:r:kernel:s0 tclass=capability permissive=0
11-19 02:52:40.131 0 0 I auditd : type=1400 audit(0.0:1457): avc: denied { kill } for comm="swapper/3" capability=5 scontext=u:r:kernel:s0 tcontext=u:r:kernel:s0 tclass=capability permissive=0
11-19 02:52:40.381 1499 1793 I am_freeze: [5303,com.android.soundrecorder]
11-19 02:52:40.382 1499 1793 I am_kill : [0,5303,com.android.soundrecorder,900,Unable to freeze binder interface]
11-19 02:52:40.434 1499 1730 I am_proc_died: [0,5303,com.android.soundrecorder,900,18]
11-19 02:52:40.435 1499 1730 I am_uid_stopped: 10060
11-19 02:52:40.475 1499 1644 I am_pss : [3646,10026,com.baidu.input,160050176,142118912,0,311386112,0,7,15]
11-19 02:52:40.485 1499 1644 I am_pss : [2324,1002,com.android.bluetooth,35352576,30453760,0,144580608,0,0,8]
11-19 02:52:40.491 1499 1644 I am_pss : [7410,10090,com.android.music,6942720,4739072,0,90836992,0,19,6]
11-19 02:52:40.496 1499 1644 I am_pss : [7394,1000,com.qti.diagservices,6121472,3825664,0,93126656,0,10,5]
11-19 02:52:40.501 1499 1644 I am_pss : [7379,10066,com.android.gallery3d,8224768,6176768,0,93548544,0,19,4]
11-19 02:52:40.508 1499 1644 I am_pss : [6305,1000,com.thundercomm.gamemode,17184768,13312000,0,119640064,0,10,6]
11-19 02:52:40.516 1499 1644 I am_pss : [3331,10095,com.android.providers.media.module,23364608,19238912,0,129753088,0,0,6]
11-19 02:52:40.521 1499 1644 I am_pss : [3392,10080,com.qualcomm.location.XT,6703104,4632576,0,93556736,0,6,4]
11-19 02:52:40.526 1499 1644 I am_pss : [4111,10023,com.android.packageinstaller,7406592,5505024,0,91258880,0,19,4]
11-19 02:52:40.531 1499 1644 I am_pss : [3604,10020,com.android.managedprovisioning,9533440,7512064,0,95924224,0,19,4]
11-19 02:52:40.536 1499 1644 I am_pss : [3033,10096,android.ext.services,13814784,8409088,0,110886912,0,5,5]
11-19 02:52:40.542 1499 1644 I am_pss : [3281,10083,com.qualcomm.qti.qccnetstat,6315008,4304896,0,91729920,0,0,5]
11-19 02:52:40.548 1499 1644 I am_pss : [3290,10086,com.qualcomm.qti.workloadclassifier,13969408,11431936,0,106065920,0,0,5]
11-19 02:52:40.553 1499 1644 I am_pss : [3271,10071,com.qualcomm.qti.services.systemhelper:systemhelper_service,6685696,4612096,0,93851648,0,0,5]
11-19 02:52:40.559 1499 1644 I am_pss : [3253,10055,.pasr,5595136,3665920,0,89526272,0,0,4]
11-19 02:52:40.567 1499 1644 I am_pss : [3209,10085,com.hht.lebocast,53387264,36380672,0,123318272,0,0,7]
11-19 02:52:40.574 1499 1644 I am_pss : [3224,10058,ts.car.uart,6424576,4472832,0,90644480,0,0,5]
11-19 02:52:40.579 1499 1644 I am_pss : [3095,10079,com.qualcomm.location,11035648,8077312,0,105701376,0,0,5]
11-19 02:52:40.587 1499 1644 I am_pss : [2792,1000,com.qualcomm.qti.qdma,19676160,15654912,0,123301888,0,0,6]
11-19 02:52:40.594 1499 1644 I am_pss : [2704,1000,com.thundercomm.remotecontrolservice,22618112,20148224,0,113868800,0,0,6]
11-19 02:52:40.598 1499 1644 I am_pss : [2679,1068,com.android.se,6073344,4083712,0,91926528,0,0,4]
11-19 02:52:40.603 1499 1644 I am_pss : [2714,1000,com.thundercomm.tcservice,8686592,6565888,0,96546816,0,0,4]
11-19 02:52:40.608 1499 1644 I am_pss : [2609,10084,com.qti.qualcomm.mstatssystemservice,5719040,3788800,0,90095616,0,0,4]
11-19 02:52:40.613 1499 1644 I am_pss : [2601,1000,vendor.qti.qesdk.sysservice,5746688,3760128,0,90980352,0,0,4]
11-19 02:52:40.619 1499 1644 I am_pss : [2584,1000,com.thundercomm.tchttpserver,21974016,19853312,0,108613632,0,0,6]
11-19 02:52:40.623 1499 1644 I am_pss : [2571,10053,.qtidataservices,6181888,4210688,0,91799552,0,0,4]
11-19 02:52:40.628 1499 1644 I am_pss : [2599,1000,com.tc.logclient,7376896,5390336,0,93229056,0,0,4]
11-19 02:52:40.633 1499 1644 I am_pss : [2566,1001,.dataservices,8469504,6340608,0,95674368,0,0,5]
11-19 02:52:40.638 1499 1644 I am_pss : [2558,1000,com.thundercomm.tcsetupWizard,7030784,5132288,0,90710016,0,0,4]
11-19 02:52:40.643 1499 1644 I am_pss : [2554,1000,com.thundercomm.microsettings,27510784,18145280,0,128638976,0,0,5]
11-19 02:52:40.648 1499 1644 I am_pss : [2537,1000,com.thundercomm.microservice,22129664,20099072,0,108261376,0,0,5]
11-19 02:52:40.654 1499 1644 I am_pss : [2484,1073,com.android.networkstack.process,14666752,11796480,0,111063040,0,0,5]
11-19 02:52:40.678 1499 1644 I am_pss : [1499,1000,system,254745600,159051776,0,587730944,0,0,20]
11-19 02:52:41.131 0 0 I auditd : type=1400 audit(0.0:1458): avc: denied { kill } for comm="swapper/3" capability=5 scontext=u:r:kernel:s0 tcontext=u:r:kernel:s0 tclass=capability permissive=0
11-19 02:52:42.131 0 0 I auditd : type=1400 audit(0.0:1459): avc: denied { kill } for comm="swapper/3" capability=5 scontext=u:r:kernel:s0 tcontext=u:r:kernel:s0 tclass=capability permissive=0
11-19 02:52:43.131 0 0 I auditd : type=1400 audit(0.0:1460): avc: denied { kill } for comm="swapper/3" capability=5 scontext=u:r:kernel:s0 tcontext=u:r:kernel:s0 tclass=capability permissive=0
11-19 02:52:44.131 0 0 I auditd : type=1400 audit(0.0:1461): avc: denied { kill } for comm="swapper/3" capability=5 scontext=u:r:kernel:s0 tcontext=u:r:kernel:s0 tclass=capability permissive=0
11-19 02:52:45.131 0 0 I auditd : type=1400 audit(0.0:1462): avc: denied { kill } for comm="swapper/3" capability=5 scontext=u:r:kernel:s0 tcontext=u:r:kernel:s0 tclass=capability permissive=0
11-19 02:52:46.131 0 0 I auditd : type=1400 audit(0.0:1463): avc: denied { kill } for comm="swapper/3" capability=5 scontext=u:r:kernel:s0 tcontext=u:r:kernel:s0 tclass=capability permissive=0
11-19 02:52:47.131 0 0 I auditd : type=1400 audit(0.0:1464): avc: denied { kill } for comm="swapper/3" capability=5 scontext=u:r:kernel:s0 tcontext=u:r:kernel:s0 tclass=capability permissive=0
11-19 02:52:48.131 0 0 I auditd : type=1400 audit(0.0:1465): avc: denied { kill } for comm="swapper/3" capability=5 scontext=u:r:kernel:s0 tcontext=u:r:kernel:s0 tclass=capability permissive=0
11-19 02:52:49.131 0 0 I auditd : type=1400 audit(0.0:1466): avc: denied { kill } for comm="swapper/3" capability=5 scontext=u:r:kernel:s0 tcontext=u:r:kernel:s0 tclass=capability permissive=0
11-19 02:52:50.131 0 0 I auditd : type=1400 audit(0.0:1467): avc: denied { kill } for comm="swapper/3" capability=5 scontext=u:r:kernel:s0 tcontext=u:r:kernel:s0 tclass=capability permissive=0
11-19 02:52:51.131 0 0 I auditd : type=1400 audit(0.0:1468): avc: denied { kill } for comm="swapper/3" capability=5 scontext=u:r:kernel:s0 tcontext=u:r:kernel:s0 tclass=capability permissive=0
11-19 02:52:52.131 0 0 I auditd : type=1400 audit(0.0:1469): avc: denied { kill } for comm="swapper/3" capability=5 scontext=u:r:kernel:s0 tcontext=u:r:kernel:s0 tclass=capability permissive=0
11-19 02:52:53.131 0 0 I auditd : type=1400 audit(0.0:1470): avc: denied { kill } for comm="swapper/3" capability=5 scontext=u:r:kernel:s0 tcontext=u:r:kernel:s0 tclass=capability permissive=0
11-19 02:52:54.131 0 0 I auditd : type=1400 audit(0.0:1471): avc: denied { kill } for comm="swapper/3" capability=5 scontext=u:r:kernel:s0 tcontext=u:r:kernel:s0 tclass=capability permissive=0
11-19 02:52:55.131 0 0 I auditd : type=1400 audit(0.0:1472): avc: denied { kill } for comm="swapper/3" capability=5 scontext=u:r:kernel:s0 tcontext=u:r:kernel:s0 tclass=capability permissive=0
11-19 02:52:56.131 0 0 I auditd : type=1400 audit(0.0:1473): avc: denied { kill } for comm="swapper/3" capability=5 scontext=u:r:kernel:s0 tcontext=u:r:kernel:s0 tclass=capability permissive=0
11-19 02:52:57.131 0 0 I auditd : type=1400 audit(0.0:1474): avc: denied { kill } for comm="swapper/3" capability=5 scontext=u:r:kernel:s0 tcontext=u:r:kernel:s0 tclass=capability permissive=0
11-19 02:52:59.131 0 0 I auditd : type=1400 audit(0.0:1475): avc: denied { kill } for comm="swapper/1" capability=5 scontext=u:r:kernel:s0 tcontext=u:r:kernel:s0 tclass=capability permissive=0
11-19 02:53:00.131 0 0 I auditd : type=1400 audit(0.0:1476): avc: denied { kill } for comm="swapper/1" capability=5 scontext=u:r:kernel:s0 tcontext=u:r:kernel:s0 tclass=capability permissive=0
11-19 02:53:01.131 0 0 I auditd : type=1400 audit(0.0:1477): avc: denied { kill } for comm="swapper/1" capability=5 scontext=u:r:kernel:s0 tcontext=u:r:kernel:s0 tclass=capability permissive=0
11-19 02:53:03.131 0 0 I auditd : type=1400 audit(0.0:1478): avc: denied { kill } for comm="swapper/1" capability=5 scontext=u:r:kernel:s0 tcontext=u:r:kernel:s0 tclass=capability permissive=0
11-19 02:53:04.131 0 0 I auditd : type=1400 audit(0.0:1479): avc: denied { kill } for comm="swapper/1" capability=5 scontext=u:r:kernel:s0 tcontext=u:r:kernel:s0 tclass=capability permissive=0
11-19 02:53:05.131 0 0 I auditd : type=1400 audit(0.0:1480): avc: denied { kill } for comm="swapper/1" capability=5 scontext=u:r:kernel:s0 tcontext=u:r:kernel:s0 tclass=capability permissive=0
11-19 02:53:06.131 0 0 I auditd : type=1400 audit(0.0:1481): avc: denied { kill } for comm="swapper/1" capability=5 scontext=u:r:kernel:s0 tcontext=u:r:kernel:s0 tclass=capability permissive=0
11-19 02:53:07.131 0 0 I auditd : type=1400 audit(0.0:1482): avc: denied { kill } for comm="swapper/1" capability=5 scontext=u:r:kernel:s0 tcontext=u:r:kernel:s0 tclass=capability permissive=0
11-19 02:53:07.324 1499 1793 I am_freeze: [2344,com.android.permissioncontroller]
11-19 02:53:07.326 1499 1793 I am_kill : [0,2344,com.android.permissioncontroller,965,Unable to freeze binder interface]
11-19 02:53:07.382 1499 2341 I am_proc_died: [0,2344,com.android.permissioncontroller,965,19]
11-19 02:53:07.383 1499 2341 I am_uid_stopped: 10094
11-19 02:53:07.392 1499 1644 I am_pss : [7410,10090,com.android.music,6984704,4739072,0,90836992,0,19,6]
11-19 02:53:07.398 1499 1644 I am_pss : [7394,1000,com.qti.diagservices,6164480,3825664,0,93126656,0,10,5]
11-19 02:53:07.404 1499 1644 I am_pss : [4734,2000,com.android.shell,6400000,4292608,0,92672000,0,19,5]
11-19 02:53:08.131 0 0 I auditd : type=1400 audit(0.0:1483): avc: denied { kill } for comm="swapper/1" capability=5 scontext=u:r:kernel:s0 tcontext=u:r:kernel:s0 tclass=capability permissive=0
11-19 02:53:09.027 1499 1793 I am_freeze: [6856,com.android.webview:webview_service]
11-19 02:53:09.029 1499 1793 I am_kill : [0,6856,com.android.webview:webview_service,955,Unable to freeze binder interface]
11-19 02:53:09.072 1499 2341 I am_proc_died: [0,6856,com.android.webview:webview_service,955,19]
11-19 02:53:09.073 1499 2341 I am_uid_stopped: 10070
11-19 02:53:09.131 0 0 I auditd : type=1400 audit(0.0:1484): avc: denied { kill } for comm="swapper/1" capability=5 scontext=u:r:kernel:s0 tcontext=u:r:kernel:s0 tclass=capability permissive=0
11-19 02:53:10.131 0 0 I auditd : type=1400 audit(0.0:1485): avc: denied { kill } for comm="swapper/1" capability=5 scontext=u:r:kernel:s0 tcontext=u:r:kernel:s0 tclass=capability permissive=0
11-19 02:53:11.131 0 0 I auditd : type=1400 audit(0.0:1486): avc: denied { kill } for comm="swapper/1" capability=5 scontext=u:r:kernel:s0 tcontext=u:r:kernel:s0 tclass=capability permissive=0
11-19 02:53:12.131 0 0 I auditd : type=1400 audit(0.0:1487): avc: denied { kill } for comm="swapper/1" capability=5 scontext=u:r:kernel:s0 tcontext=u:r:kernel:s0 tclass=capability permissive=0
11-19 02:53:13.131 0 0 I auditd : type=1400 audit(0.0:1488): avc: denied { kill } for comm="swapper/1" capability=5 scontext=u:r:kernel:s0 tcontext=u:r:kernel:s0 tclass=capability permissive=0
11-19 02:53:14.131 0 0 I auditd : type=1400 audit(0.0:1489): avc: denied { kill } for comm="swapper/1" capability=5 scontext=u:r:kernel:s0 tcontext=u:r:kernel:s0 tclass=capability permissive=0
11-19 02:53:15.131 0 0 I auditd : type=1400 audit(0.0:1490): avc: denied { kill } for comm="swapper/1" capability=5 scontext=u:r:kernel:s0 tcontext=u:r:kernel:s0 tclass=capability permissive=0
11-19 02:53:16.131 0 0 I auditd : type=1400 audit(0.0:1491): avc: denied { kill } for comm="swapper/1" capability=5 scontext=u:r:kernel:s0 tcontext=u:r:kernel:s0 tclass=capability permissive=0
11-19 02:53:17.131 0 0 I auditd : type=1400 audit(0.0:1492): avc: denied { kill } for comm="swapper/1" capability=5 scontext=u:r:kernel:s0 tcontext=u:r:kernel:s0 tclass=capability permissive=0
11-19 02:53:18.131 0 0 I auditd : type=1400 audit(0.0:1493): avc: denied { kill } for comm="swapper/1" capability=5 scontext=u:r:kernel:s0 tcontext=u:r:kernel:s0 tclass=capability permissive=0
11-19 02:53:19.131 0 0 I auditd : type=1400 audit(0.0:1494): avc: denied { kill } for comm="swapper/1" capability=5 scontext=u:r:kernel:s0 tcontext=u:r:kernel:s0 tclass=capability permissive=0
11-19 02:53:20.131 0 0 I auditd : type=1400 audit(0.0:1495): avc: denied { kill } for comm="swapper/1" capability=5 scontext=u:r:kernel:s0 tcontext=u:r:kernel:s0 tclass=capability permissive=0
11-19 02:53:21.131 0 0 I auditd : type=1400 audit(0.0:1496): avc: denied { kill } for comm="swapper/1" capability=5 scontext=u:r:kernel:s0 tcontext=u:r:kernel:s0 tclass=capability permissive=0
11-19 02:53:22.131 0 0 I auditd : type=1400 audit(0.0:1497): avc: denied { kill } for comm="swapper/1" capability=5 scontext=u:r:kernel:s0 tcontext=u:r:kernel:s0 tclass=capability permissive=0
11-19 02:53:23.131 0 0 I auditd : type=1400 audit(0.0:1498): avc: denied { kill } for comm="swapper/1" capability=5 scontext=u:r:kernel:s0 tcontext=u:r:kernel:s0 tclass=capability permissive=0
11-19 02:53:24.131 0 0 I auditd : type=1400 audit(0.0:1499): avc: denied { kill } for comm="swapper/1" capability=5 scontext=u:r:kernel:s0 tcontext=u:r:kernel:s0 tclass=capability permissive=0
11-19 02:53:25.131 0 0 I auditd : type=1400 audit(0.0:1500): avc: denied { kill } for comm="swapper/1" capability=5 scontext=u:r:kernel:s0 tcontext=u:r:kernel:s0 tclass=capability permissive=0
11-19 02:53:26.131 0 0 I auditd : type=1400 audit(0.0:1501): avc: denied { kill } for comm="swapper/1" capability=5 scontext=u:r:kernel:s0 tcontext=u:r:kernel:s0 tclass=capability permissive=0
11-19 02:53:27.131 0 0 I auditd : type=1400 audit(0.0:1502): avc: denied { kill } for comm="swapper/1" capability=5 scontext=u:r:kernel:s0 tcontext=u:r:kernel:s0 tclass=capability permissive=0
11-19 02:53:28.131 0 0 I auditd : type=1400 audit(0.0:1503): avc: denied { kill } for comm="swapper/1" capability=5 scontext=u:r:kernel:s0 tcontext=u:r:kernel:s0 tclass=capability permissive=0
11-19 02:53:29.131 0 0 I auditd : type=1400 audit(0.0:1504): avc: denied { kill } for comm="swapper/1" capability=5 scontext=u:r:kernel:s0 tcontext=u:r:kernel:s0 tclass=capability permissive=0
11-19 02:53:30.131 0 0 I auditd : type=1400 audit(0.0:1505): avc: denied { kill } for comm="swapper/1" capability=5 scontext=u:r:kernel:s0 tcontext=u:r:kernel:s0 tclass=capability permissive=0
11-19 02:53:31.131 0 0 I auditd : type=1400 audit(0.0:1506): avc: denied { kill } for comm="swapper/1" capability=5 scontext=u:r:kernel:s0 tcontext=u:r:kernel:s0 tclass=capability permissive=0
11-19 02:53:33.131 0 0 I auditd : type=1400 audit(0.0:1507): avc: denied { kill } for comm="swapper/1" capability=5 scontext=u:r:kernel:s0 tcontext=u:r:kernel:s0 tclass=capability permissive=0
11-19 02:53:34.131 0 0 I auditd : type=1400 audit(0.0:1508): avc: denied { kill } for comm="swapper/1" capability=5 scontext=u:r:kernel:s0 tcontext=u:r:kernel:s0 tclass=capability permissive=0
11-19 02:53:35.131 0 0 I auditd : type=1400 audit(0.0:1509): avc: denied { kill } for comm="swapper/1" capability=5 scontext=u:r:kernel:s0 tcontext=u:r:kernel:s0 tclass=capability permissive=0
11-19 02:53:36.131 0 0 I auditd : type=1400 audit(0.0:1510): avc: denied { kill } for comm="swapper/1" capability=5 scontext=u:r:kernel:s0 tcontext=u:r:kernel:s0 tclass=capability permissive=0
11-19 02:53:37.131 0 0 I auditd : type=1400 audit(0.0:1511): avc: denied { kill } for comm="swapper/1" capability=5 scontext=u:r:kernel:s0 tcontext=u:r:kernel:s0 tclass=capability permissive=0
11-19 02:53:38.131 0 0 I auditd : type=1400 audit(0.0:1512): avc: denied { kill } for comm="swapper/1" capability=5 scontext=u:r:kernel:s0 tcontext=u:r:kernel:s0 tclass=capability permissive=0
11-19 02:53:39.131 0 0 I auditd : type=1400 audit(0.0:1513): avc: denied { kill } for comm="swapper/1" capability=5 scontext=u:r:kernel:s0 tcontext=u:r:kernel:s0 tclass=capability permissive=0
11-19 02:53:40.131 0 0 I auditd : type=1400 audit(0.0:1514): avc: denied { kill } for comm="swapper/1" capability=5 scontext=u:r:kernel:s0 tcontext=u:r:kernel:s0 tclass=capability permissive=0
11-19 02:53:41.131 0 0 I auditd : type=1400 audit(0.0:1515): avc: denied { kill } for comm="swapper/1" capability=5 scontext=u:r:kernel:s0 tcontext=u:r:kernel:s0 tclass=capability permissive=0
11-19 02:53:42.131 0 0 I auditd : type=1400 audit(0.0:1516): avc: denied { kill } for comm="swapper/1" capability=5 scontext=u:r:kernel:s0 tcontext=u:r:kernel:s0 tclass=capability permissive=0
11-19 02:53:43.131 0 0 I auditd : type=1400 audit(0.0:1517): avc: denied { kill } for comm="swapper/1" capability=5 scontext=u:r:kernel:s0 tcontext=u:r:kernel:s0 tclass=capability permissive=0
11-19 02:53:44.131 0 0 I auditd : type=1400 audit(0.0:1518): avc: denied { kill } for comm="swapper/1" capability=5 scontext=u:r:kernel:s0 tcontext=u:r:kernel:s0 tclass=capability permissive=0
11-19 02:53:45.131 0 0 I auditd : type=1400 audit(0.0:1519): avc: denied { kill } for comm="swapper/1" capability=5 scontext=u:r:kernel:s0 tcontext=u:r:kernel:s0 tclass=capability permissive=0
11-19 02:53:46.131 0 0 I auditd : type=1400 audit(0.0:1520): avc: denied { kill } for comm="swapper/1" capability=5 scontext=u:r:kernel:s0 tcontext=u:r:kernel:s0 tclass=capability permissive=0
11-19 02:53:47.131 0 0 I auditd : type=1400 audit(0.0:1521): avc: denied { kill } for comm="swapper/1" capability=5 scontext=u:r:kernel:s0 tcontext=u:r:kernel:s0 tclass=capability permissive=0
11-19 02:53:48.131 0 0 I auditd : type=1400 audit(0.0:1522): avc: denied { kill } for comm="swapper/1" capability=5 scontext=u:r:kernel:s0 tcontext=u:r:kernel:s0 tclass=capability permissive=0
11-19 02:53:49.131 0 0 I auditd : type=1400 audit(0.0:1523): avc: denied { kill } for comm="swapper/1" capability=5 scontext=u:r:kernel:s0 tcontext=u:r:kernel:s0 tclass=capability permissive=0
11-19 02:53:50.131 0 0 I auditd : type=1400 audit(0.0:1524): avc: denied { kill } for comm="swapper/1" capability=5 scontext=u:r:kernel:s0 tcontext=u:r:kernel:s0 tclass=capability permissive=0
11-19 02:53:51.131 0 0 I auditd : type=1400 audit(0.0:1525): avc: denied { kill } for comm="swapper/1" capability=5 scontext=u:r:kernel:s0 tcontext=u:r:kernel:s0 tclass=capability permissive=0
11-19 02:53:52.131 0 0 I auditd : type=1400 audit(0.0:1526): avc: denied { kill } for comm="swapper/1" capability=5 scontext=u:r:kernel:s0 tcontext=u:r:kernel:s0 tclass=capability permissive=0
11-19 02:53:53.131 0 0 I auditd : type=1400 audit(0.0:1527): avc: denied { kill } for comm="swapper/1" capability=5 scontext=u:r:kernel:s0 tcontext=u:r:kernel:s0 tclass=capability permissive=0
11-19 02:53:54.131 0 0 I auditd : type=1400 audit(0.0:1528): avc: denied { kill } for comm="swapper/1" capability=5 scontext=u:r:kernel:s0 tcontext=u:r:kernel:s0 tclass=capability permissive=0
11-19 02:53:55.131 0 0 I auditd : type=1400 audit(0.0:1529): avc: denied { kill } for comm="swapper/1" capability=5 scontext=u:r:kernel:s0 tcontext=u:r:kernel:s0 tclass=capability permissive=0
11-19 02:53:56.131 0 0 I auditd : type=1400 audit(0.0:1530): avc: denied { kill } for comm="swapper/1" capability=5 scontext=u:r:kernel:s0 tcontext=u:r:kernel:s0 tclass=capability permissive=0
11-19 02:53:59.131 0 0 I auditd : type=1400 audit(0.0:1531): avc: denied { kill } for comm="swapper/3" capability=5 scontext=u:r:kernel:s0 tcontext=u:r:kernel:s0 tclass=capability permissive=0
11-19 02:54:00.131 0 0 I auditd : type=1400 audit(0.0:1532): avc: denied { kill } for comm="swapper/3" capability=5 scontext=u:r:kernel:s0 tcontext=u:r:kernel:s0 tclass=capability permissive=0
11-19 02:54:01.131 0 0 I auditd : type=1400 audit(0.0:1533): avc: denied { kill } for comm="swapper/3" capability=5 scontext=u:r:kernel:s0 tcontext=u:r:kernel:s0 tclass=capability permissive=0
11-19 02:54:02.131 0 0 I auditd : type=1400 audit(0.0:1534): avc: denied { kill } for comm="swapper/3" capability=5 scontext=u:r:kernel:s0 tcontext=u:r:kernel:s0 tclass=capability permissive=0
11-19 02:54:03.131 0 0 I auditd : type=1400 audit(0.0:1535): avc: denied { kill } for comm="swapper/3" capability=5 scontext=u:r:kernel:s0 tcontext=u:r:kernel:s0 tclass=capability permissive=0
11-19 02:54:04.131 0 0 I auditd : type=1400 audit(0.0:1536): avc: denied { kill } for comm="swapper/3" capability=5 scontext=u:r:kernel:s0 tcontext=u:r:kernel:s0 tclass=capability permissive=0
11-19 02:54:06.131 0 0 I auditd : type=1400 audit(0.0:1537): avc: denied { kill } for comm="swapper/1" capability=5 scontext=u:r:kernel:s0 tcontext=u:r:kernel:s0 tclass=capability permissive=0
11-19 02:54:07.131 0 0 I auditd : type=1400 audit(0.0:1538): avc: denied { kill } for comm="swapper/1" capability=5 scontext=u:r:kernel:s0 tcontext=u:r:kernel:s0 tclass=capability permissive=0
11-19 02:54:08.131 0 0 I auditd : type=1400 audit(0.0:1539): avc: denied { kill } for comm="swapper/1" capability=5 scontext=u:r:kernel:s0 tcontext=u:r:kernel:s0 tclass=capability permissive=0
11-19 02:54:09.131 0 0 I auditd : type=1400 audit(0.0:1540): avc: denied { kill } for comm="swapper/1" capability=5 scontext=u:r:kernel:s0 tcontext=u:r:kernel:s0 tclass=capability permissive=0
11-19 02:54:10.131 0 0 I auditd : type=1400 audit(0.0:1541): avc: denied { kill } for comm="swapper/1" capability=5 scontext=u:r:kernel:s0 tcontext=u:r:kernel:s0 tclass=capability permissive=0
11-19 02:54:11.131 0 0 I auditd : type=1400 audit(0.0:1542): avc: denied { kill } for comm="swapper/1" capability=5 scontext=u:r:kernel:s0 tcontext=u:r:kernel:s0 tclass=capability permissive=0
11-19 02:54:12.131 0 0 I auditd : type=1400 audit(0.0:1543): avc: denied { kill } for comm="swapper/1" capability=5 scontext=u:r:kernel:s0 tcontext=u:r:kernel:s0 tclass=capability permissive=0
11-19 02:54:13.131 0 0 I auditd : type=1400 audit(0.0:1544): avc: denied { kill } for comm="swapper/1" capability=5 scontext=u:r:kernel:s0 tcontext=u:r:kernel:s0 tclass=capability permissive=0
11-19 02:54:14.131 0 0 I auditd : type=1400 audit(0.0:1545): avc: denied { kill } for comm="swapper/1" capability=5 scontext=u:r:kernel:s0 tcontext=u:r:kernel:s0 tclass=capability permissive=0
11-19 02:54:15.131 0 0 I auditd : type=1400 audit(0.0:1546): avc: denied { kill } for comm="swapper/1" capability=5 scontext=u:r:kernel:s0 tcontext=u:r:kernel:s0 tclass=capability permissive=0
11-19 02:54:16.131 0 0 I auditd : type=1400 audit(0.0:1547): avc: denied { kill } for comm="swapper/1" capability=5 scontext=u:r:kernel:s0 tcontext=u:r:kernel:s0 tclass=capability permissive=0
11-19 02:54:17.131 0 0 I auditd : type=1400 audit(0.0:1548): avc: denied { kill } for comm="swapper/1" capability=5 scontext=u:r:kernel:s0 tcontext=u:r:kernel:s0 tclass=capability permissive=0
11-19 02:54:18.131 0 0 I auditd : type=1400 audit(0.0:1549): avc: denied { kill } for comm="swapper/1" capability=5 scontext=u:r:kernel:s0 tcontext=u:r:kernel:s0 tclass=capability permissive=0
11-19 02:54:19.131 0 0 I auditd : type=1400 audit(0.0:1550): avc: denied { kill } for comm="swapper/1" capability=5 scontext=u:r:kernel:s0 tcontext=u:r:kernel:s0 tclass=capability permissive=0
11-19 02:54:20.131 0 0 I auditd : type=1400 audit(0.0:1551): avc: denied { kill } for comm="swapper/1" capability=5 scontext=u:r:kernel:s0 tcontext=u:r:kernel:s0 tclass=capability permissive=0
11-19 02:54:21.131 0 0 I auditd : type=1400 audit(0.0:1552): avc: denied { kill } for comm="swapper/1" capability=5 scontext=u:r:kernel:s0 tcontext=u:r:kernel:s0 tclass=capability permissive=0
11-19 02:54:21.303 1499 1793 I am_freeze: [6936,com.qualcomm.qti.qccauthmgr]
11-19 02:54:21.305 1499 1793 I am_kill : [0,6936,com.qualcomm.qti.qccauthmgr,945,Unable to freeze binder interface]
11-19 02:54:21.344 1499 2341 I am_proc_died: [0,6936,com.qualcomm.qti.qccauthmgr,945,19]
11-19 02:54:21.345 1499 2341 I am_uid_stopped: 10089
11-19 02:54:22.131 0 0 I auditd : type=1400 audit(0.0:1553): avc: denied { kill } for comm="swapper/1" capability=5 scontext=u:r:kernel:s0 tcontext=u:r:kernel:s0 tclass=capability permissive=0
11-19 02:54:23.131 0 0 I auditd : type=1400 audit(0.0:1554): avc: denied { kill } for comm="swapper/1" capability=5 scontext=u:r:kernel:s0 tcontext=u:r:kernel:s0 tclass=capability permissive=0
11-19 02:54:24.131 0 0 I auditd : type=1400 audit(0.0:1555): avc: denied { kill } for comm="swapper/1" capability=5 scontext=u:r:kernel:s0 tcontext=u:r:kernel:s0 tclass=capability permissive=0
11-19 02:54:25.131 0 0 I auditd : type=1400 audit(0.0:1556): avc: denied { kill } for comm="swapper/1" capability=5 scontext=u:r:kernel:s0 tcontext=u:r:kernel:s0 tclass=capability permissive=0
11-19 02:54:27.131 0 0 I auditd : type=1400 audit(0.0:1557): avc: denied { kill } for comm="swapper/1" capability=5 scontext=u:r:kernel:s0 tcontext=u:r:kernel:s0 tclass=capability permissive=0
11-19 02:54:28.131 0 0 I auditd : type=1400 audit(0.0:1558): avc: denied { kill } for comm="swapper/1" capability=5 scontext=u:r:kernel:s0 tcontext=u:r:kernel:s0 tclass=capability permissive=0
11-19 02:54:29.131 0 0 I auditd : type=1400 audit(0.0:1559): avc: denied { kill } for comm="swapper/1" capability=5 scontext=u:r:kernel:s0 tcontext=u:r:kernel:s0 tclass=capability permissive=0
11-19 02:54:30.131 0 0 I auditd : type=1400 audit(0.0:1560): avc: denied { kill } for comm="swapper/1" capability=5 scontext=u:r:kernel:s0 tcontext=u:r:kernel:s0 tclass=capability permissive=0
11-19 02:54:32.131 0 0 I auditd : type=1400 audit(0.0:1561): avc: denied { kill } for comm="swapper/1" capability=5 scontext=u:r:kernel:s0 tcontext=u:r:kernel:s0 tclass=capability permissive=0
11-19 02:54:33.131 0 0 I auditd : type=1400 audit(0.0:1562): avc: denied { kill } for comm="swapper/1" capability=5 scontext=u:r:kernel:s0 tcontext=u:r:kernel:s0 tclass=capability permissive=0
11-19 02:54:34.131 0 0 I auditd : type=1400 audit(0.0:1563): avc: denied { kill } for comm="swapper/1" capability=5 scontext=u:r:kernel:s0 tcontext=u:r:kernel:s0 tclass=capability permissive=0
11-19 02:54:35.131 0 0 I auditd : type=1400 audit(0.0:1564): avc: denied { kill } for comm="swapper/1" capability=5 scontext=u:r:kernel:s0 tcontext=u:r:kernel:s0 tclass=capability permissive=0
11-19 02:54:36.131 0 0 I auditd : type=1400 audit(0.0:1565): avc: denied { kill } for comm="swapper/1" capability=5 scontext=u:r:kernel:s0 tcontext=u:r:kernel:s0 tclass=capability permissive=0
11-19 02:54:37.131 0 0 I auditd : type=1400 audit(0.0:1566): avc: denied { kill } for comm="swapper/1" capability=5 scontext=u:r:kernel:s0 tcontext=u:r:kernel:s0 tclass=capability permissive=0
11-19 02:54:38.131 0 0 I auditd : type=1400 audit(0.0:1567): avc: denied { kill } for comm="swapper/1" capability=5 scontext=u:r:kernel:s0 tcontext=u:r:kernel:s0 tclass=capability permissive=0
11-19 02:54:39.131 0 0 I auditd : type=1400 audit(0.0:1568): avc: denied { kill } for comm="swapper/1" capability=5 scontext=u:r:kernel:s0 tcontext=u:r:kernel:s0 tclass=capability permissive=0
11-19 02:54:40.131 0 0 I auditd : type=1400 audit(0.0:1569): avc: denied { kill } for comm="swapper/1" capability=5 scontext=u:r:kernel:s0 tcontext=u:r:kernel:s0 tclass=capability permissive=0
11-19 02:54:41.131 0 0 I auditd : type=1400 audit(0.0:1570): avc: denied { kill } for comm="swapper/1" capability=5 scontext=u:r:kernel:s0 tcontext=u:r:kernel:s0 tclass=capability permissive=0
11-19 02:54:42.131 0 0 I auditd : type=1400 audit(0.0:1571): avc: denied { kill } for comm="swapper/1" capability=5 scontext=u:r:kernel:s0 tcontext=u:r:kernel:s0 tclass=capability permissive=0
11-19 02:54:43.131 0 0 I auditd : type=1400 audit(0.0:1572): avc: denied { kill } for comm="swapper/1" capability=5 scontext=u:r:kernel:s0 tcontext=u:r:kernel:s0 tclass=capability permissive=0
11-19 02:54:44.131 0 0 I auditd : type=1400 audit(0.0:1573): avc: denied { kill } for comm="swapper/1" capability=5 scontext=u:r:kernel:s0 tcontext=u:r:kernel:s0 tclass=capability permissive=0
11-19 02:54:45.131 0 0 I auditd : type=1400 audit(0.0:1574): avc: denied { kill } for comm="swapper/1" capability=5 scontext=u:r:kernel:s0 tcontext=u:r:kernel:s0 tclass=capability permissive=0
11-19 02:54:46.131 0 0 I auditd : type=1400 audit(0.0:1575): avc: denied { kill } for comm="swapper/1" capability=5 scontext=u:r:kernel:s0 tcontext=u:r:kernel:s0 tclass=capability permissive=0
11-19 02:54:47.131 0 0 I auditd : type=1400 audit(0.0:1576): avc: denied { kill } for comm="swapper/1" capability=5 scontext=u:r:kernel:s0 tcontext=u:r:kernel:s0 tclass=capability permissive=0
11-19 02:54:48.131 0 0 I auditd : type=1400 audit(0.0:1577): avc: denied { kill } for comm="swapper/1" capability=5 scontext=u:r:kernel:s0 tcontext=u:r:kernel:s0 tclass=capability permissive=0
11-19 02:54:49.131 0 0 I auditd : type=1400 audit(0.0:1578): avc: denied { kill } for comm="swapper/1" capability=5 scontext=u:r:kernel:s0 tcontext=u:r:kernel:s0 tclass=capability permissive=0
11-19 02:54:50.131 0 0 I auditd : type=1400 audit(0.0:1579): avc: denied { kill } for comm="swapper/1" capability=5 scontext=u:r:kernel:s0 tcontext=u:r:kernel:s0 tclass=capability permissive=0
11-19 02:54:51.131 0 0 I auditd : type=1400 audit(0.0:1580): avc: denied { kill } for comm="swapper/1" capability=5 scontext=u:r:kernel:s0 tcontext=u:r:kernel:s0 tclass=capability permissive=0
11-19 02:54:52.131 0 0 I auditd : type=1400 audit(0.0:1581): avc: denied { kill } for comm="swapper/1" capability=5 scontext=u:r:kernel:s0 tcontext=u:r:kernel:s0 tclass=capability permissive=0
11-19 02:54:53.131 0 0 I auditd : type=1400 audit(0.0:1582): avc: denied { kill } for comm="swapper/1" capability=5 scontext=u:r:kernel:s0 tcontext=u:r:kernel:s0 tclass=capability permissive=0
11-19 02:54:54.131 0 0 I auditd : type=1400 audit(0.0:1583): avc: denied { kill } for comm="swapper/1" capability=5 scontext=u:r:kernel:s0 tcontext=u:r:kernel:s0 tclass=capability permissive=0
11-19 02:54:55.131 0 0 I auditd : type=1400 audit(0.0:1584): avc: denied { kill } for comm="swapper/1" capability=5 scontext=u:r:kernel:s0 tcontext=u:r:kernel:s0 tclass=capability permissive=0
11-19 02:54:56.131 0 0 I auditd : type=1400 audit(0.0:1585): avc: denied { kill } for comm="swapper/1" capability=5 scontext=u:r:kernel:s0 tcontext=u:r:kernel:s0 tclass=capability permissive=0
11-19 02:54:57.131 0 0 I auditd : type=1400 audit(0.0:1586): avc: denied { kill } for comm="swapper/1" capability=5 scontext=u:r:kernel:s0 tcontext=u:r:kernel:s0 tclass=capability permissive=0
11-19 02:54:58.131 0 0 I auditd : type=1400 audit(0.0:1587): avc: denied { kill } for comm="swapper/1" capability=5 scontext=u:r:kernel:s0 tcontext=u:r:kernel:s0 tclass=capability permissive=0
11-19 02:54:59.131 0 0 I auditd : type=1400 audit(0.0:1588): avc: denied { kill } for comm="swapper/1" capability=5 scontext=u:r:kernel:s0 tcontext=u:r:kernel:s0 tclass=capability permissive=0
11-19 02:55:00.131 0 0 I auditd : type=1400 audit(0.0:1589): avc: denied { kill } for comm="swapper/1" capability=5 scontext=u:r:kernel:s0 tcontext=u:r:kernel:s0 tclass=capability permissive=0
11-19 02:55:01.131 0 0 I auditd : type=1400 audit(0.0:1590): avc: denied { kill } for comm="swapper/1" capability=5 scontext=u:r:kernel:s0 tcontext=u:r:kernel:s0 tclass=capability permissive=0
11-19 02:55:03.131 0 0 I auditd : type=1400 audit(0.0:1591): avc: denied { kill } for comm="swapper/1" capability=5 scontext=u:r:kernel:s0 tcontext=u:r:kernel:s0 tclass=capability permissive=0
11-19 02:55:04.131 0 0 I auditd : type=1400 audit(0.0:1592): avc: denied { kill } for comm="swapper/1" capability=5 scontext=u:r:kernel:s0 tcontext=u:r:kernel:s0 tclass=capability permissive=0
11-19 02:55:05.131 0 0 I auditd : type=1400 audit(0.0:1593): avc: denied { kill } for comm="swapper/1" capability=5 scontext=u:r:kernel:s0 tcontext=u:r:kernel:s0 tclass=capability permissive=0
11-19 02:55:06.131 0 0 I auditd : type=1400 audit(0.0:1594): avc: denied { kill } for comm="swapper/1" capability=5 scontext=u:r:kernel:s0 tcontext=u:r:kernel:s0 tclass=capability permissive=0
11-19 02:55:07.131 0 0 I auditd : type=1400 audit(0.0:1595): avc: denied { kill } for comm="swapper/1" capability=5 scontext=u:r:kernel:s0 tcontext=u:r:kernel:s0 tclass=capability permissive=0
11-19 02:55:08.131 0 0 I auditd : type=1400 audit(0.0:1596): avc: denied { kill } for comm="swapper/1" capability=5 scontext=u:r:kernel:s0 tcontext=u:r:kernel:s0 tclass=capability permissive=0
11-19 02:55:09.131 0 0 I auditd : type=1400 audit(0.0:1597): avc: denied { kill } for comm="swapper/1" capability=5 scontext=u:r:kernel:s0 tcontext=u:r:kernel:s0 tclass=capability permissive=0
11-19 02:55:10.131 0 0 I auditd : type=1400 audit(0.0:1598): avc: denied { kill } for comm="swapper/1" capability=5 scontext=u:r:kernel:s0 tcontext=u:r:kernel:s0 tclass=capability permissive=0
11-19 02:55:11.131 0 0 I auditd : type=1400 audit(0.0:1599): avc: denied { kill } for comm="swapper/1" capability=5 scontext=u:r:kernel:s0 tcontext=u:r:kernel:s0 tclass=capability permissive=0
11-19 02:55:12.131 0 0 I auditd : type=1400 audit(0.0:1600): avc: denied { kill } for comm="swapper/1" capability=5 scontext=u:r:kernel:s0 tcontext=u:r:kernel:s0 tclass=capability permissive=0
11-19 02:55:13.131 0 0 I auditd : type=1400 audit(0.0:1601): avc: denied { kill } for comm="swapper/1" capability=5 scontext=u:r:kernel:s0 tcontext=u:r:kernel:s0 tclass=capability permissive=0
11-19 02:55:14.131 0 0 I auditd : type=1400 audit(0.0:1602): avc: denied { kill } for comm="swapper/1" capability=5 scontext=u:r:kernel:s0 tcontext=u:r:kernel:s0 tclass=capability permissive=0
11-19 02:55:15.131 0 0 I auditd : type=1400 audit(0.0:1603): avc: denied { kill } for comm="swapper/1" capability=5 scontext=u:r:kernel:s0 tcontext=u:r:kernel:s0 tclass=capability permissive=0
11-19 02:55:16.131 0 0 I auditd : type=1400 audit(0.0:1604): avc: denied { kill } for comm="swapper/1" capability=5 scontext=u:r:kernel:s0 tcontext=u:r:kernel:s0 tclass=capability permissive=0
11-19 02:55:17.131 0 0 I auditd : type=1400 audit(0.0:1605): avc: denied { kill } for comm="swapper/1" capability=5 scontext=u:r:kernel:s0 tcontext=u:r:kernel:s0 tclass=capability permissive=0
11-19 02:55:18.131 0 0 I auditd : type=1400 audit(0.0:1606): avc: denied { kill } for comm="swapper/1" capability=5 scontext=u:r:kernel:s0 tcontext=u:r:kernel:s0 tclass=capability permissive=0
11-19 02:55:19.131 0 0 I auditd : type=1400 audit(0.0:1607): avc: denied { kill } for comm="swapper/1" capability=5 scontext=u:r:kernel:s0 tcontext=u:r:kernel:s0 tclass=capability permissive=0
11-19 02:55:20.131 0 0 I auditd : type=1400 audit(0.0:1608): avc: denied { kill } for comm="swapper/1" capability=5 scontext=u:r:kernel:s0 tcontext=u:r:kernel:s0 tclass=capability permissive=0
11-19 02:55:21.131 0 0 I auditd : type=1400 audit(0.0:1609): avc: denied { kill } for comm="swapper/1" capability=5 scontext=u:r:kernel:s0 tcontext=u:r:kernel:s0 tclass=capability permissive=0
11-19 02:55:22.131 0 0 I auditd : type=1400 audit(0.0:1610): avc: denied { kill } for comm="swapper/1" capability=5 scontext=u:r:kernel:s0 tcontext=u:r:kernel:s0 tclass=capability permissive=0
11-19 02:55:23.131 0 0 I auditd : type=1400 audit(0.0:1611): avc: denied { kill } for comm="swapper/1" capability=5 scontext=u:r:kernel:s0 tcontext=u:r:kernel:s0 tclass=capability permissive=0
11-19 02:55:24.131 0 0 I auditd : type=1400 audit(0.0:1612): avc: denied { kill } for comm="swapper/1" capability=5 scontext=u:r:kernel:s0 tcontext=u:r:kernel:s0 tclass=capability permissive=0
11-19 02:55:25.131 0 0 I auditd : type=1400 audit(0.0:1613): avc: denied { kill } for comm="swapper/1" capability=5 scontext=u:r:kernel:s0 tcontext=u:r:kernel:s0 tclass=capability permissive=0
11-19 02:55:26.131 0 0 I auditd : type=1400 audit(0.0:1614): avc: denied { kill } for comm="swapper/1" capability=5 scontext=u:r:kernel:s0 tcontext=u:r:kernel:s0 tclass=capability permissive=0
11-19 02:55:27.131 0 0 I auditd : type=1400 audit(0.0:1615): avc: denied { kill } for comm="swapper/1" capability=5 scontext=u:r:kernel:s0 tcontext=u:r:kernel:s0 tclass=capability permissive=0
11-19 02:55:28.131 0 0 I auditd : type=1400 audit(0.0:1616): avc: denied { kill } for comm="swapper/1" capability=5 scontext=u:r:kernel:s0 tcontext=u:r:kernel:s0 tclass=capability permissive=0
11-19 02:55:28.434 1499 2450 I commit_sys_config_file: [appops,5775992]
11-19 02:55:28.695 1499 1793 I am_freeze: [6657,com.thundercomm.gamemode.provider]
11-19 02:55:28.697 1499 1793 I am_kill : [0,6657,com.thundercomm.gamemode.provider,935,Unable to freeze binder interface]
11-19 02:55:28.735 1499 2341 I am_proc_died: [0,6657,com.thundercomm.gamemode.provider,935,19]
11-19 02:55:28.736 1499 2341 I am_uid_stopped: 10064
11-19 02:55:28.745 1499 1793 I am_freeze: [7351,com.android.documentsui]
11-19 02:55:28.746 1499 1793 I am_kill : [0,7351,com.android.documentsui,925,Unable to freeze binder interface]
11-19 02:55:28.751 1499 1644 I commit_sys_config_file: [procstats,14]
11-19 02:55:28.766 1499 6279 I am_proc_died: [0,7351,com.android.documentsui,925,19]
11-19 02:55:28.767 1499 6279 I am_uid_stopped: 10029
11-19 02:55:28.772 1499 1637 I am_uid_running: 10029
11-19 02:55:28.788 1499 1646 I am_proc_start: [0,7490,10029,com.android.documentsui,NULL,]
11-19 02:55:28.823 1499 6279 I am_proc_bound: [0,7490,com.android.documentsui]
11-19 02:55:29.131 0 0 I auditd : type=1400 audit(0.0:1617): avc: denied { kill } for comm="swapper/1" capability=5 scontext=u:r:kernel:s0 tcontext=u:r:kernel:s0 tclass=capability permissive=0
11-19 02:55:30.131 0 0 I auditd : type=1400 audit(0.0:1618): avc: denied { kill } for comm="swapper/1" capability=5 scontext=u:r:kernel:s0 tcontext=u:r:kernel:s0 tclass=capability permissive=0
11-19 02:55:31.131 0 0 I auditd : type=1400 audit(0.0:1619): avc: denied { kill } for comm="swapper/1" capability=5 scontext=u:r:kernel:s0 tcontext=u:r:kernel:s0 tclass=capability permissive=0
11-19 02:55:32.131 0 0 I auditd : type=1400 audit(0.0:1620): avc: denied { kill } for comm="swapper/1" capability=5 scontext=u:r:kernel:s0 tcontext=u:r:kernel:s0 tclass=capability permissive=0
11-19 02:55:33.131 0 0 I auditd : type=1400 audit(0.0:1621): avc: denied { kill } for comm="swapper/1" capability=5 scontext=u:r:kernel:s0 tcontext=u:r:kernel:s0 tclass=capability permissive=0
11-19 02:55:34.131 0 0 I auditd : type=1400 audit(0.0:1622): avc: denied { kill } for comm="swapper/1" capability=5 scontext=u:r:kernel:s0 tcontext=u:r:kernel:s0 tclass=capability permissive=0
11-19 02:55:35.131 0 0 I auditd : type=1400 audit(0.0:1623): avc: denied { kill } for comm="swapper/1" capability=5 scontext=u:r:kernel:s0 tcontext=u:r:kernel:s0 tclass=capability permissive=0
11-19 02:55:36.131 0 0 I auditd : type=1400 audit(0.0:1624): avc: denied { kill } for comm="swapper/1" capability=5 scontext=u:r:kernel:s0 tcontext=u:r:kernel:s0 tclass=capability permissive=0
11-19 02:55:37.131 0 0 I auditd : type=1400 audit(0.0:1625): avc: denied { kill } for comm="swapper/1" capability=5 scontext=u:r:kernel:s0 tcontext=u:r:kernel:s0 tclass=capability permissive=0
11-19 02:55:38.131 0 0 I auditd : type=1400 audit(0.0:1626): avc: denied { kill } for comm="swapper/1" capability=5 scontext=u:r:kernel:s0 tcontext=u:r:kernel:s0 tclass=capability permissive=0
11-19 02:55:39.131 0 0 I auditd : type=1400 audit(0.0:1627): avc: denied { kill } for comm="swapper/1" capability=5 scontext=u:r:kernel:s0 tcontext=u:r:kernel:s0 tclass=capability permissive=0
11-19 02:55:40.131 0 0 I auditd : type=1400 audit(0.0:1628): avc: denied { kill } for comm="swapper/1" capability=5 scontext=u:r:kernel:s0 tcontext=u:r:kernel:s0 tclass=capability permissive=0
11-19 02:55:41.131 0 0 I auditd : type=1400 audit(0.0:1629): avc: denied { kill } for comm="swapper/1" capability=5 scontext=u:r:kernel:s0 tcontext=u:r:kernel:s0 tclass=capability permissive=0
11-19 02:55:42.131 0 0 I auditd : type=1400 audit(0.0:1630): avc: denied { kill } for comm="swapper/1" capability=5 scontext=u:r:kernel:s0 tcontext=u:r:kernel:s0 tclass=capability permissive=0
11-19 02:55:43.131 0 0 I auditd : type=1400 audit(0.0:1631): avc: denied { kill } for comm="swapper/1" capability=5 scontext=u:r:kernel:s0 tcontext=u:r:kernel:s0 tclass=capability permissive=0
11-19 02:55:44.131 0 0 I auditd : type=1400 audit(0.0:1632): avc: denied { kill } for comm="swapper/1" capability=5 scontext=u:r:kernel:s0 tcontext=u:r:kernel:s0 tclass=capability permissive=0
11-19 02:55:45.131 0 0 I auditd : type=1400 audit(0.0:1633): avc: denied { kill } for comm="swapper/1" capability=5 scontext=u:r:kernel:s0 tcontext=u:r:kernel:s0 tclass=capability permissive=0
11-19 02:55:46.131 0 0 I auditd : type=1400 audit(0.0:1634): avc: denied { kill } for comm="swapper/1" capability=5 scontext=u:r:kernel:s0 tcontext=u:r:kernel:s0 tclass=capability permissive=0
11-19 02:55:47.131 0 0 I auditd : type=1400 audit(0.0:1635): avc: denied { kill } for comm="swapper/1" capability=5 scontext=u:r:kernel:s0 tcontext=u:r:kernel:s0 tclass=capability permissive=0
11-19 02:55:48.131 0 0 I auditd : type=1400 audit(0.0:1636): avc: denied { kill } for comm="swapper/1" capability=5 scontext=u:r:kernel:s0 tcontext=u:r:kernel:s0 tclass=capability permissive=0
11-19 02:55:49.131 0 0 I auditd : type=1400 audit(0.0:1637): avc: denied { kill } for comm="swapper/1" capability=5 scontext=u:r:kernel:s0 tcontext=u:r:kernel:s0 tclass=capability permissive=0
11-19 02:55:50.131 0 0 I auditd : type=1400 audit(0.0:1638): avc: denied { kill } for comm="swapper/1" capability=5 scontext=u:r:kernel:s0 tcontext=u:r:kernel:s0 tclass=capability permissive=0
11-19 02:55:51.131 0 0 I auditd : type=1400 audit(0.0:1639): avc: denied { kill } for comm="swapper/1" capability=5 scontext=u:r:kernel:s0 tcontext=u:r:kernel:s0 tclass=capability permissive=0
11-19 02:55:52.131 0 0 I auditd : type=1400 audit(0.0:1640): avc: denied { kill } for comm="swapper/1" capability=5 scontext=u:r:kernel:s0 tcontext=u:r:kernel:s0 tclass=capability permissive=0
11-19 02:55:53.131 0 0 I auditd : type=1400 audit(0.0:1641): avc: denied { kill } for comm="swapper/1" capability=5 scontext=u:r:kernel:s0 tcontext=u:r:kernel:s0 tclass=capability permissive=0
11-19 02:55:54.131 0 0 I auditd : type=1400 audit(0.0:1642): avc: denied { kill } for comm="swapper/1" capability=5 scontext=u:r:kernel:s0 tcontext=u:r:kernel:s0 tclass=capability permissive=0
11-19 02:55:55.131 0 0 I auditd : type=1400 audit(0.0:1643): avc: denied { kill } for comm="swapper/1" capability=5 scontext=u:r:kernel:s0 tcontext=u:r:kernel:s0 tclass=capability permissive=0
11-19 02:55:56.131 0 0 I auditd : type=1400 audit(0.0:1644): avc: denied { kill } for comm="swapper/1" capability=5 scontext=u:r:kernel:s0 tcontext=u:r:kernel:s0 tclass=capability permissive=0
11-19 02:55:57.131 0 0 I auditd : type=1400 audit(0.0:1645): avc: denied { kill } for comm="swapper/1" capability=5 scontext=u:r:kernel:s0 tcontext=u:r:kernel:s0 tclass=capability permissive=0
11-19 02:55:59.131 0 0 I auditd : type=1400 audit(0.0:1646): avc: denied { kill } for comm="swapper/1" capability=5 scontext=u:r:kernel:s0 tcontext=u:r:kernel:s0 tclass=capability permissive=0
11-19 02:56:00.131 0 0 I auditd : type=1400 audit(0.0:1647): avc: denied { kill } for comm="swapper/1" capability=5 scontext=u:r:kernel:s0 tcontext=u:r:kernel:s0 tclass=capability permissive=0
11-19 02:56:01.131 0 0 I auditd : type=1400 audit(0.0:1648): avc: denied { kill } for comm="swapper/1" capability=5 scontext=u:r:kernel:s0 tcontext=u:r:kernel:s0 tclass=capability permissive=0
11-19 02:56:02.131 0 0 I auditd : type=1400 audit(0.0:1649): avc: denied { kill } for comm="swapper/1" capability=5 scontext=u:r:kernel:s0 tcontext=u:r:kernel:s0 tclass=capability permissive=0
11-19 02:56:03.131 0 0 I auditd : type=1400 audit(0.0:1650): avc: denied { kill } for comm="swapper/1" capability=5 scontext=u:r:kernel:s0 tcontext=u:r:kernel:s0 tclass=capability permissive=0
11-19 02:56:04.131 0 0 I auditd : type=1400 audit(0.0:1651): avc: denied { kill } for comm="swapper/1" capability=5 scontext=u:r:kernel:s0 tcontext=u:r:kernel:s0 tclass=capability permissive=0
11-19 02:56:05.131 0 0 I auditd : type=1400 audit(0.0:1652): avc: denied { kill } for comm="swapper/1" capability=5 scontext=u:r:kernel:s0 tcontext=u:r:kernel:s0 tclass=capability permissive=0
11-19 02:56:06.131 0 0 I auditd : type=1400 audit(0.0:1653): avc: denied { kill } for comm="swapper/1" capability=5 scontext=u:r:kernel:s0 tcontext=u:r:kernel:s0 tclass=capability permissive=0
11-19 02:56:07.131 0 0 I auditd : type=1400 audit(0.0:1654): avc: denied { kill } for comm="swapper/1" capability=5 scontext=u:r:kernel:s0 tcontext=u:r:kernel:s0 tclass=capability permissive=0
11-19 02:56:08.131 0 0 I auditd : type=1400 audit(0.0:1655): avc: denied { kill } for comm="swapper/1" capability=5 scontext=u:r:kernel:s0 tcontext=u:r:kernel:s0 tclass=capability permissive=0
11-19 02:56:09.131 0 0 I auditd : type=1400 audit(0.0:1656): avc: denied { kill } for comm="swapper/1" capability=5 scontext=u:r:kernel:s0 tcontext=u:r:kernel:s0 tclass=capability permissive=0
11-19 02:56:10.131 0 0 I auditd : type=1400 audit(0.0:1657): avc: denied { kill } for comm="swapper/1" capability=5 scontext=u:r:kernel:s0 tcontext=u:r:kernel:s0 tclass=capability permissive=0
11-19 02:56:10.235 1499 1793 I am_freeze: [7379,com.android.gallery3d]
11-19 02:56:10.236 1499 1793 I am_kill : [0,7379,com.android.gallery3d,915,Unable to freeze binder interface]
11-19 02:56:10.270 1499 6279 I am_proc_died: [0,7379,com.android.gallery3d,915,19]
11-19 02:56:10.271 1499 6279 I am_uid_stopped: 10066
11-19 02:56:10.281 1499 1637 I am_uid_running: 10066
11-19 02:56:10.288 1499 1644 I am_pss : [6725,1000,com.android.settings,49734656,35635200,0,182579200,0,15,13]
11-19 02:56:10.298 1499 1644 I am_pss : [7490,10029,com.android.documentsui,12608512,9740288,0,106086400,0,19,9]
11-19 02:56:10.304 1499 1646 I am_proc_start: [0,7517,10066,com.android.gallery3d,NULL,]
11-19 02:56:10.345 1499 6279 I am_proc_bound: [0,7517,com.android.gallery3d]
11-19 02:56:11.131 0 0 I auditd : type=1400 audit(0.0:1658): avc: denied { kill } for comm="swapper/1" capability=5 scontext=u:r:kernel:s0 tcontext=u:r:kernel:s0 tclass=capability permissive=0
11-19 02:56:12.131 0 0 I auditd : type=1400 audit(0.0:1659): avc: denied { kill } for comm="swapper/1" capability=5 scontext=u:r:kernel:s0 tcontext=u:r:kernel:s0 tclass=capability permissive=0
11-19 02:56:13.131 0 0 I auditd : type=1400 audit(0.0:1660): avc: denied { kill } for comm="swapper/1" capability=5 scontext=u:r:kernel:s0 tcontext=u:r:kernel:s0 tclass=capability permissive=0
11-19 02:56:14.131 0 0 I auditd : type=1400 audit(0.0:1661): avc: denied { kill } for comm="swapper/1" capability=5 scontext=u:r:kernel:s0 tcontext=u:r:kernel:s0 tclass=capability permissive=0
11-19 02:56:15.131 0 0 I auditd : type=1400 audit(0.0:1662): avc: denied { kill } for comm="swapper/1" capability=5 scontext=u:r:kernel:s0 tcontext=u:r:kernel:s0 tclass=capability permissive=0
