11-19 04:05:28.399 1499 5215 D TelephonyRegistry: listen oscl: mHasNotifySubscriptionInfoChangedOccurred==false no callback
11-19 04:05:28.405 6725 6725 I wm_on_top_resumed_gained_called: [121204407,com.android.settings.Settings,topWhenResuming]
11-19 04:05:28.403 565 565 I auditd : type=1400 audit(0.0:5745): avc: denied { read } for comm="Binder:565_2" name="wakeup58" dev="sysfs" ino=71858 scontext=u:r:system_suspend:s0 tcontext=u:object_r:sysfs:s0 tclass=dir permissive=0
11-19 04:05:28.403 565 565 I auditd : type=1400 audit(0.0:5746): avc: denied { read } for comm="Binder:565_2" name="wakeup48" dev="sysfs" ino=67434 scontext=u:r:system_suspend:s0 tcontext=u:object_r:sysfs:s0 tclass=dir permissive=0
11-19 04:05:28.403 565 565 I auditd : type=1400 audit(0.0:5747): avc: denied { read } for comm="Binder:565_2" name="wakeup4" dev="sysfs" ino=47032 scontext=u:r:system_suspend:s0 tcontext=u:object_r:sysfs:s0 tclass=dir permissive=0
11-19 04:05:28.407 565 565 I auditd : type=1400 audit(0.0:5748): avc: denied { read } for comm="Binder:565_2" name="wakeup76" dev="sysfs" ino=76901 scontext=u:r:system_suspend:s0 tcontext=u:object_r:sysfs:s0 tclass=dir permissive=0
11-19 04:05:28.407 565 565 I auditd : type=1400 audit(0.0:5749): avc: denied { read } for comm="Binder:565_2" name="wakeup28" dev="sysfs" ino=53237 scontext=u:r:system_suspend:s0 tcontext=u:object_r:sysfs:s0 tclass=dir permissive=0
11-19 04:05:28.407 565 565 I auditd : type=1400 audit(0.0:5750): avc: denied { read } for comm="Binder:565_2" name="wakeup56" dev="sysfs" ino=71786 scontext=u:r:system_suspend:s0 tcontext=u:object_r:sysfs:s0 tclass=dir permissive=0
11-19 04:05:28.407 565 565 I auditd : type=1400 audit(0.0:5751): avc: denied { read } for comm="Binder:565_2" name="wakeup2" dev="sysfs" ino=46556 scontext=u:r:system_suspend:s0 tcontext=u:object_r:sysfs:s0 tclass=dir permissive=0
11-19 04:05:28.411 1499 5048 I am_proc_bound: [0,8183,com.thundercomm.gamemode.provider]
11-19 04:05:28.414 1499 1638 I input_focus: [Focus request 688adb5 com.android.settings/com.android.settings.Settings,reason=UpdateInputWindows]
11-19 04:05:28.430 1499 1831 I input_focus: [Focus entering 688adb5 com.android.settings/com.android.settings.Settings (server),reason=setFocusedWindow]
11-19 04:05:28.476 1499 1499 I am_uid_active: 10064
11-19 04:05:28.936 1499 1637 I wm_destroy_activity: [0,8221716,30,com.thundercomm.screensaver/android.service.dreams.DreamActivity,finish-imm:idle]
11-19 04:05:28.959 4805 4805 I wm_on_stop_called: [8221716,android.service.dreams.DreamActivity,LIFECYCLER_STOP_ACTIVITY]
11-19 04:05:28.960 4805 4805 I wm_on_destroy_called: [8221716,android.service.dreams.DreamActivity,performDestroy]
11-19 04:05:28.965 1499 1634 I sysui_multi_action: [757,222,758,2]
11-19 04:05:28.965 1499 1634 I sysui_multi_action: [757,804,799,dreaming_minutes,801,81,802,1]
11-19 04:05:28.979 1499 5048 I wm_task_removed: [30,removeChild:removeChild last r=ActivityRecord{7d7414 u0 com.thundercomm.screensaver/android.service.dreams.DreamActivity t-1 f}} in t=Task{5db559d #30 type=dream A=10050:android:com.thundercomm.screensaver/dream U=0 visible=false mode=fullscreen translucent=true sz=0}]
11-19 04:05:28.980 1499 5048 I wm_task_removed: [30,removeChild]
11-19 04:05:29.914 1499 1793 I am_freeze: [8106,com.android.music]
11-19 04:05:29.916 1499 1793 I am_freeze: [8107,com.android.documentsui]
11-19 04:05:29.917 1499 1793 I am_kill : [0,8106,com.android.music,925,Unable to freeze binder interface]
11-19 04:05:29.919 1499 1793 I am_kill : [0,8107,com.android.documentsui,915,Unable to freeze binder interface]
11-19 04:05:29.955 1499 5048 I am_proc_died: [0,8106,com.android.music,925,19]
11-19 04:05:29.956 1499 5048 I am_uid_stopped: 10090
11-19 04:05:29.960 1499 1729 I am_proc_died: [0,8107,com.android.documentsui,915,19]
11-19 04:05:29.961 1499 1729 I am_uid_stopped: 10029
11-19 04:05:30.032 1499 1831 I input_interaction: Interaction with: 947a81e StatusBar (server), edge-swipe (server), swipe-up (server), PointerEventDispatcher0 (server),
11-19 04:05:30.046 2342 2342 I sysui_multi_action: [757,803,799,panel_open,802,1]
11-19 04:05:30.049 2342 2342 I sysui_multi_action: [757,1328,758,4,1326,49,1327,3,1329,0]
11-19 04:05:30.167 1499 1729 I sysui_multi_action: [757,127,758,1]
11-19 04:05:30.167 1499 1729 I sysui_multi_action: [757,804,799,note_load,801,2,802,1]
11-19 04:05:30.167 1499 1729 I notification_panel_revealed: 2
11-19 04:05:30.170 1499 1499 I notification_enqueue: [10081,2342,com.android.systemui,2048,NULL,0,Notification(channel=updateNotification shortcut=null contentView=null vibrate=null sound=null defaults=0x0 flags=0x0 color=0x00000000 vis=PRIVATE),1]
11-19 04:05:30.170 2342 2342 I sysui_multi_action: [757,111,758,2]
11-19 04:05:30.171 2342 2342 I sysui_multi_action: [757,111,758,2]
11-19 04:05:30.183 1499 1638 I input_focus: [Focus request 574f5d NotificationShade,reason=UpdateInputWindows]
11-19 04:05:30.188 2342 2342 I sysui_multi_action: [757,111,758,1]
11-19 04:05:30.189 2342 2342 I sysui_multi_action: [757,126,758,1,759,126,927,0,928,0,1593,0]
11-19 04:05:30.189 2342 2342 I sysui_multi_action: [757,113,758,1,759,113,927,1,928,1,1593,0]
11-19 04:05:30.189 2342 2342 I sysui_multi_action: [757,0,758,1,759,0,927,2,928,0,1593,0]
11-19 04:05:30.189 2342 2342 I sysui_multi_action: [757,0,758,1,759,0,927,3,928,0,1593,0]
11-19 04:05:30.189 2342 2342 I sysui_multi_action: [757,491,758,1,759,491,927,4,928,0,1311,-1,1593,0]
11-19 04:05:30.189 2342 2342 I sysui_multi_action: [757,0,758,1,759,0,927,5,928,0,1593,0]
11-19 04:05:30.189 2342 2342 I sysui_multi_action: [757,111,758,1]
11-19 04:05:30.189 2342 2342 I sysui_multi_action: [757,126,758,1,759,126,927,0,928,0,1593,0]
11-19 04:05:30.189 2342 2342 I sysui_multi_action: [757,113,758,1,759,113,927,1,928,1,1593,0]
11-19 04:05:30.189 2342 2342 I sysui_multi_action: [757,0,758,1,759,0,927,2,928,0,1593,0]
11-19 04:05:30.190 2342 2342 I sysui_multi_action: [757,0,758,1,759,0,927,3,928,0,1593,0]
11-19 04:05:30.199 1499 1499 I notification_enqueue: [10081,2342,com.android.systemui,2048,NULL,0,Notification(channel=updateNotification shortcut=null contentView=null vibrate=null sound=null defaults=0x0 flags=0x0 color=0x00000000 vis=PRIVATE),1]
11-19 04:05:30.199 2342 2342 I sysui_multi_action: [757,111,758,2]
11-19 04:05:30.199 2342 2342 I sysui_multi_action: [757,111,758,2]
11-19 04:05:30.203 2342 2342 I sysui_multi_action: [757,111,758,1]
11-19 04:05:30.203 2342 2342 I sysui_multi_action: [757,126,758,1,759,126,927,0,928,0,1593,0]
11-19 04:05:30.203 2342 2342 I sysui_multi_action: [757,113,758,1,759,113,927,1,928,1,1593,0]
11-19 04:05:30.204 2342 2342 I sysui_multi_action: [757,0,758,1,759,0,927,2,928,0,1593,0]
11-19 04:05:30.204 2342 2342 I sysui_multi_action: [757,0,758,1,759,0,927,3,928,0,1593,0]
11-19 04:05:30.204 1499 1831 I input_focus: [Focus leaving 688adb5 com.android.settings/com.android.settings.Settings (server),reason=setFocusedWindow]
11-19 04:05:30.204 1499 1831 I input_focus: [Focus entering 574f5d NotificationShade (server),reason=setFocusedWindow]
11-19 04:05:30.204 2342 2342 I sysui_multi_action: [757,491,758,1,759,491,927,4,928,0,1311,-1,1593,0]
11-19 04:05:30.204 2342 2342 I sysui_multi_action: [757,0,758,1,759,0,927,5,928,0,1593,0]
11-19 04:05:30.204 2342 2342 I sysui_multi_action: [757,111,758,1]
11-19 04:05:30.204 2342 2342 I sysui_multi_action: [757,126,758,1,759,126,927,0,928,0,1593,0]
11-19 04:05:30.204 2342 2342 I sysui_multi_action: [757,113,758,1,759,113,927,1,928,1,1593,0]
11-19 04:05:30.204 2342 2342 I sysui_multi_action: [757,0,758,1,759,0,927,2,928,0,1593,0]
11-19 04:05:30.204 2342 2342 I sysui_multi_action: [757,0,758,1,759,0,927,3,928,0,1593,0]
11-19 04:05:30.215 1499 1499 I notification_enqueue: [10081,2342,com.android.systemui,2048,NULL,0,Notification(channel=updateNotification shortcut=null contentView=null vibrate=null sound=null defaults=0x0 flags=0x0 color=0x00000000 vis=PRIVATE),1]
11-19 04:05:30.216 2342 2342 I sysui_multi_action: [757,111,758,2]
11-19 04:05:30.216 2342 2342 I sysui_multi_action: [757,111,758,2]
11-19 04:05:30.220 2342 2342 I sysui_multi_action: [757,111,758,1]
11-19 04:05:30.220 2342 2342 I sysui_multi_action: [757,126,758,1,759,126,927,0,928,0,1593,0]
11-19 04:05:30.220 2342 2342 I sysui_multi_action: [757,113,758,1,759,113,927,1,928,1,1593,0]
11-19 04:05:30.220 2342 2342 I sysui_multi_action: [757,0,758,1,759,0,927,2,928,0,1593,0]
11-19 04:05:30.220 2342 2342 I sysui_multi_action: [757,0,758,1,759,0,927,3,928,0,1593,0]
11-19 04:05:30.221 2342 2342 I sysui_multi_action: [757,491,758,1,759,491,927,4,928,0,1311,-1,1593,0]
11-19 04:05:30.221 2342 2342 I sysui_multi_action: [757,0,758,1,759,0,927,5,928,0,1593,0]
11-19 04:05:30.221 2342 2342 I sysui_multi_action: [757,111,758,1]
11-19 04:05:30.221 2342 2342 I sysui_multi_action: [757,126,758,1,759,126,927,0,928,0,1593,0]
11-19 04:05:30.221 2342 2342 I sysui_multi_action: [757,113,758,1,759,113,927,1,928,1,1593,0]
11-19 04:05:30.221 2342 2342 I sysui_multi_action: [757,0,758,1,759,0,927,2,928,0,1593,0]
11-19 04:05:30.221 2342 2342 I sysui_multi_action: [757,0,758,1,759,0,927,3,928,0,1593,0]
11-19 04:05:30.232 1499 1499 I notification_enqueue: [10081,2342,com.android.systemui,2048,NULL,0,Notification(channel=updateNotification shortcut=null contentView=null vibrate=null sound=null defaults=0x0 flags=0x0 color=0x00000000 vis=PRIVATE),1]
11-19 04:05:30.234 2342 2342 I sysui_multi_action: [757,111,758,2]
11-19 04:05:30.234 2342 2342 I sysui_multi_action: [757,111,758,2]
11-19 04:05:30.237 2342 2342 I sysui_multi_action: [757,111,758,1]
11-19 04:05:30.237 2342 2342 I sysui_multi_action: [757,126,758,1,759,126,927,0,928,0,1593,0]
11-19 04:05:30.237 2342 2342 I sysui_multi_action: [757,113,758,1,759,113,927,1,928,1,1593,0]
11-19 04:05:30.237 2342 2342 I sysui_multi_action: [757,0,758,1,759,0,927,2,928,0,1593,0]
11-19 04:05:30.237 2342 2342 I sysui_multi_action: [757,0,758,1,759,0,927,3,928,0,1593,0]
11-19 04:05:30.237 2342 2342 I sysui_multi_action: [757,491,758,1,759,491,927,4,928,0,1311,-1,1593,0]
11-19 04:05:30.237 2342 2342 I sysui_multi_action: [757,0,758,1,759,0,927,5,928,0,1593,0]
11-19 04:05:30.237 2342 2342 I sysui_multi_action: [757,111,758,1]
11-19 04:05:30.237 2342 2342 I sysui_multi_action: [757,126,758,1,759,126,927,0,928,0,1593,0]
11-19 04:05:30.237 2342 2342 I sysui_multi_action: [757,113,758,1,759,113,927,1,928,1,1593,0]
11-19 04:05:30.237 2342 2342 I sysui_multi_action: [757,0,758,1,759,0,927,2,928,0,1593,0]
11-19 04:05:30.237 2342 2342 I sysui_multi_action: [757,0,758,1,759,0,927,3,928,0,1593,0]
11-19 04:05:30.249 2342 2342 I sysui_multi_action: [757,111,758,2]
11-19 04:05:30.249 2342 2342 I sysui_multi_action: [757,111,758,2]
11-19 04:05:30.249 1499 1499 I notification_enqueue: [10081,2342,com.android.systemui,2048,NULL,0,Notification(channel=updateNotification shortcut=null contentView=null vibrate=null sound=null defaults=0x0 flags=0x0 color=0x00000000 vis=PRIVATE),1]
11-19 04:05:30.252 2342 2342 I sysui_multi_action: [757,111,758,1]
11-19 04:05:30.252 2342 2342 I sysui_multi_action: [757,126,758,1,759,126,927,0,928,0,1593,0]
11-19 04:05:30.252 2342 2342 I sysui_multi_action: [757,113,758,1,759,113,927,1,928,1,1593,0]
11-19 04:05:30.252 2342 2342 I sysui_multi_action: [757,0,758,1,759,0,927,2,928,0,1593,0]
11-19 04:05:30.252 2342 2342 I sysui_multi_action: [757,0,758,1,759,0,927,3,928,0,1593,0]
11-19 04:05:30.252 2342 2342 I sysui_multi_action: [757,491,758,1,759,491,927,4,928,0,1311,-1,1593,0]
11-19 04:05:30.253 2342 2342 I sysui_multi_action: [757,0,758,1,759,0,927,5,928,0,1593,0]
11-19 04:05:30.253 2342 2342 I sysui_multi_action: [757,111,758,1]
11-19 04:05:30.253 2342 2342 I sysui_multi_action: [757,126,758,1,759,126,927,0,928,0,1593,0]
11-19 04:05:30.253 2342 2342 I sysui_multi_action: [757,113,758,1,759,113,927,1,928,1,1593,0]
11-19 04:05:30.253 2342 2342 I sysui_multi_action: [757,0,758,1,759,0,927,2,928,0,1593,0]
11-19 04:05:30.253 2342 2342 I sysui_multi_action: [757,0,758,1,759,0,927,3,928,0,1593,0]
11-19 04:05:30.261 2342 2342 I sysui_multi_action: [757,111,758,2]
11-19 04:05:30.261 1499 1499 I notification_enqueue: [10081,2342,com.android.systemui,2048,NULL,0,Notification(channel=updateNotification shortcut=null contentView=null vibrate=null sound=null defaults=0x0 flags=0x0 color=0x00000000 vis=PRIVATE),1]
11-19 04:05:30.262 2342 2342 I sysui_multi_action: [757,111,758,2]
11-19 04:05:30.266 2342 2342 I sysui_multi_action: [757,111,758,1]
11-19 04:05:30.267 2342 2342 I sysui_multi_action: [757,126,758,1,759,126,927,0,928,0,1593,0]
11-19 04:05:30.267 2342 2342 I sysui_multi_action: [757,113,758,1,759,113,927,1,928,1,1593,0]
11-19 04:05:30.267 2342 2342 I sysui_multi_action: [757,0,758,1,759,0,927,2,928,0,1593,0]
11-19 04:05:30.267 2342 2342 I sysui_multi_action: [757,0,758,1,759,0,927,3,928,0,1593,0]
11-19 04:05:30.267 2342 2342 I sysui_multi_action: [757,491,758,1,759,491,927,4,928,0,1311,-1,1593,0]
11-19 04:05:30.267 2342 2342 I sysui_multi_action: [757,0,758,1,759,0,927,5,928,0,1593,0]
11-19 04:05:30.267 2342 2342 I sysui_multi_action: [757,111,758,1]
11-19 04:05:30.267 2342 2342 I sysui_multi_action: [757,126,758,1,759,126,927,0,928,0,1593,0]
11-19 04:05:30.267 2342 2342 I sysui_multi_action: [757,113,758,1,759,113,927,1,928,1,1593,0]
11-19 04:05:30.268 2342 2342 I sysui_multi_action: [757,0,758,1,759,0,927,2,928,0,1593,0]
11-19 04:05:30.268 2342 2342 I sysui_multi_action: [757,0,758,1,759,0,927,3,928,0,1593,0]
11-19 04:05:30.282 2342 2342 I sysui_multi_action: [757,111,758,2]
11-19 04:05:30.282 1499 1499 I notification_enqueue: [10081,2342,com.android.systemui,2048,NULL,0,Notification(channel=updateNotification shortcut=null contentView=null vibrate=null sound=null defaults=0x0 flags=0x0 color=0x00000000 vis=PRIVATE),1]
11-19 04:05:30.282 2342 2342 I sysui_multi_action: [757,111,758,2]
11-19 04:05:30.286 2342 2342 I sysui_multi_action: [757,111,758,1]
11-19 04:05:30.286 2342 2342 I sysui_multi_action: [757,126,758,1,759,126,927,0,928,0,1593,0]
11-19 04:05:30.286 2342 2342 I sysui_multi_action: [757,113,758,1,759,113,927,1,928,1,1593,0]
11-19 04:05:30.286 2342 2342 I sysui_multi_action: [757,0,758,1,759,0,927,2,928,0,1593,0]
11-19 04:05:30.286 2342 2342 I sysui_multi_action: [757,0,758,1,759,0,927,3,928,0,1593,0]
11-19 04:05:30.287 2342 2342 I sysui_multi_action: [757,491,758,1,759,491,927,4,928,0,1311,-1,1593,0]
11-19 04:05:30.287 2342 2342 I sysui_multi_action: [757,0,758,1,759,0,927,5,928,0,1593,0]
11-19 04:05:30.287 2342 2342 I sysui_multi_action: [757,111,758,1]
11-19 04:05:30.287 2342 2342 I sysui_multi_action: [757,126,758,1,759,126,927,0,928,0,1593,0]
11-19 04:05:30.287 2342 2342 I sysui_multi_action: [757,113,758,1,759,113,927,1,928,1,1593,0]
11-19 04:05:30.287 2342 2342 I sysui_multi_action: [757,0,758,1,759,0,927,2,928,0,1593,0]
11-19 04:05:30.287 2342 2342 I sysui_multi_action: [757,0,758,1,759,0,927,3,928,0,1593,0]
11-19 04:05:30.708 1499 1729 I sysui_multi_action: [757,128,758,1,793,9931898,794,0,795,9931898,796,26,798,0,806,android,857,DEVELOPER_IMPORTANT,858,4,947,0,1395,2,1500,9931694,1688,1]
11-19 04:05:30.708 1499 1729 I sysui_multi_action: [757,804,799,note_freshness,801,9931898,802,1]
11-19 04:05:30.708 1499 1729 I notification_visibility: [-1|android|26|null|1000,1,9931898,9931898,0,0]
11-19 04:05:30.709 1499 1729 I sysui_multi_action: [757,128,758,1,793,9986472,794,0,795,9986472,796,32,798,1,806,android,857,USB,858,1,947,0,1395,2,1500,9985795,1688,1]
11-19 04:05:30.709 1499 1729 I sysui_multi_action: [757,804,799,note_freshness,801,9986472,802,1]
11-19 04:05:30.709 1499 1729 I notification_visibility: [-1|android|32|null|1000,1,9986472,9986472,0,1]
11-19 04:05:31.926 1499 1831 I input_interaction: Interaction with: 574f5d NotificationShade (server), edge-swipe (server), swipe-up (server), PointerEventDispatcher0 (server),
11-19 04:05:32.065 2342 2342 I sysui_multi_action: [757,925,758,4,759,126,927,0,928,0,1592,0,1593,1]
11-19 04:05:32.108 1499 1729 D TelephonyRegistry: listen oscl: mHasNotifySubscriptionInfoChangedOccurred==false no callback
11-19 04:05:32.112 2342 2342 W CarrierConfigManager: Error getting config for subId -1 ICarrierConfigLoader is null
11-19 04:05:32.131 0 0 I auditd : type=1400 audit(0.0:5844): avc: denied { kill } for comm="swapper/2" capability=5 scontext=u:r:kernel:s0 tcontext=u:r:kernel:s0 tclass=capability permissive=0
11-19 04:05:32.176 1499 1638 I input_focus: [Focus request c6484ed InternetDialog,reason=UpdateInputWindows]
11-19 04:05:32.209 1499 1831 I input_focus: [Focus leaving 574f5d NotificationShade (server),reason=setFocusedWindow]
11-19 04:05:32.209 1499 1831 I input_focus: [Focus entering c6484ed InternetDialog (server),reason=setFocusedWindow]
11-19 04:05:33.131 0 0 I auditd : type=1400 audit(0.0:5845): avc: denied { kill } for comm="swapper/2" capability=5 scontext=u:r:kernel:s0 tcontext=u:r:kernel:s0 tclass=capability permissive=0
11-19 04:05:33.573 1499 1831 I input_interaction: Interaction with: c6484ed InternetDialog (server), edge-swipe (server), swipe-up (server), PointerEventDispatcher0 (server),
11-19 04:05:33.916 1499 1759 I commit_sys_config_file: [settings-0-0,10]
11-19 04:05:35.131 0 0 I auditd : type=1400 audit(0.0:5846): avc: denied { kill } for comm="swapper/2" capability=5 scontext=u:r:kernel:s0 tcontext=u:r:kernel:s0 tclass=capability permissive=0
11-19 04:05:37.131 0 0 I auditd : type=1400 audit(0.0:5847): avc: denied { kill } for comm="swapper/0" capability=5 scontext=u:r:kernel:s0 tcontext=u:r:kernel:s0 tclass=capability permissive=0
11-19 04:05:37.337 1499 2279 I netstats_mobile_sample: [0,0,0,0,0,0,0,0,0,0,0,0,1668801937337]
11-19 04:05:37.337 1499 2279 I netstats_wifi_sample: [1480480,1473,207158,1185,1480480,1473,207158,1185,1507249,1843,172670,1085,1668801937337]
11-19 04:05:37.886 1499 2279 I netstats_mobile_sample: [0,0,0,0,0,0,0,0,0,0,0,0,1668801937885]
11-19 04:05:37.886 1499 2279 I netstats_wifi_sample: [1480480,1473,207158,1185,1480480,1473,207158,1185,1507249,1843,172670,1085,1668801937885]
11-19 04:05:37.896 1499 2279 I netstats_mobile_sample: [0,0,0,0,0,0,0,0,0,0,0,0,1668801937896]
11-19 04:05:37.896 1499 2279 I netstats_wifi_sample: [1480480,1473,207158,1185,1480480,1473,207158,1185,1507249,1843,172670,1085,1668801937896]
11-19 04:05:37.925 1499 2279 I netstats_mobile_sample: [0,0,0,0,0,0,0,0,0,0,0,0,1668801937925]
11-19 04:05:37.927 1499 2279 I netstats_wifi_sample: [1480480,1473,207158,1185,1480480,1473,207158,1185,1507249,1843,172670,1085,1668801937925]
11-19 04:05:37.949 1499 2279 I netstats_mobile_sample: [0,0,0,0,0,0,0,0,0,0,0,0,1668801937949]
11-19 04:05:37.949 1499 2279 I netstats_wifi_sample: [1480480,1473,207158,1185,1480480,1473,207158,1185,1507289,1844,172670,1085,1668801937949]
11-19 04:05:38.131 0 0 I auditd : type=1400 audit(0.0:5848): avc: denied { kill } for comm="swapper/0" capability=5 scontext=u:r:kernel:s0 tcontext=u:r:kernel:s0 tclass=capability permissive=0
11-19 04:05:38.243 1499 1499 I auditd : type=1400 audit(0.0:5849): avc: denied { sys_module } for comm="Binder:1499_9" capability=16 scontext=u:r:system_server:s0 tcontext=u:r:system_server:s0 tclass=capability permissive=0
11-19 04:05:38.247 1499 1499 I auditd : type=1400 audit(0.0:5850): avc: denied { sys_module } for comm="Binder:1499_9" capability=16 scontext=u:r:system_server:s0 tcontext=u:r:system_server:s0 tclass=capability permissive=0
11-19 04:05:38.252 1499 2279 I netstats_mobile_sample: [0,0,0,0,0,0,0,0,0,0,0,0,1668801938252]
11-19 04:05:38.253 1499 2279 I netstats_wifi_sample: [1485641,1485,209052,1205,1485641,1485,209052,1205,1512322,1855,174564,1105,1668801938252]
11-19 04:05:39.131 0 0 I auditd : type=1400 audit(0.0:5851): avc: denied { kill } for comm="swapper/0" capability=5 scontext=u:r:kernel:s0 tcontext=u:r:kernel:s0 tclass=capability permissive=0
11-19 04:05:40.131 0 0 I auditd : type=1400 audit(0.0:5852): avc: denied { kill } for comm="swapper/0" capability=5 scontext=u:r:kernel:s0 tcontext=u:r:kernel:s0 tclass=capability permissive=0
11-19 04:05:40.359 6725 6725 I service_manager_stats: [100,61,10019718]
11-19 04:05:41.131 0 0 I auditd : type=1400 audit(0.0:5853): avc: denied { kill } for comm="swapper/0" capability=5 scontext=u:r:kernel:s0 tcontext=u:r:kernel:s0 tclass=capability permissive=0
11-19 04:05:42.131 0 0 I auditd : type=1400 audit(0.0:5854): avc: denied { kill } for comm="swapper/0" capability=5 scontext=u:r:kernel:s0 tcontext=u:r:kernel:s0 tclass=capability permissive=0
11-19 04:05:42.977 1499 2488 I ntp_failure: [time.android.com/216.239.35.0,java.net.SocketTimeoutException: Poll timed out]
11-19 04:05:43.131 0 0 I auditd : type=1400 audit(0.0:5855): avc: denied { kill } for comm="swapper/1" capability=5 scontext=u:r:kernel:s0 tcontext=u:r:kernel:s0 tclass=capability permissive=0
11-19 04:05:44.131 0 0 I auditd : type=1400 audit(0.0:5856): avc: denied { kill } for comm="swapper/1" capability=5 scontext=u:r:kernel:s0 tcontext=u:r:kernel:s0 tclass=capability permissive=0
11-19 04:05:45.131 0 0 I auditd : type=1400 audit(0.0:5857): avc: denied { kill } for comm="swapper/2" capability=5 scontext=u:r:kernel:s0 tcontext=u:r:kernel:s0 tclass=capability permissive=0
11-19 04:05:46.131 0 0 I auditd : type=1400 audit(0.0:5858): avc: denied { kill } for comm="swapper/2" capability=5 scontext=u:r:kernel:s0 tcontext=u:r:kernel:s0 tclass=capability permissive=0
11-19 04:05:47.131 0 0 I auditd : type=1400 audit(0.0:5859): avc: denied { kill } for comm="swapper/2" capability=5 scontext=u:r:kernel:s0 tcontext=u:r:kernel:s0 tclass=capability permissive=0
11-19 04:05:47.985 1499 2488 I ntp_failure: [time.android.com/216.239.35.4,java.net.SocketTimeoutException: Poll timed out]
11-19 04:05:49.131 0 0 I auditd : type=1400 audit(0.0:5860): avc: denied { kill } for comm="swapper/2" capability=5 scontext=u:r:kernel:s0 tcontext=u:r:kernel:s0 tclass=capability permissive=0
11-19 04:05:50.131 0 0 I auditd : type=1400 audit(0.0:5861): avc: denied { kill } for comm="swapper/2" capability=5 scontext=u:r:kernel:s0 tcontext=u:r:kernel:s0 tclass=capability permissive=0
11-19 04:05:51.131 0 0 I auditd : type=1400 audit(0.0:5862): avc: denied { kill } for comm="swapper/2" capability=5 scontext=u:r:kernel:s0 tcontext=u:r:kernel:s0 tclass=capability permissive=0
11-19 04:05:52.131 0 0 I auditd : type=1400 audit(0.0:5863): avc: denied { kill } for comm="swapper/2" capability=5 scontext=u:r:kernel:s0 tcontext=u:r:kernel:s0 tclass=capability permissive=0
11-19 04:05:52.997 1499 2488 I ntp_failure: [time.android.com/216.239.35.12,java.net.SocketTimeoutException: Poll timed out]
11-19 04:05:53.131 0 0 I auditd : type=1400 audit(0.0:5864): avc: denied { kill } for comm="swapper/2" capability=5 scontext=u:r:kernel:s0 tcontext=u:r:kernel:s0 tclass=capability permissive=0
11-19 04:05:54.131 0 0 I auditd : type=1400 audit(0.0:5865): avc: denied { kill } for comm="swapper/2" capability=5 scontext=u:r:kernel:s0 tcontext=u:r:kernel:s0 tclass=capability permissive=0
11-19 04:05:55.131 0 0 I auditd : type=1400 audit(0.0:5866): avc: denied { kill } for comm="swapper/2" capability=5 scontext=u:r:kernel:s0 tcontext=u:r:kernel:s0 tclass=capability permissive=0
11-19 04:05:56.131 0 0 I auditd : type=1400 audit(0.0:5867): avc: denied { kill } for comm="swapper/2" capability=5 scontext=u:r:kernel:s0 tcontext=u:r:kernel:s0 tclass=capability permissive=0
11-19 04:05:58.006 1499 2488 I ntp_failure: [time.android.com/216.239.35.8,java.net.SocketTimeoutException: Poll timed out]
11-19 04:05:59.131 0 0 I auditd : type=1400 audit(0.0:5868): avc: denied { kill } for comm="swapper/0" capability=5 scontext=u:r:kernel:s0 tcontext=u:r:kernel:s0 tclass=capability permissive=0
11-19 04:05:59.883 1499 1638 I input_focus: [Focus request 574f5d NotificationShade,reason=UpdateInputWindows]
11-19 04:05:59.897 1499 1831 I input_focus: [Focus entering 574f5d NotificationShade (server),reason=setFocusedWindow]
11-19 04:06:00.131 354 354 I auditd : type=1400 audit(0.0:5869): avc: denied { kill } for comm="irq/382-atmel_m" capability=5 scontext=u:r:kernel:s0 tcontext=u:r:kernel:s0 tclass=capability permissive=0
11-19 04:06:00.324 1499 1831 I input_interaction: Interaction with: 574f5d NotificationShade (server), edge-swipe (server), swipe-up (server), PointerEventDispatcher0 (server),
11-19 04:06:00.739 1499 1499 I notification_enqueue: [10081,2342,com.android.systemui,2048,NULL,0,Notification(channel=updateNotification shortcut=null contentView=null vibrate=null sound=null defaults=0x0 flags=0x0 color=0x00000000 vis=PRIVATE),1]
11-19 04:06:00.740 2342 2342 I sysui_multi_action: [757,111,758,2]
11-19 04:06:00.740 2342 2342 I sysui_multi_action: [757,111,758,2]
11-19 04:06:00.746 2342 2342 I sysui_multi_action: [757,111,758,1]
11-19 04:06:00.747 2342 2342 I sysui_multi_action: [757,126,758,1,759,126,927,0,928,1,1593,0]
11-19 04:06:00.747 2342 2342 I sysui_multi_action: [757,113,758,1,759,113,927,1,928,1,1593,0]
11-19 04:06:00.747 2342 2342 I sysui_multi_action: [757,0,758,1,759,0,927,2,928,0,1593,0]
11-19 04:06:00.747 2342 2342 I sysui_multi_action: [757,0,758,1,759,0,927,3,928,0,1593,0]
11-19 04:06:00.747 2342 2342 I sysui_multi_action: [757,491,758,1,759,491,927,4,928,0,1311,-1,1593,0]
11-19 04:06:00.748 2342 2342 I sysui_multi_action: [757,0,758,1,759,0,927,5,928,0,1593,0]
11-19 04:06:00.748 2342 2342 I sysui_multi_action: [757,111,758,1]
11-19 04:06:00.748 2342 2342 I sysui_multi_action: [757,126,758,1,759,126,927,0,928,1,1593,0]
11-19 04:06:00.748 2342 2342 I sysui_multi_action: [757,113,758,1,759,113,927,1,928,1,1593,0]
11-19 04:06:00.748 2342 2342 I sysui_multi_action: [757,0,758,1,759,0,927,2,928,0,1593,0]
11-19 04:06:00.748 2342 2342 I sysui_multi_action: [757,0,758,1,759,0,927,3,928,0,1593,0]
11-19 04:06:00.767 1499 1499 I notification_enqueue: [10081,2342,com.android.systemui,2048,NULL,0,Notification(channel=updateNotification shortcut=null contentView=null vibrate=null sound=null defaults=0x0 flags=0x0 color=0x00000000 vis=PRIVATE),1]
11-19 04:06:00.767 2342 2342 I sysui_multi_action: [757,111,758,2]
11-19 04:06:00.768 2342 2342 I sysui_multi_action: [757,111,758,2]
11-19 04:06:00.774 2342 2342 I sysui_multi_action: [757,111,758,1]
11-19 04:06:00.774 2342 2342 I sysui_multi_action: [757,126,758,1,759,126,927,0,928,1,1593,1]
11-19 04:06:00.774 2342 2342 I sysui_multi_action: [757,113,758,1,759,113,927,1,928,1,1593,1]
11-19 04:06:00.774 2342 2342 I sysui_multi_action: [757,0,758,1,759,0,927,2,928,0,1593,1]
11-19 04:06:00.775 2342 2342 I sysui_multi_action: [757,0,758,1,759,0,927,3,928,0,1593,1]
11-19 04:06:00.775 2342 2342 I sysui_multi_action: [757,491,758,1,759,491,927,4,928,0,1311,-1,1593,0]
11-19 04:06:00.775 2342 2342 I sysui_multi_action: [757,0,758,1,759,0,927,5,928,0,1593,0]
11-19 04:06:00.775 2342 2342 I sysui_multi_action: [757,111,758,1]
11-19 04:06:00.776 2342 2342 I sysui_multi_action: [757,126,758,1,759,126,927,0,928,1,1593,1]
11-19 04:06:00.776 2342 2342 I sysui_multi_action: [757,113,758,1,759,113,927,1,928,1,1593,1]
11-19 04:06:00.776 2342 2342 I sysui_multi_action: [757,0,758,1,759,0,927,2,928,0,1593,1]
11-19 04:06:00.776 2342 2342 I sysui_multi_action: [757,0,758,1,759,0,927,3,928,0,1593,1]
11-19 04:06:00.787 2342 2342 I sysui_multi_action: [757,111,758,2]
11-19 04:06:00.787 1499 1499 I notification_enqueue: [10081,2342,com.android.systemui,2048,NULL,0,Notification(channel=updateNotification shortcut=null contentView=null vibrate=null sound=null defaults=0x0 flags=0x0 color=0x00000000 vis=PRIVATE),1]
11-19 04:06:00.787 2342 2342 I sysui_multi_action: [757,111,758,2]
11-19 04:06:00.791 2342 2342 I sysui_multi_action: [757,111,758,1]
11-19 04:06:00.792 2342 2342 I sysui_multi_action: [757,126,758,1,759,126,927,0,928,1,1593,0]
11-19 04:06:00.792 2342 2342 I sysui_multi_action: [757,113,758,1,759,113,927,1,928,1,1593,0]
11-19 04:06:00.792 2342 2342 I sysui_multi_action: [757,0,758,1,759,0,927,2,928,0,1593,0]
11-19 04:06:00.792 2342 2342 I sysui_multi_action: [757,0,758,1,759,0,927,3,928,0,1593,0]
11-19 04:06:00.792 2342 2342 I sysui_multi_action: [757,491,758,1,759,491,927,4,928,0,1311,-1,1593,0]
11-19 04:06:00.792 2342 2342 I sysui_multi_action: [757,0,758,1,759,0,927,5,928,0,1593,0]
11-19 04:06:00.792 2342 2342 I sysui_multi_action: [757,111,758,1]
11-19 04:06:00.793 2342 2342 I sysui_multi_action: [757,126,758,1,759,126,927,0,928,1,1593,0]
11-19 04:06:00.793 2342 2342 I sysui_multi_action: [757,113,758,1,759,113,927,1,928,1,1593,0]
11-19 04:06:00.793 2342 2342 I sysui_multi_action: [757,0,758,1,759,0,927,2,928,0,1593,0]
11-19 04:06:00.793 2342 2342 I sysui_multi_action: [757,0,758,1,759,0,927,3,928,0,1593,0]
11-19 04:06:00.802 2342 2342 I sysui_multi_action: [757,111,758,2]
11-19 04:06:00.802 1499 1499 I notification_enqueue: [10081,2342,com.android.systemui,2048,NULL,0,Notification(channel=updateNotification shortcut=null contentView=null vibrate=null sound=null defaults=0x0 flags=0x0 color=0x00000000 vis=PRIVATE),1]
11-19 04:06:00.802 2342 2342 I sysui_multi_action: [757,111,758,2]
11-19 04:06:00.806 2342 2342 I sysui_multi_action: [757,111,758,1]
11-19 04:06:00.806 2342 2342 I sysui_multi_action: [757,126,758,1,759,126,927,0,928,1,1593,1]
11-19 04:06:00.806 2342 2342 I sysui_multi_action: [757,113,758,1,759,113,927,1,928,1,1593,1]
11-19 04:06:00.806 2342 2342 I sysui_multi_action: [757,0,758,1,759,0,927,2,928,0,1593,1]
11-19 04:06:00.806 2342 2342 I sysui_multi_action: [757,0,758,1,759,0,927,3,928,0,1593,1]
11-19 04:06:00.807 2342 2342 I sysui_multi_action: [757,491,758,1,759,491,927,4,928,0,1311,-1,1593,0]
11-19 04:06:00.807 2342 2342 I sysui_multi_action: [757,0,758,1,759,0,927,5,928,0,1593,0]
11-19 04:06:00.807 2342 2342 I sysui_multi_action: [757,111,758,1]
11-19 04:06:00.807 2342 2342 I sysui_multi_action: [757,126,758,1,759,126,927,0,928,1,1593,1]
11-19 04:06:00.807 2342 2342 I sysui_multi_action: [757,113,758,1,759,113,927,1,928,1,1593,1]
11-19 04:06:00.807 2342 2342 I sysui_multi_action: [757,0,758,1,759,0,927,2,928,0,1593,1]
11-19 04:06:00.807 2342 2342 I sysui_multi_action: [757,0,758,1,759,0,927,3,928,0,1593,1]
11-19 04:06:00.816 2342 2342 I sysui_multi_action: [757,111,758,2]
11-19 04:06:00.816 1499 1499 I notification_enqueue: [10081,2342,com.android.systemui,2048,NULL,0,Notification(channel=updateNotification shortcut=null contentView=null vibrate=null sound=null defaults=0x0 flags=0x0 color=0x00000000 vis=PRIVATE),1]
11-19 04:06:00.817 2342 2342 I sysui_multi_action: [757,111,758,2]
11-19 04:06:00.820 2342 2342 I sysui_multi_action: [757,111,758,1]
11-19 04:06:00.820 2342 2342 I sysui_multi_action: [757,126,758,1,759,126,927,0,928,1,1593,1]
11-19 04:06:00.820 2342 2342 I sysui_multi_action: [757,113,758,1,759,113,927,1,928,1,1593,1]
11-19 04:06:00.820 2342 2342 I sysui_multi_action: [757,0,758,1,759,0,927,2,928,0,1593,1]
11-19 04:06:00.820 2342 2342 I sysui_multi_action: [757,0,758,1,759,0,927,3,928,0,1593,1]
11-19 04:06:00.820 2342 2342 I sysui_multi_action: [757,491,758,1,759,491,927,4,928,0,1311,-1,1593,0]
11-19 04:06:00.820 2342 2342 I sysui_multi_action: [757,0,758,1,759,0,927,5,928,0,1593,0]
11-19 04:06:00.820 2342 2342 I sysui_multi_action: [757,111,758,1]
11-19 04:06:00.820 2342 2342 I sysui_multi_action: [757,126,758,1,759,126,927,0,928,1,1593,1]
11-19 04:06:00.821 2342 2342 I sysui_multi_action: [757,113,758,1,759,113,927,1,928,1,1593,1]
11-19 04:06:00.821 2342 2342 I sysui_multi_action: [757,0,758,1,759,0,927,2,928,0,1593,1]
11-19 04:06:00.821 2342 2342 I sysui_multi_action: [757,0,758,1,759,0,927,3,928,0,1593,1]
11-19 04:06:00.828 2342 2342 I sysui_multi_action: [757,111,758,2]
11-19 04:06:00.828 1499 1499 I notification_enqueue: [10081,2342,com.android.systemui,2048,NULL,0,Notification(channel=updateNotification shortcut=null contentView=null vibrate=null sound=null defaults=0x0 flags=0x0 color=0x00000000 vis=PRIVATE),1]
11-19 04:06:00.828 2342 2342 I sysui_multi_action: [757,111,758,2]
11-19 04:06:00.831 2342 2342 I sysui_multi_action: [757,111,758,1]
11-19 04:06:00.831 2342 2342 I sysui_multi_action: [757,126,758,1,759,126,927,0,928,1,1593,1]
11-19 04:06:00.831 2342 2342 I sysui_multi_action: [757,113,758,1,759,113,927,1,928,1,1593,1]
11-19 04:06:00.831 2342 2342 I sysui_multi_action: [757,0,758,1,759,0,927,2,928,0,1593,1]
11-19 04:06:00.831 2342 2342 I sysui_multi_action: [757,0,758,1,759,0,927,3,928,0,1593,1]
11-19 04:06:00.831 2342 2342 I sysui_multi_action: [757,491,758,1,759,491,927,4,928,0,1311,-1,1593,0]
11-19 04:06:00.831 2342 2342 I sysui_multi_action: [757,0,758,1,759,0,927,5,928,0,1593,0]
11-19 04:06:00.831 2342 2342 I sysui_multi_action: [757,111,758,1]
11-19 04:06:00.831 2342 2342 I sysui_multi_action: [757,126,758,1,759,126,927,0,928,1,1593,1]
11-19 04:06:00.831 2342 2342 I sysui_multi_action: [757,113,758,1,759,113,927,1,928,1,1593,1]
11-19 04:06:00.831 2342 2342 I sysui_multi_action: [757,0,758,1,759,0,927,2,928,0,1593,1]
11-19 04:06:00.831 2342 2342 I sysui_multi_action: [757,0,758,1,759,0,927,3,928,0,1593,1]
11-19 04:06:00.838 2342 2342 I sysui_multi_action: [757,111,758,2]
11-19 04:06:00.838 2342 2342 I sysui_multi_action: [757,111,758,2]
11-19 04:06:00.838 1499 1499 I notification_enqueue: [10081,2342,com.android.systemui,2048,NULL,0,Notification(channel=updateNotification shortcut=null contentView=null vibrate=null sound=null defaults=0x0 flags=0x0 color=0x00000000 vis=PRIVATE),1]
11-19 04:06:00.841 2342 2342 I sysui_multi_action: [757,111,758,1]
11-19 04:06:00.841 2342 2342 I sysui_multi_action: [757,126,758,1,759,126,927,0,928,1,1593,1]
11-19 04:06:00.841 2342 2342 I sysui_multi_action: [757,113,758,1,759,113,927,1,928,1,1593,1]
11-19 04:06:00.841 2342 2342 I sysui_multi_action: [757,0,758,1,759,0,927,2,928,0,1593,1]
11-19 04:06:00.841 2342 2342 I sysui_multi_action: [757,0,758,1,759,0,927,3,928,0,1593,1]
11-19 04:06:00.841 2342 2342 I sysui_multi_action: [757,491,758,1,759,491,927,4,928,0,1311,-1,1593,0]
11-19 04:06:00.841 2342 2342 I sysui_multi_action: [757,0,758,1,759,0,927,5,928,0,1593,0]
11-19 04:06:00.841 2342 2342 I sysui_multi_action: [757,111,758,1]
11-19 04:06:00.841 2342 2342 I sysui_multi_action: [757,126,758,1,759,126,927,0,928,1,1593,1]
11-19 04:06:00.841 2342 2342 I sysui_multi_action: [757,113,758,1,759,113,927,1,928,1,1593,1]
11-19 04:06:00.841 2342 2342 I sysui_multi_action: [757,0,758,1,759,0,927,2,928,0,1593,1]
11-19 04:06:00.841 2342 2342 I sysui_multi_action: [757,0,758,1,759,0,927,3,928,0,1593,1]
11-19 04:06:00.855 2342 2342 I sysui_multi_action: [757,111,758,2]
11-19 04:06:00.856 1499 1499 I notification_enqueue: [10081,2342,com.android.systemui,2048,NULL,0,Notification(channel=updateNotification shortcut=null contentView=null vibrate=null sound=null defaults=0x0 flags=0x0 color=0x00000000 vis=PRIVATE),1]
11-19 04:06:00.856 2342 2342 I sysui_multi_action: [757,111,758,2]
11-19 04:06:00.859 2342 2342 I sysui_multi_action: [757,111,758,1]
11-19 04:06:00.859 2342 2342 I sysui_multi_action: [757,126,758,1,759,126,927,0,928,1,1593,1]
11-19 04:06:00.859 2342 2342 I sysui_multi_action: [757,113,758,1,759,113,927,1,928,1,1593,1]
11-19 04:06:00.859 2342 2342 I sysui_multi_action: [757,0,758,1,759,0,927,2,928,0,1593,1]
11-19 04:06:00.859 2342 2342 I sysui_multi_action: [757,0,758,1,759,0,927,3,928,0,1593,1]
11-19 04:06:00.859 2342 2342 I sysui_multi_action: [757,491,758,1,759,491,927,4,928,0,1311,-1,1593,0]
11-19 04:06:00.859 2342 2342 I sysui_multi_action: [757,0,758,1,759,0,927,5,928,0,1593,0]
11-19 04:06:00.859 2342 2342 I sysui_multi_action: [757,111,758,1]
11-19 04:06:00.860 2342 2342 I sysui_multi_action: [757,126,758,1,759,126,927,0,928,1,1593,1]
11-19 04:06:00.860 2342 2342 I sysui_multi_action: [757,113,758,1,759,113,927,1,928,1,1593,1]
11-19 04:06:00.860 2342 2342 I sysui_multi_action: [757,0,758,1,759,0,927,2,928,0,1593,1]
11-19 04:06:00.860 2342 2342 I sysui_multi_action: [757,0,758,1,759,0,927,3,928,0,1593,1]
11-19 04:06:00.873 1499 1499 I notification_enqueue: [10081,2342,com.android.systemui,2048,NULL,0,Notification(channel=updateNotification shortcut=null contentView=null vibrate=null sound=null defaults=0x0 flags=0x0 color=0x00000000 vis=PRIVATE),1]
11-19 04:06:00.874 2342 2342 I sysui_multi_action: [757,111,758,2]
11-19 04:06:00.874 2342 2342 I sysui_multi_action: [757,111,758,2]
11-19 04:06:00.877 2342 2342 I sysui_multi_action: [757,111,758,1]
11-19 04:06:00.877 2342 2342 I sysui_multi_action: [757,126,758,1,759,126,927,0,928,1,1593,1]
11-19 04:06:00.878 2342 2342 I sysui_multi_action: [757,113,758,1,759,113,927,1,928,1,1593,1]
11-19 04:06:00.878 2342 2342 I sysui_multi_action: [757,0,758,1,759,0,927,2,928,0,1593,1]
11-19 04:06:00.878 2342 2342 I sysui_multi_action: [757,0,758,1,759,0,927,3,928,0,1593,1]
11-19 04:06:00.878 2342 2342 I sysui_multi_action: [757,491,758,1,759,491,927,4,928,0,1311,-1,1593,0]
11-19 04:06:00.878 2342 2342 I sysui_multi_action: [757,0,758,1,759,0,927,5,928,0,1593,0]
11-19 04:06:00.878 2342 2342 I sysui_multi_action: [757,111,758,1]
11-19 04:06:00.878 2342 2342 I sysui_multi_action: [757,126,758,1,759,126,927,0,928,1,1593,1]
11-19 04:06:00.878 2342 2342 I sysui_multi_action: [757,113,758,1,759,113,927,1,928,1,1593,1]
11-19 04:06:00.878 2342 2342 I sysui_multi_action: [757,0,758,1,759,0,927,2,928,0,1593,1]
11-19 04:06:00.878 2342 2342 I sysui_multi_action: [757,0,758,1,759,0,927,3,928,0,1593,1]
11-19 04:06:00.890 1499 1499 I notification_enqueue: [10081,2342,com.android.systemui,2048,NULL,0,Notification(channel=updateNotification shortcut=null contentView=null vibrate=null sound=null defaults=0x0 flags=0x0 color=0x00000000 vis=PRIVATE),1]
11-19 04:06:00.890 2342 2342 I sysui_multi_action: [757,111,758,2]
11-19 04:06:00.890 2342 2342 I sysui_multi_action: [757,111,758,2]
11-19 04:06:00.893 2342 2342 I sysui_multi_action: [757,111,758,1]
11-19 04:06:00.893 2342 2342 I sysui_multi_action: [757,126,758,1,759,126,927,0,928,1,1593,1]
11-19 04:06:00.893 2342 2342 I sysui_multi_action: [757,113,758,1,759,113,927,1,928,1,1593,1]
11-19 04:06:00.893 2342 2342 I sysui_multi_action: [757,0,758,1,759,0,927,2,928,0,1593,1]
11-19 04:06:00.894 2342 2342 I sysui_multi_action: [757,0,758,1,759,0,927,3,928,0,1593,1]
11-19 04:06:00.894 2342 2342 I sysui_multi_action: [757,491,758,1,759,491,927,4,928,0,1311,-1,1593,0]
11-19 04:06:00.894 2342 2342 I sysui_multi_action: [757,0,758,1,759,0,927,5,928,0,1593,0]
11-19 04:06:00.894 2342 2342 I sysui_multi_action: [757,111,758,1]
11-19 04:06:00.894 2342 2342 I sysui_multi_action: [757,126,758,1,759,126,927,0,928,1,1593,1]
11-19 04:06:00.894 2342 2342 I sysui_multi_action: [757,113,758,1,759,113,927,1,928,1,1593,1]
11-19 04:06:00.894 2342 2342 I sysui_multi_action: [757,0,758,1,759,0,927,2,928,0,1593,1]
11-19 04:06:00.894 2342 2342 I sysui_multi_action: [757,0,758,1,759,0,927,3,928,0,1593,1]
11-19 04:06:00.908 2342 2342 I sysui_multi_action: [757,111,758,2]
11-19 04:06:00.908 1499 1499 I notification_enqueue: [10081,2342,com.android.systemui,2048,NULL,0,Notification(channel=updateNotification shortcut=null contentView=null vibrate=null sound=null defaults=0x0 flags=0x0 color=0x00000000 vis=PRIVATE),1]
11-19 04:06:00.908 2342 2342 I sysui_multi_action: [757,111,758,2]
11-19 04:06:00.912 2342 2342 I sysui_multi_action: [757,111,758,1]
11-19 04:06:00.912 2342 2342 I sysui_multi_action: [757,126,758,1,759,126,927,0,928,1,1593,1]
11-19 04:06:00.912 2342 2342 I sysui_multi_action: [757,113,758,1,759,113,927,1,928,1,1593,1]
11-19 04:06:00.912 2342 2342 I sysui_multi_action: [757,0,758,1,759,0,927,2,928,0,1593,1]
11-19 04:06:00.913 2342 2342 I sysui_multi_action: [757,0,758,1,759,0,927,3,928,0,1593,1]
11-19 04:06:00.913 2342 2342 I sysui_multi_action: [757,491,758,1,759,491,927,4,928,0,1311,-1,1593,0]
11-19 04:06:00.913 2342 2342 I sysui_multi_action: [757,0,758,1,759,0,927,5,928,0,1593,0]
11-19 04:06:00.913 2342 2342 I sysui_multi_action: [757,111,758,1]
11-19 04:06:00.913 2342 2342 I sysui_multi_action: [757,126,758,1,759,126,927,0,928,1,1593,1]
11-19 04:06:00.913 2342 2342 I sysui_multi_action: [757,113,758,1,759,113,927,1,928,1,1593,1]
11-19 04:06:00.913 2342 2342 I sysui_multi_action: [757,0,758,1,759,0,927,2,928,0,1593,1]
11-19 04:06:00.913 2342 2342 I sysui_multi_action: [757,0,758,1,759,0,927,3,928,0,1593,1]
11-19 04:06:00.922 1499 7777 I sysui_multi_action: [757,128,758,2,793,9962112,794,30214,795,9962112,796,26,798,0,806,android,857,DEVELOPER_IMPORTANT,858,4,947,0,1395,2,1500,9961908,1688,1]
11-19 04:06:00.922 1499 7777 I notification_visibility: [-1|android|26|null|1000,0,9962112,9962112,0,0]
11-19 04:06:00.922 1499 7777 I sysui_multi_action: [757,128,758,2,793,10016685,794,30213,795,10016685,796,32,798,1,806,android,857,USB,858,1,947,0,1395,2,1500,10016008,1688,1]
11-19 04:06:00.922 1499 7777 I notification_visibility: [-1|android|32|null|1000,0,10016685,10016685,0,1]
11-19 04:06:00.926 2342 2342 I sysui_multi_action: [757,111,758,2]
11-19 04:06:00.926 1499 1499 I notification_enqueue: [10081,2342,com.android.systemui,2048,NULL,0,Notification(channel=updateNotification shortcut=null contentView=null vibrate=null sound=null defaults=0x0 flags=0x0 color=0x00000000 vis=PRIVATE),1]
11-19 04:06:00.926 2342 2342 I sysui_multi_action: [757,111,758,2]
11-19 04:06:00.929 2342 2342 I sysui_multi_action: [757,111,758,1]
11-19 04:06:00.929 2342 2342 I sysui_multi_action: [757,126,758,1,759,126,927,0,928,1,1593,1]
11-19 04:06:00.929 2342 2342 I sysui_multi_action: [757,113,758,1,759,113,927,1,928,1,1593,1]
11-19 04:06:00.929 2342 2342 I sysui_multi_action: [757,0,758,1,759,0,927,2,928,0,1593,1]
11-19 04:06:00.930 2342 2342 I sysui_multi_action: [757,0,758,1,759,0,927,3,928,0,1593,1]
11-19 04:06:00.930 2342 2342 I sysui_multi_action: [757,491,758,1,759,491,927,4,928,0,1311,-1,1593,0]
11-19 04:06:00.930 2342 2342 I sysui_multi_action: [757,0,758,1,759,0,927,5,928,0,1593,0]
11-19 04:06:00.930 2342 2342 I sysui_multi_action: [757,111,758,1]
11-19 04:06:00.930 2342 2342 I sysui_multi_action: [757,126,758,1,759,126,927,0,928,1,1593,1]
11-19 04:06:00.930 2342 2342 I sysui_multi_action: [757,113,758,1,759,113,927,1,928,1,1593,1]
11-19 04:06:00.930 2342 2342 I sysui_multi_action: [757,0,758,1,759,0,927,2,928,0,1593,1]
11-19 04:06:00.930 2342 2342 I sysui_multi_action: [757,0,758,1,759,0,927,3,928,0,1593,1]
11-19 04:06:00.941 2342 2342 I sysui_multi_action: [757,111,758,2]
11-19 04:06:00.941 2342 2342 I sysui_multi_action: [757,111,758,2]
11-19 04:06:00.942 1499 1499 I notification_enqueue: [10081,2342,com.android.systemui,2048,NULL,0,Notification(channel=updateNotification shortcut=null contentView=null vibrate=null sound=null defaults=0x0 flags=0x0 color=0x00000000 vis=PRIVATE),1]
11-19 04:06:00.951 1499 1638 I input_focus: [Focus request 688adb5 com.android.settings/com.android.settings.Settings,reason=UpdateInputWindows]
11-19 04:06:00.953 2342 2342 I sysui_multi_action: [757,111,758,1]
11-19 04:06:00.953 2342 2342 I sysui_multi_action: [757,126,758,1,759,126,927,0,928,1,1593,1]
11-19 04:06:00.953 2342 2342 I sysui_multi_action: [757,113,758,1,759,113,927,1,928,1,1593,1]
11-19 04:06:00.953 2342 2342 I sysui_multi_action: [757,0,758,1,759,0,927,2,928,0,1593,1]
11-19 04:06:00.953 2342 2342 I sysui_multi_action: [757,0,758,1,759,0,927,3,928,0,1593,1]
11-19 04:06:00.954 2342 2342 I sysui_multi_action: [757,491,758,1,759,491,927,4,928,0,1311,-1,1593,0]
11-19 04:06:00.954 2342 2342 I sysui_multi_action: [757,0,758,1,759,0,927,5,928,0,1593,0]
11-19 04:06:00.954 2342 2342 I sysui_multi_action: [757,111,758,1]
11-19 04:06:00.954 2342 2342 I sysui_multi_action: [757,126,758,1,759,126,927,0,928,1,1593,1]
11-19 04:06:00.954 2342 2342 I sysui_multi_action: [757,113,758,1,759,113,927,1,928,1,1593,1]
11-19 04:06:00.954 2342 2342 I sysui_multi_action: [757,0,758,1,759,0,927,2,928,0,1593,1]
11-19 04:06:00.954 2342 2342 I sysui_multi_action: [757,0,758,1,759,0,927,3,928,0,1593,1]
11-19 04:06:00.960 2342 2342 I sysui_multi_action: [757,111,758,2]
11-19 04:06:00.961 1499 1499 I notification_enqueue: [10081,2342,com.android.systemui,2048,NULL,0,Notification(channel=updateNotification shortcut=null contentView=null vibrate=null sound=null defaults=0x0 flags=0x0 color=0x00000000 vis=PRIVATE),1]
11-19 04:06:00.961 2342 2342 I sysui_multi_action: [757,111,758,2]
11-19 04:06:00.962 1499 2757 I sysui_multi_action: [757,127,758,2]
11-19 04:06:00.962 1499 2757 I notification_panel_hidden:
11-19 04:06:00.975 2342 2342 I sysui_multi_action: [757,111,758,1]
11-19 04:06:00.975 2342 2342 I sysui_multi_action: [757,126,758,1,759,126,927,0,928,1,1593,1]
11-19 04:06:00.975 2342 2342 I sysui_multi_action: [757,113,758,1,759,113,927,1,928,1,1593,1]
11-19 04:06:00.975 2342 2342 I sysui_multi_action: [757,0,758,1,759,0,927,2,928,0,1593,1]
11-19 04:06:00.975 2342 2342 I sysui_multi_action: [757,0,758,1,759,0,927,3,928,0,1593,1]
11-19 04:06:00.976 2342 2342 I sysui_multi_action: [757,491,758,1,759,491,927,4,928,0,1311,-1,1593,0]
11-19 04:06:00.976 2342 2342 I sysui_multi_action: [757,0,758,1,759,0,927,5,928,0,1593,0]
11-19 04:06:00.976 2342 2342 I sysui_multi_action: [757,111,758,1]
11-19 04:06:00.976 2342 2342 I sysui_multi_action: [757,126,758,1,759,126,927,0,928,1,1593,1]
11-19 04:06:00.976 2342 2342 I sysui_multi_action: [757,113,758,1,759,113,927,1,928,1,1593,1]
11-19 04:06:00.976 2342 2342 I sysui_multi_action: [757,0,758,1,759,0,927,2,928,0,1593,1]
11-19 04:06:00.976 2342 2342 I sysui_multi_action: [757,0,758,1,759,0,927,3,928,0,1593,1]
11-19 04:06:00.977 1499 1831 I input_focus: [Focus leaving 574f5d NotificationShade (server),reason=NO_WINDOW]
11-19 04:06:00.977 1499 1831 I input_focus: [Focus entering 688adb5 com.android.settings/com.android.settings.Settings (server),reason=setFocusedWindow]
11-19 04:06:02.131 0 0 I auditd : type=1400 audit(0.0:5870): avc: denied { kill } for comm="swapper/3" capability=5 scontext=u:r:kernel:s0 tcontext=u:r:kernel:s0 tclass=capability permissive=0
11-19 04:06:03.070 1499 1831 I input_interaction: Interaction with: 947a81e StatusBar (server), edge-swipe (server), swipe-up (server), PointerEventDispatcher0 (server),
11-19 04:06:03.080 2342 2342 I sysui_multi_action: [757,803,799,panel_open,802,1]
11-19 04:06:03.082 2342 2342 I sysui_multi_action: [757,1328,758,4,1326,48,1327,0,1329,0]
11-19 04:06:03.124 1499 5215 I sysui_multi_action: [757,127,758,1]
11-19 04:06:03.125 1499 5215 I sysui_multi_action: [757,804,799,note_load,801,2,802,1]
11-19 04:06:03.125 1499 5215 I notification_panel_revealed: 2
11-19 04:06:03.130 1499 1499 I notification_enqueue: [10081,2342,com.android.systemui,2048,NULL,0,Notification(channel=updateNotification shortcut=null contentView=null vibrate=null sound=null defaults=0x0 flags=0x0 color=0x00000000 vis=PRIVATE),1]
11-19 04:06:03.130 2342 2342 I sysui_multi_action: [757,111,758,2]
11-19 04:06:03.131 2342 2342 I sysui_multi_action: [757,111,758,2]
11-19 04:06:03.131 0 0 I auditd : type=1400 audit(0.0:5871): avc: denied { kill } for comm="swapper/3" capability=5 scontext=u:r:kernel:s0 tcontext=u:r:kernel:s0 tclass=capability permissive=0
11-19 04:06:03.146 1499 1638 I input_focus: [Focus request 574f5d NotificationShade,reason=UpdateInputWindows]
11-19 04:06:03.153 2342 2342 I sysui_multi_action: [757,111,758,1]
11-19 04:06:03.154 2342 2342 I sysui_multi_action: [757,126,758,1,759,126,927,0,928,1,1593,0]
11-19 04:06:03.154 2342 2342 I sysui_multi_action: [757,113,758,1,759,113,927,1,928,1,1593,0]
11-19 04:06:03.154 2342 2342 I sysui_multi_action: [757,0,758,1,759,0,927,2,928,0,1593,0]
11-19 04:06:03.154 2342 2342 I sysui_multi_action: [757,0,758,1,759,0,927,3,928,0,1593,0]
11-19 04:06:03.155 2342 2342 I sysui_multi_action: [757,491,758,1,759,491,927,4,928,0,1311,-1,1593,0]
11-19 04:06:03.155 2342 2342 I sysui_multi_action: [757,0,758,1,759,0,927,5,928,0,1593,0]
11-19 04:06:03.155 2342 2342 I sysui_multi_action: [757,111,758,1]
11-19 04:06:03.155 2342 2342 I sysui_multi_action: [757,126,758,1,759,126,927,0,928,1,1593,0]
11-19 04:06:03.155 2342 2342 I sysui_multi_action: [757,113,758,1,759,113,927,1,928,1,1593,0]
11-19 04:06:03.155 2342 2342 I sysui_multi_action: [757,0,758,1,759,0,927,2,928,0,1593,0]
11-19 04:06:03.155 2342 2342 I sysui_multi_action: [757,0,758,1,759,0,927,3,928,0,1593,0]
11-19 04:06:03.167 1499 1831 I input_focus: [Focus leaving 688adb5 com.android.settings/com.android.settings.Settings (server),reason=Waiting for window because NOT_VISIBLE]
11-19 04:06:03.171 1499 1499 I notification_enqueue: [10081,2342,com.android.systemui,2048,NULL,0,Notification(channel=updateNotification shortcut=null contentView=null vibrate=null sound=null defaults=0x0 flags=0x0 color=0x00000000 vis=PRIVATE),1]
11-19 04:06:03.171 2342 2342 I sysui_multi_action: [757,111,758,2]
11-19 04:06:03.171 2342 2342 I sysui_multi_action: [757,111,758,2]
11-19 04:06:03.176 2342 2342 I sysui_multi_action: [757,111,758,1]
11-19 04:06:03.176 2342 2342 I sysui_multi_action: [757,126,758,1,759,126,927,0,928,1,1593,0]
11-19 04:06:03.176 2342 2342 I sysui_multi_action: [757,113,758,1,759,113,927,1,928,1,1593,0]
11-19 04:06:03.176 2342 2342 I sysui_multi_action: [757,0,758,1,759,0,927,2,928,0,1593,0]
11-19 04:06:03.176 2342 2342 I sysui_multi_action: [757,0,758,1,759,0,927,3,928,0,1593,0]
11-19 04:06:03.176 2342 2342 I sysui_multi_action: [757,491,758,1,759,491,927,4,928,0,1311,-1,1593,0]
11-19 04:06:03.177 2342 2342 I sysui_multi_action: [757,0,758,1,759,0,927,5,928,0,1593,0]
11-19 04:06:03.177 2342 2342 I sysui_multi_action: [757,111,758,1]
11-19 04:06:03.177 2342 2342 I sysui_multi_action: [757,126,758,1,759,126,927,0,928,1,1593,0]
11-19 04:06:03.177 2342 2342 I sysui_multi_action: [757,113,758,1,759,113,927,1,928,1,1593,0]
11-19 04:06:03.177 2342 2342 I sysui_multi_action: [757,0,758,1,759,0,927,2,928,0,1593,0]
11-19 04:06:03.177 2342 2342 I sysui_multi_action: [757,0,758,1,759,0,927,3,928,0,1593,0]
11-19 04:06:03.182 1499 1831 I input_focus: [Focus entering 574f5d NotificationShade (server),reason=Window became focusable. Previous reason: NOT_VISIBLE]
11-19 04:06:03.190 2342 2342 I sysui_multi_action: [757,111,758,2]
