11-19 04:09:51.114 1499 1646 I am_proc_start: [0,9368,10062,com.android.calendar,NULL,]
11-19 04:09:51.131 0 0 I auditd : type=1400 audit(0.0:6058): avc: denied { kill } for comm="swapper/3" capability=5 scontext=u:r:kernel:s0 tcontext=u:r:kernel:s0 tclass=capability permissive=0
11-19 04:09:51.136 1499 2437 I am_proc_bound: [0,9368,com.android.calendar]
11-19 04:09:51.282 1499 1499 I sysui_multi_action: [757,1501,758,1,793,205,794,0,795,205,796,1,797,empty_media,806,com.android.systemui,857,empty_media_style_id,858,4,947,0,1500,0,1641,transport,1688,1,1745,1043716538]
11-19 04:09:51.283 1499 1499 I sysui_multi_action: [757,804,799,note_interruptive,801,0,802,1]
11-19 04:09:51.314 1499 1636 I commit_sys_config_file: [notification-policy,10248851]
11-19 04:09:52.131 0 0 I auditd : type=1400 audit(0.0:6059): avc: denied { kill } for comm="swapper/3" capability=5 scontext=u:r:kernel:s0 tcontext=u:r:kernel:s0 tclass=capability permissive=0
11-19 04:09:52.426 1499 1759 I commit_sys_config_file: [settings-1-0,11]
11-19 04:09:53.131 0 0 I auditd : type=1400 audit(0.0:6060): avc: denied { kill } for comm="swapper/3" capability=5 scontext=u:r:kernel:s0 tcontext=u:r:kernel:s0 tclass=capability permissive=0
11-19 04:09:54.197 1499 1729 I wm_task_created: [42,-1]
11-19 04:09:54.203 1499 1729 I wm_task_moved: [42,1,6]
11-19 04:09:54.203 1499 1729 I wm_task_to_front: [0,42]
11-19 04:09:54.203 1499 1729 I wm_create_task: [0,42]
11-19 04:09:54.203 1499 1729 I wm_create_activity: [0,161177101,42,com.android.deskclock/.DeskClock,NULL,NULL,NULL,268468224]
11-19 04:09:54.203 1499 1729 I wm_task_moved: [42,1,6]
11-19 04:09:54.215 1499 1637 I am_uid_running: 10063
11-19 04:09:54.216 2802 2802 I wm_on_top_resumed_lost_called: [19758722,com.android.launcher3.uioverrides.QuickstepLauncher,topStateChangedWhenResumed]
11-19 04:09:54.237 1499 1646 I am_proc_start: [0,9394,10063,com.android.deskclock,top-activity,{com.android.deskclock/com.android.deskclock.DeskClock}]
11-19 04:09:54.258 1499 1729 I am_proc_bound: [0,9394,com.android.deskclock]
11-19 04:09:54.261 1499 1729 I wm_restart_activity: [0,161177101,42,com.android.deskclock/.DeskClock]
11-19 04:09:54.263 1499 1729 I wm_set_resumed_activity: [0,com.android.deskclock/.DeskClock,minimalResumeActivityLocked]
11-19 04:09:54.263 1499 1729 I am_uid_active: 10063
11-19 04:09:54.332 1499 2437 I wm_task_moved: [42,1,6]
11-19 04:09:54.332 1499 2437 I wm_set_resumed_activity: [0,com.android.deskclock/.DeskClock,positionChildAt]
11-19 04:09:54.332 1499 2437 I wm_create_activity: [0,139836572,42,com.android.permissioncontroller/.permission.ui.GrantPermissionsActivity,android.content.pm.action.REQUEST_PERMISSIONS,NULL,NULL,8388608]
11-19 04:09:54.334 1499 2437 I wm_pause_activity: [0,161177101,com.android.deskclock/.DeskClock,userLeaving=true,resumeTopActivityInnerLocked]
11-19 04:09:54.354 9394 9394 I wm_on_create_called: [161177101,com.android.deskclock.DeskClock,performCreate]
11-19 04:09:54.356 9394 9394 I wm_on_start_called: [161177101,com.android.deskclock.DeskClock,handleStartActivity]
11-19 04:09:54.358 9394 9394 I wm_on_resume_called: [161177101,com.android.deskclock.DeskClock,RESUME_ACTIVITY]
11-19 04:09:54.363 9394 9394 I wm_on_top_resumed_gained_called: [161177101,com.android.deskclock.DeskClock,topStateChangedWhenResumed]
11-19 04:09:54.363 9394 9394 I wm_on_top_resumed_lost_called: [161177101,com.android.deskclock.DeskClock,topStateChangedWhenResumed]
11-19 04:09:54.364 9394 9394 I wm_on_paused_called: [161177101,com.android.deskclock.DeskClock,performPause]
11-19 04:09:54.366 1499 5520 I wm_restart_activity: [0,139836572,42,com.android.permissioncontroller/.permission.ui.GrantPermissionsActivity]
11-19 04:09:54.368 1499 5520 I wm_set_resumed_activity: [0,com.android.permissioncontroller/.permission.ui.GrantPermissionsActivity,minimalResumeActivityLocked]
11-19 04:09:54.372 1499 1637 I sysui_multi_action: [757,803,799,window_time_0,802,3]
11-19 04:09:54.383 8560 8560 I wm_on_create_called: [139836572,com.android.permissioncontroller.permission.ui.GrantPermissionsActivity,performCreate]
11-19 04:09:54.383 8560 8560 I wm_on_start_called: [139836572,com.android.permissioncontroller.permission.ui.GrantPermissionsActivity,handleStartActivity]
11-19 04:09:54.384 8560 8560 I wm_on_resume_called: [139836572,com.android.permissioncontroller.permission.ui.GrantPermissionsActivity,RESUME_ACTIVITY]
11-19 04:09:54.386 8560 8560 I wm_on_top_resumed_gained_called: [139836572,com.android.permissioncontroller.permission.ui.GrantPermissionsActivity,topStateChangedWhenResumed]
11-19 04:09:54.389 1499 1759 I commit_sys_config_file: [settings-1-0,6]
11-19 04:09:54.391 1499 2437 I wm_finish_activity: [0,139836572,42,com.android.permissioncontroller/.permission.ui.GrantPermissionsActivity,app-request]
11-19 04:09:54.391 1499 2437 I wm_pause_activity: [0,139836572,com.android.permissioncontroller/.permission.ui.GrantPermissionsActivity,userLeaving=false,finish]
11-19 04:09:54.405 8560 8560 I wm_on_top_resumed_lost_called: [139836572,com.android.permissioncontroller.permission.ui.GrantPermissionsActivity,topStateChangedWhenResumed]
11-19 04:09:54.405 8560 8560 I wm_on_paused_called: [139836572,com.android.permissioncontroller.permission.ui.GrantPermissionsActivity,performPause]
11-19 04:09:54.406 1499 2389 I wm_add_to_stopping: [0,139836572,com.android.permissioncontroller/.permission.ui.GrantPermissionsActivity,completeFinishing]
11-19 04:09:54.409 1499 2389 I wm_set_resumed_activity: [0,com.android.deskclock/.DeskClock,resumeTopActivityInnerLocked]
11-19 04:09:54.410 1499 2389 I wm_resume_activity: [0,161177101,42,com.android.deskclock/.DeskClock]
11-19 04:09:54.414 1499 1637 I sysui_multi_action: [757,803,799,window_time_2,802,0]
11-19 04:09:54.426 1499 1638 I input_focus: [Focus request aac9446 com.android.deskclock/com.android.deskclock.DeskClock,reason=UpdateInputWindows]
11-19 04:09:54.452 1499 1831 I input_focus: [Focus leaving 632f7bf com.android.launcher3/com.android.launcher3.uioverrides.QuickstepLauncher (server),reason=Waiting for window because NOT_VISIBLE]
11-19 04:09:54.501 9394 9394 I wm_on_activity_result_called: [161177101,com.android.deskclock.DeskClock,ACTIVITY_RESULT]
11-19 04:09:54.502 9394 9394 I wm_on_resume_called: [161177101,com.android.deskclock.DeskClock,RESUME_ACTIVITY]
11-19 04:09:54.502 1499 1831 I input_focus: [Focus entering aac9446 com.android.deskclock/com.android.deskclock.DeskClock (server),reason=Window became focusable. Previous reason: NOT_VISIBLE]
11-19 04:09:54.503 9394 9394 I wm_on_top_resumed_gained_called: [161177101,com.android.deskclock.DeskClock,topWhenResuming]
11-19 04:09:54.775 1499 1637 I wm_destroy_activity: [0,139836572,42,com.android.permissioncontroller/.permission.ui.GrantPermissionsActivity,finish-imm:idle]
11-19 04:09:54.777 8560 8560 I wm_on_stop_called: [139836572,com.android.permissioncontroller.permission.ui.GrantPermissionsActivity,LIFECYCLER_STOP_ACTIVITY]
11-19 04:09:54.779 8560 8560 I wm_on_destroy_called: [139836572,com.android.permissioncontroller.permission.ui.GrantPermissionsActivity,performDestroy]
11-19 04:09:55.131 0 0 I auditd : type=1400 audit(0.0:6061): avc: denied { kill } for comm="swapper/3" capability=5 scontext=u:r:kernel:s0 tcontext=u:r:kernel:s0 tclass=capability permissive=0
11-19 04:09:55.574 1499 1831 I input_interaction: Interaction with: aac9446 com.android.deskclock/com.android.deskclock.DeskClock (server), edge-swipe (server), swipe-up (server), PointerEventDispatcher0 (server),
11-19 04:09:55.713 1499 1729 I wm_relaunch_resume_activity: [0,161177101,42,com.android.deskclock/.DeskClock]
11-19 04:09:55.714 1499 1729 I wm_add_to_stopping: [0,19758722,com.android.launcher3/.uioverrides.QuickstepLauncher,makeInvisible]
11-19 04:09:55.739 9394 9394 I wm_on_top_resumed_lost_called: [161177101,com.android.deskclock.DeskClock,pausing]
11-19 04:09:55.741 9394 9394 I wm_on_paused_called: [161177101,com.android.deskclock.DeskClock,performPause]
11-19 04:09:55.743 9394 9394 I wm_on_stop_called: [161177101,com.android.deskclock.DeskClock,handleRelaunchActivity]
11-19 04:09:55.754 9394 9394 I wm_on_destroy_called: [161177101,com.android.deskclock.DeskClock,performDestroy]
11-19 04:09:55.776 1499 2437 I wm_task_moved: [42,1,6]
11-19 04:09:55.776 1499 2437 I wm_set_resumed_activity: [0,com.android.deskclock/.DeskClock,positionChildAt]
11-19 04:09:55.776 1499 2437 I wm_create_activity: [0,53190113,42,com.android.permissioncontroller/.permission.ui.GrantPermissionsActivity,android.content.pm.action.REQUEST_PERMISSIONS,NULL,NULL,8388608]
11-19 04:09:55.776 1499 2437 I wm_pause_activity: [0,19758722,com.android.launcher3/.uioverrides.QuickstepLauncher,userLeaving=true,pauseBackTasks]
11-19 04:09:55.777 1499 2437 I wm_pause_activity: [0,161177101,com.android.deskclock/.DeskClock,userLeaving=true,resumeTopActivityInnerLocked]
11-19 04:09:55.779 2802 2802 I wm_on_paused_called: [19758722,com.android.launcher3.uioverrides.QuickstepLauncher,performPause]
11-19 04:09:55.785 1499 1637 I sysui_multi_action: [757,803,799,window_time_2,802,2]
11-19 04:09:55.797 9394 9394 I wm_on_create_called: [161177101,com.android.deskclock.DeskClock,performCreate]
11-19 04:09:55.823 9394 9394 I wm_on_start_called: [161177101,com.android.deskclock.DeskClock,handleStartActivity]
11-19 04:09:55.824 9394 9394 I wm_on_resume_called: [161177101,com.android.deskclock.DeskClock,RESUME_ACTIVITY]
11-19 04:09:55.826 9394 9394 I wm_on_top_resumed_gained_called: [161177101,com.android.deskclock.DeskClock,topWhenResuming]
11-19 04:09:55.868 9394 9394 I wm_on_top_resumed_lost_called: [161177101,com.android.deskclock.DeskClock,topStateChangedWhenResumed]
11-19 04:09:55.869 9394 9394 I wm_on_paused_called: [161177101,com.android.deskclock.DeskClock,performPause]
11-19 04:09:55.875 1499 2437 I wm_restart_activity: [0,53190113,42,com.android.permissioncontroller/.permission.ui.GrantPermissionsActivity]
11-19 04:09:55.877 1499 2437 I wm_set_resumed_activity: [0,com.android.permissioncontroller/.permission.ui.GrantPermissionsActivity,minimalResumeActivityLocked]
11-19 04:09:55.886 1499 1637 I sysui_multi_action: [757,803,799,window_time_0,802,0]
11-19 04:09:55.910 8560 8560 I wm_on_create_called: [53190113,com.android.permissioncontroller.permission.ui.GrantPermissionsActivity,performCreate]
11-19 04:09:55.911 8560 8560 I wm_on_start_called: [53190113,com.android.permissioncontroller.permission.ui.GrantPermissionsActivity,handleStartActivity]
11-19 04:09:55.911 8560 8560 I wm_on_resume_called: [53190113,com.android.permissioncontroller.permission.ui.GrantPermissionsActivity,RESUME_ACTIVITY]
11-19 04:09:55.914 8560 8560 I wm_on_top_resumed_gained_called: [53190113,com.android.permissioncontroller.permission.ui.GrantPermissionsActivity,topStateChangedWhenResumed]
11-19 04:09:55.918 1499 2437 I wm_finish_activity: [0,53190113,42,com.android.permissioncontroller/.permission.ui.GrantPermissionsActivity,app-request]
11-19 04:09:55.928 1499 2437 I wm_pause_activity: [0,53190113,com.android.permissioncontroller/.permission.ui.GrantPermissionsActivity,userLeaving=false,finish]
11-19 04:09:55.933 1499 1637 I sysui_multi_action: [757,1144,758,8,806,com.android.permissioncontroller,871,com.android.permissioncontroller.permission.ui.GrantPermissionsActivity]
11-19 04:09:55.938 8560 8560 I wm_on_top_resumed_lost_called: [53190113,com.android.permissioncontroller.permission.ui.GrantPermissionsActivity,topStateChangedWhenResumed]
11-19 04:09:55.940 8560 8560 I wm_on_paused_called: [53190113,com.android.permissioncontroller.permission.ui.GrantPermissionsActivity,performPause]
11-19 04:09:55.942 1499 2437 I wm_set_resumed_activity: [0,com.android.deskclock/.DeskClock,resumeTopActivityInnerLocked]
11-19 04:09:55.943 1499 2437 I wm_resume_activity: [0,161177101,42,com.android.deskclock/.DeskClock]
11-19 04:09:55.945 9394 9394 I wm_on_activity_result_called: [161177101,com.android.deskclock.DeskClock,ACTIVITY_RESULT]
11-19 04:09:55.946 9394 9394 I wm_on_resume_called: [161177101,com.android.deskclock.DeskClock,RESUME_ACTIVITY]
11-19 04:09:55.952 9394 9394 I wm_on_top_resumed_gained_called: [161177101,com.android.deskclock.DeskClock,topWhenResuming]
11-19 04:09:55.952 1499 1638 I input_focus: [Focus request aac9446 com.android.deskclock/com.android.deskclock.DeskClock,reason=UpdateInputWindows]
11-19 04:09:55.952 1499 1637 I sysui_multi_action: [757,803,799,window_time_0,802,0]
11-19 04:09:55.962 1499 2437 I wm_destroy_activity: [0,53190113,42,com.android.permissioncontroller/.permission.ui.GrantPermissionsActivity,finish-idle]
11-19 04:09:55.963 8560 8560 I wm_on_stop_called: [53190113,com.android.permissioncontroller.permission.ui.GrantPermissionsActivity,LIFECYCLER_STOP_ACTIVITY]
11-19 04:09:55.963 8560 8560 I wm_on_destroy_called: [53190113,com.android.permissioncontroller.permission.ui.GrantPermissionsActivity,performDestroy]
11-19 04:09:56.295 1499 1637 I wm_stop_activity: [0,19758722,com.android.launcher3/.uioverrides.QuickstepLauncher]
11-19 04:09:56.334 2802 2802 I wm_on_stop_called: [19758722,com.android.launcher3.uioverrides.QuickstepLauncher,STOP_ACTIVITY_ITEM]
11-19 04:09:57.131 0 0 I auditd : type=1400 audit(0.0:6062): avc: denied { kill } for comm="swapper/3" capability=5 scontext=u:r:kernel:s0 tcontext=u:r:kernel:s0 tclass=capability permissive=0
11-19 04:09:57.161 1499 2437 I wm_task_moved: [1,0,0]
11-19 04:09:57.163 1499 2437 I wm_task_moved: [1,0,5]
11-19 04:09:57.171 2802 2802 I wm_on_restart_called: [19758722,com.android.launcher3.uioverrides.QuickstepLauncher,performRestartActivity]
11-19 04:09:57.206 2802 2802 I wm_on_start_called: [19758722,com.android.launcher3.uioverrides.QuickstepLauncher,handleStartActivity]
11-19 04:09:57.227 1499 1634 I sysui_multi_action: [319,14,322,59,325,10276,757,761,758,9,759,5,806,com.android.launcher3,871,com.android.launcher3.uioverrides.QuickstepLauncher,905,0,1320,8,1321,5]
11-19 04:09:57.239 9394 9394 I view_enqueue_input_event: [Motion - Cancel,com.android.deskclock/com.android.deskclock.DeskClock]
11-19 04:09:57.240 2802 2802 I sysui_latency: [1,76]
11-19 04:09:57.244 1499 1638 I input_focus: [Focus request recents_animation_input_consumer,reason=UpdateInputWindows]
11-19 04:09:57.257 1499 1831 I input_interaction: Interaction with: edge-swipe (server), swipe-up (server), PointerEventDispatcher0 (server),
11-19 04:09:57.277 1499 1831 I input_focus: [Focus leaving aac9446 com.android.deskclock/com.android.deskclock.DeskClock (server),reason=NOT_FOCUSABLE]
11-19 04:09:57.279 1499 1831 I input_focus: [Focus entering recents_animation_input_consumer (server),reason=setFocusedWindow]
11-19 04:09:57.414 1499 1759 I commit_sys_config_file: [settings-1-0,10]
11-19 04:09:57.524 1499 1644 I sysui_latency: [8,74]
11-19 04:09:58.105 1499 1759 I commit_sys_config_file: [settings-1-0,12]
11-19 04:09:58.131 0 0 I auditd : type=1400 audit(0.0:6063): avc: denied { kill } for comm="swapper/3" capability=5 scontext=u:r:kernel:s0 tcontext=u:r:kernel:s0 tclass=capability permissive=0
11-19 04:09:58.386 1499 1831 I input_interaction: Interaction with: 632f7bf com.android.launcher3/com.android.launcher3.uioverrides.QuickstepLauncher (server), edge-swipe (server), swipe-up (server), PointerEventDispatcher0 (server),
11-19 04:09:58.818 1499 2437 I wm_task_moved: [1,1,6]
11-19 04:09:58.822 1499 2437 I wm_focused_root_task: [0,0,1,42,RecentsAnimation.onAnimationFinished()]
11-19 04:09:58.822 9394 9394 I wm_on_top_resumed_lost_called: [161177101,com.android.deskclock.DeskClock,topStateChangedWhenResumed]
11-19 04:09:58.825 1499 2437 I wm_pause_activity: [0,161177101,com.android.deskclock/.DeskClock,userLeaving=false,pauseBackTasks]
11-19 04:09:58.828 1499 2437 I wm_set_resumed_activity: [0,com.android.launcher3/.uioverrides.QuickstepLauncher,resumeTopActivityInnerLocked]
11-19 04:09:58.831 1499 2437 I wm_resume_activity: [0,19758722,10,com.android.launcher3/.uioverrides.QuickstepLauncher]
11-19 04:09:58.832 1499 2437 I wm_add_to_stopping: [0,161177101,com.android.deskclock/.DeskClock,makeInvisible]
11-19 04:09:58.841 2802 2802 I wm_on_resume_called: [19758722,com.android.launcher3.uioverrides.QuickstepLauncher,RESUME_ACTIVITY]
11-19 04:09:58.843 1499 1638 I input_focus: [Focus request 632f7bf com.android.launcher3/com.android.launcher3.uioverrides.QuickstepLauncher,reason=UpdateInputWindows]
11-19 04:09:58.844 1499 1637 I sysui_multi_action: [757,803,799,window_time_0,802,3]
11-19 04:09:58.847 1499 1831 I input_focus: [Focus leaving recents_animation_input_consumer (server),reason=NOT_VISIBLE]
11-19 04:09:58.847 2802 2802 I wm_on_top_resumed_gained_called: [19758722,com.android.launcher3.uioverrides.QuickstepLauncher,topStateChangedWhenResumed]
11-19 04:09:58.848 9394 9394 I wm_on_paused_called: [161177101,com.android.deskclock.DeskClock,performPause]
11-19 04:09:58.855 1499 1637 I wm_stop_activity: [0,161177101,com.android.deskclock/.DeskClock]
11-19 04:09:58.858 1499 1637 I sysui_multi_action: [757,803,799,window_time_0,802,0]
11-19 04:09:58.863 1499 1831 I input_focus: [Focus entering 632f7bf com.android.launcher3/com.android.launcher3.uioverrides.QuickstepLauncher (server),reason=setFocusedWindow]
11-19 04:09:58.879 9394 9394 I wm_on_stop_called: [161177101,com.android.deskclock.DeskClock,STOP_ACTIVITY_ITEM]
11-19 04:09:58.947 1499 5520 I wm_finish_activity: [0,161177101,42,com.android.deskclock/.DeskClock,recent-task-trimmed]
11-19 04:09:58.948 1499 5520 I wm_destroy_activity: [0,161177101,42,com.android.deskclock/.DeskClock,finish-imm:finishIfPossible]
11-19 04:09:58.950 1499 1637 I am_kill : [0,9394,com.android.deskclock,900,remove task]
11-19 04:09:58.951 1499 1637 I sysui_multi_action: [757,803,799,window_time_0,802,0]
11-19 04:09:58.998 1499 2389 I am_proc_died: [0,9394,com.android.deskclock,900,18]
11-19 04:09:59.001 1499 2389 I am_uid_stopped: 10063
11-19 04:09:59.003 1499 2389 I wm_task_removed: [42,removeChild:removeChild last r=ActivityRecord{99b5e0d u0 com.android.deskclock/.DeskClock t-1 f}} in t=Task{494c836 #42 type=standard A=10063:com.android.deskclock U=0 visible=false mode=fullscreen translucent=true sz=0}]
11-19 04:09:59.003 1499 2389 I wm_task_removed: [42,removeChild]
11-19 04:09:59.012 1499 1831 I input_interaction: Interaction with: 632f7bf com.android.launcher3/com.android.launcher3.uioverrides.QuickstepLauncher (server), a1d9774 com.android.systemui.ImageWallpaper (server), edge-swipe (server), swipe-up (server), PointerEventDispatcher0 (server),
11-19 04:10:00.131 0 0 I auditd : type=1400 audit(0.0:6064): avc: denied { kill } for comm="swapper/1" capability=5 scontext=u:r:kernel:s0 tcontext=u:r:kernel:s0 tclass=capability permissive=0
11-19 04:10:00.868 1499 1759 I commit_sys_config_file: [settings-1-0,5]
11-19 04:10:03.118 1499 1729 I wm_task_created: [43,-1]
11-19 04:10:03.129 1499 1729 I wm_task_moved: [43,1,6]
11-19 04:10:03.129 1499 1729 I wm_task_to_front: [0,43]
11-19 04:10:03.130 1499 1729 I wm_create_task: [0,43]
11-19 04:10:03.130 1499 1729 I wm_create_activity: [0,114893195,43,com.android.calendar/.AllInOneActivity,NULL,NULL,NULL,268468224]
11-19 04:10:03.130 1499 1729 I wm_task_moved: [43,1,6]
11-19 04:10:03.135 1499 1729 I wm_restart_activity: [0,114893195,43,com.android.calendar/.AllInOneActivity]
11-19 04:10:03.138 1499 1729 I wm_set_resumed_activity: [0,com.android.calendar/.AllInOneActivity,minimalResumeActivityLocked]
11-19 04:10:03.147 1499 1637 I am_uid_active: 10062
11-19 04:10:03.153 2802 2802 I wm_on_top_resumed_lost_called: [19758722,com.android.launcher3.uioverrides.QuickstepLauncher,topStateChangedWhenResumed]
11-19 04:10:03.180 9368 9368 I wm_on_create_called: [114893195,com.android.calendar.AllInOneActivity,performCreate]
11-19 04:10:03.192 9368 9368 I wm_on_start_called: [114893195,com.android.calendar.AllInOneActivity,handleStartActivity]
11-19 04:10:03.194 9368 9368 I wm_on_resume_called: [114893195,com.android.calendar.AllInOneActivity,RESUME_ACTIVITY]
11-19 04:10:03.199 9368 9368 I wm_on_top_resumed_gained_called: [114893195,com.android.calendar.AllInOneActivity,topStateChangedWhenResumed]
11-19 04:10:03.217 1499 1638 I input_focus: [Focus request 3aea598 com.android.calendar/com.android.calendar.AllInOneActivity,reason=UpdateInputWindows]
11-19 04:10:03.239 1499 1831 I input_focus: [Focus leaving 632f7bf com.android.launcher3/com.android.launcher3.uioverrides.QuickstepLauncher (server),reason=Waiting for window because NOT_VISIBLE]
11-19 04:10:03.256 1499 1634 I sysui_multi_action: [319,141,322,140,325,10282,757,761,758,8,759,2,806,com.android.calendar,871,com.android.calendar.AllInOneActivity,904,com.android.launcher3,905,0,1320,4,1321,1]
11-19 04:10:03.257 1499 1634 I wm_activity_launch_time: [0,114893195,com.android.calendar/.AllInOneActivity,140]
11-19 04:10:03.273 1499 1831 I input_focus: [Focus entering 3aea598 com.android.calendar/com.android.calendar.AllInOneActivity (server),reason=Window became focusable. Previous reason: NOT_VISIBLE]
11-19 04:10:03.306 1499 1759 I commit_sys_config_file: [settings-1-0,4]
11-19 04:10:04.131 0 0 I auditd : type=1400 audit(0.0:6065): avc: denied { kill } for comm="swapper/3" capability=5 scontext=u:r:kernel:s0 tcontext=u:r:kernel:s0 tclass=capability permissive=0
11-19 04:10:05.131 0 0 I auditd : type=1400 audit(0.0:6066): avc: denied { kill } for comm="swapper/3" capability=5 scontext=u:r:kernel:s0 tcontext=u:r:kernel:s0 tclass=capability permissive=0
11-19 04:10:06.127 1499 1831 I input_interaction: Interaction with: 3aea598 com.android.calendar/com.android.calendar.AllInOneActivity (server), edge-swipe (server), swipe-up (server), PointerEventDispatcher0 (server),
11-19 04:10:06.278 1499 2755 I wm_relaunch_resume_activity: [0,114893195,43,com.android.calendar/.AllInOneActivity]
11-19 04:10:06.279 1499 2755 I wm_add_to_stopping: [0,19758722,com.android.launcher3/.uioverrides.QuickstepLauncher,makeInvisible]
11-19 04:10:06.287 9368 9368 I wm_on_top_resumed_lost_called: [114893195,com.android.calendar.AllInOneActivity,pausing]
11-19 04:10:06.294 9368 9368 I wm_on_paused_called: [114893195,com.android.calendar.AllInOneActivity,performPause]
11-19 04:10:06.295 9368 9368 I wm_on_stop_called: [114893195,com.android.calendar.AllInOneActivity,handleRelaunchActivity]
11-19 04:10:06.297 9368 9368 I wm_on_destroy_called: [114893195,com.android.calendar.AllInOneActivity,performDestroy]
11-19 04:10:06.315 9368 9368 I wm_on_create_called: [114893195,com.android.calendar.AllInOneActivity,performCreate]
11-19 04:10:06.332 9368 9368 I wm_on_start_called: [114893195,com.android.calendar.AllInOneActivity,handleStartActivity]
11-19 04:10:06.338 9368 9368 I wm_on_resume_called: [114893195,com.android.calendar.AllInOneActivity,RESUME_ACTIVITY]
11-19 04:10:06.339 9368 9368 I wm_on_top_resumed_gained_called: [114893195,com.android.calendar.AllInOneActivity,topWhenResuming]
11-19 04:10:06.700 1499 1637 I wm_stop_activity: [0,19758722,com.android.launcher3/.uioverrides.QuickstepLauncher]
11-19 04:10:06.729 2802 2802 I wm_on_paused_called: [19758722,com.android.launcher3.uioverrides.QuickstepLauncher,performPause]
11-19 04:10:06.733 2802 2802 I wm_on_stop_called: [19758722,com.android.launcher3.uioverrides.QuickstepLauncher,STOP_ACTIVITY_ITEM]
11-19 04:10:07.988 1499 2389 I wm_task_moved: [1,0,0]
11-19 04:10:07.989 1499 2389 I wm_task_moved: [1,0,5]
11-19 04:10:07.998 2802 2802 I wm_on_restart_called: [19758722,com.android.launcher3.uioverrides.QuickstepLauncher,performRestartActivity]
11-19 04:10:08.025 2802 2802 I wm_on_start_called: [19758722,com.android.launcher3.uioverrides.QuickstepLauncher,handleStartActivity]
11-19 04:10:08.039 9368 9368 I view_enqueue_input_event: [Motion - Cancel,com.android.calendar/com.android.calendar.AllInOneActivity]
11-19 04:10:08.040 2802 2802 I sysui_latency: [1,78]
11-19 04:10:08.044 1499 1831 I input_interaction: Interaction with: edge-swipe (server), swipe-up (server), PointerEventDispatcher0 (server),
11-19 04:10:08.045 1499 1638 I input_focus: [Focus request recents_animation_input_consumer,reason=UpdateInputWindows]
11-19 04:10:08.054 1499 1634 I sysui_multi_action: [319,11,322,55,325,10287,757,761,758,9,759,5,806,com.android.launcher3,871,com.android.launcher3.uioverrides.QuickstepLauncher,905,0,1320,8,1321,5]
11-19 04:10:08.067 1499 1831 I input_focus: [Focus leaving 3aea598 com.android.calendar/com.android.calendar.AllInOneActivity (server),reason=NOT_FOCUSABLE]
11-19 04:10:08.067 1499 1831 I input_focus: [Focus entering recents_animation_input_consumer (server),reason=setFocusedWindow]
11-19 04:10:08.230 1499 1759 I commit_sys_config_file: [settings-1-0,7]
11-19 04:10:08.346 1499 1644 I sysui_latency: [8,78]
11-19 04:10:08.456 1499 2389 I wm_task_moved: [1,0,5]
11-19 04:10:08.457 1499 2389 I wm_add_to_stopping: [0,19758722,com.android.launcher3/.uioverrides.QuickstepLauncher,makeInvisible]
11-19 04:10:08.466 1499 1638 I input_focus: [Focus request 3aea598 com.android.calendar/com.android.calendar.AllInOneActivity,reason=UpdateInputWindows]
11-19 04:10:08.467 1499 1637 I wm_stop_activity: [0,19758722,com.android.launcher3/.uioverrides.QuickstepLauncher]
11-19 04:10:08.477 1499 1831 I input_focus: [Focus leaving recents_animation_input_consumer (server),reason=NOT_VISIBLE]
11-19 04:10:08.477 1499 1831 I input_focus: [Focus entering 3aea598 com.android.calendar/com.android.calendar.AllInOneActivity (server),reason=setFocusedWindow]
11-19 04:10:08.506 2802 2802 I wm_on_stop_called: [19758722,com.android.launcher3.uioverrides.QuickstepLauncher,STOP_ACTIVITY_ITEM]
11-19 04:10:08.709 1499 1759 I commit_sys_config_file: [settings-1-0,6]
11-19 04:10:09.131 7549 7549 I auditd : type=1400 audit(0.0:6067): avc: denied { kill } for comm="kworker/u16:10" capability=5 scontext=u:r:kernel:s0 tcontext=u:r:kernel:s0 tclass=capability permissive=0
11-19 04:10:09.136 1499 1831 I input_interaction: Interaction with: 3aea598 com.android.calendar/com.android.calendar.AllInOneActivity (server), edge-swipe (server), swipe-up (server), PointerEventDispatcher0 (server),
11-19 04:10:09.160 1499 1729 I wm_task_moved: [1,0,0]
11-19 04:10:09.161 1499 1729 I wm_task_moved: [1,0,5]
11-19 04:10:09.178 2802 2802 I wm_on_restart_called: [19758722,com.android.launcher3.uioverrides.QuickstepLauncher,performRestartActivity]
11-19 04:10:09.196 2802 2802 I wm_on_start_called: [19758722,com.android.launcher3.uioverrides.QuickstepLauncher,handleStartActivity]
11-19 04:10:09.223 9368 9368 I view_enqueue_input_event: [Motion - Cancel,com.android.calendar/com.android.calendar.AllInOneActivity]
11-19 04:10:09.224 2802 2802 I sysui_latency: [1,75]
11-19 04:10:09.225 1499 1634 I sysui_multi_action: [319,13,322,55,325,10288,757,761,758,9,759,5,806,com.android.launcher3,871,com.android.launcher3.uioverrides.QuickstepLauncher,905,0,1320,8,1321,5]
11-19 04:10:09.228 1499 1638 I input_focus: [Focus request recents_animation_input_consumer,reason=UpdateInputWindows]
11-19 04:10:09.240 1499 1831 I input_interaction: Interaction with: edge-swipe (server), swipe-up (server), PointerEventDispatcher0 (server),
11-19 04:10:09.253 1499 1831 I input_focus: [Focus leaving 3aea598 com.android.calendar/com.android.calendar.AllInOneActivity (server),reason=NOT_FOCUSABLE]
11-19 04:10:09.253 1499 1831 I input_focus: [Focus entering recents_animation_input_consumer (server),reason=setFocusedWindow]
11-19 04:10:09.399 1499 1759 I commit_sys_config_file: [settings-1-0,5]
11-19 04:10:09.516 1499 1644 I sysui_latency: [8,72]
11-19 04:10:10.254 1499 1759 I commit_sys_config_file: [settings-1-0,7]
11-19 04:10:11.056 1499 1831 I input_interaction: Interaction with: 632f7bf com.android.launcher3/com.android.launcher3.uioverrides.QuickstepLauncher (server), edge-swipe (server), swipe-up (server), PointerEventDispatcher0 (server),
11-19 04:10:11.131 0 0 I auditd : type=1400 audit(0.0:6068): avc: denied { kill } for comm="swapper/3" capability=5 scontext=u:r:kernel:s0 tcontext=u:r:kernel:s0 tclass=capability permissive=0
11-19 04:10:11.197 1499 1729 I wm_relaunch_resume_activity: [0,114893195,43,com.android.calendar/.AllInOneActivity]
11-19 04:10:11.198 1499 1729 I wm_task_moved: [1,1,6]
11-19 04:10:11.198 9368 9368 I wm_on_top_resumed_lost_called: [114893195,com.android.calendar.AllInOneActivity,pausing]
11-19 04:10:11.201 1499 1729 I wm_focused_root_task: [0,0,1,43,startActivityFromRecents]
11-19 04:10:11.201 9368 9368 I wm_on_paused_called: [114893195,com.android.calendar.AllInOneActivity,performPause]
11-19 04:10:11.201 9368 9368 I wm_on_stop_called: [114893195,com.android.calendar.AllInOneActivity,handleRelaunchActivity]
11-19 04:10:11.201 1499 1729 I wm_task_moved: [43,1,6]
11-19 04:10:11.202 1499 1729 I wm_set_resumed_activity: [0,com.android.calendar/.AllInOneActivity,positionChildAt]
11-19 04:10:11.202 1499 1729 I wm_focused_root_task: [0,0,43,1,moveTaskToFront findTaskToMoveToFront]
11-19 04:10:11.202 1499 1729 I wm_set_resumed_activity: [0,com.android.calendar/.AllInOneActivity,moveTaskToFront findTaskToMoveToFront]
11-19 04:10:11.205 9368 9368 I wm_on_destroy_called: [114893195,com.android.calendar.AllInOneActivity,performDestroy]
11-19 04:10:11.256 9368 9368 I wm_on_create_called: [114893195,com.android.calendar.AllInOneActivity,performCreate]
11-19 04:10:11.270 9368 9368 I wm_on_start_called: [114893195,com.android.calendar.AllInOneActivity,handleStartActivity]
11-19 04:10:11.275 9368 9368 I wm_on_resume_called: [114893195,com.android.calendar.AllInOneActivity,RESUME_ACTIVITY]
11-19 04:10:11.277 9368 9368 I wm_on_top_resumed_gained_called: [114893195,com.android.calendar.AllInOneActivity,topWhenResuming]
11-19 04:10:11.277 9368 9368 I wm_on_top_resumed_lost_called: [114893195,com.android.calendar.AllInOneActivity,topStateChangedWhenResumed]
11-19 04:10:11.291 9368 9368 I wm_on_top_resumed_gained_called: [114893195,com.android.calendar.AllInOneActivity,topStateChangedWhenResumed]
11-19 04:10:11.320 1499 1644 I am_pss : [9056,10090,com.android.music,31885312,24571904,0,158052352,0,19,9]
11-19 04:10:11.618 1499 2755 I wm_task_moved: [1,0,5]
11-19 04:10:11.621 1499 2755 I wm_resume_activity: [0,19758722,10,com.android.launcher3/.uioverrides.QuickstepLauncher]
11-19 04:10:11.628 1499 1638 I input_focus: [Focus request 3aea598 com.android.calendar/com.android.calendar.AllInOneActivity,reason=UpdateInputWindows]
11-19 04:10:11.639 2802 2802 I wm_on_resume_called: [19758722,com.android.launcher3.uioverrides.QuickstepLauncher,RESUME_ACTIVITY]
11-19 04:10:11.660 1499 1831 I input_focus: [Focus leaving recents_animation_input_consumer (server),reason=NOT_VISIBLE]
11-19 04:10:11.661 1499 1831 I input_focus: [Focus entering 3aea598 com.android.calendar/com.android.calendar.AllInOneActivity (server),reason=setFocusedWindow]
11-19 04:10:12.131 0 0 I auditd : type=1400 audit(0.0:6069): avc: denied { kill } for comm="swapper/3" capability=5 scontext=u:r:kernel:s0 tcontext=u:r:kernel:s0 tclass=capability permissive=0
11-19 04:10:13.595 1499 1831 I input_interaction: Interaction with: 3aea598 com.android.calendar/com.android.calendar.AllInOneActivity (server), edge-swipe (server), swipe-up (server), PointerEventDispatcher0 (server),
11-19 04:10:13.756 1499 2755 I wm_relaunch_resume_activity: [0,114893195,43,com.android.calendar/.AllInOneActivity]
11-19 04:10:13.757 1499 2755 I wm_add_to_stopping: [0,19758722,com.android.launcher3/.uioverrides.QuickstepLauncher,makeInvisible]
11-19 04:10:13.765 9368 9368 I wm_on_top_resumed_lost_called: [114893195,com.android.calendar.AllInOneActivity,pausing]
11-19 04:10:13.768 9368 9368 I wm_on_paused_called: [114893195,com.android.calendar.AllInOneActivity,performPause]
11-19 04:10:13.768 9368 9368 I wm_on_stop_called: [114893195,com.android.calendar.AllInOneActivity,handleRelaunchActivity]
11-19 04:10:13.770 9368 9368 I wm_on_destroy_called: [114893195,com.android.calendar.AllInOneActivity,performDestroy]
11-19 04:10:13.787 1499 1644 I am_pss : [9368,10062,com.android.calendar,37248000,31342592,0,152924160,0,2,8]
11-19 04:10:13.801 9368 9368 I wm_on_create_called: [114893195,com.android.calendar.AllInOneActivity,performCreate]
11-19 04:10:13.829 9368 9368 I wm_on_start_called: [114893195,com.android.calendar.AllInOneActivity,handleStartActivity]
11-19 04:10:13.832 9368 9368 I wm_on_resume_called: [114893195,com.android.calendar.AllInOneActivity,RESUME_ACTIVITY]
11-19 04:10:13.833 9368 9368 I wm_on_top_resumed_gained_called: [114893195,com.android.calendar.AllInOneActivity,topWhenResuming]
11-19 04:10:14.202 1499 1637 I wm_stop_activity: [0,19758722,com.android.launcher3/.uioverrides.QuickstepLauncher]
11-19 04:10:14.240 2802 2802 I wm_on_paused_called: [19758722,com.android.launcher3.uioverrides.QuickstepLauncher,performPause]
11-19 04:10:14.244 2802 2802 I wm_on_stop_called: [19758722,com.android.launcher3.uioverrides.QuickstepLauncher,STOP_ACTIVITY_ITEM]
11-19 04:10:15.131 0 0 I auditd : type=1400 audit(0.0:6070): avc: denied { kill } for comm="swapper/3" capability=5 scontext=u:r:kernel:s0 tcontext=u:r:kernel:s0 tclass=capability permissive=0
11-19 04:10:16.131 0 0 I auditd : type=1400 audit(0.0:6071): avc: denied { kill } for comm="swapper/3" capability=5 scontext=u:r:kernel:s0 tcontext=u:r:kernel:s0 tclass=capability permissive=0
11-19 04:10:16.308 1499 1499 I service_manager_stats: [100,73,45634]
11-19 04:10:16.323 1499 2755 I wm_task_moved: [1,0,0]
11-19 04:10:16.325 1499 2755 I wm_task_moved: [1,0,5]
11-19 04:10:16.335 2802 2802 I wm_on_restart_called: [19758722,com.android.launcher3.uioverrides.QuickstepLauncher,performRestartActivity]
11-19 04:10:16.361 2802 2802 I wm_on_start_called: [19758722,com.android.launcher3.uioverrides.QuickstepLauncher,handleStartActivity]
11-19 04:10:16.384 1499 1634 I sysui_multi_action: [319,12,322,52,325,10295,757,761,758,9,759,5,806,com.android.launcher3,871,com.android.launcher3.uioverrides.QuickstepLauncher,905,0,1320,8,1321,5]
11-19 04:10:16.418 9368 9368 I view_enqueue_input_event: [Motion - Cancel,com.android.calendar/com.android.calendar.AllInOneActivity]
11-19 04:10:16.419 2802 2802 I sysui_latency: [1,67]
11-19 04:10:16.425 1499 1638 I input_focus: [Focus request recents_animation_input_consumer,reason=UpdateInputWindows]
11-19 04:10:16.442 1499 1831 I input_interaction: Interaction with: edge-swipe (server), swipe-up (server), PointerEventDispatcher0 (server),
11-19 04:10:16.455 1499 1831 I input_focus: [Focus leaving 3aea598 com.android.calendar/com.android.calendar.AllInOneActivity (server),reason=NOT_FOCUSABLE]
11-19 04:10:16.457 1499 1831 I input_focus: [Focus entering recents_animation_input_consumer (server),reason=setFocusedWindow]
11-19 04:10:16.572 1499 1759 I commit_sys_config_file: [settings-1-0,11]
11-19 04:10:16.680 1499 1644 I sysui_latency: [8,65]
11-19 04:10:16.807 1499 2389 I wm_task_moved: [1,0,5]
11-19 04:10:16.813 1499 2389 I wm_add_to_stopping: [0,19758722,com.android.launcher3/.uioverrides.QuickstepLauncher,makeInvisible]
11-19 04:10:16.823 1499 1638 I input_focus: [Focus request 3aea598 com.android.calendar/com.android.calendar.AllInOneActivity,reason=UpdateInputWindows]
11-19 04:10:16.826 1499 1637 I wm_stop_activity: [0,19758722,com.android.launcher3/.uioverrides.QuickstepLauncher]
11-19 04:10:16.839 1499 1831 I input_focus: [Focus leaving recents_animation_input_consumer (server),reason=NOT_VISIBLE]
11-19 04:10:16.840 1499 1831 I input_focus: [Focus entering 3aea598 com.android.calendar/com.android.calendar.AllInOneActivity (server),reason=setFocusedWindow]
11-19 04:10:16.873 2802 2802 I wm_on_stop_called: [19758722,com.android.launcher3.uioverrides.QuickstepLauncher,STOP_ACTIVITY_ITEM]
11-19 04:10:17.070 1499 1759 I commit_sys_config_file: [settings-1-0,6]
11-19 04:10:17.131 0 0 I auditd : type=1400 audit(0.0:6072): avc: denied { kill } for comm="swapper/3" capability=5 scontext=u:r:kernel:s0 tcontext=u:r:kernel:s0 tclass=capability permissive=0
11-19 04:10:17.584 1499 1831 I input_interaction: Interaction with: 3aea598 com.android.calendar/com.android.calendar.AllInOneActivity (server), edge-swipe (server), swipe-up (server), PointerEventDispatcher0 (server),
11-19 04:10:17.605 1499 5046 I wm_task_moved: [1,0,0]
11-19 04:10:17.606 1499 5046 I wm_task_moved: [1,0,5]
11-19 04:10:17.612 2802 2802 I wm_on_restart_called: [19758722,com.android.launcher3.uioverrides.QuickstepLauncher,performRestartActivity]
11-19 04:10:17.644 2802 2802 I wm_on_start_called: [19758722,com.android.launcher3.uioverrides.QuickstepLauncher,handleStartActivity]
11-19 04:10:17.662 9368 9368 I view_enqueue_input_event: [Motion - Cancel,com.android.calendar/com.android.calendar.AllInOneActivity]
11-19 04:10:17.664 2802 2802 I sysui_latency: [1,73]
11-19 04:10:17.672 1499 1638 I input_focus: [Focus request recents_animation_input_consumer,reason=UpdateInputWindows]
11-19 04:10:17.672 1499 1634 I sysui_multi_action: [319,17,322,59,325,10296,757,761,758,9,759,5,806,com.android.launcher3,871,com.android.launcher3.uioverrides.QuickstepLauncher,905,0,1320,8,1321,5]
11-19 04:10:17.678 1499 1831 I input_interaction: Interaction with: edge-swipe (server), swipe-up (server), PointerEventDispatcher0 (server),
11-19 04:10:17.690 1499 1831 I input_focus: [Focus leaving 3aea598 com.android.calendar/com.android.calendar.AllInOneActivity (server),reason=NOT_FOCUSABLE]
11-19 04:10:17.691 1499 1831 I input_focus: [Focus entering recents_animation_input_consumer (server),reason=setFocusedWindow]
11-19 04:10:17.845 1499 1759 I commit_sys_config_file: [settings-1-0,9]
11-19 04:10:17.966 1499 1644 I sysui_latency: [8,75]
11-19 04:10:19.032 1499 1759 I commit_sys_config_file: [settings-1-0,5]
11-19 04:10:19.131 0 0 I auditd : type=1400 audit(0.0:6073): avc: denied { kill } for comm="swapper/3" capability=5 scontext=u:r:kernel:s0 tcontext=u:r:kernel:s0 tclass=capability permissive=0
11-19 04:10:20.131 0 0 I auditd : type=1400 audit(0.0:6074): avc: denied { kill } for comm="swapper/3" capability=5 scontext=u:r:kernel:s0 tcontext=u:r:kernel:s0 tclass=capability permissive=0
11-19 04:10:20.199 1499 1831 I input_interaction: Interaction with: 632f7bf com.android.launcher3/com.android.launcher3.uioverrides.QuickstepLauncher (server), edge-swipe (server), swipe-up (server), PointerEventDispatcher0 (server),
11-19 04:10:20.325 1499 2755 I wm_task_created: [44,-1]
11-19 04:10:20.337 1499 2755 I wm_task_moved: [44,1,7]
11-19 04:10:20.337 1499 2755 I wm_task_to_front: [0,44]
11-19 04:10:20.338 1499 2755 I wm_create_task: [0,44]
11-19 04:10:20.338 1499 2755 I wm_create_activity: [0,201777351,44,com.android.gallery3d/.app.GalleryActivity,NULL,NULL,NULL,268468224]
11-19 04:10:20.338 1499 2755 I wm_task_moved: [44,1,7]
11-19 04:10:20.338 9368 9368 I wm_on_top_resumed_lost_called: [114893195,com.android.calendar.AllInOneActivity,topStateChangedWhenResumed]
11-19 04:10:20.342 1499 2755 I wm_restart_activity: [0,201777351,44,com.android.gallery3d/.app.GalleryActivity]
11-19 04:10:20.344 1499 2755 I wm_set_resumed_activity: [0,com.android.gallery3d/.app.GalleryActivity,minimalResumeActivityLocked]
11-19 04:10:20.351 1499 1637 I am_uid_active: 10066
11-19 04:10:20.401 8832 8832 I wm_on_create_called: [201777351,com.android.gallery3d.app.GalleryActivity,performCreate]
11-19 04:10:20.402 8832 8832 I wm_on_start_called: [201777351,com.android.gallery3d.app.GalleryActivity,handleStartActivity]
11-19 04:10:20.406 8832 8832 I wm_on_resume_called: [201777351,com.android.gallery3d.app.GalleryActivity,RESUME_ACTIVITY]
11-19 04:10:20.410 8832 8832 I wm_on_top_resumed_gained_called: [201777351,com.android.gallery3d.app.GalleryActivity,topStateChangedWhenResumed]
11-19 04:10:20.420 1499 1638 I input_focus: [Focus request b15a88d com.android.gallery3d/com.android.gallery3d.app.GalleryActivity,reason=UpdateInputWindows]
11-19 04:10:20.449 1499 1831 I input_focus: [Focus leaving recents_animation_input_consumer (server),reason=Waiting for window because NOT_VISIBLE]
11-19 04:10:20.491 1499 1634 I sysui_multi_action: [319,173,322,172,325,10299,757,761,758,8,759,2,806,com.android.gallery3d,871,com.android.gallery3d.app.GalleryActivity,904,com.android.launcher3,905,0,1320,4,1321,1]
11-19 04:10:20.494 1499 1634 I wm_activity_launch_time: [0,201777351,com.android.gallery3d/.app.GalleryActivity,172]
11-19 04:10:20.500 1499 1831 I input_focus: [Focus entering b15a88d com.android.gallery3d/com.android.gallery3d.app.GalleryActivity (server),reason=Window became focusable. Previous reason: NOT_VISIBLE]
11-19 04:10:20.772 1499 2755 I wm_task_moved: [1,1,7]
11-19 04:10:20.773 1499 2755 I wm_task_moved: [10,1,2147483647]
11-19 04:10:20.773 1499 2755 I wm_task_to_front: [0,10]
11-19 04:10:20.773 1499 2755 I wm_focused_root_task: [0,0,1,44,RecentsAnimation.onAnimationFinished()]
11-19 04:10:20.773 8832 8832 I wm_on_top_resumed_lost_called: [201777351,com.android.gallery3d.app.GalleryActivity,topStateChangedWhenResumed]
11-19 04:10:20.773 1499 2755 I wm_set_resumed_activity: [0,com.android.launcher3/.uioverrides.QuickstepLauncher,RecentsAnimation.onAnimationFinished()]
11-19 04:10:20.774 1499 2755 I wm_pause_activity: [0,114893195,com.android.calendar/.AllInOneActivity,userLeaving=true,pauseBackTasks]
11-19 04:10:20.775 1499 2755 I wm_add_to_stopping: [0,114893195,com.android.calendar/.AllInOneActivity,makeInvisible]
11-19 04:10:20.776 1499 2755 I wm_set_resumed_activity: [0,com.android.launcher3/.uioverrides.QuickstepLauncher,resumeTopActivityInnerLocked]
11-19 04:10:20.778 1499 2755 I wm_resume_activity: [0,19758722,10,com.android.launcher3/.uioverrides.QuickstepLauncher]
11-19 04:10:20.783 9368 9368 I wm_on_paused_called: [114893195,com.android.calendar.AllInOneActivity,performPause]
11-19 04:10:20.788 2802 2802 I wm_on_resume_called: [19758722,com.android.launcher3.uioverrides.QuickstepLauncher,RESUME_ACTIVITY]
11-19 04:10:20.802 1499 1638 I input_focus: [Focus request 632f7bf com.android.launcher3/com.android.launcher3.uioverrides.QuickstepLauncher,reason=UpdateInputWindows]
11-19 04:10:20.814 1499 1637 I wm_stop_activity: [0,114893195,com.android.calendar/.AllInOneActivity]
11-19 04:10:20.814 1499 1637 I sysui_multi_action: [757,803,799,window_time_0,802,22]
11-19 04:10:20.816 1499 1831 I input_focus: [Focus leaving b15a88d com.android.gallery3d/com.android.gallery3d.app.GalleryActivity (server),reason=setFocusedWindow]
11-19 04:10:20.816 1499 1831 I input_focus: [Focus entering 632f7bf com.android.launcher3/com.android.launcher3.uioverrides.QuickstepLauncher (server),reason=setFocusedWindow]
11-19 04:10:20.829 1499 1637 I sysui_multi_action: [757,803,799,window_time_0,802,0]
11-19 04:10:20.833 9368 9368 I wm_on_stop_called: [114893195,com.android.calendar.AllInOneActivity,STOP_ACTIVITY_ITEM]
11-19 04:10:20.850 2802 2802 I wm_on_top_resumed_gained_called: [19758722,com.android.launcher3.uioverrides.QuickstepLauncher,topStateChangedWhenResumed]
11-19 04:10:21.852 1499 1831 I input_interaction: Interaction with: b15a88d com.android.gallery3d/com.android.gallery3d.app.GalleryActivity (server), edge-swipe (server), swipe-up (server), PointerEventDispatcher0 (server),
11-19 04:10:21.855 1499 1637 I wm_task_moved: [44,1,7]
11-19 04:10:21.855 1499 1637 I wm_task_to_front: [0,44]
11-19 04:10:21.862 1499 1637 I wm_set_resumed_activity: [0,com.android.gallery3d/.app.GalleryActivity,positionChildAt]
11-19 04:10:21.862 1499 1637 I wm_focused_root_task: [0,0,44,1,setFocusedTask]
11-19 04:10:21.862 1499 1637 I wm_set_resumed_activity: [0,com.android.gallery3d/.app.GalleryActivity,setFocusedTask]
11-19 04:10:21.864 1499 1638 I input_focus: [Focus request b15a88d com.android.gallery3d/com.android.gallery3d.app.GalleryActivity,reason=UpdateInputWindows]
11-19 04:10:21.866 2802 2802 I wm_on_top_resumed_lost_called: [19758722,com.android.launcher3.uioverrides.QuickstepLauncher,topStateChangedWhenResumed]
11-19 04:10:21.876 1499 1831 I input_focus: [Focus leaving 632f7bf com.android.launcher3/com.android.launcher3.uioverrides.QuickstepLauncher (server),reason=setFocusedWindow]
11-19 04:10:21.876 1499 1831 I input_focus: [Focus entering b15a88d com.android.gallery3d/com.android.gallery3d.app.GalleryActivity (server),reason=setFocusedWindow]
11-19 04:10:21.888 8832 8832 I wm_on_top_resumed_gained_called: [201777351,com.android.gallery3d.app.GalleryActivity,topStateChangedWhenResumed]
11-19 04:10:21.976 1499 2759 I wm_relaunch_resume_activity: [0,201777351,44,com.android.gallery3d/.app.GalleryActivity]
11-19 04:10:21.977 1499 2759 I wm_add_to_stopping: [0,19758722,com.android.launcher3/.uioverrides.QuickstepLauncher,makeInvisible]
11-19 04:10:22.002 8832 8832 I wm_on_top_resumed_lost_called: [201777351,com.android.gallery3d.app.GalleryActivity,pausing]
11-19 04:10:22.005 8832 8832 I wm_on_paused_called: [201777351,com.android.gallery3d.app.GalleryActivity,performPause]
11-19 04:10:22.006 8832 8832 I wm_on_stop_called: [201777351,com.android.gallery3d.app.GalleryActivity,handleRelaunchActivity]
11-19 04:10:22.007 8832 8832 I wm_on_destroy_called: [201777351,com.android.gallery3d.app.GalleryActivity,performDestroy]
11-19 04:10:22.022 8832 8832 I wm_on_create_called: [201777351,com.android.gallery3d.app.GalleryActivity,performCreate]
11-19 04:10:22.024 8832 8832 I wm_on_start_called: [201777351,com.android.gallery3d.app.GalleryActivity,handleStartActivity]
11-19 04:10:22.030 8832 8832 I wm_on_resume_called: [201777351,com.android.gallery3d.app.GalleryActivity,RESUME_ACTIVITY]
11-19 04:10:22.030 8832 8832 I wm_on_top_resumed_gained_called: [201777351,com.android.gallery3d.app.GalleryActivity,topWhenResuming]
11-19 04:10:22.051 1499 1499 I notification_enqueue: [10081,2342,com.android.systemui,2048,NULL,0,Notification(channel=updateNotification shortcut=null contentView=null vibrate=null sound=null defaults=0x0 flags=0x0 color=0x00000000 vis=PRIVATE),1]
11-19 04:10:22.057 2342 2342 I sysui_multi_action: [757,111,758,2]
11-19 04:10:22.058 2342 2342 I sysui_multi_action: [757,111,758,2]
11-19 04:10:22.079 2342 2342 I sysui_multi_action: [757,111,758,1]
11-19 04:10:22.079 2342 2342 I sysui_multi_action: [757,126,758,1,759,126,927,0,928,0,1593,0]
11-19 04:10:22.079 2342 2342 I sysui_multi_action: [757,113,758,1,759,113,927,1,928,1,1593,0]
11-19 04:10:22.079 2342 2342 I sysui_multi_action: [757,0,758,1,759,0,927,2,928,0,1593,0]
11-19 04:10:22.079 2342 2342 I sysui_multi_action: [757,0,758,1,759,0,927,3,928,0,1593,0]
11-19 04:10:22.080 2342 2342 I sysui_multi_action: [757,491,758,1,759,491,927,4,928,0,1311,-1,1593,0]
11-19 04:10:22.080 2342 2342 I sysui_multi_action: [757,0,758,1,759,0,927,5,928,0,1593,0]
11-19 04:10:22.080 2342 2342 I sysui_multi_action: [757,111,758,1]
11-19 04:10:22.080 2342 2342 I sysui_multi_action: [757,126,758,1,759,126,927,0,928,0,1593,0]
11-19 04:10:22.080 2342 2342 I sysui_multi_action: [757,113,758,1,759,113,927,1,928,1,1593,0]
11-19 04:10:22.080 2342 2342 I sysui_multi_action: [757,0,758,1,759,0,927,2,928,0,1593,0]
11-19 04:10:22.080 2342 2342 I sysui_multi_action: [757,0,758,1,759,0,927,3,928,0,1593,0]
11-19 04:10:22.405 1499 1637 I wm_stop_activity: [0,19758722,com.android.launcher3/.uioverrides.QuickstepLauncher]
11-19 04:10:22.434 2802 2802 I wm_on_paused_called: [19758722,com.android.launcher3.uioverrides.QuickstepLauncher,performPause]
11-19 04:10:22.437 2802 2802 I wm_on_stop_called: [19758722,com.android.launcher3.uioverrides.QuickstepLauncher,STOP_ACTIVITY_ITEM]
11-19 04:10:23.791 1499 8917 I wm_task_moved: [1,0,0]
11-19 04:10:23.791 1499 8917 I wm_task_moved: [1,0,6]
11-19 04:10:23.802 8832 8832 I view_enqueue_input_event: [Motion - Cancel,com.android.gallery3d/com.android.gallery3d.app.GalleryActivity]
11-19 04:10:23.803 2802 2802 I wm_on_restart_called: [19758722,com.android.launcher3.uioverrides.QuickstepLauncher,performRestartActivity]
11-19 04:10:23.810 1499 1831 I input_interaction: Interaction with: edge-swipe (server), swipe-up (server), PointerEventDispatcher0 (server),
11-19 04:10:23.832 2802 2802 I wm_on_start_called: [19758722,com.android.launcher3.uioverrides.QuickstepLauncher,handleStartActivity]
11-19 04:10:23.835 1499 1638 I input_focus: [Focus request recents_animation_input_consumer,reason=UpdateInputWindows]
11-19 04:10:23.843 2802 2802 I sysui_latency: [1,78]
11-19 04:10:23.853 1499 1634 I sysui_multi_action: [319,12,322,58,325,10303,757,761,758,9,759,5,806,com.android.launcher3,871,com.android.launcher3.uioverrides.QuickstepLauncher,905,0,1320,8,1321,5]
11-19 04:10:23.857 1499 1831 I input_focus: [Focus leaving b15a88d com.android.gallery3d/com.android.gallery3d.app.GalleryActivity (server),reason=NOT_FOCUSABLE]
11-19 04:10:23.857 1499 1831 I input_focus: [Focus entering recents_animation_input_consumer (server),reason=setFocusedWindow]
11-19 04:10:24.035 1499 1759 I commit_sys_config_file: [settings-1-0,6]
11-19 04:10:24.131 0 0 I auditd : type=1400 audit(0.0:6075): avc: denied { kill } for comm="swapper/3" capability=5 scontext=u:r:kernel:s0 tcontext=u:r:kernel:s0 tclass=capability permissive=0
11-19 04:10:24.153 1499 1644 I sysui_latency: [8,78]
11-19 04:10:24.739 1499 1759 I commit_sys_config_file: [settings-1-0,4]
11-19 04:10:25.131 0 0 I auditd : type=1400 audit(0.0:6076): avc: denied { kill } for comm="swapper/3" capability=5 scontext=u:r:kernel:s0 tcontext=u:r:kernel:s0 tclass=capability permissive=0
11-19 04:10:25.142 1499 1831 I input_interaction: Interaction with: 632f7bf com.android.launcher3/com.android.launcher3.uioverrides.QuickstepLauncher (server), edge-swipe (server), swipe-up (server), PointerEventDispatcher0 (server),
11-19 04:10:25.267 1499 1729 I wm_task_created: [45,-1]
11-19 04:10:25.276 1499 1729 I wm_task_moved: [45,1,8]
11-19 04:10:25.276 1499 1729 I wm_task_to_front: [0,45]
11-19 04:10:25.277 1499 1729 I wm_create_task: [0,45]
11-19 04:10:25.277 1499 1729 I wm_create_activity: [0,248777146,45,com.android.deskclock/.DeskClock,NULL,NULL,NULL,268468224]
11-19 04:10:25.277 1499 1729 I wm_task_moved: [45,1,8]
11-19 04:10:25.277 8832 8832 I wm_on_top_resumed_lost_called: [201777351,com.android.gallery3d.app.GalleryActivity,topStateChangedWhenResumed]
