11-19 04:06:03.190 1499 1499 I notification_enqueue: [10081,2342,com.android.systemui,2048,NULL,0,Notification(channel=updateNotification shortcut=null contentView=null vibrate=null sound=null defaults=0x0 flags=0x0 color=0x00000000 vis=PRIVATE),1]
11-19 04:06:03.190 2342 2342 I sysui_multi_action: [757,111,758,2]
11-19 04:06:03.196 2342 2342 I sysui_multi_action: [757,111,758,1]
11-19 04:06:03.196 2342 2342 I sysui_multi_action: [757,126,758,1,759,126,927,0,928,1,1593,0]
11-19 04:06:03.196 2342 2342 I sysui_multi_action: [757,113,758,1,759,113,927,1,928,1,1593,0]
11-19 04:06:03.196 2342 2342 I sysui_multi_action: [757,0,758,1,759,0,927,2,928,0,1593,0]
11-19 04:06:03.196 2342 2342 I sysui_multi_action: [757,0,758,1,759,0,927,3,928,0,1593,0]
11-19 04:06:03.197 2342 2342 I sysui_multi_action: [757,491,758,1,759,491,927,4,928,0,1311,-1,1593,0]
11-19 04:06:03.197 2342 2342 I sysui_multi_action: [757,0,758,1,759,0,927,5,928,0,1593,0]
11-19 04:06:03.197 2342 2342 I sysui_multi_action: [757,111,758,1]
11-19 04:06:03.197 2342 2342 I sysui_multi_action: [757,126,758,1,759,126,927,0,928,1,1593,0]
11-19 04:06:03.197 2342 2342 I sysui_multi_action: [757,113,758,1,759,113,927,1,928,1,1593,0]
11-19 04:06:03.197 2342 2342 I sysui_multi_action: [757,0,758,1,759,0,927,2,928,0,1593,0]
11-19 04:06:03.197 2342 2342 I sysui_multi_action: [757,0,758,1,759,0,927,3,928,0,1593,0]
11-19 04:06:03.205 2342 2342 I sysui_multi_action: [757,111,758,2]
11-19 04:06:03.205 1499 1499 I notification_enqueue: [10081,2342,com.android.systemui,2048,NULL,0,Notification(channel=updateNotification shortcut=null contentView=null vibrate=null sound=null defaults=0x0 flags=0x0 color=0x00000000 vis=PRIVATE),1]
11-19 04:06:03.205 2342 2342 I sysui_multi_action: [757,111,758,2]
11-19 04:06:03.213 2342 2342 I sysui_multi_action: [757,111,758,1]
11-19 04:06:03.213 2342 2342 I sysui_multi_action: [757,126,758,1,759,126,927,0,928,1,1593,0]
11-19 04:06:03.213 2342 2342 I sysui_multi_action: [757,113,758,1,759,113,927,1,928,1,1593,0]
11-19 04:06:03.213 2342 2342 I sysui_multi_action: [757,0,758,1,759,0,927,2,928,0,1593,0]
11-19 04:06:03.213 2342 2342 I sysui_multi_action: [757,0,758,1,759,0,927,3,928,0,1593,0]
11-19 04:06:03.213 2342 2342 I sysui_multi_action: [757,491,758,1,759,491,927,4,928,0,1311,-1,1593,0]
11-19 04:06:03.213 2342 2342 I sysui_multi_action: [757,0,758,1,759,0,927,5,928,0,1593,0]
11-19 04:06:03.213 2342 2342 I sysui_multi_action: [757,111,758,1]
11-19 04:06:03.214 2342 2342 I sysui_multi_action: [757,126,758,1,759,126,927,0,928,1,1593,0]
11-19 04:06:03.214 2342 2342 I sysui_multi_action: [757,113,758,1,759,113,927,1,928,1,1593,0]
11-19 04:06:03.214 2342 2342 I sysui_multi_action: [757,0,758,1,759,0,927,2,928,0,1593,0]
11-19 04:06:03.214 2342 2342 I sysui_multi_action: [757,0,758,1,759,0,927,3,928,0,1593,0]
11-19 04:06:03.229 1499 1499 I notification_enqueue: [10081,2342,com.android.systemui,2048,NULL,0,Notification(channel=updateNotification shortcut=null contentView=null vibrate=null sound=null defaults=0x0 flags=0x0 color=0x00000000 vis=PRIVATE),1]
11-19 04:06:03.229 2342 2342 I sysui_multi_action: [757,111,758,2]
11-19 04:06:03.229 2342 2342 I sysui_multi_action: [757,111,758,2]
11-19 04:06:03.232 2342 2342 I sysui_multi_action: [757,111,758,1]
11-19 04:06:03.232 2342 2342 I sysui_multi_action: [757,126,758,1,759,126,927,0,928,1,1593,0]
11-19 04:06:03.232 2342 2342 I sysui_multi_action: [757,113,758,1,759,113,927,1,928,1,1593,0]
11-19 04:06:03.232 2342 2342 I sysui_multi_action: [757,0,758,1,759,0,927,2,928,0,1593,0]
11-19 04:06:03.232 2342 2342 I sysui_multi_action: [757,0,758,1,759,0,927,3,928,0,1593,0]
11-19 04:06:03.233 2342 2342 I sysui_multi_action: [757,491,758,1,759,491,927,4,928,0,1311,-1,1593,0]
11-19 04:06:03.233 2342 2342 I sysui_multi_action: [757,0,758,1,759,0,927,5,928,0,1593,0]
11-19 04:06:03.233 2342 2342 I sysui_multi_action: [757,111,758,1]
11-19 04:06:03.233 2342 2342 I sysui_multi_action: [757,126,758,1,759,126,927,0,928,1,1593,0]
11-19 04:06:03.233 2342 2342 I sysui_multi_action: [757,113,758,1,759,113,927,1,928,1,1593,0]
11-19 04:06:03.233 2342 2342 I sysui_multi_action: [757,0,758,1,759,0,927,2,928,0,1593,0]
11-19 04:06:03.233 2342 2342 I sysui_multi_action: [757,0,758,1,759,0,927,3,928,0,1593,0]
11-19 04:06:03.245 2342 2342 I sysui_multi_action: [757,111,758,2]
11-19 04:06:03.245 2342 2342 I sysui_multi_action: [757,111,758,2]
11-19 04:06:03.245 1499 1499 I notification_enqueue: [10081,2342,com.android.systemui,2048,NULL,0,Notification(channel=updateNotification shortcut=null contentView=null vibrate=null sound=null defaults=0x0 flags=0x0 color=0x00000000 vis=PRIVATE),1]
11-19 04:06:03.249 2342 2342 I sysui_multi_action: [757,111,758,1]
11-19 04:06:03.249 2342 2342 I sysui_multi_action: [757,126,758,1,759,126,927,0,928,1,1593,0]
11-19 04:06:03.249 2342 2342 I sysui_multi_action: [757,113,758,1,759,113,927,1,928,1,1593,0]
11-19 04:06:03.249 2342 2342 I sysui_multi_action: [757,0,758,1,759,0,927,2,928,0,1593,0]
11-19 04:06:03.249 2342 2342 I sysui_multi_action: [757,0,758,1,759,0,927,3,928,0,1593,0]
11-19 04:06:03.250 2342 2342 I sysui_multi_action: [757,491,758,1,759,491,927,4,928,0,1311,-1,1593,0]
11-19 04:06:03.250 2342 2342 I sysui_multi_action: [757,0,758,1,759,0,927,5,928,0,1593,0]
11-19 04:06:03.250 2342 2342 I sysui_multi_action: [757,111,758,1]
11-19 04:06:03.250 2342 2342 I sysui_multi_action: [757,126,758,1,759,126,927,0,928,1,1593,0]
11-19 04:06:03.250 2342 2342 I sysui_multi_action: [757,113,758,1,759,113,927,1,928,1,1593,0]
11-19 04:06:03.250 2342 2342 I sysui_multi_action: [757,0,758,1,759,0,927,2,928,0,1593,0]
11-19 04:06:03.250 2342 2342 I sysui_multi_action: [757,0,758,1,759,0,927,3,928,0,1593,0]
11-19 04:06:03.262 2342 2342 I sysui_multi_action: [757,111,758,2]
11-19 04:06:03.262 1499 1499 I notification_enqueue: [10081,2342,com.android.systemui,2048,NULL,0,Notification(channel=updateNotification shortcut=null contentView=null vibrate=null sound=null defaults=0x0 flags=0x0 color=0x00000000 vis=PRIVATE),1]
11-19 04:06:03.262 2342 2342 I sysui_multi_action: [757,111,758,2]
11-19 04:06:03.266 2342 2342 I sysui_multi_action: [757,111,758,1]
11-19 04:06:03.267 2342 2342 I sysui_multi_action: [757,126,758,1,759,126,927,0,928,1,1593,0]
11-19 04:06:03.267 2342 2342 I sysui_multi_action: [757,113,758,1,759,113,927,1,928,1,1593,0]
11-19 04:06:03.267 2342 2342 I sysui_multi_action: [757,0,758,1,759,0,927,2,928,0,1593,0]
11-19 04:06:03.267 2342 2342 I sysui_multi_action: [757,0,758,1,759,0,927,3,928,0,1593,0]
11-19 04:06:03.267 2342 2342 I sysui_multi_action: [757,491,758,1,759,491,927,4,928,0,1311,-1,1593,0]
11-19 04:06:03.267 2342 2342 I sysui_multi_action: [757,0,758,1,759,0,927,5,928,0,1593,0]
11-19 04:06:03.267 2342 2342 I sysui_multi_action: [757,111,758,1]
11-19 04:06:03.267 2342 2342 I sysui_multi_action: [757,126,758,1,759,126,927,0,928,1,1593,0]
11-19 04:06:03.267 2342 2342 I sysui_multi_action: [757,113,758,1,759,113,927,1,928,1,1593,0]
11-19 04:06:03.268 2342 2342 I sysui_multi_action: [757,0,758,1,759,0,927,2,928,0,1593,0]
11-19 04:06:03.268 2342 2342 I sysui_multi_action: [757,0,758,1,759,0,927,3,928,0,1593,0]
11-19 04:06:03.683 1499 5215 I sysui_multi_action: [757,128,758,1,793,9964873,794,0,795,9964873,796,26,798,0,806,android,857,DEVELOPER_IMPORTANT,858,4,947,0,1395,2,1500,9964669,1688,1]
11-19 04:06:03.683 1499 5215 I sysui_multi_action: [757,804,799,note_freshness,801,9964873,802,1]
11-19 04:06:03.683 1499 5215 I notification_visibility: [-1|android|26|null|1000,1,9964873,9964873,0,0]
11-19 04:06:03.683 1499 5215 I sysui_multi_action: [757,128,758,1,793,10019446,794,0,795,10019446,796,32,798,1,806,android,857,USB,858,1,947,0,1395,2,1500,10018769,1688,1]
11-19 04:06:03.683 1499 5215 I sysui_multi_action: [757,804,799,note_freshness,801,10019446,802,1]
11-19 04:06:03.684 1499 5215 I notification_visibility: [-1|android|32|null|1000,1,10019446,10019446,0,1]
11-19 04:06:04.131 0 0 I auditd : type=1400 audit(0.0:5872): avc: denied { kill } for comm="swapper/3" capability=5 scontext=u:r:kernel:s0 tcontext=u:r:kernel:s0 tclass=capability permissive=0
11-19 04:06:04.371 1499 1831 I input_interaction: Interaction with: 574f5d NotificationShade (server), edge-swipe (server), swipe-up (server), PointerEventDispatcher0 (server),
11-19 04:06:04.517 2342 2342 I sysui_multi_action: [757,925,758,4,759,126,927,0,928,1,1592,0,1593,1]
11-19 04:06:04.568 1499 2757 D TelephonyRegistry: listen oscl: mHasNotifySubscriptionInfoChangedOccurred==false no callback
11-19 04:06:04.572 2342 2342 W CarrierConfigManager: Error getting config for subId -1 ICarrierConfigLoader is null
11-19 04:06:04.600 1499 1638 I input_focus: [Focus request ab7121f InternetDialog,reason=UpdateInputWindows]
11-19 04:06:04.621 1499 1831 I input_focus: [Focus leaving 574f5d NotificationShade (server),reason=setFocusedWindow]
11-19 04:06:04.621 1499 1831 I input_focus: [Focus entering ab7121f InternetDialog (server),reason=setFocusedWindow]
11-19 04:06:04.827 1499 1759 I commit_sys_config_file: [settings-0-0,10]
11-19 04:06:05.131 0 0 I auditd : type=1400 audit(0.0:5873): avc: denied { kill } for comm="swapper/3" capability=5 scontext=u:r:kernel:s0 tcontext=u:r:kernel:s0 tclass=capability permissive=0
11-19 04:06:06.131 0 0 I auditd : type=1400 audit(0.0:5874): avc: denied { kill } for comm="swapper/3" capability=5 scontext=u:r:kernel:s0 tcontext=u:r:kernel:s0 tclass=capability permissive=0
11-19 04:06:06.276 1499 1831 I input_interaction: Interaction with: ab7121f InternetDialog (server), edge-swipe (server), swipe-up (server), PointerEventDispatcher0 (server),
11-19 04:06:06.617 1499 1759 I commit_sys_config_file: [settings-0-0,7]
11-19 04:06:06.739 838 838 I auditd : type=1400 audit(0.0:5875): avc: denied { search } for comm="wifi@1.0-servic" name="tombstones" dev="dm-10" ino=24 scontext=u:r:hal_wifi_default:s0 tcontext=u:object_r:vendor_tombstone_data_file:s0 tclass=dir permissive=0
11-19 04:06:06.773 1499 2279 I netstats_mobile_sample: [0,0,0,0,0,0,0,0,0,0,0,0,1668801966773]
11-19 04:06:06.774 1499 2279 I netstats_wifi_sample: [1686054,2125,480713,1950,1686054,2125,480713,1950,1732745,3030,357105,1596,1668801966773]
11-19 04:06:07.131 0 0 I auditd : type=1400 audit(0.0:5876): avc: denied { kill } for comm="swapper/3" capability=5 scontext=u:r:kernel:s0 tcontext=u:r:kernel:s0 tclass=capability permissive=0
11-19 04:06:08.131 0 0 I auditd : type=1400 audit(0.0:5877): avc: denied { kill } for comm="swapper/3" capability=5 scontext=u:r:kernel:s0 tcontext=u:r:kernel:s0 tclass=capability permissive=0
11-19 04:06:09.131 0 0 I auditd : type=1400 audit(0.0:5878): avc: denied { kill } for comm="swapper/3" capability=5 scontext=u:r:kernel:s0 tcontext=u:r:kernel:s0 tclass=capability permissive=0
11-19 04:06:09.259 1499 1638 I input_focus: [Focus request 574f5d NotificationShade,reason=UpdateInputWindows]
11-19 04:06:09.280 1499 1831 I input_focus: [Focus entering 574f5d NotificationShade (server),reason=setFocusedWindow]
11-19 04:06:11.087 1499 1793 I am_freeze: [8148,com.android.gallery3d]
11-19 04:06:11.090 1499 1793 I am_kill : [0,8148,com.android.gallery3d,915,Unable to freeze binder interface]
11-19 04:06:11.122 1499 4678 I am_proc_died: [0,8148,com.android.gallery3d,915,19]
11-19 04:06:11.123 1499 4678 I am_uid_stopped: 10066
11-19 04:06:11.131 0 0 I auditd : type=1400 audit(0.0:5879): avc: denied { kill } for comm="swapper/3" capability=5 scontext=u:r:kernel:s0 tcontext=u:r:kernel:s0 tclass=capability permissive=0
11-19 04:06:11.143 1499 1644 I am_pss : [8183,10064,com.thundercomm.gamemode.provider,8263680,5799936,0,95670272,0,19,10]
11-19 04:06:11.150 1499 1644 I am_pss : [3839,10067,com.qualcomm.qti.devicestatisticsservice,5718016,3538944,0,89014272,0,0,6]
11-19 04:06:12.131 0 0 I auditd : type=1400 audit(0.0:5880): avc: denied { kill } for comm="swapper/3" capability=5 scontext=u:r:kernel:s0 tcontext=u:r:kernel:s0 tclass=capability permissive=0
11-19 04:06:13.131 0 0 I auditd : type=1400 audit(0.0:5881): avc: denied { kill } for comm="swapper/3" capability=5 scontext=u:r:kernel:s0 tcontext=u:r:kernel:s0 tclass=capability permissive=0
11-19 04:06:14.131 0 0 I auditd : type=1400 audit(0.0:5882): avc: denied { kill } for comm="swapper/3" capability=5 scontext=u:r:kernel:s0 tcontext=u:r:kernel:s0 tclass=capability permissive=0
11-19 04:06:15.131 0 0 I auditd : type=1400 audit(0.0:5883): avc: denied { kill } for comm="swapper/3" capability=5 scontext=u:r:kernel:s0 tcontext=u:r:kernel:s0 tclass=capability permissive=0
11-19 04:06:16.131 0 0 I auditd : type=1400 audit(0.0:5884): avc: denied { kill } for comm="swapper/3" capability=5 scontext=u:r:kernel:s0 tcontext=u:r:kernel:s0 tclass=capability permissive=0
11-19 04:06:17.131 0 0 I auditd : type=1400 audit(0.0:5885): avc: denied { kill } for comm="swapper/3" capability=5 scontext=u:r:kernel:s0 tcontext=u:r:kernel:s0 tclass=capability permissive=0
11-19 04:06:18.131 0 0 I auditd : type=1400 audit(0.0:5886): avc: denied { kill } for comm="swapper/3" capability=5 scontext=u:r:kernel:s0 tcontext=u:r:kernel:s0 tclass=capability permissive=0
11-19 04:06:19.131 0 0 I auditd : type=1400 audit(0.0:5887): avc: denied { kill } for comm="swapper/3" capability=5 scontext=u:r:kernel:s0 tcontext=u:r:kernel:s0 tclass=capability permissive=0
11-19 04:06:20.131 0 0 I auditd : type=1400 audit(0.0:5888): avc: denied { kill } for comm="swapper/3" capability=5 scontext=u:r:kernel:s0 tcontext=u:r:kernel:s0 tclass=capability permissive=0
11-19 04:06:21.131 0 0 I auditd : type=1400 audit(0.0:5889): avc: denied { kill } for comm="swapper/3" capability=5 scontext=u:r:kernel:s0 tcontext=u:r:kernel:s0 tclass=capability permissive=0
11-19 04:06:22.131 0 0 I auditd : type=1400 audit(0.0:5890): avc: denied { kill } for comm="swapper/3" capability=5 scontext=u:r:kernel:s0 tcontext=u:r:kernel:s0 tclass=capability permissive=0
11-19 04:06:23.131 0 0 I auditd : type=1400 audit(0.0:5891): avc: denied { kill } for comm="swapper/3" capability=5 scontext=u:r:kernel:s0 tcontext=u:r:kernel:s0 tclass=capability permissive=0
11-19 04:06:24.131 0 0 I auditd : type=1400 audit(0.0:5892): avc: denied { kill } for comm="swapper/3" capability=5 scontext=u:r:kernel:s0 tcontext=u:r:kernel:s0 tclass=capability permissive=0
11-19 04:06:24.279 1499 2268 I netstats_mobile_sample: [0,0,0,0,0,0,0,0,0,0,0,0,1668801984279]
11-19 04:06:24.281 1499 2268 I netstats_wifi_sample: [1686054,2125,480713,1950,1686054,2125,480713,1950,1732745,3030,357105,1596,1668801984279]
11-19 04:06:25.131 0 0 I auditd : type=1400 audit(0.0:5893): avc: denied { kill } for comm="swapper/3" capability=5 scontext=u:r:kernel:s0 tcontext=u:r:kernel:s0 tclass=capability permissive=0
11-19 04:06:26.131 0 0 I auditd : type=1400 audit(0.0:5894): avc: denied { kill } for comm="swapper/3" capability=5 scontext=u:r:kernel:s0 tcontext=u:r:kernel:s0 tclass=capability permissive=0
11-19 04:06:27.131 0 0 I auditd : type=1400 audit(0.0:5895): avc: denied { kill } for comm="swapper/3" capability=5 scontext=u:r:kernel:s0 tcontext=u:r:kernel:s0 tclass=capability permissive=0
11-19 04:06:28.131 0 0 I auditd : type=1400 audit(0.0:5896): avc: denied { kill } for comm="swapper/3" capability=5 scontext=u:r:kernel:s0 tcontext=u:r:kernel:s0 tclass=capability permissive=0
11-19 04:06:28.971 1499 1645 I am_uid_idle: 10050
11-19 04:06:29.131 0 0 I auditd : type=1400 audit(0.0:5897): avc: denied { kill } for comm="swapper/3" capability=5 scontext=u:r:kernel:s0 tcontext=u:r:kernel:s0 tclass=capability permissive=0
11-19 04:06:30.131 0 0 I auditd : type=1400 audit(0.0:5898): avc: denied { kill } for comm="swapper/3" capability=5 scontext=u:r:kernel:s0 tcontext=u:r:kernel:s0 tclass=capability permissive=0
11-19 04:06:31.131 0 0 I auditd : type=1400 audit(0.0:5899): avc: denied { kill } for comm="swapper/3" capability=5 scontext=u:r:kernel:s0 tcontext=u:r:kernel:s0 tclass=capability permissive=0
11-19 04:06:32.131 0 0 I auditd : type=1400 audit(0.0:5900): avc: denied { kill } for comm="swapper/3" capability=5 scontext=u:r:kernel:s0 tcontext=u:r:kernel:s0 tclass=capability permissive=0
11-19 04:06:33.131 0 0 I auditd : type=1400 audit(0.0:5901): avc: denied { kill } for comm="swapper/3" capability=5 scontext=u:r:kernel:s0 tcontext=u:r:kernel:s0 tclass=capability permissive=0
11-19 04:06:34.131 0 0 I auditd : type=1400 audit(0.0:5902): avc: denied { kill } for comm="swapper/3" capability=5 scontext=u:r:kernel:s0 tcontext=u:r:kernel:s0 tclass=capability permissive=0
11-19 04:06:34.994 1499 1645 I am_uid_idle: 10064
11-19 04:06:35.131 0 0 I auditd : type=1400 audit(0.0:5903): avc: denied { kill } for comm="swapper/3" capability=5 scontext=u:r:kernel:s0 tcontext=u:r:kernel:s0 tclass=capability permissive=0
11-19 04:06:36.131 0 0 I auditd : type=1400 audit(0.0:5904): avc: denied { kill } for comm="swapper/3" capability=5 scontext=u:r:kernel:s0 tcontext=u:r:kernel:s0 tclass=capability permissive=0
11-19 04:06:37.131 0 0 I auditd : type=1400 audit(0.0:5905): avc: denied { kill } for comm="swapper/3" capability=5 scontext=u:r:kernel:s0 tcontext=u:r:kernel:s0 tclass=capability permissive=0
11-19 04:06:38.131 0 0 I auditd : type=1400 audit(0.0:5906): avc: denied { kill } for comm="swapper/3" capability=5 scontext=u:r:kernel:s0 tcontext=u:r:kernel:s0 tclass=capability permissive=0
11-19 04:06:39.131 0 0 I auditd : type=1400 audit(0.0:5907): avc: denied { kill } for comm="swapper/3" capability=5 scontext=u:r:kernel:s0 tcontext=u:r:kernel:s0 tclass=capability permissive=0
11-19 04:06:40.131 0 0 I auditd : type=1400 audit(0.0:5908): avc: denied { kill } for comm="swapper/3" capability=5 scontext=u:r:kernel:s0 tcontext=u:r:kernel:s0 tclass=capability permissive=0
11-19 04:06:41.131 0 0 I auditd : type=1400 audit(0.0:5909): avc: denied { kill } for comm="swapper/3" capability=5 scontext=u:r:kernel:s0 tcontext=u:r:kernel:s0 tclass=capability permissive=0
11-19 04:06:42.131 0 0 I auditd : type=1400 audit(0.0:5910): avc: denied { kill } for comm="swapper/3" capability=5 scontext=u:r:kernel:s0 tcontext=u:r:kernel:s0 tclass=capability permissive=0
11-19 04:06:43.131 0 0 I auditd : type=1400 audit(0.0:5911): avc: denied { kill } for comm="swapper/3" capability=5 scontext=u:r:kernel:s0 tcontext=u:r:kernel:s0 tclass=capability permissive=0
11-19 04:06:44.131 0 0 I auditd : type=1400 audit(0.0:5912): avc: denied { kill } for comm="swapper/3" capability=5 scontext=u:r:kernel:s0 tcontext=u:r:kernel:s0 tclass=capability permissive=0
11-19 04:06:45.131 0 0 I auditd : type=1400 audit(0.0:5913): avc: denied { kill } for comm="swapper/3" capability=5 scontext=u:r:kernel:s0 tcontext=u:r:kernel:s0 tclass=capability permissive=0
11-19 04:06:46.131 0 0 I auditd : type=1400 audit(0.0:5914): avc: denied { kill } for comm="swapper/3" capability=5 scontext=u:r:kernel:s0 tcontext=u:r:kernel:s0 tclass=capability permissive=0
11-19 04:06:47.131 0 0 I auditd : type=1400 audit(0.0:5915): avc: denied { kill } for comm="swapper/3" capability=5 scontext=u:r:kernel:s0 tcontext=u:r:kernel:s0 tclass=capability permissive=0
11-19 04:06:48.131 0 0 I auditd : type=1400 audit(0.0:5916): avc: denied { kill } for comm="swapper/3" capability=5 scontext=u:r:kernel:s0 tcontext=u:r:kernel:s0 tclass=capability permissive=0
11-19 04:06:49.131 0 0 I auditd : type=1400 audit(0.0:5917): avc: denied { kill } for comm="swapper/3" capability=5 scontext=u:r:kernel:s0 tcontext=u:r:kernel:s0 tclass=capability permissive=0
11-19 04:06:50.131 0 0 I auditd : type=1400 audit(0.0:5918): avc: denied { kill } for comm="swapper/3" capability=5 scontext=u:r:kernel:s0 tcontext=u:r:kernel:s0 tclass=capability permissive=0
11-19 04:06:51.131 0 0 I auditd : type=1400 audit(0.0:5919): avc: denied { kill } for comm="swapper/3" capability=5 scontext=u:r:kernel:s0 tcontext=u:r:kernel:s0 tclass=capability permissive=0
11-19 04:06:52.131 0 0 I auditd : type=1400 audit(0.0:5920): avc: denied { kill } for comm="swapper/3" capability=5 scontext=u:r:kernel:s0 tcontext=u:r:kernel:s0 tclass=capability permissive=0
11-19 04:06:53.131 0 0 I auditd : type=1400 audit(0.0:5921): avc: denied { kill } for comm="swapper/3" capability=5 scontext=u:r:kernel:s0 tcontext=u:r:kernel:s0 tclass=capability permissive=0
11-19 04:06:54.131 0 0 I auditd : type=1400 audit(0.0:5922): avc: denied { kill } for comm="swapper/3" capability=5 scontext=u:r:kernel:s0 tcontext=u:r:kernel:s0 tclass=capability permissive=0
11-19 04:06:55.131 0 0 I auditd : type=1400 audit(0.0:5923): avc: denied { kill } for comm="swapper/3" capability=5 scontext=u:r:kernel:s0 tcontext=u:r:kernel:s0 tclass=capability permissive=0
11-19 04:06:56.131 0 0 I auditd : type=1400 audit(0.0:5924): avc: denied { kill } for comm="swapper/3" capability=5 scontext=u:r:kernel:s0 tcontext=u:r:kernel:s0 tclass=capability permissive=0
11-19 04:06:57.131 0 0 I auditd : type=1400 audit(0.0:5925): avc: denied { kill } for comm="swapper/3" capability=5 scontext=u:r:kernel:s0 tcontext=u:r:kernel:s0 tclass=capability permissive=0
11-19 04:06:58.131 0 0 I auditd : type=1400 audit(0.0:5926): avc: denied { kill } for comm="swapper/3" capability=5 scontext=u:r:kernel:s0 tcontext=u:r:kernel:s0 tclass=capability permissive=0
11-19 04:06:59.131 0 0 I auditd : type=1400 audit(0.0:5927): avc: denied { kill } for comm="swapper/3" capability=5 scontext=u:r:kernel:s0 tcontext=u:r:kernel:s0 tclass=capability permissive=0
11-19 04:07:00.131 0 0 I auditd : type=1400 audit(0.0:5928): avc: denied { kill } for comm="swapper/3" capability=5 scontext=u:r:kernel:s0 tcontext=u:r:kernel:s0 tclass=capability permissive=0
11-19 04:07:01.131 0 0 I auditd : type=1400 audit(0.0:5929): avc: denied { kill } for comm="swapper/3" capability=5 scontext=u:r:kernel:s0 tcontext=u:r:kernel:s0 tclass=capability permissive=0
11-19 04:07:02.131 0 0 I auditd : type=1400 audit(0.0:5930): avc: denied { kill } for comm="swapper/3" capability=5 scontext=u:r:kernel:s0 tcontext=u:r:kernel:s0 tclass=capability permissive=0
11-19 04:07:02.146 1499 1663 I sysui_multi_action: [757,1696,758,6,759,2]
11-19 04:07:02.149 1499 1645 I am_wtf : [0,1499,system_server,-1,DisplayDeviceConfig,requesting nits when no mapping exists.]
11-19 04:07:02.153 1499 1645 I am_wtf : [0,1499,system_server,-1,DisplayDeviceConfig,requesting nits when no mapping exists.]
11-19 04:07:02.163 1499 1645 I am_wtf : [0,1499,system_server,-1,DisplayDeviceConfig,requesting nits when no mapping exists.]
11-19 04:07:02.166 1499 1645 I am_wtf : [0,1499,system_server,-1,DisplayDeviceConfig,requesting nits when no mapping exists.]
11-19 04:07:02.181 1499 1645 I am_wtf : [0,1499,system_server,-1,DisplayDeviceConfig,requesting nits when no mapping exists.]
11-19 04:07:02.185 1499 1645 I am_wtf : [0,1499,system_server,-1,DisplayDeviceConfig,requesting nits when no mapping exists.]
11-19 04:07:02.188 1499 1645 I am_wtf : [0,1499,system_server,-1,DisplayDeviceConfig,requesting nits when no mapping exists.]
11-19 04:07:02.189 1499 1645 I am_wtf : [0,1499,system_server,-1,DisplayDeviceConfig,requesting nits when no mapping exists.]
11-19 04:07:02.203 1499 1645 I am_wtf : [0,1499,system_server,-1,DisplayDeviceConfig,requesting nits when no mapping exists.]
11-19 04:07:02.204 1499 1645 I am_wtf : [0,1499,system_server,-1,DisplayDeviceConfig,requesting nits when no mapping exists.]
11-19 04:07:02.218 1499 1645 I am_wtf : [0,1499,system_server,-1,DisplayDeviceConfig,requesting nits when no mapping exists.]
11-19 04:07:02.219 1499 1645 I am_wtf : [0,1499,system_server,-1,DisplayDeviceConfig,requesting nits when no mapping exists.]
11-19 04:07:02.234 1499 1645 I am_wtf : [0,1499,system_server,-1,DisplayDeviceConfig,requesting nits when no mapping exists.]
11-19 04:07:02.235 1499 1645 I am_wtf : [0,1499,system_server,-1,DisplayDeviceConfig,requesting nits when no mapping exists.]
11-19 04:07:02.252 1499 1645 I am_wtf : [0,1499,system_server,-1,DisplayDeviceConfig,requesting nits when no mapping exists.]
11-19 04:07:02.253 1499 1645 I am_wtf : [0,1499,system_server,-1,DisplayDeviceConfig,requesting nits when no mapping exists.]
11-19 04:07:02.269 1499 1645 I am_wtf : [0,1499,system_server,-1,DisplayDeviceConfig,requesting nits when no mapping exists.]
11-19 04:07:02.270 1499 1645 I am_wtf : [0,1499,system_server,-1,DisplayDeviceConfig,requesting nits when no mapping exists.]
11-19 04:07:02.286 1499 1645 I am_wtf : [0,1499,system_server,-1,DisplayDeviceConfig,requesting nits when no mapping exists.]
11-19 04:07:02.287 1499 1645 I service_manager_stats: [100,74,93911]
11-19 04:07:02.287 1499 1645 I am_wtf : [0,1499,system_server,-1,DisplayDeviceConfig,requesting nits when no mapping exists.]
11-19 04:07:02.302 1499 1645 I am_wtf : [0,1499,system_server,-1,DisplayDeviceConfig,requesting nits when no mapping exists.]
11-19 04:07:02.303 1499 1645 I am_wtf : [0,1499,system_server,-1,DisplayDeviceConfig,requesting nits when no mapping exists.]
11-19 04:07:02.319 1499 1645 I am_wtf : [0,1499,system_server,-1,DisplayDeviceConfig,requesting nits when no mapping exists.]
11-19 04:07:02.319 1499 1645 I am_wtf : [0,1499,system_server,-1,DisplayDeviceConfig,requesting nits when no mapping exists.]
11-19 04:07:02.335 1499 1645 I am_wtf : [0,1499,system_server,-1,DisplayDeviceConfig,requesting nits when no mapping exists.]
11-19 04:07:02.336 1499 1645 I am_wtf : [0,1499,system_server,-1,DisplayDeviceConfig,requesting nits when no mapping exists.]
11-19 04:07:02.352 1499 1645 I am_wtf : [0,1499,system_server,-1,DisplayDeviceConfig,requesting nits when no mapping exists.]
11-19 04:07:02.353 1499 1645 I am_wtf : [0,1499,system_server,-1,DisplayDeviceConfig,requesting nits when no mapping exists.]
11-19 04:07:02.369 1499 1645 I am_wtf : [0,1499,system_server,-1,DisplayDeviceConfig,requesting nits when no mapping exists.]
11-19 04:07:02.370 1499 1645 I am_wtf : [0,1499,system_server,-1,DisplayDeviceConfig,requesting nits when no mapping exists.]
11-19 04:07:02.386 1499 1645 I am_wtf : [0,1499,system_server,-1,DisplayDeviceConfig,requesting nits when no mapping exists.]
11-19 04:07:02.386 1499 1645 I am_wtf : [0,1499,system_server,-1,DisplayDeviceConfig,requesting nits when no mapping exists.]
11-19 04:07:02.402 1499 1645 I am_wtf : [0,1499,system_server,-1,DisplayDeviceConfig,requesting nits when no mapping exists.]
11-19 04:07:02.403 1499 1645 I am_wtf : [0,1499,system_server,-1,DisplayDeviceConfig,requesting nits when no mapping exists.]
11-19 04:07:02.419 1499 1645 I am_wtf : [0,1499,system_server,-1,DisplayDeviceConfig,requesting nits when no mapping exists.]
11-19 04:07:02.420 1499 1645 I am_wtf : [0,1499,system_server,-1,DisplayDeviceConfig,requesting nits when no mapping exists.]
11-19 04:07:02.435 1499 1645 I am_wtf : [0,1499,system_server,-1,DisplayDeviceConfig,requesting nits when no mapping exists.]
11-19 04:07:02.436 1499 1645 I am_wtf : [0,1499,system_server,-1,DisplayDeviceConfig,requesting nits when no mapping exists.]
11-19 04:07:02.453 1499 1645 I am_wtf : [0,1499,system_server,-1,DisplayDeviceConfig,requesting nits when no mapping exists.]
11-19 04:07:02.454 1499 1645 I am_wtf : [0,1499,system_server,-1,DisplayDeviceConfig,requesting nits when no mapping exists.]
11-19 04:07:02.469 1499 1645 I am_wtf : [0,1499,system_server,-1,DisplayDeviceConfig,requesting nits when no mapping exists.]
11-19 04:07:02.470 1499 1645 I am_wtf : [0,1499,system_server,-1,DisplayDeviceConfig,requesting nits when no mapping exists.]
11-19 04:07:02.486 1499 1645 I am_wtf : [0,1499,system_server,-1,DisplayDeviceConfig,requesting nits when no mapping exists.]
11-19 04:07:02.487 1499 1645 I am_wtf : [0,1499,system_server,-1,DisplayDeviceConfig,requesting nits when no mapping exists.]
11-19 04:07:02.503 1499 1645 I am_wtf : [0,1499,system_server,-1,DisplayDeviceConfig,requesting nits when no mapping exists.]
11-19 04:07:02.504 1499 1645 I am_wtf : [0,1499,system_server,-1,DisplayDeviceConfig,requesting nits when no mapping exists.]
11-19 04:07:02.519 1499 1645 I am_wtf : [0,1499,system_server,-1,DisplayDeviceConfig,requesting nits when no mapping exists.]
11-19 04:07:02.521 1499 1645 I am_wtf : [0,1499,system_server,-1,DisplayDeviceConfig,requesting nits when no mapping exists.]
11-19 04:07:02.536 1499 1645 I am_wtf : [0,1499,system_server,-1,DisplayDeviceConfig,requesting nits when no mapping exists.]
11-19 04:07:02.537 1499 1645 I am_wtf : [0,1499,system_server,-1,DisplayDeviceConfig,requesting nits when no mapping exists.]
11-19 04:07:02.553 1499 1645 I am_wtf : [0,1499,system_server,-1,DisplayDeviceConfig,requesting nits when no mapping exists.]
11-19 04:07:02.553 1499 1645 I am_wtf : [0,1499,system_server,-1,DisplayDeviceConfig,requesting nits when no mapping exists.]
11-19 04:07:02.570 1499 1645 I am_wtf : [0,1499,system_server,-1,DisplayDeviceConfig,requesting nits when no mapping exists.]
11-19 04:07:02.570 1499 1645 I am_wtf : [0,1499,system_server,-1,DisplayDeviceConfig,requesting nits when no mapping exists.]
11-19 04:07:02.586 1499 1645 I am_wtf : [0,1499,system_server,-1,DisplayDeviceConfig,requesting nits when no mapping exists.]
11-19 04:07:02.587 1499 1645 I am_wtf : [0,1499,system_server,-1,DisplayDeviceConfig,requesting nits when no mapping exists.]
11-19 04:07:02.603 1499 1645 I am_wtf : [0,1499,system_server,-1,DisplayDeviceConfig,requesting nits when no mapping exists.]
11-19 04:07:02.604 1499 1645 I am_wtf : [0,1499,system_server,-1,DisplayDeviceConfig,requesting nits when no mapping exists.]
11-19 04:07:02.619 1499 1645 I am_wtf : [0,1499,system_server,-1,DisplayDeviceConfig,requesting nits when no mapping exists.]
11-19 04:07:02.621 1499 1645 I am_wtf : [0,1499,system_server,-1,DisplayDeviceConfig,requesting nits when no mapping exists.]
11-19 04:07:02.636 1499 1645 I am_wtf : [0,1499,system_server,-1,DisplayDeviceConfig,requesting nits when no mapping exists.]
11-19 04:07:02.637 1499 1645 I am_wtf : [0,1499,system_server,-1,DisplayDeviceConfig,requesting nits when no mapping exists.]
11-19 04:07:02.653 1499 1645 I am_wtf : [0,1499,system_server,-1,DisplayDeviceConfig,requesting nits when no mapping exists.]
11-19 04:07:02.654 1499 1645 I am_wtf : [0,1499,system_server,-1,DisplayDeviceConfig,requesting nits when no mapping exists.]
11-19 04:07:02.670 1499 1645 I am_wtf : [0,1499,system_server,-1,DisplayDeviceConfig,requesting nits when no mapping exists.]
11-19 04:07:02.670 1499 1645 I am_wtf : [0,1499,system_server,-1,DisplayDeviceConfig,requesting nits when no mapping exists.]
11-19 04:07:02.686 1499 1645 I am_wtf : [0,1499,system_server,-1,DisplayDeviceConfig,requesting nits when no mapping exists.]
11-19 04:07:02.687 1499 1645 I am_wtf : [0,1499,system_server,-1,DisplayDeviceConfig,requesting nits when no mapping exists.]
11-19 04:07:02.703 1499 1645 I am_wtf : [0,1499,system_server,-1,DisplayDeviceConfig,requesting nits when no mapping exists.]
11-19 04:07:02.704 1499 1645 I am_wtf : [0,1499,system_server,-1,DisplayDeviceConfig,requesting nits when no mapping exists.]
11-19 04:07:02.720 1499 1645 I am_wtf : [0,1499,system_server,-1,DisplayDeviceConfig,requesting nits when no mapping exists.]
11-19 04:07:02.720 1499 1645 I am_wtf : [0,1499,system_server,-1,DisplayDeviceConfig,requesting nits when no mapping exists.]
11-19 04:07:02.737 1499 1645 I am_wtf : [0,1499,system_server,-1,DisplayDeviceConfig,requesting nits when no mapping exists.]
11-19 04:07:02.738 1499 1645 I am_wtf : [0,1499,system_server,-1,DisplayDeviceConfig,requesting nits when no mapping exists.]
11-19 04:07:02.753 1499 1645 I am_wtf : [0,1499,system_server,-1,DisplayDeviceConfig,requesting nits when no mapping exists.]
11-19 04:07:02.754 1499 1645 I am_wtf : [0,1499,system_server,-1,DisplayDeviceConfig,requesting nits when no mapping exists.]
11-19 04:07:02.770 1499 1645 I am_wtf : [0,1499,system_server,-1,DisplayDeviceConfig,requesting nits when no mapping exists.]
11-19 04:07:02.771 1499 1645 I am_wtf : [0,1499,system_server,-1,DisplayDeviceConfig,requesting nits when no mapping exists.]
11-19 04:07:02.787 1499 1645 I am_wtf : [0,1499,system_server,-1,DisplayDeviceConfig,requesting nits when no mapping exists.]
11-19 04:07:02.788 1499 1645 I am_wtf : [0,1499,system_server,-1,DisplayDeviceConfig,requesting nits when no mapping exists.]
11-19 04:07:02.803 1499 1645 I am_wtf : [0,1499,system_server,-1,DisplayDeviceConfig,requesting nits when no mapping exists.]
11-19 04:07:02.804 1499 1645 I am_wtf : [0,1499,system_server,-1,DisplayDeviceConfig,requesting nits when no mapping exists.]
11-19 04:07:02.820 1499 1645 I am_wtf : [0,1499,system_server,-1,DisplayDeviceConfig,requesting nits when no mapping exists.]
11-19 04:07:02.821 1499 1645 I am_wtf : [0,1499,system_server,-1,DisplayDeviceConfig,requesting nits when no mapping exists.]
11-19 04:07:02.836 1499 1645 I am_wtf : [0,1499,system_server,-1,DisplayDeviceConfig,requesting nits when no mapping exists.]
11-19 04:07:02.837 1499 1645 I am_wtf : [0,1499,system_server,-1,DisplayDeviceConfig,requesting nits when no mapping exists.]
11-19 04:07:02.853 1499 1645 I am_wtf : [0,1499,system_server,-1,DisplayDeviceConfig,requesting nits when no mapping exists.]
11-19 04:07:02.854 1499 1645 I am_wtf : [0,1499,system_server,-1,DisplayDeviceConfig,requesting nits when no mapping exists.]
11-19 04:07:02.870 1499 1645 I am_wtf : [0,1499,system_server,-1,DisplayDeviceConfig,requesting nits when no mapping exists.]
11-19 04:07:02.871 1499 1645 I am_wtf : [0,1499,system_server,-1,DisplayDeviceConfig,requesting nits when no mapping exists.]
11-19 04:07:02.887 1499 1645 I am_wtf : [0,1499,system_server,-1,DisplayDeviceConfig,requesting nits when no mapping exists.]
11-19 04:07:02.888 1499 1645 I am_wtf : [0,1499,system_server,-1,DisplayDeviceConfig,requesting nits when no mapping exists.]
11-19 04:07:02.903 1499 1645 I am_wtf : [0,1499,system_server,-1,DisplayDeviceConfig,requesting nits when no mapping exists.]
11-19 04:07:02.904 1499 1645 I am_wtf : [0,1499,system_server,-1,DisplayDeviceConfig,requesting nits when no mapping exists.]
11-19 04:07:02.920 1499 1645 I am_wtf : [0,1499,system_server,-1,DisplayDeviceConfig,requesting nits when no mapping exists.]
11-19 04:07:02.921 1499 1645 I am_wtf : [0,1499,system_server,-1,DisplayDeviceConfig,requesting nits when no mapping exists.]
11-19 04:07:02.937 1499 1645 I am_wtf : [0,1499,system_server,-1,DisplayDeviceConfig,requesting nits when no mapping exists.]
11-19 04:07:02.938 1499 1645 I am_wtf : [0,1499,system_server,-1,DisplayDeviceConfig,requesting nits when no mapping exists.]
11-19 04:07:02.954 1499 1645 I am_wtf : [0,1499,system_server,-1,DisplayDeviceConfig,requesting nits when no mapping exists.]
11-19 04:07:02.955 1499 1645 I am_wtf : [0,1499,system_server,-1,DisplayDeviceConfig,requesting nits when no mapping exists.]
11-19 04:07:02.970 1499 1645 I am_wtf : [0,1499,system_server,-1,DisplayDeviceConfig,requesting nits when no mapping exists.]
11-19 04:07:02.971 1499 1645 I am_wtf : [0,1499,system_server,-1,DisplayDeviceConfig,requesting nits when no mapping exists.]
11-19 04:07:02.987 1499 1645 I am_wtf : [0,1499,system_server,-1,DisplayDeviceConfig,requesting nits when no mapping exists.]
11-19 04:07:02.989 1499 1645 I am_wtf : [0,1499,system_server,-1,DisplayDeviceConfig,requesting nits when no mapping exists.]
11-19 04:07:03.005 1499 1645 I am_wtf : [0,1499,system_server,-1,DisplayDeviceConfig,requesting nits when no mapping exists.]
11-19 04:07:03.006 1499 1645 I am_wtf : [0,1499,system_server,-1,DisplayDeviceConfig,requesting nits when no mapping exists.]
11-19 04:07:03.020 1499 1645 I am_wtf : [0,1499,system_server,-1,DisplayDeviceConfig,requesting nits when no mapping exists.]
11-19 04:07:03.022 1499 1645 I am_wtf : [0,1499,system_server,-1,DisplayDeviceConfig,requesting nits when no mapping exists.]
11-19 04:07:03.038 1499 1645 I am_wtf : [0,1499,system_server,-1,DisplayDeviceConfig,requesting nits when no mapping exists.]
11-19 04:07:03.039 1499 1645 I am_wtf : [0,1499,system_server,-1,DisplayDeviceConfig,requesting nits when no mapping exists.]
11-19 04:07:03.054 1499 1645 I am_wtf : [0,1499,system_server,-1,DisplayDeviceConfig,requesting nits when no mapping exists.]
11-19 04:07:03.055 1499 1645 I am_wtf : [0,1499,system_server,-1,DisplayDeviceConfig,requesting nits when no mapping exists.]
11-19 04:07:03.071 1499 1645 I am_wtf : [0,1499,system_server,-1,DisplayDeviceConfig,requesting nits when no mapping exists.]
11-19 04:07:03.072 1499 1645 I am_wtf : [0,1499,system_server,-1,DisplayDeviceConfig,requesting nits when no mapping exists.]
11-19 04:07:03.088 1499 1645 I am_wtf : [0,1499,system_server,-1,DisplayDeviceConfig,requesting nits when no mapping exists.]
11-19 04:07:03.089 1499 1645 I am_wtf : [0,1499,system_server,-1,DisplayDeviceConfig,requesting nits when no mapping exists.]
11-19 04:07:03.104 1499 1645 I am_wtf : [0,1499,system_server,-1,DisplayDeviceConfig,requesting nits when no mapping exists.]
11-19 04:07:03.105 1499 1645 I am_wtf : [0,1499,system_server,-1,DisplayDeviceConfig,requesting nits when no mapping exists.]
11-19 04:07:03.131 0 0 I auditd : type=1400 audit(0.0:5931): avc: denied { kill } for comm="swapper/3" capability=5 scontext=u:r:kernel:s0 tcontext=u:r:kernel:s0 tclass=capability permissive=0
11-19 04:07:04.131 0 0 I auditd : type=1400 audit(0.0:5932): avc: denied { kill } for comm="swapper/3" capability=5 scontext=u:r:kernel:s0 tcontext=u:r:kernel:s0 tclass=capability permissive=0
11-19 04:07:05.131 0 0 I auditd : type=1400 audit(0.0:5933): avc: denied { kill } for comm="swapper/3" capability=5 scontext=u:r:kernel:s0 tcontext=u:r:kernel:s0 tclass=capability permissive=0
11-19 04:07:06.131 0 0 I auditd : type=1400 audit(0.0:5934): avc: denied { kill } for comm="swapper/3" capability=5 scontext=u:r:kernel:s0 tcontext=u:r:kernel:s0 tclass=capability permissive=0
11-19 04:07:07.131 0 0 I auditd : type=1400 audit(0.0:5935): avc: denied { kill } for comm="swapper/3" capability=5 scontext=u:r:kernel:s0 tcontext=u:r:kernel:s0 tclass=capability permissive=0
11-19 04:07:08.131 0 0 I auditd : type=1400 audit(0.0:5936): avc: denied { kill } for comm="swapper/3" capability=5 scontext=u:r:kernel:s0 tcontext=u:r:kernel:s0 tclass=capability permissive=0
11-19 04:07:09.131 0 0 I auditd : type=1400 audit(0.0:5937): avc: denied { kill } for comm="swapper/3" capability=5 scontext=u:r:kernel:s0 tcontext=u:r:kernel:s0 tclass=capability permissive=0
11-19 04:07:09.150 1499 1634 I sysui_multi_action: [757,222,758,1]
11-19 04:07:09.155 1499 1634 I am_uid_active: 10050
11-19 04:07:09.167 1499 4678 I wm_task_created: [31,-1]
11-19 04:07:09.170 1499 4678 I wm_task_moved: [31,1,7]
11-19 04:07:09.170 1499 4678 I wm_task_to_front: [0,31]
11-19 04:07:09.171 1499 4678 I wm_create_task: [0,31]
11-19 04:07:09.171 1499 4678 I wm_create_activity: [0,158028286,31,com.thundercomm.screensaver/android.service.dreams.DreamActivity,NULL,NULL,NULL,276824064]
11-19 04:07:09.171 1499 4678 I wm_task_moved: [31,1,7]
11-19 04:07:09.171 1499 1644 I am_pss : [6725,1000,com.android.settings,85763072,71499776,0,218636288,0,2,12]
11-19 04:07:09.173 1499 4678 I wm_pause_activity: [0,121204407,com.android.settings/.Settings,userLeaving=true,pauseBackTasks]
11-19 04:07:09.171 6725 6725 I wm_on_top_resumed_lost_called: [121204407,com.android.settings.Settings,topStateChangedWhenResumed]
11-19 04:07:09.180 6725 6725 I sysui_multi_action: [757,35,758,2,1089,100793]
11-19 04:07:09.181 1499 1644 I am_pss : [8183,10064,com.thundercomm.gamemode.provider,8263680,5799936,0,95670272,0,19,6]
11-19 04:07:09.186 6725 6725 I sysui_multi_action: [757,746,758,2,1089,100790]
11-19 04:07:09.190 1499 1644 I am_pss : [7883,1000,com.qti.diagservices,6345728,3837952,0,93077504,0,10,6]
11-19 04:07:09.192 1499 1638 I input_focus: [Focus request 688adb5 com.android.settings/com.android.settings.Settings,reason=UpdateInputWindows]
11-19 04:07:09.197 6725 6725 I wm_on_paused_called: [121204407,com.android.settings.Settings,performPause]
11-19 04:07:09.199 1499 2757 I wm_add_to_stopping: [0,121204407,com.android.settings/.Settings,makeInvisible]
11-19 04:07:09.201 1499 2757 I wm_restart_activity: [0,158028286,31,com.thundercomm.screensaver/android.service.dreams.DreamActivity]
11-19 04:07:09.202 1499 2757 I wm_set_resumed_activity: [0,com.thundercomm.screensaver/android.service.dreams.DreamActivity,minimalResumeActivityLocked]
11-19 04:07:09.208 1499 1831 I input_focus: [Focus leaving 574f5d NotificationShade (server),reason=NOT_FOCUSABLE]
11-19 04:07:09.209 1499 1831 I input_focus: [Focus entering 688adb5 com.android.settings/com.android.settings.Settings (server),reason=setFocusedWindow]
11-19 04:07:09.210 4805 4805 I wm_on_create_called: [158028286,android.service.dreams.DreamActivity,performCreate]
11-19 04:07:09.211 4805 4805 I wm_on_start_called: [158028286,android.service.dreams.DreamActivity,handleStartActivity]
11-19 04:07:09.216 4805 4805 I wm_on_resume_called: [158028286,android.service.dreams.DreamActivity,RESUME_ACTIVITY]
11-19 04:07:09.217 1499 1637 I sysui_multi_action: [757,803,799,window_time_0,802,101]
11-19 04:07:09.221 4805 4805 I wm_on_top_resumed_gained_called: [158028286,android.service.dreams.DreamActivity,topStateChangedWhenResumed]
11-19 04:07:09.221 1499 1831 I input_focus: [Focus leaving 688adb5 com.android.settings/com.android.settings.Settings (server),reason=NO_WINDOW]
11-19 04:07:09.231 1499 1499 I am_uid_active: 10064
11-19 04:07:09.233 1499 1638 I input_focus: [Focus request aa5a2d6 com.thundercomm.screensaver/android.service.dreams.DreamActivity,reason=UpdateInputWindows]
11-19 04:07:09.245 2342 2342 I sysui_multi_action: [757,111,758,2]
11-19 04:07:09.245 2342 2342 I sysui_multi_action: [757,111,758,2]
11-19 04:07:09.246 1499 1499 I notification_enqueue: [10081,2342,com.android.systemui,2048,NULL,0,Notification(channel=updateNotification shortcut=null contentView=null vibrate=null sound=null defaults=0x0 flags=0x0 color=0x00000000 vis=PRIVATE),1]
11-19 04:07:09.254 1499 1663 I sysui_multi_action: [757,1696,758,6,759,3]
11-19 04:07:09.255 2342 2342 I sysui_multi_action: [757,111,758,1]
11-19 04:07:09.255 2342 2342 I sysui_multi_action: [757,126,758,1,759,126,927,0,928,0,1593,0]
11-19 04:07:09.255 2342 2342 I sysui_multi_action: [757,113,758,1,759,113,927,1,928,1,1593,0]
11-19 04:07:09.255 2342 2342 I sysui_multi_action: [757,0,758,1,759,0,927,2,928,0,1593,0]
11-19 04:07:09.255 2342 2342 I sysui_multi_action: [757,0,758,1,759,0,927,3,928,0,1593,0]
11-19 04:07:09.255 2342 2342 I sysui_multi_action: [757,491,758,1,759,491,927,4,928,0,1311,-1,1593,0]
11-19 04:07:09.255 2342 2342 I sysui_multi_action: [757,0,758,1,759,0,927,5,928,0,1593,0]
11-19 04:07:09.255 2342 2342 I sysui_multi_action: [757,111,758,1]
11-19 04:07:09.255 2342 2342 I sysui_multi_action: [757,126,758,1,759,126,927,0,928,0,1593,0]
11-19 04:07:09.255 2342 2342 I sysui_multi_action: [757,113,758,1,759,113,927,1,928,1,1593,0]
11-19 04:07:09.255 2342 2342 I sysui_multi_action: [757,0,758,1,759,0,927,2,928,0,1593,0]
11-19 04:07:09.255 2342 2342 I sysui_multi_action: [757,0,758,1,759,0,927,3,928,0,1593,0]
11-19 04:07:09.258 1499 1634 I sysui_multi_action: [319,86,322,77,325,10108,757,761,758,8,759,2,806,com.thundercomm.screensaver,871,android.service.dreams.DreamActivity,904,com.thundercomm.screensaver,905,0,1320,4,1321,2]
11-19 04:07:09.259 1499 1634 I wm_activity_launch_time: [0,158028286,com.thundercomm.screensaver/android.service.dreams.DreamActivity,77]
11-19 04:07:09.272 1499 1831 I input_focus: [Focus entering aa5a2d6 com.thundercomm.screensaver/android.service.dreams.DreamActivity (server),reason=Window became focusable. Previous reason: NOT_VISIBLE]
11-19 04:07:09.274 1499 1645 I am_wtf : [0,1499,system_server,-1,DisplayDeviceConfig,requesting nits when no mapping exists.]
11-19 04:07:09.276 1499 1645 I service_manager_stats: [100,47,6990]
11-19 04:07:09.276 1499 1645 I am_wtf : [0,1499,system_server,-1,DisplayDeviceConfig,requesting nits when no mapping exists.]
11-19 04:07:09.288 1499 1645 I am_wtf : [0,1499,system_server,-1,DisplayDeviceConfig,requesting nits when no mapping exists.]
11-19 04:07:09.292 1499 1645 I am_wtf : [0,1499,system_server,-1,DisplayDeviceConfig,requesting nits when no mapping exists.]
11-19 04:07:09.304 1499 1645 I am_wtf : [0,1499,system_server,-1,DisplayDeviceConfig,requesting nits when no mapping exists.]
11-19 04:07:09.305 1499 1645 I am_wtf : [0,1499,system_server,-1,DisplayDeviceConfig,requesting nits when no mapping exists.]
11-19 04:07:09.321 1499 1645 I am_wtf : [0,1499,system_server,-1,DisplayDeviceConfig,requesting nits when no mapping exists.]
11-19 04:07:09.324 1499 1645 I am_wtf : [0,1499,system_server,-1,DisplayDeviceConfig,requesting nits when no mapping exists.]
11-19 04:07:09.338 1499 1645 I am_wtf : [0,1499,system_server,-1,DisplayDeviceConfig,requesting nits when no mapping exists.]
11-19 04:07:09.339 1499 1645 I am_wtf : [0,1499,system_server,-1,DisplayDeviceConfig,requesting nits when no mapping exists.]
11-19 04:07:09.355 1499 1645 I am_wtf : [0,1499,system_server,-1,DisplayDeviceConfig,requesting nits when no mapping exists.]
11-19 04:07:09.356 1499 1645 I am_wtf : [0,1499,system_server,-1,DisplayDeviceConfig,requesting nits when no mapping exists.]
11-19 04:07:09.372 1499 1645 I am_wtf : [0,1499,system_server,-1,DisplayDeviceConfig,requesting nits when no mapping exists.]
11-19 04:07:09.373 1499 1645 I am_wtf : [0,1499,system_server,-1,DisplayDeviceConfig,requesting nits when no mapping exists.]
11-19 04:07:09.390 1499 1645 I am_wtf : [0,1499,system_server,-1,DisplayDeviceConfig,requesting nits when no mapping exists.]
11-19 04:07:09.391 1499 1645 I am_wtf : [0,1499,system_server,-1,DisplayDeviceConfig,requesting nits when no mapping exists.]
11-19 04:07:09.407 1499 1499 I notification_enqueue: [10081,2342,com.android.systemui,2048,NULL,0,Notification(channel=updateNotification shortcut=null contentView=null vibrate=null sound=null defaults=0x0 flags=0x0 color=0x00000000 vis=PRIVATE),1]
11-19 04:07:09.407 2342 2342 I sysui_multi_action: [757,111,758,2]
11-19 04:07:09.407 2342 2342 I sysui_multi_action: [757,111,758,2]
11-19 04:07:09.409 1499 1645 I am_wtf : [0,1499,system_server,-1,DisplayDeviceConfig,requesting nits when no mapping exists.]
11-19 04:07:09.409 1499 1645 I am_wtf : [0,1499,system_server,-1,DisplayDeviceConfig,requesting nits when no mapping exists.]
11-19 04:07:09.412 2342 2342 I sysui_multi_action: [757,111,758,1]
11-19 04:07:09.413 2342 2342 I sysui_multi_action: [757,126,758,1,759,126,927,0,928,0,1593,1]
11-19 04:07:09.413 2342 2342 I sysui_multi_action: [757,113,758,1,759,113,927,1,928,1,1593,1]
11-19 04:07:09.413 2342 2342 I sysui_multi_action: [757,0,758,1,759,0,927,2,928,0,1593,1]
11-19 04:07:09.413 2342 2342 I sysui_multi_action: [757,0,758,1,759,0,927,3,928,0,1593,1]
11-19 04:07:09.413 2342 2342 I sysui_multi_action: [757,491,758,1,759,491,927,4,928,0,1311,-1,1593,0]
11-19 04:07:09.413 2342 2342 I sysui_multi_action: [757,0,758,1,759,0,927,5,928,0,1593,0]
11-19 04:07:09.414 2342 2342 I sysui_multi_action: [757,111,758,1]
11-19 04:07:09.414 2342 2342 I sysui_multi_action: [757,126,758,1,759,126,927,0,928,0,1593,1]
11-19 04:07:09.414 2342 2342 I sysui_multi_action: [757,113,758,1,759,113,927,1,928,1,1593,1]
11-19 04:07:09.414 2342 2342 I sysui_multi_action: [757,0,758,1,759,0,927,2,928,0,1593,1]
11-19 04:07:09.414 2342 2342 I sysui_multi_action: [757,0,758,1,759,0,927,3,928,0,1593,1]
11-19 04:07:09.423 1499 1645 I am_wtf : [0,1499,system_server,-1,DisplayDeviceConfig,requesting nits when no mapping exists.]
11-19 04:07:09.424 1499 1645 I am_wtf : [0,1499,system_server,-1,DisplayDeviceConfig,requesting nits when no mapping exists.]
11-19 04:07:09.434 2342 2342 I sysui_multi_action: [757,111,758,2]
11-19 04:07:09.434 1499 1499 I notification_enqueue: [10081,2342,com.android.systemui,2048,NULL,0,Notification(channel=updateNotification shortcut=null contentView=null vibrate=null sound=null defaults=0x0 flags=0x0 color=0x00000000 vis=PRIVATE),1]
11-19 04:07:09.434 2342 2342 I sysui_multi_action: [757,111,758,2]
11-19 04:07:09.438 2342 2342 I sysui_multi_action: [757,111,758,1]
11-19 04:07:09.438 2342 2342 I sysui_multi_action: [757,126,758,1,759,126,927,0,928,0,1593,0]
11-19 04:07:09.438 2342 2342 I sysui_multi_action: [757,113,758,1,759,113,927,1,928,1,1593,0]
11-19 04:07:09.438 2342 2342 I sysui_multi_action: [757,0,758,1,759,0,927,2,928,0,1593,0]
11-19 04:07:09.438 2342 2342 I sysui_multi_action: [757,0,758,1,759,0,927,3,928,0,1593,1]
11-19 04:07:09.439 2342 2342 I sysui_multi_action: [757,491,758,1,759,491,927,4,928,0,1311,-1,1593,0]
11-19 04:07:09.439 2342 2342 I sysui_multi_action: [757,0,758,1,759,0,927,5,928,0,1593,0]
11-19 04:07:09.439 2342 2342 I sysui_multi_action: [757,111,758,1]
11-19 04:07:09.439 2342 2342 I sysui_multi_action: [757,126,758,1,759,126,927,0,928,0,1593,1]
11-19 04:07:09.439 2342 2342 I sysui_multi_action: [757,113,758,1,759,113,927,1,928,1,1593,1]
11-19 04:07:09.439 2342 2342 I sysui_multi_action: [757,0,758,1,759,0,927,2,928,0,1593,1]
11-19 04:07:09.439 2342 2342 I sysui_multi_action: [757,0,758,1,759,0,927,3,928,0,1593,1]
11-19 04:07:09.441 1499 1645 I am_wtf : [0,1499,system_server,-1,DisplayDeviceConfig,requesting nits when no mapping exists.]
11-19 04:07:09.442 1499 1645 I am_wtf : [0,1499,system_server,-1,DisplayDeviceConfig,requesting nits when no mapping exists.]
11-19 04:07:09.454 2342 2342 I sysui_multi_action: [757,111,758,2]
11-19 04:07:09.454 2342 2342 I sysui_multi_action: [757,111,758,2]
11-19 04:07:09.454 1499 1499 I notification_enqueue: [10081,2342,com.android.systemui,2048,NULL,0,Notification(channel=updateNotification shortcut=null contentView=null vibrate=null sound=null defaults=0x0 flags=0x0 color=0x00000000 vis=PRIVATE),1]
11-19 04:07:09.455 1499 1645 I am_wtf : [0,1499,system_server,-1,DisplayDeviceConfig,requesting nits when no mapping exists.]
11-19 04:07:09.456 1499 1645 I am_wtf : [0,1499,system_server,-1,DisplayDeviceConfig,requesting nits when no mapping exists.]
11-19 04:07:09.458 2342 2342 I sysui_multi_action: [757,111,758,1]
