11-19 04:07:38.073 8540 8540 I wm_on_resume_called: [255332727,com.android.deskclock.DeskClock,RESUME_ACTIVITY]
11-19 04:07:38.078 8540 8540 I wm_on_top_resumed_gained_called: [255332727,com.android.deskclock.DeskClock,topStateChangedWhenResumed]
11-19 04:07:38.079 8540 8540 I wm_on_top_resumed_lost_called: [255332727,com.android.deskclock.DeskClock,topStateChangedWhenResumed]
11-19 04:07:38.080 8540 8540 I wm_on_paused_called: [255332727,com.android.deskclock.DeskClock,performPause]
11-19 04:07:38.081 1499 7484 I wm_restart_activity: [0,144411822,32,com.android.permissioncontroller/.permission.ui.GrantPermissionsActivity]
11-19 04:07:38.082 1499 7484 I wm_set_resumed_activity: [0,com.android.permissioncontroller/.permission.ui.GrantPermissionsActivity,minimalResumeActivityLocked]
11-19 04:07:38.082 1499 1637 I am_uid_active: 10094
11-19 04:07:38.084 1499 1637 I sysui_multi_action: [757,803,799,window_time_0,802,3]
11-19 04:07:38.122 8560 8560 I wm_on_create_called: [144411822,com.android.permissioncontroller.permission.ui.GrantPermissionsActivity,performCreate]
11-19 04:07:38.124 8560 8560 I wm_on_start_called: [144411822,com.android.permissioncontroller.permission.ui.GrantPermissionsActivity,handleStartActivity]
11-19 04:07:38.125 8560 8560 I wm_on_resume_called: [144411822,com.android.permissioncontroller.permission.ui.GrantPermissionsActivity,RESUME_ACTIVITY]
11-19 04:07:38.130 8560 8560 I wm_on_top_resumed_gained_called: [144411822,com.android.permissioncontroller.permission.ui.GrantPermissionsActivity,topStateChangedWhenResumed]
11-19 04:07:38.138 1499 4942 I wm_finish_activity: [0,144411822,32,com.android.permissioncontroller/.permission.ui.GrantPermissionsActivity,app-request]
11-19 04:07:38.140 1499 4942 I wm_pause_activity: [0,144411822,com.android.permissioncontroller/.permission.ui.GrantPermissionsActivity,userLeaving=false,finish]
11-19 04:07:38.157 8560 8560 I wm_on_top_resumed_lost_called: [144411822,com.android.permissioncontroller.permission.ui.GrantPermissionsActivity,topStateChangedWhenResumed]
11-19 04:07:38.157 8560 8560 I wm_on_paused_called: [144411822,com.android.permissioncontroller.permission.ui.GrantPermissionsActivity,performPause]
11-19 04:07:38.158 1499 2755 I wm_add_to_stopping: [0,144411822,com.android.permissioncontroller/.permission.ui.GrantPermissionsActivity,completeFinishing]
11-19 04:07:38.164 1499 2755 I wm_set_resumed_activity: [0,com.android.deskclock/.DeskClock,resumeTopActivityInnerLocked]
11-19 04:07:38.165 1499 2755 I wm_resume_activity: [0,255332727,32,com.android.deskclock/.DeskClock]
11-19 04:07:38.167 1499 1638 I input_focus: [Focus request 6b0447 com.android.deskclock/com.android.deskclock.DeskClock,reason=UpdateInputWindows]
11-19 04:07:38.171 1499 1637 I sysui_multi_action: [757,803,799,window_time_2,802,0]
11-19 04:07:38.192 1499 1831 I input_focus: [Focus leaving 632f7bf com.android.launcher3/com.android.launcher3.uioverrides.QuickstepLauncher (server),reason=Waiting for window because NOT_VISIBLE]
11-19 04:07:38.214 8540 8540 I wm_on_activity_result_called: [255332727,com.android.deskclock.DeskClock,ACTIVITY_RESULT]
11-19 04:07:38.215 8540 8540 I wm_on_resume_called: [255332727,com.android.deskclock.DeskClock,RESUME_ACTIVITY]
11-19 04:07:38.216 8540 8540 I wm_on_top_resumed_gained_called: [255332727,com.android.deskclock.DeskClock,topWhenResuming]
11-19 04:07:38.226 1499 1831 I input_focus: [Focus entering 6b0447 com.android.deskclock/com.android.deskclock.DeskClock (server),reason=Window became focusable. Previous reason: NOT_VISIBLE]
11-19 04:07:38.497 1499 1637 I wm_destroy_activity: [0,144411822,32,com.android.permissioncontroller/.permission.ui.GrantPermissionsActivity,finish-imm:idle]
11-19 04:07:38.499 8560 8560 I wm_on_stop_called: [144411822,com.android.permissioncontroller.permission.ui.GrantPermissionsActivity,LIFECYCLER_STOP_ACTIVITY]
11-19 04:07:38.502 8560 8560 I wm_on_destroy_called: [144411822,com.android.permissioncontroller.permission.ui.GrantPermissionsActivity,performDestroy]
11-19 04:07:38.875 2802 2802 I view_enqueue_input_event: [Motion - Cancel,com.android.launcher3/com.android.launcher3.uioverrides.QuickstepLauncher]
11-19 04:07:38.878 1499 1831 I input_interaction: Interaction with: edge-swipe (server), swipe-up (server), PointerEventDispatcher0 (server),
11-19 04:07:39.231 1499 7484 I wm_task_moved: [1,1,6]
11-19 04:07:39.233 1499 7484 I wm_set_resumed_activity: [0,com.android.launcher3/.uioverrides.QuickstepLauncher,positionChildAt]
11-19 04:07:39.233 1499 7484 I wm_task_moved: [10,1,2147483647]
11-19 04:07:39.233 1499 7484 I wm_task_to_front: [0,10]
11-19 04:07:39.233 8540 8540 I wm_on_top_resumed_lost_called: [255332727,com.android.deskclock.DeskClock,topStateChangedWhenResumed]
11-19 04:07:39.233 1499 7484 I wm_focused_root_task: [0,0,1,32,bringingFoundTaskToFront]
11-19 04:07:39.233 1499 7484 I wm_set_resumed_activity: [0,com.android.launcher3/.uioverrides.QuickstepLauncher,bringingFoundTaskToFront]
11-19 04:07:39.234 1499 7484 I wm_new_intent: [0,19758722,10,com.android.launcher3/.uioverrides.QuickstepLauncher,android.intent.action.MAIN,NULL,NULL,268435712]
11-19 04:07:39.234 1499 7484 I wm_task_moved: [1,1,6]
11-19 04:07:39.235 1499 7484 I wm_set_resumed_activity: [0,com.android.launcher3/.uioverrides.QuickstepLauncher,positionChildAt]
11-19 04:07:39.240 1499 1638 I input_focus: [Focus request 632f7bf com.android.launcher3/com.android.launcher3.uioverrides.QuickstepLauncher,reason=UpdateInputWindows]
11-19 04:07:39.243 2802 2802 I wm_on_paused_called: [19758722,com.android.launcher3.uioverrides.QuickstepLauncher,performPause]
11-19 04:07:39.253 2802 2802 I wm_on_resume_called: [19758722,com.android.launcher3.uioverrides.QuickstepLauncher,LIFECYCLER_RESUME_ACTIVITY]
11-19 04:07:39.254 2802 2802 I wm_on_top_resumed_gained_called: [19758722,com.android.launcher3.uioverrides.QuickstepLauncher,topStateChangedWhenResumed]
11-19 04:07:39.262 1499 1831 I input_focus: [Focus leaving 6b0447 com.android.deskclock/com.android.deskclock.DeskClock (server),reason=setFocusedWindow]
11-19 04:07:39.264 1499 1831 I input_focus: [Focus entering 632f7bf com.android.launcher3/com.android.launcher3.uioverrides.QuickstepLauncher (server),reason=setFocusedWindow]
11-19 04:07:40.015 1499 1831 I input_interaction: Interaction with: 6b0447 com.android.deskclock/com.android.deskclock.DeskClock (server), edge-swipe (server), swipe-up (server), PointerEventDispatcher0 (server),
11-19 04:07:40.017 1499 1637 I wm_task_moved: [32,1,6]
11-19 04:07:40.017 1499 1637 I wm_task_to_front: [0,32]
11-19 04:07:40.023 1499 1637 I wm_set_resumed_activity: [0,com.android.deskclock/.DeskClock,positionChildAt]
11-19 04:07:40.023 1499 1637 I wm_focused_root_task: [0,0,32,1,setFocusedTask]
11-19 04:07:40.023 1499 1637 I wm_set_resumed_activity: [0,com.android.deskclock/.DeskClock,setFocusedTask]
11-19 04:07:40.024 1499 1638 I input_focus: [Focus request 6b0447 com.android.deskclock/com.android.deskclock.DeskClock,reason=UpdateInputWindows]
11-19 04:07:40.024 2802 2802 I wm_on_top_resumed_lost_called: [19758722,com.android.launcher3.uioverrides.QuickstepLauncher,topStateChangedWhenResumed]
11-19 04:07:40.028 8540 8540 I wm_on_top_resumed_gained_called: [255332727,com.android.deskclock.DeskClock,topStateChangedWhenResumed]
11-19 04:07:40.047 1499 1831 I input_focus: [Focus leaving 632f7bf com.android.launcher3/com.android.launcher3.uioverrides.QuickstepLauncher (server),reason=setFocusedWindow]
11-19 04:07:40.048 1499 1831 I input_focus: [Focus entering 6b0447 com.android.deskclock/com.android.deskclock.DeskClock (server),reason=setFocusedWindow]
11-19 04:07:40.133 1499 2755 I wm_relaunch_resume_activity: [0,255332727,32,com.android.deskclock/.DeskClock]
11-19 04:07:40.134 1499 2755 I wm_add_to_stopping: [0,19758722,com.android.launcher3/.uioverrides.QuickstepLauncher,makeInvisible]
11-19 04:07:40.180 8540 8540 I wm_on_top_resumed_lost_called: [255332727,com.android.deskclock.DeskClock,pausing]
11-19 04:07:40.181 8540 8540 I wm_on_paused_called: [255332727,com.android.deskclock.DeskClock,performPause]
11-19 04:07:40.182 8540 8540 I wm_on_stop_called: [255332727,com.android.deskclock.DeskClock,handleRelaunchActivity]
11-19 04:07:40.187 8540 8540 I wm_on_destroy_called: [255332727,com.android.deskclock.DeskClock,performDestroy]
11-19 04:07:40.202 1499 4942 I wm_task_moved: [32,1,6]
11-19 04:07:40.202 1499 4942 I wm_set_resumed_activity: [0,com.android.deskclock/.DeskClock,positionChildAt]
11-19 04:07:40.203 1499 4942 I wm_create_activity: [0,131668429,32,com.android.permissioncontroller/.permission.ui.GrantPermissionsActivity,android.content.pm.action.REQUEST_PERMISSIONS,NULL,NULL,8388608]
11-19 04:07:40.203 1499 4942 I wm_pause_activity: [0,19758722,com.android.launcher3/.uioverrides.QuickstepLauncher,userLeaving=true,pauseBackTasks]
11-19 04:07:40.204 1499 4942 I wm_pause_activity: [0,255332727,com.android.deskclock/.DeskClock,userLeaving=true,resumeTopActivityInnerLocked]
11-19 04:07:40.208 2802 2802 I wm_on_paused_called: [19758722,com.android.launcher3.uioverrides.QuickstepLauncher,performPause]
11-19 04:07:40.216 1499 1637 I sysui_multi_action: [757,803,799,window_time_2,802,2]
11-19 04:07:40.220 8540 8540 I wm_on_create_called: [255332727,com.android.deskclock.DeskClock,performCreate]
11-19 04:07:40.244 8540 8540 I wm_on_start_called: [255332727,com.android.deskclock.DeskClock,handleStartActivity]
11-19 04:07:40.245 8540 8540 I wm_on_resume_called: [255332727,com.android.deskclock.DeskClock,RESUME_ACTIVITY]
11-19 04:07:40.247 8540 8540 I wm_on_top_resumed_gained_called: [255332727,com.android.deskclock.DeskClock,topWhenResuming]
11-19 04:07:40.283 8540 8540 I wm_on_top_resumed_lost_called: [255332727,com.android.deskclock.DeskClock,topStateChangedWhenResumed]
11-19 04:07:40.284 8540 8540 I wm_on_paused_called: [255332727,com.android.deskclock.DeskClock,performPause]
11-19 04:07:40.287 1499 7484 I wm_restart_activity: [0,131668429,32,com.android.permissioncontroller/.permission.ui.GrantPermissionsActivity]
11-19 04:07:40.288 1499 7484 I wm_set_resumed_activity: [0,com.android.permissioncontroller/.permission.ui.GrantPermissionsActivity,minimalResumeActivityLocked]
11-19 04:07:40.292 1499 1637 I sysui_multi_action: [757,803,799,window_time_0,802,0]
11-19 04:07:40.309 8560 8560 I wm_on_create_called: [131668429,com.android.permissioncontroller.permission.ui.GrantPermissionsActivity,performCreate]
11-19 04:07:40.310 8560 8560 I wm_on_start_called: [131668429,com.android.permissioncontroller.permission.ui.GrantPermissionsActivity,handleStartActivity]
11-19 04:07:40.310 8560 8560 I wm_on_resume_called: [131668429,com.android.permissioncontroller.permission.ui.GrantPermissionsActivity,RESUME_ACTIVITY]
11-19 04:07:40.318 8560 8560 I wm_on_top_resumed_gained_called: [131668429,com.android.permissioncontroller.permission.ui.GrantPermissionsActivity,topStateChangedWhenResumed]
11-19 04:07:40.322 1499 2755 I wm_finish_activity: [0,131668429,32,com.android.permissioncontroller/.permission.ui.GrantPermissionsActivity,app-request]
11-19 04:07:40.329 1499 2755 I wm_pause_activity: [0,131668429,com.android.permissioncontroller/.permission.ui.GrantPermissionsActivity,userLeaving=false,finish]
11-19 04:07:40.332 1499 1637 I sysui_multi_action: [757,1144,758,8,806,com.android.permissioncontroller,871,com.android.permissioncontroller.permission.ui.GrantPermissionsActivity]
11-19 04:07:40.341 8560 8560 I wm_on_top_resumed_lost_called: [131668429,com.android.permissioncontroller.permission.ui.GrantPermissionsActivity,topStateChangedWhenResumed]
11-19 04:07:40.342 8560 8560 I wm_on_paused_called: [131668429,com.android.permissioncontroller.permission.ui.GrantPermissionsActivity,performPause]
11-19 04:07:40.350 1499 4942 I wm_set_resumed_activity: [0,com.android.deskclock/.DeskClock,resumeTopActivityInnerLocked]
11-19 04:07:40.353 1499 4942 I wm_resume_activity: [0,255332727,32,com.android.deskclock/.DeskClock]
11-19 04:07:40.354 8540 8540 I wm_on_activity_result_called: [255332727,com.android.deskclock.DeskClock,ACTIVITY_RESULT]
11-19 04:07:40.354 8540 8540 I wm_on_resume_called: [255332727,com.android.deskclock.DeskClock,RESUME_ACTIVITY]
11-19 04:07:40.357 8540 8540 I wm_on_top_resumed_gained_called: [255332727,com.android.deskclock.DeskClock,topWhenResuming]
11-19 04:07:40.362 1499 1638 I input_focus: [Focus request 6b0447 com.android.deskclock/com.android.deskclock.DeskClock,reason=UpdateInputWindows]
11-19 04:07:40.365 1499 1637 I sysui_multi_action: [757,803,799,window_time_0,802,0]
11-19 04:07:40.370 1499 2755 I wm_destroy_activity: [0,131668429,32,com.android.permissioncontroller/.permission.ui.GrantPermissionsActivity,finish-idle]
11-19 04:07:40.370 8560 8560 I wm_on_stop_called: [131668429,com.android.permissioncontroller.permission.ui.GrantPermissionsActivity,LIFECYCLER_STOP_ACTIVITY]
11-19 04:07:40.371 8560 8560 I wm_on_destroy_called: [131668429,com.android.permissioncontroller.permission.ui.GrantPermissionsActivity,performDestroy]
11-19 04:07:40.718 1499 1637 I wm_stop_activity: [0,19758722,com.android.launcher3/.uioverrides.QuickstepLauncher]
11-19 04:07:40.745 2802 2802 I wm_on_stop_called: [19758722,com.android.launcher3.uioverrides.QuickstepLauncher,STOP_ACTIVITY_ITEM]
11-19 04:07:41.040 1499 2755 I wm_task_moved: [1,0,0]
11-19 04:07:41.041 1499 2755 I wm_task_moved: [1,0,5]
11-19 04:07:41.067 2802 2802 I wm_on_restart_called: [19758722,com.android.launcher3.uioverrides.QuickstepLauncher,performRestartActivity]
11-19 04:07:41.086 2802 2802 I wm_on_start_called: [19758722,com.android.launcher3.uioverrides.QuickstepLauncher,handleStartActivity]
11-19 04:07:41.087 8540 8540 I view_enqueue_input_event: [Motion - Cancel,com.android.deskclock/com.android.deskclock.DeskClock]
11-19 04:07:41.089 1499 1638 I input_focus: [Focus request recents_animation_input_consumer,reason=UpdateInputWindows]
11-19 04:07:41.091 1499 1831 I input_interaction: Interaction with: edge-swipe (server), swipe-up (server), PointerEventDispatcher0 (server),
11-19 04:07:41.096 2802 2802 I sysui_latency: [1,72]
11-19 04:07:41.098 1499 1831 I input_focus: [Focus leaving 6b0447 com.android.deskclock/com.android.deskclock.DeskClock (server),reason=NOT_FOCUSABLE]
11-19 04:07:41.098 1499 1831 I input_focus: [Focus entering recents_animation_input_consumer (server),reason=setFocusedWindow]
11-19 04:07:41.113 1499 1634 I sysui_multi_action: [319,13,322,65,325,10140,757,761,758,9,759,5,806,com.android.launcher3,871,com.android.launcher3.uioverrides.QuickstepLauncher,905,0,1320,8,1321,5]
11-19 04:07:41.288 1499 1759 I commit_sys_config_file: [settings-1-0,5]
11-19 04:07:41.407 1499 1644 I sysui_latency: [8,79]
11-19 04:07:42.040 1499 1759 I commit_sys_config_file: [settings-1-0,4]
11-19 04:07:42.337 1499 1831 I input_interaction: Interaction with: 632f7bf com.android.launcher3/com.android.launcher3.uioverrides.QuickstepLauncher (server), edge-swipe (server), swipe-up (server), PointerEventDispatcher0 (server),
11-19 04:07:42.855 1499 2755 I wm_task_moved: [1,1,6]
11-19 04:07:42.857 1499 2755 I wm_focused_root_task: [0,0,1,32,RecentsAnimation.onAnimationFinished()]
11-19 04:07:42.857 8540 8540 I wm_on_top_resumed_lost_called: [255332727,com.android.deskclock.DeskClock,topStateChangedWhenResumed]
11-19 04:07:42.861 1499 2755 I wm_pause_activity: [0,255332727,com.android.deskclock/.DeskClock,userLeaving=false,pauseBackTasks]
11-19 04:07:42.864 1499 2755 I wm_set_resumed_activity: [0,com.android.launcher3/.uioverrides.QuickstepLauncher,resumeTopActivityInnerLocked]
11-19 04:07:42.866 1499 2755 I wm_resume_activity: [0,19758722,10,com.android.launcher3/.uioverrides.QuickstepLauncher]
11-19 04:07:42.867 1499 2755 I wm_add_to_stopping: [0,255332727,com.android.deskclock/.DeskClock,makeInvisible]
11-19 04:07:42.867 2802 2802 I wm_on_resume_called: [19758722,com.android.launcher3.uioverrides.QuickstepLauncher,RESUME_ACTIVITY]
11-19 04:07:42.881 1499 1638 I input_focus: [Focus request 632f7bf com.android.launcher3/com.android.launcher3.uioverrides.QuickstepLauncher,reason=UpdateInputWindows]
11-19 04:07:42.884 8540 8540 I wm_on_paused_called: [255332727,com.android.deskclock.DeskClock,performPause]
11-19 04:07:42.886 1499 1637 I sysui_multi_action: [757,803,799,window_time_0,802,3]
11-19 04:07:42.887 1499 1831 I input_focus: [Focus leaving recents_animation_input_consumer (server),reason=NOT_VISIBLE]
11-19 04:07:42.891 2802 2802 I wm_on_top_resumed_gained_called: [19758722,com.android.launcher3.uioverrides.QuickstepLauncher,topStateChangedWhenResumed]
11-19 04:07:42.893 1499 5517 I wm_stop_activity: [0,255332727,com.android.deskclock/.DeskClock]
11-19 04:07:42.903 1499 1831 I input_focus: [Focus entering 632f7bf com.android.launcher3/com.android.launcher3.uioverrides.QuickstepLauncher (server),reason=setFocusedWindow]
11-19 04:07:42.906 1499 1637 I sysui_multi_action: [757,803,799,window_time_0,802,0]
11-19 04:07:42.924 8540 8540 I wm_on_stop_called: [255332727,com.android.deskclock.DeskClock,STOP_ACTIVITY_ITEM]
11-19 04:07:42.980 1499 5517 I wm_finish_activity: [0,255332727,32,com.android.deskclock/.DeskClock,remove-task]
11-19 04:07:42.981 1499 5517 I wm_destroy_activity: [0,255332727,32,com.android.deskclock/.DeskClock,finish-imm:finishIfPossible]
11-19 04:07:42.984 1499 1637 I am_kill : [0,8540,com.android.deskclock,905,remove task]
11-19 04:07:42.984 1499 1637 I sysui_multi_action: [757,803,799,window_time_0,802,0]
11-19 04:07:43.023 1499 2755 I am_proc_died: [0,8540,com.android.deskclock,905,19]
11-19 04:07:43.025 1499 2755 I am_uid_stopped: 10063
11-19 04:07:43.027 1499 2755 I wm_task_removed: [32,removeChild:removeChild last r=ActivityRecord{f381177 u0 com.android.deskclock/.DeskClock t-1 f}} in t=Task{69dc776 #32 type=standard A=10063:com.android.deskclock U=0 visible=false mode=fullscreen translucent=true sz=0}]
11-19 04:07:43.027 1499 2755 I wm_task_removed: [32,removeChild]
11-19 04:07:43.035 1499 1831 I input_interaction: Interaction with: 632f7bf com.android.launcher3/com.android.launcher3.uioverrides.QuickstepLauncher (server), a1d9774 com.android.systemui.ImageWallpaper (server), edge-swipe (server), swipe-up (server), PointerEventDispatcher0 (server),
11-19 04:07:43.096 1499 6279 I wm_task_created: [33,-1]
11-19 04:07:43.100 1499 6279 I wm_task_moved: [33,1,6]
11-19 04:07:43.100 1499 6279 I wm_task_to_front: [0,33]
11-19 04:07:43.100 1499 6279 I wm_create_task: [0,33]
11-19 04:07:43.100 1499 6279 I wm_create_activity: [0,246016663,33,com.android.deskclock/.DeskClock,NULL,NULL,NULL,268468224]
11-19 04:07:43.101 1499 6279 I wm_task_moved: [33,1,6]
11-19 04:07:43.108 1499 1637 I am_uid_running: 10063
11-19 04:07:43.109 2802 2802 I wm_on_top_resumed_lost_called: [19758722,com.android.launcher3.uioverrides.QuickstepLauncher,topStateChangedWhenResumed]
11-19 04:07:43.119 1499 1646 I am_proc_start: [0,8639,10063,com.android.deskclock,top-activity,{com.android.deskclock/com.android.deskclock.DeskClock}]
11-19 04:07:43.136 1499 6279 I am_proc_bound: [0,8639,com.android.deskclock]
11-19 04:07:43.139 1499 6279 I wm_restart_activity: [0,246016663,33,com.android.deskclock/.DeskClock]
11-19 04:07:43.140 1499 6279 I wm_set_resumed_activity: [0,com.android.deskclock/.DeskClock,minimalResumeActivityLocked]
11-19 04:07:43.140 1499 6279 I am_uid_active: 10063
11-19 04:07:43.200 1499 8632 I wm_task_moved: [33,1,6]
11-19 04:07:43.200 1499 8632 I wm_set_resumed_activity: [0,com.android.deskclock/.DeskClock,positionChildAt]
11-19 04:07:43.200 1499 8632 I wm_create_activity: [0,154761806,33,com.android.permissioncontroller/.permission.ui.GrantPermissionsActivity,android.content.pm.action.REQUEST_PERMISSIONS,NULL,NULL,8388608]
11-19 04:07:43.201 1499 8632 I wm_pause_activity: [0,246016663,com.android.deskclock/.DeskClock,userLeaving=true,resumeTopActivityInnerLocked]
11-19 04:07:43.218 8639 8639 I wm_on_create_called: [246016663,com.android.deskclock.DeskClock,performCreate]
11-19 04:07:43.219 8639 8639 I wm_on_start_called: [246016663,com.android.deskclock.DeskClock,handleStartActivity]
11-19 04:07:43.221 8639 8639 I wm_on_resume_called: [246016663,com.android.deskclock.DeskClock,RESUME_ACTIVITY]
11-19 04:07:43.226 8639 8639 I wm_on_top_resumed_gained_called: [246016663,com.android.deskclock.DeskClock,topStateChangedWhenResumed]
11-19 04:07:43.226 8639 8639 I wm_on_top_resumed_lost_called: [246016663,com.android.deskclock.DeskClock,topStateChangedWhenResumed]
11-19 04:07:43.226 8639 8639 I wm_on_paused_called: [246016663,com.android.deskclock.DeskClock,performPause]
11-19 04:07:43.227 1499 2755 I wm_restart_activity: [0,154761806,33,com.android.permissioncontroller/.permission.ui.GrantPermissionsActivity]
11-19 04:07:43.228 1499 2755 I wm_set_resumed_activity: [0,com.android.permissioncontroller/.permission.ui.GrantPermissionsActivity,minimalResumeActivityLocked]
11-19 04:07:43.233 1499 1637 I sysui_multi_action: [757,803,799,window_time_0,802,0]
11-19 04:07:43.253 8560 8560 I wm_on_create_called: [154761806,com.android.permissioncontroller.permission.ui.GrantPermissionsActivity,performCreate]
11-19 04:07:43.254 8560 8560 I wm_on_start_called: [154761806,com.android.permissioncontroller.permission.ui.GrantPermissionsActivity,handleStartActivity]
11-19 04:07:43.254 8560 8560 I wm_on_resume_called: [154761806,com.android.permissioncontroller.permission.ui.GrantPermissionsActivity,RESUME_ACTIVITY]
11-19 04:07:43.262 8560 8560 I wm_on_top_resumed_gained_called: [154761806,com.android.permissioncontroller.permission.ui.GrantPermissionsActivity,topStateChangedWhenResumed]
11-19 04:07:43.266 1499 5517 I wm_finish_activity: [0,154761806,33,com.android.permissioncontroller/.permission.ui.GrantPermissionsActivity,app-request]
11-19 04:07:43.266 1499 5517 I wm_pause_activity: [0,154761806,com.android.permissioncontroller/.permission.ui.GrantPermissionsActivity,userLeaving=false,finish]
11-19 04:07:43.279 8560 8560 I wm_on_top_resumed_lost_called: [154761806,com.android.permissioncontroller.permission.ui.GrantPermissionsActivity,topStateChangedWhenResumed]
11-19 04:07:43.281 8560 8560 I wm_on_paused_called: [154761806,com.android.permissioncontroller.permission.ui.GrantPermissionsActivity,performPause]
11-19 04:07:43.282 1499 8632 I wm_add_to_stopping: [0,154761806,com.android.permissioncontroller/.permission.ui.GrantPermissionsActivity,completeFinishing]
11-19 04:07:43.282 1499 8632 I wm_set_resumed_activity: [0,com.android.deskclock/.DeskClock,resumeTopActivityInnerLocked]
11-19 04:07:43.284 1499 8632 I wm_resume_activity: [0,246016663,33,com.android.deskclock/.DeskClock]
11-19 04:07:43.286 1499 1637 I sysui_multi_action: [757,803,799,window_time_2,802,0]
11-19 04:07:43.299 1499 1638 I input_focus: [Focus request 89f9468 com.android.deskclock/com.android.deskclock.DeskClock,reason=UpdateInputWindows]
11-19 04:07:43.320 1499 1831 I input_focus: [Focus leaving 632f7bf com.android.launcher3/com.android.launcher3.uioverrides.QuickstepLauncher (server),reason=Waiting for window because NOT_VISIBLE]
11-19 04:07:43.372 1499 1831 I input_focus: [Focus entering 89f9468 com.android.deskclock/com.android.deskclock.DeskClock (server),reason=Window became focusable. Previous reason: NOT_VISIBLE]
11-19 04:07:43.373 8639 8639 I wm_on_activity_result_called: [246016663,com.android.deskclock.DeskClock,ACTIVITY_RESULT]
11-19 04:07:43.374 8639 8639 I wm_on_resume_called: [246016663,com.android.deskclock.DeskClock,RESUME_ACTIVITY]
11-19 04:07:43.375 8639 8639 I wm_on_top_resumed_gained_called: [246016663,com.android.deskclock.DeskClock,topWhenResuming]
11-19 04:07:43.642 1499 1637 I wm_destroy_activity: [0,154761806,33,com.android.permissioncontroller/.permission.ui.GrantPermissionsActivity,finish-imm:idle]
11-19 04:07:43.644 8560 8560 I wm_on_stop_called: [154761806,com.android.permissioncontroller.permission.ui.GrantPermissionsActivity,LIFECYCLER_STOP_ACTIVITY]
11-19 04:07:43.645 8560 8560 I wm_on_destroy_called: [154761806,com.android.permissioncontroller.permission.ui.GrantPermissionsActivity,performDestroy]
11-19 04:07:44.131 0 0 I auditd : type=1400 audit(0.0:5963): avc: denied { kill } for comm="swapper/1" capability=5 scontext=u:r:kernel:s0 tcontext=u:r:kernel:s0 tclass=capability permissive=0
11-19 04:07:44.267 1499 1831 I input_interaction: Interaction with: 89f9468 com.android.deskclock/com.android.deskclock.DeskClock (server), edge-swipe (server), swipe-up (server), PointerEventDispatcher0 (server),
11-19 04:07:44.346 1499 8632 I wm_relaunch_resume_activity: [0,246016663,33,com.android.deskclock/.DeskClock]
11-19 04:07:44.347 1499 8632 I wm_add_to_stopping: [0,19758722,com.android.launcher3/.uioverrides.QuickstepLauncher,makeInvisible]
11-19 04:07:44.354 8639 8639 I wm_on_top_resumed_lost_called: [246016663,com.android.deskclock.DeskClock,pausing]
11-19 04:07:44.360 8639 8639 I wm_on_paused_called: [246016663,com.android.deskclock.DeskClock,performPause]
11-19 04:07:44.362 8639 8639 I wm_on_stop_called: [246016663,com.android.deskclock.DeskClock,handleRelaunchActivity]
11-19 04:07:44.378 8639 8639 I wm_on_destroy_called: [246016663,com.android.deskclock.DeskClock,performDestroy]
11-19 04:07:44.398 1499 6279 I wm_task_moved: [33,1,6]
11-19 04:07:44.398 1499 6279 I wm_set_resumed_activity: [0,com.android.deskclock/.DeskClock,positionChildAt]
11-19 04:07:44.398 1499 6279 I wm_create_activity: [0,88507418,33,com.android.permissioncontroller/.permission.ui.GrantPermissionsActivity,android.content.pm.action.REQUEST_PERMISSIONS,NULL,NULL,8388608]
11-19 04:07:44.399 1499 6279 I wm_pause_activity: [0,19758722,com.android.launcher3/.uioverrides.QuickstepLauncher,userLeaving=true,pauseBackTasks]
11-19 04:07:44.399 1499 6279 I wm_pause_activity: [0,246016663,com.android.deskclock/.DeskClock,userLeaving=true,resumeTopActivityInnerLocked]
11-19 04:07:44.400 2802 2802 I wm_on_paused_called: [19758722,com.android.launcher3.uioverrides.QuickstepLauncher,performPause]
11-19 04:07:44.406 1499 1637 I sysui_multi_action: [757,803,799,window_time_2,802,1]
11-19 04:07:44.419 8639 8639 I wm_on_create_called: [246016663,com.android.deskclock.DeskClock,performCreate]
11-19 04:07:44.446 8639 8639 I wm_on_start_called: [246016663,com.android.deskclock.DeskClock,handleStartActivity]
11-19 04:07:44.446 8639 8639 I wm_on_resume_called: [246016663,com.android.deskclock.DeskClock,RESUME_ACTIVITY]
11-19 04:07:44.449 8639 8639 I wm_on_top_resumed_gained_called: [246016663,com.android.deskclock.DeskClock,topWhenResuming]
11-19 04:07:44.493 8639 8639 I wm_on_top_resumed_lost_called: [246016663,com.android.deskclock.DeskClock,topStateChangedWhenResumed]
11-19 04:07:44.494 8639 8639 I wm_on_paused_called: [246016663,com.android.deskclock.DeskClock,performPause]
11-19 04:07:44.500 1499 6279 I wm_restart_activity: [0,88507418,33,com.android.permissioncontroller/.permission.ui.GrantPermissionsActivity]
11-19 04:07:44.502 1499 6279 I wm_set_resumed_activity: [0,com.android.permissioncontroller/.permission.ui.GrantPermissionsActivity,minimalResumeActivityLocked]
11-19 04:07:44.511 1499 1637 I sysui_multi_action: [757,803,799,window_time_0,802,0]
11-19 04:07:44.524 8560 8560 I wm_on_create_called: [88507418,com.android.permissioncontroller.permission.ui.GrantPermissionsActivity,performCreate]
11-19 04:07:44.525 8560 8560 I wm_on_start_called: [88507418,com.android.permissioncontroller.permission.ui.GrantPermissionsActivity,handleStartActivity]
11-19 04:07:44.525 8560 8560 I wm_on_resume_called: [88507418,com.android.permissioncontroller.permission.ui.GrantPermissionsActivity,RESUME_ACTIVITY]
11-19 04:07:44.527 8560 8560 I wm_on_top_resumed_gained_called: [88507418,com.android.permissioncontroller.permission.ui.GrantPermissionsActivity,topStateChangedWhenResumed]
11-19 04:07:44.535 1499 5517 I wm_finish_activity: [0,88507418,33,com.android.permissioncontroller/.permission.ui.GrantPermissionsActivity,app-request]
11-19 04:07:44.543 1499 5517 I wm_pause_activity: [0,88507418,com.android.permissioncontroller/.permission.ui.GrantPermissionsActivity,userLeaving=false,finish]
11-19 04:07:44.549 1499 1637 I sysui_multi_action: [757,1144,758,8,806,com.android.permissioncontroller,871,com.android.permissioncontroller.permission.ui.GrantPermissionsActivity]
11-19 04:07:44.551 8560 8560 I wm_on_top_resumed_lost_called: [88507418,com.android.permissioncontroller.permission.ui.GrantPermissionsActivity,topStateChangedWhenResumed]
11-19 04:07:44.552 8560 8560 I wm_on_paused_called: [88507418,com.android.permissioncontroller.permission.ui.GrantPermissionsActivity,performPause]
11-19 04:07:44.553 1499 5517 I wm_set_resumed_activity: [0,com.android.deskclock/.DeskClock,resumeTopActivityInnerLocked]
11-19 04:07:44.556 1499 5517 I wm_resume_activity: [0,246016663,33,com.android.deskclock/.DeskClock]
11-19 04:07:44.556 8639 8639 I wm_on_activity_result_called: [246016663,com.android.deskclock.DeskClock,ACTIVITY_RESULT]
11-19 04:07:44.556 8639 8639 I wm_on_resume_called: [246016663,com.android.deskclock.DeskClock,RESUME_ACTIVITY]
11-19 04:07:44.559 8639 8639 I wm_on_top_resumed_gained_called: [246016663,com.android.deskclock.DeskClock,topWhenResuming]
11-19 04:07:44.563 1499 1638 I input_focus: [Focus request 89f9468 com.android.deskclock/com.android.deskclock.DeskClock,reason=UpdateInputWindows]
11-19 04:07:44.563 1499 1637 I sysui_multi_action: [757,803,799,window_time_0,802,0]
11-19 04:07:44.578 1499 2755 I wm_destroy_activity: [0,88507418,33,com.android.permissioncontroller/.permission.ui.GrantPermissionsActivity,finish-idle]
11-19 04:07:44.579 8560 8560 I wm_on_stop_called: [88507418,com.android.permissioncontroller.permission.ui.GrantPermissionsActivity,LIFECYCLER_STOP_ACTIVITY]
11-19 04:07:44.579 8560 8560 I wm_on_destroy_called: [88507418,com.android.permissioncontroller.permission.ui.GrantPermissionsActivity,performDestroy]
11-19 04:07:44.912 1499 1637 I wm_stop_activity: [0,19758722,com.android.launcher3/.uioverrides.QuickstepLauncher]
11-19 04:07:44.948 2802 2802 I wm_on_stop_called: [19758722,com.android.launcher3.uioverrides.QuickstepLauncher,STOP_ACTIVITY_ITEM]
11-19 04:07:45.131 0 0 I auditd : type=1400 audit(0.0:5964): avc: denied { kill } for comm="swapper/1" capability=5 scontext=u:r:kernel:s0 tcontext=u:r:kernel:s0 tclass=capability permissive=0
11-19 04:07:45.140 1499 2755 I wm_task_moved: [1,0,0]
11-19 04:07:45.141 1499 2755 I wm_task_moved: [1,0,5]
11-19 04:07:45.155 2802 2802 I wm_on_restart_called: [19758722,com.android.launcher3.uioverrides.QuickstepLauncher,performRestartActivity]
11-19 04:07:45.182 2802 2802 I wm_on_start_called: [19758722,com.android.launcher3.uioverrides.QuickstepLauncher,handleStartActivity]
11-19 04:07:45.201 1499 1634 I sysui_multi_action: [319,11,322,53,325,10144,757,761,758,9,759,5,806,com.android.launcher3,871,com.android.launcher3.uioverrides.QuickstepLauncher,905,0,1320,8,1321,5]
11-19 04:07:45.203 8639 8639 I view_enqueue_input_event: [Motion - Cancel,com.android.deskclock/com.android.deskclock.DeskClock]
11-19 04:07:45.204 2802 2802 I sysui_latency: [1,70]
11-19 04:07:45.208 1499 1638 I input_focus: [Focus request recents_animation_input_consumer,reason=UpdateInputWindows]
11-19 04:07:45.210 1499 1831 I input_interaction: Interaction with: edge-swipe (server), swipe-up (server), PointerEventDispatcher0 (server),
11-19 04:07:45.242 1499 1831 I input_focus: [Focus leaving 89f9468 com.android.deskclock/com.android.deskclock.DeskClock (server),reason=NOT_FOCUSABLE]
11-19 04:07:45.242 1499 1831 I input_focus: [Focus entering recents_animation_input_consumer (server),reason=setFocusedWindow]
11-19 04:07:45.383 1499 1759 I commit_sys_config_file: [settings-1-0,4]
11-19 04:07:45.495 1499 1644 I sysui_latency: [8,66]
11-19 04:07:46.071 1499 1759 I commit_sys_config_file: [settings-1-0,4]
11-19 04:07:46.131 0 0 I auditd : type=1400 audit(0.0:5965): avc: denied { kill } for comm="swapper/1" capability=5 scontext=u:r:kernel:s0 tcontext=u:r:kernel:s0 tclass=capability permissive=0
11-19 04:07:46.440 1499 1831 I input_interaction: Interaction with: 632f7bf com.android.launcher3/com.android.launcher3.uioverrides.QuickstepLauncher (server), edge-swipe (server), swipe-up (server), PointerEventDispatcher0 (server),
11-19 04:07:46.536 1499 5517 I wm_relaunch_resume_activity: [0,246016663,33,com.android.deskclock/.DeskClock]
11-19 04:07:46.537 8639 8639 I wm_on_top_resumed_lost_called: [246016663,com.android.deskclock.DeskClock,pausing]
11-19 04:07:46.537 1499 5517 I wm_task_moved: [1,1,6]
11-19 04:07:46.538 8639 8639 I wm_on_paused_called: [246016663,com.android.deskclock.DeskClock,performPause]
11-19 04:07:46.539 1499 5517 I wm_focused_root_task: [0,0,1,33,startActivityFromRecents]
11-19 04:07:46.539 1499 5517 I wm_task_moved: [33,1,6]
11-19 04:07:46.539 1499 5517 I wm_set_resumed_activity: [0,com.android.deskclock/.DeskClock,positionChildAt]
11-19 04:07:46.539 1499 5517 I wm_focused_root_task: [0,0,33,1,moveTaskToFront findTaskToMoveToFront]
11-19 04:07:46.539 1499 5517 I wm_set_resumed_activity: [0,com.android.deskclock/.DeskClock,moveTaskToFront findTaskToMoveToFront]
11-19 04:07:46.540 8639 8639 I wm_on_stop_called: [246016663,com.android.deskclock.DeskClock,handleRelaunchActivity]
11-19 04:07:46.549 8639 8639 I wm_on_destroy_called: [246016663,com.android.deskclock.DeskClock,performDestroy]
11-19 04:07:46.581 1499 5517 I wm_task_moved: [33,1,6]
11-19 04:07:46.581 1499 5517 I wm_set_resumed_activity: [0,com.android.deskclock/.DeskClock,positionChildAt]
11-19 04:07:46.581 1499 5517 I wm_create_activity: [0,33155890,33,com.android.permissioncontroller/.permission.ui.GrantPermissionsActivity,android.content.pm.action.REQUEST_PERMISSIONS,NULL,NULL,8388608]
11-19 04:07:46.581 1499 5517 I wm_pause_activity: [0,246016663,com.android.deskclock/.DeskClock,userLeaving=true,resumeTopActivityInnerLocked]
11-19 04:07:46.594 8639 8639 I wm_on_create_called: [246016663,com.android.deskclock.DeskClock,performCreate]
11-19 04:07:46.613 8639 8639 I wm_on_start_called: [246016663,com.android.deskclock.DeskClock,handleStartActivity]
11-19 04:07:46.614 8639 8639 I wm_on_resume_called: [246016663,com.android.deskclock.DeskClock,RESUME_ACTIVITY]
11-19 04:07:46.615 8639 8639 I wm_on_top_resumed_gained_called: [246016663,com.android.deskclock.DeskClock,topWhenResuming]
11-19 04:07:46.616 8639 8639 I wm_on_top_resumed_lost_called: [246016663,com.android.deskclock.DeskClock,topStateChangedWhenResumed]
11-19 04:07:46.656 8639 8639 I wm_on_paused_called: [246016663,com.android.deskclock.DeskClock,performPause]
11-19 04:07:46.660 1499 6279 I wm_restart_activity: [0,33155890,33,com.android.permissioncontroller/.permission.ui.GrantPermissionsActivity]
11-19 04:07:46.663 1499 6279 I wm_set_resumed_activity: [0,com.android.permissioncontroller/.permission.ui.GrantPermissionsActivity,minimalResumeActivityLocked]
11-19 04:07:46.667 1499 1637 I sysui_multi_action: [757,803,799,window_time_0,802,3]
11-19 04:07:46.682 8560 8560 I wm_on_create_called: [33155890,com.android.permissioncontroller.permission.ui.GrantPermissionsActivity,performCreate]
11-19 04:07:46.683 8560 8560 I wm_on_start_called: [33155890,com.android.permissioncontroller.permission.ui.GrantPermissionsActivity,handleStartActivity]
11-19 04:07:46.683 8560 8560 I wm_on_resume_called: [33155890,com.android.permissioncontroller.permission.ui.GrantPermissionsActivity,RESUME_ACTIVITY]
11-19 04:07:46.685 8560 8560 I wm_on_top_resumed_gained_called: [33155890,com.android.permissioncontroller.permission.ui.GrantPermissionsActivity,topStateChangedWhenResumed]
11-19 04:07:46.689 1499 4959 I wm_finish_activity: [0,33155890,33,com.android.permissioncontroller/.permission.ui.GrantPermissionsActivity,app-request]
11-19 04:07:46.689 1499 4959 I wm_pause_activity: [0,33155890,com.android.permissioncontroller/.permission.ui.GrantPermissionsActivity,userLeaving=false,finish]
11-19 04:07:46.690 1499 1637 I sysui_multi_action: [757,1144,758,8,806,com.android.permissioncontroller,871,com.android.permissioncontroller.permission.ui.GrantPermissionsActivity]
11-19 04:07:46.699 8560 8560 I wm_on_top_resumed_lost_called: [33155890,com.android.permissioncontroller.permission.ui.GrantPermissionsActivity,topStateChangedWhenResumed]
11-19 04:07:46.700 8560 8560 I wm_on_paused_called: [33155890,com.android.permissioncontroller.permission.ui.GrantPermissionsActivity,performPause]
11-19 04:07:46.701 1499 5517 I wm_set_resumed_activity: [0,com.android.deskclock/.DeskClock,resumeTopActivityInnerLocked]
11-19 04:07:46.702 1499 5517 I wm_resume_activity: [0,246016663,33,com.android.deskclock/.DeskClock]
11-19 04:07:46.703 8639 8639 I wm_on_activity_result_called: [246016663,com.android.deskclock.DeskClock,ACTIVITY_RESULT]
11-19 04:07:46.703 8639 8639 I wm_on_resume_called: [246016663,com.android.deskclock.DeskClock,RESUME_ACTIVITY]
11-19 04:07:46.705 8639 8639 I wm_on_top_resumed_gained_called: [246016663,com.android.deskclock.DeskClock,topWhenResuming]
11-19 04:07:46.710 1499 1637 I sysui_multi_action: [757,803,799,window_time_2,802,0]
11-19 04:07:46.723 1499 8632 I wm_destroy_activity: [0,33155890,33,com.android.permissioncontroller/.permission.ui.GrantPermissionsActivity,finish-idle]
11-19 04:07:46.724 8560 8560 I wm_on_stop_called: [33155890,com.android.permissioncontroller.permission.ui.GrantPermissionsActivity,LIFECYCLER_STOP_ACTIVITY]
11-19 04:07:46.724 8560 8560 I wm_on_destroy_called: [33155890,com.android.permissioncontroller.permission.ui.GrantPermissionsActivity,performDestroy]
11-19 04:07:46.950 1499 4959 I wm_task_moved: [1,1,6]
11-19 04:07:46.951 1499 4959 I wm_task_moved: [10,1,2147483647]
11-19 04:07:46.951 1499 4959 I wm_task_to_front: [0,10]
11-19 04:07:46.951 1499 4959 I wm_focused_root_task: [0,0,1,33,RecentsAnimation.onAnimationFinished()]
11-19 04:07:46.951 1499 4959 I wm_set_resumed_activity: [0,com.android.launcher3/.uioverrides.QuickstepLauncher,RecentsAnimation.onAnimationFinished()]
11-19 04:07:46.952 1499 4959 I wm_set_resumed_activity: [0,com.android.launcher3/.uioverrides.QuickstepLauncher,resumeTopActivityInnerLocked]
11-19 04:07:46.952 8639 8639 I wm_on_top_resumed_lost_called: [246016663,com.android.deskclock.DeskClock,topStateChangedWhenResumed]
11-19 04:07:46.954 1499 4959 I wm_resume_activity: [0,19758722,10,com.android.launcher3/.uioverrides.QuickstepLauncher]
11-19 04:07:46.960 1499 1638 I input_focus: [Focus request 632f7bf com.android.launcher3/com.android.launcher3.uioverrides.QuickstepLauncher,reason=UpdateInputWindows]
11-19 04:07:46.962 2802 2802 I wm_on_resume_called: [19758722,com.android.launcher3.uioverrides.QuickstepLauncher,RESUME_ACTIVITY]
11-19 04:07:46.962 2802 2802 I wm_on_top_resumed_gained_called: [19758722,com.android.launcher3.uioverrides.QuickstepLauncher,topStateChangedWhenResumed]
11-19 04:07:46.972 1499 1637 I sysui_multi_action: [757,803,799,window_time_2,802,0]
11-19 04:07:46.979 1499 1831 I input_focus: [Focus leaving recents_animation_input_consumer (server),reason=NOT_VISIBLE]
11-19 04:07:46.979 1499 1831 I input_focus: [Focus entering 632f7bf com.android.launcher3/com.android.launcher3.uioverrides.QuickstepLauncher (server),reason=setFocusedWindow]
11-19 04:07:47.131 0 0 I auditd : type=1400 audit(0.0:5966): avc: denied { kill } for comm="swapper/1" capability=5 scontext=u:r:kernel:s0 tcontext=u:r:kernel:s0 tclass=capability permissive=0
11-19 04:07:47.484 1499 1831 I input_interaction: Interaction with: 89f9468 com.android.deskclock/com.android.deskclock.DeskClock (server), edge-swipe (server), swipe-up (server), PointerEventDispatcher0 (server),
11-19 04:07:47.486 1499 1637 I wm_task_moved: [33,1,6]
11-19 04:07:47.486 1499 1637 I wm_task_to_front: [0,33]
11-19 04:07:47.490 1499 1637 I wm_set_resumed_activity: [0,com.android.deskclock/.DeskClock,positionChildAt]
11-19 04:07:47.490 1499 1637 I wm_focused_root_task: [0,0,33,1,setFocusedTask]
11-19 04:07:47.490 1499 1637 I wm_set_resumed_activity: [0,com.android.deskclock/.DeskClock,setFocusedTask]
11-19 04:07:47.491 1499 1638 I input_focus: [Focus request 89f9468 com.android.deskclock/com.android.deskclock.DeskClock,reason=UpdateInputWindows]
11-19 04:07:47.494 2802 2802 I wm_on_top_resumed_lost_called: [19758722,com.android.launcher3.uioverrides.QuickstepLauncher,topStateChangedWhenResumed]
11-19 04:07:47.495 8639 8639 I wm_on_top_resumed_gained_called: [246016663,com.android.deskclock.DeskClock,topStateChangedWhenResumed]
11-19 04:07:47.515 1499 1831 I input_focus: [Focus leaving 632f7bf com.android.launcher3/com.android.launcher3.uioverrides.QuickstepLauncher (server),reason=setFocusedWindow]
11-19 04:07:47.515 1499 1831 I input_focus: [Focus entering 89f9468 com.android.deskclock/com.android.deskclock.DeskClock (server),reason=setFocusedWindow]
11-19 04:07:48.131 0 0 I auditd : type=1400 audit(0.0:5967): avc: denied { kill } for comm="swapper/1" capability=5 scontext=u:r:kernel:s0 tcontext=u:r:kernel:s0 tclass=capability permissive=0
11-19 04:07:48.722 1499 8632 I wm_relaunch_resume_activity: [0,246016663,33,com.android.deskclock/.DeskClock]
11-19 04:07:48.722 1499 8632 I wm_add_to_stopping: [0,19758722,com.android.launcher3/.uioverrides.QuickstepLauncher,makeInvisible]
11-19 04:07:48.751 8639 8639 I wm_on_top_resumed_lost_called: [246016663,com.android.deskclock.DeskClock,pausing]
11-19 04:07:48.754 8639 8639 I wm_on_paused_called: [246016663,com.android.deskclock.DeskClock,performPause]
11-19 04:07:48.757 8639 8639 I wm_on_stop_called: [246016663,com.android.deskclock.DeskClock,handleRelaunchActivity]
11-19 04:07:48.766 8639 8639 I wm_on_destroy_called: [246016663,com.android.deskclock.DeskClock,performDestroy]
11-19 04:07:48.782 1499 5517 I sysui_multi_action: [757,1513,758,4,805,1668802068782,1514,10063,1515,com.android.deskclock,1516,1002,1517,1,1518,10063,1519,1002,1520,1,1526,com.android.permissioncontroller/.permission.ui.GrantPermissionsActivity,1527,0,1528,android.content.pm.action.REQUEST_PERMISSIONS,1529,com.android.deskclock,1530,1002,1531,0,1532,0,1533,1,1534,0,1535,0,1536,1,1537,5642]
11-19 04:07:48.784 1499 5517 I wm_create_activity: [0,205125699,33,com.android.permissioncontroller/.permission.ui.GrantPermissionsActivity,android.content.pm.action.REQUEST_PERMISSIONS,NULL,NULL,8388608]
11-19 04:07:48.799 8639 8639 I wm_on_create_called: [246016663,com.android.deskclock.DeskClock,performCreate]
11-19 04:07:48.826 8639 8639 I wm_on_start_called: [246016663,com.android.deskclock.DeskClock,handleStartActivity]
11-19 04:07:48.827 8639 8639 I wm_on_resume_called: [246016663,com.android.deskclock.DeskClock,RESUME_ACTIVITY]
11-19 04:07:48.829 8639 8639 I wm_on_top_resumed_gained_called: [246016663,com.android.deskclock.DeskClock,topWhenResuming]
11-19 04:07:48.875 1499 8632 I wm_restart_activity: [0,205125699,33,com.android.permissioncontroller/.permission.ui.GrantPermissionsActivity]
11-19 04:07:48.876 8639 8639 I wm_on_top_resumed_lost_called: [246016663,com.android.deskclock.DeskClock,topStateChangedWhenResumed]
11-19 04:07:48.876 1499 8632 I wm_set_resumed_activity: [0,com.android.permissioncontroller/.permission.ui.GrantPermissionsActivity,minimalResumeActivityLocked]
11-19 04:07:48.889 8560 8560 I wm_on_create_called: [205125699,com.android.permissioncontroller.permission.ui.GrantPermissionsActivity,performCreate]
11-19 04:07:48.889 8560 8560 I wm_on_start_called: [205125699,com.android.permissioncontroller.permission.ui.GrantPermissionsActivity,handleStartActivity]
11-19 04:07:48.890 8560 8560 I wm_on_resume_called: [205125699,com.android.permissioncontroller.permission.ui.GrantPermissionsActivity,RESUME_ACTIVITY]
11-19 04:07:48.891 8560 8560 I wm_on_top_resumed_gained_called: [205125699,com.android.permissioncontroller.permission.ui.GrantPermissionsActivity,topStateChangedWhenResumed]
11-19 04:07:48.895 1499 2761 I wm_finish_activity: [0,205125699,33,com.android.permissioncontroller/.permission.ui.GrantPermissionsActivity,app-request]
11-19 04:07:48.906 1499 2761 I wm_pause_activity: [0,205125699,com.android.permissioncontroller/.permission.ui.GrantPermissionsActivity,userLeaving=false,finish]
11-19 04:07:48.909 1499 1637 I sysui_multi_action: [757,1144,758,8,806,com.android.permissioncontroller,871,com.android.permissioncontroller.permission.ui.GrantPermissionsActivity]
11-19 04:07:48.913 8560 8560 I wm_on_top_resumed_lost_called: [205125699,com.android.permissioncontroller.permission.ui.GrantPermissionsActivity,topStateChangedWhenResumed]
11-19 04:07:48.915 8560 8560 I wm_on_paused_called: [205125699,com.android.permissioncontroller.permission.ui.GrantPermissionsActivity,performPause]
11-19 04:07:48.916 1499 6279 I wm_pause_activity: [0,19758722,com.android.launcher3/.uioverrides.QuickstepLauncher,userLeaving=false,pauseBackTasks]
11-19 04:07:48.917 2802 2802 I wm_on_paused_called: [19758722,com.android.launcher3.uioverrides.QuickstepLauncher,performPause]
11-19 04:07:48.919 1499 1637 I sysui_multi_action: [757,803,799,window_time_0,802,2]
11-19 04:07:48.922 1499 2761 I wm_resume_activity: [0,246016663,33,com.android.deskclock/.DeskClock]
11-19 04:07:48.923 8639 8639 I wm_on_paused_called: [246016663,com.android.deskclock.DeskClock,performPause]
11-19 04:07:48.923 8639 8639 I wm_on_activity_result_called: [246016663,com.android.deskclock.DeskClock,ACTIVITY_RESULT]
11-19 04:07:48.923 8639 8639 I wm_on_resume_called: [246016663,com.android.deskclock.DeskClock,ACTIVITY_RESULT]
11-19 04:07:48.931 1499 1637 I wm_destroy_activity: [0,205125699,33,com.android.permissioncontroller/.permission.ui.GrantPermissionsActivity,finish-idle]
11-19 04:07:48.931 8560 8560 I wm_on_stop_called: [205125699,com.android.permissioncontroller.permission.ui.GrantPermissionsActivity,LIFECYCLER_STOP_ACTIVITY]
11-19 04:07:48.931 1499 1637 I sysui_multi_action: [757,803,799,window_time_0,802,0]
11-19 04:07:48.931 8560 8560 I wm_on_destroy_called: [205125699,com.android.permissioncontroller.permission.ui.GrantPermissionsActivity,performDestroy]
11-19 04:07:48.936 1499 4959 I wm_resume_activity: [0,246016663,33,com.android.deskclock/.DeskClock]
11-19 04:07:48.937 1499 1638 I input_focus: [Focus request 89f9468 com.android.deskclock/com.android.deskclock.DeskClock,reason=UpdateInputWindows]
11-19 04:07:49.131 8166 8166 I auditd : type=1400 audit(0.0:5968): avc: denied { kill } for comm="kworker/u17:2" capability=5 scontext=u:r:kernel:s0 tcontext=u:r:kernel:s0 tclass=capability permissive=0
11-19 04:07:49.556 1499 2761 I wm_task_moved: [1,0,0]
11-19 04:07:49.557 1499 2761 I wm_task_moved: [1,0,5]
11-19 04:07:49.584 8639 8639 I view_enqueue_input_event: [Motion - Cancel,com.android.deskclock/com.android.deskclock.DeskClock]
11-19 04:07:49.589 1499 1831 I input_interaction: Interaction with: edge-swipe (server), swipe-up (server), PointerEventDispatcher0 (server),
11-19 04:07:49.614 2802 2802 I sysui_latency: [1,14]
11-19 04:07:49.615 1499 1638 I input_focus: [Focus request recents_animation_input_consumer,reason=UpdateInputWindows]
11-19 04:07:49.622 1499 1638 I input_focus: [Focus request 632f7bf com.android.launcher3/com.android.launcher3.uioverrides.QuickstepLauncher,reason=UpdateInputWindows]
11-19 04:07:49.639 1499 1634 I sysui_multi_action: [319,7,322,74,325,10148,757,761,758,9,759,5,806,com.android.launcher3,871,com.android.launcher3.uioverrides.QuickstepLauncher,905,0,1320,8,1321,5]
11-19 04:07:49.641 1499 1831 I input_focus: [Focus leaving 89f9468 com.android.deskclock/com.android.deskclock.DeskClock (server),reason=NOT_FOCUSABLE]
11-19 04:07:49.641 1499 1831 I input_focus: [Focus entering recents_animation_input_consumer (server),reason=setFocusedWindow]
11-19 04:07:49.641 1499 1831 I input_focus: [Focus leaving recents_animation_input_consumer (server),reason=setFocusedWindow]
11-19 04:07:49.641 1499 1831 I input_focus: [Focus entering 632f7bf com.android.launcher3/com.android.launcher3.uioverrides.QuickstepLauncher (server),reason=setFocusedWindow]
11-19 04:07:49.824 1499 1759 I commit_sys_config_file: [settings-1-0,15]
11-19 04:07:49.932 1499 1644 I sysui_latency: [8,93]
11-19 04:07:50.027 1499 1759 I commit_sys_config_file: [settings-1-0,7]
11-19 04:07:50.131 0 0 I auditd : type=1400 audit(0.0:5969): avc: denied { kill } for comm="swapper/1" capability=5 scontext=u:r:kernel:s0 tcontext=u:r:kernel:s0 tclass=capability permissive=0
11-19 04:07:50.499 1499 4959 I wm_task_moved: [1,1,6]
11-19 04:07:50.500 1499 4959 I wm_task_moved: [10,1,2147483647]
11-19 04:07:50.500 1499 4959 I wm_task_to_front: [0,10]
11-19 04:07:50.500 1499 4959 I wm_focused_root_task: [0,0,1,33,RecentsAnimation.onAnimationFinished()]
11-19 04:07:50.500 1499 4959 I wm_set_resumed_activity: [0,com.android.launcher3/.uioverrides.QuickstepLauncher,RecentsAnimation.onAnimationFinished()]
11-19 04:07:50.503 1499 4959 I wm_set_resumed_activity: [0,com.android.launcher3/.uioverrides.QuickstepLauncher,resumeTopActivityInnerLocked]
11-19 04:07:50.504 1499 4959 I wm_add_to_stopping: [0,246016663,com.android.deskclock/.DeskClock,makeInvisible]
11-19 04:07:50.505 1499 4959 I wm_resume_activity: [0,19758722,10,com.android.launcher3/.uioverrides.QuickstepLauncher]
11-19 04:07:50.506 2802 2802 I wm_on_resume_called: [19758722,com.android.launcher3.uioverrides.QuickstepLauncher,RESUME_ACTIVITY]
11-19 04:07:50.506 2802 2802 I wm_on_top_resumed_gained_called: [19758722,com.android.launcher3.uioverrides.QuickstepLauncher,topWhenResuming]
11-19 04:07:50.519 1499 4959 I wm_stop_activity: [0,246016663,com.android.deskclock/.DeskClock]
11-19 04:07:50.530 1499 1637 I sysui_multi_action: [757,803,799,window_time_0,802,1]
11-19 04:07:50.530 8639 8639 I wm_on_paused_called: [246016663,com.android.deskclock.DeskClock,performPause]
11-19 04:07:50.546 8639 8639 I wm_on_stop_called: [246016663,com.android.deskclock.DeskClock,STOP_ACTIVITY_ITEM]
11-19 04:07:50.550 1499 1644 I am_pss : [8183,10064,com.thundercomm.gamemode.provider,8771584,6369280,0,96456704,0,5,6]
