11-19 02:25:28.401 1499 1644 I am_pss : [6305,1000,com.thundercomm.gamemode,17210368,13324288,0,117268480,0,10,6]
11-19 02:25:28.406 1499 1644 I am_pss : [6196,1000,com.qti.diagservices,6147072,3817472,0,93110272,0,10,5]
11-19 02:25:28.411 1499 1644 I commit_sys_config_file: [procstats,8]
11-19 02:25:28.412 1499 1646 I am_proc_start: [0,6480,10029,com.android.documentsui,NULL,]
11-19 02:25:28.451 1499 6279 I am_proc_bound: [0,6480,com.android.documentsui]
11-19 02:26:09.870 1499 1793 I am_freeze: [6351,com.android.gallery3d]
11-19 02:26:09.872 1499 1793 I am_kill : [0,6351,com.android.gallery3d,925,Unable to freeze binder interface]
11-19 02:26:09.907 1499 3537 I am_proc_died: [0,6351,com.android.gallery3d,925,19]
11-19 02:26:09.908 1499 3537 I am_uid_stopped: 10066
11-19 02:26:09.913 1499 1637 I am_uid_running: 10066
11-19 02:26:09.919 1499 1644 I am_pss : [6480,10029,com.android.documentsui,12029952,8634368,0,106188800,0,19,5]
11-19 02:26:09.927 1499 1646 I am_proc_start: [0,6508,10066,com.android.gallery3d,NULL,]
11-19 02:26:09.933 1499 1644 I am_pss : [2342,10081,com.android.systemui,99926016,76660736,0,268980224,0,0,11]
11-19 02:26:09.959 1499 3537 I am_proc_bound: [0,6508,com.android.gallery3d]
11-19 02:26:30.546 1499 1793 I am_freeze: [6369,com.android.music]
11-19 02:26:30.547 1499 1793 I am_kill : [0,6369,com.android.music,925,Unable to freeze binder interface]
11-19 02:26:30.573 1499 3537 I am_proc_died: [0,6369,com.android.music,925,19]
11-19 02:26:30.573 1499 3537 I am_uid_stopped: 10090
11-19 02:26:30.581 1499 1637 I am_uid_running: 10090
11-19 02:26:30.584 1499 1644 I am_pss : [6508,10066,com.android.gallery3d,7944192,5255168,0,93708288,0,19,7]
11-19 02:26:30.591 1499 1644 I am_pss : [6480,10029,com.android.documentsui,11862016,8486912,0,106041344,0,19,7]
11-19 02:26:30.599 1499 1646 I am_proc_start: [0,6526,10090,com.android.music,NULL,]
11-19 02:26:30.634 1499 3537 I am_proc_bound: [0,6526,com.android.music]
11-19 02:35:28.398 1499 1793 I am_freeze: [6322,com.thundercomm.gamemode.provider]
11-19 02:35:28.400 1499 1793 I am_kill : [0,6322,com.thundercomm.gamemode.provider,925,Unable to freeze binder interface]
11-19 02:35:28.438 1499 3537 I am_proc_died: [0,6322,com.thundercomm.gamemode.provider,925,19]
11-19 02:35:28.439 1499 3537 I am_uid_stopped: 10064
11-19 02:35:28.462 1499 1793 I am_freeze: [6480,com.android.documentsui]
11-19 02:35:28.463 1499 1793 I am_kill : [0,6480,com.android.documentsui,925,Unable to freeze binder interface]
11-19 02:35:28.480 1499 3537 I am_proc_died: [0,6480,com.android.documentsui,925,19]
11-19 02:35:28.481 1499 3537 I am_uid_stopped: 10029
11-19 02:35:28.485 1499 1637 I am_uid_running: 10029
11-19 02:35:28.493 1499 1644 I am_pss : [6526,10090,com.android.music,6934528,4702208,0,90820608,0,19,5]
11-19 02:35:28.498 1499 1646 I am_proc_start: [0,6573,10029,com.android.documentsui,NULL,]
11-19 02:35:28.500 1499 1644 I am_pss : [6508,10066,com.android.gallery3d,7966720,5255168,0,93708288,0,19,5]
11-19 02:35:28.507 1499 1644 I am_pss : [6305,1000,com.thundercomm.gamemode,17231872,13324288,0,117268480,0,10,6]
11-19 02:35:28.514 1499 1644 I am_pss : [3839,10067,com.qualcomm.qti.devicestatisticsservice,5561344,3530752,0,89010176,0,0,5]
11-19 02:35:28.531 1499 3537 I am_proc_bound: [0,6573,com.android.documentsui]
11-19 02:36:09.977 1499 1793 I am_freeze: [6508,com.android.gallery3d]
11-19 02:36:09.979 1499 1793 I am_kill : [0,6508,com.android.gallery3d,915,Unable to freeze binder interface]
11-19 02:36:10.006 1499 2761 I am_proc_died: [0,6508,com.android.gallery3d,915,19]
11-19 02:36:10.006 1499 2761 I am_uid_stopped: 10066
11-19 02:36:10.013 1499 1637 I am_uid_running: 10066
11-19 02:36:10.016 1499 1644 I am_pss : [6573,10029,com.android.documentsui,12043264,8589312,0,106115072,0,19,6]
11-19 02:36:10.023 1499 1644 I am_pss : [6526,10090,com.android.music,6909952,4702208,0,90820608,0,19,5]
11-19 02:36:10.027 1499 1646 I am_proc_start: [0,6600,10066,com.android.gallery3d,NULL,]
11-19 02:36:10.058 1499 2761 I am_proc_bound: [0,6600,com.android.gallery3d]
11-19 02:36:30.653 1499 1793 I am_freeze: [6526,com.android.music]
11-19 02:36:30.655 1499 1793 I am_kill : [0,6526,com.android.music,915,Unable to freeze binder interface]
11-19 02:36:30.685 1499 2761 I am_proc_died: [0,6526,com.android.music,915,19]
11-19 02:36:30.686 1499 2761 I am_uid_stopped: 10090
11-19 02:36:30.691 1499 1637 I am_uid_running: 10090
11-19 02:36:30.696 1499 1644 I am_pss : [2344,10094,com.android.permissioncontroller,27499520,21315584,0,136237056,0,2,7]
11-19 02:36:30.703 1499 1644 I am_pss : [5303,10060,com.android.soundrecorder,32191488,25710592,0,148074496,0,2,6]
11-19 02:36:30.707 1499 1646 I am_proc_start: [0,6619,10090,com.android.music,NULL,]
11-19 02:36:30.709 1499 1644 I am_pss : [6600,10066,com.android.gallery3d,7858176,5140480,0,93618176,0,19,4]
11-19 02:36:30.714 1499 1644 I am_pss : [6573,10029,com.android.documentsui,11867136,8441856,0,105967616,0,19,6]
11-19 02:36:30.751 1499 3537 I am_proc_bound: [0,6619,com.android.music]
11-19 02:41:32.703 1499 2268 I netstats_mobile_sample: [0,0,0,0,0,0,0,0,0,0,0,0,1668796892703]
11-19 02:41:32.703 1499 2268 I netstats_wifi_sample: [0,0,0,0,0,0,0,0,0,0,0,0,1668796892703]
11-19 02:42:33.904 1499 1831 I input_interaction: Interaction with: 4599f7f com.thundercomm.screensaver/android.service.dreams.DreamActivity (server), edge-swipe (server), swipe-up (server), PointerEventDispatcher0 (server),
11-19 02:42:33.911 1499 3537 I wm_finish_activity: [0,51730909,27,com.thundercomm.screensaver/android.service.dreams.DreamActivity,finish-activity]
11-19 02:42:33.911 1499 3537 I wm_task_moved: [26,1,6]
11-19 02:42:33.911 1499 3537 I wm_task_to_front: [0,26]
11-19 02:42:33.913 1499 3537 I wm_set_resumed_activity: [0,com.android.permissioncontroller/.permission.ui.GrantPermissionsActivity,positionChildAt]
11-19 02:42:33.914 1499 3537 I wm_focused_root_task: [0,0,26,27,finish-top adjustFocusToNextFocusableTask]
11-19 02:42:33.914 1499 3537 I wm_set_resumed_activity: [0,com.android.permissioncontroller/.permission.ui.GrantPermissionsActivity,finish-top]
11-19 02:42:33.916 1499 3537 I wm_pause_activity: [0,51730909,com.thundercomm.screensaver/android.service.dreams.DreamActivity,userLeaving=false,finish]
11-19 02:42:33.932 4805 4805 I wm_on_top_resumed_lost_called: [51730909,android.service.dreams.DreamActivity,topStateChangedWhenResumed]
11-19 02:42:33.932 1499 1637 I sysui_multi_action: [757,803,799,window_time_0,802,1336]
11-19 02:42:33.934 2344 2344 I wm_on_top_resumed_gained_called: [8864191,com.android.permissioncontroller.permission.ui.GrantPermissionsActivity,topStateChangedWhenResumed]
11-19 02:42:33.934 4805 4805 I wm_on_paused_called: [51730909,android.service.dreams.DreamActivity,performPause]
11-19 02:42:33.935 1499 2438 I wm_add_to_stopping: [0,51730909,com.thundercomm.screensaver/android.service.dreams.DreamActivity,completeFinishing]
11-19 02:42:33.941 1499 2438 I wm_resume_activity: [0,19758722,10,com.android.launcher3/.uioverrides.QuickstepLauncher]
11-19 02:42:33.956 4805 4805 I view_enqueue_input_event: [Motion - Cancel,com.thundercomm.screensaver/android.service.dreams.DreamActivity]
11-19 02:42:33.957 1499 1831 I input_focus: [Focus leaving 4599f7f com.thundercomm.screensaver/android.service.dreams.DreamActivity (server),reason=NO_WINDOW]
11-19 02:42:33.968 1499 1637 I sysui_multi_action: [757,803,799,window_time_2,802,0]
11-19 02:42:33.973 1499 1638 I input_focus: [Focus request d728a42 com.android.permissioncontroller/com.android.permissioncontroller.permission.ui.GrantPermissionsActivity,reason=UpdateInputWindows]
11-19 02:42:33.975 2802 2802 I wm_on_restart_called: [19758722,com.android.launcher3.uioverrides.QuickstepLauncher,performRestartActivity]
11-19 02:42:33.977 2802 2802 I wm_on_start_called: [19758722,com.android.launcher3.uioverrides.QuickstepLauncher,handleStartActivity]
11-19 02:42:33.979 2802 2802 I wm_on_resume_called: [19758722,com.android.launcher3.uioverrides.QuickstepLauncher,RESUME_ACTIVITY]
11-19 02:42:33.981 1499 1831 I input_focus: [Focus entering d728a42 com.android.permissioncontroller/com.android.permissioncontroller.permission.ui.GrantPermissionsActivity (server),reason=setFocusedWindow]
11-19 02:42:33.991 1499 1644 I am_pss : [6619,10090,com.android.music,6951936,4755456,0,90898432,0,19,6]
11-19 02:42:33.993 1499 2389 I am_uid_running: 10064
11-19 02:42:34.000 1499 1644 I am_pss : [6600,10066,com.android.gallery3d,7840768,5140480,0,93618176,0,19,5]
11-19 02:42:34.003 1499 1646 I am_proc_start: [0,6657,10064,com.thundercomm.gamemode.provider,content provider,{com.thundercomm.gamemode.provider/com.thundercomm.gamemode.provider.SettingsProvider}]
11-19 02:42:34.007 1499 1644 I am_pss : [6196,1000,com.qti.diagservices,6144000,3817472,0,93110272,0,10,5]
11-19 02:42:34.029 1499 2438 I am_proc_bound: [0,6657,com.thundercomm.gamemode.provider]
11-19 02:42:34.088 1499 1499 I am_uid_active: 10064
11-19 02:42:34.270 1499 1637 I wm_destroy_activity: [0,51730909,27,com.thundercomm.screensaver/android.service.dreams.DreamActivity,finish-imm:idle]
11-19 02:42:34.297 4805 4805 I wm_on_stop_called: [51730909,android.service.dreams.DreamActivity,LIFECYCLER_STOP_ACTIVITY]
11-19 02:42:34.298 4805 4805 I wm_on_destroy_called: [51730909,android.service.dreams.DreamActivity,performDestroy]
11-19 02:42:34.301 1499 1634 I sysui_multi_action: [757,222,758,2]
11-19 02:42:34.302 1499 1634 I sysui_multi_action: [757,804,799,dreaming_minutes,801,22,802,1]
11-19 02:42:34.319 1499 2761 I wm_task_removed: [27,removeChild:removeChild last r=ActivityRecord{31559dd u0 com.thundercomm.screensaver/android.service.dreams.DreamActivity t-1 f}} in t=Task{a59f54e #27 type=dream A=10050:android:com.thundercomm.screensaver/dream U=0 visible=false mode=fullscreen translucent=true sz=0}]
11-19 02:42:34.319 1499 2761 I wm_task_removed: [27,removeChild]
11-19 02:42:35.793 1499 1831 I input_interaction: Interaction with: d728a42 com.android.permissioncontroller/com.android.permissioncontroller.permission.ui.GrantPermissionsActivity (server), edge-swipe (server), swipe-up (server), PointerEventDispatcher0 (server),
11-19 02:42:37.515 1499 1499 I service_manager_stats: [100,55,1339040]
11-19 02:42:38.577 1499 2437 I sysui_multi_action: [757,1243,758,4,806,com.android.soundrecorder,1241,android.permission.WRITE_EXTERNAL_STORAGE]
11-19 02:42:38.579 1499 2389 I sysui_multi_action: [757,1243,758,4,806,com.android.soundrecorder,1241,android.permission.READ_EXTERNAL_STORAGE]
11-19 02:42:38.581 2344 2344 I snet_event_log: [individual_permissions_requested,10060,com.android.soundrecorder:com.android.soundrecorder:;android.permission.READ_PHONE_STATE|false|768com.android.soundrecorder:;android.permission.WRITE_EXTERNAL_STORAGE|false|8960;android.permission.READ_EXTERNAL_STORAGE|false|9088]
11-19 02:42:38.581 1499 2437 I wm_finish_activity: [0,8864191,26,com.android.permissioncontroller/.permission.ui.GrantPermissionsActivity,app-request]
11-19 02:42:38.598 1499 2437 I wm_pause_activity: [0,8864191,com.android.permissioncontroller/.permission.ui.GrantPermissionsActivity,userLeaving=false,finish]
11-19 02:42:38.615 1499 1831 I input_focus: [Focus leaving d728a42 com.android.permissioncontroller/com.android.permissioncontroller.permission.ui.GrantPermissionsActivity (server),reason=NO_WINDOW]
11-19 02:42:38.638 2344 2344 I wm_on_top_resumed_lost_called: [8864191,com.android.permissioncontroller.permission.ui.GrantPermissionsActivity,topStateChangedWhenResumed]
11-19 02:42:38.639 2344 2344 I wm_on_paused_called: [8864191,com.android.permissioncontroller.permission.ui.GrantPermissionsActivity,performPause]
11-19 02:42:38.639 1499 2389 I wm_add_to_stopping: [0,8864191,com.android.permissioncontroller/.permission.ui.GrantPermissionsActivity,completeFinishing]
11-19 02:42:38.641 1499 2389 I wm_set_resumed_activity: [0,com.android.soundrecorder/.util.PermissionUtils,resumeTopActivityInnerLocked]
11-19 02:42:38.646 1499 2389 I wm_resume_activity: [0,137522760,26,com.android.soundrecorder/.util.PermissionUtils]
11-19 02:42:38.658 1499 1638 I input_focus: [Focus request 5783adb com.android.soundrecorder/com.android.soundrecorder.util.PermissionUtils,reason=UpdateInputWindows]
11-19 02:42:38.658 1499 1637 I sysui_multi_action: [757,803,799,window_time_2,802,5]
11-19 02:42:38.666 5303 5303 I wm_on_activity_result_called: [137522760,com.android.soundrecorder.util.PermissionUtils,ACTIVITY_RESULT]
11-19 02:42:38.666 5303 5303 I wm_on_resume_called: [137522760,com.android.soundrecorder.util.PermissionUtils,RESUME_ACTIVITY]
11-19 02:42:38.666 5303 5303 I wm_on_top_resumed_gained_called: [137522760,com.android.soundrecorder.util.PermissionUtils,topWhenResuming]
11-19 02:42:38.676 1499 1831 I input_focus: [Focus entering 5783adb com.android.soundrecorder/com.android.soundrecorder.util.PermissionUtils (server),reason=setFocusedWindow]
11-19 02:42:38.685 1499 1638 I input_focus: [Focus request 21c5fb1 com.android.soundrecorder/com.android.soundrecorder.util.PermissionUtils,reason=UpdateInputWindows]
11-19 02:42:38.711 1499 1831 I input_focus: [Focus leaving 5783adb com.android.soundrecorder/com.android.soundrecorder.util.PermissionUtils (server),reason=setFocusedWindow]
11-19 02:42:38.711 1499 1831 I input_focus: [Focus entering 21c5fb1 com.android.soundrecorder/com.android.soundrecorder.util.PermissionUtils (server),reason=setFocusedWindow]
11-19 02:42:38.898 1499 1637 I wm_destroy_activity: [0,8864191,26,com.android.permissioncontroller/.permission.ui.GrantPermissionsActivity,finish-imm:idle]
11-19 02:42:38.979 2344 2344 I wm_on_stop_called: [8864191,com.android.permissioncontroller.permission.ui.GrantPermissionsActivity,LIFECYCLER_STOP_ACTIVITY]
11-19 02:42:38.980 2344 2344 I wm_on_destroy_called: [8864191,com.android.permissioncontroller.permission.ui.GrantPermissionsActivity,performDestroy]
11-19 02:42:40.096 1499 1831 I input_interaction: Interaction with: 21c5fb1 com.android.soundrecorder/com.android.soundrecorder.util.PermissionUtils (server), edge-swipe (server), swipe-up (server), PointerEventDispatcher0 (server),
11-19 02:42:40.312 1499 2389 I wm_finish_activity: [0,137522760,26,com.android.soundrecorder/.util.PermissionUtils,app-request]
11-19 02:42:40.313 1499 2389 I wm_task_moved: [1,1,6]
11-19 02:42:40.315 1499 2389 I wm_set_resumed_activity: [0,com.android.launcher3/.uioverrides.QuickstepLauncher,positionChildAt]
11-19 02:42:40.315 1499 2389 I wm_task_moved: [10,1,2147483647]
11-19 02:42:40.315 1499 2389 I wm_task_to_front: [0,10]
11-19 02:42:40.315 1499 2389 I wm_focused_root_task: [0,0,1,-1,finish-top adjustFocusToNextFocusableTask]
11-19 02:42:40.315 1499 2389 I wm_set_resumed_activity: [0,com.android.launcher3/.uioverrides.QuickstepLauncher,finish-top]
11-19 02:42:40.338 1499 2389 I wm_pause_activity: [0,137522760,com.android.soundrecorder/.util.PermissionUtils,userLeaving=false,finish]
11-19 02:42:40.343 1499 1638 I input_focus: [Focus request 632f7bf com.android.launcher3/com.android.launcher3.uioverrides.QuickstepLauncher,reason=UpdateInputWindows]
11-19 02:42:40.365 5303 5303 I wm_on_top_resumed_lost_called: [137522760,com.android.soundrecorder.util.PermissionUtils,topStateChangedWhenResumed]
11-19 02:42:40.366 2802 2802 I wm_on_top_resumed_gained_called: [19758722,com.android.launcher3.uioverrides.QuickstepLauncher,topStateChangedWhenResumed]
11-19 02:42:40.366 5303 5303 I wm_on_paused_called: [137522760,com.android.soundrecorder.util.PermissionUtils,performPause]
11-19 02:42:40.367 1499 2438 I wm_destroy_activity: [0,137522760,26,com.android.soundrecorder/.util.PermissionUtils,finish-imm:completePausedLocked]
11-19 02:42:40.369 1499 1831 I input_focus: [Focus entering 632f7bf com.android.launcher3/com.android.launcher3.uioverrides.QuickstepLauncher (server),reason=setFocusedWindow]
11-19 02:42:40.382 1499 1637 I sysui_multi_action: [757,803,799,window_time_2,802,1]
11-19 02:42:40.387 5303 5303 I wm_on_stop_called: [137522760,com.android.soundrecorder.util.PermissionUtils,LIFECYCLER_STOP_ACTIVITY]
11-19 02:42:40.387 5303 5303 I wm_on_destroy_called: [137522760,com.android.soundrecorder.util.PermissionUtils,performDestroy]
11-19 02:42:40.663 1499 1638 I wm_task_removed: [26,removeChild:removeChild last r=ActivityRecord{8326e48 u0 com.android.soundrecorder/.util.PermissionUtils t-1 f}} in t=Task{96ea930 #26 type=standard A=10060:com.android.soundrecorder U=0 visible=false mode=freeform translucent=true sz=0}]
11-19 02:42:40.663 1499 1638 I wm_task_removed: [26,removeChild]
11-19 02:42:41.901 1499 1831 I input_interaction: Interaction with: 947a81e StatusBar (server), edge-swipe (server), swipe-up (server), PointerEventDispatcher0 (server),
11-19 02:42:41.911 2342 2342 I sysui_multi_action: [757,803,799,panel_open,802,1]
11-19 02:42:41.914 2342 2342 I sysui_multi_action: [757,1328,758,4,1326,39,1327,1,1329,0]
11-19 02:42:42.012 1499 3537 I sysui_multi_action: [757,127,758,1]
11-19 02:42:42.013 1499 3537 I sysui_multi_action: [757,804,799,note_load,801,2,802,1]
11-19 02:42:42.013 1499 3537 I notification_panel_revealed: 2
11-19 02:42:42.021 2342 2342 I sysui_multi_action: [757,111,758,2]
11-19 02:42:42.022 1499 1499 I notification_enqueue: [10081,2342,com.android.systemui,2048,NULL,0,Notification(channel=updateNotification shortcut=null contentView=null vibrate=null sound=null defaults=0x0 flags=0x0 color=0x00000000 vis=PRIVATE),1]
11-19 02:42:42.022 2342 2342 I sysui_multi_action: [757,111,758,2]
11-19 02:42:42.044 1499 1638 I input_focus: [Focus request 574f5d NotificationShade,reason=UpdateInputWindows]
11-19 02:42:42.046 2342 2342 I sysui_multi_action: [757,111,758,1]
11-19 02:42:42.047 2342 2342 I sysui_multi_action: [757,126,758,1,759,126,927,0,928,0,1593,0]
11-19 02:42:42.047 2342 2342 I sysui_multi_action: [757,113,758,1,759,113,927,1,928,1,1593,0]
11-19 02:42:42.047 2342 2342 I sysui_multi_action: [757,0,758,1,759,0,927,2,928,0,1593,0]
11-19 02:42:42.047 2342 2342 I sysui_multi_action: [757,0,758,1,759,0,927,3,928,0,1593,0]
11-19 02:42:42.047 2342 2342 I sysui_multi_action: [757,491,758,1,759,491,927,4,928,0,1311,-1,1593,0]
11-19 02:42:42.047 2342 2342 I sysui_multi_action: [757,0,758,1,759,0,927,5,928,0,1593,0]
11-19 02:42:42.048 2342 2342 I sysui_multi_action: [757,111,758,1]
11-19 02:42:42.048 2342 2342 I sysui_multi_action: [757,126,758,1,759,126,927,0,928,0,1593,0]
11-19 02:42:42.048 2342 2342 I sysui_multi_action: [757,113,758,1,759,113,927,1,928,1,1593,0]
11-19 02:42:42.048 2342 2342 I sysui_multi_action: [757,0,758,1,759,0,927,2,928,0,1593,0]
11-19 02:42:42.048 2342 2342 I sysui_multi_action: [757,0,758,1,759,0,927,3,928,0,1593,0]
11-19 02:42:42.061 2342 2342 I sysui_multi_action: [757,111,758,2]
11-19 02:42:42.061 2342 2342 I sysui_multi_action: [757,111,758,2]
11-19 02:42:42.062 1499 1499 I notification_enqueue: [10081,2342,com.android.systemui,2048,NULL,0,Notification(channel=updateNotification shortcut=null contentView=null vibrate=null sound=null defaults=0x0 flags=0x0 color=0x00000000 vis=PRIVATE),1]
11-19 02:42:42.066 2342 2342 I sysui_multi_action: [757,111,758,1]
11-19 02:42:42.066 2342 2342 I sysui_multi_action: [757,126,758,1,759,126,927,0,928,0,1593,0]
11-19 02:42:42.066 2342 2342 I sysui_multi_action: [757,113,758,1,759,113,927,1,928,1,1593,0]
11-19 02:42:42.066 2342 2342 I sysui_multi_action: [757,0,758,1,759,0,927,2,928,0,1593,0]
11-19 02:42:42.066 2342 2342 I sysui_multi_action: [757,0,758,1,759,0,927,3,928,0,1593,0]
11-19 02:42:42.067 2342 2342 I sysui_multi_action: [757,491,758,1,759,491,927,4,928,0,1311,-1,1593,0]
11-19 02:42:42.067 2342 2342 I sysui_multi_action: [757,0,758,1,759,0,927,5,928,0,1593,0]
11-19 02:42:42.067 2342 2342 I sysui_multi_action: [757,111,758,1]
11-19 02:42:42.067 2342 2342 I sysui_multi_action: [757,126,758,1,759,126,927,0,928,0,1593,0]
11-19 02:42:42.067 2342 2342 I sysui_multi_action: [757,113,758,1,759,113,927,1,928,1,1593,0]
11-19 02:42:42.067 2342 2342 I sysui_multi_action: [757,0,758,1,759,0,927,2,928,0,1593,0]
11-19 02:42:42.067 2342 2342 I sysui_multi_action: [757,0,758,1,759,0,927,3,928,0,1593,0]
11-19 02:42:42.071 1499 1831 I input_focus: [Focus leaving 632f7bf com.android.launcher3/com.android.launcher3.uioverrides.QuickstepLauncher (server),reason=setFocusedWindow]
11-19 02:42:42.071 1499 1831 I input_focus: [Focus entering 574f5d NotificationShade (server),reason=setFocusedWindow]
11-19 02:42:42.082 2342 2342 I sysui_multi_action: [757,111,758,2]
11-19 02:42:42.083 2342 2342 I sysui_multi_action: [757,111,758,2]
11-19 02:42:42.084 1499 1499 I notification_enqueue: [10081,2342,com.android.systemui,2048,NULL,0,Notification(channel=updateNotification shortcut=null contentView=null vibrate=null sound=null defaults=0x0 flags=0x0 color=0x00000000 vis=PRIVATE),1]
11-19 02:42:42.089 2342 2342 I sysui_multi_action: [757,111,758,1]
11-19 02:42:42.089 2342 2342 I sysui_multi_action: [757,126,758,1,759,126,927,0,928,0,1593,0]
11-19 02:42:42.089 2342 2342 I sysui_multi_action: [757,113,758,1,759,113,927,1,928,1,1593,0]
11-19 02:42:42.089 2342 2342 I sysui_multi_action: [757,0,758,1,759,0,927,2,928,0,1593,0]
11-19 02:42:42.089 2342 2342 I sysui_multi_action: [757,0,758,1,759,0,927,3,928,0,1593,0]
11-19 02:42:42.090 2342 2342 I sysui_multi_action: [757,491,758,1,759,491,927,4,928,0,1311,-1,1593,0]
11-19 02:42:42.090 2342 2342 I sysui_multi_action: [757,0,758,1,759,0,927,5,928,0,1593,0]
11-19 02:42:42.090 2342 2342 I sysui_multi_action: [757,111,758,1]
11-19 02:42:42.090 2342 2342 I sysui_multi_action: [757,126,758,1,759,126,927,0,928,0,1593,0]
11-19 02:42:42.090 2342 2342 I sysui_multi_action: [757,113,758,1,759,113,927,1,928,1,1593,0]
11-19 02:42:42.090 2342 2342 I sysui_multi_action: [757,0,758,1,759,0,927,2,928,0,1593,0]
11-19 02:42:42.090 2342 2342 I sysui_multi_action: [757,0,758,1,759,0,927,3,928,0,1593,0]
11-19 02:42:42.101 2342 2342 I sysui_multi_action: [757,111,758,2]
11-19 02:42:42.101 1499 1499 I notification_enqueue: [10081,2342,com.android.systemui,2048,NULL,0,Notification(channel=updateNotification shortcut=null contentView=null vibrate=null sound=null defaults=0x0 flags=0x0 color=0x00000000 vis=PRIVATE),1]
11-19 02:42:42.102 2342 2342 I sysui_multi_action: [757,111,758,2]
11-19 02:42:42.106 2342 2342 I sysui_multi_action: [757,111,758,1]
11-19 02:42:42.106 2342 2342 I sysui_multi_action: [757,126,758,1,759,126,927,0,928,0,1593,0]
11-19 02:42:42.106 2342 2342 I sysui_multi_action: [757,113,758,1,759,113,927,1,928,1,1593,0]
11-19 02:42:42.106 2342 2342 I sysui_multi_action: [757,0,758,1,759,0,927,2,928,0,1593,0]
11-19 02:42:42.106 2342 2342 I sysui_multi_action: [757,0,758,1,759,0,927,3,928,0,1593,0]
11-19 02:42:42.106 2342 2342 I sysui_multi_action: [757,491,758,1,759,491,927,4,928,0,1311,-1,1593,0]
11-19 02:42:42.106 2342 2342 I sysui_multi_action: [757,0,758,1,759,0,927,5,928,0,1593,0]
11-19 02:42:42.106 2342 2342 I sysui_multi_action: [757,111,758,1]
11-19 02:42:42.107 2342 2342 I sysui_multi_action: [757,126,758,1,759,126,927,0,928,0,1593,0]
11-19 02:42:42.107 2342 2342 I sysui_multi_action: [757,113,758,1,759,113,927,1,928,1,1593,0]
11-19 02:42:42.107 2342 2342 I sysui_multi_action: [757,0,758,1,759,0,927,2,928,0,1593,0]
11-19 02:42:42.107 2342 2342 I sysui_multi_action: [757,0,758,1,759,0,927,3,928,0,1593,0]
11-19 02:42:42.126 2342 2342 I sysui_multi_action: [757,111,758,2]
11-19 02:42:42.126 1499 1499 I notification_enqueue: [10081,2342,com.android.systemui,2048,NULL,0,Notification(channel=updateNotification shortcut=null contentView=null vibrate=null sound=null defaults=0x0 flags=0x0 color=0x00000000 vis=PRIVATE),1]
11-19 02:42:42.126 2342 2342 I sysui_multi_action: [757,111,758,2]
11-19 02:42:42.135 2342 2342 I sysui_multi_action: [757,111,758,1]
11-19 02:42:42.135 2342 2342 I sysui_multi_action: [757,126,758,1,759,126,927,0,928,0,1593,0]
11-19 02:42:42.135 2342 2342 I sysui_multi_action: [757,113,758,1,759,113,927,1,928,1,1593,0]
11-19 02:42:42.135 2342 2342 I sysui_multi_action: [757,0,758,1,759,0,927,2,928,0,1593,0]
11-19 02:42:42.135 2342 2342 I sysui_multi_action: [757,0,758,1,759,0,927,3,928,0,1593,0]
11-19 02:42:42.136 2342 2342 I sysui_multi_action: [757,491,758,1,759,491,927,4,928,0,1311,-1,1593,0]
11-19 02:42:42.136 2342 2342 I sysui_multi_action: [757,0,758,1,759,0,927,5,928,0,1593,0]
11-19 02:42:42.136 2342 2342 I sysui_multi_action: [757,111,758,1]
11-19 02:42:42.136 2342 2342 I sysui_multi_action: [757,126,758,1,759,126,927,0,928,0,1593,0]
11-19 02:42:42.136 2342 2342 I sysui_multi_action: [757,113,758,1,759,113,927,1,928,1,1593,0]
11-19 02:42:42.136 2342 2342 I sysui_multi_action: [757,0,758,1,759,0,927,2,928,0,1593,0]
11-19 02:42:42.137 2342 2342 I sysui_multi_action: [757,0,758,1,759,0,927,3,928,0,1593,0]
11-19 02:42:42.152 2342 2342 I sysui_multi_action: [757,111,758,2]
11-19 02:42:42.152 2342 2342 I sysui_multi_action: [757,111,758,2]
11-19 02:42:42.153 1499 1499 I notification_enqueue: [10081,2342,com.android.systemui,2048,NULL,0,Notification(channel=updateNotification shortcut=null contentView=null vibrate=null sound=null defaults=0x0 flags=0x0 color=0x00000000 vis=PRIVATE),1]
11-19 02:42:42.157 2342 2342 I sysui_multi_action: [757,111,758,1]
11-19 02:42:42.157 2342 2342 I sysui_multi_action: [757,126,758,1,759,126,927,0,928,0,1593,0]
11-19 02:42:42.157 2342 2342 I sysui_multi_action: [757,113,758,1,759,113,927,1,928,1,1593,0]
11-19 02:42:42.157 2342 2342 I sysui_multi_action: [757,0,758,1,759,0,927,2,928,0,1593,0]
11-19 02:42:42.157 2342 2342 I sysui_multi_action: [757,0,758,1,759,0,927,3,928,0,1593,0]
11-19 02:42:42.157 2342 2342 I sysui_multi_action: [757,491,758,1,759,491,927,4,928,0,1311,-1,1593,0]
11-19 02:42:42.157 2342 2342 I sysui_multi_action: [757,0,758,1,759,0,927,5,928,0,1593,0]
11-19 02:42:42.157 2342 2342 I sysui_multi_action: [757,111,758,1]
11-19 02:42:42.158 2342 2342 I sysui_multi_action: [757,126,758,1,759,126,927,0,928,0,1593,0]
11-19 02:42:42.158 2342 2342 I sysui_multi_action: [757,113,758,1,759,113,927,1,928,1,1593,0]
11-19 02:42:42.158 2342 2342 I sysui_multi_action: [757,0,758,1,759,0,927,2,928,0,1593,0]
11-19 02:42:42.158 2342 2342 I sysui_multi_action: [757,0,758,1,759,0,927,3,928,0,1593,0]
11-19 02:42:42.577 1499 2761 I sysui_multi_action: [757,128,758,1,793,4963767,794,0,795,4963767,796,26,798,0,806,android,857,DEVELOPER_IMPORTANT,858,4,947,0,1395,2,1500,4963563,1688,1]
11-19 02:42:42.577 1499 2761 I sysui_multi_action: [757,804,799,note_freshness,801,4963767,802,1]
11-19 02:42:42.577 1499 2761 I notification_visibility: [-1|android|26|null|1000,1,4963767,4963767,0,0]
11-19 02:42:42.577 1499 2761 I sysui_multi_action: [757,128,758,1,793,5018340,794,0,795,5018340,796,32,798,1,806,android,857,USB,858,1,947,0,1395,2,1500,5017663,1688,1]
11-19 02:42:42.578 1499 2761 I sysui_multi_action: [757,804,799,note_freshness,801,5018340,802,1]
11-19 02:42:42.578 1499 2761 I notification_visibility: [-1|android|32|null|1000,1,5018340,5018340,0,1]
11-19 02:42:43.935 1499 1831 I input_interaction: Interaction with: 574f5d NotificationShade (server), edge-swipe (server), swipe-up (server), PointerEventDispatcher0 (server),
11-19 02:42:44.063 2342 2342 I sysui_multi_action: [757,925,758,4,759,126,927,0,928,0,1592,0,1593,1]
11-19 02:42:44.122 1499 2438 D TelephonyRegistry: listen oscl: mHasNotifySubscriptionInfoChangedOccurred==false no callback
11-19 02:42:44.129 2342 2342 W CarrierConfigManager: Error getting config for subId -1 ICarrierConfigLoader is null
11-19 02:42:44.149 1499 1638 I input_focus: [Focus request 6b03ef4 InternetDialog,reason=UpdateInputWindows]
11-19 02:42:44.175 1499 1831 I input_focus: [Focus leaving 574f5d NotificationShade (server),reason=setFocusedWindow]
11-19 02:42:44.175 1499 1831 I input_focus: [Focus entering 6b03ef4 InternetDialog (server),reason=setFocusedWindow]
11-19 02:42:45.760 1499 1831 I input_interaction: Interaction with: 6b03ef4 InternetDialog (server), edge-swipe (server), swipe-up (server), PointerEventDispatcher0 (server),
11-19 02:42:46.179 1499 1759 I commit_sys_config_file: [settings-0-0,8]
11-19 02:42:48.692 1499 1671 I commit_sys_config_file: [package-user-0,3]
11-19 02:42:48.693 1499 1671 I commit_sys_config_file: [package,63]
11-19 02:42:50.686 1499 2389 I wm_task_created: [28,-1]
11-19 02:42:50.692 1499 2389 I wm_task_moved: [28,1,6]
11-19 02:42:50.692 1499 2389 I wm_task_to_front: [0,28]
11-19 02:42:50.693 1499 2389 I wm_create_task: [0,28]
11-19 02:42:50.693 1499 2389 I wm_create_activity: [0,87145382,28,com.android.settings/.wifi.WifiDialogActivity,com.android.settings.WIFI_DIALOG,NULL,NULL,478674944]
11-19 02:42:50.693 1499 2389 I wm_task_moved: [28,1,6]
11-19 02:42:50.693 2802 2802 I wm_on_top_resumed_lost_called: [19758722,com.android.launcher3.uioverrides.QuickstepLauncher,topStateChangedWhenResumed]
11-19 02:42:50.694 1499 2389 I wm_pause_activity: [0,19758722,com.android.launcher3/.uioverrides.QuickstepLauncher,userLeaving=true,pauseBackTasks]
11-19 02:42:50.702 2802 2802 I wm_on_paused_called: [19758722,com.android.launcher3.uioverrides.QuickstepLauncher,performPause]
11-19 02:42:50.717 1499 1637 I sysui_multi_action: [757,803,799,window_time_0,802,11]
11-19 02:42:50.727 1499 1646 I am_proc_start: [0,6725,1000,com.android.settings,pre-top-activity,{com.android.settings/com.android.settings.wifi.WifiDialogActivity}]
11-19 02:42:50.755 1499 2389 I am_proc_bound: [0,6725,com.android.settings]
11-19 02:42:50.761 1499 2389 I wm_restart_activity: [0,87145382,28,com.android.settings/.wifi.WifiDialogActivity]
11-19 02:42:50.763 1499 2389 I wm_set_resumed_activity: [0,com.android.settings/.wifi.WifiDialogActivity,minimalResumeActivityLocked]
11-19 02:42:50.816 6725 6725 I wm_on_create_called: [87145382,com.android.settings.wifi.WifiDialogActivity,performCreate]
11-19 02:42:50.864 6725 6725 I wm_on_start_called: [87145382,com.android.settings.wifi.WifiDialogActivity,handleStartActivity]
11-19 02:42:50.866 6725 6725 I wm_on_resume_called: [87145382,com.android.settings.wifi.WifiDialogActivity,RESUME_ACTIVITY]
11-19 02:42:50.868 6725 6725 I wm_on_top_resumed_gained_called: [87145382,com.android.settings.wifi.WifiDialogActivity,topStateChangedWhenResumed]
11-19 02:42:50.887 1499 1638 I input_focus: [Focus request bd5c5e2 Xiaomi-367r,reason=UpdateInputWindows]
11-19 02:42:50.906 1499 1831 I input_focus: [Focus leaving 6b03ef4 InternetDialog (server),reason=Waiting for window because NOT_VISIBLE]
11-19 02:42:50.941 1499 1634 I sysui_multi_action: [319,258,322,258,325,5050,757,761,758,7,759,2,806,com.android.settings,871,com.android.settings.wifi.WifiDialogActivity,904,com.android.systemui,905,0,945,80,1320,8,1321,5]
11-19 02:42:50.942 1499 1634 I wm_activity_launch_time: [0,87145382,com.android.settings/.wifi.WifiDialogActivity,258]
11-19 02:42:50.956 1499 1831 I input_focus: [Focus entering bd5c5e2 Xiaomi-367r (server),reason=Window became focusable. Previous reason: NOT_VISIBLE]
11-19 02:42:51.372 1499 5517 I am_uid_running: 10070
11-19 02:42:51.376 1499 1646 I am_proc_start: [0,6856,10070,com.android.webview:webview_service,service,{com.android.webview/org.chromium.android_webview.services.VariationsSeedServer}]
11-19 02:42:51.395 1499 2762 I am_proc_bound: [0,6856,com.android.webview:webview_service]
11-19 02:42:51.400 1499 2762 I am_uid_active: 10070
11-19 02:42:51.410 1499 1759 I commit_sys_config_file: [settings-3-0,5]
11-19 02:42:51.413 1499 1759 I commit_sys_config_file: [settings-1-0,3]
11-19 02:42:54.617 1499 1831 I input_interaction: Interaction with: da0927 InputMethod (server), edge-swipe (server), swipe-up (server), PointerEventDispatcher0 (server),
11-19 02:43:01.222 1499 1636 I commit_sys_config_file: [uri-grants,8]
11-19 02:43:01.236 1499 1671 I commit_sys_config_file: [package-user-0,6]
11-19 02:43:05.978 1499 1831 I input_interaction: Interaction with: bd5c5e2 Xiaomi-367r (server), edge-swipe (server), swipe-up (server), PointerEventDispatcher0 (server),
11-19 02:43:06.117 1499 2762 I wm_finish_activity: [0,87145382,28,com.android.settings/.wifi.WifiDialogActivity,app-request]
11-19 02:43:06.117 1499 2762 I wm_task_moved: [1,1,6]
11-19 02:43:06.118 1499 2762 I wm_task_moved: [10,1,2147483647]
11-19 02:43:06.118 1499 2762 I wm_task_to_front: [0,10]
11-19 02:43:06.119 1499 2762 I wm_focused_root_task: [0,0,1,-1,finish-top adjustFocusToNextFocusableTask]
11-19 02:43:06.141 1499 2762 I wm_pause_activity: [0,87145382,com.android.settings/.wifi.WifiDialogActivity,userLeaving=false,finish]
11-19 02:43:06.165 6725 6725 I wm_on_top_resumed_lost_called: [87145382,com.android.settings.wifi.WifiDialogActivity,topStateChangedWhenResumed]
11-19 02:43:06.167 1499 1638 I input_focus: [Focus request 6b03ef4 InternetDialog,reason=UpdateInputWindows]
11-19 02:43:06.175 6725 6725 I wm_on_paused_called: [87145382,com.android.settings.wifi.WifiDialogActivity,performPause]
11-19 02:43:06.191 1499 2437 I wm_set_resumed_activity: [0,com.android.launcher3/.uioverrides.QuickstepLauncher,resumeTopActivityInnerLocked]
11-19 02:43:06.196 1499 1831 I input_focus: [Focus entering 6b03ef4 InternetDialog (server),reason=setFocusedWindow]
11-19 02:43:06.197 1499 2437 I wm_resume_activity: [0,19758722,10,com.android.launcher3/.uioverrides.QuickstepLauncher]
11-19 02:43:06.199 2802 2802 I wm_on_resume_called: [19758722,com.android.launcher3.uioverrides.QuickstepLauncher,RESUME_ACTIVITY]
11-19 02:43:06.199 2802 2802 I wm_on_top_resumed_gained_called: [19758722,com.android.launcher3.uioverrides.QuickstepLauncher,topWhenResuming]
11-19 02:43:06.238 1499 1637 I sysui_multi_action: [757,803,799,window_time_0,802,15]
11-19 02:43:06.258 1499 2432 I wm_destroy_activity: [0,87145382,28,com.android.settings/.wifi.WifiDialogActivity,finish-idle]
11-19 02:43:06.264 6725 6725 I wm_on_stop_called: [87145382,com.android.settings.wifi.WifiDialogActivity,LIFECYCLER_STOP_ACTIVITY]
11-19 02:43:06.267 6725 6725 I wm_on_destroy_called: [87145382,com.android.settings.wifi.WifiDialogActivity,performDestroy]
11-19 02:43:06.314 1499 1644 I am_pss : [5303,10060,com.android.soundrecorder,21100544,15310848,0,139644928,0,18,7]
11-19 02:43:06.327 1499 1644 I am_pss : [4805,10050,com.thundercomm.screensaver,28346368,21606400,0,148688896,0,19,7]
11-19 02:43:06.334 1499 1644 I am_pss : [6619,10090,com.android.music,7014400,4812800,0,90898432,0,19,5]
11-19 02:43:06.475 1499 1638 I wm_task_removed: [28,removeChild:removeChild last r=ActivityRecord{531bba6 u0 com.android.settings/.wifi.WifiDialogActivity t-1 f}} in t=Task{6be1d1d #28 type=standard A=1000:com.android.settings U=0 visible=false mode=fullscreen translucent=true sz=0}]
11-19 02:43:06.475 1499 1638 I wm_task_removed: [28,removeChild]
11-19 02:43:06.853 1499 2268 I netstats_mobile_sample: [0,0,0,0,0,0,0,0,0,0,0,0,1668796986853]
11-19 02:43:06.853 1499 2268 I netstats_wifi_sample: [0,0,0,0,0,0,0,0,0,0,0,0,1668796986853]
11-19 02:43:07.158 1499 2279 I netstats_mobile_sample: [0,0,0,0,0,0,0,0,0,0,0,0,1668796987158]
11-19 02:43:07.158 1499 2279 I netstats_wifi_sample: [0,0,0,0,0,0,0,0,0,0,0,0,1668796987158]
11-19 02:43:07.955 1499 2279 I netstats_mobile_sample: [0,0,0,0,0,0,0,0,0,0,0,0,1668796987955]
11-19 02:43:07.955 1499 2279 I netstats_wifi_sample: [0,0,0,0,0,0,0,0,0,0,0,0,1668796987955]
11-19 02:43:07.980 1499 2279 I netstats_mobile_sample: [0,0,0,0,0,0,0,0,0,0,0,0,1668796987980]
11-19 02:43:07.980 1499 2279 I netstats_wifi_sample: [0,0,0,0,0,0,0,0,0,0,0,0,1668796987980]
11-19 02:43:08.027 1499 2279 I netstats_mobile_sample: [0,0,0,0,0,0,0,0,0,0,0,0,1668796988027]
11-19 02:43:08.027 1499 2279 I netstats_wifi_sample: [0,0,0,0,0,0,0,0,0,0,0,0,1668796988027]
11-19 02:43:08.044 1499 2279 I netstats_mobile_sample: [0,0,0,0,0,0,0,0,0,0,0,0,1668796988044]
11-19 02:43:08.044 1499 2279 I netstats_wifi_sample: [0,0,0,0,0,0,0,0,0,0,0,0,1668796988044]
11-19 02:43:08.107 1499 4678 I am_uid_running: 10089
11-19 02:43:08.114 1499 1646 I am_proc_start: [0,6936,10089,com.qualcomm.qti.qccauthmgr,content provider,{com.qualcomm.qti.qccauthmgr/com.qualcomm.qti.qccauthmgr.providers.SMQContentProvider}]
11-19 02:43:08.131 1499 4678 I am_proc_bound: [0,6936,com.qualcomm.qti.qccauthmgr]
11-19 02:43:08.134 1499 4678 I am_uid_active: 10089
11-19 02:43:08.352 1499 2279 I service_manager_stats: [100,88,30838]
11-19 02:43:08.360 1499 2279 I netstats_mobile_sample: [0,0,0,0,0,0,0,0,0,0,0,0,1668796988360]
11-19 02:43:08.361 1499 2279 I netstats_wifi_sample: [18440,27,4522,42,17428,26,4470,41,17300,25,4337,40,1668796988360]
11-19 02:43:08.359 1499 1499 I auditd : type=1400 audit(0.0:569): avc: denied { sys_module } for comm="Binder:1499_16" capability=16 scontext=u:r:system_server:s0 tcontext=u:r:system_server:s0 tclass=capability permissive=0
11-19 02:43:08.359 1499 1499 I auditd : type=1400 audit(0.0:570): avc: denied { sys_module } for comm="Binder:1499_16" capability=16 scontext=u:r:system_server:s0 tcontext=u:r:system_server:s0 tclass=capability permissive=0
11-19 02:43:10.167 7111 7111 I auditd : type=1400 audit(0.0:571): avc: denied { read } for comm="cat" name="uptime" dev="proc" ino=4026532246 scontext=u:r:priv_app:s0:c512,c768 tcontext=u:object_r:proc_uptime:s0 tclass=file permissive=0 app=com.baidu.input
11-19 02:43:10.179 3646 3646 I auditd : type=1400 audit(0.0:572): avc: denied { read } for comm="sec-1-thread-5" name="u:object_r:bluetooth_prop:s0" dev="tmpfs" ino=3132 scontext=u:r:priv_app:s0:c512,c768 tcontext=u:object_r:bluetooth_prop:s0 tclass=file permissive=0 app=com.baidu.input
11-19 02:43:10.179 3646 3646 I auditd : type=1400 audit(0.0:573): avc: denied { search } for comm="sec-1-thread-5" name="asound" dev="proc" ino=4026532151 scontext=u:r:priv_app:s0:c512,c768 tcontext=u:object_r:proc_asound:s0 tclass=dir permissive=0 app=com.baidu.input
11-19 02:43:10.179 3646 3646 I auditd : type=1400 audit(0.0:574): avc: denied { search } for comm="sec-1-thread-5" name="asound" dev="proc" ino=4026532151 scontext=u:r:priv_app:s0:c512,c768 tcontext=u:object_r:proc_asound:s0 tclass=dir permissive=0 app=com.baidu.input
11-19 02:43:10.179 3646 3646 I auditd : type=1400 audit(0.0:575): avc: denied { search } for comm="sec-1-thread-5" name="asound" dev="proc" ino=4026532151 scontext=u:r:priv_app:s0:c512,c768 tcontext=u:object_r:proc_asound:s0 tclass=dir permissive=0 app=com.baidu.input
11-19 02:43:11.495 1499 1831 I input_interaction: Interaction with: 6b03ef4 InternetDialog (server), edge-swipe (server), swipe-up (server), PointerEventDispatcher0 (server),
11-19 02:43:11.590 1499 1638 I input_focus: [Focus request 574f5d NotificationShade,reason=UpdateInputWindows]
11-19 02:43:11.607 1499 1831 I input_focus: [Focus entering 574f5d NotificationShade (server),reason=setFocusedWindow]
11-19 02:43:11.715 3646 3646 I auditd : type=1400 audit(0.0:718): avc: denied { read } for comm="sec-1-thread-1" name="u:object_r:bluetooth_prop:s0" dev="tmpfs" ino=3132 scontext=u:r:priv_app:s0:c512,c768 tcontext=u:object_r:bluetooth_prop:s0 tclass=file permissive=0 app=com.baidu.input
11-19 02:43:11.715 3646 3646 I auditd : type=1400 audit(0.0:719): avc: denied { search } for comm="sec-1-thread-1" name="asound" dev="proc" ino=4026532151 scontext=u:r:priv_app:s0:c512,c768 tcontext=u:object_r:proc_asound:s0 tclass=dir permissive=0 app=com.baidu.input
11-19 02:43:11.715 3646 3646 I auditd : type=1400 audit(0.0:720): avc: denied { search } for comm="sec-1-thread-1" name="asound" dev="proc" ino=4026532151 scontext=u:r:priv_app:s0:c512,c768 tcontext=u:object_r:proc_asound:s0 tclass=dir permissive=0 app=com.baidu.input
11-19 02:43:11.719 3646 3646 I auditd : type=1400 audit(0.0:721): avc: denied { search } for comm="sec-1-thread-1" name="asound" dev="proc" ino=4026532151 scontext=u:r:priv_app:s0:c512,c768 tcontext=u:object_r:proc_asound:s0 tclass=dir permissive=0 app=com.baidu.input
11-19 02:43:11.719 3646 3646 I auditd : type=1400 audit(0.0:722): avc: denied { search } for comm="sec-1-thread-1" name="asound" dev="proc" ino=4026532151 scontext=u:r:priv_app:s0:c512,c768 tcontext=u:object_r:proc_asound:s0 tclass=dir permissive=0 app=com.baidu.input
11-19 02:43:12.191 1499 1831 I input_interaction: Interaction with: 574f5d NotificationShade (server), edge-swipe (server), swipe-up (server), PointerEventDispatcher0 (server),
11-19 02:43:12.560 1499 1499 I notification_enqueue: [10081,2342,com.android.systemui,2048,NULL,0,Notification(channel=updateNotification shortcut=null contentView=null vibrate=null sound=null defaults=0x0 flags=0x0 color=0x00000000 vis=PRIVATE),1]
11-19 02:43:12.561 2342 2342 I sysui_multi_action: [757,111,758,2]
11-19 02:43:12.561 2342 2342 I sysui_multi_action: [757,111,758,2]
11-19 02:43:12.569 2342 2342 I sysui_multi_action: [757,111,758,1]
11-19 02:43:12.569 2342 2342 I sysui_multi_action: [757,126,758,1,759,126,927,0,928,1,1593,1]
11-19 02:43:12.569 2342 2342 I sysui_multi_action: [757,113,758,1,759,113,927,1,928,1,1593,1]
11-19 02:43:12.569 2342 2342 I sysui_multi_action: [757,0,758,1,759,0,927,2,928,0,1593,1]
11-19 02:43:12.569 2342 2342 I sysui_multi_action: [757,0,758,1,759,0,927,3,928,0,1593,1]
11-19 02:43:12.570 2342 2342 I sysui_multi_action: [757,491,758,1,759,491,927,4,928,0,1311,-1,1593,0]
11-19 02:43:12.570 2342 2342 I sysui_multi_action: [757,0,758,1,759,0,927,5,928,0,1593,0]
11-19 02:43:12.570 2342 2342 I sysui_multi_action: [757,111,758,1]
11-19 02:43:12.570 2342 2342 I sysui_multi_action: [757,126,758,1,759,126,927,0,928,1,1593,1]
11-19 02:43:12.570 2342 2342 I sysui_multi_action: [757,113,758,1,759,113,927,1,928,1,1593,1]
11-19 02:43:12.571 2342 2342 I sysui_multi_action: [757,0,758,1,759,0,927,2,928,0,1593,1]
11-19 02:43:12.571 2342 2342 I sysui_multi_action: [757,0,758,1,759,0,927,3,928,0,1593,1]
11-19 02:43:12.587 2342 2342 I sysui_multi_action: [757,111,758,2]
11-19 02:43:12.587 1499 1499 I notification_enqueue: [10081,2342,com.android.systemui,2048,NULL,0,Notification(channel=updateNotification shortcut=null contentView=null vibrate=null sound=null defaults=0x0 flags=0x0 color=0x00000000 vis=PRIVATE),1]
11-19 02:43:12.587 2342 2342 I sysui_multi_action: [757,111,758,2]
11-19 02:43:12.594 2342 2342 I sysui_multi_action: [757,111,758,1]
11-19 02:43:12.594 2342 2342 I sysui_multi_action: [757,126,758,1,759,126,927,0,928,1,1593,1]
11-19 02:43:12.594 2342 2342 I sysui_multi_action: [757,113,758,1,759,113,927,1,928,1,1593,1]
11-19 02:43:12.594 2342 2342 I sysui_multi_action: [757,0,758,1,759,0,927,2,928,0,1593,1]
11-19 02:43:12.594 2342 2342 I sysui_multi_action: [757,0,758,1,759,0,927,3,928,0,1593,1]
11-19 02:43:12.595 2342 2342 I sysui_multi_action: [757,491,758,1,759,491,927,4,928,0,1311,-1,1593,0]
11-19 02:43:12.595 2342 2342 I sysui_multi_action: [757,0,758,1,759,0,927,5,928,0,1593,0]
11-19 02:43:12.595 2342 2342 I sysui_multi_action: [757,111,758,1]
11-19 02:43:12.595 2342 2342 I sysui_multi_action: [757,126,758,1,759,126,927,0,928,1,1593,1]
11-19 02:43:12.595 2342 2342 I sysui_multi_action: [757,113,758,1,759,113,927,1,928,1,1593,1]
11-19 02:43:12.595 2342 2342 I sysui_multi_action: [757,0,758,1,759,0,927,2,928,0,1593,1]
11-19 02:43:12.595 2342 2342 I sysui_multi_action: [757,0,758,1,759,0,927,3,928,0,1593,1]
11-19 02:43:12.610 1499 1499 I notification_enqueue: [10081,2342,com.android.systemui,2048,NULL,0,Notification(channel=updateNotification shortcut=null contentView=null vibrate=null sound=null defaults=0x0 flags=0x0 color=0x00000000 vis=PRIVATE),1]
11-19 02:43:12.611 2342 2342 I sysui_multi_action: [757,111,758,2]
11-19 02:43:12.611 2342 2342 I sysui_multi_action: [757,111,758,2]
11-19 02:43:12.615 2342 2342 I sysui_multi_action: [757,111,758,1]
11-19 02:43:12.615 2342 2342 I sysui_multi_action: [757,126,758,1,759,126,927,0,928,1,1593,0]
11-19 02:43:12.615 2342 2342 I sysui_multi_action: [757,113,758,1,759,113,927,1,928,1,1593,0]
11-19 02:43:12.615 2342 2342 I sysui_multi_action: [757,0,758,1,759,0,927,2,928,0,1593,0]
11-19 02:43:12.616 2342 2342 I sysui_multi_action: [757,0,758,1,759,0,927,3,928,0,1593,0]
11-19 02:43:12.616 2342 2342 I sysui_multi_action: [757,491,758,1,759,491,927,4,928,0,1311,-1,1593,0]
11-19 02:43:12.616 2342 2342 I sysui_multi_action: [757,0,758,1,759,0,927,5,928,0,1593,0]
11-19 02:43:12.616 2342 2342 I sysui_multi_action: [757,111,758,1]
11-19 02:43:12.616 2342 2342 I sysui_multi_action: [757,126,758,1,759,126,927,0,928,1,1593,0]
11-19 02:43:12.616 2342 2342 I sysui_multi_action: [757,113,758,1,759,113,927,1,928,1,1593,0]
11-19 02:43:12.616 2342 2342 I sysui_multi_action: [757,0,758,1,759,0,927,2,928,0,1593,0]
11-19 02:43:12.616 2342 2342 I sysui_multi_action: [757,0,758,1,759,0,927,3,928,0,1593,0]
11-19 02:43:12.628 2342 2342 I sysui_multi_action: [757,111,758,2]
11-19 02:43:12.628 1499 1499 I notification_enqueue: [10081,2342,com.android.systemui,2048,NULL,0,Notification(channel=updateNotification shortcut=null contentView=null vibrate=null sound=null defaults=0x0 flags=0x0 color=0x00000000 vis=PRIVATE),1]
11-19 02:43:12.628 2342 2342 I sysui_multi_action: [757,111,758,2]
11-19 02:43:12.633 2342 2342 I sysui_multi_action: [757,111,758,1]
11-19 02:43:12.633 2342 2342 I sysui_multi_action: [757,126,758,1,759,126,927,0,928,1,1593,1]
11-19 02:43:12.633 2342 2342 I sysui_multi_action: [757,113,758,1,759,113,927,1,928,1,1593,1]
11-19 02:43:12.633 2342 2342 I sysui_multi_action: [757,0,758,1,759,0,927,2,928,0,1593,1]
11-19 02:43:12.633 2342 2342 I sysui_multi_action: [757,0,758,1,759,0,927,3,928,0,1593,1]
11-19 02:43:12.633 2342 2342 I sysui_multi_action: [757,491,758,1,759,491,927,4,928,0,1311,-1,1593,0]
11-19 02:43:12.633 2342 2342 I sysui_multi_action: [757,0,758,1,759,0,927,5,928,0,1593,0]
11-19 02:43:12.633 2342 2342 I sysui_multi_action: [757,111,758,1]
11-19 02:43:12.633 2342 2342 I sysui_multi_action: [757,126,758,1,759,126,927,0,928,1,1593,1]
11-19 02:43:12.634 2342 2342 I sysui_multi_action: [757,113,758,1,759,113,927,1,928,1,1593,1]
11-19 02:43:12.634 2342 2342 I sysui_multi_action: [757,0,758,1,759,0,927,2,928,0,1593,1]
11-19 02:43:12.634 2342 2342 I sysui_multi_action: [757,0,758,1,759,0,927,3,928,0,1593,1]
11-19 02:43:12.644 2342 2342 I sysui_multi_action: [757,111,758,2]
11-19 02:43:12.644 2342 2342 I sysui_multi_action: [757,111,758,2]
11-19 02:43:12.644 1499 1499 I notification_enqueue: [10081,2342,com.android.systemui,2048,NULL,0,Notification(channel=updateNotification shortcut=null contentView=null vibrate=null sound=null defaults=0x0 flags=0x0 color=0x00000000 vis=PRIVATE),1]
11-19 02:43:12.647 2342 2342 I sysui_multi_action: [757,111,758,1]
11-19 02:43:12.648 2342 2342 I sysui_multi_action: [757,126,758,1,759,126,927,0,928,1,1593,0]
11-19 02:43:12.648 2342 2342 I sysui_multi_action: [757,113,758,1,759,113,927,1,928,1,1593,0]
11-19 02:43:12.648 2342 2342 I sysui_multi_action: [757,0,758,1,759,0,927,2,928,0,1593,0]
11-19 02:43:12.648 2342 2342 I sysui_multi_action: [757,0,758,1,759,0,927,3,928,0,1593,0]
11-19 02:43:12.648 2342 2342 I sysui_multi_action: [757,491,758,1,759,491,927,4,928,0,1311,-1,1593,0]
11-19 02:43:12.648 2342 2342 I sysui_multi_action: [757,0,758,1,759,0,927,5,928,0,1593,0]
11-19 02:43:12.648 2342 2342 I sysui_multi_action: [757,111,758,1]
11-19 02:43:12.648 2342 2342 I sysui_multi_action: [757,126,758,1,759,126,927,0,928,1,1593,1]
11-19 02:43:12.648 2342 2342 I sysui_multi_action: [757,113,758,1,759,113,927,1,928,1,1593,1]
11-19 02:43:12.648 2342 2342 I sysui_multi_action: [757,0,758,1,759,0,927,2,928,0,1593,1]
11-19 02:43:12.648 2342 2342 I sysui_multi_action: [757,0,758,1,759,0,927,3,928,0,1593,1]
11-19 02:43:12.657 2342 2342 I sysui_multi_action: [757,111,758,2]
11-19 02:43:12.657 1499 1499 I notification_enqueue: [10081,2342,com.android.systemui,2048,NULL,0,Notification(channel=updateNotification shortcut=null contentView=null vibrate=null sound=null defaults=0x0 flags=0x0 color=0x00000000 vis=PRIVATE),1]
11-19 02:43:12.657 2342 2342 I sysui_multi_action: [757,111,758,2]
11-19 02:43:12.660 2342 2342 I sysui_multi_action: [757,111,758,1]
11-19 02:43:12.661 2342 2342 I sysui_multi_action: [757,126,758,1,759,126,927,0,928,1,1593,1]
11-19 02:43:12.661 2342 2342 I sysui_multi_action: [757,113,758,1,759,113,927,1,928,1,1593,1]
11-19 02:43:12.661 2342 2342 I sysui_multi_action: [757,0,758,1,759,0,927,2,928,0,1593,1]
11-19 02:43:12.661 2342 2342 I sysui_multi_action: [757,0,758,1,759,0,927,3,928,0,1593,1]
11-19 02:43:12.661 2342 2342 I sysui_multi_action: [757,491,758,1,759,491,927,4,928,0,1311,-1,1593,0]
11-19 02:43:12.661 2342 2342 I sysui_multi_action: [757,0,758,1,759,0,927,5,928,0,1593,0]
11-19 02:43:12.661 2342 2342 I sysui_multi_action: [757,111,758,1]
11-19 02:43:12.661 2342 2342 I sysui_multi_action: [757,126,758,1,759,126,927,0,928,1,1593,1]
11-19 02:43:12.661 2342 2342 I sysui_multi_action: [757,113,758,1,759,113,927,1,928,1,1593,1]
11-19 02:43:12.661 2342 2342 I sysui_multi_action: [757,0,758,1,759,0,927,2,928,0,1593,1]
11-19 02:43:12.661 2342 2342 I sysui_multi_action: [757,0,758,1,759,0,927,3,928,0,1593,1]
11-19 02:43:12.675 2342 2342 I sysui_multi_action: [757,111,758,2]
11-19 02:43:12.675 1499 1499 I notification_enqueue: [10081,2342,com.android.systemui,2048,NULL,0,Notification(channel=updateNotification shortcut=null contentView=null vibrate=null sound=null defaults=0x0 flags=0x0 color=0x00000000 vis=PRIVATE),1]
11-19 02:43:12.675 2342 2342 I sysui_multi_action: [757,111,758,2]
11-19 02:43:12.678 2342 2342 I sysui_multi_action: [757,111,758,1]
11-19 02:43:12.678 2342 2342 I sysui_multi_action: [757,126,758,1,759,126,927,0,928,1,1593,1]
11-19 02:43:12.678 2342 2342 I sysui_multi_action: [757,113,758,1,759,113,927,1,928,1,1593,1]
11-19 02:43:12.678 2342 2342 I sysui_multi_action: [757,0,758,1,759,0,927,2,928,0,1593,1]
11-19 02:43:12.678 2342 2342 I sysui_multi_action: [757,0,758,1,759,0,927,3,928,0,1593,1]
11-19 02:43:12.678 2342 2342 I sysui_multi_action: [757,491,758,1,759,491,927,4,928,0,1311,-1,1593,0]
11-19 02:43:12.678 2342 2342 I sysui_multi_action: [757,0,758,1,759,0,927,5,928,0,1593,0]
11-19 02:43:12.679 2342 2342 I sysui_multi_action: [757,111,758,1]
11-19 02:43:12.679 2342 2342 I sysui_multi_action: [757,126,758,1,759,126,927,0,928,1,1593,1]
