11-19 04:09:30.437 2802 2802 I wm_on_start_called: [19758722,com.android.launcher3.uioverrides.QuickstepLauncher,handleStartActivity]
11-19 04:09:30.462 1499 1634 I sysui_multi_action: [319,18,322,68,325,10249,757,761,758,9,759,5,806,com.android.launcher3,871,com.android.launcher3.uioverrides.QuickstepLauncher,905,0,1320,8,1321,5]
11-19 04:09:30.491 9056 9056 I view_enqueue_input_event: [Motion - Cancel,com.android.music/com.android.music.MusicBrowserActivity]
11-19 04:09:30.491 2802 2802 I sysui_latency: [1,92]
11-19 04:09:30.502 1499 1638 I input_focus: [Focus request recents_animation_input_consumer,reason=UpdateInputWindows]
11-19 04:09:30.503 1499 1831 I input_interaction: Interaction with: edge-swipe (server), swipe-up (server), PointerEventDispatcher0 (server),
11-19 04:09:30.528 1499 1831 I input_focus: [Focus leaving 31e0cc5 com.android.music/com.android.music.MusicBrowserActivity (server),reason=NOT_FOCUSABLE]
11-19 04:09:30.528 1499 1831 I input_focus: [Focus entering recents_animation_input_consumer (server),reason=setFocusedWindow]
11-19 04:09:30.639 1499 1759 I commit_sys_config_file: [settings-1-0,6]
11-19 04:09:30.674 1499 1499 I service_manager_stats: [100,82,80753]
11-19 04:09:30.754 1499 1644 I sysui_latency: [8,85]
11-19 04:09:31.361 1499 1759 I commit_sys_config_file: [settings-1-0,5]
11-19 04:09:32.131 0 0 I auditd : type=1400 audit(0.0:6044): avc: denied { kill } for comm="swapper/3" capability=5 scontext=u:r:kernel:s0 tcontext=u:r:kernel:s0 tclass=capability permissive=0
11-19 04:09:32.798 1499 1831 I input_interaction: Interaction with: 632f7bf com.android.launcher3/com.android.launcher3.uioverrides.QuickstepLauncher (server), edge-swipe (server), swipe-up (server), PointerEventDispatcher0 (server),
11-19 04:09:32.901 1499 2759 I wm_relaunch_activity: [0,69923240,39,com.android.calendar/.AllInOneActivity]
11-19 04:09:32.905 9133 9133 I wm_on_destroy_called: [69923240,com.android.calendar.AllInOneActivity,performDestroy]
11-19 04:09:32.906 1499 2759 I wm_task_moved: [1,1,7]
11-19 04:09:32.907 1499 2759 I wm_focused_root_task: [0,0,1,40,startActivityFromRecents]
11-19 04:09:32.908 1499 2759 I wm_task_moved: [39,1,7]
11-19 04:09:32.908 1499 2759 I wm_task_to_front: [0,39]
11-19 04:09:32.908 1499 2759 I wm_focused_root_task: [0,0,39,1,moveTaskToFront findTaskToMoveToFront]
11-19 04:09:32.909 1499 2759 I wm_set_resumed_activity: [0,com.android.calendar/.AllInOneActivity,moveTaskToFront findTaskToMoveToFront]
11-19 04:09:32.910 1499 2759 I wm_pause_activity: [0,228511047,com.android.music/.MusicBrowserActivity,userLeaving=true,pauseBackTasks]
11-19 04:09:32.916 9056 9056 I wm_on_top_resumed_lost_called: [228511047,com.android.music.MusicBrowserActivity,topStateChangedWhenResumed]
11-19 04:09:32.930 9056 9056 I wm_on_paused_called: [228511047,com.android.music.MusicBrowserActivity,performPause]
11-19 04:09:32.932 1499 2757 I wm_set_resumed_activity: [0,com.android.calendar/.AllInOneActivity,resumeTopActivityInnerLocked]
11-19 04:09:32.933 1499 2757 I wm_add_to_stopping: [0,228511047,com.android.music/.MusicBrowserActivity,makeInvisible]
11-19 04:09:32.934 1499 2757 I wm_resume_activity: [0,69923240,39,com.android.calendar/.AllInOneActivity]
11-19 04:09:32.960 1499 1637 I sysui_multi_action: [757,803,799,window_time_0,802,7]
11-19 04:09:32.978 9133 9133 I wm_on_create_called: [69923240,com.android.calendar.AllInOneActivity,performCreate]
11-19 04:09:32.989 9133 9133 I wm_on_start_called: [69923240,com.android.calendar.AllInOneActivity,handleStartActivity]
11-19 04:09:32.993 9133 9133 I wm_on_resume_called: [69923240,com.android.calendar.AllInOneActivity,LIFECYCLER_RESUME_ACTIVITY]
11-19 04:09:32.994 9133 9133 I wm_on_paused_called: [69923240,com.android.calendar.AllInOneActivity,performPause]
11-19 04:09:33.004 9133 9133 I wm_on_resume_called: [69923240,com.android.calendar.AllInOneActivity,RESUME_ACTIVITY]
11-19 04:09:33.005 9133 9133 I wm_on_top_resumed_gained_called: [69923240,com.android.calendar.AllInOneActivity,topWhenResuming]
11-19 04:09:33.014 1499 1638 I input_focus: [Focus request f2acaa2 com.android.calendar/com.android.calendar.AllInOneActivity,reason=UpdateInputWindows]
11-19 04:09:33.028 1499 1634 I sysui_multi_action: [319,118,322,118,325,10252,757,761,758,9,759,2,806,com.android.calendar,871,com.android.calendar.AllInOneActivity,904,com.android.launcher3,905,0,1320,4,1321,1]
11-19 04:09:33.034 1499 1831 I input_focus: [Focus leaving recents_animation_input_consumer (server),reason=setFocusedWindow]
11-19 04:09:33.034 1499 1831 I input_focus: [Focus entering f2acaa2 com.android.calendar/com.android.calendar.AllInOneActivity (server),reason=setFocusedWindow]
11-19 04:09:33.353 1499 2759 I wm_task_moved: [1,1,7]
11-19 04:09:33.359 1499 2759 I wm_task_moved: [10,1,2147483647]
11-19 04:09:33.359 1499 2759 I wm_task_to_front: [0,10]
11-19 04:09:33.359 1499 2759 I wm_focused_root_task: [0,0,1,39,RecentsAnimation.onAnimationFinished()]
11-19 04:09:33.359 1499 2759 I wm_set_resumed_activity: [0,com.android.launcher3/.uioverrides.QuickstepLauncher,RecentsAnimation.onAnimationFinished()]
11-19 04:09:33.361 1499 2759 I wm_set_resumed_activity: [0,com.android.launcher3/.uioverrides.QuickstepLauncher,resumeTopActivityInnerLocked]
11-19 04:09:33.363 1499 2759 I wm_resume_activity: [0,19758722,10,com.android.launcher3/.uioverrides.QuickstepLauncher]
11-19 04:09:33.378 1499 1638 I input_focus: [Focus request 632f7bf com.android.launcher3/com.android.launcher3.uioverrides.QuickstepLauncher,reason=UpdateInputWindows]
11-19 04:09:33.381 1499 1637 I wm_stop_activity: [0,228511047,com.android.music/.MusicBrowserActivity]
11-19 04:09:33.384 9133 9133 I wm_on_top_resumed_lost_called: [69923240,com.android.calendar.AllInOneActivity,topStateChangedWhenResumed]
11-19 04:09:33.387 1499 1831 I input_focus: [Focus leaving f2acaa2 com.android.calendar/com.android.calendar.AllInOneActivity (server),reason=setFocusedWindow]
11-19 04:09:33.387 1499 1831 I input_focus: [Focus entering 632f7bf com.android.launcher3/com.android.launcher3.uioverrides.QuickstepLauncher (server),reason=setFocusedWindow]
11-19 04:09:33.391 1499 1637 I sysui_multi_action: [757,803,799,window_time_2,802,0]
11-19 04:09:33.394 2802 2802 I wm_on_resume_called: [19758722,com.android.launcher3.uioverrides.QuickstepLauncher,RESUME_ACTIVITY]
11-19 04:09:33.395 2802 2802 I wm_on_top_resumed_gained_called: [19758722,com.android.launcher3.uioverrides.QuickstepLauncher,topStateChangedWhenResumed]
11-19 04:09:33.406 9056 9056 I wm_on_stop_called: [228511047,com.android.music.MusicBrowserActivity,STOP_ACTIVITY_ITEM]
11-19 04:09:34.253 1499 1831 I input_interaction: Interaction with: f2acaa2 com.android.calendar/com.android.calendar.AllInOneActivity (server), edge-swipe (server), swipe-up (server), PointerEventDispatcher0 (server),
11-19 04:09:34.258 1499 1637 I wm_task_moved: [39,1,7]
11-19 04:09:34.258 1499 1637 I wm_task_to_front: [0,39]
11-19 04:09:34.262 1499 1637 I wm_set_resumed_activity: [0,com.android.calendar/.AllInOneActivity,positionChildAt]
11-19 04:09:34.262 1499 1637 I wm_focused_root_task: [0,0,39,1,setFocusedTask]
11-19 04:09:34.262 1499 1637 I wm_set_resumed_activity: [0,com.android.calendar/.AllInOneActivity,setFocusedTask]
11-19 04:09:34.262 2802 2802 I wm_on_top_resumed_lost_called: [19758722,com.android.launcher3.uioverrides.QuickstepLauncher,topStateChangedWhenResumed]
11-19 04:09:34.263 1499 1638 I input_focus: [Focus request f2acaa2 com.android.calendar/com.android.calendar.AllInOneActivity,reason=UpdateInputWindows]
11-19 04:09:34.265 9133 9133 I wm_on_top_resumed_gained_called: [69923240,com.android.calendar.AllInOneActivity,topStateChangedWhenResumed]
11-19 04:09:34.290 1499 1831 I input_focus: [Focus leaving 632f7bf com.android.launcher3/com.android.launcher3.uioverrides.QuickstepLauncher (server),reason=setFocusedWindow]
11-19 04:09:34.291 1499 1831 I input_focus: [Focus entering f2acaa2 com.android.calendar/com.android.calendar.AllInOneActivity (server),reason=setFocusedWindow]
11-19 04:09:34.399 1499 2761 I wm_relaunch_resume_activity: [0,69923240,39,com.android.calendar/.AllInOneActivity]
11-19 04:09:34.401 1499 2761 I wm_add_to_stopping: [0,19758722,com.android.launcher3/.uioverrides.QuickstepLauncher,makeInvisible]
11-19 04:09:34.417 9133 9133 I wm_on_top_resumed_lost_called: [69923240,com.android.calendar.AllInOneActivity,pausing]
11-19 04:09:34.420 9133 9133 I wm_on_paused_called: [69923240,com.android.calendar.AllInOneActivity,performPause]
11-19 04:09:34.420 9133 9133 I wm_on_stop_called: [69923240,com.android.calendar.AllInOneActivity,handleRelaunchActivity]
11-19 04:09:34.421 9133 9133 I wm_on_destroy_called: [69923240,com.android.calendar.AllInOneActivity,performDestroy]
11-19 04:09:34.436 9133 9133 I wm_on_create_called: [69923240,com.android.calendar.AllInOneActivity,performCreate]
11-19 04:09:34.452 9133 9133 I wm_on_start_called: [69923240,com.android.calendar.AllInOneActivity,handleStartActivity]
11-19 04:09:34.456 9133 9133 I wm_on_resume_called: [69923240,com.android.calendar.AllInOneActivity,RESUME_ACTIVITY]
11-19 04:09:34.457 9133 9133 I wm_on_top_resumed_gained_called: [69923240,com.android.calendar.AllInOneActivity,topWhenResuming]
11-19 04:09:34.822 1499 1637 I wm_stop_activity: [0,19758722,com.android.launcher3/.uioverrides.QuickstepLauncher]
11-19 04:09:34.824 2802 2802 I wm_on_paused_called: [19758722,com.android.launcher3.uioverrides.QuickstepLauncher,performPause]
11-19 04:09:34.828 2802 2802 I wm_on_stop_called: [19758722,com.android.launcher3.uioverrides.QuickstepLauncher,STOP_ACTIVITY_ITEM]
11-19 04:09:35.131 0 0 I auditd : type=1400 audit(0.0:6045): avc: denied { kill } for comm="swapper/3" capability=5 scontext=u:r:kernel:s0 tcontext=u:r:kernel:s0 tclass=capability permissive=0
11-19 04:09:36.131 0 0 I auditd : type=1400 audit(0.0:6046): avc: denied { kill } for comm="swapper/3" capability=5 scontext=u:r:kernel:s0 tcontext=u:r:kernel:s0 tclass=capability permissive=0
11-19 04:09:36.213 1499 2757 I wm_task_moved: [1,0,0]
11-19 04:09:36.217 1499 2757 I wm_task_moved: [1,0,6]
11-19 04:09:36.243 2802 2802 I wm_on_restart_called: [19758722,com.android.launcher3.uioverrides.QuickstepLauncher,performRestartActivity]
11-19 04:09:36.275 2802 2802 I wm_on_start_called: [19758722,com.android.launcher3.uioverrides.QuickstepLauncher,handleStartActivity]
11-19 04:09:36.304 1499 1634 I sysui_multi_action: [319,14,322,79,325,10255,757,761,758,9,759,5,806,com.android.launcher3,871,com.android.launcher3.uioverrides.QuickstepLauncher,905,0,1320,8,1321,5]
11-19 04:09:36.311 9133 9133 I view_enqueue_input_event: [Motion - Cancel,com.android.calendar/com.android.calendar.AllInOneActivity]
11-19 04:09:36.313 2802 2802 I sysui_latency: [1,98]
11-19 04:09:36.316 1499 1831 I input_interaction: Interaction with: edge-swipe (server), swipe-up (server), PointerEventDispatcher0 (server),
11-19 04:09:36.320 1499 1638 I input_focus: [Focus request recents_animation_input_consumer,reason=UpdateInputWindows]
11-19 04:09:36.341 1499 1831 I input_focus: [Focus leaving f2acaa2 com.android.calendar/com.android.calendar.AllInOneActivity (server),reason=NOT_FOCUSABLE]
11-19 04:09:36.342 1499 1831 I input_focus: [Focus entering recents_animation_input_consumer (server),reason=setFocusedWindow]
11-19 04:09:36.479 1499 1759 I commit_sys_config_file: [settings-1-0,7]
11-19 04:09:36.594 1499 1644 I sysui_latency: [8,96]
11-19 04:09:37.131 0 0 I auditd : type=1400 audit(0.0:6047): avc: denied { kill } for comm="swapper/3" capability=5 scontext=u:r:kernel:s0 tcontext=u:r:kernel:s0 tclass=capability permissive=0
11-19 04:09:37.225 1499 1759 I commit_sys_config_file: [settings-1-0,7]
11-19 04:09:38.131 0 0 I auditd : type=1400 audit(0.0:6048): avc: denied { kill } for comm="swapper/3" capability=5 scontext=u:r:kernel:s0 tcontext=u:r:kernel:s0 tclass=capability permissive=0
11-19 04:09:39.131 0 0 I auditd : type=1400 audit(0.0:6049): avc: denied { kill } for comm="swapper/3" capability=5 scontext=u:r:kernel:s0 tcontext=u:r:kernel:s0 tclass=capability permissive=0
11-19 04:09:39.357 1499 1831 I input_interaction: Interaction with: 632f7bf com.android.launcher3/com.android.launcher3.uioverrides.QuickstepLauncher (server), edge-swipe (server), swipe-up (server), PointerEventDispatcher0 (server),
11-19 04:09:39.468 1499 2759 I wm_task_created: [41,-1]
11-19 04:09:39.480 1499 2759 I wm_task_moved: [41,1,8]
11-19 04:09:39.480 1499 2759 I wm_task_to_front: [0,41]
11-19 04:09:39.481 1499 2759 I wm_create_task: [0,41]
11-19 04:09:39.481 1499 2759 I wm_create_activity: [0,84805522,41,com.android.deskclock/.DeskClock,NULL,NULL,NULL,268468224]
11-19 04:09:39.481 1499 2759 I wm_task_moved: [41,1,8]
11-19 04:09:39.481 9133 9133 I wm_on_top_resumed_lost_called: [69923240,com.android.calendar.AllInOneActivity,topStateChangedWhenResumed]
11-19 04:09:39.498 1499 1637 I am_uid_running: 10063
11-19 04:09:39.525 1499 1646 I am_proc_start: [0,9285,10063,com.android.deskclock,top-activity,{com.android.deskclock/com.android.deskclock.DeskClock}]
11-19 04:09:39.540 1499 8917 I am_proc_bound: [0,9285,com.android.deskclock]
11-19 04:09:39.543 1499 8917 I wm_restart_activity: [0,84805522,41,com.android.deskclock/.DeskClock]
11-19 04:09:39.543 1499 8917 I wm_set_resumed_activity: [0,com.android.deskclock/.DeskClock,minimalResumeActivityLocked]
11-19 04:09:39.544 1499 8917 I am_uid_active: 10063
11-19 04:09:39.605 1499 8917 I wm_task_moved: [41,1,8]
11-19 04:09:39.606 1499 8917 I wm_set_resumed_activity: [0,com.android.deskclock/.DeskClock,positionChildAt]
11-19 04:09:39.606 1499 8917 I wm_create_activity: [0,124480437,41,com.android.permissioncontroller/.permission.ui.GrantPermissionsActivity,android.content.pm.action.REQUEST_PERMISSIONS,NULL,NULL,8388608]
11-19 04:09:39.608 1499 8917 I wm_pause_activity: [0,84805522,com.android.deskclock/.DeskClock,userLeaving=true,resumeTopActivityInnerLocked]
11-19 04:09:39.638 9285 9285 I wm_on_create_called: [84805522,com.android.deskclock.DeskClock,performCreate]
11-19 04:09:39.640 9285 9285 I wm_on_start_called: [84805522,com.android.deskclock.DeskClock,handleStartActivity]
11-19 04:09:39.642 9285 9285 I wm_on_resume_called: [84805522,com.android.deskclock.DeskClock,RESUME_ACTIVITY]
11-19 04:09:39.650 9285 9285 I wm_on_top_resumed_gained_called: [84805522,com.android.deskclock.DeskClock,topStateChangedWhenResumed]
11-19 04:09:39.650 9285 9285 I wm_on_top_resumed_lost_called: [84805522,com.android.deskclock.DeskClock,topStateChangedWhenResumed]
11-19 04:09:39.651 9285 9285 I wm_on_paused_called: [84805522,com.android.deskclock.DeskClock,performPause]
11-19 04:09:39.656 1499 8917 I wm_restart_activity: [0,124480437,41,com.android.permissioncontroller/.permission.ui.GrantPermissionsActivity]
11-19 04:09:39.658 1499 8917 I wm_set_resumed_activity: [0,com.android.permissioncontroller/.permission.ui.GrantPermissionsActivity,minimalResumeActivityLocked]
11-19 04:09:39.658 1499 1637 I am_uid_active: 10094
11-19 04:09:39.671 1499 1637 I sysui_multi_action: [757,803,799,window_time_0,802,7]
11-19 04:09:39.689 8560 8560 I wm_on_create_called: [124480437,com.android.permissioncontroller.permission.ui.GrantPermissionsActivity,performCreate]
11-19 04:09:39.689 8560 8560 I wm_on_start_called: [124480437,com.android.permissioncontroller.permission.ui.GrantPermissionsActivity,handleStartActivity]
11-19 04:09:39.689 8560 8560 I wm_on_resume_called: [124480437,com.android.permissioncontroller.permission.ui.GrantPermissionsActivity,RESUME_ACTIVITY]
11-19 04:09:39.691 8560 8560 I wm_on_top_resumed_gained_called: [124480437,com.android.permissioncontroller.permission.ui.GrantPermissionsActivity,topStateChangedWhenResumed]
11-19 04:09:39.696 1499 8917 I wm_finish_activity: [0,124480437,41,com.android.permissioncontroller/.permission.ui.GrantPermissionsActivity,app-request]
11-19 04:09:39.696 1499 8917 I wm_pause_activity: [0,124480437,com.android.permissioncontroller/.permission.ui.GrantPermissionsActivity,userLeaving=false,finish]
11-19 04:09:39.705 8560 8560 I wm_on_top_resumed_lost_called: [124480437,com.android.permissioncontroller.permission.ui.GrantPermissionsActivity,topStateChangedWhenResumed]
11-19 04:09:39.706 8560 8560 I wm_on_paused_called: [124480437,com.android.permissioncontroller.permission.ui.GrantPermissionsActivity,performPause]
11-19 04:09:39.708 1499 2757 I wm_add_to_stopping: [0,124480437,com.android.permissioncontroller/.permission.ui.GrantPermissionsActivity,completeFinishing]
11-19 04:09:39.710 1499 2757 I wm_set_resumed_activity: [0,com.android.deskclock/.DeskClock,resumeTopActivityInnerLocked]
11-19 04:09:39.713 1499 2757 I wm_resume_activity: [0,84805522,41,com.android.deskclock/.DeskClock]
11-19 04:09:39.720 1499 1637 I sysui_multi_action: [757,803,799,window_time_2,802,0]
11-19 04:09:39.726 1499 1638 I input_focus: [Focus request 9c16297 com.android.deskclock/com.android.deskclock.DeskClock,reason=UpdateInputWindows]
11-19 04:09:39.750 1499 1831 I input_focus: [Focus leaving recents_animation_input_consumer (server),reason=Waiting for window because NOT_VISIBLE]
11-19 04:09:39.795 9285 9285 I wm_on_activity_result_called: [84805522,com.android.deskclock.DeskClock,ACTIVITY_RESULT]
11-19 04:09:39.795 9285 9285 I wm_on_resume_called: [84805522,com.android.deskclock.DeskClock,RESUME_ACTIVITY]
11-19 04:09:39.796 9285 9285 I wm_on_top_resumed_gained_called: [84805522,com.android.deskclock.DeskClock,topWhenResuming]
11-19 04:09:39.801 1499 1831 I input_focus: [Focus entering 9c16297 com.android.deskclock/com.android.deskclock.DeskClock (server),reason=Window became focusable. Previous reason: NOT_VISIBLE]
11-19 04:09:39.851 1499 2757 I wm_destroy_activity: [0,124480437,41,com.android.permissioncontroller/.permission.ui.GrantPermissionsActivity,finish-imm:idle]
11-19 04:09:39.852 8560 8560 I wm_on_stop_called: [124480437,com.android.permissioncontroller.permission.ui.GrantPermissionsActivity,LIFECYCLER_STOP_ACTIVITY]
11-19 04:09:39.853 8560 8560 I wm_on_destroy_called: [124480437,com.android.permissioncontroller.permission.ui.GrantPermissionsActivity,performDestroy]
11-19 04:09:39.872 1499 1644 I am_pss : [9056,10090,com.android.music,40786944,34017280,0,167620608,0,4,7]
11-19 04:09:39.886 1499 2757 I wm_task_moved: [1,1,8]
11-19 04:09:39.886 1499 2757 I wm_task_moved: [10,1,2147483647]
11-19 04:09:39.886 1499 2757 I wm_task_to_front: [0,10]
11-19 04:09:39.887 9285 9285 I wm_on_top_resumed_lost_called: [84805522,com.android.deskclock.DeskClock,topStateChangedWhenResumed]
11-19 04:09:39.887 1499 2757 I wm_focused_root_task: [0,0,1,41,RecentsAnimation.onAnimationFinished()]
11-19 04:09:39.887 1499 2757 I wm_set_resumed_activity: [0,com.android.launcher3/.uioverrides.QuickstepLauncher,RecentsAnimation.onAnimationFinished()]
11-19 04:09:39.888 1499 2757 I wm_pause_activity: [0,69923240,com.android.calendar/.AllInOneActivity,userLeaving=true,pauseBackTasks]
11-19 04:09:39.889 1499 2757 I wm_add_to_stopping: [0,69923240,com.android.calendar/.AllInOneActivity,makeInvisible]
11-19 04:09:39.890 1499 2757 I wm_set_resumed_activity: [0,com.android.launcher3/.uioverrides.QuickstepLauncher,resumeTopActivityInnerLocked]
11-19 04:09:39.892 1499 2757 I wm_resume_activity: [0,19758722,10,com.android.launcher3/.uioverrides.QuickstepLauncher]
11-19 04:09:39.895 9133 9133 I wm_on_paused_called: [69923240,com.android.calendar.AllInOneActivity,performPause]
11-19 04:09:39.902 2802 2802 I wm_on_resume_called: [19758722,com.android.launcher3.uioverrides.QuickstepLauncher,RESUME_ACTIVITY]
11-19 04:09:39.904 1499 1638 I input_focus: [Focus request 632f7bf com.android.launcher3/com.android.launcher3.uioverrides.QuickstepLauncher,reason=UpdateInputWindows]
11-19 04:09:39.906 2802 2802 I wm_on_top_resumed_gained_called: [19758722,com.android.launcher3.uioverrides.QuickstepLauncher,topStateChangedWhenResumed]
11-19 04:09:39.912 1499 5215 I wm_stop_activity: [0,69923240,com.android.calendar/.AllInOneActivity]
11-19 04:09:39.917 9133 9133 I wm_on_stop_called: [69923240,com.android.calendar.AllInOneActivity,STOP_ACTIVITY_ITEM]
11-19 04:09:39.918 1499 1831 I input_focus: [Focus leaving 9c16297 com.android.deskclock/com.android.deskclock.DeskClock (server),reason=setFocusedWindow]
11-19 04:09:39.918 1499 1831 I input_focus: [Focus entering 632f7bf com.android.launcher3/com.android.launcher3.uioverrides.QuickstepLauncher (server),reason=setFocusedWindow]
11-19 04:09:39.920 1499 1637 I sysui_multi_action: [757,803,799,window_time_2,802,0]
11-19 04:09:39.922 1499 1637 I sysui_multi_action: [757,803,799,window_time_0,802,0]
11-19 04:09:40.131 0 0 I auditd : type=1400 audit(0.0:6050): avc: denied { kill } for comm="swapper/3" capability=5 scontext=u:r:kernel:s0 tcontext=u:r:kernel:s0 tclass=capability permissive=0
11-19 04:09:41.086 1499 1831 I input_interaction: Interaction with: 9c16297 com.android.deskclock/com.android.deskclock.DeskClock (server), edge-swipe (server), swipe-up (server), PointerEventDispatcher0 (server),
11-19 04:09:41.090 1499 1637 I wm_task_moved: [41,1,8]
11-19 04:09:41.090 1499 1637 I wm_task_to_front: [0,41]
11-19 04:09:41.093 1499 1637 I wm_set_resumed_activity: [0,com.android.deskclock/.DeskClock,positionChildAt]
11-19 04:09:41.093 2802 2802 I wm_on_top_resumed_lost_called: [19758722,com.android.launcher3.uioverrides.QuickstepLauncher,topStateChangedWhenResumed]
11-19 04:09:41.093 1499 1637 I wm_focused_root_task: [0,0,41,1,setFocusedTask]
11-19 04:09:41.094 1499 1637 I wm_set_resumed_activity: [0,com.android.deskclock/.DeskClock,setFocusedTask]
11-19 04:09:41.094 1499 1638 I input_focus: [Focus request 9c16297 com.android.deskclock/com.android.deskclock.DeskClock,reason=UpdateInputWindows]
11-19 04:09:41.107 9285 9285 I wm_on_top_resumed_gained_called: [84805522,com.android.deskclock.DeskClock,topStateChangedWhenResumed]
11-19 04:09:41.108 1499 1831 I input_focus: [Focus leaving 632f7bf com.android.launcher3/com.android.launcher3.uioverrides.QuickstepLauncher (server),reason=setFocusedWindow]
11-19 04:09:41.109 1499 1831 I input_focus: [Focus entering 9c16297 com.android.deskclock/com.android.deskclock.DeskClock (server),reason=setFocusedWindow]
11-19 04:09:41.212 1499 6279 I wm_relaunch_resume_activity: [0,84805522,41,com.android.deskclock/.DeskClock]
11-19 04:09:41.212 1499 6279 I wm_add_to_stopping: [0,19758722,com.android.launcher3/.uioverrides.QuickstepLauncher,makeInvisible]
11-19 04:09:41.232 9285 9285 I wm_on_top_resumed_lost_called: [84805522,com.android.deskclock.DeskClock,pausing]
11-19 04:09:41.234 9285 9285 I wm_on_paused_called: [84805522,com.android.deskclock.DeskClock,performPause]
11-19 04:09:41.236 9285 9285 I wm_on_stop_called: [84805522,com.android.deskclock.DeskClock,handleRelaunchActivity]
11-19 04:09:41.245 9285 9285 I wm_on_destroy_called: [84805522,com.android.deskclock.DeskClock,performDestroy]
11-19 04:09:41.264 1499 6279 I sysui_multi_action: [757,1513,758,4,805,1668802181264,1514,10063,1515,com.android.deskclock,1516,1002,1517,1,1518,10063,1519,1002,1520,1,1526,com.android.permissioncontroller/.permission.ui.GrantPermissionsActivity,1527,0,1528,android.content.pm.action.REQUEST_PERMISSIONS,1529,com.android.deskclock,1530,1002,1531,0,1532,0,1533,1,1534,0,1535,0,1536,1,1537,1721]
11-19 04:09:41.265 1499 6279 I wm_create_activity: [0,23235741,41,com.android.permissioncontroller/.permission.ui.GrantPermissionsActivity,android.content.pm.action.REQUEST_PERMISSIONS,NULL,NULL,8388608]
11-19 04:09:41.285 9285 9285 I wm_on_create_called: [84805522,com.android.deskclock.DeskClock,performCreate]
11-19 04:09:41.319 9285 9285 I wm_on_start_called: [84805522,com.android.deskclock.DeskClock,handleStartActivity]
11-19 04:09:41.319 9285 9285 I wm_on_resume_called: [84805522,com.android.deskclock.DeskClock,RESUME_ACTIVITY]
11-19 04:09:41.322 9285 9285 I wm_on_top_resumed_gained_called: [84805522,com.android.deskclock.DeskClock,topWhenResuming]
11-19 04:09:41.373 1499 6279 I wm_restart_activity: [0,23235741,41,com.android.permissioncontroller/.permission.ui.GrantPermissionsActivity]
11-19 04:09:41.374 9285 9285 I wm_on_top_resumed_lost_called: [84805522,com.android.deskclock.DeskClock,topStateChangedWhenResumed]
11-19 04:09:41.374 1499 6279 I wm_set_resumed_activity: [0,com.android.permissioncontroller/.permission.ui.GrantPermissionsActivity,minimalResumeActivityLocked]
11-19 04:09:41.394 8560 8560 I wm_on_create_called: [23235741,com.android.permissioncontroller.permission.ui.GrantPermissionsActivity,performCreate]
11-19 04:09:41.395 8560 8560 I wm_on_start_called: [23235741,com.android.permissioncontroller.permission.ui.GrantPermissionsActivity,handleStartActivity]
11-19 04:09:41.395 8560 8560 I wm_on_resume_called: [23235741,com.android.permissioncontroller.permission.ui.GrantPermissionsActivity,RESUME_ACTIVITY]
11-19 04:09:41.399 8560 8560 I wm_on_top_resumed_gained_called: [23235741,com.android.permissioncontroller.permission.ui.GrantPermissionsActivity,topStateChangedWhenResumed]
11-19 04:09:41.411 1499 1638 I input_focus: [Focus request 5101cd3 com.android.permissioncontroller/com.android.permissioncontroller.permission.ui.GrantPermissionsActivity,reason=UpdateInputWindows]
11-19 04:09:41.417 1499 5215 I wm_finish_activity: [0,23235741,41,com.android.permissioncontroller/.permission.ui.GrantPermissionsActivity,app-request]
11-19 04:09:41.419 1499 5215 I wm_pause_activity: [0,23235741,com.android.permissioncontroller/.permission.ui.GrantPermissionsActivity,userLeaving=false,finish]
11-19 04:09:41.420 1499 1634 I sysui_multi_action: [319,151,322,151,325,10260,757,761,758,8,759,2,806,com.android.permissioncontroller,871,com.android.permissioncontroller.permission.ui.GrantPermissionsActivity,904,com.android.deskclock,905,0,1320,8,1321,5]
11-19 04:09:41.421 1499 1831 I input_focus: [Focus leaving 9c16297 com.android.deskclock/com.android.deskclock.DeskClock (server),reason=setFocusedWindow]
11-19 04:09:41.421 1499 1831 I input_focus: [Focus entering 5101cd3 com.android.permissioncontroller/com.android.permissioncontroller.permission.ui.GrantPermissionsActivity (server),reason=setFocusedWindow]
11-19 04:09:41.423 1499 1634 I wm_activity_launch_time: [0,23235741,com.android.permissioncontroller/.permission.ui.GrantPermissionsActivity,151]
11-19 04:09:41.423 8560 8560 I wm_on_top_resumed_lost_called: [23235741,com.android.permissioncontroller.permission.ui.GrantPermissionsActivity,topStateChangedWhenResumed]
11-19 04:09:41.424 8560 8560 I wm_on_paused_called: [23235741,com.android.permissioncontroller.permission.ui.GrantPermissionsActivity,performPause]
11-19 04:09:41.425 1499 6279 I wm_pause_activity: [0,19758722,com.android.launcher3/.uioverrides.QuickstepLauncher,userLeaving=false,pauseBackTasks]
11-19 04:09:41.428 2802 2802 I wm_on_paused_called: [19758722,com.android.launcher3.uioverrides.QuickstepLauncher,performPause]
11-19 04:09:41.432 1499 1637 I sysui_multi_action: [757,803,799,window_time_0,802,1]
11-19 04:09:41.436 1499 8917 I wm_resume_activity: [0,84805522,41,com.android.deskclock/.DeskClock]
11-19 04:09:41.438 1499 1831 I input_focus: [Focus leaving 5101cd3 com.android.permissioncontroller/com.android.permissioncontroller.permission.ui.GrantPermissionsActivity (server),reason=NO_WINDOW]
11-19 04:09:41.443 1499 1637 I wm_destroy_activity: [0,23235741,41,com.android.permissioncontroller/.permission.ui.GrantPermissionsActivity,finish-idle]
11-19 04:09:41.444 8560 8560 I wm_on_stop_called: [23235741,com.android.permissioncontroller.permission.ui.GrantPermissionsActivity,LIFECYCLER_STOP_ACTIVITY]
11-19 04:09:41.444 8560 8560 I wm_on_destroy_called: [23235741,com.android.permissioncontroller.permission.ui.GrantPermissionsActivity,performDestroy]
11-19 04:09:41.445 1499 1637 I sysui_multi_action: [757,803,799,window_time_0,802,0]
11-19 04:09:41.458 9285 9285 I wm_on_paused_called: [84805522,com.android.deskclock.DeskClock,performPause]
11-19 04:09:41.458 9285 9285 I wm_on_activity_result_called: [84805522,com.android.deskclock.DeskClock,ACTIVITY_RESULT]
11-19 04:09:41.459 1499 2759 I wm_resume_activity: [0,84805522,41,com.android.deskclock/.DeskClock]
11-19 04:09:41.459 9285 9285 I wm_on_resume_called: [84805522,com.android.deskclock.DeskClock,ACTIVITY_RESULT]
11-19 04:09:41.460 1499 1638 I input_focus: [Focus request 9c16297 com.android.deskclock/com.android.deskclock.DeskClock,reason=UpdateInputWindows]
11-19 04:09:41.475 1499 1831 I input_focus: [Focus entering 9c16297 com.android.deskclock/com.android.deskclock.DeskClock (server),reason=setFocusedWindow]
11-19 04:09:42.131 0 0 I auditd : type=1400 audit(0.0:6051): avc: denied { kill } for comm="swapper/3" capability=5 scontext=u:r:kernel:s0 tcontext=u:r:kernel:s0 tclass=capability permissive=0
11-19 04:09:42.754 1499 5215 I wm_task_moved: [1,0,0]
11-19 04:09:42.756 1499 5215 I wm_task_moved: [1,0,7]
11-19 04:09:42.801 9285 9285 I view_enqueue_input_event: [Motion - Cancel,com.android.deskclock/com.android.deskclock.DeskClock]
11-19 04:09:42.815 1499 1634 I sysui_multi_action: [319,12,322,48,325,10262,757,761,758,9,759,5,806,com.android.launcher3,871,com.android.launcher3.uioverrides.QuickstepLauncher,905,0,1320,8,1321,5]
11-19 04:09:42.823 1499 1831 I input_interaction: Interaction with: edge-swipe (server), swipe-up (server), PointerEventDispatcher0 (server),
11-19 04:09:42.838 2802 2802 I sysui_latency: [1,15]
11-19 04:09:42.839 1499 1638 I input_focus: [Focus request recents_animation_input_consumer,reason=UpdateInputWindows]
11-19 04:09:42.857 1499 1831 I input_focus: [Focus leaving 9c16297 com.android.deskclock/com.android.deskclock.DeskClock (server),reason=NOT_FOCUSABLE]
11-19 04:09:42.857 1499 1831 I input_focus: [Focus entering recents_animation_input_consumer (server),reason=setFocusedWindow]
11-19 04:09:43.039 1499 1759 I commit_sys_config_file: [settings-1-0,5]
11-19 04:09:43.105 1499 1644 I sysui_latency: [8,75]
11-19 04:09:43.131 0 0 I auditd : type=1400 audit(0.0:6052): avc: denied { kill } for comm="swapper/3" capability=5 scontext=u:r:kernel:s0 tcontext=u:r:kernel:s0 tclass=capability permissive=0
11-19 04:09:43.688 1499 1759 I commit_sys_config_file: [settings-1-0,7]
11-19 04:09:44.131 0 0 I auditd : type=1400 audit(0.0:6053): avc: denied { kill } for comm="swapper/3" capability=5 scontext=u:r:kernel:s0 tcontext=u:r:kernel:s0 tclass=capability permissive=0
11-19 04:09:45.131 0 0 I auditd : type=1400 audit(0.0:6054): avc: denied { kill } for comm="swapper/3" capability=5 scontext=u:r:kernel:s0 tcontext=u:r:kernel:s0 tclass=capability permissive=0
11-19 04:09:45.898 1499 1831 I input_interaction: Interaction with: 632f7bf com.android.launcher3/com.android.launcher3.uioverrides.QuickstepLauncher (server), edge-swipe (server), swipe-up (server), PointerEventDispatcher0 (server),
11-19 04:09:46.060 1499 5215 I wm_relaunch_resume_activity: [0,84805522,41,com.android.deskclock/.DeskClock]
11-19 04:09:46.065 1499 5215 I wm_resume_activity: [0,84805522,41,com.android.deskclock/.DeskClock]
11-19 04:09:46.068 1499 5215 I wm_task_moved: [1,1,8]
11-19 04:09:46.070 1499 5215 I wm_focused_root_task: [0,0,1,41,startActivityFromRecents]
11-19 04:09:46.071 1499 5215 I wm_task_moved: [41,1,8]
11-19 04:09:46.071 1499 5215 I wm_focused_root_task: [0,0,41,1,moveTaskToFront findTaskToMoveToFront]
11-19 04:09:46.072 9285 9285 I wm_on_paused_called: [84805522,com.android.deskclock.DeskClock,performPause]
11-19 04:09:46.072 1499 5215 I wm_set_resumed_activity: [0,com.android.deskclock/.DeskClock,moveTaskToFront findTaskToMoveToFront]
11-19 04:09:46.077 1499 5215 I wm_resume_activity: [0,84805522,41,com.android.deskclock/.DeskClock]
11-19 04:09:46.080 9285 9285 I wm_on_stop_called: [84805522,com.android.deskclock.DeskClock,handleRelaunchActivity]
11-19 04:09:46.093 9285 9285 I wm_on_destroy_called: [84805522,com.android.deskclock.DeskClock,performDestroy]
11-19 04:09:46.134 1499 6279 I wm_task_moved: [41,1,8]
11-19 04:09:46.134 1499 6279 I wm_create_activity: [0,223879846,41,com.android.permissioncontroller/.permission.ui.GrantPermissionsActivity,android.content.pm.action.REQUEST_PERMISSIONS,NULL,NULL,8388608]
11-19 04:09:46.138 1499 6279 I wm_restart_activity: [0,223879846,41,com.android.permissioncontroller/.permission.ui.GrantPermissionsActivity]
11-19 04:09:46.140 1499 6279 I wm_set_resumed_activity: [0,com.android.permissioncontroller/.permission.ui.GrantPermissionsActivity,minimalResumeActivityLocked]
11-19 04:09:46.160 9285 9285 I wm_on_create_called: [84805522,com.android.deskclock.DeskClock,performCreate]
11-19 04:09:46.168 8560 8560 I wm_on_create_called: [223879846,com.android.permissioncontroller.permission.ui.GrantPermissionsActivity,performCreate]
11-19 04:09:46.169 8560 8560 I wm_on_start_called: [223879846,com.android.permissioncontroller.permission.ui.GrantPermissionsActivity,handleStartActivity]
11-19 04:09:46.169 8560 8560 I wm_on_resume_called: [223879846,com.android.permissioncontroller.permission.ui.GrantPermissionsActivity,RESUME_ACTIVITY]
11-19 04:09:46.177 8560 8560 I wm_on_top_resumed_gained_called: [223879846,com.android.permissioncontroller.permission.ui.GrantPermissionsActivity,topStateChangedWhenResumed]
11-19 04:09:46.188 9285 9285 I wm_on_start_called: [84805522,com.android.deskclock.DeskClock,handleStartActivity]
11-19 04:09:46.189 9285 9285 I wm_on_resume_called: [84805522,com.android.deskclock.DeskClock,RESUME_ACTIVITY]
11-19 04:09:46.197 1499 5215 I wm_finish_activity: [0,223879846,41,com.android.permissioncontroller/.permission.ui.GrantPermissionsActivity,app-request]
11-19 04:09:46.199 1499 5215 I wm_pause_activity: [0,223879846,com.android.permissioncontroller/.permission.ui.GrantPermissionsActivity,userLeaving=false,finish]
11-19 04:09:46.203 8560 8560 I wm_on_top_resumed_lost_called: [223879846,com.android.permissioncontroller.permission.ui.GrantPermissionsActivity,topStateChangedWhenResumed]
11-19 04:09:46.205 1499 1637 I sysui_multi_action: [757,1144,758,8,806,com.android.permissioncontroller,871,com.android.permissioncontroller.permission.ui.GrantPermissionsActivity]
11-19 04:09:46.206 8560 8560 I wm_on_paused_called: [223879846,com.android.permissioncontroller.permission.ui.GrantPermissionsActivity,performPause]
11-19 04:09:46.210 1499 2757 I wm_resume_activity: [0,84805522,41,com.android.deskclock/.DeskClock]
11-19 04:09:46.213 1499 2757 I wm_resume_activity: [0,84805522,41,com.android.deskclock/.DeskClock]
11-19 04:09:46.217 1499 1637 I sysui_multi_action: [757,803,799,window_time_0,802,5]
11-19 04:09:46.270 9285 9285 I wm_on_paused_called: [84805522,com.android.deskclock.DeskClock,performPause]
11-19 04:09:46.270 9285 9285 I wm_on_activity_result_called: [84805522,com.android.deskclock.DeskClock,ACTIVITY_RESULT]
11-19 04:09:46.270 9285 9285 I wm_on_resume_called: [84805522,com.android.deskclock.DeskClock,ACTIVITY_RESULT]
11-19 04:09:46.293 1499 2757 I wm_destroy_activity: [0,223879846,41,com.android.permissioncontroller/.permission.ui.GrantPermissionsActivity,finish-idle]
11-19 04:09:46.295 8560 8560 I wm_on_stop_called: [223879846,com.android.permissioncontroller.permission.ui.GrantPermissionsActivity,LIFECYCLER_STOP_ACTIVITY]
11-19 04:09:46.295 8560 8560 I wm_on_destroy_called: [223879846,com.android.permissioncontroller.permission.ui.GrantPermissionsActivity,performDestroy]
11-19 04:09:46.305 1499 6279 I wm_resume_activity: [0,84805522,41,com.android.deskclock/.DeskClock]
11-19 04:09:46.306 1499 1638 I input_focus: [Focus request 632f7bf com.android.launcher3/com.android.launcher3.uioverrides.QuickstepLauncher,reason=UpdateInputWindows]
11-19 04:09:46.311 1499 1644 I am_pss : [9112,10025,com.android.musicfx,5697536,3792896,0,90034176,0,19,5]
11-19 04:09:46.317 1499 1831 I input_focus: [Focus leaving recents_animation_input_consumer (server),reason=setFocusedWindow]
11-19 04:09:46.317 1499 1831 I input_focus: [Focus entering 632f7bf com.android.launcher3/com.android.launcher3.uioverrides.QuickstepLauncher (server),reason=setFocusedWindow]
11-19 04:09:46.469 1499 2759 I wm_task_moved: [1,0,7]
11-19 04:09:46.472 1499 2759 I wm_resume_activity: [0,19758722,10,com.android.launcher3/.uioverrides.QuickstepLauncher]
11-19 04:09:46.473 2802 2802 I wm_on_resume_called: [19758722,com.android.launcher3.uioverrides.QuickstepLauncher,RESUME_ACTIVITY]
11-19 04:09:46.475 1499 2759 I wm_resume_activity: [0,84805522,41,com.android.deskclock/.DeskClock]
11-19 04:09:46.482 1499 1638 I input_focus: [Focus request 9c16297 com.android.deskclock/com.android.deskclock.DeskClock,reason=UpdateInputWindows]
11-19 04:09:46.499 1499 1831 I input_focus: [Focus leaving 632f7bf com.android.launcher3/com.android.launcher3.uioverrides.QuickstepLauncher (server),reason=setFocusedWindow]
11-19 04:09:46.499 1499 1831 I input_focus: [Focus entering 9c16297 com.android.deskclock/com.android.deskclock.DeskClock (server),reason=setFocusedWindow]
11-19 04:09:47.131 0 0 I auditd : type=1400 audit(0.0:6055): avc: denied { kill } for comm="swapper/3" capability=5 scontext=u:r:kernel:s0 tcontext=u:r:kernel:s0 tclass=capability permissive=0
11-19 04:09:47.571 1499 1831 I input_interaction: Interaction with: 9c16297 com.android.deskclock/com.android.deskclock.DeskClock (server), edge-swipe (server), swipe-up (server), PointerEventDispatcher0 (server),
11-19 04:09:47.723 1499 2757 I wm_relaunch_resume_activity: [0,84805522,41,com.android.deskclock/.DeskClock]
11-19 04:09:47.724 1499 2757 I wm_add_to_stopping: [0,19758722,com.android.launcher3/.uioverrides.QuickstepLauncher,makeInvisible]
11-19 04:09:47.727 1499 2757 I wm_pause_activity: [0,19758722,com.android.launcher3/.uioverrides.QuickstepLauncher,userLeaving=false,pauseBackTasks]
11-19 04:09:47.729 2802 2802 I wm_on_paused_called: [19758722,com.android.launcher3.uioverrides.QuickstepLauncher,performPause]
11-19 04:09:47.739 1499 4678 I wm_resume_activity: [0,84805522,41,com.android.deskclock/.DeskClock]
11-19 04:09:47.742 9285 9285 I wm_on_paused_called: [84805522,com.android.deskclock.DeskClock,performPause]
11-19 04:09:47.748 1499 1637 I sysui_multi_action: [757,803,799,window_time_2,802,2]
11-19 04:09:47.753 9285 9285 I wm_on_stop_called: [84805522,com.android.deskclock.DeskClock,handleRelaunchActivity]
11-19 04:09:47.767 9285 9285 I wm_on_destroy_called: [84805522,com.android.deskclock.DeskClock,performDestroy]
11-19 04:09:47.791 1499 2757 I wm_task_moved: [41,1,8]
11-19 04:09:47.792 1499 2757 I wm_create_activity: [0,103936167,41,com.android.permissioncontroller/.permission.ui.GrantPermissionsActivity,android.content.pm.action.REQUEST_PERMISSIONS,NULL,NULL,8388608]
11-19 04:09:47.793 1499 2757 I wm_restart_activity: [0,103936167,41,com.android.permissioncontroller/.permission.ui.GrantPermissionsActivity]
11-19 04:09:47.794 1499 2757 I wm_set_resumed_activity: [0,com.android.permissioncontroller/.permission.ui.GrantPermissionsActivity,minimalResumeActivityLocked]
11-19 04:09:47.812 9285 9285 I wm_on_create_called: [84805522,com.android.deskclock.DeskClock,performCreate]
11-19 04:09:47.830 8560 8560 I wm_on_create_called: [103936167,com.android.permissioncontroller.permission.ui.GrantPermissionsActivity,performCreate]
11-19 04:09:47.831 8560 8560 I wm_on_start_called: [103936167,com.android.permissioncontroller.permission.ui.GrantPermissionsActivity,handleStartActivity]
11-19 04:09:47.832 8560 8560 I wm_on_resume_called: [103936167,com.android.permissioncontroller.permission.ui.GrantPermissionsActivity,RESUME_ACTIVITY]
11-19 04:09:47.836 8560 8560 I wm_on_top_resumed_gained_called: [103936167,com.android.permissioncontroller.permission.ui.GrantPermissionsActivity,topStateChangedWhenResumed]
11-19 04:09:47.841 9285 9285 I wm_on_start_called: [84805522,com.android.deskclock.DeskClock,handleStartActivity]
11-19 04:09:47.841 9285 9285 I wm_on_resume_called: [84805522,com.android.deskclock.DeskClock,RESUME_ACTIVITY]
11-19 04:09:47.845 1499 1638 I input_focus: [Focus request 33592b5 com.android.permissioncontroller/com.android.permissioncontroller.permission.ui.GrantPermissionsActivity,reason=UpdateInputWindows]
11-19 04:09:47.849 1499 5215 I wm_finish_activity: [0,103936167,41,com.android.permissioncontroller/.permission.ui.GrantPermissionsActivity,app-request]
11-19 04:09:47.857 1499 5215 I wm_pause_activity: [0,103936167,com.android.permissioncontroller/.permission.ui.GrantPermissionsActivity,userLeaving=false,finish]
11-19 04:09:47.864 8560 8560 I wm_on_top_resumed_lost_called: [103936167,com.android.permissioncontroller.permission.ui.GrantPermissionsActivity,topStateChangedWhenResumed]
11-19 04:09:47.866 1499 1637 I sysui_multi_action: [757,1144,758,8,806,com.android.permissioncontroller,871,com.android.permissioncontroller.permission.ui.GrantPermissionsActivity]
11-19 04:09:47.868 8560 8560 I wm_on_paused_called: [103936167,com.android.permissioncontroller.permission.ui.GrantPermissionsActivity,performPause]
11-19 04:09:47.871 1499 1831 I input_focus: [Focus leaving 9c16297 com.android.deskclock/com.android.deskclock.DeskClock (server),reason=Waiting for window because NOT_VISIBLE]
11-19 04:09:47.874 1499 2757 I wm_resume_activity: [0,84805522,41,com.android.deskclock/.DeskClock]
11-19 04:09:47.875 1499 2757 I wm_resume_activity: [0,84805522,41,com.android.deskclock/.DeskClock]
11-19 04:09:47.881 1499 1637 I sysui_multi_action: [757,803,799,window_time_0,802,0]
11-19 04:09:47.917 9285 9285 I wm_on_paused_called: [84805522,com.android.deskclock.DeskClock,performPause]
11-19 04:09:47.917 9285 9285 I wm_on_activity_result_called: [84805522,com.android.deskclock.DeskClock,ACTIVITY_RESULT]
11-19 04:09:47.918 9285 9285 I wm_on_resume_called: [84805522,com.android.deskclock.DeskClock,ACTIVITY_RESULT]
11-19 04:09:47.936 1499 2757 I wm_destroy_activity: [0,103936167,41,com.android.permissioncontroller/.permission.ui.GrantPermissionsActivity,finish-idle]
11-19 04:09:47.937 8560 8560 I wm_on_stop_called: [103936167,com.android.permissioncontroller.permission.ui.GrantPermissionsActivity,LIFECYCLER_STOP_ACTIVITY]
11-19 04:09:47.937 8560 8560 I wm_on_destroy_called: [103936167,com.android.permissioncontroller.permission.ui.GrantPermissionsActivity,performDestroy]
11-19 04:09:47.944 1499 2759 I wm_resume_activity: [0,84805522,41,com.android.deskclock/.DeskClock]
11-19 04:09:47.945 1499 1638 I input_focus: [Focus request 9c16297 com.android.deskclock/com.android.deskclock.DeskClock,reason=UpdateInputWindows]
11-19 04:09:47.953 1499 1831 I input_focus: [Focus entering 9c16297 com.android.deskclock/com.android.deskclock.DeskClock (server),reason=setFocusedWindow]
11-19 04:09:49.087 1499 4678 I wm_task_moved: [1,0,0]
11-19 04:09:49.089 1499 4678 I wm_task_moved: [1,0,7]
11-19 04:09:49.131 0 0 I auditd : type=1400 audit(0.0:6056): avc: denied { kill } for comm="swapper/3" capability=5 scontext=u:r:kernel:s0 tcontext=u:r:kernel:s0 tclass=capability permissive=0
11-19 04:09:49.144 9285 9285 I view_enqueue_input_event: [Motion - Cancel,com.android.deskclock/com.android.deskclock.DeskClock]
11-19 04:09:49.149 1499 1831 I input_interaction: Interaction with: edge-swipe (server), swipe-up (server), PointerEventDispatcher0 (server),
11-19 04:09:49.157 1499 1634 I sysui_multi_action: [319,16,322,47,325,10268,757,761,758,9,759,5,806,com.android.launcher3,871,com.android.launcher3.uioverrides.QuickstepLauncher,905,0,1320,8,1321,5]
11-19 04:09:49.170 2802 2802 I sysui_latency: [1,22]
11-19 04:09:49.171 1499 1638 I input_focus: [Focus request recents_animation_input_consumer,reason=UpdateInputWindows]
11-19 04:09:49.191 1499 1831 I input_focus: [Focus leaving 9c16297 com.android.deskclock/com.android.deskclock.DeskClock (server),reason=NOT_FOCUSABLE]
11-19 04:09:49.192 1499 1831 I input_focus: [Focus entering recents_animation_input_consumer (server),reason=setFocusedWindow]
11-19 04:09:49.370 1499 1759 I commit_sys_config_file: [settings-1-0,5]
11-19 04:09:49.436 1499 1644 I sysui_latency: [8,66]
11-19 04:09:50.037 1499 1759 I commit_sys_config_file: [settings-1-0,4]
11-19 04:09:50.131 0 0 I auditd : type=1400 audit(0.0:6057): avc: denied { kill } for comm="swapper/3" capability=5 scontext=u:r:kernel:s0 tcontext=u:r:kernel:s0 tclass=capability permissive=0
11-19 04:09:50.472 1499 1831 I input_interaction: Interaction with: 632f7bf com.android.launcher3/com.android.launcher3.uioverrides.QuickstepLauncher (server), edge-swipe (server), swipe-up (server), PointerEventDispatcher0 (server),
11-19 04:09:50.872 1499 4678 I wm_task_moved: [1,1,8]
11-19 04:09:50.879 1499 4678 I wm_focused_root_task: [0,0,1,41,RecentsAnimation.onAnimationFinished()]
11-19 04:09:50.882 1499 4678 I wm_set_resumed_activity: [0,com.android.launcher3/.uioverrides.QuickstepLauncher,resumeTopActivityInnerLocked]
11-19 04:09:50.883 1499 4678 I wm_resume_activity: [0,19758722,10,com.android.launcher3/.uioverrides.QuickstepLauncher]
11-19 04:09:50.884 1499 4678 I wm_add_to_stopping: [0,84805522,com.android.deskclock/.DeskClock,makeInvisible]
11-19 04:09:50.885 2802 2802 I wm_on_resume_called: [19758722,com.android.launcher3.uioverrides.QuickstepLauncher,RESUME_ACTIVITY]
11-19 04:09:50.885 2802 2802 I wm_on_top_resumed_gained_called: [19758722,com.android.launcher3.uioverrides.QuickstepLauncher,topWhenResuming]
11-19 04:09:50.895 1499 1638 I input_focus: [Focus request 632f7bf com.android.launcher3/com.android.launcher3.uioverrides.QuickstepLauncher,reason=UpdateInputWindows]
11-19 04:09:50.909 1499 1637 I wm_stop_activity: [0,84805522,com.android.deskclock/.DeskClock]
11-19 04:09:50.910 1499 1637 I sysui_multi_action: [757,803,799,window_time_0,802,3]
11-19 04:09:50.915 1499 1831 I input_focus: [Focus leaving recents_animation_input_consumer (server),reason=NOT_VISIBLE]
11-19 04:09:50.915 1499 1831 I input_focus: [Focus entering 632f7bf com.android.launcher3/com.android.launcher3.uioverrides.QuickstepLauncher (server),reason=setFocusedWindow]
11-19 04:09:50.925 1499 1831 I input_interaction: Interaction with: 632f7bf com.android.launcher3/com.android.launcher3.uioverrides.QuickstepLauncher (server), a1d9774 com.android.systemui.ImageWallpaper (server), edge-swipe (server), swipe-up (server), PointerEventDispatcher0 (server),
11-19 04:09:50.937 9285 9285 I wm_on_paused_called: [84805522,com.android.deskclock.DeskClock,performPause]
11-19 04:09:50.941 9285 9285 I wm_on_stop_called: [84805522,com.android.deskclock.DeskClock,STOP_ACTIVITY_ITEM]
11-19 04:09:51.014 1499 2757 I wm_finish_activity: [0,228511047,40,com.android.music/.MusicBrowserActivity,recent-task-trimmed]
11-19 04:09:51.015 1499 2757 I wm_destroy_activity: [0,228511047,40,com.android.music/.MusicBrowserActivity,finish-imm:finishIfPossible]
11-19 04:09:51.015 1499 2757 I wm_finish_activity: [0,69923240,39,com.android.calendar/.AllInOneActivity,recent-task-trimmed]
11-19 04:09:51.016 1499 2757 I wm_destroy_activity: [0,69923240,39,com.android.calendar/.AllInOneActivity,finish-imm:finishIfPossible]
11-19 04:09:51.017 1499 2757 I wm_finish_activity: [0,84805522,41,com.android.deskclock/.DeskClock,recent-task-trimmed]
11-19 04:09:51.017 1499 2757 I wm_destroy_activity: [0,84805522,41,com.android.deskclock/.DeskClock,finish-imm:finishIfPossible]
11-19 04:09:51.017 9133 9133 I wm_on_destroy_called: [69923240,com.android.calendar.AllInOneActivity,performDestroy]
11-19 04:09:51.019 1499 1637 I sysui_multi_action: [757,803,799,window_time_0,802,0]
11-19 04:09:51.022 9056 9056 I wm_on_destroy_called: [228511047,com.android.music.MusicBrowserActivity,performDestroy]
11-19 04:09:51.024 1499 8917 I wm_task_removed: [39,removeChild:removeChild last r=ActivityRecord{42af1a8 u0 com.android.calendar/.AllInOneActivity t-1 f}} in t=Task{fa635cb #39 type=standard A=10062:android.task.calendar U=0 visible=false mode=fullscreen translucent=true sz=0}]
11-19 04:09:51.024 1499 8917 I wm_task_removed: [39,removeChild]
11-19 04:09:51.030 1499 1637 I am_kill : [0,9133,com.android.calendar,900,remove task]
11-19 04:09:51.034 9285 9285 I wm_on_destroy_called: [84805522,com.android.deskclock.DeskClock,performDestroy]
11-19 04:09:51.034 1499 1499 I sysui_multi_action: [757,128,758,5,759,8,793,70659,794,0,795,22031,796,1,806,com.android.music,857,Channel-music,858,2,947,0,1500,22031,1641,transport,1688,1,1745,1043716538]
11-19 04:09:51.034 1499 1499 I notification_canceled: [0|com.android.music|1|null|10090,8,70659,22031,0,-1,-1,NULL]
11-19 04:09:51.038 1499 5215 I wm_task_removed: [40,removeChild:removeChild last r=ActivityRecord{d9ecd47 u0 com.android.music/.MusicBrowserActivity t-1 f}} in t=Task{51e42ba #40 type=standard A=10090:android.task.music U=0 visible=false mode=fullscreen translucent=true sz=0}]
11-19 04:09:51.038 1499 5215 I wm_task_removed: [40,removeChild]
11-19 04:09:51.047 1499 1637 I sysui_multi_action: [757,803,799,window_time_0,802,0]
11-19 04:09:51.049 1499 6279 I wm_task_removed: [41,removeChild:removeChild last r=ActivityRecord{50e0792 u0 com.android.deskclock/.DeskClock t-1 f}} in t=Task{e1aefe1 #41 type=standard A=10063:com.android.deskclock U=0 visible=false mode=fullscreen translucent=true sz=0}]
11-19 04:09:51.049 1499 6279 I wm_task_removed: [41,removeChild]
11-19 04:09:51.051 1499 1637 I am_kill : [0,9285,com.android.deskclock,905,remove task]
11-19 04:09:51.053 1499 6279 I sysui_multi_action: [757,856,758,2,806,com.android.music,857,Channel-music,858,2]
11-19 04:09:51.053 1499 1499 I notification_cancel_all: [1000,1499,com.android.music,0,0,0,20,NULL]
11-19 04:09:51.053 1499 1637 I sysui_multi_action: [757,803,799,window_time_0,802,0]
11-19 04:09:51.078 1499 1499 I notification_enqueue: [10081,2342,com.android.systemui,1,empty_media,0,Notification(channel=empty_media_style_id shortcut=null contentView=null vibrate=null sound=null defaults=0x0 flags=0x20 color=0x00000000 category=transport actions=4 vis=PRIVATE),0]
11-19 04:09:51.097 1499 6279 I am_proc_died: [0,9285,com.android.deskclock,905,19]
11-19 04:09:51.098 1499 6279 I am_uid_stopped: 10063
11-19 04:09:51.103 1499 1637 I am_uid_stopped: 10062
11-19 04:09:51.103 1499 1637 I am_uid_running: 10062
11-19 04:09:51.106 1499 2437 I am_proc_died: [0,9133,com.android.calendar,900,19]
