11-19 05:15:24.363 1499 1499 I notification_enqueue: [10090,13467,com.android.music,1,NULL,0,Notification(channel=Channel-music shortcut=null contentView=null vibrate=null sound=null defaults=0x0 flags=0x40 color=0x00000000 category=transport actions=4 vis=PRIVATE),1]
11-19 05:15:24.366 1499 2284 I GameModeConfig: isGameModeOn = false
11-19 05:15:24.366 1499 2284 I GameModeConfig: isGameModeOn = false
11-19 05:15:24.366 1499 2284 I GameModeConfig: isGameModeOn = false
11-19 05:15:24.367 1499 2284 I GameModeConfig: isGameModeOn = false
11-19 05:15:24.370 1499 1499 I notification_enqueue: [10090,13467,com.android.music,1,NULL,0,Notification(channel=Channel-music shortcut=null contentView=null vibrate=null sound=null defaults=0x0 flags=0x40 color=0x00000000 category=transport actions=4 vis=PRIVATE),1]
11-19 05:15:24.372 1499 1499 I notification_enqueue: [10090,13467,com.android.music,1,NULL,0,Notification(channel=Channel-music shortcut=null contentView=null vibrate=null sound=null defaults=0x0 flags=0x40 color=0x00000000 category=transport actions=4 vis=PRIVATE),1]
11-19 05:15:24.374 1499 2284 I GameModeConfig: isGameModeOn = false
11-19 05:15:24.374 1499 2284 I GameModeConfig: isGameModeOn = false
11-19 05:15:24.374 1499 2284 I GameModeConfig: isGameModeOn = false
11-19 05:15:24.374 1499 2284 I GameModeConfig: isGameModeOn = false
11-19 05:15:24.378 1499 8917 W WindowManager: updateScale0.4617737
11-19 05:15:24.378 1499 1499 I notification_enqueue: [10090,13467,com.android.music,1,NULL,0,Notification(channel=Channel-music shortcut=null contentView=null vibrate=null sound=null defaults=0x0 flags=0x40 color=0x00000000 category=transport actions=4 vis=PRIVATE),1]
11-19 05:15:24.380 1499 1499 I notification_enqueue: [10090,13467,com.android.music,1,NULL,0,Notification(channel=Channel-music shortcut=null contentView=null vibrate=null sound=null defaults=0x0 flags=0x40 color=0x00000000 category=transport actions=4 vis=PRIVATE),1]
11-19 05:15:24.564 1499 1499 I GameModeConfig: isGameModeOn = false
11-19 05:15:24.565 1499 1499 I GameModeConfig: isGameModeOn = false
11-19 05:15:24.572 1499 1499 I GameModeConfig: isGameModeOn = false
11-19 05:15:24.574 1499 1499 I GameModeConfig: isGameModeOn = false
11-19 05:15:24.580 1499 1499 I GameModeConfig: isGameModeOn = false
11-19 05:15:24.581 1499 1499 I GameModeConfig: isGameModeOn = false
11-19 05:15:25.131 0 0 I auditd : type=1400 audit(0.0:12448): avc: denied { kill } for comm="swapper/0" capability=5 scontext=u:r:kernel:s0 tcontext=u:r:kernel:s0 tclass=capability permissive=0
11-19 05:15:25.243 1499 8917 W WindowManager: updateScale0.7996942
11-19 05:15:25.245 1499 8917 I wm_relaunch_resume_activity: [0,155936197,68,com.android.music/.MusicBrowserActivity]
11-19 05:15:25.247 1499 8917 W WindowManager: updateScale0.7996942
11-19 05:15:25.262 1499 8917 W ActivityManager: Receiver with filter android.content.IntentFilter@103e105 already registered for pid 13467, callerPackage is com.android.music
11-19 05:15:25.262 13467 13467 I wm_on_top_resumed_lost_called: [155936197,com.android.music.MusicBrowserActivity,pausing]
11-19 05:15:25.263 13467 13467 I wm_on_paused_called: [155936197,com.android.music.MusicBrowserActivity,performPause]
11-19 05:15:25.266 13467 13467 I wm_on_stop_called: [155936197,com.android.music.MusicBrowserActivity,handleRelaunchActivity]
11-19 05:15:25.272 13467 13467 I wm_on_destroy_called: [155936197,com.android.music.MusicBrowserActivity,performDestroy]
11-19 05:15:25.314 13467 13467 I wm_on_create_called: [155936197,com.android.music.MusicBrowserActivity,performCreate]
11-19 05:15:25.323 13467 13467 I wm_on_start_called: [155936197,com.android.music.MusicBrowserActivity,handleStartActivity]
11-19 05:15:25.323 13467 13467 I wm_on_resume_called: [155936197,com.android.music.MusicBrowserActivity,RESUME_ACTIVITY]
11-19 05:15:25.323 13467 13467 I wm_on_top_resumed_gained_called: [155936197,com.android.music.MusicBrowserActivity,topWhenResuming]
11-19 05:15:25.325 1499 2761 W WindowManager: updateScale0.7996942
11-19 05:15:25.327 1499 2761 W WindowManager: updateScale0.7996942
11-19 05:15:25.335 1499 2284 I GameModeConfig: isGameModeOn = false
11-19 05:15:25.335 1499 2284 I GameModeConfig: isGameModeOn = false
11-19 05:15:25.335 1499 2284 I GameModeConfig: isGameModeOn = false
11-19 05:15:25.335 1499 2284 I GameModeConfig: isGameModeOn = false
11-19 05:15:25.339 1499 1499 I notification_enqueue: [10090,13467,com.android.music,1,NULL,0,Notification(channel=Channel-music shortcut=null contentView=null vibrate=null sound=null defaults=0x0 flags=0x40 color=0x00000000 category=transport actions=4 vis=PRIVATE),1]
11-19 05:15:25.341 1499 1499 I notification_enqueue: [10090,13467,com.android.music,1,NULL,0,Notification(channel=Channel-music shortcut=null contentView=null vibrate=null sound=null defaults=0x0 flags=0x40 color=0x00000000 category=transport actions=4 vis=PRIVATE),1]
11-19 05:15:25.342 1499 2284 I GameModeConfig: isGameModeOn = false
11-19 05:15:25.342 1499 2284 I GameModeConfig: isGameModeOn = false
11-19 05:15:25.342 1499 2284 I GameModeConfig: isGameModeOn = false
11-19 05:15:25.343 1499 2284 I GameModeConfig: isGameModeOn = false
11-19 05:15:25.346 1499 1499 I notification_enqueue: [10090,13467,com.android.music,1,NULL,0,Notification(channel=Channel-music shortcut=null contentView=null vibrate=null sound=null defaults=0x0 flags=0x40 color=0x00000000 category=transport actions=4 vis=PRIVATE),1]
11-19 05:15:25.347 1499 1499 I notification_enqueue: [10090,13467,com.android.music,1,NULL,0,Notification(channel=Channel-music shortcut=null contentView=null vibrate=null sound=null defaults=0x0 flags=0x40 color=0x00000000 category=transport actions=4 vis=PRIVATE),1]
11-19 05:15:25.350 1499 1499 I notification_enqueue: [10090,13467,com.android.music,1,NULL,0,Notification(channel=Channel-music shortcut=null contentView=null vibrate=null sound=null defaults=0x0 flags=0x40 color=0x00000000 category=transport actions=4 vis=PRIVATE),1]
11-19 05:15:25.351 1499 1499 I notification_enqueue: [10090,13467,com.android.music,1,NULL,0,Notification(channel=Channel-music shortcut=null contentView=null vibrate=null sound=null defaults=0x0 flags=0x40 color=0x00000000 category=transport actions=4 vis=PRIVATE),1]
11-19 05:15:25.352 1499 8917 W WindowManager: updateScale0.7996942
11-19 05:15:25.360 1499 2284 I GameModeConfig: isGameModeOn = false
11-19 05:15:25.360 1499 2284 I GameModeConfig: isGameModeOn = false
11-19 05:15:25.360 1499 2284 I GameModeConfig: isGameModeOn = false
11-19 05:15:25.360 1499 2284 I GameModeConfig: isGameModeOn = false
11-19 05:15:25.540 1499 1499 I GameModeConfig: isGameModeOn = false
11-19 05:15:25.542 1499 1499 I GameModeConfig: isGameModeOn = false
11-19 05:15:25.547 1499 1499 I GameModeConfig: isGameModeOn = false
11-19 05:15:25.548 1499 1499 I GameModeConfig: isGameModeOn = false
11-19 05:15:25.551 1499 1499 I GameModeConfig: isGameModeOn = false
11-19 05:15:25.552 1499 1499 I GameModeConfig: isGameModeOn = false
11-19 05:15:26.131 0 0 I auditd : type=1400 audit(0.0:12449): avc: denied { kill } for comm="swapper/0" capability=5 scontext=u:r:kernel:s0 tcontext=u:r:kernel:s0 tclass=capability permissive=0
11-19 05:15:27.131 0 0 I auditd : type=1400 audit(0.0:12450): avc: denied { kill } for comm="swapper/0" capability=5 scontext=u:r:kernel:s0 tcontext=u:r:kernel:s0 tclass=capability permissive=0
11-19 05:15:28.131 0 0 I auditd : type=1400 audit(0.0:12451): avc: denied { kill } for comm="swapper/0" capability=5 scontext=u:r:kernel:s0 tcontext=u:r:kernel:s0 tclass=capability permissive=0
11-19 05:15:29.131 0 0 I auditd : type=1400 audit(0.0:12452): avc: denied { kill } for comm="swapper/0" capability=5 scontext=u:r:kernel:s0 tcontext=u:r:kernel:s0 tclass=capability permissive=0
11-19 05:15:30.131 0 0 I auditd : type=1400 audit(0.0:12453): avc: denied { kill } for comm="swapper/0" capability=5 scontext=u:r:kernel:s0 tcontext=u:r:kernel:s0 tclass=capability permissive=0
11-19 05:15:30.460 1499 2762 W WindowManager: updateScale0.7996942
11-19 05:15:30.477 1499 1638 W WindowManager: updateScale0.7996942
11-19 05:15:30.593 1499 2762 I wm_relaunch_resume_activity: [0,155936197,68,com.android.music/.MusicBrowserActivity]
11-19 05:15:30.594 1499 2762 I wm_add_to_stopping: [0,19758722,com.android.launcher3/.uioverrides.QuickstepLauncher,makeInvisible]
11-19 05:15:30.595 1499 2762 D FreeFormWindowHelper: Remove freefrom task=Task{6cabc0e #68 type=standard A=10090:android.task.music U=0 visible=true mode=fullscreen translucent=false sz=1}
11-19 05:15:30.610 1499 2341 W ActivityManager: Receiver with filter android.content.IntentFilter@fb9eb47 already registered for pid 13467, callerPackage is com.android.music
11-19 05:15:30.611 13467 13467 I wm_on_top_resumed_lost_called: [155936197,com.android.music.MusicBrowserActivity,pausing]
11-19 05:15:30.611 1499 2762 W WindowManager: Attempted to set replacing window on app token with no content Token{f32b209 ActivityRecord{94b65c5 u0 com.android.music/.MusicBrowserActivity t68}}
11-19 05:15:30.611 13467 13467 I wm_on_paused_called: [155936197,com.android.music.MusicBrowserActivity,performPause]
11-19 05:15:30.613 7802 7838 W ContextImpl: Calling a method in the system process without a qualified user: android.app.ContextImpl.startService:1816 android.content.ContextWrapper.startService:774 com.thundercomm.gamemode.ingame.services.GameModeActionUtils.startGameModeService:93 com.thundercomm.gamemode.ingame.services.GameModeActionUtils.startGameModeEntry:21 com.thundercomm.gamemode.ingame.services.ActivityMonitoringService$1.onActivityLaunch:127
11-19 05:15:30.615 13467 13467 I wm_on_stop_called: [155936197,com.android.music.MusicBrowserActivity,handleRelaunchActivity]
11-19 05:15:30.619 13467 13467 I wm_on_destroy_called: [155936197,com.android.music.MusicBrowserActivity,performDestroy]
11-19 05:15:30.624 1499 1644 I am_pss : [13677,10025,com.android.musicfx,5746688,3796992,0,90030080,0,19,5]
11-19 05:15:30.625 1499 1499 I GameModeConfig: Current uri is uri = content://com.thundercomm.gamemode.api/gamemode_settings/gamemode_isgaming
11-19 05:15:30.633 1499 1499 I GameModeConfig: isGameModeOn = false
11-19 05:15:30.633 1499 1499 I GameModeConfig: isGameModeOn = false
11-19 05:15:30.633 1499 1499 I GameModeConfig: isDisableVoice = true
11-19 05:15:30.664 13467 13467 I wm_on_create_called: [155936197,com.android.music.MusicBrowserActivity,performCreate]
11-19 05:15:30.678 13467 13467 I wm_on_start_called: [155936197,com.android.music.MusicBrowserActivity,handleStartActivity]
11-19 05:15:30.679 13467 13467 I wm_on_resume_called: [155936197,com.android.music.MusicBrowserActivity,RESUME_ACTIVITY]
11-19 05:15:30.679 13467 13467 I wm_on_top_resumed_gained_called: [155936197,com.android.music.MusicBrowserActivity,topWhenResuming]
11-19 05:15:30.692 1499 2762 I WindowManager: finishDrawing of relaunch: Window{287a3b3 u0 com.android.music/com.android.music.MusicBrowserActivity} 98ms
11-19 05:15:30.692 1499 2284 I GameModeConfig: isGameModeOn = false
11-19 05:15:30.692 1499 2284 I GameModeConfig: isGameModeOn = false
11-19 05:15:30.693 1499 2284 I GameModeConfig: isGameModeOn = false
11-19 05:15:30.693 1499 2284 I GameModeConfig: isGameModeOn = false
11-19 05:15:30.697 1499 1499 I notification_enqueue: [10090,13467,com.android.music,1,NULL,0,Notification(channel=Channel-music shortcut=null contentView=null vibrate=null sound=null defaults=0x0 flags=0x40 color=0x00000000 category=transport actions=4 vis=PRIVATE),1]
11-19 05:15:30.698 1499 1499 I notification_enqueue: [10090,13467,com.android.music,1,NULL,0,Notification(channel=Channel-music shortcut=null contentView=null vibrate=null sound=null defaults=0x0 flags=0x40 color=0x00000000 category=transport actions=4 vis=PRIVATE),1]
11-19 05:15:30.702 1499 2284 I GameModeConfig: isGameModeOn = false
11-19 05:15:30.702 1499 2284 I GameModeConfig: isGameModeOn = false
11-19 05:15:30.703 1499 2284 I GameModeConfig: isGameModeOn = false
11-19 05:15:30.703 1499 2284 I GameModeConfig: isGameModeOn = false
11-19 05:15:30.705 1499 1499 I notification_enqueue: [10090,13467,com.android.music,1,NULL,0,Notification(channel=Channel-music shortcut=null contentView=null vibrate=null sound=null defaults=0x0 flags=0x40 color=0x00000000 category=transport actions=4 vis=PRIVATE),1]
11-19 05:15:30.707 1499 1499 I notification_enqueue: [10090,13467,com.android.music,1,NULL,0,Notification(channel=Channel-music shortcut=null contentView=null vibrate=null sound=null defaults=0x0 flags=0x40 color=0x00000000 category=transport actions=4 vis=PRIVATE),1]
11-19 05:15:30.710 1499 2284 I GameModeConfig: isGameModeOn = false
11-19 05:15:30.710 1499 2284 I GameModeConfig: isGameModeOn = false
11-19 05:15:30.710 1499 2284 I GameModeConfig: isGameModeOn = false
11-19 05:15:30.710 1499 2284 I GameModeConfig: isGameModeOn = false
11-19 05:15:30.712 1499 1499 I notification_enqueue: [10090,13467,com.android.music,1,NULL,0,Notification(channel=Channel-music shortcut=null contentView=null vibrate=null sound=null defaults=0x0 flags=0x40 color=0x00000000 category=transport actions=4 vis=PRIVATE),1]
11-19 05:15:30.717 1499 1499 I notification_enqueue: [10090,13467,com.android.music,1,NULL,0,Notification(channel=Channel-music shortcut=null contentView=null vibrate=null sound=null defaults=0x0 flags=0x40 color=0x00000000 category=transport actions=4 vis=PRIVATE),1]
11-19 05:15:30.898 1499 1499 I GameModeConfig: isGameModeOn = false
11-19 05:15:30.900 1499 1499 I GameModeConfig: isGameModeOn = false
11-19 05:15:30.906 1499 1499 I GameModeConfig: isGameModeOn = false
11-19 05:15:30.908 1499 1499 I GameModeConfig: isGameModeOn = false
11-19 05:15:30.915 1499 1499 I GameModeConfig: isGameModeOn = false
11-19 05:15:30.919 1499 1499 I GameModeConfig: isGameModeOn = false
11-19 05:15:31.039 1499 1637 I wm_stop_activity: [0,19758722,com.android.launcher3/.uioverrides.QuickstepLauncher]
11-19 05:15:31.047 7802 7838 W ContextImpl: Calling a method in the system process without a qualified user: android.app.ContextImpl.startService:1816 android.content.ContextWrapper.startService:774 com.thundercomm.gamemode.ingame.services.GameModeActionUtils.startGameModeService:93 com.thundercomm.gamemode.ingame.services.GameModeActionUtils.startGameModeEntry:21 com.thundercomm.gamemode.ingame.services.ActivityMonitoringService$1.onActivityLaunch:127
11-19 05:15:31.051 1499 1499 I GameModeConfig: Current uri is uri = content://com.thundercomm.gamemode.api/gamemode_settings/gamemode_isgaming
11-19 05:15:31.053 1499 1499 I GameModeConfig: isGameModeOn = false
11-19 05:15:31.054 1499 1499 I GameModeConfig: isGameModeOn = false
11-19 05:15:31.054 1499 1499 I GameModeConfig: isDisableVoice = true
11-19 05:15:31.068 2802 2802 I wm_on_paused_called: [19758722,com.android.launcher3.uioverrides.QuickstepLauncher,performPause]
11-19 05:15:31.072 2802 2802 I wm_on_stop_called: [19758722,com.android.launcher3.uioverrides.QuickstepLauncher,STOP_ACTIVITY_ITEM]
11-19 05:15:31.097 7802 7838 W ContextImpl: Calling a method in the system process without a qualified user: android.app.ContextImpl.startService:1816 android.content.ContextWrapper.startService:774 com.thundercomm.gamemode.ingame.services.GameModeActionUtils.startGameModeService:93 com.thundercomm.gamemode.ingame.services.GameModeActionUtils.startGameModeEntry:21 com.thundercomm.gamemode.ingame.services.ActivityMonitoringService$1.onActivityLaunch:127
11-19 05:15:31.101 1499 1499 I GameModeConfig: Current uri is uri = content://com.thundercomm.gamemode.api/gamemode_settings/gamemode_isgaming
11-19 05:15:31.104 1499 1499 I GameModeConfig: isGameModeOn = false
11-19 05:15:31.105 1499 1499 I GameModeConfig: isGameModeOn = false
11-19 05:15:31.105 1499 1499 I GameModeConfig: isDisableVoice = true
11-19 05:15:31.131 0 0 I auditd : type=1400 audit(0.0:12454): avc: denied { kill } for comm="swapper/0" capability=5 scontext=u:r:kernel:s0 tcontext=u:r:kernel:s0 tclass=capability permissive=0
11-19 05:15:32.131 0 0 I auditd : type=1400 audit(0.0:12455): avc: denied { kill } for comm="swapper/0" capability=5 scontext=u:r:kernel:s0 tcontext=u:r:kernel:s0 tclass=capability permissive=0
11-19 05:15:32.435 1499 2762 I wm_task_moved: [1,0,0]
11-19 05:15:32.436 1499 2762 I wm_task_moved: [1,0,6]
11-19 05:15:32.449 2802 2802 I wm_on_restart_called: [19758722,com.android.launcher3.uioverrides.QuickstepLauncher,performRestartActivity]
11-19 05:15:32.467 7802 7838 W ContextImpl: Calling a method in the system process without a qualified user: android.app.ContextImpl.startService:1816 android.content.ContextWrapper.startService:774 com.thundercomm.gamemode.ingame.services.GameModeActionUtils.startGameModeService:93 com.thundercomm.gamemode.ingame.services.GameModeActionUtils.startGameModeEntry:21 com.thundercomm.gamemode.ingame.services.ActivityMonitoringService$1.onActivityLaunch:127
11-19 05:15:32.473 1499 1499 I GameModeConfig: Current uri is uri = content://com.thundercomm.gamemode.api/gamemode_settings/gamemode_isgaming
11-19 05:15:32.473 2802 2802 I wm_on_start_called: [19758722,com.android.launcher3.uioverrides.QuickstepLauncher,handleStartActivity]
11-19 05:15:32.477 1499 1499 I GameModeConfig: isGameModeOn = false
11-19 05:15:32.477 1499 1499 I GameModeConfig: isGameModeOn = false
11-19 05:15:32.477 1499 1499 I GameModeConfig: isDisableVoice = true
11-19 05:15:32.493 1499 1634 I sysui_multi_action: [319,18,322,50,325,14211,757,761,758,9,759,5,806,com.android.launcher3,871,com.android.launcher3.uioverrides.QuickstepLauncher,905,0,1320,8,1321,5]
11-19 05:15:32.520 13467 13467 I view_enqueue_input_event: [Motion - Cancel,com.android.music/com.android.music.MusicBrowserActivity]
11-19 05:15:32.521 2802 2802 I sysui_latency: [1,63]
11-19 05:15:32.527 1499 1638 I input_focus: [Focus request recents_animation_input_consumer,reason=UpdateInputWindows]
11-19 05:15:32.532 1499 1831 I input_interaction: Interaction with: edge-swipe (server), swipe-up (server), PointerEventDispatcher0 (server),
11-19 05:15:32.560 1499 1831 I input_focus: [Focus leaving 287a3b3 com.android.music/com.android.music.MusicBrowserActivity (server),reason=NOT_FOCUSABLE]
11-19 05:15:32.560 1499 1831 I input_focus: [Focus entering recents_animation_input_consumer (server),reason=setFocusedWindow]
11-19 05:15:32.683 1499 1759 I commit_sys_config_file: [settings-1-0,11]
11-19 05:15:32.786 1499 1644 I sysui_latency: [8,62]
11-19 05:15:32.995 1499 1613 I wm_task_moved: [1,0,6]
11-19 05:15:32.996 1499 1613 I wm_add_to_stopping: [0,19758722,com.android.launcher3/.uioverrides.QuickstepLauncher,makeInvisible]
11-19 05:15:33.008 1499 1638 I input_focus: [Focus request 287a3b3 com.android.music/com.android.music.MusicBrowserActivity,reason=UpdateInputWindows]
11-19 05:15:33.011 1499 1637 I wm_stop_activity: [0,19758722,com.android.launcher3/.uioverrides.QuickstepLauncher]
11-19 05:15:33.014 1499 1831 I input_focus: [Focus leaving recents_animation_input_consumer (server),reason=NOT_VISIBLE]
11-19 05:15:33.014 1499 1831 I input_focus: [Focus entering 287a3b3 com.android.music/com.android.music.MusicBrowserActivity (server),reason=setFocusedWindow]
11-19 05:15:33.058 2802 2802 I wm_on_stop_called: [19758722,com.android.launcher3.uioverrides.QuickstepLauncher,STOP_ACTIVITY_ITEM]
11-19 05:15:33.068 1499 1644 W UsageStatsService: Unexpected activity event reported! (com.android.launcher3/com.android.launcher3.uioverrides.QuickstepLauncher event : 23 instanceId : 69626717)
11-19 05:15:33.073 7802 7838 W ContextImpl: Calling a method in the system process without a qualified user: android.app.ContextImpl.startService:1816 android.content.ContextWrapper.startService:774 com.thundercomm.gamemode.ingame.services.GameModeActionUtils.startGameModeService:93 com.thundercomm.gamemode.ingame.services.GameModeActionUtils.startGameModeEntry:21 com.thundercomm.gamemode.ingame.services.ActivityMonitoringService$1.onActivityLaunch:127
11-19 05:15:33.077 1499 1499 I GameModeConfig: Current uri is uri = content://com.thundercomm.gamemode.api/gamemode_settings/gamemode_isgaming
11-19 05:15:33.080 1499 1499 I GameModeConfig: isGameModeOn = false
11-19 05:15:33.080 1499 1499 I GameModeConfig: isGameModeOn = false
11-19 05:15:33.080 1499 1499 I GameModeConfig: isDisableVoice = true
11-19 05:15:33.120 1499 1831 I input_interaction: Interaction with: 287a3b3 com.android.music/com.android.music.MusicBrowserActivity (server), PointerEventDispatcher0 (server),
11-19 05:15:33.131 0 0 I auditd : type=1400 audit(0.0:12456): avc: denied { kill } for comm="swapper/0" capability=5 scontext=u:r:kernel:s0 tcontext=u:r:kernel:s0 tclass=capability permissive=0
11-19 05:15:33.261 1499 1759 I commit_sys_config_file: [settings-1-0,8]
11-19 05:15:33.795 1499 1831 I input_interaction: Interaction with: 287a3b3 com.android.music/com.android.music.MusicBrowserActivity (server), edge-swipe (server), swipe-up (server), PointerEventDispatcher0 (server),
11-19 05:15:33.813 1499 1613 I wm_task_moved: [1,0,0]
11-19 05:15:33.814 1499 1613 I wm_task_moved: [1,0,6]
11-19 05:15:33.823 2802 2802 I wm_on_restart_called: [19758722,com.android.launcher3.uioverrides.QuickstepLauncher,performRestartActivity]
11-19 05:15:33.841 2802 2802 I wm_on_start_called: [19758722,com.android.launcher3.uioverrides.QuickstepLauncher,handleStartActivity]
11-19 05:15:33.843 13467 13467 I view_enqueue_input_event: [Motion - Cancel,com.android.music/com.android.music.MusicBrowserActivity]
11-19 05:15:33.846 1499 1831 I input_interaction: Interaction with: edge-swipe (server), swipe-up (server), PointerEventDispatcher0 (server),
11-19 05:15:33.853 2802 2802 I sysui_latency: [1,59]
11-19 05:15:33.853 7802 7838 W ContextImpl: Calling a method in the system process without a qualified user: android.app.ContextImpl.startService:1816 android.content.ContextWrapper.startService:774 com.thundercomm.gamemode.ingame.services.GameModeActionUtils.startGameModeService:93 com.thundercomm.gamemode.ingame.services.GameModeActionUtils.startGameModeEntry:21 com.thundercomm.gamemode.ingame.services.ActivityMonitoringService$1.onActivityLaunch:127
11-19 05:15:33.857 1499 1499 I GameModeConfig: Current uri is uri = content://com.thundercomm.gamemode.api/gamemode_settings/gamemode_isgaming
11-19 05:15:33.863 1499 1499 I GameModeConfig: isGameModeOn = false
11-19 05:15:33.864 1499 1499 I GameModeConfig: isGameModeOn = false
11-19 05:15:33.864 1499 1499 I GameModeConfig: isDisableVoice = true
11-19 05:15:33.870 1499 1638 I input_focus: [Focus request recents_animation_input_consumer,reason=UpdateInputWindows]
11-19 05:15:33.872 1499 1634 I sysui_multi_action: [319,17,322,53,325,14213,757,761,758,9,759,5,806,com.android.launcher3,871,com.android.launcher3.uioverrides.QuickstepLauncher,905,0,1320,8,1321,5]
11-19 05:15:33.897 1499 1831 I input_focus: [Focus leaving 287a3b3 com.android.music/com.android.music.MusicBrowserActivity (server),reason=NOT_FOCUSABLE]
11-19 05:15:33.897 1499 1831 I input_focus: [Focus entering recents_animation_input_consumer (server),reason=setFocusedWindow]
11-19 05:15:34.045 1499 1759 I commit_sys_config_file: [settings-1-0,5]
11-19 05:15:34.167 1499 1644 I sysui_latency: [8,64]
11-19 05:15:34.525 1499 1831 I input_interaction: Interaction with: recents_animation_input_consumer (server), PointerEventDispatcher0 (server),
11-19 05:15:34.789 1499 1759 I commit_sys_config_file: [settings-1-0,6]
11-19 05:15:35.131 0 0 I auditd : type=1400 audit(0.0:12457): avc: denied { kill } for comm="swapper/0" capability=5 scontext=u:r:kernel:s0 tcontext=u:r:kernel:s0 tclass=capability permissive=0
11-19 05:15:35.191 1499 1831 I input_interaction: Interaction with: 632f7bf com.android.launcher3/com.android.launcher3.uioverrides.QuickstepLauncher (server), edge-swipe (server), swipe-up (server), PointerEventDispatcher0 (server),
11-19 05:15:35.648 1499 8917 I wm_task_moved: [1,1,7]
11-19 05:15:35.653 13467 13467 I wm_on_top_resumed_lost_called: [155936197,com.android.music.MusicBrowserActivity,topStateChangedWhenResumed]
11-19 05:15:35.653 1499 8917 I wm_task_moved: [10,1,2147483647]
11-19 05:15:35.653 1499 8917 I wm_task_to_front: [0,10]
11-19 05:15:35.653 1499 8917 I wm_focused_root_task: [0,0,1,68,RecentsAnimation.onAnimationFinished()]
11-19 05:15:35.654 1499 8917 I wm_set_resumed_activity: [0,com.android.launcher3/.uioverrides.QuickstepLauncher,RecentsAnimation.onAnimationFinished()]
11-19 05:15:35.663 1499 8917 I wm_pause_activity: [0,155936197,com.android.music/.MusicBrowserActivity,userLeaving=true,pauseBackTasks]
11-19 05:15:35.665 1499 8917 I wm_add_to_stopping: [0,155936197,com.android.music/.MusicBrowserActivity,makeInvisible]
11-19 05:15:35.665 1499 8917 I ActivityTaskManager: FOREGROUND_APPLICATION_CHANGED to com.android.launcher3.uioverrides.QuickstepLauncher
11-19 05:15:35.665 1499 8917 I wm_set_resumed_activity: [0,com.android.launcher3/.uioverrides.QuickstepLauncher,resumeTopActivityInnerLocked]
11-19 05:15:35.667 1499 8917 I wm_resume_activity: [0,19758722,10,com.android.launcher3/.uioverrides.QuickstepLauncher]
11-19 05:15:35.676 1499 1638 I input_focus: [Focus request 632f7bf com.android.launcher3/com.android.launcher3.uioverrides.QuickstepLauncher,reason=UpdateInputWindows]
11-19 05:15:35.677 13467 13467 I wm_on_paused_called: [155936197,com.android.music.MusicBrowserActivity,performPause]
11-19 05:15:35.677 2802 2802 I wm_on_resume_called: [19758722,com.android.launcher3.uioverrides.QuickstepLauncher,RESUME_ACTIVITY]
11-19 05:15:35.681 2802 2802 I wm_on_top_resumed_gained_called: [19758722,com.android.launcher3.uioverrides.QuickstepLauncher,topStateChangedWhenResumed]
11-19 05:15:35.681 1499 1637 I wm_stop_activity: [0,155936197,com.android.music/.MusicBrowserActivity]
11-19 05:15:35.686 1499 1831 I input_focus: [Focus leaving recents_animation_input_consumer (server),reason=NOT_VISIBLE]
11-19 05:15:35.686 1499 1831 I input_focus: [Focus entering 632f7bf com.android.launcher3/com.android.launcher3.uioverrides.QuickstepLauncher (server),reason=setFocusedWindow]
11-19 05:15:35.691 1499 1637 I sysui_multi_action: [757,803,799,window_time_0,802,13]
11-19 05:15:35.693 13467 13467 I wm_on_stop_called: [155936197,com.android.music.MusicBrowserActivity,STOP_ACTIVITY_ITEM]
11-19 05:15:35.693 1499 1637 I sysui_multi_action: [757,803,799,window_time_0,802,0]
11-19 05:15:35.726 7802 7838 W ContextImpl: Calling a method in the system process without a qualified user: android.app.ContextImpl.startService:1816 android.content.ContextWrapper.startService:774 com.thundercomm.gamemode.ingame.services.GameModeActionUtils.startGameModeService:93 com.thundercomm.gamemode.ingame.services.GameModeActionUtils.startGameModeEntry:21 com.thundercomm.gamemode.ingame.services.ActivityMonitoringService$1.onActivityLaunch:127
11-19 05:15:35.733 1499 1499 I GameModeConfig: Current uri is uri = content://com.thundercomm.gamemode.api/gamemode_settings/gamemode_isgaming
11-19 05:15:35.734 1499 1499 I GameModeConfig: isGameModeOn = false
11-19 05:15:35.734 1499 1499 I GameModeConfig: isGameModeOn = false
11-19 05:15:35.734 1499 1499 I GameModeConfig: isDisableVoice = true
11-19 05:15:35.786 7802 7838 W ContextImpl: Calling a method in the system process without a qualified user: android.app.ContextImpl.startService:1816 android.content.ContextWrapper.startService:774 com.thundercomm.gamemode.ingame.services.GameModeActionUtils.startGameModeService:93 com.thundercomm.gamemode.ingame.services.GameModeActionUtils.startGameModeEntry:21 com.thundercomm.gamemode.ingame.services.ActivityMonitoringService$1.onActivityLaunch:127
11-19 05:15:35.791 1499 1499 I GameModeConfig: Current uri is uri = content://com.thundercomm.gamemode.api/gamemode_settings/gamemode_isgaming
11-19 05:15:35.793 1499 1499 I GameModeConfig: isGameModeOn = false
11-19 05:15:35.795 1499 1499 I GameModeConfig: isGameModeOn = false
11-19 05:15:35.795 1499 1499 I GameModeConfig: isDisableVoice = true
11-19 05:15:36.131 0 0 I auditd : type=1400 audit(0.0:12458): avc: denied { kill } for comm="swapper/0" capability=5 scontext=u:r:kernel:s0 tcontext=u:r:kernel:s0 tclass=capability permissive=0
11-19 05:15:36.324 1499 1831 I input_interaction: Interaction with: 632f7bf com.android.launcher3/com.android.launcher3.uioverrides.QuickstepLauncher (server), a1d9774 com.android.systemui.ImageWallpaper (server), edge-swipe (server), swipe-up (server), PointerEventDispatcher0 (server),
11-19 05:15:36.378 1499 5048 I ActivityTaskManager: START u0 {act=android.intent.action.MAIN cat=[android.intent.category.LAUNCHER] flg=0x10200000 cmp=com.android.music/.VideoBrowserActivity bnds=[2233,540][2408,723]} from uid 10078
11-19 05:15:36.381 1499 5048 I wm_task_created: [69,-1]
11-19 05:15:36.381 1499 5048 W ActivityTaskManager: Can't find TaskDisplayArea to determine support for multi window. Task id=69 attached=false
11-19 05:15:36.384 1499 5048 I wm_task_moved: [69,1,8]
11-19 05:15:36.384 1499 5048 I wm_task_to_front: [0,69]
11-19 05:15:36.384 1499 5048 I wm_create_task: [0,69]
11-19 05:15:36.384 1499 5048 I wm_create_activity: [0,171250821,69,com.android.music/.VideoBrowserActivity,android.intent.action.MAIN,NULL,NULL,270532608]
11-19 05:15:36.384 1499 5048 I wm_task_moved: [69,1,8]
11-19 05:15:36.386 1499 5048 I wm_pause_activity: [0,19758722,com.android.launcher3/.uioverrides.QuickstepLauncher,userLeaving=true,pauseBackTasks]
11-19 05:15:36.395 2802 2802 I wm_on_top_resumed_lost_called: [19758722,com.android.launcher3.uioverrides.QuickstepLauncher,topStateChangedWhenResumed]
11-19 05:15:36.395 2802 2802 I wm_on_paused_called: [19758722,com.android.launcher3.uioverrides.QuickstepLauncher,performPause]
11-19 05:15:36.396 1499 1613 I ActivityTaskManager: FOREGROUND_APPLICATION_CHANGED to com.android.music.VideoBrowserActivity
11-19 05:15:36.404 1499 1613 I ActivityTaskManager: The Process com.android.music Already Exists in BG. So sending its PID: 13467
11-19 05:15:36.404 1499 1613 W ActivityTaskManager: Tried to set launchTime (0) < mLastActivityLaunchTime (14131309)
11-19 05:15:36.405 1499 1613 I wm_add_to_stopping: [0,19758722,com.android.launcher3/.uioverrides.QuickstepLauncher,makeInvisible]
11-19 05:15:36.405 1499 1613 I wm_restart_activity: [0,171250821,69,com.android.music/.VideoBrowserActivity]
11-19 05:15:36.407 1499 1613 I wm_set_resumed_activity: [0,com.android.music/.VideoBrowserActivity,minimalResumeActivityLocked]
11-19 05:15:36.413 1499 1637 I sysui_multi_action: [757,803,799,window_time_0,802,0]
11-19 05:15:36.426 7802 7838 W ContextImpl: Calling a method in the system process without a qualified user: android.app.ContextImpl.startService:1816 android.content.ContextWrapper.startService:774 com.thundercomm.gamemode.ingame.services.GameModeActionUtils.startGameModeService:93 com.thundercomm.gamemode.ingame.services.GameModeActionUtils.startGameModeEntry:21 com.thundercomm.gamemode.ingame.services.ActivityMonitoringService$1.onActivityLaunch:127
11-19 05:15:36.430 1499 1499 I GameModeConfig: Current uri is uri = content://com.thundercomm.gamemode.api/gamemode_settings/gamemode_isgaming
11-19 05:15:36.433 1499 1499 I GameModeConfig: isGameModeOn = false
11-19 05:15:36.434 1499 1499 I GameModeConfig: isGameModeOn = false
11-19 05:15:36.434 1499 1499 I GameModeConfig: isDisableVoice = true
11-19 05:15:36.437 1499 1831 I input_focus: [Focus leaving 632f7bf com.android.launcher3/com.android.launcher3.uioverrides.QuickstepLauncher (server),reason=NO_WINDOW]
11-19 05:15:36.446 13467 13467 I wm_on_create_called: [171250821,com.android.music.VideoBrowserActivity,performCreate]
11-19 05:15:36.447 13467 13467 I wm_on_start_called: [171250821,com.android.music.VideoBrowserActivity,handleStartActivity]
11-19 05:15:36.447 13467 13467 I wm_on_resume_called: [171250821,com.android.music.VideoBrowserActivity,RESUME_ACTIVITY]
11-19 05:15:36.449 13467 13467 I wm_on_top_resumed_gained_called: [171250821,com.android.music.VideoBrowserActivity,topStateChangedWhenResumed]
11-19 05:15:36.456 1499 1638 I input_focus: [Focus request 5228332 com.android.music/com.android.music.VideoBrowserActivity,reason=UpdateInputWindows]
11-19 05:15:36.475 1499 1634 I sysui_multi_action: [319,82,321,79,322,95,325,14215,757,761,758,8,759,1,806,com.android.music,871,com.android.music.VideoBrowserActivity,904,com.android.launcher3,905,0,1320,4,1321,1]
11-19 05:15:36.476 1499 1634 I wm_activity_launch_time: [0,171250821,com.android.music/.VideoBrowserActivity,95]
11-19 05:15:36.487 1499 1831 I input_focus: [Focus entering 5228332 com.android.music/com.android.music.VideoBrowserActivity (server),reason=Window became focusable. Previous reason: NOT_VISIBLE]
11-19 05:15:36.517 7802 7838 W ContextImpl: Calling a method in the system process without a qualified user: android.app.ContextImpl.startService:1816 android.content.ContextWrapper.startService:774 com.thundercomm.gamemode.ingame.services.GameModeActionUtils.startGameModeService:93 com.thundercomm.gamemode.ingame.services.GameModeActionUtils.startGameModeEntry:21 com.thundercomm.gamemode.ingame.services.ActivityMonitoringService$1.onActivityLaunch:127
11-19 05:15:36.524 1499 1499 I GameModeConfig: Current uri is uri = content://com.thundercomm.gamemode.api/gamemode_settings/gamemode_isgaming
11-19 05:15:36.526 1499 1499 I GameModeConfig: isGameModeOn = false
11-19 05:15:36.526 1499 1499 I GameModeConfig: isGameModeOn = false
11-19 05:15:36.526 1499 1499 I GameModeConfig: isDisableVoice = true
11-19 05:15:37.019 1499 1637 I wm_stop_activity: [0,19758722,com.android.launcher3/.uioverrides.QuickstepLauncher]
11-19 05:15:37.067 2802 2802 I wm_on_stop_called: [19758722,com.android.launcher3.uioverrides.QuickstepLauncher,STOP_ACTIVITY_ITEM]
11-19 05:15:37.087 7802 7838 W ContextImpl: Calling a method in the system process without a qualified user: android.app.ContextImpl.startService:1816 android.content.ContextWrapper.startService:774 com.thundercomm.gamemode.ingame.services.GameModeActionUtils.startGameModeService:93 com.thundercomm.gamemode.ingame.services.GameModeActionUtils.startGameModeEntry:21 com.thundercomm.gamemode.ingame.services.ActivityMonitoringService$1.onActivityLaunch:127
11-19 05:15:37.092 1499 1499 I GameModeConfig: Current uri is uri = content://com.thundercomm.gamemode.api/gamemode_settings/gamemode_isgaming
11-19 05:15:37.094 1499 1499 I GameModeConfig: isGameModeOn = false
11-19 05:15:37.095 1499 1499 I GameModeConfig: isGameModeOn = false
11-19 05:15:37.095 1499 1499 I GameModeConfig: isDisableVoice = true
11-19 05:15:37.131 0 0 I auditd : type=1400 audit(0.0:12459): avc: denied { kill } for comm="swapper/0" capability=5 scontext=u:r:kernel:s0 tcontext=u:r:kernel:s0 tclass=capability permissive=0
11-19 05:15:39.131 0 0 I auditd : type=1400 audit(0.0:12460): avc: denied { kill } for comm="swapper/0" capability=5 scontext=u:r:kernel:s0 tcontext=u:r:kernel:s0 tclass=capability permissive=0
11-19 05:15:39.396 1499 3791 E TaskPersister: File error accessing recents directory (directory doesn't exist?).
11-19 05:15:40.131 354 354 I auditd : type=1400 audit(0.0:12461): avc: denied { kill } for comm="irq/382-atmel_m" capability=5 scontext=u:r:kernel:s0 tcontext=u:r:kernel:s0 tclass=capability permissive=0
11-19 05:15:41.131 0 0 I auditd : type=1400 audit(0.0:12462): avc: denied { kill } for comm="swapper/0" capability=5 scontext=u:r:kernel:s0 tcontext=u:r:kernel:s0 tclass=capability permissive=0
11-19 05:15:42.131 0 0 I auditd : type=1400 audit(0.0:12463): avc: denied { kill } for comm="swapper/0" capability=5 scontext=u:r:kernel:s0 tcontext=u:r:kernel:s0 tclass=capability permissive=0
11-19 05:15:43.131 0 0 I auditd : type=1400 audit(0.0:12464): avc: denied { kill } for comm="swapper/0" capability=5 scontext=u:r:kernel:s0 tcontext=u:r:kernel:s0 tclass=capability permissive=0
11-19 05:15:44.131 0 0 I auditd : type=1400 audit(0.0:12465): avc: denied { kill } for comm="swapper/0" capability=5 scontext=u:r:kernel:s0 tcontext=u:r:kernel:s0 tclass=capability permissive=0
11-19 05:15:45.131 0 0 I auditd : type=1400 audit(0.0:12466): avc: denied { kill } for comm="swapper/0" capability=5 scontext=u:r:kernel:s0 tcontext=u:r:kernel:s0 tclass=capability permissive=0
11-19 05:15:46.131 0 0 I auditd : type=1400 audit(0.0:12467): avc: denied { kill } for comm="swapper/0" capability=5 scontext=u:r:kernel:s0 tcontext=u:r:kernel:s0 tclass=capability permissive=0
11-19 05:15:47.131 0 0 I auditd : type=1400 audit(0.0:12468): avc: denied { kill } for comm="swapper/0" capability=5 scontext=u:r:kernel:s0 tcontext=u:r:kernel:s0 tclass=capability permissive=0
11-19 05:15:48.131 354 354 I auditd : type=1400 audit(0.0:12469): avc: denied { kill } for comm="irq/382-atmel_m" capability=5 scontext=u:r:kernel:s0 tcontext=u:r:kernel:s0 tclass=capability permissive=0
11-19 05:15:49.131 0 0 I auditd : type=1400 audit(0.0:12470): avc: denied { kill } for comm="swapper/0" capability=5 scontext=u:r:kernel:s0 tcontext=u:r:kernel:s0 tclass=capability permissive=0
11-19 05:15:50.131 0 0 I auditd : type=1400 audit(0.0:12471): avc: denied { kill } for comm="swapper/0" capability=5 scontext=u:r:kernel:s0 tcontext=u:r:kernel:s0 tclass=capability permissive=0
11-19 05:15:51.131 0 0 I auditd : type=1400 audit(0.0:12472): avc: denied { kill } for comm="swapper/0" capability=5 scontext=u:r:kernel:s0 tcontext=u:r:kernel:s0 tclass=capability permissive=0
11-19 05:15:52.131 0 0 I auditd : type=1400 audit(0.0:12473): avc: denied { kill } for comm="swapper/0" capability=5 scontext=u:r:kernel:s0 tcontext=u:r:kernel:s0 tclass=capability permissive=0
11-19 05:15:53.131 0 0 I auditd : type=1400 audit(0.0:12474): avc: denied { kill } for comm="swapper/0" capability=5 scontext=u:r:kernel:s0 tcontext=u:r:kernel:s0 tclass=capability permissive=0
11-19 05:15:54.131 0 0 I auditd : type=1400 audit(0.0:12475): avc: denied { kill } for comm="swapper/0" capability=5 scontext=u:r:kernel:s0 tcontext=u:r:kernel:s0 tclass=capability permissive=0
11-19 05:15:55.131 0 0 I auditd : type=1400 audit(0.0:12476): avc: denied { kill } for comm="swapper/0" capability=5 scontext=u:r:kernel:s0 tcontext=u:r:kernel:s0 tclass=capability permissive=0
11-19 05:15:56.131 0 0 I auditd : type=1400 audit(0.0:12477): avc: denied { kill } for comm="swapper/0" capability=5 scontext=u:r:kernel:s0 tcontext=u:r:kernel:s0 tclass=capability permissive=0
11-19 05:15:57.131 0 0 I auditd : type=1400 audit(0.0:12478): avc: denied { kill } for comm="swapper/0" capability=5 scontext=u:r:kernel:s0 tcontext=u:r:kernel:s0 tclass=capability permissive=0
11-19 05:15:58.131 0 0 I auditd : type=1400 audit(0.0:12479): avc: denied { kill } for comm="swapper/0" capability=5 scontext=u:r:kernel:s0 tcontext=u:r:kernel:s0 tclass=capability permissive=0
11-19 05:15:59.131 0 0 I auditd : type=1400 audit(0.0:12480): avc: denied { kill } for comm="swapper/0" capability=5 scontext=u:r:kernel:s0 tcontext=u:r:kernel:s0 tclass=capability permissive=0
11-19 05:16:00.131 354 354 I auditd : type=1400 audit(0.0:12481): avc: denied { kill } for comm="irq/382-atmel_m" capability=5 scontext=u:r:kernel:s0 tcontext=u:r:kernel:s0 tclass=capability permissive=0
11-19 05:16:01.131 0 0 I auditd : type=1400 audit(0.0:12482): avc: denied { kill } for comm="swapper/0" capability=5 scontext=u:r:kernel:s0 tcontext=u:r:kernel:s0 tclass=capability permissive=0
11-19 05:16:02.131 0 0 I auditd : type=1400 audit(0.0:12483): avc: denied { kill } for comm="swapper/0" capability=5 scontext=u:r:kernel:s0 tcontext=u:r:kernel:s0 tclass=capability permissive=0
11-19 05:16:03.131 0 0 I auditd : type=1400 audit(0.0:12484): avc: denied { kill } for comm="swapper/0" capability=5 scontext=u:r:kernel:s0 tcontext=u:r:kernel:s0 tclass=capability permissive=0
11-19 05:16:04.131 354 354 I auditd : type=1400 audit(0.0:12485): avc: denied { kill } for comm="irq/382-atmel_m" capability=5 scontext=u:r:kernel:s0 tcontext=u:r:kernel:s0 tclass=capability permissive=0
11-19 05:16:05.131 0 0 I auditd : type=1400 audit(0.0:12486): avc: denied { kill } for comm="swapper/0" capability=5 scontext=u:r:kernel:s0 tcontext=u:r:kernel:s0 tclass=capability permissive=0
11-19 05:16:06.131 0 0 I auditd : type=1400 audit(0.0:12487): avc: denied { kill } for comm="swapper/0" capability=5 scontext=u:r:kernel:s0 tcontext=u:r:kernel:s0 tclass=capability permissive=0
11-19 05:16:07.131 0 0 I auditd : type=1400 audit(0.0:12488): avc: denied { kill } for comm="swapper/0" capability=5 scontext=u:r:kernel:s0 tcontext=u:r:kernel:s0 tclass=capability permissive=0
11-19 05:16:08.131 0 0 I auditd : type=1400 audit(0.0:12489): avc: denied { kill } for comm="swapper/0" capability=5 scontext=u:r:kernel:s0 tcontext=u:r:kernel:s0 tclass=capability permissive=0
11-19 05:16:09.131 0 0 I auditd : type=1400 audit(0.0:12490): avc: denied { kill } for comm="swapper/0" capability=5 scontext=u:r:kernel:s0 tcontext=u:r:kernel:s0 tclass=capability permissive=0
11-19 05:16:10.131 0 0 I auditd : type=1400 audit(0.0:12491): avc: denied { kill } for comm="swapper/0" capability=5 scontext=u:r:kernel:s0 tcontext=u:r:kernel:s0 tclass=capability permissive=0
11-19 05:16:11.131 0 0 I auditd : type=1400 audit(0.0:12492): avc: denied { kill } for comm="swapper/0" capability=5 scontext=u:r:kernel:s0 tcontext=u:r:kernel:s0 tclass=capability permissive=0
11-19 05:16:12.131 0 0 I auditd : type=1400 audit(0.0:12493): avc: denied { kill } for comm="swapper/0" capability=5 scontext=u:r:kernel:s0 tcontext=u:r:kernel:s0 tclass=capability permissive=0
11-19 05:16:13.131 0 0 I auditd : type=1400 audit(0.0:12494): avc: denied { kill } for comm="swapper/0" capability=5 scontext=u:r:kernel:s0 tcontext=u:r:kernel:s0 tclass=capability permissive=0
11-19 05:16:14.131 0 0 I auditd : type=1400 audit(0.0:12495): avc: denied { kill } for comm="swapper/0" capability=5 scontext=u:r:kernel:s0 tcontext=u:r:kernel:s0 tclass=capability permissive=0
11-19 05:16:15.131 0 0 I auditd : type=1400 audit(0.0:12496): avc: denied { kill } for comm="swapper/0" capability=5 scontext=u:r:kernel:s0 tcontext=u:r:kernel:s0 tclass=capability permissive=0
11-19 05:16:16.131 0 0 I auditd : type=1400 audit(0.0:12497): avc: denied { kill } for comm="swapper/0" capability=5 scontext=u:r:kernel:s0 tcontext=u:r:kernel:s0 tclass=capability permissive=0
11-19 05:16:17.131 0 0 I auditd : type=1400 audit(0.0:12498): avc: denied { kill } for comm="swapper/0" capability=5 scontext=u:r:kernel:s0 tcontext=u:r:kernel:s0 tclass=capability permissive=0
11-19 05:16:18.131 0 0 I auditd : type=1400 audit(0.0:12499): avc: denied { kill } for comm="swapper/0" capability=5 scontext=u:r:kernel:s0 tcontext=u:r:kernel:s0 tclass=capability permissive=0
11-19 05:16:19.131 0 0 I auditd : type=1400 audit(0.0:12500): avc: denied { kill } for comm="swapper/0" capability=5 scontext=u:r:kernel:s0 tcontext=u:r:kernel:s0 tclass=capability permissive=0
11-19 05:16:20.131 0 0 I auditd : type=1400 audit(0.0:12501): avc: denied { kill } for comm="swapper/0" capability=5 scontext=u:r:kernel:s0 tcontext=u:r:kernel:s0 tclass=capability permissive=0
11-19 05:16:21.131 354 354 I auditd : type=1400 audit(0.0:12502): avc: denied { kill } for comm="irq/382-atmel_m" capability=5 scontext=u:r:kernel:s0 tcontext=u:r:kernel:s0 tclass=capability permissive=0
11-19 05:16:22.131 0 0 I auditd : type=1400 audit(0.0:12503): avc: denied { kill } for comm="swapper/0" capability=5 scontext=u:r:kernel:s0 tcontext=u:r:kernel:s0 tclass=capability permissive=0
11-19 05:16:23.131 0 0 I auditd : type=1400 audit(0.0:12504): avc: denied { kill } for comm="swapper/0" capability=5 scontext=u:r:kernel:s0 tcontext=u:r:kernel:s0 tclass=capability permissive=0
11-19 05:16:24.131 0 0 I auditd : type=1400 audit(0.0:12505): avc: denied { kill } for comm="swapper/0" capability=5 scontext=u:r:kernel:s0 tcontext=u:r:kernel:s0 tclass=capability permissive=0
11-19 05:16:25.131 354 354 I auditd : type=1400 audit(0.0:12506): avc: denied { kill } for comm="irq/382-atmel_m" capability=5 scontext=u:r:kernel:s0 tcontext=u:r:kernel:s0 tclass=capability permissive=0
11-19 05:16:26.131 0 0 I auditd : type=1400 audit(0.0:12507): avc: denied { kill } for comm="swapper/0" capability=5 scontext=u:r:kernel:s0 tcontext=u:r:kernel:s0 tclass=capability permissive=0
11-19 05:16:27.131 0 0 I auditd : type=1400 audit(0.0:12508): avc: denied { kill } for comm="swapper/0" capability=5 scontext=u:r:kernel:s0 tcontext=u:r:kernel:s0 tclass=capability permissive=0
11-19 05:16:28.131 0 0 I auditd : type=1400 audit(0.0:12509): avc: denied { kill } for comm="swapper/0" capability=5 scontext=u:r:kernel:s0 tcontext=u:r:kernel:s0 tclass=capability permissive=0
11-19 05:16:29.131 354 354 I auditd : type=1400 audit(0.0:12510): avc: denied { kill } for comm="irq/382-atmel_m" capability=5 scontext=u:r:kernel:s0 tcontext=u:r:kernel:s0 tclass=capability permissive=0
11-19 05:16:29.354 1499 1663 V DisplayPowerController[0]: Brightness [0.05] reason changing to: 'manual [ dim ]', previous reason: 'manual'.
11-19 05:16:29.354 1499 1663 I sysui_multi_action: [757,1696,758,6,759,2]
11-19 05:16:29.355 1499 1663 W PowerManagerService: Screen on took 156731 ms
11-19 05:16:29.357 1499 2319 E DisplayDeviceConfig: requesting nits when no mapping exists.
11-19 05:16:29.357 1499 2319 E DisplayDeviceConfig: requesting nits when no mapping exists.
11-19 05:16:29.357 1499 1645 I am_wtf : [0,1499,system_server,-1,DisplayDeviceConfig,requesting nits when no mapping exists.]
11-19 05:16:29.359 1499 1645 I DropBoxManagerService: add tag=system_server_wtf isTagEnabled=true flags=0x2
11-19 05:16:29.361 1499 1645 I am_wtf : [0,1499,system_server,-1,DisplayDeviceConfig,requesting nits when no mapping exists.]
11-19 05:16:29.362 1499 1645 I DropBoxManagerService: add tag=system_server_wtf isTagEnabled=true flags=0x2
11-19 05:16:29.373 1499 2319 E DisplayDeviceConfig: requesting nits when no mapping exists.
11-19 05:16:29.373 1499 2319 E DisplayDeviceConfig: requesting nits when no mapping exists.
11-19 05:16:29.373 1499 1645 I am_wtf : [0,1499,system_server,-1,DisplayDeviceConfig,requesting nits when no mapping exists.]
11-19 05:16:29.374 1499 1645 I DropBoxManagerService: add tag=system_server_wtf isTagEnabled=true flags=0x2
11-19 05:16:29.375 1499 1645 I am_wtf : [0,1499,system_server,-1,DisplayDeviceConfig,requesting nits when no mapping exists.]
11-19 05:16:29.376 1499 1645 I DropBoxManagerService: add tag=system_server_wtf isTagEnabled=true flags=0x2
11-19 05:16:29.389 1499 2319 E DisplayDeviceConfig: requesting nits when no mapping exists.
11-19 05:16:29.390 1499 1645 I am_wtf : [0,1499,system_server,-1,DisplayDeviceConfig,requesting nits when no mapping exists.]
11-19 05:16:29.390 1499 2319 E DisplayDeviceConfig: requesting nits when no mapping exists.
11-19 05:16:29.390 1499 1645 I DropBoxManagerService: add tag=system_server_wtf isTagEnabled=true flags=0x2
11-19 05:16:29.391 1499 1645 I am_wtf : [0,1499,system_server,-1,DisplayDeviceConfig,requesting nits when no mapping exists.]
11-19 05:16:29.393 1499 2319 E DisplayDeviceConfig: requesting nits when no mapping exists.
11-19 05:16:29.393 1499 2319 E DisplayDeviceConfig: requesting nits when no mapping exists.
11-19 05:16:29.393 1499 1645 I am_wtf : [0,1499,system_server,-1,DisplayDeviceConfig,requesting nits when no mapping exists.]
11-19 05:16:29.394 1499 1645 I am_wtf : [0,1499,system_server,-1,DisplayDeviceConfig,requesting nits when no mapping exists.]
11-19 05:16:29.410 1499 2319 E DisplayDeviceConfig: requesting nits when no mapping exists.
11-19 05:16:29.410 1499 2319 E DisplayDeviceConfig: requesting nits when no mapping exists.
11-19 05:16:29.410 1499 1645 I am_wtf : [0,1499,system_server,-1,DisplayDeviceConfig,requesting nits when no mapping exists.]
11-19 05:16:29.411 1499 1645 I am_wtf : [0,1499,system_server,-1,DisplayDeviceConfig,requesting nits when no mapping exists.]
11-19 05:16:29.427 1499 2319 E DisplayDeviceConfig: requesting nits when no mapping exists.
11-19 05:16:29.427 1499 1645 I am_wtf : [0,1499,system_server,-1,DisplayDeviceConfig,requesting nits when no mapping exists.]
11-19 05:16:29.427 1499 2319 E DisplayDeviceConfig: requesting nits when no mapping exists.
11-19 05:16:29.429 1499 1645 I am_wtf : [0,1499,system_server,-1,DisplayDeviceConfig,requesting nits when no mapping exists.]
11-19 05:16:29.443 1499 2319 E DisplayDeviceConfig: requesting nits when no mapping exists.
11-19 05:16:29.444 1499 2319 E DisplayDeviceConfig: requesting nits when no mapping exists.
11-19 05:16:29.444 1499 1645 I am_wtf : [0,1499,system_server,-1,DisplayDeviceConfig,requesting nits when no mapping exists.]
11-19 05:16:29.445 1499 1645 I am_wtf : [0,1499,system_server,-1,DisplayDeviceConfig,requesting nits when no mapping exists.]
11-19 05:16:29.460 1499 2319 E DisplayDeviceConfig: requesting nits when no mapping exists.
11-19 05:16:29.460 1499 2319 E DisplayDeviceConfig: requesting nits when no mapping exists.
11-19 05:16:29.461 1499 1645 I am_wtf : [0,1499,system_server,-1,DisplayDeviceConfig,requesting nits when no mapping exists.]
11-19 05:16:29.462 1499 1645 I am_wtf : [0,1499,system_server,-1,DisplayDeviceConfig,requesting nits when no mapping exists.]
11-19 05:16:29.477 1499 2319 E DisplayDeviceConfig: requesting nits when no mapping exists.
11-19 05:16:29.477 1499 1645 I am_wtf : [0,1499,system_server,-1,DisplayDeviceConfig,requesting nits when no mapping exists.]
11-19 05:16:29.477 1499 2319 E DisplayDeviceConfig: requesting nits when no mapping exists.
11-19 05:16:29.478 1499 1645 I am_wtf : [0,1499,system_server,-1,DisplayDeviceConfig,requesting nits when no mapping exists.]
11-19 05:16:29.493 1499 2319 E DisplayDeviceConfig: requesting nits when no mapping exists.
11-19 05:16:29.494 1499 1645 I am_wtf : [0,1499,system_server,-1,DisplayDeviceConfig,requesting nits when no mapping exists.]
11-19 05:16:29.494 1499 2319 E DisplayDeviceConfig: requesting nits when no mapping exists.
11-19 05:16:29.495 1499 1645 I am_wtf : [0,1499,system_server,-1,DisplayDeviceConfig,requesting nits when no mapping exists.]
