11-19 05:27:12.538 1499 1646 I ActivityManager: Start proc 14167:com.android.settings/1000 for null
11-19 05:27:12.543 1499 1644 I am_pss : [14043,10094,com.android.permissioncontroller,25922560,21864448,0,124125184,0,19,6]
11-19 05:27:12.548 1499 1644 I am_pss : [13997,10025,com.android.musicfx,5826560,3866624,0,90079232,0,19,5]
11-19 05:27:12.556 1499 1644 I am_pss : [13467,10090,com.android.music,27790336,21733376,0,147484672,0,19,7]
11-19 05:27:12.563 1499 1644 I am_pss : [12996,1000,com.qti.diagservices,6088704,3829760,0,93102080,0,10,6]
11-19 05:27:12.571 1499 2761 I am_proc_bound: [0,14167,com.android.settings]
11-19 05:27:12.572 1499 2761 I service_manager_stats: [106,59,62273]
11-19 05:27:12.572 1499 2761 D CompatibilityChangeReporter: Compat change id reported: 168419799; UID 1000; state: DISABLED
11-19 05:27:13.131 0 0 I auditd : type=1400 audit(0.0:13170): avc: denied { kill } for comm="swapper/2" capability=5 scontext=u:r:kernel:s0 tcontext=u:r:kernel:s0 tclass=capability permissive=0
11-19 05:27:14.131 0 0 I auditd : type=1400 audit(0.0:13171): avc: denied { kill } for comm="swapper/2" capability=5 scontext=u:r:kernel:s0 tcontext=u:r:kernel:s0 tclass=capability permissive=0
11-19 05:27:15.131 0 0 I auditd : type=1400 audit(0.0:13172): avc: denied { kill } for comm="swapper/2" capability=5 scontext=u:r:kernel:s0 tcontext=u:r:kernel:s0 tclass=capability permissive=0
11-19 05:27:16.131 0 0 I auditd : type=1400 audit(0.0:13173): avc: denied { kill } for comm="swapper/2" capability=5 scontext=u:r:kernel:s0 tcontext=u:r:kernel:s0 tclass=capability permissive=0
11-19 05:27:16.805 1499 1645 I am_uid_idle: 10064
11-19 05:27:17.131 0 0 I auditd : type=1400 audit(0.0:13174): avc: denied { kill } for comm="swapper/2" capability=5 scontext=u:r:kernel:s0 tcontext=u:r:kernel:s0 tclass=capability permissive=0
11-19 05:27:18.131 0 0 I auditd : type=1400 audit(0.0:13175): avc: denied { kill } for comm="swapper/2" capability=5 scontext=u:r:kernel:s0 tcontext=u:r:kernel:s0 tclass=capability permissive=0
11-19 05:27:19.131 0 0 I auditd : type=1400 audit(0.0:13176): avc: denied { kill } for comm="swapper/2" capability=5 scontext=u:r:kernel:s0 tcontext=u:r:kernel:s0 tclass=capability permissive=0
11-19 05:27:20.131 0 0 I auditd : type=1400 audit(0.0:13177): avc: denied { kill } for comm="swapper/2" capability=5 scontext=u:r:kernel:s0 tcontext=u:r:kernel:s0 tclass=capability permissive=0
11-19 05:27:21.131 0 0 I auditd : type=1400 audit(0.0:13178): avc: denied { kill } for comm="swapper/2" capability=5 scontext=u:r:kernel:s0 tcontext=u:r:kernel:s0 tclass=capability permissive=0
11-19 05:27:22.131 0 0 I auditd : type=1400 audit(0.0:13179): avc: denied { kill } for comm="swapper/2" capability=5 scontext=u:r:kernel:s0 tcontext=u:r:kernel:s0 tclass=capability permissive=0
11-19 05:27:23.131 0 0 I auditd : type=1400 audit(0.0:13180): avc: denied { kill } for comm="swapper/2" capability=5 scontext=u:r:kernel:s0 tcontext=u:r:kernel:s0 tclass=capability permissive=0
11-19 05:27:24.131 0 0 I auditd : type=1400 audit(0.0:13181): avc: denied { kill } for comm="swapper/2" capability=5 scontext=u:r:kernel:s0 tcontext=u:r:kernel:s0 tclass=capability permissive=0
11-19 05:27:25.131 0 0 I auditd : type=1400 audit(0.0:13182): avc: denied { kill } for comm="swapper/2" capability=5 scontext=u:r:kernel:s0 tcontext=u:r:kernel:s0 tclass=capability permissive=0
11-19 05:27:26.131 0 0 I auditd : type=1400 audit(0.0:13183): avc: denied { kill } for comm="swapper/2" capability=5 scontext=u:r:kernel:s0 tcontext=u:r:kernel:s0 tclass=capability permissive=0
11-19 05:27:27.131 0 0 I auditd : type=1400 audit(0.0:13184): avc: denied { kill } for comm="swapper/2" capability=5 scontext=u:r:kernel:s0 tcontext=u:r:kernel:s0 tclass=capability permissive=0
11-19 05:27:28.131 0 0 I auditd : type=1400 audit(0.0:13185): avc: denied { kill } for comm="swapper/2" capability=5 scontext=u:r:kernel:s0 tcontext=u:r:kernel:s0 tclass=capability permissive=0
11-19 05:27:29.131 0 0 I auditd : type=1400 audit(0.0:13186): avc: denied { kill } for comm="swapper/2" capability=5 scontext=u:r:kernel:s0 tcontext=u:r:kernel:s0 tclass=capability permissive=0
11-19 05:27:30.131 0 0 I auditd : type=1400 audit(0.0:13187): avc: denied { kill } for comm="swapper/2" capability=5 scontext=u:r:kernel:s0 tcontext=u:r:kernel:s0 tclass=capability permissive=0
11-19 05:27:31.131 0 0 I auditd : type=1400 audit(0.0:13188): avc: denied { kill } for comm="swapper/2" capability=5 scontext=u:r:kernel:s0 tcontext=u:r:kernel:s0 tclass=capability permissive=0
11-19 05:27:32.131 0 0 I auditd : type=1400 audit(0.0:13189): avc: denied { kill } for comm="swapper/2" capability=5 scontext=u:r:kernel:s0 tcontext=u:r:kernel:s0 tclass=capability permissive=0
11-19 05:27:33.131 0 0 I auditd : type=1400 audit(0.0:13190): avc: denied { kill } for comm="swapper/2" capability=5 scontext=u:r:kernel:s0 tcontext=u:r:kernel:s0 tclass=capability permissive=0
11-19 05:27:34.131 0 0 I auditd : type=1400 audit(0.0:13191): avc: denied { kill } for comm="swapper/2" capability=5 scontext=u:r:kernel:s0 tcontext=u:r:kernel:s0 tclass=capability permissive=0
11-19 05:27:35.131 0 0 I auditd : type=1400 audit(0.0:13192): avc: denied { kill } for comm="swapper/2" capability=5 scontext=u:r:kernel:s0 tcontext=u:r:kernel:s0 tclass=capability permissive=0
11-19 05:27:36.131 0 0 I auditd : type=1400 audit(0.0:13193): avc: denied { kill } for comm="swapper/2" capability=5 scontext=u:r:kernel:s0 tcontext=u:r:kernel:s0 tclass=capability permissive=0
11-19 05:27:37.131 0 0 I auditd : type=1400 audit(0.0:13194): avc: denied { kill } for comm="swapper/2" capability=5 scontext=u:r:kernel:s0 tcontext=u:r:kernel:s0 tclass=capability permissive=0
11-19 05:27:38.131 0 0 I auditd : type=1400 audit(0.0:13195): avc: denied { kill } for comm="swapper/2" capability=5 scontext=u:r:kernel:s0 tcontext=u:r:kernel:s0 tclass=capability permissive=0
11-19 05:27:39.131 0 0 I auditd : type=1400 audit(0.0:13196): avc: denied { kill } for comm="swapper/2" capability=5 scontext=u:r:kernel:s0 tcontext=u:r:kernel:s0 tclass=capability permissive=0
11-19 05:27:40.131 0 0 I auditd : type=1400 audit(0.0:13197): avc: denied { kill } for comm="swapper/2" capability=5 scontext=u:r:kernel:s0 tcontext=u:r:kernel:s0 tclass=capability permissive=0
11-19 05:27:41.131 0 0 I auditd : type=1400 audit(0.0:13198): avc: denied { kill } for comm="swapper/2" capability=5 scontext=u:r:kernel:s0 tcontext=u:r:kernel:s0 tclass=capability permissive=0
11-19 05:27:42.131 0 0 I auditd : type=1400 audit(0.0:13199): avc: denied { kill } for comm="swapper/2" capability=5 scontext=u:r:kernel:s0 tcontext=u:r:kernel:s0 tclass=capability permissive=0
11-19 05:27:43.131 0 0 I auditd : type=1400 audit(0.0:13200): avc: denied { kill } for comm="swapper/2" capability=5 scontext=u:r:kernel:s0 tcontext=u:r:kernel:s0 tclass=capability permissive=0
11-19 05:27:44.131 0 0 I auditd : type=1400 audit(0.0:13201): avc: denied { kill } for comm="swapper/2" capability=5 scontext=u:r:kernel:s0 tcontext=u:r:kernel:s0 tclass=capability permissive=0
11-19 05:27:45.131 0 0 I auditd : type=1400 audit(0.0:13202): avc: denied { kill } for comm="swapper/2" capability=5 scontext=u:r:kernel:s0 tcontext=u:r:kernel:s0 tclass=capability permissive=0
11-19 05:27:46.131 0 0 I auditd : type=1400 audit(0.0:13203): avc: denied { kill } for comm="swapper/2" capability=5 scontext=u:r:kernel:s0 tcontext=u:r:kernel:s0 tclass=capability permissive=0
11-19 05:27:47.131 0 0 I auditd : type=1400 audit(0.0:13204): avc: denied { kill } for comm="swapper/2" capability=5 scontext=u:r:kernel:s0 tcontext=u:r:kernel:s0 tclass=capability permissive=0
11-19 05:27:48.131 0 0 I auditd : type=1400 audit(0.0:13205): avc: denied { kill } for comm="swapper/2" capability=5 scontext=u:r:kernel:s0 tcontext=u:r:kernel:s0 tclass=capability permissive=0
11-19 05:27:49.131 0 0 I auditd : type=1400 audit(0.0:13206): avc: denied { kill } for comm="swapper/2" capability=5 scontext=u:r:kernel:s0 tcontext=u:r:kernel:s0 tclass=capability permissive=0
11-19 05:27:50.131 0 0 I auditd : type=1400 audit(0.0:13207): avc: denied { kill } for comm="swapper/2" capability=5 scontext=u:r:kernel:s0 tcontext=u:r:kernel:s0 tclass=capability permissive=0
11-19 05:27:51.131 0 0 I auditd : type=1400 audit(0.0:13208): avc: denied { kill } for comm="swapper/2" capability=5 scontext=u:r:kernel:s0 tcontext=u:r:kernel:s0 tclass=capability permissive=0
11-19 05:27:52.131 0 0 I auditd : type=1400 audit(0.0:13209): avc: denied { kill } for comm="swapper/2" capability=5 scontext=u:r:kernel:s0 tcontext=u:r:kernel:s0 tclass=capability permissive=0
11-19 05:27:53.131 0 0 I auditd : type=1400 audit(0.0:13210): avc: denied { kill } for comm="swapper/2" capability=5 scontext=u:r:kernel:s0 tcontext=u:r:kernel:s0 tclass=capability permissive=0
11-19 05:27:54.131 0 0 I auditd : type=1400 audit(0.0:13211): avc: denied { kill } for comm="swapper/2" capability=5 scontext=u:r:kernel:s0 tcontext=u:r:kernel:s0 tclass=capability permissive=0
11-19 05:27:55.131 0 0 I auditd : type=1400 audit(0.0:13212): avc: denied { kill } for comm="swapper/2" capability=5 scontext=u:r:kernel:s0 tcontext=u:r:kernel:s0 tclass=capability permissive=0
11-19 05:27:56.131 0 0 I auditd : type=1400 audit(0.0:13213): avc: denied { kill } for comm="swapper/2" capability=5 scontext=u:r:kernel:s0 tcontext=u:r:kernel:s0 tclass=capability permissive=0
11-19 05:27:58.131 0 0 I auditd : type=1400 audit(0.0:13214): avc: denied { kill } for comm="swapper/2" capability=5 scontext=u:r:kernel:s0 tcontext=u:r:kernel:s0 tclass=capability permissive=0
11-19 05:28:00.131 0 0 I auditd : type=1400 audit(0.0:13215): avc: denied { kill } for comm="swapper/2" capability=5 scontext=u:r:kernel:s0 tcontext=u:r:kernel:s0 tclass=capability permissive=0
11-19 05:28:01.131 0 0 I auditd : type=1400 audit(0.0:13216): avc: denied { kill } for comm="swapper/2" capability=5 scontext=u:r:kernel:s0 tcontext=u:r:kernel:s0 tclass=capability permissive=0
11-19 05:28:02.131 0 0 I auditd : type=1400 audit(0.0:13217): avc: denied { kill } for comm="swapper/2" capability=5 scontext=u:r:kernel:s0 tcontext=u:r:kernel:s0 tclass=capability permissive=0
11-19 05:28:03.131 0 0 I auditd : type=1400 audit(0.0:13218): avc: denied { kill } for comm="swapper/2" capability=5 scontext=u:r:kernel:s0 tcontext=u:r:kernel:s0 tclass=capability permissive=0
11-19 05:28:04.131 0 0 I auditd : type=1400 audit(0.0:13219): avc: denied { kill } for comm="swapper/2" capability=5 scontext=u:r:kernel:s0 tcontext=u:r:kernel:s0 tclass=capability permissive=0
11-19 05:28:05.131 0 0 I auditd : type=1400 audit(0.0:13220): avc: denied { kill } for comm="swapper/2" capability=5 scontext=u:r:kernel:s0 tcontext=u:r:kernel:s0 tclass=capability permissive=0
11-19 05:28:06.131 0 0 I auditd : type=1400 audit(0.0:13221): avc: denied { kill } for comm="swapper/2" capability=5 scontext=u:r:kernel:s0 tcontext=u:r:kernel:s0 tclass=capability permissive=0
11-19 05:28:07.131 0 0 I auditd : type=1400 audit(0.0:13222): avc: denied { kill } for comm="swapper/2" capability=5 scontext=u:r:kernel:s0 tcontext=u:r:kernel:s0 tclass=capability permissive=0
11-19 05:28:08.131 0 0 I auditd : type=1400 audit(0.0:13223): avc: denied { kill } for comm="swapper/2" capability=5 scontext=u:r:kernel:s0 tcontext=u:r:kernel:s0 tclass=capability permissive=0
11-19 05:28:09.131 0 0 I auditd : type=1400 audit(0.0:13224): avc: denied { kill } for comm="swapper/2" capability=5 scontext=u:r:kernel:s0 tcontext=u:r:kernel:s0 tclass=capability permissive=0
11-19 05:28:10.131 0 0 I auditd : type=1400 audit(0.0:13225): avc: denied { kill } for comm="swapper/2" capability=5 scontext=u:r:kernel:s0 tcontext=u:r:kernel:s0 tclass=capability permissive=0
11-19 05:28:11.131 0 0 I auditd : type=1400 audit(0.0:13226): avc: denied { kill } for comm="swapper/2" capability=5 scontext=u:r:kernel:s0 tcontext=u:r:kernel:s0 tclass=capability permissive=0
11-19 05:28:12.131 0 0 I auditd : type=1400 audit(0.0:13227): avc: denied { kill } for comm="swapper/2" capability=5 scontext=u:r:kernel:s0 tcontext=u:r:kernel:s0 tclass=capability permissive=0
11-19 05:28:13.131 0 0 I auditd : type=1400 audit(0.0:13228): avc: denied { kill } for comm="swapper/2" capability=5 scontext=u:r:kernel:s0 tcontext=u:r:kernel:s0 tclass=capability permissive=0
11-19 05:28:14.131 0 0 I auditd : type=1400 audit(0.0:13229): avc: denied { kill } for comm="swapper/2" capability=5 scontext=u:r:kernel:s0 tcontext=u:r:kernel:s0 tclass=capability permissive=0
11-19 05:28:15.131 0 0 I auditd : type=1400 audit(0.0:13230): avc: denied { kill } for comm="swapper/2" capability=5 scontext=u:r:kernel:s0 tcontext=u:r:kernel:s0 tclass=capability permissive=0
11-19 05:28:16.131 0 0 I auditd : type=1400 audit(0.0:13231): avc: denied { kill } for comm="swapper/2" capability=5 scontext=u:r:kernel:s0 tcontext=u:r:kernel:s0 tclass=capability permissive=0
11-19 05:28:17.131 0 0 I auditd : type=1400 audit(0.0:13232): avc: denied { kill } for comm="swapper/2" capability=5 scontext=u:r:kernel:s0 tcontext=u:r:kernel:s0 tclass=capability permissive=0
11-19 05:28:18.131 0 0 I auditd : type=1400 audit(0.0:13233): avc: denied { kill } for comm="swapper/2" capability=5 scontext=u:r:kernel:s0 tcontext=u:r:kernel:s0 tclass=capability permissive=0
11-19 05:28:19.131 0 0 I auditd : type=1400 audit(0.0:13234): avc: denied { kill } for comm="swapper/2" capability=5 scontext=u:r:kernel:s0 tcontext=u:r:kernel:s0 tclass=capability permissive=0
11-19 05:28:20.131 0 0 I auditd : type=1400 audit(0.0:13235): avc: denied { kill } for comm="swapper/2" capability=5 scontext=u:r:kernel:s0 tcontext=u:r:kernel:s0 tclass=capability permissive=0
11-19 05:28:21.131 0 0 I auditd : type=1400 audit(0.0:13236): avc: denied { kill } for comm="swapper/2" capability=5 scontext=u:r:kernel:s0 tcontext=u:r:kernel:s0 tclass=capability permissive=0
11-19 05:28:22.131 0 0 I auditd : type=1400 audit(0.0:13237): avc: denied { kill } for comm="swapper/2" capability=5 scontext=u:r:kernel:s0 tcontext=u:r:kernel:s0 tclass=capability permissive=0
11-19 05:28:23.131 0 0 I auditd : type=1400 audit(0.0:13238): avc: denied { kill } for comm="swapper/2" capability=5 scontext=u:r:kernel:s0 tcontext=u:r:kernel:s0 tclass=capability permissive=0
11-19 05:28:24.131 0 0 I auditd : type=1400 audit(0.0:13239): avc: denied { kill } for comm="swapper/2" capability=5 scontext=u:r:kernel:s0 tcontext=u:r:kernel:s0 tclass=capability permissive=0
11-19 05:28:25.131 0 0 I auditd : type=1400 audit(0.0:13240): avc: denied { kill } for comm="swapper/2" capability=5 scontext=u:r:kernel:s0 tcontext=u:r:kernel:s0 tclass=capability permissive=0
11-19 05:28:26.131 0 0 I auditd : type=1400 audit(0.0:13241): avc: denied { kill } for comm="swapper/2" capability=5 scontext=u:r:kernel:s0 tcontext=u:r:kernel:s0 tclass=capability permissive=0
11-19 05:28:27.131 0 0 I auditd : type=1400 audit(0.0:13242): avc: denied { kill } for comm="swapper/2" capability=5 scontext=u:r:kernel:s0 tcontext=u:r:kernel:s0 tclass=capability permissive=0
11-19 05:28:28.131 0 0 I auditd : type=1400 audit(0.0:13243): avc: denied { kill } for comm="swapper/2" capability=5 scontext=u:r:kernel:s0 tcontext=u:r:kernel:s0 tclass=capability permissive=0
11-19 05:28:29.131 0 0 I auditd : type=1400 audit(0.0:13244): avc: denied { kill } for comm="swapper/2" capability=5 scontext=u:r:kernel:s0 tcontext=u:r:kernel:s0 tclass=capability permissive=0
11-19 05:28:30.131 0 0 I auditd : type=1400 audit(0.0:13245): avc: denied { kill } for comm="swapper/2" capability=5 scontext=u:r:kernel:s0 tcontext=u:r:kernel:s0 tclass=capability permissive=0
11-19 05:28:31.131 0 0 I auditd : type=1400 audit(0.0:13246): avc: denied { kill } for comm="swapper/2" capability=5 scontext=u:r:kernel:s0 tcontext=u:r:kernel:s0 tclass=capability permissive=0
11-19 05:28:32.131 0 0 I auditd : type=1400 audit(0.0:13247): avc: denied { kill } for comm="swapper/2" capability=5 scontext=u:r:kernel:s0 tcontext=u:r:kernel:s0 tclass=capability permissive=0
11-19 05:28:33.131 0 0 I auditd : type=1400 audit(0.0:13248): avc: denied { kill } for comm="swapper/2" capability=5 scontext=u:r:kernel:s0 tcontext=u:r:kernel:s0 tclass=capability permissive=0
11-19 05:28:34.131 0 0 I auditd : type=1400 audit(0.0:13249): avc: denied { kill } for comm="swapper/2" capability=5 scontext=u:r:kernel:s0 tcontext=u:r:kernel:s0 tclass=capability permissive=0
11-19 05:28:35.131 0 0 I auditd : type=1400 audit(0.0:13250): avc: denied { kill } for comm="swapper/2" capability=5 scontext=u:r:kernel:s0 tcontext=u:r:kernel:s0 tclass=capability permissive=0
11-19 05:28:36.131 0 0 I auditd : type=1400 audit(0.0:13251): avc: denied { kill } for comm="swapper/2" capability=5 scontext=u:r:kernel:s0 tcontext=u:r:kernel:s0 tclass=capability permissive=0
11-19 05:28:37.131 0 0 I auditd : type=1400 audit(0.0:13252): avc: denied { kill } for comm="swapper/2" capability=5 scontext=u:r:kernel:s0 tcontext=u:r:kernel:s0 tclass=capability permissive=0
11-19 05:28:38.131 0 0 I auditd : type=1400 audit(0.0:13253): avc: denied { kill } for comm="swapper/2" capability=5 scontext=u:r:kernel:s0 tcontext=u:r:kernel:s0 tclass=capability permissive=0
11-19 05:28:39.131 0 0 I auditd : type=1400 audit(0.0:13254): avc: denied { kill } for comm="swapper/2" capability=5 scontext=u:r:kernel:s0 tcontext=u:r:kernel:s0 tclass=capability permissive=0
11-19 05:28:40.131 0 0 I auditd : type=1400 audit(0.0:13255): avc: denied { kill } for comm="swapper/2" capability=5 scontext=u:r:kernel:s0 tcontext=u:r:kernel:s0 tclass=capability permissive=0
11-19 05:28:41.131 0 0 I auditd : type=1400 audit(0.0:13256): avc: denied { kill } for comm="swapper/2" capability=5 scontext=u:r:kernel:s0 tcontext=u:r:kernel:s0 tclass=capability permissive=0
11-19 05:28:42.131 0 0 I auditd : type=1400 audit(0.0:13257): avc: denied { kill } for comm="swapper/2" capability=5 scontext=u:r:kernel:s0 tcontext=u:r:kernel:s0 tclass=capability permissive=0
11-19 05:28:43.131 0 0 I auditd : type=1400 audit(0.0:13258): avc: denied { kill } for comm="swapper/2" capability=5 scontext=u:r:kernel:s0 tcontext=u:r:kernel:s0 tclass=capability permissive=0
11-19 05:28:44.131 0 0 I auditd : type=1400 audit(0.0:13259): avc: denied { kill } for comm="swapper/2" capability=5 scontext=u:r:kernel:s0 tcontext=u:r:kernel:s0 tclass=capability permissive=0
11-19 05:28:45.131 0 0 I auditd : type=1400 audit(0.0:13260): avc: denied { kill } for comm="swapper/2" capability=5 scontext=u:r:kernel:s0 tcontext=u:r:kernel:s0 tclass=capability permissive=0
11-19 05:28:46.131 0 0 I auditd : type=1400 audit(0.0:13261): avc: denied { kill } for comm="swapper/2" capability=5 scontext=u:r:kernel:s0 tcontext=u:r:kernel:s0 tclass=capability permissive=0
11-19 05:28:46.837 1499 1793 D ActivityManager: freezing 13890 com.android.calendar
11-19 05:28:46.838 1499 1793 E ActivityManager: Unable to freeze binder for 13890 com.android.calendar
11-19 05:28:46.840 1499 1793 D ActivityManager: froze 13890 com.android.calendar
11-19 05:28:46.840 1499 1793 I am_freeze: [13890,com.android.calendar]
11-19 05:28:46.840 1499 1793 E ActivityManager: Unable to freeze binder for 13890 com.android.calendar
11-19 05:28:46.842 1499 1793 I ActivityManager: Killing 13890:com.android.calendar/u0a62 (adj 955): Unable to freeze binder interface
11-19 05:28:46.842 1499 1793 I am_kill : [0,13890,com.android.calendar,955,Unable to freeze binder interface]
11-19 05:28:46.873 1499 2761 I am_proc_died: [0,13890,com.android.calendar,955,19]
11-19 05:28:46.873 1499 2761 I am_uid_stopped: 10062
11-19 05:28:46.879 1499 1637 I am_uid_running: 10062
11-19 05:28:46.879 1499 1637 D CompatibilityChangeReporter: Compat change id reported: 135634846; UID 10062; state: DISABLED
11-19 05:28:46.879 1499 1637 D CompatibilityChangeReporter: Compat change id reported: 177438394; UID 10062; state: DISABLED
11-19 05:28:46.879 1499 1637 D CompatibilityChangeReporter: Compat change id reported: 135772972; UID 10062; state: DISABLED
11-19 05:28:46.880 1499 1637 D CompatibilityChangeReporter: Compat change id reported: 135754954; UID 10062; state: DISABLED
11-19 05:28:46.880 1499 1646 D CompatibilityChangeReporter: Compat change id reported: 143937733; UID 10062; state: DISABLED
11-19 05:28:46.885 1499 1644 I am_pss : [14023,10063,com.android.deskclock,35996672,29700096,0,159395840,0,15,8]
11-19 05:28:46.892 1499 1644 I am_pss : [14167,1000,com.android.settings,25405440,23465984,0,109023232,0,19,5]
11-19 05:28:46.896 1499 1646 I am_proc_start: [0,14185,10062,com.android.calendar,NULL,]
11-19 05:28:46.896 1499 1646 I ActivityManager: Start proc 14185:com.android.calendar/u0a62 for null
11-19 05:28:46.932 1499 7777 I am_proc_bound: [0,14185,com.android.calendar]
11-19 05:28:46.934 1499 7777 D CompatibilityChangeReporter: Compat change id reported: 168419799; UID 10062; state: DISABLED
11-19 05:28:47.131 0 0 I auditd : type=1400 audit(0.0:13262): avc: denied { kill } for comm="swapper/2" capability=5 scontext=u:r:kernel:s0 tcontext=u:r:kernel:s0 tclass=capability permissive=0
11-19 05:28:48.131 0 0 I auditd : type=1400 audit(0.0:13263): avc: denied { kill } for comm="swapper/2" capability=5 scontext=u:r:kernel:s0 tcontext=u:r:kernel:s0 tclass=capability permissive=0
11-19 05:28:49.131 0 0 I auditd : type=1400 audit(0.0:13264): avc: denied { kill } for comm="swapper/2" capability=5 scontext=u:r:kernel:s0 tcontext=u:r:kernel:s0 tclass=capability permissive=0
11-19 05:28:50.131 0 0 I auditd : type=1400 audit(0.0:13265): avc: denied { kill } for comm="swapper/2" capability=5 scontext=u:r:kernel:s0 tcontext=u:r:kernel:s0 tclass=capability permissive=0
11-19 05:28:51.131 0 0 I auditd : type=1400 audit(0.0:13266): avc: denied { kill } for comm="swapper/2" capability=5 scontext=u:r:kernel:s0 tcontext=u:r:kernel:s0 tclass=capability permissive=0
11-19 05:28:52.131 0 0 I auditd : type=1400 audit(0.0:13267): avc: denied { kill } for comm="swapper/2" capability=5 scontext=u:r:kernel:s0 tcontext=u:r:kernel:s0 tclass=capability permissive=0
11-19 05:28:53.131 0 0 I auditd : type=1400 audit(0.0:13268): avc: denied { kill } for comm="swapper/2" capability=5 scontext=u:r:kernel:s0 tcontext=u:r:kernel:s0 tclass=capability permissive=0
11-19 05:28:54.131 0 0 I auditd : type=1400 audit(0.0:13269): avc: denied { kill } for comm="swapper/2" capability=5 scontext=u:r:kernel:s0 tcontext=u:r:kernel:s0 tclass=capability permissive=0
11-19 05:28:55.131 0 0 I auditd : type=1400 audit(0.0:13270): avc: denied { kill } for comm="swapper/2" capability=5 scontext=u:r:kernel:s0 tcontext=u:r:kernel:s0 tclass=capability permissive=0
11-19 05:28:56.131 0 0 I auditd : type=1400 audit(0.0:13271): avc: denied { kill } for comm="swapper/2" capability=5 scontext=u:r:kernel:s0 tcontext=u:r:kernel:s0 tclass=capability permissive=0
11-19 05:28:57.131 0 0 I auditd : type=1400 audit(0.0:13272): avc: denied { kill } for comm="swapper/2" capability=5 scontext=u:r:kernel:s0 tcontext=u:r:kernel:s0 tclass=capability permissive=0
11-19 05:28:58.131 0 0 I auditd : type=1400 audit(0.0:13273): avc: denied { kill } for comm="swapper/2" capability=5 scontext=u:r:kernel:s0 tcontext=u:r:kernel:s0 tclass=capability permissive=0
11-19 05:29:00.131 0 0 I auditd : type=1400 audit(0.0:13274): avc: denied { kill } for comm="swapper/2" capability=5 scontext=u:r:kernel:s0 tcontext=u:r:kernel:s0 tclass=capability permissive=0
11-19 05:29:03.131 0 0 I auditd : type=1400 audit(0.0:13275): avc: denied { kill } for comm="swapper/2" capability=5 scontext=u:r:kernel:s0 tcontext=u:r:kernel:s0 tclass=capability permissive=0
11-19 05:29:04.131 0 0 I auditd : type=1400 audit(0.0:13276): avc: denied { kill } for comm="swapper/2" capability=5 scontext=u:r:kernel:s0 tcontext=u:r:kernel:s0 tclass=capability permissive=0
11-19 05:29:05.131 0 0 I auditd : type=1400 audit(0.0:13277): avc: denied { kill } for comm="swapper/2" capability=5 scontext=u:r:kernel:s0 tcontext=u:r:kernel:s0 tclass=capability permissive=0
11-19 05:29:06.131 0 0 I auditd : type=1400 audit(0.0:13278): avc: denied { kill } for comm="swapper/2" capability=5 scontext=u:r:kernel:s0 tcontext=u:r:kernel:s0 tclass=capability permissive=0
11-19 05:29:07.131 0 0 I auditd : type=1400 audit(0.0:13279): avc: denied { kill } for comm="swapper/2" capability=5 scontext=u:r:kernel:s0 tcontext=u:r:kernel:s0 tclass=capability permissive=0
11-19 05:29:08.131 0 0 I auditd : type=1400 audit(0.0:13280): avc: denied { kill } for comm="swapper/2" capability=5 scontext=u:r:kernel:s0 tcontext=u:r:kernel:s0 tclass=capability permissive=0
11-19 05:29:09.131 0 0 I auditd : type=1400 audit(0.0:13281): avc: denied { kill } for comm="swapper/2" capability=5 scontext=u:r:kernel:s0 tcontext=u:r:kernel:s0 tclass=capability permissive=0
11-19 05:29:10.131 0 0 I auditd : type=1400 audit(0.0:13282): avc: denied { kill } for comm="swapper/2" capability=5 scontext=u:r:kernel:s0 tcontext=u:r:kernel:s0 tclass=capability permissive=0
11-19 05:29:11.131 0 0 I auditd : type=1400 audit(0.0:13283): avc: denied { kill } for comm="swapper/2" capability=5 scontext=u:r:kernel:s0 tcontext=u:r:kernel:s0 tclass=capability permissive=0
11-19 05:29:12.131 0 0 I auditd : type=1400 audit(0.0:13284): avc: denied { kill } for comm="swapper/2" capability=5 scontext=u:r:kernel:s0 tcontext=u:r:kernel:s0 tclass=capability permissive=0
11-19 05:29:13.131 0 0 I auditd : type=1400 audit(0.0:13285): avc: denied { kill } for comm="swapper/2" capability=5 scontext=u:r:kernel:s0 tcontext=u:r:kernel:s0 tclass=capability permissive=0
11-19 05:29:14.131 0 0 I auditd : type=1400 audit(0.0:13286): avc: denied { kill } for comm="swapper/2" capability=5 scontext=u:r:kernel:s0 tcontext=u:r:kernel:s0 tclass=capability permissive=0
11-19 05:29:15.131 0 0 I auditd : type=1400 audit(0.0:13287): avc: denied { kill } for comm="swapper/2" capability=5 scontext=u:r:kernel:s0 tcontext=u:r:kernel:s0 tclass=capability permissive=0
11-19 05:29:16.131 0 0 I auditd : type=1400 audit(0.0:13288): avc: denied { kill } for comm="swapper/2" capability=5 scontext=u:r:kernel:s0 tcontext=u:r:kernel:s0 tclass=capability permissive=0
11-19 05:29:17.131 0 0 I auditd : type=1400 audit(0.0:13289): avc: denied { kill } for comm="swapper/2" capability=5 scontext=u:r:kernel:s0 tcontext=u:r:kernel:s0 tclass=capability permissive=0
11-19 05:29:18.131 0 0 I auditd : type=1400 audit(0.0:13290): avc: denied { kill } for comm="swapper/2" capability=5 scontext=u:r:kernel:s0 tcontext=u:r:kernel:s0 tclass=capability permissive=0
11-19 05:29:19.131 0 0 I auditd : type=1400 audit(0.0:13291): avc: denied { kill } for comm="swapper/2" capability=5 scontext=u:r:kernel:s0 tcontext=u:r:kernel:s0 tclass=capability permissive=0
11-19 05:29:20.131 0 0 I auditd : type=1400 audit(0.0:13292): avc: denied { kill } for comm="swapper/2" capability=5 scontext=u:r:kernel:s0 tcontext=u:r:kernel:s0 tclass=capability permissive=0
11-19 05:29:21.131 0 0 I auditd : type=1400 audit(0.0:13293): avc: denied { kill } for comm="swapper/2" capability=5 scontext=u:r:kernel:s0 tcontext=u:r:kernel:s0 tclass=capability permissive=0
11-19 05:29:22.131 0 0 I auditd : type=1400 audit(0.0:13294): avc: denied { kill } for comm="swapper/2" capability=5 scontext=u:r:kernel:s0 tcontext=u:r:kernel:s0 tclass=capability permissive=0
11-19 05:29:23.131 0 0 I auditd : type=1400 audit(0.0:13295): avc: denied { kill } for comm="swapper/2" capability=5 scontext=u:r:kernel:s0 tcontext=u:r:kernel:s0 tclass=capability permissive=0
11-19 05:29:24.131 0 0 I auditd : type=1400 audit(0.0:13296): avc: denied { kill } for comm="swapper/2" capability=5 scontext=u:r:kernel:s0 tcontext=u:r:kernel:s0 tclass=capability permissive=0
11-19 05:29:25.131 0 0 I auditd : type=1400 audit(0.0:13297): avc: denied { kill } for comm="swapper/2" capability=5 scontext=u:r:kernel:s0 tcontext=u:r:kernel:s0 tclass=capability permissive=0
11-19 05:29:26.131 0 0 I auditd : type=1400 audit(0.0:13298): avc: denied { kill } for comm="swapper/2" capability=5 scontext=u:r:kernel:s0 tcontext=u:r:kernel:s0 tclass=capability permissive=0
11-19 05:29:27.131 0 0 I auditd : type=1400 audit(0.0:13299): avc: denied { kill } for comm="swapper/2" capability=5 scontext=u:r:kernel:s0 tcontext=u:r:kernel:s0 tclass=capability permissive=0
11-19 05:29:28.131 0 0 I auditd : type=1400 audit(0.0:13300): avc: denied { kill } for comm="swapper/2" capability=5 scontext=u:r:kernel:s0 tcontext=u:r:kernel:s0 tclass=capability permissive=0
11-19 05:29:29.131 0 0 I auditd : type=1400 audit(0.0:13301): avc: denied { kill } for comm="swapper/2" capability=5 scontext=u:r:kernel:s0 tcontext=u:r:kernel:s0 tclass=capability permissive=0
11-19 05:29:30.131 0 0 I auditd : type=1400 audit(0.0:13302): avc: denied { kill } for comm="swapper/2" capability=5 scontext=u:r:kernel:s0 tcontext=u:r:kernel:s0 tclass=capability permissive=0
11-19 05:29:31.131 0 0 I auditd : type=1400 audit(0.0:13303): avc: denied { kill } for comm="swapper/2" capability=5 scontext=u:r:kernel:s0 tcontext=u:r:kernel:s0 tclass=capability permissive=0
11-19 05:29:32.131 0 0 I auditd : type=1400 audit(0.0:13304): avc: denied { kill } for comm="swapper/2" capability=5 scontext=u:r:kernel:s0 tcontext=u:r:kernel:s0 tclass=capability permissive=0
11-19 05:29:33.131 0 0 I auditd : type=1400 audit(0.0:13305): avc: denied { kill } for comm="swapper/2" capability=5 scontext=u:r:kernel:s0 tcontext=u:r:kernel:s0 tclass=capability permissive=0
11-19 05:29:34.131 0 0 I auditd : type=1400 audit(0.0:13306): avc: denied { kill } for comm="swapper/2" capability=5 scontext=u:r:kernel:s0 tcontext=u:r:kernel:s0 tclass=capability permissive=0
11-19 05:29:35.131 0 0 I auditd : type=1400 audit(0.0:13307): avc: denied { kill } for comm="swapper/2" capability=5 scontext=u:r:kernel:s0 tcontext=u:r:kernel:s0 tclass=capability permissive=0
11-19 05:29:36.131 0 0 I auditd : type=1400 audit(0.0:13308): avc: denied { kill } for comm="swapper/2" capability=5 scontext=u:r:kernel:s0 tcontext=u:r:kernel:s0 tclass=capability permissive=0
11-19 05:29:37.131 0 0 I auditd : type=1400 audit(0.0:13309): avc: denied { kill } for comm="swapper/2" capability=5 scontext=u:r:kernel:s0 tcontext=u:r:kernel:s0 tclass=capability permissive=0
11-19 05:29:38.131 0 0 I auditd : type=1400 audit(0.0:13310): avc: denied { kill } for comm="swapper/2" capability=5 scontext=u:r:kernel:s0 tcontext=u:r:kernel:s0 tclass=capability permissive=0
11-19 05:29:39.131 0 0 I auditd : type=1400 audit(0.0:13311): avc: denied { kill } for comm="swapper/2" capability=5 scontext=u:r:kernel:s0 tcontext=u:r:kernel:s0 tclass=capability permissive=0
11-19 05:29:40.131 0 0 I auditd : type=1400 audit(0.0:13312): avc: denied { kill } for comm="swapper/2" capability=5 scontext=u:r:kernel:s0 tcontext=u:r:kernel:s0 tclass=capability permissive=0
11-19 05:29:41.131 0 0 I auditd : type=1400 audit(0.0:13313): avc: denied { kill } for comm="swapper/2" capability=5 scontext=u:r:kernel:s0 tcontext=u:r:kernel:s0 tclass=capability permissive=0
11-19 05:29:42.131 0 0 I auditd : type=1400 audit(0.0:13314): avc: denied { kill } for comm="swapper/2" capability=5 scontext=u:r:kernel:s0 tcontext=u:r:kernel:s0 tclass=capability permissive=0
11-19 05:29:43.131 0 0 I auditd : type=1400 audit(0.0:13315): avc: denied { kill } for comm="swapper/2" capability=5 scontext=u:r:kernel:s0 tcontext=u:r:kernel:s0 tclass=capability permissive=0
11-19 05:29:44.131 0 0 I auditd : type=1400 audit(0.0:13316): avc: denied { kill } for comm="swapper/2" capability=5 scontext=u:r:kernel:s0 tcontext=u:r:kernel:s0 tclass=capability permissive=0
11-19 05:29:45.131 0 0 I auditd : type=1400 audit(0.0:13317): avc: denied { kill } for comm="swapper/2" capability=5 scontext=u:r:kernel:s0 tcontext=u:r:kernel:s0 tclass=capability permissive=0
11-19 05:29:46.131 0 0 I auditd : type=1400 audit(0.0:13318): avc: denied { kill } for comm="swapper/2" capability=5 scontext=u:r:kernel:s0 tcontext=u:r:kernel:s0 tclass=capability permissive=0
11-19 05:29:47.131 0 0 I auditd : type=1400 audit(0.0:13319): avc: denied { kill } for comm="swapper/2" capability=5 scontext=u:r:kernel:s0 tcontext=u:r:kernel:s0 tclass=capability permissive=0
11-19 05:29:48.131 0 0 I auditd : type=1400 audit(0.0:13320): avc: denied { kill } for comm="swapper/2" capability=5 scontext=u:r:kernel:s0 tcontext=u:r:kernel:s0 tclass=capability permissive=0
11-19 05:29:49.131 0 0 I auditd : type=1400 audit(0.0:13321): avc: denied { kill } for comm="swapper/2" capability=5 scontext=u:r:kernel:s0 tcontext=u:r:kernel:s0 tclass=capability permissive=0
11-19 05:29:50.131 0 0 I auditd : type=1400 audit(0.0:13322): avc: denied { kill } for comm="swapper/2" capability=5 scontext=u:r:kernel:s0 tcontext=u:r:kernel:s0 tclass=capability permissive=0
11-19 05:29:51.131 0 0 I auditd : type=1400 audit(0.0:13323): avc: denied { kill } for comm="swapper/2" capability=5 scontext=u:r:kernel:s0 tcontext=u:r:kernel:s0 tclass=capability permissive=0
11-19 05:29:52.131 0 0 I auditd : type=1400 audit(0.0:13324): avc: denied { kill } for comm="swapper/2" capability=5 scontext=u:r:kernel:s0 tcontext=u:r:kernel:s0 tclass=capability permissive=0
11-19 05:29:53.131 0 0 I auditd : type=1400 audit(0.0:13325): avc: denied { kill } for comm="swapper/2" capability=5 scontext=u:r:kernel:s0 tcontext=u:r:kernel:s0 tclass=capability permissive=0
11-19 05:29:54.131 0 0 I auditd : type=1400 audit(0.0:13326): avc: denied { kill } for comm="swapper/2" capability=5 scontext=u:r:kernel:s0 tcontext=u:r:kernel:s0 tclass=capability permissive=0
11-19 05:29:55.131 0 0 I auditd : type=1400 audit(0.0:13327): avc: denied { kill } for comm="swapper/2" capability=5 scontext=u:r:kernel:s0 tcontext=u:r:kernel:s0 tclass=capability permissive=0
11-19 05:29:56.131 0 0 I auditd : type=1400 audit(0.0:13328): avc: denied { kill } for comm="swapper/2" capability=5 scontext=u:r:kernel:s0 tcontext=u:r:kernel:s0 tclass=capability permissive=0
11-19 05:29:58.131 0 0 I auditd : type=1400 audit(0.0:13329): avc: denied { kill } for comm="swapper/2" capability=5 scontext=u:r:kernel:s0 tcontext=u:r:kernel:s0 tclass=capability permissive=0
11-19 05:29:59.131 0 0 I auditd : type=1400 audit(0.0:13330): avc: denied { kill } for comm="swapper/2" capability=5 scontext=u:r:kernel:s0 tcontext=u:r:kernel:s0 tclass=capability permissive=0
11-19 05:30:01.131 0 0 I auditd : type=1400 audit(0.0:13331): avc: denied { kill } for comm="swapper/2" capability=5 scontext=u:r:kernel:s0 tcontext=u:r:kernel:s0 tclass=capability permissive=0
11-19 05:30:03.131 0 0 I auditd : type=1400 audit(0.0:13332): avc: denied { kill } for comm="swapper/2" capability=5 scontext=u:r:kernel:s0 tcontext=u:r:kernel:s0 tclass=capability permissive=0
11-19 05:30:04.131 0 0 I auditd : type=1400 audit(0.0:13333): avc: denied { kill } for comm="swapper/2" capability=5 scontext=u:r:kernel:s0 tcontext=u:r:kernel:s0 tclass=capability permissive=0
11-19 05:30:05.131 0 0 I auditd : type=1400 audit(0.0:13334): avc: denied { kill } for comm="swapper/2" capability=5 scontext=u:r:kernel:s0 tcontext=u:r:kernel:s0 tclass=capability permissive=0
11-19 05:30:06.131 0 0 I auditd : type=1400 audit(0.0:13335): avc: denied { kill } for comm="swapper/2" capability=5 scontext=u:r:kernel:s0 tcontext=u:r:kernel:s0 tclass=capability permissive=0
11-19 05:30:07.131 0 0 I auditd : type=1400 audit(0.0:13336): avc: denied { kill } for comm="swapper/2" capability=5 scontext=u:r:kernel:s0 tcontext=u:r:kernel:s0 tclass=capability permissive=0
11-19 05:30:08.131 0 0 I auditd : type=1400 audit(0.0:13337): avc: denied { kill } for comm="swapper/2" capability=5 scontext=u:r:kernel:s0 tcontext=u:r:kernel:s0 tclass=capability permissive=0
11-19 05:30:09.131 0 0 I auditd : type=1400 audit(0.0:13338): avc: denied { kill } for comm="swapper/2" capability=5 scontext=u:r:kernel:s0 tcontext=u:r:kernel:s0 tclass=capability permissive=0
11-19 05:30:10.131 0 0 I auditd : type=1400 audit(0.0:13339): avc: denied { kill } for comm="swapper/2" capability=5 scontext=u:r:kernel:s0 tcontext=u:r:kernel:s0 tclass=capability permissive=0
11-19 05:30:11.131 0 0 I auditd : type=1400 audit(0.0:13340): avc: denied { kill } for comm="swapper/2" capability=5 scontext=u:r:kernel:s0 tcontext=u:r:kernel:s0 tclass=capability permissive=0
11-19 05:30:12.131 0 0 I auditd : type=1400 audit(0.0:13341): avc: denied { kill } for comm="swapper/2" capability=5 scontext=u:r:kernel:s0 tcontext=u:r:kernel:s0 tclass=capability permissive=0
11-19 05:30:13.131 0 0 I auditd : type=1400 audit(0.0:13342): avc: denied { kill } for comm="swapper/2" capability=5 scontext=u:r:kernel:s0 tcontext=u:r:kernel:s0 tclass=capability permissive=0
11-19 05:30:14.131 0 0 I auditd : type=1400 audit(0.0:13343): avc: denied { kill } for comm="swapper/2" capability=5 scontext=u:r:kernel:s0 tcontext=u:r:kernel:s0 tclass=capability permissive=0
11-19 05:30:15.131 0 0 I auditd : type=1400 audit(0.0:13344): avc: denied { kill } for comm="swapper/2" capability=5 scontext=u:r:kernel:s0 tcontext=u:r:kernel:s0 tclass=capability permissive=0
11-19 05:30:16.131 0 0 I auditd : type=1400 audit(0.0:13345): avc: denied { kill } for comm="swapper/2" capability=5 scontext=u:r:kernel:s0 tcontext=u:r:kernel:s0 tclass=capability permissive=0
11-19 05:30:17.131 0 0 I auditd : type=1400 audit(0.0:13346): avc: denied { kill } for comm="swapper/2" capability=5 scontext=u:r:kernel:s0 tcontext=u:r:kernel:s0 tclass=capability permissive=0
11-19 05:30:18.131 0 0 I auditd : type=1400 audit(0.0:13347): avc: denied { kill } for comm="swapper/2" capability=5 scontext=u:r:kernel:s0 tcontext=u:r:kernel:s0 tclass=capability permissive=0
11-19 05:30:19.131 0 0 I auditd : type=1400 audit(0.0:13348): avc: denied { kill } for comm="swapper/2" capability=5 scontext=u:r:kernel:s0 tcontext=u:r:kernel:s0 tclass=capability permissive=0
11-19 05:30:20.131 0 0 I auditd : type=1400 audit(0.0:13349): avc: denied { kill } for comm="swapper/2" capability=5 scontext=u:r:kernel:s0 tcontext=u:r:kernel:s0 tclass=capability permissive=0
11-19 05:30:21.131 0 0 I auditd : type=1400 audit(0.0:13350): avc: denied { kill } for comm="swapper/2" capability=5 scontext=u:r:kernel:s0 tcontext=u:r:kernel:s0 tclass=capability permissive=0
11-19 05:30:22.131 0 0 I auditd : type=1400 audit(0.0:13351): avc: denied { kill } for comm="swapper/2" capability=5 scontext=u:r:kernel:s0 tcontext=u:r:kernel:s0 tclass=capability permissive=0
11-19 05:30:23.131 0 0 I auditd : type=1400 audit(0.0:13352): avc: denied { kill } for comm="swapper/2" capability=5 scontext=u:r:kernel:s0 tcontext=u:r:kernel:s0 tclass=capability permissive=0
11-19 05:30:24.131 0 0 I auditd : type=1400 audit(0.0:13353): avc: denied { kill } for comm="swapper/2" capability=5 scontext=u:r:kernel:s0 tcontext=u:r:kernel:s0 tclass=capability permissive=0
11-19 05:30:25.131 0 0 I auditd : type=1400 audit(0.0:13354): avc: denied { kill } for comm="swapper/2" capability=5 scontext=u:r:kernel:s0 tcontext=u:r:kernel:s0 tclass=capability permissive=0
11-19 05:30:26.131 0 0 I auditd : type=1400 audit(0.0:13355): avc: denied { kill } for comm="swapper/2" capability=5 scontext=u:r:kernel:s0 tcontext=u:r:kernel:s0 tclass=capability permissive=0
11-19 05:30:27.131 0 0 I auditd : type=1400 audit(0.0:13356): avc: denied { kill } for comm="swapper/2" capability=5 scontext=u:r:kernel:s0 tcontext=u:r:kernel:s0 tclass=capability permissive=0
11-19 05:30:28.131 0 0 I auditd : type=1400 audit(0.0:13357): avc: denied { kill } for comm="swapper/2" capability=5 scontext=u:r:kernel:s0 tcontext=u:r:kernel:s0 tclass=capability permissive=0
11-19 05:30:29.131 0 0 I auditd : type=1400 audit(0.0:13358): avc: denied { kill } for comm="swapper/2" capability=5 scontext=u:r:kernel:s0 tcontext=u:r:kernel:s0 tclass=capability permissive=0
11-19 05:30:30.131 0 0 I auditd : type=1400 audit(0.0:13359): avc: denied { kill } for comm="swapper/2" capability=5 scontext=u:r:kernel:s0 tcontext=u:r:kernel:s0 tclass=capability permissive=0
11-19 05:30:31.131 0 0 I auditd : type=1400 audit(0.0:13360): avc: denied { kill } for comm="swapper/2" capability=5 scontext=u:r:kernel:s0 tcontext=u:r:kernel:s0 tclass=capability permissive=0
11-19 05:30:32.131 0 0 I auditd : type=1400 audit(0.0:13361): avc: denied { kill } for comm="swapper/2" capability=5 scontext=u:r:kernel:s0 tcontext=u:r:kernel:s0 tclass=capability permissive=0
11-19 05:30:33.131 0 0 I auditd : type=1400 audit(0.0:13362): avc: denied { kill } for comm="swapper/2" capability=5 scontext=u:r:kernel:s0 tcontext=u:r:kernel:s0 tclass=capability permissive=0
11-19 05:30:34.131 0 0 I auditd : type=1400 audit(0.0:13363): avc: denied { kill } for comm="swapper/2" capability=5 scontext=u:r:kernel:s0 tcontext=u:r:kernel:s0 tclass=capability permissive=0
11-19 05:30:35.131 0 0 I auditd : type=1400 audit(0.0:13364): avc: denied { kill } for comm="swapper/2" capability=5 scontext=u:r:kernel:s0 tcontext=u:r:kernel:s0 tclass=capability permissive=0
11-19 05:30:35.571 1499 1831 I input_interaction: Interaction with: fdb8bf9 com.thundercomm.screensaver/android.service.dreams.DreamActivity (server), edge-swipe (server), swipe-up (server), PointerEventDispatcher0 (server),
11-19 05:30:35.576 1499 7777 I wm_finish_activity: [0,138452466,72,com.thundercomm.screensaver/android.service.dreams.DreamActivity,finish-activity]
11-19 05:30:35.576 1499 7777 I wm_task_moved: [71,1,6]
11-19 05:30:35.576 1499 7777 I wm_task_to_front: [0,71]
11-19 05:30:35.577 1499 7777 I wm_focused_root_task: [0,0,71,72,finish-top adjustFocusToNextFocusableTask]
11-19 05:30:35.579 1499 7777 I wm_pause_activity: [0,138452466,com.thundercomm.screensaver/android.service.dreams.DreamActivity,userLeaving=false,finish]
11-19 05:30:35.587 1499 1637 I sysui_multi_action: [757,803,799,window_time_0,802,325]
11-19 05:30:35.588 1499 7777 I DreamManagerService: Gently waking up from dream.
11-19 05:30:35.590 4805 4805 I wm_on_top_resumed_lost_called: [138452466,android.service.dreams.DreamActivity,topStateChangedWhenResumed]
11-19 05:30:35.590 4805 4805 I wm_on_paused_called: [138452466,android.service.dreams.DreamActivity,performPause]
11-19 05:30:35.590 1499 1634 I DreamManagerService: Performing gentle wake from dream.
11-19 05:30:35.591 1499 5517 I wm_add_to_stopping: [0,138452466,com.thundercomm.screensaver/android.service.dreams.DreamActivity,completeFinishing]
11-19 05:30:35.592 1499 5517 I ActivityTaskManager: FOREGROUND_APPLICATION_CHANGED to com.android.permissioncontroller.permission.ui.GrantPermissionsActivity
11-19 05:30:35.593 1499 5517 I ActivityTaskManager: The Process com.android.permissioncontroller Already Exists in BG. So sending its PID: 14043
11-19 05:30:35.593 1499 5517 W ActivityTaskManager: Tried to set launchTime (0) < mLastActivityLaunchTime (14788033)
11-19 05:30:35.596 1499 5517 I wm_restart_activity: [0,223177440,71,com.android.permissioncontroller/.permission.ui.GrantPermissionsActivity]
11-19 05:30:35.598 1499 5517 I wm_set_resumed_activity: [0,com.android.permissioncontroller/.permission.ui.GrantPermissionsActivity,minimalResumeActivityLocked]
11-19 05:30:35.603 1499 1637 I am_uid_active: 10094
11-19 05:30:35.609 1499 1637 I am_uid_active: 10063
11-19 05:30:35.610 1499 1637 I sysui_multi_action: [757,803,799,window_time_0,802,0]
11-19 05:30:35.614 14023 14023 I wm_on_restart_called: [28106045,com.android.deskclock.DeskClock,performRestartActivity]
11-19 05:30:35.621 14023 14023 I wm_on_start_called: [28106045,com.android.deskclock.DeskClock,handleStartActivity]
11-19 05:30:35.625 7802 7838 W ContextImpl: Calling a method in the system process without a qualified user: android.app.ContextImpl.startService:1816 android.content.ContextWrapper.startService:774 com.thundercomm.gamemode.ingame.services.GameModeActionUtils.startGameModeService:93 com.thundercomm.gamemode.ingame.services.GameModeActionUtils.startGameModeEntry:21 com.thundercomm.gamemode.ingame.services.ActivityMonitoringService$1.onActivityLaunch:127
11-19 05:30:35.629 1499 1644 I am_pss : [2802,10078,com.android.launcher3,87432192,75005952,0,233443328,0,6,11]
11-19 05:30:35.630 1499 1831 I input_focus: [Focus leaving fdb8bf9 com.thundercomm.screensaver/android.service.dreams.DreamActivity (server),reason=NO_WINDOW]
11-19 05:30:35.630 4805 4805 I view_enqueue_input_event: [Motion - Cancel,com.thundercomm.screensaver/android.service.dreams.DreamActivity]
11-19 05:30:35.632 1499 1499 I GameModeConfig: Current uri is uri = content://com.thundercomm.gamemode.api/gamemode_settings/gamemode_isgaming
11-19 05:30:35.633 1499 1499 I am_uid_active: 10064
11-19 05:30:35.635 14043 14043 I wm_on_create_called: [223177440,com.android.permissioncontroller.permission.ui.GrantPermissionsActivity,performCreate]
11-19 05:30:35.635 14043 14043 I wm_on_start_called: [223177440,com.android.permissioncontroller.permission.ui.GrantPermissionsActivity,handleStartActivity]
11-19 05:30:35.636 14043 14043 I wm_on_resume_called: [223177440,com.android.permissioncontroller.permission.ui.GrantPermissionsActivity,RESUME_ACTIVITY]
11-19 05:30:35.637 1499 1499 I GameModeConfig: isGameModeOn = false
11-19 05:30:35.637 1499 1499 I GameModeConfig: isGameModeOn = false
11-19 05:30:35.637 1499 1499 I GameModeConfig: isDisableVoice = true
11-19 05:30:35.638 14043 14043 I wm_on_top_resumed_gained_called: [223177440,com.android.permissioncontroller.permission.ui.GrantPermissionsActivity,topStateChangedWhenResumed]
11-19 05:30:35.643 7802 7838 W ContextImpl: Calling a method in the system process without a qualified user: android.app.ContextImpl.startService:1816 android.content.ContextWrapper.startService:774 com.thundercomm.gamemode.ingame.services.GameModeActionUtils.startGameModeService:93 com.thundercomm.gamemode.ingame.services.GameModeActionUtils.startGameModeEntry:21 com.thundercomm.gamemode.ingame.services.ActivityMonitoringService$1.onActivityLaunch:127
11-19 05:30:35.643 1499 1729 I wm_finish_activity: [0,223177440,71,com.android.permissioncontroller/.permission.ui.GrantPermissionsActivity,app-request]
11-19 05:30:35.644 1499 1729 I wm_pause_activity: [0,223177440,com.android.permissioncontroller/.permission.ui.GrantPermissionsActivity,userLeaving=false,finish]
11-19 05:30:35.645 1499 1663 I PowerManagerService: Powering on display group fromDreaming (groupId=0, uid=1000, reason=WAKE_REASON_UNKNOWN, details=android.server.power:DREAM_FINISHED)...
11-19 05:30:35.645 1499 1663 I PowerManagerService: Waking up from Dreaming (uid=1000, reason=WAKE_REASON_UNKNOWN, details=android.server.power:DREAM_FINISHED)...
11-19 05:30:35.647 1499 1499 I GameModeConfig: Current uri is uri = content://com.thundercomm.gamemode.api/gamemode_settings/gamemode_isgaming
11-19 05:30:35.649 1499 1499 I GameModeConfig: isGameModeOn = false
11-19 05:30:35.649 1499 1644 I am_pss : [3646,10026,com.baidu.input,167025664,149409792,0,320716800,0,7,13]
11-19 05:30:35.649 1499 1499 I GameModeConfig: isGameModeOn = false
11-19 05:30:35.649 1499 1499 I GameModeConfig: isDisableVoice = true
11-19 05:30:35.652 14043 14043 I wm_on_top_resumed_lost_called: [223177440,com.android.permissioncontroller.permission.ui.GrantPermissionsActivity,topStateChangedWhenResumed]
11-19 05:30:35.652 14043 14043 I wm_on_paused_called: [223177440,com.android.permissioncontroller.permission.ui.GrantPermissionsActivity,performPause]
11-19 05:30:35.653 1499 1729 I wm_add_to_stopping: [0,223177440,com.android.permissioncontroller/.permission.ui.GrantPermissionsActivity,completeFinishing]
11-19 05:30:35.653 1499 1729 I ActivityTaskManager: FOREGROUND_APPLICATION_CHANGED to com.android.deskclock.DeskClock
11-19 05:30:35.654 1499 1729 I wm_set_resumed_activity: [0,com.android.deskclock/.DeskClock,resumeTopActivityInnerLocked]
11-19 05:30:35.655 1499 1729 I wm_resume_activity: [0,28106045,71,com.android.deskclock/.DeskClock]
11-19 05:30:35.657 1499 1644 I am_pss : [2324,1002,com.android.bluetooth,30597120,26210304,0,141803520,0,0,7]
11-19 05:30:35.659 1499 1638 I input_focus: [Focus request 6b7688d com.android.deskclock/com.android.deskclock.DeskClock,reason=UpdateInputWindows]
11-19 05:30:35.659 1499 1637 I sysui_multi_action: [757,803,799,window_time_0,802,1]
11-19 05:30:35.666 1499 1644 I am_pss : [3331,10095,com.android.providers.media.module,24605696,20746240,0,133410816,0,0,7]
11-19 05:30:35.671 14023 14023 I wm_on_activity_result_called: [28106045,com.android.deskclock.DeskClock,ACTIVITY_RESULT]
11-19 05:30:35.672 14023 14023 I wm_on_resume_called: [28106045,com.android.deskclock.DeskClock,RESUME_ACTIVITY]
11-19 05:30:35.674 1499 1644 I am_pss : [3392,10080,com.qualcomm.location.XT,9444352,7397376,0,98512896,0,6,5]
11-19 05:30:35.675 14023 14023 I wm_on_top_resumed_gained_called: [28106045,com.android.deskclock.DeskClock,topWhenResuming]
11-19 05:30:35.681 1499 1831 I input_focus: [Focus entering 6b7688d com.android.deskclock/com.android.deskclock.DeskClock (server),reason=setFocusedWindow]
11-19 05:30:35.681 1499 1644 I am_pss : [3033,10096,android.ext.services,15787008,10203136,0,115843072,0,5,5]
11-19 05:30:35.687 1499 1644 I am_pss : [3095,10079,com.qualcomm.location,13468672,10592256,0,109834240,0,0,5]
11-19 05:30:35.693 1499 1644 I am_pss : [2566,1001,.dataservices,11550720,9388032,0,101593088,0,0,5]
11-19 05:30:35.703 1499 1644 I am_pss : [2484,1073,com.android.networkstack.process,16726016,13357056,0,123285504,0,0,5]
11-19 05:30:35.716 1499 1644 I am_pss : [2342,10081,com.android.systemui,110262272,86867968,0,289095680,0,0,11]
11-19 05:30:35.735 1499 1644 I am_pss : [1499,1000,system,241653760,149499904,0,575299584,0,0,17]
11-19 05:30:35.741 1499 1644 I am_pss : [14185,10062,com.android.calendar,6744064,4771840,0,91684864,0,19,5]
11-19 05:30:35.750 1499 1644 I am_pss : [14167,1000,com.android.settings,25385984,23465984,0,109023232,0,19,6]
11-19 05:30:35.756 1499 1644 I am_pss : [4734,2000,com.android.shell,8989696,6897664,0,98283520,0,19,5]
11-19 05:30:35.765 1499 1644 I am_pss : [4111,10023,com.android.packageinstaller,10066944,8122368,0,97001472,0,19,5]
