11-19 05:34:22.715 1499 5215 I wm_set_resumed_activity: [0,com.android.launcher3/.uioverrides.QuickstepLauncher,bringingFoundTaskToFront]
11-19 05:34:22.716 1499 5215 I wm_new_intent: [0,19758722,10,com.android.launcher3/.uioverrides.QuickstepLauncher,android.intent.action.MAIN,NULL,NULL,268435712]
11-19 05:34:22.717 1499 5215 I wm_task_moved: [1,1,6]
11-19 05:34:22.717 1499 5215 I wm_set_resumed_activity: [0,com.android.launcher3/.uioverrides.QuickstepLauncher,positionChildAt]
11-19 05:34:22.718 1499 5215 I ActivityTaskManager: FOREGROUND_APPLICATION_CHANGED to com.android.launcher3.uioverrides.QuickstepLauncher
11-19 05:34:22.718 1499 5215 W WindowManager: updateScale0.4617737
11-19 05:34:22.722 1499 5215 W WindowManager: updateScale0.4617737
11-19 05:34:22.727 2802 2802 I wm_on_paused_called: [19758722,com.android.launcher3.uioverrides.QuickstepLauncher,performPause]
11-19 05:34:22.730 1499 1638 I input_focus: [Focus request 632f7bf com.android.launcher3/com.android.launcher3.uioverrides.QuickstepLauncher,reason=UpdateInputWindows]
11-19 05:34:22.741 2802 2802 I wm_on_resume_called: [19758722,com.android.launcher3.uioverrides.QuickstepLauncher,LIFECYCLER_RESUME_ACTIVITY]
11-19 05:34:22.746 2802 2802 I wm_on_top_resumed_gained_called: [19758722,com.android.launcher3.uioverrides.QuickstepLauncher,topStateChangedWhenResumed]
11-19 05:34:22.748 1499 5215 W WindowManager: updateScale0.4617737
11-19 05:34:22.759 1499 1831 I input_focus: [Focus leaving 8a0f3ed com.android.calendar/com.android.calendar.AllInOneActivity (server),reason=setFocusedWindow]
11-19 05:34:22.759 1499 1831 I input_focus: [Focus entering 632f7bf com.android.launcher3/com.android.launcher3.uioverrides.QuickstepLauncher (server),reason=setFocusedWindow]
11-19 05:34:23.131 0 0 I auditd : type=1400 audit(0.0:13567): avc: denied { kill } for comm="swapper/2" capability=5 scontext=u:r:kernel:s0 tcontext=u:r:kernel:s0 tclass=capability permissive=0
11-19 05:34:23.263 1499 1831 I input_interaction: Interaction with: 632f7bf com.android.launcher3/com.android.launcher3.uioverrides.QuickstepLauncher (server), a1d9774 com.android.systemui.ImageWallpaper (server), edge-swipe (server), swipe-up (server), PointerEventDispatcher0 (server),
11-19 05:34:23.425 2802 2802 I view_enqueue_input_event: [Motion - Cancel,com.android.launcher3/com.android.launcher3.uioverrides.QuickstepLauncher]
11-19 05:34:23.426 1499 1831 I input_interaction: Interaction with: edge-swipe (server), swipe-up (server), PointerEventDispatcher0 (server),
11-19 05:34:23.601 1499 1759 I commit_sys_config_file: [settings-1-0,6]
11-19 05:34:23.776 1499 2761 W WindowManager: updateScale0.4617737
11-19 05:34:23.777 1499 2761 W WindowManager: updateScale0.4617737
11-19 05:34:23.852 1499 1759 I commit_sys_config_file: [settings-1-0,4]
11-19 05:34:23.962 1499 5215 I wm_finish_activity: [0,232199363,78,com.android.calendar/.AllInOneActivity,app-request]
11-19 05:34:23.978 1499 5215 I wm_pause_activity: [0,232199363,com.android.calendar/.AllInOneActivity,userLeaving=false,finish]
11-19 05:34:23.983 14185 14185 I wm_on_paused_called: [232199363,com.android.calendar.AllInOneActivity,performPause]
11-19 05:34:23.988 1499 5048 I wm_destroy_activity: [0,232199363,78,com.android.calendar/.AllInOneActivity,finish-imm:completePausedLocked]
11-19 05:34:24.008 14185 14185 I wm_on_stop_called: [232199363,com.android.calendar.AllInOneActivity,LIFECYCLER_STOP_ACTIVITY]
11-19 05:34:24.009 1499 1637 I sysui_multi_action: [757,803,799,window_time_0,802,9]
11-19 05:34:24.013 14185 14185 I wm_on_destroy_called: [232199363,com.android.calendar.AllInOneActivity,performDestroy]
11-19 05:34:24.020 7802 7838 W ContextImpl: Calling a method in the system process without a qualified user: android.app.ContextImpl.startService:1816 android.content.ContextWrapper.startService:774 com.thundercomm.gamemode.ingame.services.GameModeActionUtils.startGameModeService:93 com.thundercomm.gamemode.ingame.services.GameModeActionUtils.startGameModeEntry:21 com.thundercomm.gamemode.ingame.services.ActivityMonitoringService$1.onActivityLaunch:127
11-19 05:34:24.026 1499 1499 I GameModeConfig: Current uri is uri = content://com.thundercomm.gamemode.api/gamemode_settings/gamemode_isgaming
11-19 05:34:24.038 1499 1499 I GameModeConfig: isGameModeOn = false
11-19 05:34:24.038 1499 1499 I GameModeConfig: isGameModeOn = false
11-19 05:34:24.038 1499 1499 I GameModeConfig: isDisableVoice = true
11-19 05:34:24.109 7802 7838 W ContextImpl: Calling a method in the system process without a qualified user: android.app.ContextImpl.startService:1816 android.content.ContextWrapper.startService:774 com.thundercomm.gamemode.ingame.services.GameModeActionUtils.startGameModeService:93 com.thundercomm.gamemode.ingame.services.GameModeActionUtils.startGameModeEntry:21 com.thundercomm.gamemode.ingame.services.ActivityMonitoringService$1.onActivityLaunch:127
11-19 05:34:24.116 1499 1499 I GameModeConfig: Current uri is uri = content://com.thundercomm.gamemode.api/gamemode_settings/gamemode_isgaming
11-19 05:34:24.119 1499 1499 I GameModeConfig: isGameModeOn = false
11-19 05:34:24.119 1499 1499 I GameModeConfig: isGameModeOn = false
11-19 05:34:24.119 1499 1499 I GameModeConfig: isDisableVoice = true
11-19 05:34:24.131 0 0 I auditd : type=1400 audit(0.0:13568): avc: denied { kill } for comm="swapper/2" capability=5 scontext=u:r:kernel:s0 tcontext=u:r:kernel:s0 tclass=capability permissive=0
11-19 05:34:24.294 1499 1638 I wm_task_removed: [78,removeChild:removeChild last r=ActivityRecord{dd714c3 u0 com.android.calendar/.AllInOneActivity t-1 f}} in t=Task{d4cd872 #78 type=standard A=10062:android.task.calendar U=0 visible=false mode=freeform translucent=true sz=0}]
11-19 05:34:24.294 1499 1638 I wm_task_removed: [78,removeChild]
11-19 05:34:24.294 1499 1638 D FreeFormWindowHelper: Remove freefrom task=Task{d4cd872 #78 type=standard A=10062:android.task.calendar U=0 visible=false mode=freeform translucent=true sz=0}
11-19 05:34:25.131 0 0 I auditd : type=1400 audit(0.0:13569): avc: denied { kill } for comm="swapper/2" capability=5 scontext=u:r:kernel:s0 tcontext=u:r:kernel:s0 tclass=capability permissive=0
11-19 05:34:26.131 0 0 I auditd : type=1400 audit(0.0:13570): avc: denied { kill } for comm="swapper/2" capability=5 scontext=u:r:kernel:s0 tcontext=u:r:kernel:s0 tclass=capability permissive=0
11-19 05:34:26.539 1499 1831 I input_interaction: Interaction with: 632f7bf com.android.launcher3/com.android.launcher3.uioverrides.QuickstepLauncher (server), a1d9774 com.android.systemui.ImageWallpaper (server), edge-swipe (server), swipe-up (server), PointerEventDispatcher0 (server),
11-19 05:34:26.647 1499 2761 I ActivityTaskManager: START u0 {flg=0x10008000 cmp=com.android.gallery3d/.app.GalleryActivity} from uid 10078
11-19 05:34:26.654 1499 2761 I wm_task_created: [79,-1]
11-19 05:34:26.654 1499 2761 W ActivityTaskManager: Can't find TaskDisplayArea to determine support for multi window. Task id=79 attached=false
11-19 05:34:26.657 1499 2761 D FreeFormWindowHelper: Add freeform task=Task{ed60d65 #79 type=standard ?? U=0 visible=false mode=freeform translucent=true sz=0}
11-19 05:34:26.664 1499 2761 I wm_task_moved: [79,1,6]
11-19 05:34:26.664 1499 2761 I wm_task_to_front: [0,79]
11-19 05:34:26.671 1499 2761 I wm_create_task: [0,79]
11-19 05:34:26.671 1499 2761 I wm_create_activity: [0,173451834,79,com.android.gallery3d/.app.GalleryActivity,NULL,NULL,NULL,268468224]
11-19 05:34:26.671 1499 2761 I wm_task_moved: [79,1,6]
11-19 05:34:26.674 1499 2761 I ActivityTaskManager: FOREGROUND_APPLICATION_CHANGED to com.android.gallery3d.app.GalleryActivity
11-19 05:34:26.675 1499 2761 I ActivityTaskManager: The Process com.android.gallery3d Already Exists in BG. So sending its PID: 13960
11-19 05:34:26.675 1499 2761 W ActivityTaskManager: Tried to set launchTime (0) < mLastActivityLaunchTime (15296287)
11-19 05:34:26.677 1499 2761 I wm_restart_activity: [0,173451834,79,com.android.gallery3d/.app.GalleryActivity]
11-19 05:34:26.679 1499 2761 I wm_set_resumed_activity: [0,com.android.gallery3d/.app.GalleryActivity,minimalResumeActivityLocked]
11-19 05:34:26.690 2802 2802 I wm_on_top_resumed_lost_called: [19758722,com.android.launcher3.uioverrides.QuickstepLauncher,topStateChangedWhenResumed]
11-19 05:34:26.710 13960 13960 I wm_on_create_called: [173451834,com.android.gallery3d.app.GalleryActivity,performCreate]
11-19 05:34:26.711 7802 7838 W ContextImpl: Calling a method in the system process without a qualified user: android.app.ContextImpl.startService:1816 android.content.ContextWrapper.startService:774 com.thundercomm.gamemode.ingame.services.GameModeActionUtils.startGameModeService:93 com.thundercomm.gamemode.ingame.services.GameModeActionUtils.startGameModeEntry:21 com.thundercomm.gamemode.ingame.services.ActivityMonitoringService$1.onActivityLaunch:127
11-19 05:34:26.711 13960 13960 I wm_on_start_called: [173451834,com.android.gallery3d.app.GalleryActivity,handleStartActivity]
11-19 05:34:26.716 13960 13960 I wm_on_resume_called: [173451834,com.android.gallery3d.app.GalleryActivity,RESUME_ACTIVITY]
11-19 05:34:26.719 13960 13960 I wm_on_top_resumed_gained_called: [173451834,com.android.gallery3d.app.GalleryActivity,topStateChangedWhenResumed]
11-19 05:34:26.721 1499 1499 I GameModeConfig: Current uri is uri = content://com.thundercomm.gamemode.api/gamemode_settings/gamemode_isgaming
11-19 05:34:26.723 1499 1499 I GameModeConfig: isGameModeOn = false
11-19 05:34:26.723 1499 1499 I GameModeConfig: isGameModeOn = false
11-19 05:34:26.723 1499 1499 I GameModeConfig: isDisableVoice = true
11-19 05:34:26.734 1499 2761 W WindowManager: updateScale0.7996942
11-19 05:34:26.738 1499 1638 I input_focus: [Focus request c1c64f4 com.android.gallery3d/com.android.gallery3d.app.GalleryActivity,reason=UpdateInputWindows]
11-19 05:34:26.769 1499 1729 W WindowManager: updateScale0.7996942
11-19 05:34:26.769 1499 1729 W WindowManager: updateScale0.7996942
11-19 05:34:26.769 1499 1831 I input_focus: [Focus leaving 632f7bf com.android.launcher3/com.android.launcher3.uioverrides.QuickstepLauncher (server),reason=Waiting for window because NOT_VISIBLE]
11-19 05:34:26.802 1499 1638 W WindowManager: updateScale0.7996942
11-19 05:34:26.806 1499 1638 W WindowManager: updateScale0.7996942
11-19 05:34:26.807 1499 1638 W WindowManager: updateScale0.7996942
11-19 05:34:26.816 1499 1634 I sysui_multi_action: [319,158,322,157,325,15346,757,761,758,8,759,2,806,com.android.gallery3d,871,com.android.gallery3d.app.GalleryActivity,904,com.android.launcher3,905,0,1320,4,1321,1]
11-19 05:34:26.819 1499 1634 I wm_activity_launch_time: [0,173451834,com.android.gallery3d/.app.GalleryActivity,157]
11-19 05:34:26.820 1499 1831 I input_focus: [Focus entering c1c64f4 com.android.gallery3d/com.android.gallery3d.app.GalleryActivity (server),reason=Window became focusable. Previous reason: NOT_VISIBLE]
11-19 05:34:26.835 1499 5215 W WindowManager: updateScale0.7996942
11-19 05:34:26.842 1499 1638 W WindowManager: updateScale0.7996942
11-19 05:34:27.088 1499 1638 W WindowManager: updateScale0.7996942
11-19 05:34:28.076 1499 1831 I input_interaction: Interaction with: c1c64f4 com.android.gallery3d/com.android.gallery3d.app.GalleryActivity (server), edge-swipe (server), swipe-up (server), PointerEventDispatcher0 (server),
11-19 05:34:28.131 0 0 I auditd : type=1400 audit(0.0:13571): avc: denied { kill } for comm="swapper/1" capability=5 scontext=u:r:kernel:s0 tcontext=u:r:kernel:s0 tclass=capability permissive=0
11-19 05:34:28.196 1499 1729 W WindowManager: updateScale0.4617737
11-19 05:34:28.198 1499 1729 I wm_relaunch_resume_activity: [0,173451834,79,com.android.gallery3d/.app.GalleryActivity]
11-19 05:34:28.200 1499 1729 W WindowManager: updateScale0.4617737
11-19 05:34:28.211 13960 13960 I wm_on_top_resumed_lost_called: [173451834,com.android.gallery3d.app.GalleryActivity,pausing]
11-19 05:34:28.220 13960 13960 I wm_on_paused_called: [173451834,com.android.gallery3d.app.GalleryActivity,performPause]
11-19 05:34:28.220 13960 13960 I wm_on_stop_called: [173451834,com.android.gallery3d.app.GalleryActivity,handleRelaunchActivity]
11-19 05:34:28.226 13960 13960 I wm_on_destroy_called: [173451834,com.android.gallery3d.app.GalleryActivity,performDestroy]
11-19 05:34:28.254 13960 13960 I wm_on_create_called: [173451834,com.android.gallery3d.app.GalleryActivity,performCreate]
11-19 05:34:28.256 13960 13960 I wm_on_start_called: [173451834,com.android.gallery3d.app.GalleryActivity,handleStartActivity]
11-19 05:34:28.267 13960 13960 I wm_on_resume_called: [173451834,com.android.gallery3d.app.GalleryActivity,RESUME_ACTIVITY]
11-19 05:34:28.267 13960 13960 I wm_on_top_resumed_gained_called: [173451834,com.android.gallery3d.app.GalleryActivity,topWhenResuming]
11-19 05:34:28.270 1499 5215 W WindowManager: updateScale0.4617737
11-19 05:34:28.276 1499 5215 W WindowManager: updateScale0.4617737
11-19 05:34:28.278 1499 5215 W WindowManager: updateScale0.4617737
11-19 05:34:28.279 1499 5215 I NotificationService: cancelToast pkg=com.android.gallery3d token=android.os.BinderProxy@e8ec19f
11-19 05:34:28.280 1499 5215 W WindowManager: removeWindowToken: Attempted to remove non-existing token: android.os.Binder@aa5d778
11-19 05:34:28.286 1499 2761 W WindowManager: updateScale0.4617737
11-19 05:34:28.306 1499 5215 I WindowManager: finishDrawing of relaunch: Window{c1c64f4 u0 com.android.gallery3d/com.android.gallery3d.app.GalleryActivity} 108ms
11-19 05:34:28.313 1499 3791 E TaskPersister: File error accessing recents directory (directory doesn't exist?).
11-19 05:34:28.336 1499 5215 W WindowManager: updateScale0.4617737
11-19 05:34:28.344 1499 1638 W WindowManager: updateScale0.4617737
11-19 05:34:28.796 1499 1638 W WindowManager: updateScale0.4617737
11-19 05:34:29.131 0 0 I auditd : type=1400 audit(0.0:13572): avc: denied { kill } for comm="swapper/1" capability=5 scontext=u:r:kernel:s0 tcontext=u:r:kernel:s0 tclass=capability permissive=0
11-19 05:34:30.015 1499 2761 W WindowManager: updateScale0.7996942
11-19 05:34:30.017 1499 2761 I wm_relaunch_resume_activity: [0,173451834,79,com.android.gallery3d/.app.GalleryActivity]
11-19 05:34:30.019 1499 2761 W WindowManager: updateScale0.7996942
11-19 05:34:30.043 13960 13960 I wm_on_top_resumed_lost_called: [173451834,com.android.gallery3d.app.GalleryActivity,pausing]
11-19 05:34:30.049 13960 13960 I wm_on_paused_called: [173451834,com.android.gallery3d.app.GalleryActivity,performPause]
11-19 05:34:30.049 13960 13960 I wm_on_stop_called: [173451834,com.android.gallery3d.app.GalleryActivity,handleRelaunchActivity]
11-19 05:34:30.054 13960 13960 I wm_on_destroy_called: [173451834,com.android.gallery3d.app.GalleryActivity,performDestroy]
11-19 05:34:30.088 13960 13960 I wm_on_create_called: [173451834,com.android.gallery3d.app.GalleryActivity,performCreate]
11-19 05:34:30.090 13960 13960 I wm_on_start_called: [173451834,com.android.gallery3d.app.GalleryActivity,handleStartActivity]
11-19 05:34:30.098 13960 13960 I wm_on_resume_called: [173451834,com.android.gallery3d.app.GalleryActivity,RESUME_ACTIVITY]
11-19 05:34:30.098 13960 13960 I wm_on_top_resumed_gained_called: [173451834,com.android.gallery3d.app.GalleryActivity,topWhenResuming]
11-19 05:34:30.102 1499 2761 W WindowManager: updateScale0.7996942
11-19 05:34:30.104 1499 2761 W WindowManager: updateScale0.7996942
11-19 05:34:30.106 1499 2761 W WindowManager: updateScale0.7996942
11-19 05:34:30.108 1499 2761 I NotificationService: cancelToast pkg=com.android.gallery3d token=android.os.BinderProxy@7c66ab
11-19 05:34:30.108 1499 2761 W WindowManager: removeWindowToken: Attempted to remove non-existing token: android.os.Binder@2c6d14a
11-19 05:34:30.111 1499 2761 W WindowManager: updateScale0.7996942
11-19 05:34:30.126 1499 2761 I WindowManager: finishDrawing of relaunch: Window{c1c64f4 u0 com.android.gallery3d/com.android.gallery3d.app.GalleryActivity} 108ms
11-19 05:34:30.131 0 0 I auditd : type=1400 audit(0.0:13573): avc: denied { kill } for comm="swapper/1" capability=5 scontext=u:r:kernel:s0 tcontext=u:r:kernel:s0 tclass=capability permissive=0
11-19 05:34:30.157 1499 2761 W WindowManager: updateScale0.7996942
11-19 05:34:30.165 1499 1638 W WindowManager: updateScale0.7996942
11-19 05:34:30.634 1499 1638 W WindowManager: updateScale0.7996942
11-19 05:34:30.822 1499 1637 W WindowManager: Unable to start animation, surface is null or no children.
11-19 05:34:30.823 1499 1637 W WindowManager: updateScale0.7996942
11-19 05:34:30.957 1499 1729 I wm_finish_activity: [0,173451834,79,com.android.gallery3d/.app.GalleryActivity,finish-activity]
11-19 05:34:30.957 1499 1729 I wm_task_moved: [1,1,6]
11-19 05:34:30.960 1499 1729 I wm_set_resumed_activity: [0,com.android.launcher3/.uioverrides.QuickstepLauncher,positionChildAt]
11-19 05:34:30.960 1499 1729 I wm_task_moved: [10,1,2147483647]
11-19 05:34:30.960 1499 1729 I wm_task_to_front: [0,10]
11-19 05:34:30.960 1499 1729 I wm_focused_root_task: [0,0,1,-1,finish-top adjustFocusToNextFocusableTask]
11-19 05:34:30.960 1499 1729 I wm_set_resumed_activity: [0,com.android.launcher3/.uioverrides.QuickstepLauncher,finish-top]
11-19 05:34:30.968 1499 1729 I wm_pause_activity: [0,173451834,com.android.gallery3d/.app.GalleryActivity,userLeaving=false,finish]
11-19 05:34:30.974 13960 13960 I wm_on_top_resumed_lost_called: [173451834,com.android.gallery3d.app.GalleryActivity,topStateChangedWhenResumed]
11-19 05:34:30.974 1499 1638 I input_focus: [Focus request 632f7bf com.android.launcher3/com.android.launcher3.uioverrides.QuickstepLauncher,reason=UpdateInputWindows]
11-19 05:34:30.976 1499 3791 E TaskPersister: File error accessing recents directory (directory doesn't exist?).
11-19 05:34:30.979 1499 1637 I sysui_multi_action: [757,803,799,window_time_0,802,7]
11-19 05:34:30.985 2802 2802 I wm_on_top_resumed_gained_called: [19758722,com.android.launcher3.uioverrides.QuickstepLauncher,topStateChangedWhenResumed]
11-19 05:34:30.991 13960 13960 I wm_on_paused_called: [173451834,com.android.gallery3d.app.GalleryActivity,performPause]
11-19 05:34:30.992 1499 2761 I ActivityTaskManager: FOREGROUND_APPLICATION_CHANGED to com.android.launcher3.uioverrides.QuickstepLauncher
11-19 05:34:30.993 1499 2761 I wm_destroy_activity: [0,173451834,79,com.android.gallery3d/.app.GalleryActivity,finish-imm:completePausedLocked]
11-19 05:34:31.012 1499 1831 I input_focus: [Focus leaving c1c64f4 com.android.gallery3d/com.android.gallery3d.app.GalleryActivity (server),reason=NO_WINDOW]
11-19 05:34:31.012 1499 1831 I input_focus: [Focus entering 632f7bf com.android.launcher3/com.android.launcher3.uioverrides.QuickstepLauncher (server),reason=setFocusedWindow]
11-19 05:34:31.013 1499 1637 I sysui_multi_action: [757,803,799,window_time_0,802,0]
11-19 05:34:31.036 1499 1729 I NotificationService: cancelToast pkg=com.android.gallery3d token=android.os.BinderProxy@57e1c05
11-19 05:34:31.040 7802 7838 W ContextImpl: Calling a method in the system process without a qualified user: android.app.ContextImpl.startService:1816 android.content.ContextWrapper.startService:774 com.thundercomm.gamemode.ingame.services.GameModeActionUtils.startGameModeService:93 com.thundercomm.gamemode.ingame.services.GameModeActionUtils.startGameModeEntry:21 com.thundercomm.gamemode.ingame.services.ActivityMonitoringService$1.onActivityLaunch:127
11-19 05:34:31.043 1499 1729 W WindowManager: removeWindowToken: Attempted to remove non-existing token: android.os.Binder@adb10a1
11-19 05:34:31.052 1499 1499 I GameModeConfig: Current uri is uri = content://com.thundercomm.gamemode.api/gamemode_settings/gamemode_isgaming
11-19 05:34:31.058 1499 1499 I GameModeConfig: isGameModeOn = false
11-19 05:34:31.062 1499 1499 I GameModeConfig: isGameModeOn = false
11-19 05:34:31.062 1499 1499 I GameModeConfig: isDisableVoice = true
11-19 05:34:31.066 13960 13960 I wm_on_stop_called: [173451834,com.android.gallery3d.app.GalleryActivity,LIFECYCLER_STOP_ACTIVITY]
11-19 05:34:31.070 13960 13960 I wm_on_destroy_called: [173451834,com.android.gallery3d.app.GalleryActivity,performDestroy]
11-19 05:34:31.112 7802 7838 W ContextImpl: Calling a method in the system process without a qualified user: android.app.ContextImpl.startService:1816 android.content.ContextWrapper.startService:774 com.thundercomm.gamemode.ingame.services.GameModeActionUtils.startGameModeService:93 com.thundercomm.gamemode.ingame.services.GameModeActionUtils.startGameModeEntry:21 com.thundercomm.gamemode.ingame.services.ActivityMonitoringService$1.onActivityLaunch:127
11-19 05:34:31.117 1499 1499 I GameModeConfig: Current uri is uri = content://com.thundercomm.gamemode.api/gamemode_settings/gamemode_isgaming
11-19 05:34:31.120 1499 1499 I GameModeConfig: isGameModeOn = false
11-19 05:34:31.121 1499 1499 I GameModeConfig: isGameModeOn = false
11-19 05:34:31.121 1499 1499 I GameModeConfig: isDisableVoice = true
11-19 05:34:31.131 0 0 I auditd : type=1400 audit(0.0:13574): avc: denied { kill } for comm="swapper/1" capability=5 scontext=u:r:kernel:s0 tcontext=u:r:kernel:s0 tclass=capability permissive=0
11-19 05:34:31.294 1499 1638 I wm_task_removed: [79,removeChild:removeChild last r=ActivityRecord{a56aa3a u0 com.android.gallery3d/.app.GalleryActivity t-1 f}} in t=Task{ed60d65 #79 type=standard A=10066:com.android.gallery3d U=0 visible=false mode=freeform translucent=true sz=0}]
11-19 05:34:31.294 1499 1638 I wm_task_removed: [79,removeChild]
11-19 05:34:31.295 1499 1638 D FreeFormWindowHelper: Remove freefrom task=Task{ed60d65 #79 type=standard A=10066:com.android.gallery3d U=0 visible=false mode=freeform translucent=true sz=0}
11-19 05:34:32.131 0 0 I auditd : type=1400 audit(0.0:13575): avc: denied { kill } for comm="swapper/1" capability=5 scontext=u:r:kernel:s0 tcontext=u:r:kernel:s0 tclass=capability permissive=0
11-19 05:34:32.325 1499 1637 W WindowManager: Unable to start animation, surface is null or no children.
11-19 05:34:32.417 1499 1831 I input_interaction: Interaction with: 632f7bf com.android.launcher3/com.android.launcher3.uioverrides.QuickstepLauncher (server), a1d9774 com.android.systemui.ImageWallpaper (server), edge-swipe (server), swipe-up (server), PointerEventDispatcher0 (server),
11-19 05:34:32.440 1499 1645 I am_uid_idle: 10050
11-19 05:34:32.554 2802 2802 I view_enqueue_input_event: [Motion - Cancel,com.android.launcher3/com.android.launcher3.uioverrides.QuickstepLauncher]
11-19 05:34:32.562 1499 1831 I input_interaction: Interaction with: edge-swipe (server), swipe-up (server), PointerEventDispatcher0 (server),
11-19 05:34:32.725 1499 1759 I commit_sys_config_file: [settings-1-0,6]
11-19 05:34:32.994 1499 1759 I commit_sys_config_file: [settings-1-0,15]
11-19 05:34:33.131 0 0 I auditd : type=1400 audit(0.0:13576): avc: denied { kill } for comm="swapper/3" capability=5 scontext=u:r:kernel:s0 tcontext=u:r:kernel:s0 tclass=capability permissive=0
11-19 05:34:33.678 1499 1831 I input_interaction: Interaction with: 632f7bf com.android.launcher3/com.android.launcher3.uioverrides.QuickstepLauncher (server), a1d9774 com.android.systemui.ImageWallpaper (server), edge-swipe (server), swipe-up (server), PointerEventDispatcher0 (server),
11-19 05:34:33.801 1499 5215 I ActivityTaskManager: START u0 {flg=0x10008000 cmp=com.android.music/.VideoBrowserActivity} from uid 10078
11-19 05:34:33.810 1499 5215 I wm_task_created: [80,-1]
11-19 05:34:33.810 1499 5215 W ActivityTaskManager: Can't find TaskDisplayArea to determine support for multi window. Task id=80 attached=false
11-19 05:34:33.812 1499 5215 D FreeFormWindowHelper: Add freeform task=Task{9b698 #80 type=standard ?? U=0 visible=false mode=freeform translucent=true sz=0}
11-19 05:34:33.822 1499 5215 I wm_task_moved: [80,1,6]
11-19 05:34:33.822 1499 5215 I wm_task_to_front: [0,80]
11-19 05:34:33.823 1499 5215 I wm_create_task: [0,80]
11-19 05:34:33.823 1499 5215 I wm_create_activity: [0,199191254,80,com.android.music/.VideoBrowserActivity,NULL,NULL,NULL,268468224]
11-19 05:34:33.823 1499 5215 I wm_task_moved: [80,1,6]
11-19 05:34:33.825 1499 5215 I ActivityTaskManager: FOREGROUND_APPLICATION_CHANGED to com.android.music.VideoBrowserActivity
11-19 05:34:33.825 1499 5215 I ActivityTaskManager: The Process com.android.music Already Exists in BG. So sending its PID: 13467
11-19 05:34:33.825 1499 5215 W ActivityTaskManager: Tried to set launchTime (0) < mLastActivityLaunchTime (15304132)
11-19 05:34:33.826 1499 5215 I wm_restart_activity: [0,199191254,80,com.android.music/.VideoBrowserActivity]
11-19 05:34:33.828 1499 5215 I wm_set_resumed_activity: [0,com.android.music/.VideoBrowserActivity,minimalResumeActivityLocked]
11-19 05:34:33.836 2802 2802 I wm_on_top_resumed_lost_called: [19758722,com.android.launcher3.uioverrides.QuickstepLauncher,topStateChangedWhenResumed]
11-19 05:34:33.849 7802 7838 W ContextImpl: Calling a method in the system process without a qualified user: android.app.ContextImpl.startService:1816 android.content.ContextWrapper.startService:774 com.thundercomm.gamemode.ingame.services.GameModeActionUtils.startGameModeService:93 com.thundercomm.gamemode.ingame.services.GameModeActionUtils.startGameModeEntry:21 com.thundercomm.gamemode.ingame.services.ActivityMonitoringService$1.onActivityLaunch:127
11-19 05:34:33.855 1499 1499 I GameModeConfig: Current uri is uri = content://com.thundercomm.gamemode.api/gamemode_settings/gamemode_isgaming
11-19 05:34:33.858 1499 1499 I GameModeConfig: isGameModeOn = false
11-19 05:34:33.858 1499 1499 I GameModeConfig: isGameModeOn = false
11-19 05:34:33.858 1499 1499 I GameModeConfig: isDisableVoice = true
11-19 05:34:33.861 13467 13467 I wm_on_create_called: [199191254,com.android.music.VideoBrowserActivity,performCreate]
11-19 05:34:33.861 13467 13467 I wm_on_start_called: [199191254,com.android.music.VideoBrowserActivity,handleStartActivity]
11-19 05:34:33.862 13467 13467 I wm_on_resume_called: [199191254,com.android.music.VideoBrowserActivity,RESUME_ACTIVITY]
11-19 05:34:33.863 13467 13467 I wm_on_top_resumed_gained_called: [199191254,com.android.music.VideoBrowserActivity,topStateChangedWhenResumed]
11-19 05:34:33.868 1499 5215 W WindowManager: updateScale0.7996942
11-19 05:34:33.870 1499 1638 I input_focus: [Focus request a893bf3 com.android.music/com.android.music.VideoBrowserActivity,reason=UpdateInputWindows]
11-19 05:34:33.875 1499 1638 W WindowManager: updateScale0.7996942
11-19 05:34:33.878 1499 1638 W WindowManager: updateScale0.7996942
11-19 05:34:33.879 1499 1638 W WindowManager: updateScale0.7996942
11-19 05:34:33.882 1499 1634 I sysui_multi_action: [319,77,322,76,325,15353,757,761,758,8,759,2,806,com.android.music,871,com.android.music.VideoBrowserActivity,904,com.android.launcher3,905,0,1320,4,1321,1]
11-19 05:34:33.884 1499 1634 I wm_activity_launch_time: [0,199191254,com.android.music/.VideoBrowserActivity,76]
11-19 05:34:33.887 1499 1831 I input_focus: [Focus leaving 632f7bf com.android.launcher3/com.android.launcher3.uioverrides.QuickstepLauncher (server),reason=setFocusedWindow]
11-19 05:34:33.887 1499 1831 I input_focus: [Focus entering a893bf3 com.android.music/com.android.music.VideoBrowserActivity (server),reason=setFocusedWindow]
11-19 05:34:33.927 1499 1614 W WindowManager: updateScale0.7996942
11-19 05:34:33.928 1499 1614 W WindowManager: updateScale0.7996942
11-19 05:34:34.131 0 0 I auditd : type=1400 audit(0.0:13577): avc: denied { kill } for comm="swapper/3" capability=5 scontext=u:r:kernel:s0 tcontext=u:r:kernel:s0 tclass=capability permissive=0
11-19 05:34:34.147 1499 1637 W WindowManager: Unable to start animation, surface is null or no children.
11-19 05:34:34.147 1499 1637 W WindowManager: updateScale0.7996942
11-19 05:34:34.154 1499 1638 W WindowManager: updateScale0.7996942
11-19 05:34:35.314 1499 3791 E TaskPersister: File error accessing recents directory (directory doesn't exist?).
11-19 05:34:35.322 1499 1831 I input_interaction: Interaction with: a893bf3 com.android.music/com.android.music.VideoBrowserActivity (server), edge-swipe (server), swipe-up (server), PointerEventDispatcher0 (server),
11-19 05:34:35.448 1499 1614 W WindowManager: updateScale0.4617737
11-19 05:34:35.449 1499 1614 I wm_relaunch_resume_activity: [0,199191254,80,com.android.music/.VideoBrowserActivity]
11-19 05:34:35.450 1499 1614 W WindowManager: updateScale0.4617737
11-19 05:34:35.460 13467 13467 I wm_on_top_resumed_lost_called: [199191254,com.android.music.VideoBrowserActivity,pausing]
11-19 05:34:35.460 13467 13467 I wm_on_paused_called: [199191254,com.android.music.VideoBrowserActivity,performPause]
11-19 05:34:35.460 13467 13467 I wm_on_stop_called: [199191254,com.android.music.VideoBrowserActivity,handleRelaunchActivity]
11-19 05:34:35.464 13467 13467 I wm_on_destroy_called: [199191254,com.android.music.VideoBrowserActivity,performDestroy]
11-19 05:34:35.506 13467 13467 I wm_on_create_called: [199191254,com.android.music.VideoBrowserActivity,performCreate]
11-19 05:34:35.507 13467 13467 I wm_on_start_called: [199191254,com.android.music.VideoBrowserActivity,handleStartActivity]
11-19 05:34:35.508 13467 13467 I wm_on_resume_called: [199191254,com.android.music.VideoBrowserActivity,RESUME_ACTIVITY]
11-19 05:34:35.508 13467 13467 I wm_on_top_resumed_gained_called: [199191254,com.android.music.VideoBrowserActivity,topWhenResuming]
11-19 05:34:35.511 1499 1614 W WindowManager: updateScale0.4617737
11-19 05:34:35.513 1499 1614 W WindowManager: updateScale0.4617737
11-19 05:34:35.537 1499 1644 I am_pss : [14465,10063,com.android.deskclock,49310720,43376640,0,173621248,0,18,10]
11-19 05:34:36.063 13467 13467 I view_enqueue_input_event: [Motion - Cancel,com.android.music/com.android.music.VideoBrowserActivity]
11-19 05:34:36.077 1499 1831 I input_interaction: Interaction with: WindowManager (server), edge-swipe (server), swipe-up (server), PointerEventDispatcher0 (server),
11-19 05:34:36.091 1499 1638 D FreeFormWindowHelper: refreshTipWindow windowDragBounds:Rect(307, 91 - 609, 629)
11-19 05:34:36.092 1499 1638 W WindowManager: updateScale0.4617737
11-19 05:34:36.107 1499 1638 D FreeFormWindowHelper: refreshTipWindow windowDragBounds:Rect(595, 97 - 897, 635)
11-19 05:34:36.109 1499 1638 W WindowManager: updateScale0.4617737
11-19 05:34:36.124 1499 1638 D FreeFormWindowHelper: refreshTipWindow windowDragBounds:Rect(775, 102 - 1077, 640)
11-19 05:34:36.129 1499 1638 W WindowManager: updateScale0.4617737
11-19 05:34:36.138 1499 5048 W WindowManager: updateScale0.4617737
11-19 05:34:36.141 1499 1638 D FreeFormWindowHelper: refreshTipWindow windowDragBounds:Rect(858, 99 - 1160, 637)
11-19 05:34:36.142 1499 1638 W WindowManager: updateScale0.4617737
11-19 05:34:36.157 1499 1638 D FreeFormWindowHelper: refreshTipWindow windowDragBounds:Rect(925, 100 - 1227, 638)
11-19 05:34:36.158 1499 1638 W WindowManager: updateScale0.4617737
11-19 05:34:36.191 1499 1638 D FreeFormWindowHelper: refreshTipWindow windowDragBounds:Rect(1002, 100 - 1304, 638)
11-19 05:34:36.192 1499 1638 W WindowManager: updateScale0.4617737
11-19 05:34:36.204 1499 5048 W WindowManager: updateScale0.4617737
11-19 05:34:36.208 1499 1638 D FreeFormWindowHelper: refreshTipWindow windowDragBounds:Rect(1142, 100 - 1444, 638)
11-19 05:34:36.210 1499 1638 W WindowManager: updateScale0.4617737
11-19 05:34:36.224 1499 1638 D FreeFormWindowHelper: refreshTipWindow windowDragBounds:Rect(1227, 100 - 1529, 638)
11-19 05:34:36.226 1499 1638 W WindowManager: updateScale0.4617737
11-19 05:34:36.241 1499 1638 D FreeFormWindowHelper: refreshTipWindow windowDragBounds:Rect(1339, 100 - 1641, 638)
11-19 05:34:36.243 1499 1638 W WindowManager: updateScale0.4617737
11-19 05:34:36.258 1499 1638 D FreeFormWindowHelper: refreshTipWindow windowDragBounds:Rect(1524, 100 - 1826, 638)
11-19 05:34:36.259 1499 1638 W WindowManager: updateScale0.4617737
11-19 05:34:36.275 1499 1638 D FreeFormWindowHelper: refreshTipWindow windowDragBounds:Rect(1754, 102 - 2056, 640)
11-19 05:34:36.276 1499 1638 W WindowManager: updateScale0.4617737
11-19 05:34:36.291 1499 1638 D FreeFormWindowHelper: refreshTipWindow windowDragBounds:Rect(1987, 112 - 2289, 650)
11-19 05:34:36.293 1499 1638 W WindowManager: updateScale0.4617737
11-19 05:34:36.308 1499 1638 D FreeFormWindowHelper: refreshTipWindow windowDragBounds:Rect(2193, 121 - 2495, 659)
11-19 05:34:36.309 1499 1638 W WindowManager: updateScale0.4617737
11-19 05:34:36.325 1499 1638 D FreeFormWindowHelper: refreshTipWindow windowDragBounds:Rect(2366, 131 - 2668, 669)
11-19 05:34:36.326 1499 1638 W WindowManager: updateScale0.4617737
11-19 05:34:36.342 1499 1638 D FreeFormWindowHelper: refreshTipWindow windowDragBounds:Rect(2399, 140 - 2701, 678)
11-19 05:34:36.343 1499 1638 W WindowManager: updateScale0.4617737
11-19 05:34:36.359 1499 1638 D FreeFormWindowHelper: refreshTipWindow windowDragBounds:Rect(2399, 148 - 2701, 686)
11-19 05:34:36.360 1499 1638 W WindowManager: updateScale0.4617737
11-19 05:34:36.436 1499 1638 D WindowManager: updateWindowDragBounds: mIsSwipeYtrue
11-19 05:34:36.437 1499 1638 D WindowManager: updateWindowDragBounds: mIsTopfalse
11-19 05:34:36.437 1499 1638 D WindowManager: updateWindowDragBounds: mIsSwipeXfalse
11-19 05:34:36.438 1499 1638 W WindowManager: updateScale0.4617737
11-19 05:34:36.462 1499 5048 W WindowManager: updateScale0.4617737
11-19 05:34:37.131 0 0 I auditd : type=1400 audit(0.0:13578): avc: denied { kill } for comm="swapper/3" capability=5 scontext=u:r:kernel:s0 tcontext=u:r:kernel:s0 tclass=capability permissive=0
11-19 05:34:37.296 1499 1831 I input_interaction: Interaction with: 632f7bf com.android.launcher3/com.android.launcher3.uioverrides.QuickstepLauncher (server), a1d9774 com.android.systemui.ImageWallpaper (server), edge-swipe (server), swipe-up (server), PointerEventDispatcher0 (server),
11-19 05:34:37.375 2802 2802 I view_enqueue_input_event: [Motion - Cancel,com.android.launcher3/com.android.launcher3.uioverrides.QuickstepLauncher]
11-19 05:34:37.378 1499 1831 I input_interaction: Interaction with: edge-swipe (server), swipe-up (server), PointerEventDispatcher0 (server),
11-19 05:34:37.632 1499 5048 I ActivityTaskManager: START u0 {act=android.intent.action.MAIN cat=[android.intent.category.HOME] flg=0x10000000 cmp=com.android.launcher3/.uioverrides.QuickstepLauncher} from uid 10078
11-19 05:34:37.635 1499 5048 I wm_task_moved: [1,1,6]
11-19 05:34:37.638 13467 13467 I wm_on_top_resumed_lost_called: [199191254,com.android.music.VideoBrowserActivity,topStateChangedWhenResumed]
11-19 05:34:37.638 1499 5048 I wm_set_resumed_activity: [0,com.android.launcher3/.uioverrides.QuickstepLauncher,positionChildAt]
11-19 05:34:37.638 1499 5048 I wm_task_moved: [10,1,2147483647]
11-19 05:34:37.638 1499 5048 I wm_task_to_front: [0,10]
11-19 05:34:37.638 1499 5048 I wm_focused_root_task: [0,0,1,80,bringingFoundTaskToFront]
11-19 05:34:37.638 1499 5048 I wm_set_resumed_activity: [0,com.android.launcher3/.uioverrides.QuickstepLauncher,bringingFoundTaskToFront]
11-19 05:34:37.639 1499 5048 I wm_new_intent: [0,19758722,10,com.android.launcher3/.uioverrides.QuickstepLauncher,android.intent.action.MAIN,NULL,NULL,268435712]
11-19 05:34:37.641 1499 5048 I wm_task_moved: [1,1,6]
11-19 05:34:37.641 1499 5048 I wm_set_resumed_activity: [0,com.android.launcher3/.uioverrides.QuickstepLauncher,positionChildAt]
11-19 05:34:37.641 1499 5048 I ActivityTaskManager: FOREGROUND_APPLICATION_CHANGED to com.android.launcher3.uioverrides.QuickstepLauncher
11-19 05:34:37.642 1499 5048 W WindowManager: updateScale0.4617737
11-19 05:34:37.647 1499 5048 W WindowManager: updateScale0.4617737
11-19 05:34:37.650 1499 1638 I input_focus: [Focus request 632f7bf com.android.launcher3/com.android.launcher3.uioverrides.QuickstepLauncher,reason=UpdateInputWindows]
11-19 05:34:37.653 2802 2802 I wm_on_paused_called: [19758722,com.android.launcher3.uioverrides.QuickstepLauncher,performPause]
11-19 05:34:37.659 2802 2802 I wm_on_resume_called: [19758722,com.android.launcher3.uioverrides.QuickstepLauncher,LIFECYCLER_RESUME_ACTIVITY]
11-19 05:34:37.663 1499 1614 W WindowManager: updateScale0.4617737
11-19 05:34:37.667 2802 2802 I wm_on_top_resumed_gained_called: [19758722,com.android.launcher3.uioverrides.QuickstepLauncher,topStateChangedWhenResumed]
11-19 05:34:37.680 1499 1831 I input_focus: [Focus leaving a893bf3 com.android.music/com.android.music.VideoBrowserActivity (server),reason=setFocusedWindow]
11-19 05:34:37.681 1499 1831 I input_focus: [Focus entering 632f7bf com.android.launcher3/com.android.launcher3.uioverrides.QuickstepLauncher (server),reason=setFocusedWindow]
11-19 05:34:37.983 1499 1831 I input_interaction: Interaction with: 632f7bf com.android.launcher3/com.android.launcher3.uioverrides.QuickstepLauncher (server), a1d9774 com.android.systemui.ImageWallpaper (server), edge-swipe (server), swipe-up (server), PointerEventDispatcher0 (server),
11-19 05:34:38.110 2802 2802 I view_enqueue_input_event: [Motion - Cancel,com.android.launcher3/com.android.launcher3.uioverrides.QuickstepLauncher]
11-19 05:34:38.114 1499 1831 I input_interaction: Interaction with: edge-swipe (server), swipe-up (server), PointerEventDispatcher0 (server),
11-19 05:34:38.298 1499 1759 I commit_sys_config_file: [settings-1-0,3]
11-19 05:34:38.511 1499 5215 W WindowManager: updateScale0.4617737
11-19 05:34:38.512 1499 5215 W WindowManager: updateScale0.4617737
11-19 05:34:38.595 1499 1759 I commit_sys_config_file: [settings-1-0,7]
11-19 05:34:38.697 1499 5215 I wm_finish_activity: [0,199191254,80,com.android.music/.VideoBrowserActivity,app-request]
11-19 05:34:38.713 1499 5215 I wm_pause_activity: [0,199191254,com.android.music/.VideoBrowserActivity,userLeaving=false,finish]
11-19 05:34:38.714 13467 13467 I wm_on_paused_called: [199191254,com.android.music.VideoBrowserActivity,performPause]
11-19 05:34:38.727 1499 5048 I wm_destroy_activity: [0,199191254,80,com.android.music/.VideoBrowserActivity,finish-imm:completePausedLocked]
11-19 05:34:38.743 1499 1637 I sysui_multi_action: [757,803,799,window_time_0,802,8]
11-19 05:34:38.745 13467 13467 I wm_on_stop_called: [199191254,com.android.music.VideoBrowserActivity,LIFECYCLER_STOP_ACTIVITY]
11-19 05:34:38.748 13467 13467 I wm_on_destroy_called: [199191254,com.android.music.VideoBrowserActivity,performDestroy]
11-19 05:34:38.758 7802 7838 W ContextImpl: Calling a method in the system process without a qualified user: android.app.ContextImpl.startService:1816 android.content.ContextWrapper.startService:774 com.thundercomm.gamemode.ingame.services.GameModeActionUtils.startGameModeService:93 com.thundercomm.gamemode.ingame.services.GameModeActionUtils.startGameModeEntry:21 com.thundercomm.gamemode.ingame.services.ActivityMonitoringService$1.onActivityLaunch:127
11-19 05:34:38.767 1499 1499 I GameModeConfig: Current uri is uri = content://com.thundercomm.gamemode.api/gamemode_settings/gamemode_isgaming
11-19 05:34:38.771 1499 1499 I GameModeConfig: isGameModeOn = false
11-19 05:34:38.772 1499 1499 I GameModeConfig: isGameModeOn = false
11-19 05:34:38.772 1499 1499 I GameModeConfig: isDisableVoice = true
11-19 05:34:38.841 7802 7838 W ContextImpl: Calling a method in the system process without a qualified user: android.app.ContextImpl.startService:1816 android.content.ContextWrapper.startService:774 com.thundercomm.gamemode.ingame.services.GameModeActionUtils.startGameModeService:93 com.thundercomm.gamemode.ingame.services.GameModeActionUtils.startGameModeEntry:21 com.thundercomm.gamemode.ingame.services.ActivityMonitoringService$1.onActivityLaunch:127
11-19 05:34:38.848 1499 1499 I GameModeConfig: Current uri is uri = content://com.thundercomm.gamemode.api/gamemode_settings/gamemode_isgaming
11-19 05:34:38.850 1499 1499 I GameModeConfig: isGameModeOn = false
11-19 05:34:38.851 1499 1499 I GameModeConfig: isGameModeOn = false
11-19 05:34:38.851 1499 1499 I GameModeConfig: isDisableVoice = true
11-19 05:34:39.030 1499 1638 I wm_task_removed: [80,removeChild:removeChild last r=ActivityRecord{bdf6ad6 u0 com.android.music/.VideoBrowserActivity t-1 f}} in t=Task{9b698 #80 type=standard A=10090:android.task.video U=0 visible=false mode=freeform translucent=true sz=0}]
11-19 05:34:39.030 1499 1638 I wm_task_removed: [80,removeChild]
11-19 05:34:39.030 1499 1638 D FreeFormWindowHelper: Remove freefrom task=Task{9b698 #80 type=standard A=10090:android.task.video U=0 visible=false mode=freeform translucent=true sz=0}
11-19 05:34:39.281 1499 1499 W WindowManager: removeWindowToken: Attempted to remove non-existing token: android.os.Binder@aa5d778
11-19 05:34:39.478 1499 1831 I input_interaction: Interaction with: 632f7bf com.android.launcher3/com.android.launcher3.uioverrides.QuickstepLauncher (server), a1d9774 com.android.systemui.ImageWallpaper (server), edge-swipe (server), swipe-up (server), PointerEventDispatcher0 (server),
11-19 05:34:39.602 1499 1729 I ActivityTaskManager: START u0 {flg=0x10008000 cmp=com.android.calendar/.AllInOneActivity} from uid 10078
11-19 05:34:39.611 1499 1729 I wm_task_created: [81,-1]
11-19 05:34:39.612 1499 1729 W ActivityTaskManager: Can't find TaskDisplayArea to determine support for multi window. Task id=81 attached=false
11-19 05:34:39.615 1499 1729 D FreeFormWindowHelper: Add freeform task=Task{bc53504 #81 type=standard ?? U=0 visible=false mode=freeform translucent=true sz=0}
11-19 05:34:39.620 1499 1729 I wm_task_moved: [81,1,6]
11-19 05:34:39.620 1499 1729 I wm_task_to_front: [0,81]
11-19 05:34:39.620 1499 1729 I wm_create_task: [0,81]
11-19 05:34:39.620 1499 1729 I wm_create_activity: [0,238484205,81,com.android.calendar/.AllInOneActivity,NULL,NULL,NULL,268468224]
11-19 05:34:39.621 1499 1729 I wm_task_moved: [81,1,6]
11-19 05:34:39.622 1499 1729 I ActivityTaskManager: FOREGROUND_APPLICATION_CHANGED to com.android.calendar.AllInOneActivity
11-19 05:34:39.622 1499 1729 I ActivityTaskManager: The Process com.android.calendar Already Exists in BG. So sending its PID: 14185
11-19 05:34:39.622 1499 1729 W ActivityTaskManager: Tried to set launchTime (0) < mLastActivityLaunchTime (15335320)
11-19 05:34:39.624 1499 1729 I wm_restart_activity: [0,238484205,81,com.android.calendar/.AllInOneActivity]
11-19 05:34:39.626 1499 1729 I wm_set_resumed_activity: [0,com.android.calendar/.AllInOneActivity,minimalResumeActivityLocked]
11-19 05:34:39.633 2802 2802 I wm_on_top_resumed_lost_called: [19758722,com.android.launcher3.uioverrides.QuickstepLauncher,topStateChangedWhenResumed]
11-19 05:34:39.643 7802 7838 W ContextImpl: Calling a method in the system process without a qualified user: android.app.ContextImpl.startService:1816 android.content.ContextWrapper.startService:774 com.thundercomm.gamemode.ingame.services.GameModeActionUtils.startGameModeService:93 com.thundercomm.gamemode.ingame.services.GameModeActionUtils.startGameModeEntry:21 com.thundercomm.gamemode.ingame.services.ActivityMonitoringService$1.onActivityLaunch:127
11-19 05:34:39.648 14185 14185 I wm_on_create_called: [238484205,com.android.calendar.AllInOneActivity,performCreate]
11-19 05:34:39.648 1499 1499 I GameModeConfig: Current uri is uri = content://com.thundercomm.gamemode.api/gamemode_settings/gamemode_isgaming
11-19 05:34:39.650 1499 1499 I GameModeConfig: isGameModeOn = false
11-19 05:34:39.650 1499 1499 I GameModeConfig: isGameModeOn = false
11-19 05:34:39.650 1499 1499 I GameModeConfig: isDisableVoice = true
11-19 05:34:39.653 14185 14185 I wm_on_start_called: [238484205,com.android.calendar.AllInOneActivity,handleStartActivity]
11-19 05:34:39.654 14185 14185 I wm_on_resume_called: [238484205,com.android.calendar.AllInOneActivity,RESUME_ACTIVITY]
11-19 05:34:39.657 14185 14185 I wm_on_top_resumed_gained_called: [238484205,com.android.calendar.AllInOneActivity,topStateChangedWhenResumed]
11-19 05:34:39.667 1499 1729 W WindowManager: updateScale0.7996942
11-19 05:34:39.670 1499 1638 I input_focus: [Focus request f4b4e7a com.android.calendar/com.android.calendar.AllInOneActivity,reason=UpdateInputWindows]
11-19 05:34:39.678 1499 1638 W WindowManager: updateScale0.7996942
11-19 05:34:39.684 1499 1638 W WindowManager: updateScale0.7996942
11-19 05:34:39.685 1499 1638 W WindowManager: updateScale0.7996942
11-19 05:34:39.686 1499 1831 I input_focus: [Focus leaving 632f7bf com.android.launcher3/com.android.launcher3.uioverrides.QuickstepLauncher (server),reason=Waiting for window because NOT_VISIBLE]
11-19 05:34:39.687 1499 1634 I sysui_multi_action: [319,81,322,80,325,15358,757,761,758,8,759,2,806,com.android.calendar,871,com.android.calendar.AllInOneActivity,904,com.android.launcher3,905,0,1320,4,1321,1]
11-19 05:34:39.689 1499 1634 I wm_activity_launch_time: [0,238484205,com.android.calendar/.AllInOneActivity,80]
11-19 05:34:39.699 1499 1831 I input_focus: [Focus entering f4b4e7a com.android.calendar/com.android.calendar.AllInOneActivity (server),reason=Window became focusable. Previous reason: NOT_VISIBLE]
11-19 05:34:39.716 1499 1729 W WindowManager: updateScale0.7996942
11-19 05:34:39.717 1499 1729 W WindowManager: updateScale0.7996942
11-19 05:34:39.969 1499 1638 W WindowManager: updateScale0.7996942
11-19 05:34:40.131 0 0 I auditd : type=1400 audit(0.0:13579): avc: denied { kill } for comm="swapper/2" capability=5 scontext=u:r:kernel:s0 tcontext=u:r:kernel:s0 tclass=capability permissive=0
11-19 05:34:40.888 1499 1831 I input_interaction: Interaction with: f4b4e7a com.android.calendar/com.android.calendar.AllInOneActivity (server), edge-swipe (server), swipe-up (server), PointerEventDispatcher0 (server),
11-19 05:34:41.011 1499 2761 W WindowManager: updateScale0.4617737
11-19 05:34:41.013 1499 2761 I wm_relaunch_resume_activity: [0,238484205,81,com.android.calendar/.AllInOneActivity]
11-19 05:34:41.014 1499 2761 W WindowManager: updateScale0.4617737
11-19 05:34:41.015 1499 1499 I service_manager_stats: [100,91,32047]
11-19 05:34:41.020 14185 14185 I wm_on_top_resumed_lost_called: [238484205,com.android.calendar.AllInOneActivity,pausing]
11-19 05:34:41.022 14185 14185 I wm_on_paused_called: [238484205,com.android.calendar.AllInOneActivity,performPause]
11-19 05:34:41.022 14185 14185 I wm_on_stop_called: [238484205,com.android.calendar.AllInOneActivity,handleRelaunchActivity]
11-19 05:34:41.023 14185 14185 I wm_on_destroy_called: [238484205,com.android.calendar.AllInOneActivity,performDestroy]
11-19 05:34:41.047 14185 14185 I wm_on_create_called: [238484205,com.android.calendar.AllInOneActivity,performCreate]
11-19 05:34:41.064 14185 14185 I wm_on_start_called: [238484205,com.android.calendar.AllInOneActivity,handleStartActivity]
11-19 05:34:41.069 14185 14185 I wm_on_resume_called: [238484205,com.android.calendar.AllInOneActivity,RESUME_ACTIVITY]
11-19 05:34:41.070 14185 14185 I wm_on_top_resumed_gained_called: [238484205,com.android.calendar.AllInOneActivity,topWhenResuming]
11-19 05:34:41.077 1499 1729 W WindowManager: updateScale0.4617737
11-19 05:34:41.078 1499 1729 W WindowManager: updateScale0.4617737
11-19 05:34:41.108 1499 1499 W WindowManager: removeWindowToken: Attempted to remove non-existing token: android.os.Binder@2c6d14a
11-19 05:34:41.925 14185 14185 I view_enqueue_input_event: [Motion - Cancel,com.android.calendar/com.android.calendar.AllInOneActivity]
11-19 05:34:41.932 1499 1831 I input_interaction: Interaction with: WindowManager (server), edge-swipe (server), swipe-up (server), PointerEventDispatcher0 (server),
11-19 05:34:41.955 1499 1638 D FreeFormWindowHelper: refreshTipWindow windowDragBounds:Rect(18, 74 - 320, 612)
11-19 05:34:41.960 1499 1638 W WindowManager: updateScale0.4617737
11-19 05:34:41.972 1499 1638 D FreeFormWindowHelper: refreshTipWindow windowDragBounds:Rect(32, 77 - 334, 615)
11-19 05:34:41.973 1499 1638 W WindowManager: updateScale0.4617737
11-19 05:34:41.981 1499 1729 W WindowManager: updateScale0.4617737
11-19 05:34:41.988 1499 1638 D FreeFormWindowHelper: refreshTipWindow windowDragBounds:Rect(45, 78 - 347, 616)
11-19 05:34:41.991 1499 1638 W WindowManager: updateScale0.4617737
11-19 05:34:42.007 1499 1638 D FreeFormWindowHelper: refreshTipWindow windowDragBounds:Rect(57, 80 - 359, 618)
11-19 05:34:42.009 1499 1638 W WindowManager: updateScale0.4617737
11-19 05:34:42.022 1499 1638 D FreeFormWindowHelper: refreshTipWindow windowDragBounds:Rect(68, 81 - 370, 619)
11-19 05:34:42.023 1499 1638 W WindowManager: updateScale0.4617737
11-19 05:34:42.026 1499 2761 W WindowManager: updateScale0.4617737
11-19 05:34:42.039 1499 1638 D FreeFormWindowHelper: refreshTipWindow windowDragBounds:Rect(88, 84 - 390, 622)
11-19 05:34:42.040 1499 1638 W WindowManager: updateScale0.4617737
11-19 05:34:42.047 1499 1499 W WindowManager: removeWindowToken: Attempted to remove non-existing token: android.os.Binder@adb10a1
11-19 05:34:42.055 1499 1638 D FreeFormWindowHelper: refreshTipWindow windowDragBounds:Rect(116, 85 - 418, 623)
11-19 05:34:42.056 1499 1638 W WindowManager: updateScale0.4617737
11-19 05:34:42.070 1499 5048 W WindowManager: updateScale0.4617737
11-19 05:34:42.072 1499 1638 D FreeFormWindowHelper: refreshTipWindow windowDragBounds:Rect(158, 93 - 460, 631)
11-19 05:34:42.073 1499 1638 W WindowManager: updateScale0.4617737
11-19 05:34:42.089 1499 1638 D FreeFormWindowHelper: refreshTipWindow windowDragBounds:Rect(203, 100 - 505, 638)
11-19 05:34:42.090 1499 1638 W WindowManager: updateScale0.4617737
11-19 05:34:42.105 1499 1638 D FreeFormWindowHelper: refreshTipWindow windowDragBounds:Rect(237, 103 - 539, 641)
11-19 05:34:42.106 1499 1638 W WindowManager: updateScale0.4617737
11-19 05:34:42.122 1499 1638 D FreeFormWindowHelper: refreshTipWindow windowDragBounds:Rect(254, 108 - 556, 646)
11-19 05:34:42.124 1499 1638 W WindowManager: updateScale0.4617737
11-19 05:34:42.139 1499 1638 D FreeFormWindowHelper: refreshTipWindow windowDragBounds:Rect(257, 107 - 559, 645)
11-19 05:34:42.141 1499 1638 W WindowManager: updateScale0.4617737
11-19 05:34:42.230 1499 1638 D WindowManager: updateWindowDragBounds: mIsSwipeYfalse
11-19 05:34:42.230 1499 1638 D WindowManager: updateWindowDragBounds: mIsTopfalse
