11-19 05:35:57.150 14185 14185 I wm_on_destroy_called: [207378235,com.android.calendar.AllInOneActivity,performDestroy]
11-19 05:35:57.172 14185 14185 I wm_on_create_called: [207378235,com.android.calendar.AllInOneActivity,performCreate]
11-19 05:35:57.189 14185 14185 I wm_on_start_called: [207378235,com.android.calendar.AllInOneActivity,handleStartActivity]
11-19 05:35:57.194 14185 14185 I wm_on_resume_called: [207378235,com.android.calendar.AllInOneActivity,RESUME_ACTIVITY]
11-19 05:35:57.194 14185 14185 I wm_on_top_resumed_gained_called: [207378235,com.android.calendar.AllInOneActivity,topWhenResuming]
11-19 05:35:57.200 1499 2761 W WindowManager: updateScale0.4617737
11-19 05:35:57.202 1499 2761 W WindowManager: updateScale0.4617737
11-19 05:35:57.226 1499 1644 I am_pss : [13960,10066,com.android.gallery3d,35086336,30076928,0,151961600,0,18,8]
11-19 05:35:57.842 14185 14185 I view_enqueue_input_event: [Motion - Cancel,com.android.calendar/com.android.calendar.AllInOneActivity]
11-19 05:35:57.845 1499 1831 I input_interaction: Interaction with: WindowManager (server), edge-swipe (server), swipe-up (server), PointerEventDispatcher0 (server),
11-19 05:35:57.854 1499 1638 D FreeFormWindowHelper: refreshTipWindow windowDragBounds:Rect(71, 72 - 373, 610)
11-19 05:35:57.856 1499 1638 W WindowManager: updateScale0.4617737
11-19 05:35:57.871 1499 1638 D FreeFormWindowHelper: refreshTipWindow windowDragBounds:Rect(181, 76 - 483, 614)
11-19 05:35:57.872 1499 1638 W WindowManager: updateScale0.4617737
11-19 05:35:57.887 1499 1638 D FreeFormWindowHelper: refreshTipWindow windowDragBounds:Rect(319, 76 - 621, 614)
11-19 05:35:57.888 1499 1638 W WindowManager: updateScale0.4617737
11-19 05:35:57.904 1499 1638 D FreeFormWindowHelper: refreshTipWindow windowDragBounds:Rect(399, 76 - 701, 614)
11-19 05:35:57.905 1499 1638 W WindowManager: updateScale0.4617737
11-19 05:35:57.921 1499 1638 D FreeFormWindowHelper: refreshTipWindow windowDragBounds:Rect(522, 76 - 824, 614)
11-19 05:35:57.922 1499 1638 W WindowManager: updateScale0.4617737
11-19 05:35:57.937 1499 1638 D FreeFormWindowHelper: refreshTipWindow windowDragBounds:Rect(577, 76 - 879, 614)
11-19 05:35:57.938 1499 1638 W WindowManager: updateScale0.4617737
11-19 05:35:57.954 1499 1638 D FreeFormWindowHelper: refreshTipWindow windowDragBounds:Rect(642, 76 - 944, 614)
11-19 05:35:57.954 1499 1614 W WindowManager: updateScale0.4617737
11-19 05:35:57.958 1499 1638 W WindowManager: updateScale0.4617737
11-19 05:35:57.971 1499 1638 D FreeFormWindowHelper: refreshTipWindow windowDragBounds:Rect(729, 86 - 1031, 624)
11-19 05:35:57.972 1499 1638 W WindowManager: updateScale0.4617737
11-19 05:35:57.987 1499 1638 D FreeFormWindowHelper: refreshTipWindow windowDragBounds:Rect(812, 92 - 1114, 630)
11-19 05:35:57.989 1499 1638 W WindowManager: updateScale0.4617737
11-19 05:35:58.004 1499 1730 W WindowManager: updateScale0.4617737
11-19 05:35:58.007 1499 1638 D FreeFormWindowHelper: refreshTipWindow windowDragBounds:Rect(927, 95 - 1229, 633)
11-19 05:35:58.008 1499 1638 W WindowManager: updateScale0.4617737
11-19 05:35:58.021 1499 1638 D FreeFormWindowHelper: refreshTipWindow windowDragBounds:Rect(1020, 99 - 1322, 637)
11-19 05:35:58.023 1499 1638 W WindowManager: updateScale0.4617737
11-19 05:35:58.038 1499 1638 D FreeFormWindowHelper: refreshTipWindow windowDragBounds:Rect(1103, 98 - 1405, 636)
11-19 05:35:58.039 1499 1638 W WindowManager: updateScale0.4617737
11-19 05:35:58.054 1499 1638 D FreeFormWindowHelper: refreshTipWindow windowDragBounds:Rect(1176, 98 - 1478, 636)
11-19 05:35:58.056 1499 1638 W WindowManager: updateScale0.4617737
11-19 05:35:58.088 1499 1638 D FreeFormWindowHelper: refreshTipWindow windowDragBounds:Rect(1463, 130 - 1765, 668)
11-19 05:35:58.089 1499 1638 W WindowManager: updateScale0.4617737
11-19 05:35:58.104 1499 1638 D FreeFormWindowHelper: refreshTipWindow windowDragBounds:Rect(1656, 155 - 1958, 693)
11-19 05:35:58.106 1499 1638 W WindowManager: updateScale0.4617737
11-19 05:35:58.124 1499 1638 D FreeFormWindowHelper: refreshTipWindow windowDragBounds:Rect(1820, 172 - 2122, 710)
11-19 05:35:58.126 1499 1638 W WindowManager: updateScale0.4617737
11-19 05:35:58.131 0 0 I auditd : type=1400 audit(0.0:13643): avc: denied { kill } for comm="swapper/1" capability=5 scontext=u:r:kernel:s0 tcontext=u:r:kernel:s0 tclass=capability permissive=0
11-19 05:35:58.137 1499 1730 W WindowManager: updateScale0.4617737
11-19 05:35:58.139 1499 1638 D FreeFormWindowHelper: refreshTipWindow windowDragBounds:Rect(1991, 176 - 2293, 714)
11-19 05:35:58.140 1499 1638 W WindowManager: updateScale0.4617737
11-19 05:35:58.142 1499 1638 D FreeFormWindowHelper: refreshTipWindow windowDragBounds:Rect(2071, 176 - 2373, 714)
11-19 05:35:58.143 1499 1638 W WindowManager: updateScale0.4617737
11-19 05:35:58.144 1499 1638 D WindowManager: updateWindowDragBounds: mIsSwipeYtrue
11-19 05:35:58.144 1499 1638 D WindowManager: updateWindowDragBounds: mIsTopfalse
11-19 05:35:58.144 1499 1638 D WindowManager: updateWindowDragBounds: mIsSwipeXfalse
11-19 05:35:58.144 1499 1638 W WindowManager: updateScale0.4617737
11-19 05:35:58.188 1499 1614 W WindowManager: updateScale0.4617737
11-19 05:35:58.690 1499 1831 I input_interaction: Interaction with: dc59070 com.android.calendar/com.android.calendar.AllInOneActivity (server), edge-swipe (server), swipe-up (server), PointerEventDispatcher0 (server),
11-19 05:35:59.060 1499 1614 W WindowManager: updateScale0.7996942
11-19 05:35:59.061 1499 1614 I wm_relaunch_resume_activity: [0,207378235,83,com.android.calendar/.AllInOneActivity]
11-19 05:35:59.062 1499 1614 W WindowManager: updateScale0.7996942
11-19 05:35:59.069 14185 14185 I wm_on_top_resumed_lost_called: [207378235,com.android.calendar.AllInOneActivity,pausing]
11-19 05:35:59.070 14185 14185 I wm_on_paused_called: [207378235,com.android.calendar.AllInOneActivity,performPause]
11-19 05:35:59.071 14185 14185 I wm_on_stop_called: [207378235,com.android.calendar.AllInOneActivity,handleRelaunchActivity]
11-19 05:35:59.071 14185 14185 I wm_on_destroy_called: [207378235,com.android.calendar.AllInOneActivity,performDestroy]
11-19 05:35:59.085 14185 14185 I wm_on_create_called: [207378235,com.android.calendar.AllInOneActivity,performCreate]
11-19 05:35:59.094 14185 14185 I wm_on_start_called: [207378235,com.android.calendar.AllInOneActivity,handleStartActivity]
11-19 05:35:59.098 14185 14185 I wm_on_resume_called: [207378235,com.android.calendar.AllInOneActivity,RESUME_ACTIVITY]
11-19 05:35:59.098 14185 14185 I wm_on_top_resumed_gained_called: [207378235,com.android.calendar.AllInOneActivity,topWhenResuming]
11-19 05:35:59.101 1499 1614 W WindowManager: updateScale0.7996942
11-19 05:35:59.103 1499 1614 W WindowManager: updateScale0.7996942
11-19 05:35:59.131 0 0 I auditd : type=1400 audit(0.0:13644): avc: denied { kill } for comm="swapper/1" capability=5 scontext=u:r:kernel:s0 tcontext=u:r:kernel:s0 tclass=capability permissive=0
11-19 05:36:00.131 0 0 I auditd : type=1400 audit(0.0:13645): avc: denied { kill } for comm="swapper/1" capability=5 scontext=u:r:kernel:s0 tcontext=u:r:kernel:s0 tclass=capability permissive=0
11-19 05:36:00.914 1499 1614 I wm_relaunch_resume_activity: [0,207378235,83,com.android.calendar/.AllInOneActivity]
11-19 05:36:00.915 1499 1614 I wm_add_to_stopping: [0,19758722,com.android.launcher3/.uioverrides.QuickstepLauncher,makeInvisible]
11-19 05:36:00.919 1499 1614 D FreeFormWindowHelper: Remove freefrom task=Task{49c39ca #83 type=standard A=10062:android.task.calendar U=0 visible=true mode=fullscreen translucent=false sz=1}
11-19 05:36:00.934 14185 14185 I wm_on_top_resumed_lost_called: [207378235,com.android.calendar.AllInOneActivity,pausing]
11-19 05:36:00.935 1499 1614 W WindowManager: Attempted to set replacing window on app token with no content Token{620e135 ActivityRecord{c5c573b u0 com.android.calendar/.AllInOneActivity t83}}
11-19 05:36:00.936 14185 14185 I wm_on_paused_called: [207378235,com.android.calendar.AllInOneActivity,performPause]
11-19 05:36:00.936 14185 14185 I wm_on_stop_called: [207378235,com.android.calendar.AllInOneActivity,handleRelaunchActivity]
11-19 05:36:00.937 14185 14185 I wm_on_destroy_called: [207378235,com.android.calendar.AllInOneActivity,performDestroy]
11-19 05:36:00.940 7802 7838 W ContextImpl: Calling a method in the system process without a qualified user: android.app.ContextImpl.startService:1816 android.content.ContextWrapper.startService:774 com.thundercomm.gamemode.ingame.services.GameModeActionUtils.startGameModeService:93 com.thundercomm.gamemode.ingame.services.GameModeActionUtils.startGameModeEntry:21 com.thundercomm.gamemode.ingame.services.ActivityMonitoringService$1.onActivityLaunch:127
11-19 05:36:00.947 1499 1499 I GameModeConfig: Current uri is uri = content://com.thundercomm.gamemode.api/gamemode_settings/gamemode_isgaming
11-19 05:36:00.954 1499 1499 I GameModeConfig: isGameModeOn = false
11-19 05:36:00.954 1499 1499 I GameModeConfig: isGameModeOn = false
11-19 05:36:00.954 1499 1499 I GameModeConfig: isDisableVoice = true
11-19 05:36:00.958 14185 14185 I wm_on_create_called: [207378235,com.android.calendar.AllInOneActivity,performCreate]
11-19 05:36:00.975 14185 14185 I wm_on_start_called: [207378235,com.android.calendar.AllInOneActivity,handleStartActivity]
11-19 05:36:00.979 14185 14185 I wm_on_resume_called: [207378235,com.android.calendar.AllInOneActivity,RESUME_ACTIVITY]
11-19 05:36:00.980 14185 14185 I wm_on_top_resumed_gained_called: [207378235,com.android.calendar.AllInOneActivity,topWhenResuming]
11-19 05:36:00.993 1499 1614 I WindowManager: finishDrawing of relaunch: Window{dc59070 u0 com.android.calendar/com.android.calendar.AllInOneActivity} 78ms
11-19 05:36:01.131 0 0 I auditd : type=1400 audit(0.0:13646): avc: denied { kill } for comm="swapper/1" capability=5 scontext=u:r:kernel:s0 tcontext=u:r:kernel:s0 tclass=capability permissive=0
11-19 05:36:01.313 1499 1645 I am_uid_idle: 10066
11-19 05:36:01.347 1499 1637 I wm_stop_activity: [0,19758722,com.android.launcher3/.uioverrides.QuickstepLauncher]
11-19 05:36:01.357 7802 7838 W ContextImpl: Calling a method in the system process without a qualified user: android.app.ContextImpl.startService:1816 android.content.ContextWrapper.startService:774 com.thundercomm.gamemode.ingame.services.GameModeActionUtils.startGameModeService:93 com.thundercomm.gamemode.ingame.services.GameModeActionUtils.startGameModeEntry:21 com.thundercomm.gamemode.ingame.services.ActivityMonitoringService$1.onActivityLaunch:127
11-19 05:36:01.364 1499 1499 I GameModeConfig: Current uri is uri = content://com.thundercomm.gamemode.api/gamemode_settings/gamemode_isgaming
11-19 05:36:01.366 1499 1499 I GameModeConfig: isGameModeOn = false
11-19 05:36:01.366 1499 1499 I GameModeConfig: isGameModeOn = false
11-19 05:36:01.367 1499 1499 I GameModeConfig: isDisableVoice = true
11-19 05:36:01.388 2802 2802 I wm_on_paused_called: [19758722,com.android.launcher3.uioverrides.QuickstepLauncher,performPause]
11-19 05:36:01.390 2802 2802 I wm_on_stop_called: [19758722,com.android.launcher3.uioverrides.QuickstepLauncher,STOP_ACTIVITY_ITEM]
11-19 05:36:01.401 7802 7838 W ContextImpl: Calling a method in the system process without a qualified user: android.app.ContextImpl.startService:1816 android.content.ContextWrapper.startService:774 com.thundercomm.gamemode.ingame.services.GameModeActionUtils.startGameModeService:93 com.thundercomm.gamemode.ingame.services.GameModeActionUtils.startGameModeEntry:21 com.thundercomm.gamemode.ingame.services.ActivityMonitoringService$1.onActivityLaunch:127
11-19 05:36:01.405 1499 1499 I GameModeConfig: Current uri is uri = content://com.thundercomm.gamemode.api/gamemode_settings/gamemode_isgaming
11-19 05:36:01.407 1499 1499 I GameModeConfig: isGameModeOn = false
11-19 05:36:01.407 1499 1499 I GameModeConfig: isGameModeOn = false
11-19 05:36:01.407 1499 1499 I GameModeConfig: isDisableVoice = true
11-19 05:36:02.580 1499 1730 I wm_task_moved: [1,0,0]
11-19 05:36:02.584 1499 1730 I wm_task_moved: [1,0,5]
11-19 05:36:02.595 2802 2802 I wm_on_restart_called: [19758722,com.android.launcher3.uioverrides.QuickstepLauncher,performRestartActivity]
11-19 05:36:02.611 7802 7838 W ContextImpl: Calling a method in the system process without a qualified user: android.app.ContextImpl.startService:1816 android.content.ContextWrapper.startService:774 com.thundercomm.gamemode.ingame.services.GameModeActionUtils.startGameModeService:93 com.thundercomm.gamemode.ingame.services.GameModeActionUtils.startGameModeEntry:21 com.thundercomm.gamemode.ingame.services.ActivityMonitoringService$1.onActivityLaunch:127
11-19 05:36:02.617 2802 2802 I wm_on_start_called: [19758722,com.android.launcher3.uioverrides.QuickstepLauncher,handleStartActivity]
11-19 05:36:02.618 1499 1499 I GameModeConfig: Current uri is uri = content://com.thundercomm.gamemode.api/gamemode_settings/gamemode_isgaming
11-19 05:36:02.625 1499 1499 I GameModeConfig: isGameModeOn = false
11-19 05:36:02.626 1499 1499 I GameModeConfig: isGameModeOn = false
11-19 05:36:02.626 1499 1499 I GameModeConfig: isDisableVoice = true
11-19 05:36:02.636 1499 1634 I sysui_multi_action: [319,17,322,49,325,15441,757,761,758,9,759,5,806,com.android.launcher3,871,com.android.launcher3.uioverrides.QuickstepLauncher,905,0,1320,8,1321,5]
11-19 05:36:02.740 14185 14185 I view_enqueue_input_event: [Motion - Cancel,com.android.calendar/com.android.calendar.AllInOneActivity]
11-19 05:36:02.742 2802 2802 I sysui_latency: [1,66]
11-19 05:36:02.752 1499 1638 I input_focus: [Focus request recents_animation_input_consumer,reason=UpdateInputWindows]
11-19 05:36:02.756 1499 1831 I input_interaction: Interaction with: edge-swipe (server), swipe-up (server), PointerEventDispatcher0 (server),
11-19 05:36:02.782 1499 1831 I input_focus: [Focus leaving dc59070 com.android.calendar/com.android.calendar.AllInOneActivity (server),reason=NOT_FOCUSABLE]
11-19 05:36:02.782 1499 1831 I input_focus: [Focus entering recents_animation_input_consumer (server),reason=setFocusedWindow]
11-19 05:36:02.816 1499 1759 I commit_sys_config_file: [settings-1-0,4]
11-19 05:36:02.930 1499 1644 I sysui_latency: [8,64]
11-19 05:36:03.667 1499 1759 I commit_sys_config_file: [settings-1-0,6]
11-19 05:36:04.780 1499 1831 I input_interaction: Interaction with: 632f7bf com.android.launcher3/com.android.launcher3.uioverrides.QuickstepLauncher (server), edge-swipe (server), swipe-up (server), PointerEventDispatcher0 (server),
11-19 05:36:04.957 1499 2761 D FreeFormWindowHelper: Add freeform task=Task{49c39ca #83 type=standard A=10062:android.task.calendar U=0 visible=true mode=freeform translucent=false sz=1}
11-19 05:36:04.957 1499 2761 I wm_relaunch_resume_activity: [0,207378235,83,com.android.calendar/.AllInOneActivity]
11-19 05:36:04.959 1499 2761 I wm_task_moved: [1,1,6]
11-19 05:36:04.960 14185 14185 I wm_on_top_resumed_lost_called: [207378235,com.android.calendar.AllInOneActivity,pausing]
11-19 05:36:04.961 1499 2761 I wm_focused_root_task: [0,0,1,83,startActivityFromRecents]
11-19 05:36:04.962 1499 2761 I wm_task_moved: [83,1,6]
11-19 05:36:04.962 1499 2761 I wm_set_resumed_activity: [0,com.android.calendar/.AllInOneActivity,positionChildAt]
11-19 05:36:04.962 1499 2761 I wm_focused_root_task: [0,0,83,1,moveTaskToFront findTaskToMoveToFront]
11-19 05:36:04.962 1499 2761 I wm_set_resumed_activity: [0,com.android.calendar/.AllInOneActivity,moveTaskToFront findTaskToMoveToFront]
11-19 05:36:04.964 1499 2761 W WindowManager: updateScale0.7996942
11-19 05:36:04.965 14185 14185 I wm_on_paused_called: [207378235,com.android.calendar.AllInOneActivity,performPause]
11-19 05:36:04.965 14185 14185 I wm_on_stop_called: [207378235,com.android.calendar.AllInOneActivity,handleRelaunchActivity]
11-19 05:36:04.968 14185 14185 I wm_on_destroy_called: [207378235,com.android.calendar.AllInOneActivity,performDestroy]
11-19 05:36:04.974 1499 1614 W WindowManager: Attempted to set replacing window on app token with no content Token{620e135 ActivityRecord{c5c573b u0 com.android.calendar/.AllInOneActivity t83}}
11-19 05:36:05.015 14185 14185 I wm_on_create_called: [207378235,com.android.calendar.AllInOneActivity,performCreate]
11-19 05:36:05.024 14185 14185 I wm_on_start_called: [207378235,com.android.calendar.AllInOneActivity,handleStartActivity]
11-19 05:36:05.027 14185 14185 I wm_on_resume_called: [207378235,com.android.calendar.AllInOneActivity,RESUME_ACTIVITY]
11-19 05:36:05.027 14185 14185 I wm_on_top_resumed_gained_called: [207378235,com.android.calendar.AllInOneActivity,topWhenResuming]
11-19 05:36:05.028 14185 14185 I wm_on_top_resumed_lost_called: [207378235,com.android.calendar.AllInOneActivity,topStateChangedWhenResumed]
11-19 05:36:05.031 1499 1730 W WindowManager: updateScale0.7996942
11-19 05:36:05.053 1499 2761 W WindowManager: updateScale0.7996942
11-19 05:36:05.054 1499 2761 W WindowManager: updateScale0.7996942
11-19 05:36:05.054 14185 14185 I wm_on_top_resumed_gained_called: [207378235,com.android.calendar.AllInOneActivity,topStateChangedWhenResumed]
11-19 05:36:05.055 1499 1730 I WindowManager: finishDrawing of relaunch: Window{dc59070 u0 com.android.calendar/com.android.calendar.AllInOneActivity} 98ms
11-19 05:36:05.056 1499 1638 W WindowManager: updateScale0.7996942
11-19 05:36:05.057 1499 1638 W WindowManager: updateScale0.7996942
11-19 05:36:05.058 1499 1730 W WindowManager: updateScale0.7996942
11-19 05:36:05.410 1499 2761 I wm_task_moved: [1,1,6]
11-19 05:36:05.410 1499 2761 I wm_task_moved: [10,1,2147483647]
11-19 05:36:05.410 1499 2761 I wm_task_to_front: [0,10]
11-19 05:36:05.410 1499 2761 I wm_focused_root_task: [0,0,1,83,RecentsAnimation.onAnimationFinished()]
11-19 05:36:05.411 1499 2761 I wm_set_resumed_activity: [0,com.android.launcher3/.uioverrides.QuickstepLauncher,RecentsAnimation.onAnimationFinished()]
11-19 05:36:05.411 1499 2761 I ActivityTaskManager: FOREGROUND_APPLICATION_CHANGED to com.android.launcher3.uioverrides.QuickstepLauncher
11-19 05:36:05.411 1499 2761 I wm_set_resumed_activity: [0,com.android.launcher3/.uioverrides.QuickstepLauncher,resumeTopActivityInnerLocked]
11-19 05:36:05.412 1499 2761 I wm_resume_activity: [0,19758722,10,com.android.launcher3/.uioverrides.QuickstepLauncher]
11-19 05:36:05.413 1499 2761 W WindowManager: updateScale0.7996942
11-19 05:36:05.415 1499 2761 W WindowManager: updateScale0.7996942
11-19 05:36:05.422 1499 1638 I input_focus: [Focus request 632f7bf com.android.launcher3/com.android.launcher3.uioverrides.QuickstepLauncher,reason=UpdateInputWindows]
11-19 05:36:05.426 1499 1831 I input_focus: [Focus leaving recents_animation_input_consumer (server),reason=NOT_VISIBLE]
11-19 05:36:05.426 1499 1831 I input_focus: [Focus entering 632f7bf com.android.launcher3/com.android.launcher3.uioverrides.QuickstepLauncher (server),reason=setFocusedWindow]
11-19 05:36:05.426 1499 1637 I sysui_multi_action: [757,803,799,window_time_0,802,64]
11-19 05:36:05.433 2802 2802 I wm_on_resume_called: [19758722,com.android.launcher3.uioverrides.QuickstepLauncher,RESUME_ACTIVITY]
11-19 05:36:05.444 14185 14185 I wm_on_top_resumed_lost_called: [207378235,com.android.calendar.AllInOneActivity,topStateChangedWhenResumed]
11-19 05:36:05.466 2802 2802 I wm_on_top_resumed_gained_called: [19758722,com.android.launcher3.uioverrides.QuickstepLauncher,topStateChangedWhenResumed]
11-19 05:36:05.533 7802 7838 W ContextImpl: Calling a method in the system process without a qualified user: android.app.ContextImpl.startService:1816 android.content.ContextWrapper.startService:774 com.thundercomm.gamemode.ingame.services.GameModeActionUtils.startGameModeService:93 com.thundercomm.gamemode.ingame.services.GameModeActionUtils.startGameModeEntry:21 com.thundercomm.gamemode.ingame.services.ActivityMonitoringService$1.onActivityLaunch:127
11-19 05:36:05.538 1499 1499 I GameModeConfig: Current uri is uri = content://com.thundercomm.gamemode.api/gamemode_settings/gamemode_isgaming
11-19 05:36:05.540 1499 1499 I GameModeConfig: isGameModeOn = false
11-19 05:36:05.541 1499 1499 I GameModeConfig: isGameModeOn = false
11-19 05:36:05.541 1499 1499 I GameModeConfig: isDisableVoice = true
11-19 05:36:06.131 0 0 I auditd : type=1400 audit(0.0:13647): avc: denied { kill } for comm="swapper/3" capability=5 scontext=u:r:kernel:s0 tcontext=u:r:kernel:s0 tclass=capability permissive=0
11-19 05:36:06.705 1499 1831 I input_interaction: Interaction with: dc59070 com.android.calendar/com.android.calendar.AllInOneActivity (server), edge-swipe (server), swipe-up (server), PointerEventDispatcher0 (server),
11-19 05:36:06.713 1499 1637 I wm_task_moved: [83,1,6]
11-19 05:36:06.713 1499 1637 I wm_task_to_front: [0,83]
11-19 05:36:06.714 1499 1637 W WindowManager: updateScale0.7996942
11-19 05:36:06.716 2802 2802 I wm_on_top_resumed_lost_called: [19758722,com.android.launcher3.uioverrides.QuickstepLauncher,topStateChangedWhenResumed]
11-19 05:36:06.717 1499 1637 I wm_set_resumed_activity: [0,com.android.calendar/.AllInOneActivity,positionChildAt]
11-19 05:36:06.717 1499 1637 I wm_focused_root_task: [0,0,83,1,setFocusedTask]
11-19 05:36:06.717 1499 1637 I wm_set_resumed_activity: [0,com.android.calendar/.AllInOneActivity,setFocusedTask]
11-19 05:36:06.717 1499 1637 I ActivityTaskManager: FOREGROUND_APPLICATION_CHANGED to com.android.calendar.AllInOneActivity
11-19 05:36:06.718 1499 1638 I input_focus: [Focus request dc59070 com.android.calendar/com.android.calendar.AllInOneActivity,reason=UpdateInputWindows]
11-19 05:36:06.718 14185 14185 I wm_on_top_resumed_gained_called: [207378235,com.android.calendar.AllInOneActivity,topStateChangedWhenResumed]
11-19 05:36:06.745 1499 1831 I input_focus: [Focus leaving 632f7bf com.android.launcher3/com.android.launcher3.uioverrides.QuickstepLauncher (server),reason=setFocusedWindow]
11-19 05:36:06.745 1499 1831 I input_focus: [Focus entering dc59070 com.android.calendar/com.android.calendar.AllInOneActivity (server),reason=setFocusedWindow]
11-19 05:36:06.821 1499 2761 W WindowManager: updateScale0.4617737
11-19 05:36:06.823 1499 2761 I wm_relaunch_resume_activity: [0,207378235,83,com.android.calendar/.AllInOneActivity]
11-19 05:36:06.824 1499 2761 W WindowManager: updateScale0.4617737
11-19 05:36:06.830 14185 14185 I wm_on_top_resumed_lost_called: [207378235,com.android.calendar.AllInOneActivity,pausing]
11-19 05:36:06.832 14185 14185 I wm_on_paused_called: [207378235,com.android.calendar.AllInOneActivity,performPause]
11-19 05:36:06.832 14185 14185 I wm_on_stop_called: [207378235,com.android.calendar.AllInOneActivity,handleRelaunchActivity]
11-19 05:36:06.834 14185 14185 I wm_on_destroy_called: [207378235,com.android.calendar.AllInOneActivity,performDestroy]
11-19 05:36:06.859 14185 14185 I wm_on_create_called: [207378235,com.android.calendar.AllInOneActivity,performCreate]
11-19 05:36:06.873 14185 14185 I wm_on_start_called: [207378235,com.android.calendar.AllInOneActivity,handleStartActivity]
11-19 05:36:06.877 14185 14185 I wm_on_resume_called: [207378235,com.android.calendar.AllInOneActivity,RESUME_ACTIVITY]
11-19 05:36:06.878 14185 14185 I wm_on_top_resumed_gained_called: [207378235,com.android.calendar.AllInOneActivity,topWhenResuming]
11-19 05:36:06.882 1499 5048 W WindowManager: updateScale0.4617737
11-19 05:36:06.884 1499 5048 W WindowManager: updateScale0.4617737
11-19 05:36:07.818 1499 2761 W WindowManager: updateScale0.7996942
11-19 05:36:07.820 1499 2761 I wm_relaunch_resume_activity: [0,207378235,83,com.android.calendar/.AllInOneActivity]
11-19 05:36:07.822 1499 2761 W WindowManager: updateScale0.7996942
11-19 05:36:07.834 14185 14185 I wm_on_top_resumed_lost_called: [207378235,com.android.calendar.AllInOneActivity,pausing]
11-19 05:36:07.837 14185 14185 I wm_on_paused_called: [207378235,com.android.calendar.AllInOneActivity,performPause]
11-19 05:36:07.837 14185 14185 I wm_on_stop_called: [207378235,com.android.calendar.AllInOneActivity,handleRelaunchActivity]
11-19 05:36:07.840 14185 14185 I wm_on_destroy_called: [207378235,com.android.calendar.AllInOneActivity,performDestroy]
11-19 05:36:07.875 14185 14185 I wm_on_create_called: [207378235,com.android.calendar.AllInOneActivity,performCreate]
11-19 05:36:07.899 14185 14185 I wm_on_start_called: [207378235,com.android.calendar.AllInOneActivity,handleStartActivity]
11-19 05:36:07.904 14185 14185 I wm_on_resume_called: [207378235,com.android.calendar.AllInOneActivity,RESUME_ACTIVITY]
11-19 05:36:07.905 14185 14185 I wm_on_top_resumed_gained_called: [207378235,com.android.calendar.AllInOneActivity,topWhenResuming]
11-19 05:36:07.910 1499 5048 W WindowManager: updateScale0.7996942
11-19 05:36:07.912 1499 5048 W WindowManager: updateScale0.7996942
11-19 05:36:09.131 0 0 I auditd : type=1400 audit(0.0:13648): avc: denied { kill } for comm="swapper/3" capability=5 scontext=u:r:kernel:s0 tcontext=u:r:kernel:s0 tclass=capability permissive=0
11-19 05:36:10.131 0 0 I auditd : type=1400 audit(0.0:13649): avc: denied { kill } for comm="swapper/3" capability=5 scontext=u:r:kernel:s0 tcontext=u:r:kernel:s0 tclass=capability permissive=0
11-19 05:36:11.131 0 0 I auditd : type=1400 audit(0.0:13650): avc: denied { kill } for comm="swapper/3" capability=5 scontext=u:r:kernel:s0 tcontext=u:r:kernel:s0 tclass=capability permissive=0
11-19 05:36:12.131 0 0 I auditd : type=1400 audit(0.0:13651): avc: denied { kill } for comm="swapper/3" capability=5 scontext=u:r:kernel:s0 tcontext=u:r:kernel:s0 tclass=capability permissive=0
11-19 05:36:13.131 0 0 I auditd : type=1400 audit(0.0:13652): avc: denied { kill } for comm="swapper/3" capability=5 scontext=u:r:kernel:s0 tcontext=u:r:kernel:s0 tclass=capability permissive=0
11-19 05:36:14.131 0 0 I auditd : type=1400 audit(0.0:13653): avc: denied { kill } for comm="swapper/3" capability=5 scontext=u:r:kernel:s0 tcontext=u:r:kernel:s0 tclass=capability permissive=0
11-19 05:36:15.131 0 0 I auditd : type=1400 audit(0.0:13654): avc: denied { kill } for comm="swapper/3" capability=5 scontext=u:r:kernel:s0 tcontext=u:r:kernel:s0 tclass=capability permissive=0
11-19 05:36:16.131 0 0 I auditd : type=1400 audit(0.0:13655): avc: denied { kill } for comm="swapper/3" capability=5 scontext=u:r:kernel:s0 tcontext=u:r:kernel:s0 tclass=capability permissive=0
11-19 05:36:17.131 0 0 I auditd : type=1400 audit(0.0:13656): avc: denied { kill } for comm="swapper/3" capability=5 scontext=u:r:kernel:s0 tcontext=u:r:kernel:s0 tclass=capability permissive=0
11-19 05:36:18.131 0 0 I auditd : type=1400 audit(0.0:13657): avc: denied { kill } for comm="swapper/3" capability=5 scontext=u:r:kernel:s0 tcontext=u:r:kernel:s0 tclass=capability permissive=0
11-19 05:36:19.131 0 0 I auditd : type=1400 audit(0.0:13658): avc: denied { kill } for comm="swapper/3" capability=5 scontext=u:r:kernel:s0 tcontext=u:r:kernel:s0 tclass=capability permissive=0
11-19 05:36:20.131 0 0 I auditd : type=1400 audit(0.0:13659): avc: denied { kill } for comm="swapper/3" capability=5 scontext=u:r:kernel:s0 tcontext=u:r:kernel:s0 tclass=capability permissive=0
11-19 05:36:21.131 0 0 I auditd : type=1400 audit(0.0:13660): avc: denied { kill } for comm="swapper/3" capability=5 scontext=u:r:kernel:s0 tcontext=u:r:kernel:s0 tclass=capability permissive=0
11-19 05:36:22.131 0 0 I auditd : type=1400 audit(0.0:13661): avc: denied { kill } for comm="swapper/3" capability=5 scontext=u:r:kernel:s0 tcontext=u:r:kernel:s0 tclass=capability permissive=0
11-19 05:36:24.131 0 0 I auditd : type=1400 audit(0.0:13662): avc: denied { kill } for comm="swapper/3" capability=5 scontext=u:r:kernel:s0 tcontext=u:r:kernel:s0 tclass=capability permissive=0
11-19 05:36:25.131 0 0 I auditd : type=1400 audit(0.0:13663): avc: denied { kill } for comm="swapper/3" capability=5 scontext=u:r:kernel:s0 tcontext=u:r:kernel:s0 tclass=capability permissive=0
11-19 05:36:26.131 0 0 I auditd : type=1400 audit(0.0:13664): avc: denied { kill } for comm="swapper/3" capability=5 scontext=u:r:kernel:s0 tcontext=u:r:kernel:s0 tclass=capability permissive=0
11-19 05:36:27.131 0 0 I auditd : type=1400 audit(0.0:13665): avc: denied { kill } for comm="swapper/3" capability=5 scontext=u:r:kernel:s0 tcontext=u:r:kernel:s0 tclass=capability permissive=0
11-19 05:36:28.131 0 0 I auditd : type=1400 audit(0.0:13666): avc: denied { kill } for comm="swapper/3" capability=5 scontext=u:r:kernel:s0 tcontext=u:r:kernel:s0 tclass=capability permissive=0
11-19 05:36:29.131 0 0 I auditd : type=1400 audit(0.0:13667): avc: denied { kill } for comm="swapper/3" capability=5 scontext=u:r:kernel:s0 tcontext=u:r:kernel:s0 tclass=capability permissive=0
11-19 05:36:30.131 0 0 I auditd : type=1400 audit(0.0:13668): avc: denied { kill } for comm="swapper/3" capability=5 scontext=u:r:kernel:s0 tcontext=u:r:kernel:s0 tclass=capability permissive=0
11-19 05:36:31.131 0 0 I auditd : type=1400 audit(0.0:13669): avc: denied { kill } for comm="swapper/3" capability=5 scontext=u:r:kernel:s0 tcontext=u:r:kernel:s0 tclass=capability permissive=0
11-19 05:36:32.131 0 0 I auditd : type=1400 audit(0.0:13670): avc: denied { kill } for comm="swapper/3" capability=5 scontext=u:r:kernel:s0 tcontext=u:r:kernel:s0 tclass=capability permissive=0
11-19 05:36:33.131 0 0 I auditd : type=1400 audit(0.0:13671): avc: denied { kill } for comm="swapper/3" capability=5 scontext=u:r:kernel:s0 tcontext=u:r:kernel:s0 tclass=capability permissive=0
11-19 05:36:34.131 0 0 I auditd : type=1400 audit(0.0:13672): avc: denied { kill } for comm="swapper/3" capability=5 scontext=u:r:kernel:s0 tcontext=u:r:kernel:s0 tclass=capability permissive=0
11-19 05:36:35.131 0 0 I auditd : type=1400 audit(0.0:13673): avc: denied { kill } for comm="swapper/3" capability=5 scontext=u:r:kernel:s0 tcontext=u:r:kernel:s0 tclass=capability permissive=0
11-19 05:36:36.131 0 0 I auditd : type=1400 audit(0.0:13674): avc: denied { kill } for comm="swapper/3" capability=5 scontext=u:r:kernel:s0 tcontext=u:r:kernel:s0 tclass=capability permissive=0
11-19 05:36:37.131 0 0 I auditd : type=1400 audit(0.0:13675): avc: denied { kill } for comm="swapper/3" capability=5 scontext=u:r:kernel:s0 tcontext=u:r:kernel:s0 tclass=capability permissive=0
11-19 05:36:38.131 0 0 I auditd : type=1400 audit(0.0:13676): avc: denied { kill } for comm="swapper/3" capability=5 scontext=u:r:kernel:s0 tcontext=u:r:kernel:s0 tclass=capability permissive=0
11-19 05:36:39.131 0 0 I auditd : type=1400 audit(0.0:13677): avc: denied { kill } for comm="swapper/3" capability=5 scontext=u:r:kernel:s0 tcontext=u:r:kernel:s0 tclass=capability permissive=0
11-19 05:36:40.131 0 0 I auditd : type=1400 audit(0.0:13678): avc: denied { kill } for comm="swapper/3" capability=5 scontext=u:r:kernel:s0 tcontext=u:r:kernel:s0 tclass=capability permissive=0
11-19 05:36:41.131 0 0 I auditd : type=1400 audit(0.0:13679): avc: denied { kill } for comm="swapper/3" capability=5 scontext=u:r:kernel:s0 tcontext=u:r:kernel:s0 tclass=capability permissive=0
11-19 05:36:42.131 0 0 I auditd : type=1400 audit(0.0:13680): avc: denied { kill } for comm="swapper/3" capability=5 scontext=u:r:kernel:s0 tcontext=u:r:kernel:s0 tclass=capability permissive=0
11-19 05:36:43.131 0 0 I auditd : type=1400 audit(0.0:13681): avc: denied { kill } for comm="swapper/3" capability=5 scontext=u:r:kernel:s0 tcontext=u:r:kernel:s0 tclass=capability permissive=0
11-19 05:36:44.131 0 0 I auditd : type=1400 audit(0.0:13682): avc: denied { kill } for comm="swapper/3" capability=5 scontext=u:r:kernel:s0 tcontext=u:r:kernel:s0 tclass=capability permissive=0
11-19 05:36:45.131 0 0 I auditd : type=1400 audit(0.0:13683): avc: denied { kill } for comm="swapper/3" capability=5 scontext=u:r:kernel:s0 tcontext=u:r:kernel:s0 tclass=capability permissive=0
11-19 05:36:46.131 0 0 I auditd : type=1400 audit(0.0:13684): avc: denied { kill } for comm="swapper/3" capability=5 scontext=u:r:kernel:s0 tcontext=u:r:kernel:s0 tclass=capability permissive=0
11-19 05:36:47.131 0 0 I auditd : type=1400 audit(0.0:13685): avc: denied { kill } for comm="swapper/3" capability=5 scontext=u:r:kernel:s0 tcontext=u:r:kernel:s0 tclass=capability permissive=0
11-19 05:36:48.131 0 0 I auditd : type=1400 audit(0.0:13686): avc: denied { kill } for comm="swapper/3" capability=5 scontext=u:r:kernel:s0 tcontext=u:r:kernel:s0 tclass=capability permissive=0
11-19 05:36:49.131 0 0 I auditd : type=1400 audit(0.0:13687): avc: denied { kill } for comm="swapper/3" capability=5 scontext=u:r:kernel:s0 tcontext=u:r:kernel:s0 tclass=capability permissive=0
11-19 05:36:50.131 0 0 I auditd : type=1400 audit(0.0:13688): avc: denied { kill } for comm="swapper/3" capability=5 scontext=u:r:kernel:s0 tcontext=u:r:kernel:s0 tclass=capability permissive=0
11-19 05:36:51.131 0 0 I auditd : type=1400 audit(0.0:13689): avc: denied { kill } for comm="swapper/3" capability=5 scontext=u:r:kernel:s0 tcontext=u:r:kernel:s0 tclass=capability permissive=0
11-19 05:36:52.131 0 0 I auditd : type=1400 audit(0.0:13690): avc: denied { kill } for comm="swapper/3" capability=5 scontext=u:r:kernel:s0 tcontext=u:r:kernel:s0 tclass=capability permissive=0
11-19 05:36:53.131 0 0 I auditd : type=1400 audit(0.0:13691): avc: denied { kill } for comm="swapper/3" capability=5 scontext=u:r:kernel:s0 tcontext=u:r:kernel:s0 tclass=capability permissive=0
11-19 05:36:54.131 0 0 I auditd : type=1400 audit(0.0:13692): avc: denied { kill } for comm="swapper/3" capability=5 scontext=u:r:kernel:s0 tcontext=u:r:kernel:s0 tclass=capability permissive=0
11-19 05:36:55.131 0 0 I auditd : type=1400 audit(0.0:13693): avc: denied { kill } for comm="swapper/3" capability=5 scontext=u:r:kernel:s0 tcontext=u:r:kernel:s0 tclass=capability permissive=0
11-19 05:36:56.131 0 0 I auditd : type=1400 audit(0.0:13694): avc: denied { kill } for comm="swapper/3" capability=5 scontext=u:r:kernel:s0 tcontext=u:r:kernel:s0 tclass=capability permissive=0
11-19 05:36:57.131 0 0 I auditd : type=1400 audit(0.0:13695): avc: denied { kill } for comm="swapper/3" capability=5 scontext=u:r:kernel:s0 tcontext=u:r:kernel:s0 tclass=capability permissive=0
11-19 05:36:58.131 0 0 I auditd : type=1400 audit(0.0:13696): avc: denied { kill } for comm="swapper/3" capability=5 scontext=u:r:kernel:s0 tcontext=u:r:kernel:s0 tclass=capability permissive=0
11-19 05:36:59.131 0 0 I auditd : type=1400 audit(0.0:13697): avc: denied { kill } for comm="swapper/3" capability=5 scontext=u:r:kernel:s0 tcontext=u:r:kernel:s0 tclass=capability permissive=0
11-19 05:37:00.131 0 0 I auditd : type=1400 audit(0.0:13698): avc: denied { kill } for comm="swapper/3" capability=5 scontext=u:r:kernel:s0 tcontext=u:r:kernel:s0 tclass=capability permissive=0
11-19 05:37:00.568 1499 1663 V DisplayPowerController[0]: Brightness [0.05] reason changing to: 'manual [ dim ]', previous reason: 'manual'.
11-19 05:37:00.568 1499 1663 I sysui_multi_action: [757,1696,758,6,759,2]
11-19 05:37:00.569 1499 1663 W PowerManagerService: Screen on took 208706 ms
11-19 05:37:00.585 1499 2319 E DisplayDeviceConfig: requesting nits when no mapping exists.
11-19 05:37:00.585 1499 2319 E DisplayDeviceConfig: requesting nits when no mapping exists.
11-19 05:37:00.586 1499 1645 I am_wtf : [0,1499,system_server,-1,DisplayDeviceConfig,requesting nits when no mapping exists.]
11-19 05:37:00.588 1499 1645 I DropBoxManagerService: add tag=system_server_wtf isTagEnabled=true flags=0x2
11-19 05:37:00.590 1499 1645 I am_wtf : [0,1499,system_server,-1,DisplayDeviceConfig,requesting nits when no mapping exists.]
11-19 05:37:00.591 1499 1645 I DropBoxManagerService: add tag=system_server_wtf isTagEnabled=true flags=0x2
11-19 05:37:00.601 1499 2319 E DisplayDeviceConfig: requesting nits when no mapping exists.
11-19 05:37:00.602 1499 1645 I am_wtf : [0,1499,system_server,-1,DisplayDeviceConfig,requesting nits when no mapping exists.]
11-19 05:37:00.602 1499 2319 E DisplayDeviceConfig: requesting nits when no mapping exists.
11-19 05:37:00.603 1499 1645 I DropBoxManagerService: add tag=system_server_wtf isTagEnabled=true flags=0x2
11-19 05:37:00.603 1499 1645 I am_wtf : [0,1499,system_server,-1,DisplayDeviceConfig,requesting nits when no mapping exists.]
11-19 05:37:00.605 1499 1645 I DropBoxManagerService: add tag=system_server_wtf isTagEnabled=true flags=0x2
11-19 05:37:00.617 1499 2319 E DisplayDeviceConfig: requesting nits when no mapping exists.
11-19 05:37:00.618 1499 2319 E DisplayDeviceConfig: requesting nits when no mapping exists.
11-19 05:37:00.618 1499 1645 I am_wtf : [0,1499,system_server,-1,DisplayDeviceConfig,requesting nits when no mapping exists.]
11-19 05:37:00.619 1499 1645 I DropBoxManagerService: add tag=system_server_wtf isTagEnabled=true flags=0x2
11-19 05:37:00.619 1499 1645 I am_wtf : [0,1499,system_server,-1,DisplayDeviceConfig,requesting nits when no mapping exists.]
11-19 05:37:00.634 1499 2319 E DisplayDeviceConfig: requesting nits when no mapping exists.
11-19 05:37:00.635 1499 2319 E DisplayDeviceConfig: requesting nits when no mapping exists.
11-19 05:37:00.635 1499 1645 I am_wtf : [0,1499,system_server,-1,DisplayDeviceConfig,requesting nits when no mapping exists.]
11-19 05:37:00.636 1499 1645 I am_wtf : [0,1499,system_server,-1,DisplayDeviceConfig,requesting nits when no mapping exists.]
11-19 05:37:00.651 1499 2319 E DisplayDeviceConfig: requesting nits when no mapping exists.
11-19 05:37:00.651 1499 2319 E DisplayDeviceConfig: requesting nits when no mapping exists.
11-19 05:37:00.651 1499 1645 I am_wtf : [0,1499,system_server,-1,DisplayDeviceConfig,requesting nits when no mapping exists.]
11-19 05:37:00.652 1499 1645 I am_wtf : [0,1499,system_server,-1,DisplayDeviceConfig,requesting nits when no mapping exists.]
11-19 05:37:00.667 1499 2319 E DisplayDeviceConfig: requesting nits when no mapping exists.
11-19 05:37:00.668 1499 2319 E DisplayDeviceConfig: requesting nits when no mapping exists.
11-19 05:37:00.668 1499 1645 I am_wtf : [0,1499,system_server,-1,DisplayDeviceConfig,requesting nits when no mapping exists.]
11-19 05:37:00.670 1499 1645 I am_wtf : [0,1499,system_server,-1,DisplayDeviceConfig,requesting nits when no mapping exists.]
11-19 05:37:00.685 1499 2319 E DisplayDeviceConfig: requesting nits when no mapping exists.
11-19 05:37:00.686 1499 2319 E DisplayDeviceConfig: requesting nits when no mapping exists.
11-19 05:37:00.686 1499 1645 I am_wtf : [0,1499,system_server,-1,DisplayDeviceConfig,requesting nits when no mapping exists.]
11-19 05:37:00.687 1499 1645 I am_wtf : [0,1499,system_server,-1,DisplayDeviceConfig,requesting nits when no mapping exists.]
11-19 05:37:00.701 1499 2319 E DisplayDeviceConfig: requesting nits when no mapping exists.
11-19 05:37:00.702 1499 2319 E DisplayDeviceConfig: requesting nits when no mapping exists.
11-19 05:37:00.703 1499 1645 I am_wtf : [0,1499,system_server,-1,DisplayDeviceConfig,requesting nits when no mapping exists.]
11-19 05:37:00.704 1499 1645 I am_wtf : [0,1499,system_server,-1,DisplayDeviceConfig,requesting nits when no mapping exists.]
11-19 05:37:00.718 1499 2319 E DisplayDeviceConfig: requesting nits when no mapping exists.
11-19 05:37:00.719 1499 2319 E DisplayDeviceConfig: requesting nits when no mapping exists.
11-19 05:37:00.724 1499 1645 I am_wtf : [0,1499,system_server,-1,DisplayDeviceConfig,requesting nits when no mapping exists.]
11-19 05:37:00.725 1499 1645 I am_wtf : [0,1499,system_server,-1,DisplayDeviceConfig,requesting nits when no mapping exists.]
11-19 05:37:00.735 1499 2319 E DisplayDeviceConfig: requesting nits when no mapping exists.
11-19 05:37:00.735 1499 1645 I am_wtf : [0,1499,system_server,-1,DisplayDeviceConfig,requesting nits when no mapping exists.]
11-19 05:37:00.735 1499 2319 E DisplayDeviceConfig: requesting nits when no mapping exists.
11-19 05:37:00.737 1499 1645 I am_wtf : [0,1499,system_server,-1,DisplayDeviceConfig,requesting nits when no mapping exists.]
11-19 05:37:00.751 1499 2319 E DisplayDeviceConfig: requesting nits when no mapping exists.
11-19 05:37:00.752 1499 1645 I am_wtf : [0,1499,system_server,-1,DisplayDeviceConfig,requesting nits when no mapping exists.]
11-19 05:37:00.752 1499 2319 E DisplayDeviceConfig: requesting nits when no mapping exists.
11-19 05:37:00.752 1499 1645 I am_wtf : [0,1499,system_server,-1,DisplayDeviceConfig,requesting nits when no mapping exists.]
11-19 05:37:00.767 1499 2319 E DisplayDeviceConfig: requesting nits when no mapping exists.
11-19 05:37:00.768 1499 2319 E DisplayDeviceConfig: requesting nits when no mapping exists.
11-19 05:37:00.768 1499 1645 I am_wtf : [0,1499,system_server,-1,DisplayDeviceConfig,requesting nits when no mapping exists.]
11-19 05:37:00.769 1499 1645 I am_wtf : [0,1499,system_server,-1,DisplayDeviceConfig,requesting nits when no mapping exists.]
11-19 05:37:00.784 1499 2319 E DisplayDeviceConfig: requesting nits when no mapping exists.
11-19 05:37:00.785 1499 2319 E DisplayDeviceConfig: requesting nits when no mapping exists.
11-19 05:37:00.785 1499 1645 I am_wtf : [0,1499,system_server,-1,DisplayDeviceConfig,requesting nits when no mapping exists.]
11-19 05:37:00.786 1499 1645 I am_wtf : [0,1499,system_server,-1,DisplayDeviceConfig,requesting nits when no mapping exists.]
11-19 05:37:00.801 1499 2319 E DisplayDeviceConfig: requesting nits when no mapping exists.
11-19 05:37:00.802 1499 2319 E DisplayDeviceConfig: requesting nits when no mapping exists.
11-19 05:37:00.802 1499 1645 I am_wtf : [0,1499,system_server,-1,DisplayDeviceConfig,requesting nits when no mapping exists.]
11-19 05:37:00.803 1499 1645 I am_wtf : [0,1499,system_server,-1,DisplayDeviceConfig,requesting nits when no mapping exists.]
11-19 05:37:00.804 1499 1645 I service_manager_stats: [100,64,101896]
11-19 05:37:00.818 1499 2319 E DisplayDeviceConfig: requesting nits when no mapping exists.
11-19 05:37:00.819 1499 2319 E DisplayDeviceConfig: requesting nits when no mapping exists.
11-19 05:37:00.819 1499 1645 I am_wtf : [0,1499,system_server,-1,DisplayDeviceConfig,requesting nits when no mapping exists.]
11-19 05:37:00.819 1499 1645 I am_wtf : [0,1499,system_server,-1,DisplayDeviceConfig,requesting nits when no mapping exists.]
11-19 05:37:00.834 1499 2319 E DisplayDeviceConfig: requesting nits when no mapping exists.
11-19 05:37:00.835 1499 2319 E DisplayDeviceConfig: requesting nits when no mapping exists.
11-19 05:37:00.835 1499 1645 I am_wtf : [0,1499,system_server,-1,DisplayDeviceConfig,requesting nits when no mapping exists.]
11-19 05:37:00.836 1499 1645 I am_wtf : [0,1499,system_server,-1,DisplayDeviceConfig,requesting nits when no mapping exists.]
11-19 05:37:00.851 1499 2319 E DisplayDeviceConfig: requesting nits when no mapping exists.
11-19 05:37:00.852 1499 1645 I am_wtf : [0,1499,system_server,-1,DisplayDeviceConfig,requesting nits when no mapping exists.]
11-19 05:37:00.852 1499 2319 E DisplayDeviceConfig: requesting nits when no mapping exists.
11-19 05:37:00.853 1499 1645 I am_wtf : [0,1499,system_server,-1,DisplayDeviceConfig,requesting nits when no mapping exists.]
11-19 05:37:00.868 1499 2319 E DisplayDeviceConfig: requesting nits when no mapping exists.
11-19 05:37:00.869 1499 2319 E DisplayDeviceConfig: requesting nits when no mapping exists.
11-19 05:37:00.869 1499 1645 I am_wtf : [0,1499,system_server,-1,DisplayDeviceConfig,requesting nits when no mapping exists.]
11-19 05:37:00.870 1499 1645 I am_wtf : [0,1499,system_server,-1,DisplayDeviceConfig,requesting nits when no mapping exists.]
11-19 05:37:00.885 1499 2319 E DisplayDeviceConfig: requesting nits when no mapping exists.
11-19 05:37:00.885 1499 1645 I am_wtf : [0,1499,system_server,-1,DisplayDeviceConfig,requesting nits when no mapping exists.]
11-19 05:37:00.886 1499 2319 E DisplayDeviceConfig: requesting nits when no mapping exists.
11-19 05:37:00.886 1499 1645 I am_wtf : [0,1499,system_server,-1,DisplayDeviceConfig,requesting nits when no mapping exists.]
11-19 05:37:00.901 1499 2319 E DisplayDeviceConfig: requesting nits when no mapping exists.
11-19 05:37:00.902 1499 1645 I am_wtf : [0,1499,system_server,-1,DisplayDeviceConfig,requesting nits when no mapping exists.]
11-19 05:37:00.903 1499 2319 E DisplayDeviceConfig: requesting nits when no mapping exists.
11-19 05:37:00.904 1499 1645 I am_wtf : [0,1499,system_server,-1,DisplayDeviceConfig,requesting nits when no mapping exists.]
11-19 05:37:00.918 1499 2319 E DisplayDeviceConfig: requesting nits when no mapping exists.
11-19 05:37:00.918 1499 1645 I am_wtf : [0,1499,system_server,-1,DisplayDeviceConfig,requesting nits when no mapping exists.]
11-19 05:37:00.918 1499 2319 E DisplayDeviceConfig: requesting nits when no mapping exists.
11-19 05:37:00.919 1499 1645 I am_wtf : [0,1499,system_server,-1,DisplayDeviceConfig,requesting nits when no mapping exists.]
11-19 05:37:00.934 1499 2319 E DisplayDeviceConfig: requesting nits when no mapping exists.
11-19 05:37:00.935 1499 2319 E DisplayDeviceConfig: requesting nits when no mapping exists.
11-19 05:37:00.935 1499 1645 I am_wtf : [0,1499,system_server,-1,DisplayDeviceConfig,requesting nits when no mapping exists.]
11-19 05:37:00.936 1499 1645 I am_wtf : [0,1499,system_server,-1,DisplayDeviceConfig,requesting nits when no mapping exists.]
11-19 05:37:00.952 1499 2319 E DisplayDeviceConfig: requesting nits when no mapping exists.
11-19 05:37:00.952 1499 2319 E DisplayDeviceConfig: requesting nits when no mapping exists.
11-19 05:37:00.952 1499 1645 I am_wtf : [0,1499,system_server,-1,DisplayDeviceConfig,requesting nits when no mapping exists.]
11-19 05:37:00.953 1499 1645 I am_wtf : [0,1499,system_server,-1,DisplayDeviceConfig,requesting nits when no mapping exists.]
11-19 05:37:00.968 1499 2319 E DisplayDeviceConfig: requesting nits when no mapping exists.
11-19 05:37:00.969 1499 1645 I am_wtf : [0,1499,system_server,-1,DisplayDeviceConfig,requesting nits when no mapping exists.]
11-19 05:37:00.969 1499 2319 E DisplayDeviceConfig: requesting nits when no mapping exists.
11-19 05:37:00.969 1499 1645 I am_wtf : [0,1499,system_server,-1,DisplayDeviceConfig,requesting nits when no mapping exists.]
11-19 05:37:00.985 1499 2319 E DisplayDeviceConfig: requesting nits when no mapping exists.
11-19 05:37:00.985 1499 2319 E DisplayDeviceConfig: requesting nits when no mapping exists.
11-19 05:37:00.985 1499 1645 I am_wtf : [0,1499,system_server,-1,DisplayDeviceConfig,requesting nits when no mapping exists.]
11-19 05:37:00.986 1499 1645 I am_wtf : [0,1499,system_server,-1,DisplayDeviceConfig,requesting nits when no mapping exists.]
11-19 05:37:01.001 1499 2319 E DisplayDeviceConfig: requesting nits when no mapping exists.
11-19 05:37:01.002 1499 1645 I am_wtf : [0,1499,system_server,-1,DisplayDeviceConfig,requesting nits when no mapping exists.]
11-19 05:37:01.002 1499 2319 E DisplayDeviceConfig: requesting nits when no mapping exists.
11-19 05:37:01.003 1499 1645 I am_wtf : [0,1499,system_server,-1,DisplayDeviceConfig,requesting nits when no mapping exists.]
11-19 05:37:01.018 1499 2319 E DisplayDeviceConfig: requesting nits when no mapping exists.
11-19 05:37:01.018 1499 1645 I am_wtf : [0,1499,system_server,-1,DisplayDeviceConfig,requesting nits when no mapping exists.]
11-19 05:37:01.018 1499 2319 E DisplayDeviceConfig: requesting nits when no mapping exists.
11-19 05:37:01.019 1499 1645 I am_wtf : [0,1499,system_server,-1,DisplayDeviceConfig,requesting nits when no mapping exists.]
11-19 05:37:01.035 1499 2319 E DisplayDeviceConfig: requesting nits when no mapping exists.
11-19 05:37:01.036 1499 1645 I am_wtf : [0,1499,system_server,-1,DisplayDeviceConfig,requesting nits when no mapping exists.]
11-19 05:37:01.036 1499 2319 E DisplayDeviceConfig: requesting nits when no mapping exists.
11-19 05:37:01.037 1499 1645 I am_wtf : [0,1499,system_server,-1,DisplayDeviceConfig,requesting nits when no mapping exists.]
11-19 05:37:01.052 1499 2319 E DisplayDeviceConfig: requesting nits when no mapping exists.
11-19 05:37:01.053 1499 1645 I am_wtf : [0,1499,system_server,-1,DisplayDeviceConfig,requesting nits when no mapping exists.]
11-19 05:37:01.054 1499 2319 E DisplayDeviceConfig: requesting nits when no mapping exists.
11-19 05:37:01.054 1499 1645 I am_wtf : [0,1499,system_server,-1,DisplayDeviceConfig,requesting nits when no mapping exists.]
11-19 05:37:01.069 1499 2319 E DisplayDeviceConfig: requesting nits when no mapping exists.
11-19 05:37:01.069 1499 2319 E DisplayDeviceConfig: requesting nits when no mapping exists.
11-19 05:37:01.069 1499 1645 I am_wtf : [0,1499,system_server,-1,DisplayDeviceConfig,requesting nits when no mapping exists.]
11-19 05:37:01.070 1499 1645 I am_wtf : [0,1499,system_server,-1,DisplayDeviceConfig,requesting nits when no mapping exists.]
11-19 05:37:01.085 1499 2319 E DisplayDeviceConfig: requesting nits when no mapping exists.
11-19 05:37:01.086 1499 1645 I am_wtf : [0,1499,system_server,-1,DisplayDeviceConfig,requesting nits when no mapping exists.]
11-19 05:37:01.086 1499 2319 E DisplayDeviceConfig: requesting nits when no mapping exists.
11-19 05:37:01.087 1499 1645 I am_wtf : [0,1499,system_server,-1,DisplayDeviceConfig,requesting nits when no mapping exists.]
11-19 05:37:01.102 1499 2319 E DisplayDeviceConfig: requesting nits when no mapping exists.
11-19 05:37:01.103 1499 1645 I am_wtf : [0,1499,system_server,-1,DisplayDeviceConfig,requesting nits when no mapping exists.]
11-19 05:37:01.103 1499 2319 E DisplayDeviceConfig: requesting nits when no mapping exists.
11-19 05:37:01.104 1499 1645 I am_wtf : [0,1499,system_server,-1,DisplayDeviceConfig,requesting nits when no mapping exists.]
11-19 05:37:01.118 1499 2319 E DisplayDeviceConfig: requesting nits when no mapping exists.
11-19 05:37:01.119 1499 2319 E DisplayDeviceConfig: requesting nits when no mapping exists.
11-19 05:37:01.119 1499 1645 I am_wtf : [0,1499,system_server,-1,DisplayDeviceConfig,requesting nits when no mapping exists.]
11-19 05:37:01.122 1499 1645 I am_wtf : [0,1499,system_server,-1,DisplayDeviceConfig,requesting nits when no mapping exists.]
