11-19 05:44:23.131 0 0 I auditd : type=1400 audit(0.0:14214): avc: denied { kill } for comm="swapper/3" capability=5 scontext=u:r:kernel:s0 tcontext=u:r:kernel:s0 tclass=capability permissive=0
11-19 05:44:24.131 0 0 I auditd : type=1400 audit(0.0:14215): avc: denied { kill } for comm="swapper/3" capability=5 scontext=u:r:kernel:s0 tcontext=u:r:kernel:s0 tclass=capability permissive=0
11-19 05:44:25.131 0 0 I auditd : type=1400 audit(0.0:14216): avc: denied { kill } for comm="swapper/3" capability=5 scontext=u:r:kernel:s0 tcontext=u:r:kernel:s0 tclass=capability permissive=0
11-19 05:44:26.131 0 0 I auditd : type=1400 audit(0.0:14217): avc: denied { kill } for comm="swapper/3" capability=5 scontext=u:r:kernel:s0 tcontext=u:r:kernel:s0 tclass=capability permissive=0
11-19 05:44:27.131 0 0 I auditd : type=1400 audit(0.0:14218): avc: denied { kill } for comm="swapper/3" capability=5 scontext=u:r:kernel:s0 tcontext=u:r:kernel:s0 tclass=capability permissive=0
11-19 05:44:28.131 0 0 I auditd : type=1400 audit(0.0:14219): avc: denied { kill } for comm="swapper/3" capability=5 scontext=u:r:kernel:s0 tcontext=u:r:kernel:s0 tclass=capability permissive=0
11-19 05:44:29.131 0 0 I auditd : type=1400 audit(0.0:14220): avc: denied { kill } for comm="swapper/3" capability=5 scontext=u:r:kernel:s0 tcontext=u:r:kernel:s0 tclass=capability permissive=0
11-19 05:44:30.131 0 0 I auditd : type=1400 audit(0.0:14221): avc: denied { kill } for comm="swapper/3" capability=5 scontext=u:r:kernel:s0 tcontext=u:r:kernel:s0 tclass=capability permissive=0
11-19 05:44:31.131 0 0 I auditd : type=1400 audit(0.0:14222): avc: denied { kill } for comm="swapper/3" capability=5 scontext=u:r:kernel:s0 tcontext=u:r:kernel:s0 tclass=capability permissive=0
11-19 05:44:32.131 0 0 I auditd : type=1400 audit(0.0:14223): avc: denied { kill } for comm="swapper/3" capability=5 scontext=u:r:kernel:s0 tcontext=u:r:kernel:s0 tclass=capability permissive=0
11-19 05:44:33.131 0 0 I auditd : type=1400 audit(0.0:14224): avc: denied { kill } for comm="swapper/3" capability=5 scontext=u:r:kernel:s0 tcontext=u:r:kernel:s0 tclass=capability permissive=0
11-19 05:44:34.131 0 0 I auditd : type=1400 audit(0.0:14225): avc: denied { kill } for comm="swapper/3" capability=5 scontext=u:r:kernel:s0 tcontext=u:r:kernel:s0 tclass=capability permissive=0
11-19 05:44:35.131 0 0 I auditd : type=1400 audit(0.0:14226): avc: denied { kill } for comm="swapper/3" capability=5 scontext=u:r:kernel:s0 tcontext=u:r:kernel:s0 tclass=capability permissive=0
11-19 05:44:36.131 0 0 I auditd : type=1400 audit(0.0:14227): avc: denied { kill } for comm="swapper/3" capability=5 scontext=u:r:kernel:s0 tcontext=u:r:kernel:s0 tclass=capability permissive=0
11-19 05:44:37.131 0 0 I auditd : type=1400 audit(0.0:14228): avc: denied { kill } for comm="swapper/3" capability=5 scontext=u:r:kernel:s0 tcontext=u:r:kernel:s0 tclass=capability permissive=0
11-19 05:44:38.131 0 0 I auditd : type=1400 audit(0.0:14229): avc: denied { kill } for comm="swapper/3" capability=5 scontext=u:r:kernel:s0 tcontext=u:r:kernel:s0 tclass=capability permissive=0
11-19 05:44:38.783 1499 1793 D ActivityManager: freezing 13467 com.android.music
11-19 05:44:38.784 1499 1793 E ActivityManager: Unable to freeze binder for 13467 com.android.music
11-19 05:44:38.786 1499 1793 D ActivityManager: froze 13467 com.android.music
11-19 05:44:38.786 1499 1793 I am_freeze: [13467,com.android.music]
11-19 05:44:38.786 1499 1793 E ActivityManager: Unable to freeze binder for 13467 com.android.music
11-19 05:44:38.787 1499 1793 I ActivityManager: Killing 13467:com.android.music/u0a90 (adj 905): Unable to freeze binder interface
11-19 05:44:38.787 1499 1793 I am_kill : [0,13467,com.android.music,905,Unable to freeze binder interface]
11-19 05:44:38.842 1499 1730 I am_proc_died: [0,13467,com.android.music,905,19]
11-19 05:44:38.844 1499 1730 I am_uid_stopped: 10090
11-19 05:44:38.846 1499 1637 W ActivityManager: setHasOverlayUi called on unknown pid: 13467
11-19 05:44:38.852 1499 1637 I am_uid_running: 10090
11-19 05:44:38.853 1499 1637 D CompatibilityChangeReporter: Compat change id reported: 135634846; UID 10090; state: DISABLED
11-19 05:44:38.853 1499 1637 D CompatibilityChangeReporter: Compat change id reported: 177438394; UID 10090; state: DISABLED
11-19 05:44:38.853 1499 1637 D CompatibilityChangeReporter: Compat change id reported: 135772972; UID 10090; state: DISABLED
11-19 05:44:38.853 1499 1637 D CompatibilityChangeReporter: Compat change id reported: 135754954; UID 10090; state: ENABLED
11-19 05:44:38.854 1499 1646 D CompatibilityChangeReporter: Compat change id reported: 143937733; UID 10090; state: ENABLED
11-19 05:44:38.874 1499 1646 I am_proc_start: [0,15012,10090,com.android.music,NULL,]
11-19 05:44:38.874 1499 1646 I ActivityManager: Start proc 15012:com.android.music/u0a90 for null
11-19 05:44:38.917 1499 1730 I am_proc_bound: [0,15012,com.android.music]
11-19 05:44:38.918 1499 1730 I service_manager_stats: [122,71,59480]
11-19 05:44:39.131 0 0 I auditd : type=1400 audit(0.0:14230): avc: denied { kill } for comm="swapper/3" capability=5 scontext=u:r:kernel:s0 tcontext=u:r:kernel:s0 tclass=capability permissive=0
11-19 05:44:40.131 0 0 I auditd : type=1400 audit(0.0:14231): avc: denied { kill } for comm="swapper/3" capability=5 scontext=u:r:kernel:s0 tcontext=u:r:kernel:s0 tclass=capability permissive=0
11-19 05:44:41.131 0 0 I auditd : type=1400 audit(0.0:14232): avc: denied { kill } for comm="swapper/3" capability=5 scontext=u:r:kernel:s0 tcontext=u:r:kernel:s0 tclass=capability permissive=0
11-19 05:44:42.131 0 0 I auditd : type=1400 audit(0.0:14233): avc: denied { kill } for comm="swapper/3" capability=5 scontext=u:r:kernel:s0 tcontext=u:r:kernel:s0 tclass=capability permissive=0
11-19 05:44:43.131 0 0 I auditd : type=1400 audit(0.0:14234): avc: denied { kill } for comm="swapper/3" capability=5 scontext=u:r:kernel:s0 tcontext=u:r:kernel:s0 tclass=capability permissive=0
11-19 05:44:44.131 0 0 I auditd : type=1400 audit(0.0:14235): avc: denied { kill } for comm="swapper/3" capability=5 scontext=u:r:kernel:s0 tcontext=u:r:kernel:s0 tclass=capability permissive=0
11-19 05:44:45.131 0 0 I auditd : type=1400 audit(0.0:14236): avc: denied { kill } for comm="swapper/3" capability=5 scontext=u:r:kernel:s0 tcontext=u:r:kernel:s0 tclass=capability permissive=0
11-19 05:44:45.909 1499 1645 I am_uid_idle: 10064
11-19 05:44:46.131 0 0 I auditd : type=1400 audit(0.0:14237): avc: denied { kill } for comm="swapper/3" capability=5 scontext=u:r:kernel:s0 tcontext=u:r:kernel:s0 tclass=capability permissive=0
11-19 05:44:47.131 0 0 I auditd : type=1400 audit(0.0:14238): avc: denied { kill } for comm="swapper/3" capability=5 scontext=u:r:kernel:s0 tcontext=u:r:kernel:s0 tclass=capability permissive=0
11-19 05:44:48.131 0 0 I auditd : type=1400 audit(0.0:14239): avc: denied { kill } for comm="swapper/3" capability=5 scontext=u:r:kernel:s0 tcontext=u:r:kernel:s0 tclass=capability permissive=0
11-19 05:44:49.131 0 0 I auditd : type=1400 audit(0.0:14240): avc: denied { kill } for comm="swapper/3" capability=5 scontext=u:r:kernel:s0 tcontext=u:r:kernel:s0 tclass=capability permissive=0
11-19 05:44:50.131 0 0 I auditd : type=1400 audit(0.0:14241): avc: denied { kill } for comm="swapper/3" capability=5 scontext=u:r:kernel:s0 tcontext=u:r:kernel:s0 tclass=capability permissive=0
11-19 05:44:51.131 0 0 I auditd : type=1400 audit(0.0:14242): avc: denied { kill } for comm="swapper/3" capability=5 scontext=u:r:kernel:s0 tcontext=u:r:kernel:s0 tclass=capability permissive=0
11-19 05:44:52.131 0 0 I auditd : type=1400 audit(0.0:14243): avc: denied { kill } for comm="swapper/3" capability=5 scontext=u:r:kernel:s0 tcontext=u:r:kernel:s0 tclass=capability permissive=0
11-19 05:44:53.131 0 0 I auditd : type=1400 audit(0.0:14244): avc: denied { kill } for comm="swapper/3" capability=5 scontext=u:r:kernel:s0 tcontext=u:r:kernel:s0 tclass=capability permissive=0
11-19 05:44:54.131 0 0 I auditd : type=1400 audit(0.0:14245): avc: denied { kill } for comm="swapper/3" capability=5 scontext=u:r:kernel:s0 tcontext=u:r:kernel:s0 tclass=capability permissive=0
11-19 05:44:55.131 0 0 I auditd : type=1400 audit(0.0:14246): avc: denied { kill } for comm="swapper/3" capability=5 scontext=u:r:kernel:s0 tcontext=u:r:kernel:s0 tclass=capability permissive=0
11-19 05:44:56.131 0 0 I auditd : type=1400 audit(0.0:14247): avc: denied { kill } for comm="swapper/3" capability=5 scontext=u:r:kernel:s0 tcontext=u:r:kernel:s0 tclass=capability permissive=0
11-19 05:44:57.131 0 0 I auditd : type=1400 audit(0.0:14248): avc: denied { kill } for comm="swapper/3" capability=5 scontext=u:r:kernel:s0 tcontext=u:r:kernel:s0 tclass=capability permissive=0
11-19 05:44:58.131 0 0 I auditd : type=1400 audit(0.0:14249): avc: denied { kill } for comm="swapper/1" capability=5 scontext=u:r:kernel:s0 tcontext=u:r:kernel:s0 tclass=capability permissive=0
11-19 05:45:00.131 0 0 I auditd : type=1400 audit(0.0:14250): avc: denied { kill } for comm="swapper/1" capability=5 scontext=u:r:kernel:s0 tcontext=u:r:kernel:s0 tclass=capability permissive=0
11-19 05:45:01.406 1499 1793 D ActivityManager: freezing 13960 com.android.gallery3d
11-19 05:45:01.407 1499 1793 E ActivityManager: Unable to freeze binder for 13960 com.android.gallery3d
11-19 05:45:01.408 1499 1793 D ActivityManager: froze 13960 com.android.gallery3d
11-19 05:45:01.409 1499 1793 I am_freeze: [13960,com.android.gallery3d]
11-19 05:45:01.409 1499 1793 E ActivityManager: Unable to freeze binder for 13960 com.android.gallery3d
11-19 05:45:01.410 1499 1793 I ActivityManager: Killing 13960:com.android.gallery3d/u0a66 (adj 900): Unable to freeze binder interface
11-19 05:45:01.410 1499 1793 I am_kill : [0,13960,com.android.gallery3d,900,Unable to freeze binder interface]
11-19 05:45:01.463 1499 1730 I am_proc_died: [0,13960,com.android.gallery3d,900,18]
11-19 05:45:01.464 1499 1730 I am_uid_stopped: 10066
11-19 05:45:01.470 1499 1637 I am_uid_running: 10066
11-19 05:45:01.470 1499 1637 D CompatibilityChangeReporter: Compat change id reported: 135634846; UID 10066; state: DISABLED
11-19 05:45:01.471 1499 1637 D CompatibilityChangeReporter: Compat change id reported: 177438394; UID 10066; state: DISABLED
11-19 05:45:01.471 1499 1637 D CompatibilityChangeReporter: Compat change id reported: 135772972; UID 10066; state: DISABLED
11-19 05:45:01.471 1499 1637 D CompatibilityChangeReporter: Compat change id reported: 135754954; UID 10066; state: DISABLED
11-19 05:45:01.471 1499 1646 D CompatibilityChangeReporter: Compat change id reported: 143937733; UID 10066; state: DISABLED
11-19 05:45:01.474 1499 1644 I am_pss : [15012,10090,com.android.music,7194624,4841472,0,90972160,0,19,5]
11-19 05:45:01.491 1499 1646 I am_proc_start: [0,15027,10066,com.android.gallery3d,NULL,]
11-19 05:45:01.491 1499 1646 I ActivityManager: Start proc 15027:com.android.gallery3d/u0a66 for null
11-19 05:45:01.527 1499 1730 I am_proc_bound: [0,15027,com.android.gallery3d]
11-19 05:45:02.131 0 0 I auditd : type=1400 audit(0.0:14251): avc: denied { kill } for comm="swapper/1" capability=5 scontext=u:r:kernel:s0 tcontext=u:r:kernel:s0 tclass=capability permissive=0
11-19 05:45:03.131 0 0 I auditd : type=1400 audit(0.0:14252): avc: denied { kill } for comm="swapper/1" capability=5 scontext=u:r:kernel:s0 tcontext=u:r:kernel:s0 tclass=capability permissive=0
11-19 05:45:04.131 0 0 I auditd : type=1400 audit(0.0:14253): avc: denied { kill } for comm="swapper/1" capability=5 scontext=u:r:kernel:s0 tcontext=u:r:kernel:s0 tclass=capability permissive=0
11-19 05:45:05.131 0 0 I auditd : type=1400 audit(0.0:14254): avc: denied { kill } for comm="swapper/1" capability=5 scontext=u:r:kernel:s0 tcontext=u:r:kernel:s0 tclass=capability permissive=0
11-19 05:45:06.131 0 0 I auditd : type=1400 audit(0.0:14255): avc: denied { kill } for comm="swapper/1" capability=5 scontext=u:r:kernel:s0 tcontext=u:r:kernel:s0 tclass=capability permissive=0
11-19 05:45:07.131 0 0 I auditd : type=1400 audit(0.0:14256): avc: denied { kill } for comm="swapper/1" capability=5 scontext=u:r:kernel:s0 tcontext=u:r:kernel:s0 tclass=capability permissive=0
11-19 05:45:08.131 0 0 I auditd : type=1400 audit(0.0:14257): avc: denied { kill } for comm="swapper/1" capability=5 scontext=u:r:kernel:s0 tcontext=u:r:kernel:s0 tclass=capability permissive=0
11-19 05:45:09.131 0 0 I auditd : type=1400 audit(0.0:14258): avc: denied { kill } for comm="swapper/1" capability=5 scontext=u:r:kernel:s0 tcontext=u:r:kernel:s0 tclass=capability permissive=0
11-19 05:45:10.131 0 0 I auditd : type=1400 audit(0.0:14259): avc: denied { kill } for comm="swapper/1" capability=5 scontext=u:r:kernel:s0 tcontext=u:r:kernel:s0 tclass=capability permissive=0
11-19 05:45:11.131 0 0 I auditd : type=1400 audit(0.0:14260): avc: denied { kill } for comm="swapper/1" capability=5 scontext=u:r:kernel:s0 tcontext=u:r:kernel:s0 tclass=capability permissive=0
11-19 05:45:12.131 0 0 I auditd : type=1400 audit(0.0:14261): avc: denied { kill } for comm="swapper/1" capability=5 scontext=u:r:kernel:s0 tcontext=u:r:kernel:s0 tclass=capability permissive=0
11-19 05:45:13.131 0 0 I auditd : type=1400 audit(0.0:14262): avc: denied { kill } for comm="swapper/1" capability=5 scontext=u:r:kernel:s0 tcontext=u:r:kernel:s0 tclass=capability permissive=0
11-19 05:45:14.131 0 0 I auditd : type=1400 audit(0.0:14263): avc: denied { kill } for comm="swapper/1" capability=5 scontext=u:r:kernel:s0 tcontext=u:r:kernel:s0 tclass=capability permissive=0
11-19 05:45:15.131 0 0 I auditd : type=1400 audit(0.0:14264): avc: denied { kill } for comm="swapper/1" capability=5 scontext=u:r:kernel:s0 tcontext=u:r:kernel:s0 tclass=capability permissive=0
11-19 05:45:16.131 0 0 I auditd : type=1400 audit(0.0:14265): avc: denied { kill } for comm="swapper/1" capability=5 scontext=u:r:kernel:s0 tcontext=u:r:kernel:s0 tclass=capability permissive=0
11-19 05:45:17.131 0 0 I auditd : type=1400 audit(0.0:14266): avc: denied { kill } for comm="swapper/1" capability=5 scontext=u:r:kernel:s0 tcontext=u:r:kernel:s0 tclass=capability permissive=0
11-19 05:45:18.131 0 0 I auditd : type=1400 audit(0.0:14267): avc: denied { kill } for comm="swapper/1" capability=5 scontext=u:r:kernel:s0 tcontext=u:r:kernel:s0 tclass=capability permissive=0
11-19 05:45:19.131 0 0 I auditd : type=1400 audit(0.0:14268): avc: denied { kill } for comm="swapper/1" capability=5 scontext=u:r:kernel:s0 tcontext=u:r:kernel:s0 tclass=capability permissive=0
11-19 05:45:20.131 0 0 I auditd : type=1400 audit(0.0:14269): avc: denied { kill } for comm="swapper/1" capability=5 scontext=u:r:kernel:s0 tcontext=u:r:kernel:s0 tclass=capability permissive=0
11-19 05:45:21.131 0 0 I auditd : type=1400 audit(0.0:14270): avc: denied { kill } for comm="swapper/1" capability=5 scontext=u:r:kernel:s0 tcontext=u:r:kernel:s0 tclass=capability permissive=0
11-19 05:45:22.131 0 0 I auditd : type=1400 audit(0.0:14271): avc: denied { kill } for comm="swapper/1" capability=5 scontext=u:r:kernel:s0 tcontext=u:r:kernel:s0 tclass=capability permissive=0
11-19 05:45:23.131 0 0 I auditd : type=1400 audit(0.0:14272): avc: denied { kill } for comm="swapper/1" capability=5 scontext=u:r:kernel:s0 tcontext=u:r:kernel:s0 tclass=capability permissive=0
11-19 05:45:24.131 0 0 I auditd : type=1400 audit(0.0:14273): avc: denied { kill } for comm="swapper/1" capability=5 scontext=u:r:kernel:s0 tcontext=u:r:kernel:s0 tclass=capability permissive=0
11-19 05:45:25.131 0 0 I auditd : type=1400 audit(0.0:14274): avc: denied { kill } for comm="swapper/1" capability=5 scontext=u:r:kernel:s0 tcontext=u:r:kernel:s0 tclass=capability permissive=0
11-19 05:45:26.131 0 0 I auditd : type=1400 audit(0.0:14275): avc: denied { kill } for comm="swapper/1" capability=5 scontext=u:r:kernel:s0 tcontext=u:r:kernel:s0 tclass=capability permissive=0
11-19 05:45:27.131 0 0 I auditd : type=1400 audit(0.0:14276): avc: denied { kill } for comm="swapper/1" capability=5 scontext=u:r:kernel:s0 tcontext=u:r:kernel:s0 tclass=capability permissive=0
11-19 05:45:28.131 0 0 I auditd : type=1400 audit(0.0:14277): avc: denied { kill } for comm="swapper/1" capability=5 scontext=u:r:kernel:s0 tcontext=u:r:kernel:s0 tclass=capability permissive=0
11-19 05:45:29.131 0 0 I auditd : type=1400 audit(0.0:14278): avc: denied { kill } for comm="swapper/1" capability=5 scontext=u:r:kernel:s0 tcontext=u:r:kernel:s0 tclass=capability permissive=0
11-19 05:45:30.131 0 0 I auditd : type=1400 audit(0.0:14279): avc: denied { kill } for comm="swapper/1" capability=5 scontext=u:r:kernel:s0 tcontext=u:r:kernel:s0 tclass=capability permissive=0
11-19 05:45:31.131 0 0 I auditd : type=1400 audit(0.0:14280): avc: denied { kill } for comm="swapper/1" capability=5 scontext=u:r:kernel:s0 tcontext=u:r:kernel:s0 tclass=capability permissive=0
11-19 05:45:32.131 0 0 I auditd : type=1400 audit(0.0:14281): avc: denied { kill } for comm="swapper/1" capability=5 scontext=u:r:kernel:s0 tcontext=u:r:kernel:s0 tclass=capability permissive=0
11-19 05:45:33.131 0 0 I auditd : type=1400 audit(0.0:14282): avc: denied { kill } for comm="swapper/1" capability=5 scontext=u:r:kernel:s0 tcontext=u:r:kernel:s0 tclass=capability permissive=0
11-19 05:45:34.131 0 0 I auditd : type=1400 audit(0.0:14283): avc: denied { kill } for comm="swapper/1" capability=5 scontext=u:r:kernel:s0 tcontext=u:r:kernel:s0 tclass=capability permissive=0
11-19 05:45:35.131 0 0 I auditd : type=1400 audit(0.0:14284): avc: denied { kill } for comm="swapper/1" capability=5 scontext=u:r:kernel:s0 tcontext=u:r:kernel:s0 tclass=capability permissive=0
11-19 05:45:36.131 0 0 I auditd : type=1400 audit(0.0:14285): avc: denied { kill } for comm="swapper/1" capability=5 scontext=u:r:kernel:s0 tcontext=u:r:kernel:s0 tclass=capability permissive=0
11-19 05:45:37.131 0 0 I auditd : type=1400 audit(0.0:14286): avc: denied { kill } for comm="swapper/1" capability=5 scontext=u:r:kernel:s0 tcontext=u:r:kernel:s0 tclass=capability permissive=0
11-19 05:45:38.131 0 0 I auditd : type=1400 audit(0.0:14287): avc: denied { kill } for comm="swapper/1" capability=5 scontext=u:r:kernel:s0 tcontext=u:r:kernel:s0 tclass=capability permissive=0
11-19 05:45:39.131 0 0 I auditd : type=1400 audit(0.0:14288): avc: denied { kill } for comm="swapper/1" capability=5 scontext=u:r:kernel:s0 tcontext=u:r:kernel:s0 tclass=capability permissive=0
11-19 05:45:40.131 0 0 I auditd : type=1400 audit(0.0:14289): avc: denied { kill } for comm="swapper/1" capability=5 scontext=u:r:kernel:s0 tcontext=u:r:kernel:s0 tclass=capability permissive=0
11-19 05:45:41.131 0 0 I auditd : type=1400 audit(0.0:14290): avc: denied { kill } for comm="swapper/1" capability=5 scontext=u:r:kernel:s0 tcontext=u:r:kernel:s0 tclass=capability permissive=0
11-19 05:45:42.131 0 0 I auditd : type=1400 audit(0.0:14291): avc: denied { kill } for comm="swapper/1" capability=5 scontext=u:r:kernel:s0 tcontext=u:r:kernel:s0 tclass=capability permissive=0
11-19 05:45:43.131 0 0 I auditd : type=1400 audit(0.0:14292): avc: denied { kill } for comm="swapper/1" capability=5 scontext=u:r:kernel:s0 tcontext=u:r:kernel:s0 tclass=capability permissive=0
11-19 05:45:44.131 0 0 I auditd : type=1400 audit(0.0:14293): avc: denied { kill } for comm="swapper/1" capability=5 scontext=u:r:kernel:s0 tcontext=u:r:kernel:s0 tclass=capability permissive=0
11-19 05:45:45.131 0 0 I auditd : type=1400 audit(0.0:14294): avc: denied { kill } for comm="swapper/1" capability=5 scontext=u:r:kernel:s0 tcontext=u:r:kernel:s0 tclass=capability permissive=0
11-19 05:45:46.131 0 0 I auditd : type=1400 audit(0.0:14295): avc: denied { kill } for comm="swapper/1" capability=5 scontext=u:r:kernel:s0 tcontext=u:r:kernel:s0 tclass=capability permissive=0
11-19 05:45:47.131 0 0 I auditd : type=1400 audit(0.0:14296): avc: denied { kill } for comm="swapper/1" capability=5 scontext=u:r:kernel:s0 tcontext=u:r:kernel:s0 tclass=capability permissive=0
11-19 05:45:48.131 0 0 I auditd : type=1400 audit(0.0:14297): avc: denied { kill } for comm="swapper/1" capability=5 scontext=u:r:kernel:s0 tcontext=u:r:kernel:s0 tclass=capability permissive=0
11-19 05:45:49.131 0 0 I auditd : type=1400 audit(0.0:14298): avc: denied { kill } for comm="swapper/1" capability=5 scontext=u:r:kernel:s0 tcontext=u:r:kernel:s0 tclass=capability permissive=0
11-19 05:45:50.131 0 0 I auditd : type=1400 audit(0.0:14299): avc: denied { kill } for comm="swapper/1" capability=5 scontext=u:r:kernel:s0 tcontext=u:r:kernel:s0 tclass=capability permissive=0
11-19 05:45:51.131 0 0 I auditd : type=1400 audit(0.0:14300): avc: denied { kill } for comm="swapper/1" capability=5 scontext=u:r:kernel:s0 tcontext=u:r:kernel:s0 tclass=capability permissive=0
11-19 05:45:52.131 0 0 I auditd : type=1400 audit(0.0:14301): avc: denied { kill } for comm="swapper/1" capability=5 scontext=u:r:kernel:s0 tcontext=u:r:kernel:s0 tclass=capability permissive=0
11-19 05:45:53.131 0 0 I auditd : type=1400 audit(0.0:14302): avc: denied { kill } for comm="swapper/1" capability=5 scontext=u:r:kernel:s0 tcontext=u:r:kernel:s0 tclass=capability permissive=0
11-19 05:45:54.131 0 0 I auditd : type=1400 audit(0.0:14303): avc: denied { kill } for comm="swapper/1" capability=5 scontext=u:r:kernel:s0 tcontext=u:r:kernel:s0 tclass=capability permissive=0
11-19 05:45:55.131 0 0 I auditd : type=1400 audit(0.0:14304): avc: denied { kill } for comm="swapper/1" capability=5 scontext=u:r:kernel:s0 tcontext=u:r:kernel:s0 tclass=capability permissive=0
11-19 05:45:56.131 0 0 I auditd : type=1400 audit(0.0:14305): avc: denied { kill } for comm="swapper/1" capability=5 scontext=u:r:kernel:s0 tcontext=u:r:kernel:s0 tclass=capability permissive=0
11-19 05:45:57.131 0 0 I auditd : type=1400 audit(0.0:14306): avc: denied { kill } for comm="swapper/1" capability=5 scontext=u:r:kernel:s0 tcontext=u:r:kernel:s0 tclass=capability permissive=0
11-19 05:45:59.131 0 0 I auditd : type=1400 audit(0.0:14307): avc: denied { kill } for comm="swapper/1" capability=5 scontext=u:r:kernel:s0 tcontext=u:r:kernel:s0 tclass=capability permissive=0
11-19 05:46:00.131 0 0 I auditd : type=1400 audit(0.0:14308): avc: denied { kill } for comm="swapper/1" capability=5 scontext=u:r:kernel:s0 tcontext=u:r:kernel:s0 tclass=capability permissive=0
11-19 05:46:02.131 354 354 I auditd : type=1400 audit(0.0:14309): avc: denied { kill } for comm="irq/382-atmel_m" capability=5 scontext=u:r:kernel:s0 tcontext=u:r:kernel:s0 tclass=capability permissive=0
11-19 05:46:03.131 0 0 I auditd : type=1400 audit(0.0:14310): avc: denied { kill } for comm="swapper/0" capability=5 scontext=u:r:kernel:s0 tcontext=u:r:kernel:s0 tclass=capability permissive=0
11-19 05:46:04.131 354 354 I auditd : type=1400 audit(0.0:14311): avc: denied { kill } for comm="irq/382-atmel_m" capability=5 scontext=u:r:kernel:s0 tcontext=u:r:kernel:s0 tclass=capability permissive=0
11-19 05:46:05.131 0 0 I auditd : type=1400 audit(0.0:14312): avc: denied { kill } for comm="swapper/0" capability=5 scontext=u:r:kernel:s0 tcontext=u:r:kernel:s0 tclass=capability permissive=0
11-19 05:46:06.131 354 354 I auditd : type=1400 audit(0.0:14313): avc: denied { kill } for comm="irq/382-atmel_m" capability=5 scontext=u:r:kernel:s0 tcontext=u:r:kernel:s0 tclass=capability permissive=0
11-19 05:46:07.131 0 0 I auditd : type=1400 audit(0.0:14314): avc: denied { kill } for comm="swapper/0" capability=5 scontext=u:r:kernel:s0 tcontext=u:r:kernel:s0 tclass=capability permissive=0
11-19 05:46:08.131 0 0 I auditd : type=1400 audit(0.0:14315): avc: denied { kill } for comm="swapper/0" capability=5 scontext=u:r:kernel:s0 tcontext=u:r:kernel:s0 tclass=capability permissive=0
11-19 05:46:09.131 0 0 I auditd : type=1400 audit(0.0:14316): avc: denied { kill } for comm="swapper/0" capability=5 scontext=u:r:kernel:s0 tcontext=u:r:kernel:s0 tclass=capability permissive=0
11-19 05:46:10.131 0 0 I auditd : type=1400 audit(0.0:14317): avc: denied { kill } for comm="swapper/0" capability=5 scontext=u:r:kernel:s0 tcontext=u:r:kernel:s0 tclass=capability permissive=0
11-19 05:46:11.131 354 354 I auditd : type=1400 audit(0.0:14318): avc: denied { kill } for comm="irq/382-atmel_m" capability=5 scontext=u:r:kernel:s0 tcontext=u:r:kernel:s0 tclass=capability permissive=0
11-19 05:46:12.131 354 354 I auditd : type=1400 audit(0.0:14319): avc: denied { kill } for comm="irq/382-atmel_m" capability=5 scontext=u:r:kernel:s0 tcontext=u:r:kernel:s0 tclass=capability permissive=0
11-19 05:46:13.131 0 0 I auditd : type=1400 audit(0.0:14320): avc: denied { kill } for comm="swapper/0" capability=5 scontext=u:r:kernel:s0 tcontext=u:r:kernel:s0 tclass=capability permissive=0
11-19 05:46:14.131 0 0 I auditd : type=1400 audit(0.0:14321): avc: denied { kill } for comm="swapper/0" capability=5 scontext=u:r:kernel:s0 tcontext=u:r:kernel:s0 tclass=capability permissive=0
11-19 05:46:15.131 0 0 I auditd : type=1400 audit(0.0:14322): avc: denied { kill } for comm="swapper/0" capability=5 scontext=u:r:kernel:s0 tcontext=u:r:kernel:s0 tclass=capability permissive=0
11-19 05:46:16.131 0 0 I auditd : type=1400 audit(0.0:14323): avc: denied { kill } for comm="swapper/0" capability=5 scontext=u:r:kernel:s0 tcontext=u:r:kernel:s0 tclass=capability permissive=0
11-19 05:46:17.131 0 0 I auditd : type=1400 audit(0.0:14324): avc: denied { kill } for comm="swapper/0" capability=5 scontext=u:r:kernel:s0 tcontext=u:r:kernel:s0 tclass=capability permissive=0
11-19 05:46:18.131 354 354 I auditd : type=1400 audit(0.0:14325): avc: denied { kill } for comm="irq/382-atmel_m" capability=5 scontext=u:r:kernel:s0 tcontext=u:r:kernel:s0 tclass=capability permissive=0
11-19 05:46:19.131 0 0 I auditd : type=1400 audit(0.0:14326): avc: denied { kill } for comm="swapper/0" capability=5 scontext=u:r:kernel:s0 tcontext=u:r:kernel:s0 tclass=capability permissive=0
11-19 05:46:20.131 0 0 I auditd : type=1400 audit(0.0:14327): avc: denied { kill } for comm="swapper/0" capability=5 scontext=u:r:kernel:s0 tcontext=u:r:kernel:s0 tclass=capability permissive=0
11-19 05:46:21.131 354 354 I auditd : type=1400 audit(0.0:14328): avc: denied { kill } for comm="irq/382-atmel_m" capability=5 scontext=u:r:kernel:s0 tcontext=u:r:kernel:s0 tclass=capability permissive=0
11-19 05:46:22.131 354 354 I auditd : type=1400 audit(0.0:14329): avc: denied { kill } for comm="irq/382-atmel_m" capability=5 scontext=u:r:kernel:s0 tcontext=u:r:kernel:s0 tclass=capability permissive=0
11-19 05:46:23.131 0 0 I auditd : type=1400 audit(0.0:14330): avc: denied { kill } for comm="swapper/0" capability=5 scontext=u:r:kernel:s0 tcontext=u:r:kernel:s0 tclass=capability permissive=0
11-19 05:46:24.131 0 0 I auditd : type=1400 audit(0.0:14331): avc: denied { kill } for comm="swapper/0" capability=5 scontext=u:r:kernel:s0 tcontext=u:r:kernel:s0 tclass=capability permissive=0
11-19 05:46:25.131 0 0 I auditd : type=1400 audit(0.0:14332): avc: denied { kill } for comm="swapper/0" capability=5 scontext=u:r:kernel:s0 tcontext=u:r:kernel:s0 tclass=capability permissive=0
11-19 05:46:26.131 0 0 I auditd : type=1400 audit(0.0:14333): avc: denied { kill } for comm="swapper/0" capability=5 scontext=u:r:kernel:s0 tcontext=u:r:kernel:s0 tclass=capability permissive=0
11-19 05:46:27.131 0 0 I auditd : type=1400 audit(0.0:14334): avc: denied { kill } for comm="swapper/0" capability=5 scontext=u:r:kernel:s0 tcontext=u:r:kernel:s0 tclass=capability permissive=0
11-19 05:46:28.131 0 0 I auditd : type=1400 audit(0.0:14335): avc: denied { kill } for comm="swapper/0" capability=5 scontext=u:r:kernel:s0 tcontext=u:r:kernel:s0 tclass=capability permissive=0
11-19 05:46:29.131 0 0 I auditd : type=1400 audit(0.0:14336): avc: denied { kill } for comm="swapper/0" capability=5 scontext=u:r:kernel:s0 tcontext=u:r:kernel:s0 tclass=capability permissive=0
11-19 05:46:30.131 0 0 I auditd : type=1400 audit(0.0:14337): avc: denied { kill } for comm="swapper/0" capability=5 scontext=u:r:kernel:s0 tcontext=u:r:kernel:s0 tclass=capability permissive=0
11-19 05:46:31.131 0 0 I auditd : type=1400 audit(0.0:14338): avc: denied { kill } for comm="swapper/0" capability=5 scontext=u:r:kernel:s0 tcontext=u:r:kernel:s0 tclass=capability permissive=0
11-19 05:46:32.131 0 0 I auditd : type=1400 audit(0.0:14339): avc: denied { kill } for comm="swapper/0" capability=5 scontext=u:r:kernel:s0 tcontext=u:r:kernel:s0 tclass=capability permissive=0
11-19 05:46:33.131 0 0 I auditd : type=1400 audit(0.0:14340): avc: denied { kill } for comm="swapper/0" capability=5 scontext=u:r:kernel:s0 tcontext=u:r:kernel:s0 tclass=capability permissive=0
11-19 05:46:34.131 0 0 I auditd : type=1400 audit(0.0:14341): avc: denied { kill } for comm="swapper/0" capability=5 scontext=u:r:kernel:s0 tcontext=u:r:kernel:s0 tclass=capability permissive=0
11-19 05:46:35.131 0 0 I auditd : type=1400 audit(0.0:14342): avc: denied { kill } for comm="swapper/0" capability=5 scontext=u:r:kernel:s0 tcontext=u:r:kernel:s0 tclass=capability permissive=0
11-19 05:46:36.131 0 0 I auditd : type=1400 audit(0.0:14343): avc: denied { kill } for comm="swapper/0" capability=5 scontext=u:r:kernel:s0 tcontext=u:r:kernel:s0 tclass=capability permissive=0
11-19 05:46:37.131 0 0 I auditd : type=1400 audit(0.0:14344): avc: denied { kill } for comm="swapper/0" capability=5 scontext=u:r:kernel:s0 tcontext=u:r:kernel:s0 tclass=capability permissive=0
11-19 05:46:38.131 0 0 I auditd : type=1400 audit(0.0:14345): avc: denied { kill } for comm="swapper/0" capability=5 scontext=u:r:kernel:s0 tcontext=u:r:kernel:s0 tclass=capability permissive=0
11-19 05:46:39.131 0 0 I auditd : type=1400 audit(0.0:14346): avc: denied { kill } for comm="swapper/0" capability=5 scontext=u:r:kernel:s0 tcontext=u:r:kernel:s0 tclass=capability permissive=0
11-19 05:46:40.131 0 0 I auditd : type=1400 audit(0.0:14347): avc: denied { kill } for comm="swapper/0" capability=5 scontext=u:r:kernel:s0 tcontext=u:r:kernel:s0 tclass=capability permissive=0
11-19 05:46:41.131 0 0 I auditd : type=1400 audit(0.0:14348): avc: denied { kill } for comm="swapper/0" capability=5 scontext=u:r:kernel:s0 tcontext=u:r:kernel:s0 tclass=capability permissive=0
11-19 05:46:42.131 0 0 I auditd : type=1400 audit(0.0:14349): avc: denied { kill } for comm="swapper/0" capability=5 scontext=u:r:kernel:s0 tcontext=u:r:kernel:s0 tclass=capability permissive=0
11-19 05:46:43.131 0 0 I auditd : type=1400 audit(0.0:14350): avc: denied { kill } for comm="swapper/0" capability=5 scontext=u:r:kernel:s0 tcontext=u:r:kernel:s0 tclass=capability permissive=0
11-19 05:46:44.131 0 0 I auditd : type=1400 audit(0.0:14351): avc: denied { kill } for comm="swapper/0" capability=5 scontext=u:r:kernel:s0 tcontext=u:r:kernel:s0 tclass=capability permissive=0
11-19 05:46:45.131 0 0 I auditd : type=1400 audit(0.0:14352): avc: denied { kill } for comm="swapper/0" capability=5 scontext=u:r:kernel:s0 tcontext=u:r:kernel:s0 tclass=capability permissive=0
11-19 05:46:46.131 0 0 I auditd : type=1400 audit(0.0:14353): avc: denied { kill } for comm="swapper/0" capability=5 scontext=u:r:kernel:s0 tcontext=u:r:kernel:s0 tclass=capability permissive=0
11-19 05:46:47.131 0 0 I auditd : type=1400 audit(0.0:14354): avc: denied { kill } for comm="swapper/0" capability=5 scontext=u:r:kernel:s0 tcontext=u:r:kernel:s0 tclass=capability permissive=0
11-19 05:46:48.131 0 0 I auditd : type=1400 audit(0.0:14355): avc: denied { kill } for comm="swapper/0" capability=5 scontext=u:r:kernel:s0 tcontext=u:r:kernel:s0 tclass=capability permissive=0
11-19 05:46:49.131 0 0 I auditd : type=1400 audit(0.0:14356): avc: denied { kill } for comm="swapper/0" capability=5 scontext=u:r:kernel:s0 tcontext=u:r:kernel:s0 tclass=capability permissive=0
11-19 05:46:50.131 0 0 I auditd : type=1400 audit(0.0:14357): avc: denied { kill } for comm="swapper/0" capability=5 scontext=u:r:kernel:s0 tcontext=u:r:kernel:s0 tclass=capability permissive=0
11-19 05:46:51.131 0 0 I auditd : type=1400 audit(0.0:14358): avc: denied { kill } for comm="swapper/0" capability=5 scontext=u:r:kernel:s0 tcontext=u:r:kernel:s0 tclass=capability permissive=0
11-19 05:46:52.131 0 0 I auditd : type=1400 audit(0.0:14359): avc: denied { kill } for comm="swapper/0" capability=5 scontext=u:r:kernel:s0 tcontext=u:r:kernel:s0 tclass=capability permissive=0
11-19 05:46:53.131 0 0 I auditd : type=1400 audit(0.0:14360): avc: denied { kill } for comm="swapper/0" capability=5 scontext=u:r:kernel:s0 tcontext=u:r:kernel:s0 tclass=capability permissive=0
11-19 05:46:54.131 0 0 I auditd : type=1400 audit(0.0:14361): avc: denied { kill } for comm="swapper/0" capability=5 scontext=u:r:kernel:s0 tcontext=u:r:kernel:s0 tclass=capability permissive=0
11-19 05:46:55.131 0 0 I auditd : type=1400 audit(0.0:14362): avc: denied { kill } for comm="swapper/0" capability=5 scontext=u:r:kernel:s0 tcontext=u:r:kernel:s0 tclass=capability permissive=0
11-19 05:46:56.131 0 0 I auditd : type=1400 audit(0.0:14363): avc: denied { kill } for comm="swapper/0" capability=5 scontext=u:r:kernel:s0 tcontext=u:r:kernel:s0 tclass=capability permissive=0
11-19 05:46:57.131 0 0 I auditd : type=1400 audit(0.0:14364): avc: denied { kill } for comm="swapper/0" capability=5 scontext=u:r:kernel:s0 tcontext=u:r:kernel:s0 tclass=capability permissive=0
11-19 05:46:58.131 0 0 I auditd : type=1400 audit(0.0:14365): avc: denied { kill } for comm="swapper/1" capability=5 scontext=u:r:kernel:s0 tcontext=u:r:kernel:s0 tclass=capability permissive=0
11-19 05:46:59.131 0 0 I auditd : type=1400 audit(0.0:14366): avc: denied { kill } for comm="swapper/1" capability=5 scontext=u:r:kernel:s0 tcontext=u:r:kernel:s0 tclass=capability permissive=0
11-19 05:47:01.131 0 0 I auditd : type=1400 audit(0.0:14367): avc: denied { kill } for comm="swapper/1" capability=5 scontext=u:r:kernel:s0 tcontext=u:r:kernel:s0 tclass=capability permissive=0
11-19 05:47:03.131 0 0 I auditd : type=1400 audit(0.0:14368): avc: denied { kill } for comm="swapper/2" capability=5 scontext=u:r:kernel:s0 tcontext=u:r:kernel:s0 tclass=capability permissive=0
11-19 05:47:04.131 0 0 I auditd : type=1400 audit(0.0:14369): avc: denied { kill } for comm="swapper/2" capability=5 scontext=u:r:kernel:s0 tcontext=u:r:kernel:s0 tclass=capability permissive=0
11-19 05:47:05.131 0 0 I auditd : type=1400 audit(0.0:14370): avc: denied { kill } for comm="swapper/2" capability=5 scontext=u:r:kernel:s0 tcontext=u:r:kernel:s0 tclass=capability permissive=0
11-19 05:47:06.131 0 0 I auditd : type=1400 audit(0.0:14371): avc: denied { kill } for comm="swapper/2" capability=5 scontext=u:r:kernel:s0 tcontext=u:r:kernel:s0 tclass=capability permissive=0
11-19 05:47:07.131 0 0 I auditd : type=1400 audit(0.0:14372): avc: denied { kill } for comm="swapper/2" capability=5 scontext=u:r:kernel:s0 tcontext=u:r:kernel:s0 tclass=capability permissive=0
11-19 05:47:08.131 0 0 I auditd : type=1400 audit(0.0:14373): avc: denied { kill } for comm="swapper/2" capability=5 scontext=u:r:kernel:s0 tcontext=u:r:kernel:s0 tclass=capability permissive=0
11-19 05:47:09.131 0 0 I auditd : type=1400 audit(0.0:14374): avc: denied { kill } for comm="swapper/2" capability=5 scontext=u:r:kernel:s0 tcontext=u:r:kernel:s0 tclass=capability permissive=0
11-19 05:47:10.131 0 0 I auditd : type=1400 audit(0.0:14375): avc: denied { kill } for comm="swapper/2" capability=5 scontext=u:r:kernel:s0 tcontext=u:r:kernel:s0 tclass=capability permissive=0
11-19 05:47:11.131 0 0 I auditd : type=1400 audit(0.0:14376): avc: denied { kill } for comm="swapper/2" capability=5 scontext=u:r:kernel:s0 tcontext=u:r:kernel:s0 tclass=capability permissive=0
11-19 05:47:12.131 0 0 I auditd : type=1400 audit(0.0:14377): avc: denied { kill } for comm="swapper/2" capability=5 scontext=u:r:kernel:s0 tcontext=u:r:kernel:s0 tclass=capability permissive=0
11-19 05:47:13.131 0 0 I auditd : type=1400 audit(0.0:14378): avc: denied { kill } for comm="swapper/2" capability=5 scontext=u:r:kernel:s0 tcontext=u:r:kernel:s0 tclass=capability permissive=0
11-19 05:47:14.131 0 0 I auditd : type=1400 audit(0.0:14379): avc: denied { kill } for comm="swapper/2" capability=5 scontext=u:r:kernel:s0 tcontext=u:r:kernel:s0 tclass=capability permissive=0
11-19 05:47:15.131 0 0 I auditd : type=1400 audit(0.0:14380): avc: denied { kill } for comm="swapper/2" capability=5 scontext=u:r:kernel:s0 tcontext=u:r:kernel:s0 tclass=capability permissive=0
11-19 05:47:16.131 0 0 I auditd : type=1400 audit(0.0:14381): avc: denied { kill } for comm="swapper/2" capability=5 scontext=u:r:kernel:s0 tcontext=u:r:kernel:s0 tclass=capability permissive=0
11-19 05:47:17.131 0 0 I auditd : type=1400 audit(0.0:14382): avc: denied { kill } for comm="swapper/2" capability=5 scontext=u:r:kernel:s0 tcontext=u:r:kernel:s0 tclass=capability permissive=0
11-19 05:47:18.131 0 0 I auditd : type=1400 audit(0.0:14383): avc: denied { kill } for comm="swapper/2" capability=5 scontext=u:r:kernel:s0 tcontext=u:r:kernel:s0 tclass=capability permissive=0
11-19 05:47:18.174 1499 1831 I input_interaction: Interaction with: 53cd113 com.thundercomm.screensaver/android.service.dreams.DreamActivity (server), edge-swipe (server), swipe-up (server), PointerEventDispatcher0 (server),
11-19 05:47:18.177 1499 2438 I wm_finish_activity: [0,147293814,91,com.thundercomm.screensaver/android.service.dreams.DreamActivity,finish-activity]
11-19 05:47:18.178 1499 2438 I wm_task_moved: [90,1,7]
11-19 05:47:18.178 1499 2438 I wm_task_to_front: [0,90]
11-19 05:47:18.181 1499 2438 I wm_set_resumed_activity: [0,com.android.calendar/.AllInOneActivity,positionChildAt]
11-19 05:47:18.181 1499 2438 I wm_focused_root_task: [0,0,90,91,finish-top adjustFocusToNextFocusableTask]
11-19 05:47:18.181 1499 2438 I wm_set_resumed_activity: [0,com.android.calendar/.AllInOneActivity,finish-top]
11-19 05:47:18.183 1499 2438 I wm_pause_activity: [0,147293814,com.thundercomm.screensaver/android.service.dreams.DreamActivity,userLeaving=false,finish]
11-19 05:47:18.184 1499 2438 W WindowManager: updateScale0.7996942
11-19 05:47:18.194 1499 2438 I DreamManagerService: Gently waking up from dream.
11-19 05:47:18.196 1499 1637 I sysui_multi_action: [757,803,799,window_time_0,802,219]
11-19 05:47:18.197 1499 1634 I DreamManagerService: Performing gentle wake from dream.
11-19 05:47:18.197 4805 4805 I wm_on_top_resumed_lost_called: [147293814,android.service.dreams.DreamActivity,topStateChangedWhenResumed]
11-19 05:47:18.199 4805 4805 I wm_on_paused_called: [147293814,android.service.dreams.DreamActivity,performPause]
11-19 05:47:18.199 14185 14185 I wm_on_top_resumed_gained_called: [185538156,com.android.calendar.AllInOneActivity,topStateChangedWhenResumed]
11-19 05:47:18.201 1499 2757 I ActivityTaskManager: FOREGROUND_APPLICATION_CHANGED to com.android.launcher3.uioverrides.QuickstepLauncher
11-19 05:47:18.205 1499 2757 I wm_resume_activity: [0,19758722,10,com.android.launcher3/.uioverrides.QuickstepLauncher]
11-19 05:47:18.206 1499 2757 I ActivityTaskManager: FOREGROUND_APPLICATION_CHANGED to com.android.calendar.AllInOneActivity
11-19 05:47:18.207 1499 2757 W WindowManager: updateScale0.7996942
11-19 05:47:18.213 2802 2802 I wm_on_restart_called: [19758722,com.android.launcher3.uioverrides.QuickstepLauncher,performRestartActivity]
11-19 05:47:18.217 1499 2757 W WindowManager: updateScale0.7996942
11-19 05:47:18.222 1499 1831 I input_focus: [Focus leaving 53cd113 com.thundercomm.screensaver/android.service.dreams.DreamActivity (server),reason=NO_WINDOW]
11-19 05:47:18.222 1499 1637 I sysui_multi_action: [757,803,799,window_time_2,802,0]
11-19 05:47:18.223 4805 4805 I view_enqueue_input_event: [Motion - Cancel,com.thundercomm.screensaver/android.service.dreams.DreamActivity]
11-19 05:47:18.223 1499 1637 W WindowManager: updateScale0.7996942
11-19 05:47:18.224 1499 1637 W WindowManager: updateScale0.7996942
11-19 05:47:18.225 2802 2802 I wm_on_start_called: [19758722,com.android.launcher3.uioverrides.QuickstepLauncher,handleStartActivity]
11-19 05:47:18.226 2802 2802 I wm_on_resume_called: [19758722,com.android.launcher3.uioverrides.QuickstepLauncher,RESUME_ACTIVITY]
11-19 05:47:18.227 1499 1638 I input_focus: [Focus request ae724ed com.android.calendar/com.android.calendar.AllInOneActivity,reason=UpdateInputWindows]
11-19 05:47:18.229 1499 2757 W WindowManager: updateScale0.7996942
11-19 05:47:18.236 7802 7838 W ContextImpl: Calling a method in the system process without a qualified user: android.app.ContextImpl.startService:1816 android.content.ContextWrapper.startService:774 com.thundercomm.gamemode.ingame.services.GameModeActionUtils.startGameModeService:93 com.thundercomm.gamemode.ingame.services.GameModeActionUtils.startGameModeEntry:21 com.thundercomm.gamemode.ingame.services.ActivityMonitoringService$1.onActivityLaunch:127
11-19 05:47:18.237 1499 1831 I input_focus: [Focus entering ae724ed com.android.calendar/com.android.calendar.AllInOneActivity (server),reason=setFocusedWindow]
11-19 05:47:18.250 1499 1499 I GameModeConfig: Current uri is uri = content://com.thundercomm.gamemode.api/gamemode_settings/gamemode_isgaming
11-19 05:47:18.250 1499 1499 I am_uid_active: 10064
11-19 05:47:18.263 7802 7838 W ContextImpl: Calling a method in the system process without a qualified user: android.app.ContextImpl.startService:1816 android.content.ContextWrapper.startService:774 com.thundercomm.gamemode.ingame.services.GameModeActionUtils.startGameModeService:93 com.thundercomm.gamemode.ingame.services.GameModeActionUtils.startGameModeEntry:21 com.thundercomm.gamemode.ingame.services.ActivityMonitoringService$1.onActivityLaunch:127
11-19 05:47:18.263 1499 1499 I GameModeConfig: isGameModeOn = false
11-19 05:47:18.264 1499 1499 I GameModeConfig: isGameModeOn = false
11-19 05:47:18.264 1499 1499 I GameModeConfig: isDisableVoice = true
11-19 05:47:18.267 1499 1499 I GameModeConfig: Current uri is uri = content://com.thundercomm.gamemode.api/gamemode_settings/gamemode_isgaming
11-19 05:47:18.275 1499 1499 I GameModeConfig: isGameModeOn = false
11-19 05:47:18.275 1499 1499 I GameModeConfig: isGameModeOn = false
11-19 05:47:18.275 1499 1499 I GameModeConfig: isDisableVoice = true
11-19 05:47:18.278 1499 9049 W WindowManager: updateScale0.7996942
11-19 05:47:18.306 1499 1638 W WindowManager: updateScale0.7996942
11-19 05:47:18.309 1499 1638 W WindowManager: updateScale0.7996942
11-19 05:47:18.309 1499 1638 W WindowManager: updateScale0.7996942
11-19 05:47:18.310 1499 1638 W WindowManager: updateScale0.7996942
11-19 05:47:18.311 1499 1663 I PowerManagerService: Powering on display group fromDreaming (groupId=0, uid=1000, reason=WAKE_REASON_UNKNOWN, details=android.server.power:DREAM_FINISHED)...
11-19 05:47:18.311 1499 1663 I PowerManagerService: Waking up from Dreaming (uid=1000, reason=WAKE_REASON_UNKNOWN, details=android.server.power:DREAM_FINISHED)...
11-19 05:47:18.312 1499 9049 I wm_destroy_activity: [0,147293814,91,com.thundercomm.screensaver/android.service.dreams.DreamActivity,finish-idle]
11-19 05:47:18.313 4805 4805 I wm_on_stop_called: [147293814,android.service.dreams.DreamActivity,LIFECYCLER_STOP_ACTIVITY]
11-19 05:47:18.313 4805 4805 I wm_on_destroy_called: [147293814,android.service.dreams.DreamActivity,performDestroy]
11-19 05:47:18.316 1499 9049 I DreamManagerService: Leaving dreamland.
11-19 05:47:18.318 1499 1634 I DreamManagerService: Performing gentle wake from dream.
11-19 05:47:18.318 1499 1634 I DreamController: Stopping dream: name=ComponentInfo{com.thundercomm.screensaver/com.thundercomm.saverclock.service.ClockScreensaver}, isTest=false, canDoze=false, userId=0, reason='finished self'(from 'finished self')
11-19 05:47:18.318 1499 1634 I sysui_multi_action: [757,222,758,2]
11-19 05:47:18.318 1499 1634 I sysui_multi_action: [757,804,799,dreaming_minutes,801,3,802,1]
11-19 05:47:18.322 1499 1644 I am_pss : [15027,10066,com.android.gallery3d,7840768,5189632,0,93667328,0,19,6]
11-19 05:47:18.325 1499 2438 W WindowManager: updateScale0.7996942
11-19 05:47:18.331 7802 7838 W ContextImpl: Calling a method in the system process without a qualified user: android.app.ContextImpl.startService:1816 android.content.ContextWrapper.startService:774 com.thundercomm.gamemode.ingame.services.GameModeActionUtils.startGameModeService:93 com.thundercomm.gamemode.ingame.services.GameModeActionUtils.startGameModeEntry:21 com.thundercomm.gamemode.ingame.services.ActivityMonitoringService$1.onActivityLaunch:127
11-19 05:47:18.332 1499 1644 I am_pss : [15012,10090,com.android.music,7141376,4841472,0,90972160,0,19,5]
11-19 05:47:18.337 1499 1499 I GameModeConfig: Current uri is uri = content://com.thundercomm.gamemode.api/gamemode_settings/gamemode_isgaming
11-19 05:47:18.339 1499 1499 I GameModeConfig: isGameModeOn = false
11-19 05:47:18.340 1499 1499 I GameModeConfig: isGameModeOn = false
11-19 05:47:18.340 1499 1499 I GameModeConfig: isDisableVoice = true
11-19 05:47:18.342 1499 1644 I am_pss : [14839,1000,com.qti.diagservices,6153216,3878912,0,93093888,0,10,6]
11-19 05:47:18.557 1499 1638 W WindowManager: updateScale0.7996942
11-19 05:47:18.560 1499 1638 W WindowManager: updateScale0.7996942
11-19 05:47:18.570 1499 1638 I wm_task_removed: [91,removeChild:removeChild last r=ActivityRecord{8c78676 u0 com.thundercomm.screensaver/android.service.dreams.DreamActivity t-1 f}} in t=Task{54c2503 #91 type=dream A=10050:android:com.thundercomm.screensaver/dream U=0 visible=false mode=fullscreen translucent=true sz=0}]
11-19 05:47:18.570 1499 1638 I wm_task_removed: [91,removeChild]
11-19 05:47:18.572 1499 1638 W ActivityTaskManager: Can't find TaskDisplayArea to determine support for multi window. Task id=91 attached=false
11-19 05:47:18.573 1499 1638 W WindowManager: updateScale0.7996942
11-19 05:47:19.131 0 0 I auditd : type=1400 audit(0.0:14384): avc: denied { kill } for comm="swapper/2" capability=5 scontext=u:r:kernel:s0 tcontext=u:r:kernel:s0 tclass=capability permissive=0
11-19 05:47:20.131 0 0 I auditd : type=1400 audit(0.0:14385): avc: denied { kill } for comm="swapper/2" capability=5 scontext=u:r:kernel:s0 tcontext=u:r:kernel:s0 tclass=capability permissive=0
11-19 05:47:20.266 1499 1831 I input_interaction: Interaction with: 632f7bf com.android.launcher3/com.android.launcher3.uioverrides.QuickstepLauncher (server), a1d9774 com.android.systemui.ImageWallpaper (server), edge-swipe (server), swipe-up (server), PointerEventDispatcher0 (server),
11-19 05:47:21.131 0 0 I auditd : type=1400 audit(0.0:14386): avc: denied { kill } for comm="swapper/2" capability=5 scontext=u:r:kernel:s0 tcontext=u:r:kernel:s0 tclass=capability permissive=0
11-19 05:47:21.374 1499 1831 I input_interaction: Interaction with: ae724ed com.android.calendar/com.android.calendar.AllInOneActivity (server), edge-swipe (server), swipe-up (server), PointerEventDispatcher0 (server),
11-19 05:47:21.505 1499 2757 W WindowManager: updateScale0.4617737
11-19 05:47:21.507 1499 2757 I wm_relaunch_resume_activity: [0,185538156,90,com.android.calendar/.AllInOneActivity]
11-19 05:47:21.510 1499 2757 W WindowManager: updateScale0.4617737
11-19 05:47:21.525 14185 14185 I wm_on_top_resumed_lost_called: [185538156,com.android.calendar.AllInOneActivity,pausing]
11-19 05:47:21.528 14185 14185 I wm_on_paused_called: [185538156,com.android.calendar.AllInOneActivity,performPause]
11-19 05:47:21.528 14185 14185 I wm_on_stop_called: [185538156,com.android.calendar.AllInOneActivity,handleRelaunchActivity]
11-19 05:47:21.531 14185 14185 I wm_on_destroy_called: [185538156,com.android.calendar.AllInOneActivity,performDestroy]
11-19 05:47:21.539 1499 9049 I am_uid_active: 10021
11-19 05:47:21.548 14185 14185 I wm_on_create_called: [185538156,com.android.calendar.AllInOneActivity,performCreate]
11-19 05:47:21.562 14185 14185 I wm_on_start_called: [185538156,com.android.calendar.AllInOneActivity,handleStartActivity]
11-19 05:47:21.566 14185 14185 I wm_on_resume_called: [185538156,com.android.calendar.AllInOneActivity,RESUME_ACTIVITY]
11-19 05:47:21.566 14185 14185 I wm_on_top_resumed_gained_called: [185538156,com.android.calendar.AllInOneActivity,topWhenResuming]
11-19 05:47:21.571 1499 2757 W WindowManager: updateScale0.4617737
11-19 05:47:21.573 1499 2757 W WindowManager: updateScale0.4617737
11-19 05:47:22.131 0 0 I auditd : type=1400 audit(0.0:14387): avc: denied { kill } for comm="swapper/2" capability=5 scontext=u:r:kernel:s0 tcontext=u:r:kernel:s0 tclass=capability permissive=0
11-19 05:47:22.483 1499 2757 W WindowManager: updateScale0.7996942
11-19 05:47:22.485 1499 2757 I wm_relaunch_resume_activity: [0,185538156,90,com.android.calendar/.AllInOneActivity]
11-19 05:47:22.488 1499 2757 W WindowManager: updateScale0.7996942
11-19 05:47:22.501 14185 14185 I wm_on_top_resumed_lost_called: [185538156,com.android.calendar.AllInOneActivity,pausing]
11-19 05:47:22.504 14185 14185 I wm_on_paused_called: [185538156,com.android.calendar.AllInOneActivity,performPause]
11-19 05:47:22.504 14185 14185 I wm_on_stop_called: [185538156,com.android.calendar.AllInOneActivity,handleRelaunchActivity]
11-19 05:47:22.506 14185 14185 I wm_on_destroy_called: [185538156,com.android.calendar.AllInOneActivity,performDestroy]
11-19 05:47:22.529 14185 14185 I wm_on_create_called: [185538156,com.android.calendar.AllInOneActivity,performCreate]
11-19 05:47:22.543 14185 14185 I wm_on_start_called: [185538156,com.android.calendar.AllInOneActivity,handleStartActivity]
11-19 05:47:22.551 14185 14185 I wm_on_resume_called: [185538156,com.android.calendar.AllInOneActivity,RESUME_ACTIVITY]
11-19 05:47:22.551 14185 14185 I wm_on_top_resumed_gained_called: [185538156,com.android.calendar.AllInOneActivity,topWhenResuming]
11-19 05:47:22.558 1499 2757 W WindowManager: updateScale0.7996942
11-19 05:47:22.560 1499 2757 W WindowManager: updateScale0.7996942
11-19 05:47:23.131 0 0 I auditd : type=1400 audit(0.0:14388): avc: denied { kill } for comm="swapper/2" capability=5 scontext=u:r:kernel:s0 tcontext=u:r:kernel:s0 tclass=capability permissive=0
