11-19 05:43:33.244 1499 1645 I am_wtf : [0,1499,system_server,-1,DisplayDeviceConfig,requesting nits when no mapping exists.]
11-19 05:43:33.245 1499 1645 I am_wtf : [0,1499,system_server,-1,DisplayDeviceConfig,requesting nits when no mapping exists.]
11-19 05:43:33.260 1499 2319 E DisplayDeviceConfig: requesting nits when no mapping exists.
11-19 05:43:33.261 1499 2319 E DisplayDeviceConfig: requesting nits when no mapping exists.
11-19 05:43:33.261 1499 1645 I am_wtf : [0,1499,system_server,-1,DisplayDeviceConfig,requesting nits when no mapping exists.]
11-19 05:43:33.261 1499 1645 I am_wtf : [0,1499,system_server,-1,DisplayDeviceConfig,requesting nits when no mapping exists.]
11-19 05:43:33.277 1499 2319 E DisplayDeviceConfig: requesting nits when no mapping exists.
11-19 05:43:33.277 1499 1645 I am_wtf : [0,1499,system_server,-1,DisplayDeviceConfig,requesting nits when no mapping exists.]
11-19 05:43:33.277 1499 2319 E DisplayDeviceConfig: requesting nits when no mapping exists.
11-19 05:43:33.278 1499 1645 I am_wtf : [0,1499,system_server,-1,DisplayDeviceConfig,requesting nits when no mapping exists.]
11-19 05:43:33.294 1499 2319 E DisplayDeviceConfig: requesting nits when no mapping exists.
11-19 05:43:33.295 1499 1645 I am_wtf : [0,1499,system_server,-1,DisplayDeviceConfig,requesting nits when no mapping exists.]
11-19 05:43:33.295 1499 2319 E DisplayDeviceConfig: requesting nits when no mapping exists.
11-19 05:43:33.296 1499 1645 I am_wtf : [0,1499,system_server,-1,DisplayDeviceConfig,requesting nits when no mapping exists.]
11-19 05:43:33.310 1499 2319 E DisplayDeviceConfig: requesting nits when no mapping exists.
11-19 05:43:33.311 1499 2319 E DisplayDeviceConfig: requesting nits when no mapping exists.
11-19 05:43:33.311 1499 1645 I am_wtf : [0,1499,system_server,-1,DisplayDeviceConfig,requesting nits when no mapping exists.]
11-19 05:43:33.313 1499 1645 I am_wtf : [0,1499,system_server,-1,DisplayDeviceConfig,requesting nits when no mapping exists.]
11-19 05:43:33.327 1499 2319 E DisplayDeviceConfig: requesting nits when no mapping exists.
11-19 05:43:33.328 1499 2319 E DisplayDeviceConfig: requesting nits when no mapping exists.
11-19 05:43:33.328 1499 1645 I am_wtf : [0,1499,system_server,-1,DisplayDeviceConfig,requesting nits when no mapping exists.]
11-19 05:43:33.329 1499 1645 I am_wtf : [0,1499,system_server,-1,DisplayDeviceConfig,requesting nits when no mapping exists.]
11-19 05:43:33.343 1499 2319 E DisplayDeviceConfig: requesting nits when no mapping exists.
11-19 05:43:33.344 1499 2319 E DisplayDeviceConfig: requesting nits when no mapping exists.
11-19 05:43:33.344 1499 1645 I am_wtf : [0,1499,system_server,-1,DisplayDeviceConfig,requesting nits when no mapping exists.]
11-19 05:43:33.345 1499 1645 I am_wtf : [0,1499,system_server,-1,DisplayDeviceConfig,requesting nits when no mapping exists.]
11-19 05:43:33.360 1499 2319 E DisplayDeviceConfig: requesting nits when no mapping exists.
11-19 05:43:33.361 1499 1645 I am_wtf : [0,1499,system_server,-1,DisplayDeviceConfig,requesting nits when no mapping exists.]
11-19 05:43:33.361 1499 2319 E DisplayDeviceConfig: requesting nits when no mapping exists.
11-19 05:43:33.361 1499 1645 I am_wtf : [0,1499,system_server,-1,DisplayDeviceConfig,requesting nits when no mapping exists.]
11-19 05:43:33.377 1499 2319 E DisplayDeviceConfig: requesting nits when no mapping exists.
11-19 05:43:33.377 1499 1645 I am_wtf : [0,1499,system_server,-1,DisplayDeviceConfig,requesting nits when no mapping exists.]
11-19 05:43:33.377 1499 2319 E DisplayDeviceConfig: requesting nits when no mapping exists.
11-19 05:43:33.378 1499 1645 I am_wtf : [0,1499,system_server,-1,DisplayDeviceConfig,requesting nits when no mapping exists.]
11-19 05:43:34.131 0 0 I auditd : type=1400 audit(0.0:14170): avc: denied { kill } for comm="swapper/3" capability=5 scontext=u:r:kernel:s0 tcontext=u:r:kernel:s0 tclass=capability permissive=0
11-19 05:43:35.131 0 0 I auditd : type=1400 audit(0.0:14171): avc: denied { kill } for comm="swapper/3" capability=5 scontext=u:r:kernel:s0 tcontext=u:r:kernel:s0 tclass=capability permissive=0
11-19 05:43:36.131 0 0 I auditd : type=1400 audit(0.0:14172): avc: denied { kill } for comm="swapper/3" capability=5 scontext=u:r:kernel:s0 tcontext=u:r:kernel:s0 tclass=capability permissive=0
11-19 05:43:37.131 0 0 I auditd : type=1400 audit(0.0:14173): avc: denied { kill } for comm="swapper/3" capability=5 scontext=u:r:kernel:s0 tcontext=u:r:kernel:s0 tclass=capability permissive=0
11-19 05:43:38.131 0 0 I auditd : type=1400 audit(0.0:14174): avc: denied { kill } for comm="swapper/3" capability=5 scontext=u:r:kernel:s0 tcontext=u:r:kernel:s0 tclass=capability permissive=0
11-19 05:43:39.131 0 0 I auditd : type=1400 audit(0.0:14175): avc: denied { kill } for comm="swapper/3" capability=5 scontext=u:r:kernel:s0 tcontext=u:r:kernel:s0 tclass=capability permissive=0
11-19 05:43:39.419 1499 1663 I PowerManagerService: Napping display group (groupId=0, uid=1000)...
11-19 05:43:39.419 1499 1663 I PowerManagerService: Nap time (uid 1000)...
11-19 05:43:39.425 1499 1663 I DreamManagerService: Entering dreamland.
11-19 05:43:39.428 1499 1663 I PowerManagerService: Dreaming...
11-19 05:43:39.433 1499 1634 I DreamController: Starting dream: name=ComponentInfo{com.thundercomm.screensaver/com.thundercomm.saverclock.service.ClockScreensaver}, isTest=false, canDoze=false, userId=0
11-19 05:43:39.433 1499 1634 I sysui_multi_action: [757,222,758,1]
11-19 05:43:39.435 1499 1634 I am_uid_active: 10050
11-19 05:43:39.437 1499 1634 I service_manager_stats: [105,52,6927]
11-19 05:43:39.443 1499 1729 I ActivityTaskManager: START u0 {flg=0x10000000 pkg=com.thundercomm.screensaver cmp=com.thundercomm.screensaver/android.service.dreams.DreamActivity (has extras)} from uid 10050
11-19 05:43:39.447 1499 1644 I am_pss : [14806,1000,com.android.settings,40147968,29786112,0,168665088,0,15,12]
11-19 05:43:39.447 1499 1729 I wm_task_created: [91,-1]
11-19 05:43:39.447 1499 1729 W ActivityTaskManager: Can't find TaskDisplayArea to determine support for multi window. Task id=91 attached=false
11-19 05:43:39.450 1499 1729 I wm_task_moved: [91,1,8]
11-19 05:43:39.450 1499 1729 I wm_task_to_front: [0,91]
11-19 05:43:39.450 1499 1729 I wm_create_task: [0,91]
11-19 05:43:39.450 1499 1729 I wm_create_activity: [0,147293814,91,com.thundercomm.screensaver/android.service.dreams.DreamActivity,NULL,NULL,NULL,276824064]
11-19 05:43:39.450 1499 1729 I wm_task_moved: [91,1,8]
11-19 05:43:39.450 14185 14185 I wm_on_top_resumed_lost_called: [185538156,com.android.calendar.AllInOneActivity,topStateChangedWhenResumed]
11-19 05:43:39.451 1499 1729 I wm_pause_activity: [0,19758722,com.android.launcher3/.uioverrides.QuickstepLauncher,userLeaving=true,pauseBackTasks]
11-19 05:43:39.452 2802 2802 I wm_on_paused_called: [19758722,com.android.launcher3.uioverrides.QuickstepLauncher,performPause]
11-19 05:43:39.452 1499 1729 W WindowManager: updateScale0.7996942
11-19 05:43:39.454 1499 1644 I am_pss : [9980,10064,com.thundercomm.gamemode.provider,11603968,8908800,0,111812608,0,19,6]
11-19 05:43:39.459 1499 8632 I ActivityTaskManager: FOREGROUND_APPLICATION_CHANGED to android.service.dreams.DreamActivity
11-19 05:43:39.459 1499 8632 I ActivityTaskManager: The Process com.thundercomm.screensaver Already Exists in BG. So sending its PID: 4805
11-19 05:43:39.459 1499 8632 W ActivityTaskManager: Tried to set launchTime (0) < mLastActivityLaunchTime (15641362)
11-19 05:43:39.460 1499 8632 I wm_add_to_stopping: [0,19758722,com.android.launcher3/.uioverrides.QuickstepLauncher,makeInvisible]
11-19 05:43:39.460 1499 8632 I wm_restart_activity: [0,147293814,91,com.thundercomm.screensaver/android.service.dreams.DreamActivity]
11-19 05:43:39.462 1499 8632 I wm_set_resumed_activity: [0,com.thundercomm.screensaver/android.service.dreams.DreamActivity,minimalResumeActivityLocked]
11-19 05:43:39.463 1499 8632 W WindowManager: updateScale0.7996942
11-19 05:43:39.468 1499 1644 I am_pss : [14896,10089,com.qualcomm.qti.qccauthmgr,6463488,4296704,0,95109120,0,19,5]
11-19 05:43:39.473 4805 4805 I wm_on_create_called: [147293814,android.service.dreams.DreamActivity,performCreate]
11-19 05:43:39.474 4805 4805 I wm_on_start_called: [147293814,android.service.dreams.DreamActivity,handleStartActivity]
11-19 05:43:39.474 4805 4805 I wm_on_resume_called: [147293814,android.service.dreams.DreamActivity,RESUME_ACTIVITY]
11-19 05:43:39.479 1499 8632 W WindowManager: Failed looking up window session=Session{6e93b31 4805:u0a10050} callers=com.android.server.wm.WindowManagerService.windowForClientLocked:5628 com.android.server.wm.Session.insetsModified:629 android.view.IWindowSession$Stub.onTransact:1151
11-19 05:43:39.482 4805 4805 I wm_on_top_resumed_gained_called: [147293814,android.service.dreams.DreamActivity,topStateChangedWhenResumed]
11-19 05:43:39.484 1499 1637 I sysui_multi_action: [757,803,799,window_time_0,802,60]
11-19 05:43:39.487 7802 7838 W ContextImpl: Calling a method in the system process without a qualified user: android.app.ContextImpl.startService:1816 android.content.ContextWrapper.startService:774 com.thundercomm.gamemode.ingame.services.GameModeActionUtils.startGameModeService:93 com.thundercomm.gamemode.ingame.services.GameModeActionUtils.startGameModeEntry:21 com.thundercomm.gamemode.ingame.services.ActivityMonitoringService$1.onActivityLaunch:127
11-19 05:43:39.501 1499 1499 I GameModeConfig: Current uri is uri = content://com.thundercomm.gamemode.api/gamemode_settings/gamemode_isgaming
11-19 05:43:39.504 1499 1499 I GameModeConfig: isGameModeOn = false
11-19 05:43:39.504 1499 1499 I GameModeConfig: isGameModeOn = false
11-19 05:43:39.504 1499 1499 I GameModeConfig: isDisableVoice = true
11-19 05:43:39.510 1499 1729 W WindowManager: updateScale0.7996942
11-19 05:43:39.513 1499 1638 I input_focus: [Focus request 53cd113 com.thundercomm.screensaver/android.service.dreams.DreamActivity,reason=UpdateInputWindows]
11-19 05:43:39.517 1499 1499 I notification_enqueue: [10081,2342,com.android.systemui,2048,NULL,0,Notification(channel=updateNotification shortcut=null contentView=null vibrate=null sound=null defaults=0x0 flags=0x0 color=0x00000000 vis=PRIVATE),1]
11-19 05:43:39.517 2342 2342 I sysui_multi_action: [757,111,758,2]
11-19 05:43:39.518 2342 2342 I sysui_multi_action: [757,111,758,2]
11-19 05:43:39.524 1499 2284 I GameModeConfig: isGameModeOn = false
11-19 05:43:39.524 1499 2284 I GameModeConfig: isGameModeOn = false
11-19 05:43:39.525 1499 2284 I GameModeConfig: isGameModeOn = false
11-19 05:43:39.525 1499 1638 W WindowManager: updateScale0.7996942
11-19 05:43:39.525 1499 2284 I GameModeConfig: isGameModeOn = false
11-19 05:43:39.531 1499 1638 W WindowManager: updateScale0.7996942
11-19 05:43:39.531 1499 1831 I input_focus: [Focus leaving ae724ed com.android.calendar/com.android.calendar.AllInOneActivity (server),reason=Waiting for window because NOT_VISIBLE]
11-19 05:43:39.531 1499 1638 W WindowManager: updateScale0.7996942
11-19 05:43:39.534 1499 1638 W WindowManager: updateScale0.7996942
11-19 05:43:39.536 1499 1634 I sysui_multi_action: [319,87,322,85,325,15898,757,761,758,8,759,2,806,com.thundercomm.screensaver,871,android.service.dreams.DreamActivity,904,com.thundercomm.screensaver,905,0,1320,4,1321,2]
11-19 05:43:39.537 1499 1634 I wm_activity_launch_time: [0,147293814,com.thundercomm.screensaver/android.service.dreams.DreamActivity,85]
11-19 05:43:39.538 1499 1663 V DisplayPowerController[0]: Brightness [1.0] reason changing to: 'manual', previous reason: 'manual [ dim ]'.
11-19 05:43:39.538 1499 1663 I sysui_multi_action: [757,1696,758,6,759,3]
11-19 05:43:39.540 1499 1637 W WindowManager: updateScale0.7996942
11-19 05:43:39.542 2342 2342 I sysui_multi_action: [757,111,758,1]
11-19 05:43:39.542 2342 2342 I sysui_multi_action: [757,126,758,1,759,126,927,0,928,0,1593,0]
11-19 05:43:39.543 2342 2342 I sysui_multi_action: [757,113,758,1,759,113,927,1,928,1,1593,0]
11-19 05:43:39.543 2342 2342 I sysui_multi_action: [757,0,758,1,759,0,927,2,928,0,1593,0]
11-19 05:43:39.543 2342 2342 I sysui_multi_action: [757,0,758,1,759,0,927,3,928,0,1593,0]
11-19 05:43:39.543 2342 2342 I sysui_multi_action: [757,491,758,1,759,491,927,4,928,0,1311,-1,1593,0]
11-19 05:43:39.543 2342 2342 I sysui_multi_action: [757,0,758,1,759,0,927,5,928,0,1593,0]
11-19 05:43:39.543 2342 2342 I sysui_multi_action: [757,111,758,1]
11-19 05:43:39.545 2342 2342 I sysui_multi_action: [757,126,758,1,759,126,927,0,928,0,1593,0]
11-19 05:43:39.545 2342 2342 I sysui_multi_action: [757,113,758,1,759,113,927,1,928,1,1593,0]
11-19 05:43:39.545 2342 2342 I sysui_multi_action: [757,0,758,1,759,0,927,2,928,0,1593,0]
11-19 05:43:39.545 2342 2342 I sysui_multi_action: [757,0,758,1,759,0,927,3,928,0,1593,0]
11-19 05:43:39.545 1499 2319 E DisplayDeviceConfig: requesting nits when no mapping exists.
11-19 05:43:39.545 1499 2319 E DisplayDeviceConfig: requesting nits when no mapping exists.
11-19 05:43:39.547 1499 1645 I am_wtf : [0,1499,system_server,-1,DisplayDeviceConfig,requesting nits when no mapping exists.]
11-19 05:43:39.548 1499 1645 I am_wtf : [0,1499,system_server,-1,DisplayDeviceConfig,requesting nits when no mapping exists.]
11-19 05:43:39.561 1499 2319 E DisplayDeviceConfig: requesting nits when no mapping exists.
11-19 05:43:39.562 1499 1831 I input_focus: [Focus entering 53cd113 com.thundercomm.screensaver/android.service.dreams.DreamActivity (server),reason=Window became focusable. Previous reason: NOT_VISIBLE]
11-19 05:43:39.562 1499 1645 I am_wtf : [0,1499,system_server,-1,DisplayDeviceConfig,requesting nits when no mapping exists.]
11-19 05:43:39.562 1499 2319 E DisplayDeviceConfig: requesting nits when no mapping exists.
11-19 05:43:39.565 1499 1645 I am_wtf : [0,1499,system_server,-1,DisplayDeviceConfig,requesting nits when no mapping exists.]
11-19 05:43:39.571 7802 7838 W ContextImpl: Calling a method in the system process without a qualified user: android.app.ContextImpl.startService:1816 android.content.ContextWrapper.startService:774 com.thundercomm.gamemode.ingame.services.GameModeActionUtils.startGameModeService:93 com.thundercomm.gamemode.ingame.services.GameModeActionUtils.startGameModeEntry:21 com.thundercomm.gamemode.ingame.services.ActivityMonitoringService$1.onActivityLaunch:127
11-19 05:43:39.576 1499 1499 I GameModeConfig: Current uri is uri = content://com.thundercomm.gamemode.api/gamemode_settings/gamemode_isgaming
11-19 05:43:39.579 1499 1499 I GameModeConfig: isGameModeOn = false
11-19 05:43:39.580 1499 2319 E DisplayDeviceConfig: requesting nits when no mapping exists.
11-19 05:43:39.582 1499 2319 E DisplayDeviceConfig: requesting nits when no mapping exists.
11-19 05:43:39.582 1499 1499 I GameModeConfig: isGameModeOn = false
11-19 05:43:39.582 1499 1499 I GameModeConfig: isDisableVoice = true
11-19 05:43:39.582 1499 1645 I am_wtf : [0,1499,system_server,-1,DisplayDeviceConfig,requesting nits when no mapping exists.]
11-19 05:43:39.583 1499 1645 I am_wtf : [0,1499,system_server,-1,DisplayDeviceConfig,requesting nits when no mapping exists.]
11-19 05:43:39.594 1499 2319 E DisplayDeviceConfig: requesting nits when no mapping exists.
11-19 05:43:39.595 1499 2319 E DisplayDeviceConfig: requesting nits when no mapping exists.
11-19 05:43:39.595 1499 1645 I am_wtf : [0,1499,system_server,-1,DisplayDeviceConfig,requesting nits when no mapping exists.]
11-19 05:43:39.597 1499 1645 I am_wtf : [0,1499,system_server,-1,DisplayDeviceConfig,requesting nits when no mapping exists.]
11-19 05:43:39.614 1499 2319 E DisplayDeviceConfig: requesting nits when no mapping exists.
11-19 05:43:39.615 1499 2319 E DisplayDeviceConfig: requesting nits when no mapping exists.
11-19 05:43:39.615 1499 1645 I am_wtf : [0,1499,system_server,-1,DisplayDeviceConfig,requesting nits when no mapping exists.]
11-19 05:43:39.615 1499 1645 I am_wtf : [0,1499,system_server,-1,DisplayDeviceConfig,requesting nits when no mapping exists.]
11-19 05:43:39.630 1499 2319 E DisplayDeviceConfig: requesting nits when no mapping exists.
11-19 05:43:39.631 1499 2319 E DisplayDeviceConfig: requesting nits when no mapping exists.
11-19 05:43:39.632 1499 1645 I am_wtf : [0,1499,system_server,-1,DisplayDeviceConfig,requesting nits when no mapping exists.]
11-19 05:43:39.637 1499 1645 I am_wtf : [0,1499,system_server,-1,DisplayDeviceConfig,requesting nits when no mapping exists.]
11-19 05:43:39.650 1499 2319 E DisplayDeviceConfig: requesting nits when no mapping exists.
11-19 05:43:39.650 1499 2319 E DisplayDeviceConfig: requesting nits when no mapping exists.
11-19 05:43:39.650 1499 1645 I am_wtf : [0,1499,system_server,-1,DisplayDeviceConfig,requesting nits when no mapping exists.]
11-19 05:43:39.651 1499 1645 I am_wtf : [0,1499,system_server,-1,DisplayDeviceConfig,requesting nits when no mapping exists.]
11-19 05:43:39.665 1499 2319 E DisplayDeviceConfig: requesting nits when no mapping exists.
11-19 05:43:39.665 1499 1645 I am_wtf : [0,1499,system_server,-1,DisplayDeviceConfig,requesting nits when no mapping exists.]
11-19 05:43:39.666 1499 2319 E DisplayDeviceConfig: requesting nits when no mapping exists.
11-19 05:43:39.666 1499 1645 I am_wtf : [0,1499,system_server,-1,DisplayDeviceConfig,requesting nits when no mapping exists.]
11-19 05:43:39.679 1499 2319 E DisplayDeviceConfig: requesting nits when no mapping exists.
11-19 05:43:39.679 1499 2319 E DisplayDeviceConfig: requesting nits when no mapping exists.
11-19 05:43:39.679 1499 1645 I am_wtf : [0,1499,system_server,-1,DisplayDeviceConfig,requesting nits when no mapping exists.]
11-19 05:43:39.680 1499 1645 I am_wtf : [0,1499,system_server,-1,DisplayDeviceConfig,requesting nits when no mapping exists.]
11-19 05:43:39.695 1499 2319 E DisplayDeviceConfig: requesting nits when no mapping exists.
11-19 05:43:39.695 1499 2319 E DisplayDeviceConfig: requesting nits when no mapping exists.
11-19 05:43:39.695 1499 1645 I am_wtf : [0,1499,system_server,-1,DisplayDeviceConfig,requesting nits when no mapping exists.]
11-19 05:43:39.697 1499 1645 I am_wtf : [0,1499,system_server,-1,DisplayDeviceConfig,requesting nits when no mapping exists.]
11-19 05:43:39.711 1499 2319 E DisplayDeviceConfig: requesting nits when no mapping exists.
11-19 05:43:39.712 1499 2319 E DisplayDeviceConfig: requesting nits when no mapping exists.
11-19 05:43:39.712 1499 1645 I am_wtf : [0,1499,system_server,-1,DisplayDeviceConfig,requesting nits when no mapping exists.]
11-19 05:43:39.713 1499 1645 I am_wtf : [0,1499,system_server,-1,DisplayDeviceConfig,requesting nits when no mapping exists.]
11-19 05:43:39.725 1499 1499 I GameModeConfig: isGameModeOn = false
11-19 05:43:39.732 1499 2319 E DisplayDeviceConfig: requesting nits when no mapping exists.
11-19 05:43:39.733 1499 2319 E DisplayDeviceConfig: requesting nits when no mapping exists.
11-19 05:43:39.733 1499 1645 I am_wtf : [0,1499,system_server,-1,DisplayDeviceConfig,requesting nits when no mapping exists.]
11-19 05:43:39.734 1499 1645 I am_wtf : [0,1499,system_server,-1,DisplayDeviceConfig,requesting nits when no mapping exists.]
11-19 05:43:39.746 1499 2319 E DisplayDeviceConfig: requesting nits when no mapping exists.
11-19 05:43:39.746 1499 2319 E DisplayDeviceConfig: requesting nits when no mapping exists.
11-19 05:43:39.746 1499 1645 I am_wtf : [0,1499,system_server,-1,DisplayDeviceConfig,requesting nits when no mapping exists.]
11-19 05:43:39.747 1499 1645 I am_wtf : [0,1499,system_server,-1,DisplayDeviceConfig,requesting nits when no mapping exists.]
11-19 05:43:39.764 1499 2319 E DisplayDeviceConfig: requesting nits when no mapping exists.
11-19 05:43:39.765 1499 1645 I am_wtf : [0,1499,system_server,-1,DisplayDeviceConfig,requesting nits when no mapping exists.]
11-19 05:43:39.766 1499 2319 E DisplayDeviceConfig: requesting nits when no mapping exists.
11-19 05:43:39.766 1499 1645 I am_wtf : [0,1499,system_server,-1,DisplayDeviceConfig,requesting nits when no mapping exists.]
11-19 05:43:39.778 1499 2319 E DisplayDeviceConfig: requesting nits when no mapping exists.
11-19 05:43:39.780 1499 1645 I am_wtf : [0,1499,system_server,-1,DisplayDeviceConfig,requesting nits when no mapping exists.]
11-19 05:43:39.781 1499 2319 E DisplayDeviceConfig: requesting nits when no mapping exists.
11-19 05:43:39.781 1499 1645 I am_wtf : [0,1499,system_server,-1,DisplayDeviceConfig,requesting nits when no mapping exists.]
11-19 05:43:39.800 1499 2319 E DisplayDeviceConfig: requesting nits when no mapping exists.
11-19 05:43:39.800 1499 2319 E DisplayDeviceConfig: requesting nits when no mapping exists.
11-19 05:43:39.800 1499 1645 I am_wtf : [0,1499,system_server,-1,DisplayDeviceConfig,requesting nits when no mapping exists.]
11-19 05:43:39.802 1499 1645 I am_wtf : [0,1499,system_server,-1,DisplayDeviceConfig,requesting nits when no mapping exists.]
11-19 05:43:39.812 1499 2319 E DisplayDeviceConfig: requesting nits when no mapping exists.
11-19 05:43:39.813 1499 1645 I am_wtf : [0,1499,system_server,-1,DisplayDeviceConfig,requesting nits when no mapping exists.]
11-19 05:43:39.814 1499 2319 E DisplayDeviceConfig: requesting nits when no mapping exists.
11-19 05:43:39.814 1499 1645 I am_wtf : [0,1499,system_server,-1,DisplayDeviceConfig,requesting nits when no mapping exists.]
11-19 05:43:39.828 1499 2319 E DisplayDeviceConfig: requesting nits when no mapping exists.
11-19 05:43:39.829 1499 1645 I am_wtf : [0,1499,system_server,-1,DisplayDeviceConfig,requesting nits when no mapping exists.]
11-19 05:43:39.829 1499 2319 E DisplayDeviceConfig: requesting nits when no mapping exists.
11-19 05:43:39.831 1499 1638 W WindowManager: updateScale0.7996942
11-19 05:43:39.831 1499 1645 I am_wtf : [0,1499,system_server,-1,DisplayDeviceConfig,requesting nits when no mapping exists.]
11-19 05:43:39.833 1499 1637 I wm_stop_activity: [0,19758722,com.android.launcher3/.uioverrides.QuickstepLauncher]
11-19 05:43:39.845 1499 2319 E DisplayDeviceConfig: requesting nits when no mapping exists.
11-19 05:43:39.845 1499 2319 E DisplayDeviceConfig: requesting nits when no mapping exists.
11-19 05:43:39.846 1499 1645 I am_wtf : [0,1499,system_server,-1,DisplayDeviceConfig,requesting nits when no mapping exists.]
11-19 05:43:39.847 1499 1645 I am_wtf : [0,1499,system_server,-1,DisplayDeviceConfig,requesting nits when no mapping exists.]
11-19 05:43:39.859 1499 8632 W WindowManager: updateScale0.7996942
11-19 05:43:39.863 1499 2319 E DisplayDeviceConfig: requesting nits when no mapping exists.
11-19 05:43:39.864 1499 2319 E DisplayDeviceConfig: requesting nits when no mapping exists.
11-19 05:43:39.864 1499 1645 I am_wtf : [0,1499,system_server,-1,DisplayDeviceConfig,requesting nits when no mapping exists.]
11-19 05:43:39.865 1499 1645 I am_wtf : [0,1499,system_server,-1,DisplayDeviceConfig,requesting nits when no mapping exists.]
11-19 05:43:39.867 2802 2802 I wm_on_stop_called: [19758722,com.android.launcher3.uioverrides.QuickstepLauncher,STOP_ACTIVITY_ITEM]
11-19 05:43:39.878 1499 2319 E DisplayDeviceConfig: requesting nits when no mapping exists.
11-19 05:43:39.879 1499 2319 E DisplayDeviceConfig: requesting nits when no mapping exists.
11-19 05:43:39.879 1499 1645 I am_wtf : [0,1499,system_server,-1,DisplayDeviceConfig,requesting nits when no mapping exists.]
11-19 05:43:39.879 1499 1645 I am_wtf : [0,1499,system_server,-1,DisplayDeviceConfig,requesting nits when no mapping exists.]
11-19 05:43:39.888 7802 7838 W ContextImpl: Calling a method in the system process without a qualified user: android.app.ContextImpl.startService:1816 android.content.ContextWrapper.startService:774 com.thundercomm.gamemode.ingame.services.GameModeActionUtils.startGameModeService:93 com.thundercomm.gamemode.ingame.services.GameModeActionUtils.startGameModeEntry:21 com.thundercomm.gamemode.ingame.services.ActivityMonitoringService$1.onActivityLaunch:127
11-19 05:43:39.892 1499 1499 I GameModeConfig: Current uri is uri = content://com.thundercomm.gamemode.api/gamemode_settings/gamemode_isgaming
11-19 05:43:39.893 1499 1499 I GameModeConfig: isGameModeOn = false
11-19 05:43:39.894 1499 1499 I GameModeConfig: isGameModeOn = false
11-19 05:43:39.894 1499 1499 I GameModeConfig: isDisableVoice = true
11-19 05:43:39.895 1499 2319 E DisplayDeviceConfig: requesting nits when no mapping exists.
11-19 05:43:39.895 1499 2319 E DisplayDeviceConfig: requesting nits when no mapping exists.
11-19 05:43:39.898 1499 1645 I am_wtf : [0,1499,system_server,-1,DisplayDeviceConfig,requesting nits when no mapping exists.]
11-19 05:43:39.898 1499 1645 I am_wtf : [0,1499,system_server,-1,DisplayDeviceConfig,requesting nits when no mapping exists.]
11-19 05:43:39.909 1499 2319 E DisplayDeviceConfig: requesting nits when no mapping exists.
11-19 05:43:39.909 1499 2319 E DisplayDeviceConfig: requesting nits when no mapping exists.
11-19 05:43:39.910 1499 1645 I am_wtf : [0,1499,system_server,-1,DisplayDeviceConfig,requesting nits when no mapping exists.]
11-19 05:43:39.911 1499 1645 I am_wtf : [0,1499,system_server,-1,DisplayDeviceConfig,requesting nits when no mapping exists.]
11-19 05:43:39.926 1499 2319 E DisplayDeviceConfig: requesting nits when no mapping exists.
11-19 05:43:39.926 1499 2319 E DisplayDeviceConfig: requesting nits when no mapping exists.
11-19 05:43:39.926 1499 1645 I am_wtf : [0,1499,system_server,-1,DisplayDeviceConfig,requesting nits when no mapping exists.]
11-19 05:43:39.927 1499 1645 I am_wtf : [0,1499,system_server,-1,DisplayDeviceConfig,requesting nits when no mapping exists.]
11-19 05:43:39.943 1499 2319 E DisplayDeviceConfig: requesting nits when no mapping exists.
11-19 05:43:39.943 1499 2319 E DisplayDeviceConfig: requesting nits when no mapping exists.
11-19 05:43:39.943 1499 1645 I am_wtf : [0,1499,system_server,-1,DisplayDeviceConfig,requesting nits when no mapping exists.]
11-19 05:43:39.944 1499 1645 I am_wtf : [0,1499,system_server,-1,DisplayDeviceConfig,requesting nits when no mapping exists.]
11-19 05:43:39.960 1499 2319 E DisplayDeviceConfig: requesting nits when no mapping exists.
11-19 05:43:39.961 1499 2319 E DisplayDeviceConfig: requesting nits when no mapping exists.
11-19 05:43:39.961 1499 1645 I am_wtf : [0,1499,system_server,-1,DisplayDeviceConfig,requesting nits when no mapping exists.]
11-19 05:43:39.962 1499 1645 I am_wtf : [0,1499,system_server,-1,DisplayDeviceConfig,requesting nits when no mapping exists.]
11-19 05:43:39.977 1499 2319 E DisplayDeviceConfig: requesting nits when no mapping exists.
11-19 05:43:39.977 1499 2319 E DisplayDeviceConfig: requesting nits when no mapping exists.
11-19 05:43:39.977 1499 1645 I am_wtf : [0,1499,system_server,-1,DisplayDeviceConfig,requesting nits when no mapping exists.]
11-19 05:43:39.978 1499 1645 I am_wtf : [0,1499,system_server,-1,DisplayDeviceConfig,requesting nits when no mapping exists.]
11-19 05:43:39.993 1499 2319 E DisplayDeviceConfig: requesting nits when no mapping exists.
11-19 05:43:39.994 1499 2319 E DisplayDeviceConfig: requesting nits when no mapping exists.
11-19 05:43:39.994 1499 1645 I am_wtf : [0,1499,system_server,-1,DisplayDeviceConfig,requesting nits when no mapping exists.]
11-19 05:43:39.995 1499 1645 I am_wtf : [0,1499,system_server,-1,DisplayDeviceConfig,requesting nits when no mapping exists.]
11-19 05:43:40.010 1499 2319 E DisplayDeviceConfig: requesting nits when no mapping exists.
11-19 05:43:40.010 1499 2319 E DisplayDeviceConfig: requesting nits when no mapping exists.
11-19 05:43:40.010 1499 1645 I am_wtf : [0,1499,system_server,-1,DisplayDeviceConfig,requesting nits when no mapping exists.]
11-19 05:43:40.012 1499 1645 I am_wtf : [0,1499,system_server,-1,DisplayDeviceConfig,requesting nits when no mapping exists.]
11-19 05:43:40.026 1499 2319 E DisplayDeviceConfig: requesting nits when no mapping exists.
11-19 05:43:40.027 1499 1645 I am_wtf : [0,1499,system_server,-1,DisplayDeviceConfig,requesting nits when no mapping exists.]
11-19 05:43:40.027 1499 2319 E DisplayDeviceConfig: requesting nits when no mapping exists.
11-19 05:43:40.028 1499 1645 I am_wtf : [0,1499,system_server,-1,DisplayDeviceConfig,requesting nits when no mapping exists.]
11-19 05:43:40.044 1499 2319 E DisplayDeviceConfig: requesting nits when no mapping exists.
11-19 05:43:40.045 1499 2319 E DisplayDeviceConfig: requesting nits when no mapping exists.
11-19 05:43:40.045 1499 1645 I am_wtf : [0,1499,system_server,-1,DisplayDeviceConfig,requesting nits when no mapping exists.]
11-19 05:43:40.047 1499 1645 I am_wtf : [0,1499,system_server,-1,DisplayDeviceConfig,requesting nits when no mapping exists.]
11-19 05:43:40.060 1499 2319 E DisplayDeviceConfig: requesting nits when no mapping exists.
11-19 05:43:40.060 1499 2319 E DisplayDeviceConfig: requesting nits when no mapping exists.
11-19 05:43:40.061 1499 1645 I am_wtf : [0,1499,system_server,-1,DisplayDeviceConfig,requesting nits when no mapping exists.]
11-19 05:43:40.062 1499 1645 I am_wtf : [0,1499,system_server,-1,DisplayDeviceConfig,requesting nits when no mapping exists.]
11-19 05:43:40.077 1499 2319 E DisplayDeviceConfig: requesting nits when no mapping exists.
11-19 05:43:40.077 1499 2319 E DisplayDeviceConfig: requesting nits when no mapping exists.
11-19 05:43:40.077 1499 1645 I am_wtf : [0,1499,system_server,-1,DisplayDeviceConfig,requesting nits when no mapping exists.]
11-19 05:43:40.078 1499 1645 I am_wtf : [0,1499,system_server,-1,DisplayDeviceConfig,requesting nits when no mapping exists.]
11-19 05:43:40.093 1499 2319 E DisplayDeviceConfig: requesting nits when no mapping exists.
11-19 05:43:40.093 1499 2319 E DisplayDeviceConfig: requesting nits when no mapping exists.
11-19 05:43:40.093 1499 1645 I am_wtf : [0,1499,system_server,-1,DisplayDeviceConfig,requesting nits when no mapping exists.]
11-19 05:43:40.094 1499 1645 I am_wtf : [0,1499,system_server,-1,DisplayDeviceConfig,requesting nits when no mapping exists.]
11-19 05:43:40.110 1499 2319 E DisplayDeviceConfig: requesting nits when no mapping exists.
11-19 05:43:40.111 1499 2319 E DisplayDeviceConfig: requesting nits when no mapping exists.
11-19 05:43:40.112 1499 1645 I am_wtf : [0,1499,system_server,-1,DisplayDeviceConfig,requesting nits when no mapping exists.]
11-19 05:43:40.113 1499 1645 I am_wtf : [0,1499,system_server,-1,DisplayDeviceConfig,requesting nits when no mapping exists.]
11-19 05:43:40.127 1499 2319 E DisplayDeviceConfig: requesting nits when no mapping exists.
11-19 05:43:40.127 1499 2319 E DisplayDeviceConfig: requesting nits when no mapping exists.
11-19 05:43:40.128 1499 1645 I am_wtf : [0,1499,system_server,-1,DisplayDeviceConfig,requesting nits when no mapping exists.]
11-19 05:43:40.129 1499 1645 I am_wtf : [0,1499,system_server,-1,DisplayDeviceConfig,requesting nits when no mapping exists.]
11-19 05:43:40.131 0 0 I auditd : type=1400 audit(0.0:14176): avc: denied { kill } for comm="swapper/3" capability=5 scontext=u:r:kernel:s0 tcontext=u:r:kernel:s0 tclass=capability permissive=0
11-19 05:43:40.143 1499 2319 E DisplayDeviceConfig: requesting nits when no mapping exists.
11-19 05:43:40.144 1499 2319 E DisplayDeviceConfig: requesting nits when no mapping exists.
11-19 05:43:40.144 1499 1645 I am_wtf : [0,1499,system_server,-1,DisplayDeviceConfig,requesting nits when no mapping exists.]
11-19 05:43:40.145 1499 1645 I am_wtf : [0,1499,system_server,-1,DisplayDeviceConfig,requesting nits when no mapping exists.]
11-19 05:43:40.160 1499 2319 E DisplayDeviceConfig: requesting nits when no mapping exists.
11-19 05:43:40.161 1499 1645 I am_wtf : [0,1499,system_server,-1,DisplayDeviceConfig,requesting nits when no mapping exists.]
11-19 05:43:40.161 1499 2319 E DisplayDeviceConfig: requesting nits when no mapping exists.
11-19 05:43:40.162 1499 1645 I am_wtf : [0,1499,system_server,-1,DisplayDeviceConfig,requesting nits when no mapping exists.]
11-19 05:43:40.177 1499 2319 E DisplayDeviceConfig: requesting nits when no mapping exists.
11-19 05:43:40.178 1499 1645 I am_wtf : [0,1499,system_server,-1,DisplayDeviceConfig,requesting nits when no mapping exists.]
11-19 05:43:40.179 1499 2319 E DisplayDeviceConfig: requesting nits when no mapping exists.
11-19 05:43:40.179 1499 1645 I am_wtf : [0,1499,system_server,-1,DisplayDeviceConfig,requesting nits when no mapping exists.]
11-19 05:43:40.194 1499 2319 E DisplayDeviceConfig: requesting nits when no mapping exists.
11-19 05:43:40.194 1499 2319 E DisplayDeviceConfig: requesting nits when no mapping exists.
11-19 05:43:40.195 1499 1645 I am_wtf : [0,1499,system_server,-1,DisplayDeviceConfig,requesting nits when no mapping exists.]
11-19 05:43:40.196 1499 1645 I am_wtf : [0,1499,system_server,-1,DisplayDeviceConfig,requesting nits when no mapping exists.]
11-19 05:43:40.210 1499 2319 E DisplayDeviceConfig: requesting nits when no mapping exists.
11-19 05:43:40.211 1499 2319 E DisplayDeviceConfig: requesting nits when no mapping exists.
11-19 05:43:40.212 1499 1645 I am_wtf : [0,1499,system_server,-1,DisplayDeviceConfig,requesting nits when no mapping exists.]
11-19 05:43:40.213 1499 1645 I am_wtf : [0,1499,system_server,-1,DisplayDeviceConfig,requesting nits when no mapping exists.]
11-19 05:43:40.227 1499 2319 E DisplayDeviceConfig: requesting nits when no mapping exists.
11-19 05:43:40.228 1499 2319 E DisplayDeviceConfig: requesting nits when no mapping exists.
11-19 05:43:40.228 1499 1645 I am_wtf : [0,1499,system_server,-1,DisplayDeviceConfig,requesting nits when no mapping exists.]
11-19 05:43:40.229 1499 1645 I am_wtf : [0,1499,system_server,-1,DisplayDeviceConfig,requesting nits when no mapping exists.]
11-19 05:43:40.245 1499 2319 E DisplayDeviceConfig: requesting nits when no mapping exists.
11-19 05:43:40.245 1499 2319 E DisplayDeviceConfig: requesting nits when no mapping exists.
11-19 05:43:40.246 1499 1645 I am_wtf : [0,1499,system_server,-1,DisplayDeviceConfig,requesting nits when no mapping exists.]
11-19 05:43:40.247 1499 1645 I am_wtf : [0,1499,system_server,-1,DisplayDeviceConfig,requesting nits when no mapping exists.]
11-19 05:43:40.260 1499 2319 E DisplayDeviceConfig: requesting nits when no mapping exists.
11-19 05:43:40.261 1499 2319 E DisplayDeviceConfig: requesting nits when no mapping exists.
11-19 05:43:40.261 1499 1645 I am_wtf : [0,1499,system_server,-1,DisplayDeviceConfig,requesting nits when no mapping exists.]
11-19 05:43:40.263 1499 1645 I am_wtf : [0,1499,system_server,-1,DisplayDeviceConfig,requesting nits when no mapping exists.]
11-19 05:43:40.277 1499 2319 E DisplayDeviceConfig: requesting nits when no mapping exists.
11-19 05:43:40.278 1499 1645 I am_wtf : [0,1499,system_server,-1,DisplayDeviceConfig,requesting nits when no mapping exists.]
11-19 05:43:40.279 1499 2319 E DisplayDeviceConfig: requesting nits when no mapping exists.
11-19 05:43:40.280 1499 1645 I am_wtf : [0,1499,system_server,-1,DisplayDeviceConfig,requesting nits when no mapping exists.]
11-19 05:43:40.294 1499 2319 E DisplayDeviceConfig: requesting nits when no mapping exists.
11-19 05:43:40.295 1499 2319 E DisplayDeviceConfig: requesting nits when no mapping exists.
11-19 05:43:40.295 1499 1645 I am_wtf : [0,1499,system_server,-1,DisplayDeviceConfig,requesting nits when no mapping exists.]
11-19 05:43:40.295 1499 1645 I am_wtf : [0,1499,system_server,-1,DisplayDeviceConfig,requesting nits when no mapping exists.]
11-19 05:43:40.311 1499 2319 E DisplayDeviceConfig: requesting nits when no mapping exists.
11-19 05:43:40.311 1499 2319 E DisplayDeviceConfig: requesting nits when no mapping exists.
11-19 05:43:40.311 1499 1645 I am_wtf : [0,1499,system_server,-1,DisplayDeviceConfig,requesting nits when no mapping exists.]
11-19 05:43:40.312 1499 1645 I am_wtf : [0,1499,system_server,-1,DisplayDeviceConfig,requesting nits when no mapping exists.]
11-19 05:43:40.327 1499 2319 E DisplayDeviceConfig: requesting nits when no mapping exists.
11-19 05:43:40.328 1499 1645 I am_wtf : [0,1499,system_server,-1,DisplayDeviceConfig,requesting nits when no mapping exists.]
11-19 05:43:40.328 1499 2319 E DisplayDeviceConfig: requesting nits when no mapping exists.
11-19 05:43:40.329 1499 1645 I am_wtf : [0,1499,system_server,-1,DisplayDeviceConfig,requesting nits when no mapping exists.]
11-19 05:43:40.344 1499 2319 E DisplayDeviceConfig: requesting nits when no mapping exists.
11-19 05:43:40.346 1499 1645 I am_wtf : [0,1499,system_server,-1,DisplayDeviceConfig,requesting nits when no mapping exists.]
11-19 05:43:40.348 1499 2319 E DisplayDeviceConfig: requesting nits when no mapping exists.
11-19 05:43:40.349 1499 1645 I am_wtf : [0,1499,system_server,-1,DisplayDeviceConfig,requesting nits when no mapping exists.]
11-19 05:43:40.361 1499 2319 E DisplayDeviceConfig: requesting nits when no mapping exists.
11-19 05:43:40.362 1499 2319 E DisplayDeviceConfig: requesting nits when no mapping exists.
11-19 05:43:40.362 1499 1645 I am_wtf : [0,1499,system_server,-1,DisplayDeviceConfig,requesting nits when no mapping exists.]
11-19 05:43:40.363 1499 1645 I am_wtf : [0,1499,system_server,-1,DisplayDeviceConfig,requesting nits when no mapping exists.]
11-19 05:43:40.381 1499 2319 E DisplayDeviceConfig: requesting nits when no mapping exists.
11-19 05:43:40.382 1499 2319 E DisplayDeviceConfig: requesting nits when no mapping exists.
11-19 05:43:40.386 1499 1645 I am_wtf : [0,1499,system_server,-1,DisplayDeviceConfig,requesting nits when no mapping exists.]
11-19 05:43:40.387 1499 1645 I am_wtf : [0,1499,system_server,-1,DisplayDeviceConfig,requesting nits when no mapping exists.]
11-19 05:43:40.402 1499 2319 E DisplayDeviceConfig: requesting nits when no mapping exists.
11-19 05:43:40.403 1499 2319 E DisplayDeviceConfig: requesting nits when no mapping exists.
11-19 05:43:40.403 1499 1645 I am_wtf : [0,1499,system_server,-1,DisplayDeviceConfig,requesting nits when no mapping exists.]
11-19 05:43:40.403 1499 1645 I am_wtf : [0,1499,system_server,-1,DisplayDeviceConfig,requesting nits when no mapping exists.]
11-19 05:43:40.421 1499 2319 E DisplayDeviceConfig: requesting nits when no mapping exists.
11-19 05:43:40.422 1499 2319 E DisplayDeviceConfig: requesting nits when no mapping exists.
11-19 05:43:40.422 1499 1645 I am_wtf : [0,1499,system_server,-1,DisplayDeviceConfig,requesting nits when no mapping exists.]
11-19 05:43:40.427 1499 1645 I am_wtf : [0,1499,system_server,-1,DisplayDeviceConfig,requesting nits when no mapping exists.]
11-19 05:43:40.429 1499 2319 E DisplayDeviceConfig: requesting nits when no mapping exists.
11-19 05:43:40.430 1499 2319 E DisplayDeviceConfig: requesting nits when no mapping exists.
11-19 05:43:40.430 1499 1645 I am_wtf : [0,1499,system_server,-1,DisplayDeviceConfig,requesting nits when no mapping exists.]
11-19 05:43:40.432 1499 1645 I am_wtf : [0,1499,system_server,-1,DisplayDeviceConfig,requesting nits when no mapping exists.]
11-19 05:43:40.447 1499 2319 E DisplayDeviceConfig: requesting nits when no mapping exists.
11-19 05:43:40.448 1499 2319 E DisplayDeviceConfig: requesting nits when no mapping exists.
11-19 05:43:40.449 1499 1645 I am_wtf : [0,1499,system_server,-1,DisplayDeviceConfig,requesting nits when no mapping exists.]
11-19 05:43:40.450 1499 1645 I am_wtf : [0,1499,system_server,-1,DisplayDeviceConfig,requesting nits when no mapping exists.]
11-19 05:43:40.469 1499 2319 E DisplayDeviceConfig: requesting nits when no mapping exists.
11-19 05:43:40.469 1499 2319 E DisplayDeviceConfig: requesting nits when no mapping exists.
11-19 05:43:40.469 1499 1645 I am_wtf : [0,1499,system_server,-1,DisplayDeviceConfig,requesting nits when no mapping exists.]
11-19 05:43:40.470 1499 1645 I am_wtf : [0,1499,system_server,-1,DisplayDeviceConfig,requesting nits when no mapping exists.]
11-19 05:43:40.487 1499 2319 E DisplayDeviceConfig: requesting nits when no mapping exists.
11-19 05:43:40.488 1499 1645 I am_wtf : [0,1499,system_server,-1,DisplayDeviceConfig,requesting nits when no mapping exists.]
11-19 05:43:40.489 1499 2319 E DisplayDeviceConfig: requesting nits when no mapping exists.
11-19 05:43:40.489 1499 1645 I am_wtf : [0,1499,system_server,-1,DisplayDeviceConfig,requesting nits when no mapping exists.]
11-19 05:43:40.504 1499 2319 E DisplayDeviceConfig: requesting nits when no mapping exists.
11-19 05:43:40.505 1499 2319 E DisplayDeviceConfig: requesting nits when no mapping exists.
11-19 05:43:40.506 1499 1645 I am_wtf : [0,1499,system_server,-1,DisplayDeviceConfig,requesting nits when no mapping exists.]
11-19 05:43:40.507 1499 1645 I am_wtf : [0,1499,system_server,-1,DisplayDeviceConfig,requesting nits when no mapping exists.]
11-19 05:43:42.131 0 0 I auditd : type=1400 audit(0.0:14177): avc: denied { kill } for comm="swapper/3" capability=5 scontext=u:r:kernel:s0 tcontext=u:r:kernel:s0 tclass=capability permissive=0
11-19 05:43:43.131 0 0 I auditd : type=1400 audit(0.0:14178): avc: denied { kill } for comm="swapper/3" capability=5 scontext=u:r:kernel:s0 tcontext=u:r:kernel:s0 tclass=capability permissive=0
11-19 05:43:44.131 0 0 I auditd : type=1400 audit(0.0:14179): avc: denied { kill } for comm="swapper/3" capability=5 scontext=u:r:kernel:s0 tcontext=u:r:kernel:s0 tclass=capability permissive=0
11-19 05:43:45.131 0 0 I auditd : type=1400 audit(0.0:14180): avc: denied { kill } for comm="swapper/3" capability=5 scontext=u:r:kernel:s0 tcontext=u:r:kernel:s0 tclass=capability permissive=0
11-19 05:43:45.602 1499 1645 I am_uid_idle: 10021
11-19 05:43:46.131 0 0 I auditd : type=1400 audit(0.0:14181): avc: denied { kill } for comm="swapper/3" capability=5 scontext=u:r:kernel:s0 tcontext=u:r:kernel:s0 tclass=capability permissive=0
11-19 05:43:47.131 0 0 I auditd : type=1400 audit(0.0:14182): avc: denied { kill } for comm="swapper/3" capability=5 scontext=u:r:kernel:s0 tcontext=u:r:kernel:s0 tclass=capability permissive=0
11-19 05:43:48.131 0 0 I auditd : type=1400 audit(0.0:14183): avc: denied { kill } for comm="swapper/3" capability=5 scontext=u:r:kernel:s0 tcontext=u:r:kernel:s0 tclass=capability permissive=0
11-19 05:43:49.131 0 0 I auditd : type=1400 audit(0.0:14184): avc: denied { kill } for comm="swapper/3" capability=5 scontext=u:r:kernel:s0 tcontext=u:r:kernel:s0 tclass=capability permissive=0
11-19 05:43:49.736 1499 2284 I GameModeConfig: isGameModeOn = false
11-19 05:43:50.131 0 0 I auditd : type=1400 audit(0.0:14185): avc: denied { kill } for comm="swapper/3" capability=5 scontext=u:r:kernel:s0 tcontext=u:r:kernel:s0 tclass=capability permissive=0
11-19 05:43:51.131 0 0 I auditd : type=1400 audit(0.0:14186): avc: denied { kill } for comm="swapper/3" capability=5 scontext=u:r:kernel:s0 tcontext=u:r:kernel:s0 tclass=capability permissive=0
11-19 05:43:52.131 0 0 I auditd : type=1400 audit(0.0:14187): avc: denied { kill } for comm="swapper/3" capability=5 scontext=u:r:kernel:s0 tcontext=u:r:kernel:s0 tclass=capability permissive=0
11-19 05:43:53.131 0 0 I auditd : type=1400 audit(0.0:14188): avc: denied { kill } for comm="swapper/3" capability=5 scontext=u:r:kernel:s0 tcontext=u:r:kernel:s0 tclass=capability permissive=0
11-19 05:43:54.131 0 0 I auditd : type=1400 audit(0.0:14189): avc: denied { kill } for comm="swapper/3" capability=5 scontext=u:r:kernel:s0 tcontext=u:r:kernel:s0 tclass=capability permissive=0
11-19 05:43:55.131 0 0 I auditd : type=1400 audit(0.0:14190): avc: denied { kill } for comm="swapper/3" capability=5 scontext=u:r:kernel:s0 tcontext=u:r:kernel:s0 tclass=capability permissive=0
11-19 05:43:56.131 0 0 I auditd : type=1400 audit(0.0:14191): avc: denied { kill } for comm="swapper/3" capability=5 scontext=u:r:kernel:s0 tcontext=u:r:kernel:s0 tclass=capability permissive=0
11-19 05:43:57.131 0 0 I auditd : type=1400 audit(0.0:14192): avc: denied { kill } for comm="swapper/3" capability=5 scontext=u:r:kernel:s0 tcontext=u:r:kernel:s0 tclass=capability permissive=0
11-19 05:44:02.131 0 0 I auditd : type=1400 audit(0.0:14193): avc: denied { kill } for comm="swapper/3" capability=5 scontext=u:r:kernel:s0 tcontext=u:r:kernel:s0 tclass=capability permissive=0
11-19 05:44:03.131 0 0 I auditd : type=1400 audit(0.0:14194): avc: denied { kill } for comm="swapper/3" capability=5 scontext=u:r:kernel:s0 tcontext=u:r:kernel:s0 tclass=capability permissive=0
11-19 05:44:04.131 0 0 I auditd : type=1400 audit(0.0:14195): avc: denied { kill } for comm="swapper/3" capability=5 scontext=u:r:kernel:s0 tcontext=u:r:kernel:s0 tclass=capability permissive=0
11-19 05:44:05.131 0 0 I auditd : type=1400 audit(0.0:14196): avc: denied { kill } for comm="swapper/3" capability=5 scontext=u:r:kernel:s0 tcontext=u:r:kernel:s0 tclass=capability permissive=0
11-19 05:44:06.131 0 0 I auditd : type=1400 audit(0.0:14197): avc: denied { kill } for comm="swapper/3" capability=5 scontext=u:r:kernel:s0 tcontext=u:r:kernel:s0 tclass=capability permissive=0
11-19 05:44:07.131 0 0 I auditd : type=1400 audit(0.0:14198): avc: denied { kill } for comm="swapper/3" capability=5 scontext=u:r:kernel:s0 tcontext=u:r:kernel:s0 tclass=capability permissive=0
11-19 05:44:08.131 0 0 I auditd : type=1400 audit(0.0:14199): avc: denied { kill } for comm="swapper/3" capability=5 scontext=u:r:kernel:s0 tcontext=u:r:kernel:s0 tclass=capability permissive=0
11-19 05:44:09.131 0 0 I auditd : type=1400 audit(0.0:14200): avc: denied { kill } for comm="swapper/3" capability=5 scontext=u:r:kernel:s0 tcontext=u:r:kernel:s0 tclass=capability permissive=0
11-19 05:44:10.131 0 0 I auditd : type=1400 audit(0.0:14201): avc: denied { kill } for comm="swapper/3" capability=5 scontext=u:r:kernel:s0 tcontext=u:r:kernel:s0 tclass=capability permissive=0
11-19 05:44:11.131 0 0 I auditd : type=1400 audit(0.0:14202): avc: denied { kill } for comm="swapper/3" capability=5 scontext=u:r:kernel:s0 tcontext=u:r:kernel:s0 tclass=capability permissive=0
11-19 05:44:11.135 1499 1793 D ActivityManager: freezing 14043 com.android.permissioncontroller
11-19 05:44:11.136 1499 1793 E ActivityManager: Unable to freeze binder for 14043 com.android.permissioncontroller
11-19 05:44:11.137 1499 1793 D ActivityManager: froze 14043 com.android.permissioncontroller
11-19 05:44:11.137 1499 1793 I am_freeze: [14043,com.android.permissioncontroller]
11-19 05:44:11.138 1499 1793 E ActivityManager: Unable to freeze binder for 14043 com.android.permissioncontroller
11-19 05:44:11.138 1499 1793 I ActivityManager: Killing 14043:com.android.permissioncontroller/u0a94 (adj 945): Unable to freeze binder interface
11-19 05:44:11.138 1499 1793 I am_kill : [0,14043,com.android.permissioncontroller,945,Unable to freeze binder interface]
11-19 05:44:11.190 1499 2761 I am_proc_died: [0,14043,com.android.permissioncontroller,945,19]
11-19 05:44:11.191 1499 2761 I am_uid_stopped: 10094
11-19 05:44:11.203 1499 1644 I am_pss : [14806,1000,com.android.settings,40240128,29786112,0,168665088,0,15,9]
11-19 05:44:11.209 1499 1644 I am_pss : [14896,10089,com.qualcomm.qti.qccauthmgr,6509568,4296704,0,95109120,0,19,5]
11-19 05:44:12.131 0 0 I auditd : type=1400 audit(0.0:14203): avc: denied { kill } for comm="swapper/3" capability=5 scontext=u:r:kernel:s0 tcontext=u:r:kernel:s0 tclass=capability permissive=0
11-19 05:44:13.131 0 0 I auditd : type=1400 audit(0.0:14204): avc: denied { kill } for comm="swapper/3" capability=5 scontext=u:r:kernel:s0 tcontext=u:r:kernel:s0 tclass=capability permissive=0
11-19 05:44:14.131 0 0 I auditd : type=1400 audit(0.0:14205): avc: denied { kill } for comm="swapper/3" capability=5 scontext=u:r:kernel:s0 tcontext=u:r:kernel:s0 tclass=capability permissive=0
11-19 05:44:14.962 1499 1793 D ActivityManager: freezing 14465 com.android.deskclock
11-19 05:44:14.962 1499 1793 E ActivityManager: Unable to freeze binder for 14465 com.android.deskclock
11-19 05:44:14.963 1499 1793 D ActivityManager: froze 14465 com.android.deskclock
11-19 05:44:14.963 1499 1793 I am_freeze: [14465,com.android.deskclock]
11-19 05:44:14.963 1499 1793 E ActivityManager: Unable to freeze binder for 14465 com.android.deskclock
11-19 05:44:14.964 1499 1793 I ActivityManager: Killing 14465:com.android.deskclock/u0a63 (adj 915): Unable to freeze binder interface
11-19 05:44:14.965 1499 1793 I am_kill : [0,14465,com.android.deskclock,915,Unable to freeze binder interface]
11-19 05:44:15.003 1499 2761 I am_proc_died: [0,14465,com.android.deskclock,915,19]
11-19 05:44:15.004 1499 2761 I am_uid_stopped: 10063
11-19 05:44:15.006 1499 1637 W ActivityManager: setHasOverlayUi called on unknown pid: 14465
11-19 05:44:15.131 0 0 I auditd : type=1400 audit(0.0:14206): avc: denied { kill } for comm="swapper/3" capability=5 scontext=u:r:kernel:s0 tcontext=u:r:kernel:s0 tclass=capability permissive=0
11-19 05:44:16.131 0 0 I auditd : type=1400 audit(0.0:14207): avc: denied { kill } for comm="swapper/3" capability=5 scontext=u:r:kernel:s0 tcontext=u:r:kernel:s0 tclass=capability permissive=0
11-19 05:44:17.131 0 0 I auditd : type=1400 audit(0.0:14208): avc: denied { kill } for comm="swapper/3" capability=5 scontext=u:r:kernel:s0 tcontext=u:r:kernel:s0 tclass=capability permissive=0
11-19 05:44:18.131 0 0 I auditd : type=1400 audit(0.0:14209): avc: denied { kill } for comm="swapper/3" capability=5 scontext=u:r:kernel:s0 tcontext=u:r:kernel:s0 tclass=capability permissive=0
11-19 05:44:19.131 0 0 I auditd : type=1400 audit(0.0:14210): avc: denied { kill } for comm="swapper/3" capability=5 scontext=u:r:kernel:s0 tcontext=u:r:kernel:s0 tclass=capability permissive=0
11-19 05:44:20.131 0 0 I auditd : type=1400 audit(0.0:14211): avc: denied { kill } for comm="swapper/3" capability=5 scontext=u:r:kernel:s0 tcontext=u:r:kernel:s0 tclass=capability permissive=0
11-19 05:44:21.131 0 0 I auditd : type=1400 audit(0.0:14212): avc: denied { kill } for comm="swapper/3" capability=5 scontext=u:r:kernel:s0 tcontext=u:r:kernel:s0 tclass=capability permissive=0
11-19 05:44:22.131 0 0 I auditd : type=1400 audit(0.0:14213): avc: denied { kill } for comm="swapper/3" capability=5 scontext=u:r:kernel:s0 tcontext=u:r:kernel:s0 tclass=capability permissive=0
