11-19 04:51:46.535 1499 2319 E DisplayDeviceConfig: requesting nits when no mapping exists.
11-19 04:51:46.550 1499 2319 E DisplayDeviceConfig: requesting nits when no mapping exists.
11-19 04:51:46.551 1499 2319 E DisplayDeviceConfig: requesting nits when no mapping exists.
11-19 04:51:46.568 1499 2319 E DisplayDeviceConfig: requesting nits when no mapping exists.
11-19 04:51:46.571 1499 2319 E DisplayDeviceConfig: requesting nits when no mapping exists.
11-19 04:51:46.585 1499 2319 E DisplayDeviceConfig: requesting nits when no mapping exists.
11-19 04:51:46.587 1499 2319 E DisplayDeviceConfig: requesting nits when no mapping exists.
11-19 04:51:46.602 1499 2319 E DisplayDeviceConfig: requesting nits when no mapping exists.
11-19 04:51:46.606 1499 2319 E DisplayDeviceConfig: requesting nits when no mapping exists.
11-19 04:51:46.620 1499 2319 E DisplayDeviceConfig: requesting nits when no mapping exists.
11-19 04:51:46.621 1499 2319 E DisplayDeviceConfig: requesting nits when no mapping exists.
11-19 04:51:46.636 1499 2319 E DisplayDeviceConfig: requesting nits when no mapping exists.
11-19 04:51:46.637 1499 2319 E DisplayDeviceConfig: requesting nits when no mapping exists.
11-19 04:51:46.651 1499 2319 E DisplayDeviceConfig: requesting nits when no mapping exists.
11-19 04:51:46.651 1499 2319 E DisplayDeviceConfig: requesting nits when no mapping exists.
11-19 04:51:46.671 1499 2319 E DisplayDeviceConfig: requesting nits when no mapping exists.
11-19 04:51:46.672 1499 2319 E DisplayDeviceConfig: requesting nits when no mapping exists.
11-19 04:51:46.688 1499 2319 E DisplayDeviceConfig: requesting nits when no mapping exists.
11-19 04:51:46.689 1499 2319 E DisplayDeviceConfig: requesting nits when no mapping exists.
11-19 04:51:46.701 1499 2319 E DisplayDeviceConfig: requesting nits when no mapping exists.
11-19 04:51:46.701 1499 2319 E DisplayDeviceConfig: requesting nits when no mapping exists.
11-19 04:51:46.719 1499 2319 E DisplayDeviceConfig: requesting nits when no mapping exists.
11-19 04:51:46.720 1499 2319 E DisplayDeviceConfig: requesting nits when no mapping exists.
11-19 04:51:46.733 1499 2319 E DisplayDeviceConfig: requesting nits when no mapping exists.
11-19 04:51:46.733 1499 2319 E DisplayDeviceConfig: requesting nits when no mapping exists.
11-19 04:51:46.749 1499 2319 E DisplayDeviceConfig: requesting nits when no mapping exists.
11-19 04:51:46.750 1499 2319 E DisplayDeviceConfig: requesting nits when no mapping exists.
11-19 04:51:46.766 1499 2319 E DisplayDeviceConfig: requesting nits when no mapping exists.
11-19 04:51:46.766 1499 2319 E DisplayDeviceConfig: requesting nits when no mapping exists.
11-19 04:51:46.783 1499 2319 E DisplayDeviceConfig: requesting nits when no mapping exists.
11-19 04:51:46.783 1499 2319 E DisplayDeviceConfig: requesting nits when no mapping exists.
11-19 04:51:46.801 1499 2319 E DisplayDeviceConfig: requesting nits when no mapping exists.
11-19 04:51:46.801 1499 2319 E DisplayDeviceConfig: requesting nits when no mapping exists.
11-19 04:51:46.816 1499 2319 E DisplayDeviceConfig: requesting nits when no mapping exists.
11-19 04:51:46.817 1499 2319 E DisplayDeviceConfig: requesting nits when no mapping exists.
11-19 04:51:46.832 1499 2319 E DisplayDeviceConfig: requesting nits when no mapping exists.
11-19 04:51:46.833 1499 2319 E DisplayDeviceConfig: requesting nits when no mapping exists.
11-19 04:51:46.849 1499 2319 E DisplayDeviceConfig: requesting nits when no mapping exists.
11-19 04:51:46.849 1499 2319 E DisplayDeviceConfig: requesting nits when no mapping exists.
11-19 04:51:46.867 1499 2319 E DisplayDeviceConfig: requesting nits when no mapping exists.
11-19 04:51:46.868 1499 2319 E DisplayDeviceConfig: requesting nits when no mapping exists.
11-19 04:51:46.885 1499 2319 E DisplayDeviceConfig: requesting nits when no mapping exists.
11-19 04:51:46.886 1499 2319 E DisplayDeviceConfig: requesting nits when no mapping exists.
11-19 04:51:46.900 1499 2319 E DisplayDeviceConfig: requesting nits when no mapping exists.
11-19 04:51:46.900 1499 2319 E DisplayDeviceConfig: requesting nits when no mapping exists.
11-19 04:51:46.916 1499 2319 E DisplayDeviceConfig: requesting nits when no mapping exists.
11-19 04:51:46.916 1499 2319 E DisplayDeviceConfig: requesting nits when no mapping exists.
11-19 04:51:46.935 1499 2319 E DisplayDeviceConfig: requesting nits when no mapping exists.
11-19 04:51:46.936 1499 2319 E DisplayDeviceConfig: requesting nits when no mapping exists.
11-19 04:51:46.950 1499 2319 E DisplayDeviceConfig: requesting nits when no mapping exists.
11-19 04:51:46.952 1499 2319 E DisplayDeviceConfig: requesting nits when no mapping exists.
11-19 04:51:46.967 1499 2319 E DisplayDeviceConfig: requesting nits when no mapping exists.
11-19 04:51:46.968 1499 2319 E DisplayDeviceConfig: requesting nits when no mapping exists.
11-19 04:51:46.984 1499 2319 E DisplayDeviceConfig: requesting nits when no mapping exists.
11-19 04:51:46.984 1499 2319 E DisplayDeviceConfig: requesting nits when no mapping exists.
11-19 04:51:47.000 1499 2319 E DisplayDeviceConfig: requesting nits when no mapping exists.
11-19 04:51:47.001 1499 2319 E DisplayDeviceConfig: requesting nits when no mapping exists.
11-19 04:51:47.016 1499 2319 E DisplayDeviceConfig: requesting nits when no mapping exists.
11-19 04:51:47.017 1499 2319 E DisplayDeviceConfig: requesting nits when no mapping exists.
11-19 04:51:47.033 1499 2319 E DisplayDeviceConfig: requesting nits when no mapping exists.
11-19 04:51:47.034 1499 2319 E DisplayDeviceConfig: requesting nits when no mapping exists.
11-19 04:51:47.050 1499 2319 E DisplayDeviceConfig: requesting nits when no mapping exists.
11-19 04:51:47.052 1499 2319 E DisplayDeviceConfig: requesting nits when no mapping exists.
11-19 04:51:47.067 1499 2319 E DisplayDeviceConfig: requesting nits when no mapping exists.
11-19 04:51:47.072 1499 2319 E DisplayDeviceConfig: requesting nits when no mapping exists.
11-19 04:51:47.087 1499 2319 E DisplayDeviceConfig: requesting nits when no mapping exists.
11-19 04:51:47.088 1499 2319 E DisplayDeviceConfig: requesting nits when no mapping exists.
11-19 04:51:47.108 1499 2319 E DisplayDeviceConfig: requesting nits when no mapping exists.
11-19 04:51:47.108 1499 2319 E DisplayDeviceConfig: requesting nits when no mapping exists.
11-19 04:51:56.343 1499 2284 I GameModeConfig: isGameModeOn = false
11-19 04:57:08.601 1499 8533 I DreamManagerService: Gently waking up from dream.
11-19 04:57:08.602 1499 1634 I DreamManagerService: Performing gentle wake from dream.
11-19 04:57:08.604 1499 8917 I ActivityTaskManager: FOREGROUND_APPLICATION_CHANGED to com.tc.logclient.LogClientActivity
11-19 04:57:08.678 1499 1663 I PowerManagerService: Powering on display group fromDreaming (groupId=0, uid=1000, reason=WAKE_REASON_UNKNOWN, details=android.server.power:DREAM_FINISHED)...
11-19 04:57:08.678 1499 1663 I PowerManagerService: Waking up from Dreaming (uid=1000, reason=WAKE_REASON_UNKNOWN, details=android.server.power:DREAM_FINISHED)...
11-19 04:57:08.719 7802 7838 W ContextImpl: Calling a method in the system process without a qualified user: android.app.ContextImpl.startService:1816 android.content.ContextWrapper.startService:774 com.thundercomm.gamemode.ingame.services.GameModeActionUtils.startGameModeService:93 com.thundercomm.gamemode.ingame.services.GameModeActionUtils.startGameModeEntry:21 com.thundercomm.gamemode.ingame.services.ActivityMonitoringService$1.onActivityLaunch:127
11-19 04:57:08.725 1499 1499 I GameModeConfig: Current uri is uri = content://com.thundercomm.gamemode.api/gamemode_settings/gamemode_isgaming
11-19 04:57:08.730 1499 1499 I GameModeConfig: isGameModeOn = false
11-19 04:57:08.731 1499 1499 I GameModeConfig: isGameModeOn = false
11-19 04:57:08.731 1499 1499 I GameModeConfig: isDisableVoice = true
11-19 04:57:09.215 7802 7838 W ContextImpl: Calling a method in the system process without a qualified user: android.app.ContextImpl.startService:1816 android.content.ContextWrapper.startService:774 com.thundercomm.gamemode.ingame.services.GameModeActionUtils.startGameModeService:93 com.thundercomm.gamemode.ingame.services.GameModeActionUtils.startGameModeEntry:21 com.thundercomm.gamemode.ingame.services.ActivityMonitoringService$1.onActivityLaunch:127
11-19 04:57:09.222 1499 1499 I GameModeConfig: Current uri is uri = content://com.thundercomm.gamemode.api/gamemode_settings/gamemode_isgaming
11-19 04:57:09.224 1499 1499 I GameModeConfig: isGameModeOn = false
11-19 04:57:09.224 1499 1499 I GameModeConfig: isGameModeOn = false
11-19 04:57:09.224 1499 1499 I GameModeConfig: isDisableVoice = true
11-19 04:57:09.230 1499 8632 I DreamManagerService: Leaving dreamland.
11-19 04:57:09.231 1499 1634 I DreamManagerService: Performing gentle wake from dream.
11-19 04:57:09.231 1499 1634 I DreamController: Stopping dream: name=ComponentInfo{com.thundercomm.screensaver/com.thundercomm.saverclock.service.ClockScreensaver}, isTest=false, canDoze=false, userId=0, reason='finished self'(from 'finished self')
11-19 04:57:09.255 1499 1638 W ActivityTaskManager: Can't find TaskDisplayArea to determine support for multi window. Task id=58 attached=false
11-19 04:57:09.787 7802 7838 W ContextImpl: Calling a method in the system process without a qualified user: android.app.ContextImpl.startService:1816 android.content.ContextWrapper.startService:774 com.thundercomm.gamemode.ingame.services.GameModeActionUtils.startGameModeService:93 com.thundercomm.gamemode.ingame.services.GameModeActionUtils.startGameModeEntry:21 com.thundercomm.gamemode.ingame.services.ActivityMonitoringService$1.onActivityLaunch:127
11-19 04:57:09.795 1499 1499 I GameModeConfig: Current uri is uri = content://com.thundercomm.gamemode.api/gamemode_settings/gamemode_isgaming
11-19 04:57:09.797 1499 1499 I GameModeConfig: isGameModeOn = false
11-19 04:57:09.798 1499 1499 I GameModeConfig: isGameModeOn = false
11-19 04:57:09.798 1499 1499 I GameModeConfig: isDisableVoice = true
11-19 04:57:11.860 1499 8917 I ActivityTaskManager: FOREGROUND_APPLICATION_CHANGED to com.android.launcher3.uioverrides.QuickstepLauncher
11-19 04:57:11.895 1499 1637 D CompatibilityChangeReporter: Compat change id reported: 135634846; UID 10090; state: DISABLED
11-19 04:57:11.895 1499 1637 D CompatibilityChangeReporter: Compat change id reported: 177438394; UID 10090; state: DISABLED
11-19 04:57:11.895 1499 1637 D CompatibilityChangeReporter: Compat change id reported: 135772972; UID 10090; state: DISABLED
11-19 04:57:11.895 1499 1637 D CompatibilityChangeReporter: Compat change id reported: 135754954; UID 10090; state: ENABLED
11-19 04:57:11.895 1499 1646 D CompatibilityChangeReporter: Compat change id reported: 143937733; UID 10090; state: ENABLED
11-19 04:57:11.907 1499 1646 I ActivityManager: Start proc 12796:com.android.music/u0a90 for null
11-19 04:57:11.936 1499 8767 D CompatibilityChangeReporter: Compat change id reported: 168419799; UID 10090; state: DISABLED
11-19 04:57:11.965 1499 1637 I ActivityManager: Killing 10325:com.android.settings/1000 (adj 910): remove task
11-19 04:57:11.980 1499 1644 W UsageStatsService: Unexpected activity event reported! (com.android.settings.intelligence/com.android.settings.intelligence.search.SearchActivity event : 23 instanceId : 57339757)
11-19 04:57:11.992 1499 3791 E TaskPersister: File error accessing recents directory (directory doesn't exist?).
11-19 04:57:11.994 1499 1644 W UsageStatsService: Unexpected activity event reported! (com.tc.logclient/com.tc.logclient.LogClientActivity event : 23 instanceId : 13896593)
11-19 04:57:11.996 1499 1638 W ActivityTaskManager: Can't find TaskDisplayArea to determine support for multi window. Task id=57 attached=false
11-19 04:57:11.996 1499 1638 W ActivityTaskManager: Can't find TaskDisplayArea to determine support for multi window. Task id=57 attached=false
11-19 04:57:11.996 7802 7838 W ContextImpl: Calling a method in the system process without a qualified user: android.app.ContextImpl.startService:1816 android.content.ContextWrapper.startService:774 com.thundercomm.gamemode.ingame.services.GameModeActionUtils.startGameModeService:93 com.thundercomm.gamemode.ingame.services.GameModeActionUtils.startGameModeEntry:21 com.thundercomm.gamemode.ingame.services.ActivityMonitoringService$1.onActivityLaunch:127
11-19 04:57:12.001 1499 1499 I GameModeConfig: Current uri is uri = content://com.thundercomm.gamemode.api/gamemode_settings/gamemode_isgaming
11-19 04:57:12.001 1499 1499 I GameModeConfig: isGameModeOn = false
11-19 04:57:12.002 1499 1499 I GameModeConfig: isGameModeOn = false
11-19 04:57:12.002 1499 1499 I GameModeConfig: isDisableVoice = true
11-19 04:57:12.035 1499 6279 I WindowManager: WIN DEATH: Window{9660cd3 u0 com.android.settings/com.android.settings.Settings}
11-19 04:57:12.044 1499 1644 W UsageStatsService: Unexpected activity event reported! (com.android.settings/com.android.settings.homepage.SettingsHomepageActivity event : 23 instanceId : 24063300)
11-19 04:57:12.046 1499 1638 W ActivityTaskManager: Can't find TaskDisplayArea to determine support for multi window. Task id=56 attached=false
11-19 04:57:12.046 1499 1638 W ActivityTaskManager: Can't find TaskDisplayArea to determine support for multi window. Task id=56 attached=false
11-19 04:57:12.049 1499 1637 D CompatibilityChangeReporter: Compat change id reported: 135634846; UID 1000; state: DISABLED
11-19 04:57:12.050 1499 1637 D CompatibilityChangeReporter: Compat change id reported: 177438394; UID 1000; state: DISABLED
11-19 04:57:12.050 1499 1637 D CompatibilityChangeReporter: Compat change id reported: 135772972; UID 1000; state: DISABLED
11-19 04:57:12.050 1499 1637 D CompatibilityChangeReporter: Compat change id reported: 135754954; UID 1000; state: ENABLED
11-19 04:57:12.060 1499 1646 I ActivityManager: Start proc 12815:com.android.settings/1000 for null
11-19 04:57:12.074 7802 7838 W ContextImpl: Calling a method in the system process without a qualified user: android.app.ContextImpl.startService:1816 android.content.ContextWrapper.startService:774 com.thundercomm.gamemode.ingame.services.GameModeActionUtils.startGameModeService:93 com.thundercomm.gamemode.ingame.services.GameModeActionUtils.startGameModeEntry:21 com.thundercomm.gamemode.ingame.services.ActivityMonitoringService$1.onActivityLaunch:127
11-19 04:57:12.079 1499 1499 I GameModeConfig: Current uri is uri = content://com.thundercomm.gamemode.api/gamemode_settings/gamemode_isgaming
11-19 04:57:12.082 1499 1499 I GameModeConfig: isGameModeOn = false
11-19 04:57:12.082 1499 1499 I GameModeConfig: isGameModeOn = false
11-19 04:57:12.082 1499 1499 I GameModeConfig: isDisableVoice = true
11-19 04:57:15.049 1499 3791 E TaskPersister: File error accessing recents directory (directory doesn't exist?).
11-19 04:57:23.389 1499 4678 I ActivityTaskManager: START u0 {flg=0x10008000 cmp=com.android.deskclock/.DeskClock} from uid 10078
11-19 04:57:23.402 1499 4678 W ActivityTaskManager: Can't find TaskDisplayArea to determine support for multi window. Task id=59 attached=false
11-19 04:57:23.404 1499 4678 D FreeFormWindowHelper: Add freeform task=Task{54e6ddb #59 type=standard ?? U=0 visible=false mode=freeform translucent=true sz=0}
11-19 04:57:23.409 1499 4678 I ActivityTaskManager: FOREGROUND_APPLICATION_CHANGED to com.android.deskclock.DeskClock
11-19 04:57:23.409 1499 4678 I ActivityTaskManager: The Process com.android.deskclock Already Exists in BG. So sending its PID: 9544
11-19 04:57:23.409 1499 4678 W ActivityTaskManager: Tried to set launchTime (0) < mLastActivityLaunchTime (12179058)
11-19 04:57:23.436 7802 7838 W ContextImpl: Calling a method in the system process without a qualified user: android.app.ContextImpl.startService:1816 android.content.ContextWrapper.startService:774 com.thundercomm.gamemode.ingame.services.GameModeActionUtils.startGameModeService:93 com.thundercomm.gamemode.ingame.services.GameModeActionUtils.startGameModeEntry:21 com.thundercomm.gamemode.ingame.services.ActivityMonitoringService$1.onActivityLaunch:127
11-19 04:57:23.443 1499 1499 I GameModeConfig: Current uri is uri = content://com.thundercomm.gamemode.api/gamemode_settings/gamemode_isgaming
11-19 04:57:23.446 1499 1499 I GameModeConfig: isGameModeOn = false
11-19 04:57:23.446 1499 1499 I GameModeConfig: isGameModeOn = false
11-19 04:57:23.446 1499 1499 I GameModeConfig: isDisableVoice = true
11-19 04:57:23.455 1499 6279 I ActivityTaskManager: START u0 {act=android.content.pm.action.REQUEST_PERMISSIONS pkg=com.android.permissioncontroller cmp=com.android.permissioncontroller/.permission.ui.GrantPermissionsActivity (has extras)} from uid 10063
11-19 04:57:23.485 1499 6279 I ActivityTaskManager: FOREGROUND_APPLICATION_CHANGED to com.android.permissioncontroller.permission.ui.GrantPermissionsActivity
11-19 04:57:23.485 1499 6279 I ActivityTaskManager: The Process com.android.permissioncontroller Already Exists in BG. So sending its PID: 9979
11-19 04:57:23.486 1499 6279 W ActivityTaskManager: Tried to set launchTime (0) < mLastActivityLaunchTime (12179171)
11-19 04:57:23.506 7802 7838 W ContextImpl: Calling a method in the system process without a qualified user: android.app.ContextImpl.startService:1816 android.content.ContextWrapper.startService:774 com.thundercomm.gamemode.ingame.services.GameModeActionUtils.startGameModeService:93 com.thundercomm.gamemode.ingame.services.GameModeActionUtils.startGameModeEntry:21 com.thundercomm.gamemode.ingame.services.ActivityMonitoringService$1.onActivityLaunch:127
11-19 04:57:23.512 1499 1499 I GameModeConfig: Current uri is uri = content://com.thundercomm.gamemode.api/gamemode_settings/gamemode_isgaming
11-19 04:57:23.522 1499 1499 I GameModeConfig: isGameModeOn = false
11-19 04:57:23.522 1499 1499 I GameModeConfig: isGameModeOn = false
11-19 04:57:23.522 1499 1499 I GameModeConfig: isDisableVoice = true
11-19 04:57:23.531 1499 8831 W WindowManager: updateScale0.7996942
11-19 04:57:23.531 1499 8831 W WindowManager: updateScale0.7996942
11-19 04:57:23.534 1499 8917 W WindowManager: updateScale0.7996942
11-19 04:57:23.536 1499 1638 W WindowManager: updateScale0.7996942
11-19 04:57:23.538 1499 6279 I ActivityTaskManager: FOREGROUND_APPLICATION_CHANGED to com.android.deskclock.DeskClock
11-19 04:57:23.543 1499 6279 W WindowManager: updateScale0.7996942
11-19 04:57:23.575 1499 1638 W WindowManager: updateScale0.7996942
11-19 04:57:23.577 1499 1638 W WindowManager: updateScale0.7996942
11-19 04:57:23.579 1499 1638 W WindowManager: updateScale0.7996942
11-19 04:57:23.649 7802 7838 W ContextImpl: Calling a method in the system process without a qualified user: android.app.ContextImpl.startService:1816 android.content.ContextWrapper.startService:774 com.thundercomm.gamemode.ingame.services.GameModeActionUtils.startGameModeService:93 com.thundercomm.gamemode.ingame.services.GameModeActionUtils.startGameModeEntry:21 com.thundercomm.gamemode.ingame.services.ActivityMonitoringService$1.onActivityLaunch:127
11-19 04:57:23.655 1499 1499 I GameModeConfig: Current uri is uri = content://com.thundercomm.gamemode.api/gamemode_settings/gamemode_isgaming
11-19 04:57:23.656 1499 1499 I GameModeConfig: isGameModeOn = false
11-19 04:57:23.657 1499 1499 I GameModeConfig: isGameModeOn = false
11-19 04:57:23.657 1499 1499 I GameModeConfig: isDisableVoice = true
11-19 04:57:23.865 1499 1638 W WindowManager: updateScale0.7996942
11-19 04:57:23.874 1499 4942 W WindowManager: updateScale0.7996942
11-19 04:57:23.885 7802 7838 W ContextImpl: Calling a method in the system process without a qualified user: android.app.ContextImpl.startService:1816 android.content.ContextWrapper.startService:774 com.thundercomm.gamemode.ingame.services.GameModeActionUtils.startGameModeService:93 com.thundercomm.gamemode.ingame.services.GameModeActionUtils.startGameModeEntry:21 com.thundercomm.gamemode.ingame.services.ActivityMonitoringService$1.onActivityLaunch:127
11-19 04:57:23.889 1499 1499 I GameModeConfig: Current uri is uri = content://com.thundercomm.gamemode.api/gamemode_settings/gamemode_isgaming
11-19 04:57:23.890 1499 1499 I GameModeConfig: isGameModeOn = false
11-19 04:57:23.891 1499 1499 I GameModeConfig: isGameModeOn = false
11-19 04:57:23.891 1499 1499 I GameModeConfig: isDisableVoice = true
11-19 04:57:24.735 1499 4942 W WindowManager: updateScale0.7996942
11-19 04:57:24.750 1499 1638 W WindowManager: updateScale0.7996942
11-19 04:57:24.873 1499 4942 D FreeFormWindowHelper: Remove freefrom task=Task{54e6ddb #59 type=standard A=10063:com.android.deskclock U=0 visible=true mode=fullscreen translucent=false sz=1}
11-19 04:57:24.891 1499 8831 W WindowManager: Attempted to set replacing window on app token with no content Token{781b563 ActivityRecord{a3fb078 u0 com.android.deskclock/.DeskClock t59}}
11-19 04:57:24.897 7802 7838 W ContextImpl: Calling a method in the system process without a qualified user: android.app.ContextImpl.startService:1816 android.content.ContextWrapper.startService:774 com.thundercomm.gamemode.ingame.services.GameModeActionUtils.startGameModeService:93 com.thundercomm.gamemode.ingame.services.GameModeActionUtils.startGameModeEntry:21 com.thundercomm.gamemode.ingame.services.ActivityMonitoringService$1.onActivityLaunch:127
11-19 04:57:24.902 1499 1499 I GameModeConfig: Current uri is uri = content://com.thundercomm.gamemode.api/gamemode_settings/gamemode_isgaming
11-19 04:57:24.906 1499 1499 I GameModeConfig: isGameModeOn = false
11-19 04:57:24.906 1499 1499 I GameModeConfig: isGameModeOn = false
11-19 04:57:24.906 1499 1499 I GameModeConfig: isDisableVoice = true
11-19 04:57:24.927 1499 6279 I ActivityTaskManager: START u0 {act=android.content.pm.action.REQUEST_PERMISSIONS pkg=com.android.permissioncontroller cmp=com.android.permissioncontroller/.permission.ui.GrantPermissionsActivity (has extras)} from uid 10063
11-19 04:57:24.942 1499 8831 I ActivityTaskManager: The Process com.android.permissioncontroller Already Exists in BG. So sending its PID: 9979
11-19 04:57:25.028 1499 8831 I WindowManager: finishDrawing of relaunch: Window{8fabd53 u0 com.android.deskclock/com.android.deskclock.DeskClock} 157ms
11-19 04:57:25.030 1499 8831 I ActivityTaskManager: FOREGROUND_APPLICATION_CHANGED to com.android.permissioncontroller.permission.ui.GrantPermissionsActivity
11-19 04:57:25.030 1499 8831 I ActivityTaskManager: The Process com.android.permissioncontroller Already Exists in BG. So sending its PID: 9979
11-19 04:57:25.031 1499 8831 W ActivityTaskManager: Tried to set launchTime (0) < mLastActivityLaunchTime (13122847)
11-19 04:57:25.061 7802 7838 W ContextImpl: Calling a method in the system process without a qualified user: android.app.ContextImpl.startService:1816 android.content.ContextWrapper.startService:774 com.thundercomm.gamemode.ingame.services.GameModeActionUtils.startGameModeService:93 com.thundercomm.gamemode.ingame.services.GameModeActionUtils.startGameModeEntry:21 com.thundercomm.gamemode.ingame.services.ActivityMonitoringService$1.onActivityLaunch:127
11-19 04:57:25.065 1499 1499 I GameModeConfig: Current uri is uri = content://com.thundercomm.gamemode.api/gamemode_settings/gamemode_isgaming
11-19 04:57:25.071 1499 1499 I GameModeConfig: isGameModeOn = false
11-19 04:57:25.072 1499 1499 I GameModeConfig: isGameModeOn = false
11-19 04:57:25.072 1499 1499 I GameModeConfig: isDisableVoice = true
11-19 04:57:25.093 1499 8917 I ActivityTaskManager: FOREGROUND_APPLICATION_CHANGED to com.android.deskclock.DeskClock
11-19 04:57:25.135 7802 7838 W ContextImpl: Calling a method in the system process without a qualified user: android.app.ContextImpl.startService:1816 android.content.ContextWrapper.startService:774 com.thundercomm.gamemode.ingame.services.GameModeActionUtils.startGameModeService:93 com.thundercomm.gamemode.ingame.services.GameModeActionUtils.startGameModeEntry:21 com.thundercomm.gamemode.ingame.services.ActivityMonitoringService$1.onActivityLaunch:127
11-19 04:57:25.140 1499 1499 I GameModeConfig: Current uri is uri = content://com.thundercomm.gamemode.api/gamemode_settings/gamemode_isgaming
11-19 04:57:25.141 1499 1499 I GameModeConfig: isGameModeOn = false
11-19 04:57:25.142 1499 1499 I GameModeConfig: isGameModeOn = false
11-19 04:57:25.142 1499 1499 I GameModeConfig: isDisableVoice = true
11-19 04:57:25.212 7802 7838 W ContextImpl: Calling a method in the system process without a qualified user: android.app.ContextImpl.startService:1816 android.content.ContextWrapper.startService:774 com.thundercomm.gamemode.ingame.services.GameModeActionUtils.startGameModeService:93 com.thundercomm.gamemode.ingame.services.GameModeActionUtils.startGameModeEntry:21 com.thundercomm.gamemode.ingame.services.ActivityMonitoringService$1.onActivityLaunch:127
11-19 04:57:25.222 1499 1499 I GameModeConfig: Current uri is uri = content://com.thundercomm.gamemode.api/gamemode_settings/gamemode_isgaming
11-19 04:57:25.223 1499 1499 I GameModeConfig: isGameModeOn = false
11-19 04:57:25.224 1499 1499 I GameModeConfig: isGameModeOn = false
11-19 04:57:25.224 1499 1499 I GameModeConfig: isDisableVoice = true
11-19 04:57:25.514 7802 7838 W ContextImpl: Calling a method in the system process without a qualified user: android.app.ContextImpl.startService:1816 android.content.ContextWrapper.startService:774 com.thundercomm.gamemode.ingame.services.GameModeActionUtils.startGameModeService:93 com.thundercomm.gamemode.ingame.services.GameModeActionUtils.startGameModeEntry:21 com.thundercomm.gamemode.ingame.services.ActivityMonitoringService$1.onActivityLaunch:127
11-19 04:57:25.519 1499 1499 I GameModeConfig: Current uri is uri = content://com.thundercomm.gamemode.api/gamemode_settings/gamemode_isgaming
11-19 04:57:25.521 1499 1499 I GameModeConfig: isGameModeOn = false
11-19 04:57:25.521 1499 1499 I GameModeConfig: isGameModeOn = false
11-19 04:57:25.521 1499 1499 I GameModeConfig: isDisableVoice = true
11-19 04:57:26.292 7802 7838 W ContextImpl: Calling a method in the system process without a qualified user: android.app.ContextImpl.startService:1816 android.content.ContextWrapper.startService:774 com.thundercomm.gamemode.ingame.services.GameModeActionUtils.startGameModeService:93 com.thundercomm.gamemode.ingame.services.GameModeActionUtils.startGameModeEntry:21 com.thundercomm.gamemode.ingame.services.ActivityMonitoringService$1.onActivityLaunch:127
11-19 04:57:26.297 1499 1499 I GameModeConfig: Current uri is uri = content://com.thundercomm.gamemode.api/gamemode_settings/gamemode_isgaming
11-19 04:57:26.299 1499 1499 I GameModeConfig: isGameModeOn = false
11-19 04:57:26.299 1499 1499 I GameModeConfig: isGameModeOn = false
11-19 04:57:26.299 1499 1499 I GameModeConfig: isDisableVoice = true
11-19 04:57:26.417 1499 3791 E TaskPersister: File error accessing recents directory (directory doesn't exist?).
11-19 04:57:27.996 1499 8917 I ActivityTaskManager: FOREGROUND_APPLICATION_CHANGED to com.android.launcher3.uioverrides.QuickstepLauncher
11-19 04:57:28.075 7802 7838 W ContextImpl: Calling a method in the system process without a qualified user: android.app.ContextImpl.startService:1816 android.content.ContextWrapper.startService:774 com.thundercomm.gamemode.ingame.services.GameModeActionUtils.startGameModeService:93 com.thundercomm.gamemode.ingame.services.GameModeActionUtils.startGameModeEntry:21 com.thundercomm.gamemode.ingame.services.ActivityMonitoringService$1.onActivityLaunch:127
11-19 04:57:28.079 1499 1499 I GameModeConfig: Current uri is uri = content://com.thundercomm.gamemode.api/gamemode_settings/gamemode_isgaming
11-19 04:57:28.082 1499 1499 I GameModeConfig: isGameModeOn = false
11-19 04:57:28.083 1499 1499 I GameModeConfig: isGameModeOn = false
11-19 04:57:28.083 1499 1499 I GameModeConfig: isDisableVoice = true
11-19 04:57:28.129 1499 3791 E TaskPersister: File error accessing recents directory (directory doesn't exist?).
11-19 04:57:28.138 7802 7838 W ContextImpl: Calling a method in the system process without a qualified user: android.app.ContextImpl.startService:1816 android.content.ContextWrapper.startService:774 com.thundercomm.gamemode.ingame.services.GameModeActionUtils.startGameModeService:93 com.thundercomm.gamemode.ingame.services.GameModeActionUtils.startGameModeEntry:21 com.thundercomm.gamemode.ingame.services.ActivityMonitoringService$1.onActivityLaunch:127
11-19 04:57:28.143 1499 1499 I GameModeConfig: Current uri is uri = content://com.thundercomm.gamemode.api/gamemode_settings/gamemode_isgaming
11-19 04:57:28.145 1499 1499 I GameModeConfig: isGameModeOn = false
11-19 04:57:28.145 1499 1499 I GameModeConfig: isGameModeOn = false
11-19 04:57:28.145 1499 1499 I GameModeConfig: isDisableVoice = true
11-19 04:57:28.146 1499 1644 W UsageStatsService: Unexpected activity event reported! (com.android.deskclock/com.android.deskclock.DeskClock event : 23 instanceId : 125941091)
11-19 04:57:28.149 1499 1638 W ActivityTaskManager: Can't find TaskDisplayArea to determine support for multi window. Task id=59 attached=false
11-19 04:57:28.149 1499 1638 W ActivityTaskManager: Can't find TaskDisplayArea to determine support for multi window. Task id=59 attached=false
11-19 04:57:28.231 7802 7838 W ContextImpl: Calling a method in the system process without a qualified user: android.app.ContextImpl.startService:1816 android.content.ContextWrapper.startService:774 com.thundercomm.gamemode.ingame.services.GameModeActionUtils.startGameModeService:93 com.thundercomm.gamemode.ingame.services.GameModeActionUtils.startGameModeEntry:21 com.thundercomm.gamemode.ingame.services.ActivityMonitoringService$1.onActivityLaunch:127
11-19 04:57:28.240 1499 1499 I GameModeConfig: Current uri is uri = content://com.thundercomm.gamemode.api/gamemode_settings/gamemode_isgaming
11-19 04:57:28.242 1499 1499 I GameModeConfig: isGameModeOn = false
11-19 04:57:28.242 1499 1499 I GameModeConfig: isGameModeOn = false
11-19 04:57:28.242 1499 1499 I GameModeConfig: isDisableVoice = true
11-19 04:57:31.148 1499 3791 E TaskPersister: File error accessing recents directory (directory doesn't exist?).
11-19 04:57:31.436 1499 8917 I ActivityTaskManager: START u0 {flg=0x10008000 cmp=com.android.deskclock/.DeskClock} from uid 10078
11-19 04:57:31.441 1499 8917 W ActivityTaskManager: Can't find TaskDisplayArea to determine support for multi window. Task id=60 attached=false
11-19 04:57:31.443 1499 8917 D FreeFormWindowHelper: Add freeform task=Task{3e4753b #60 type=standard ?? U=0 visible=false mode=freeform translucent=true sz=0}
11-19 04:57:31.447 1499 8917 I ActivityTaskManager: FOREGROUND_APPLICATION_CHANGED to com.android.deskclock.DeskClock
11-19 04:57:31.447 1499 8917 I ActivityTaskManager: The Process com.android.deskclock Already Exists in BG. So sending its PID: 9544
11-19 04:57:31.448 1499 8917 W ActivityTaskManager: Tried to set launchTime (0) < mLastActivityLaunchTime (13122771)
11-19 04:57:31.472 7802 7838 W ContextImpl: Calling a method in the system process without a qualified user: android.app.ContextImpl.startService:1816 android.content.ContextWrapper.startService:774 com.thundercomm.gamemode.ingame.services.GameModeActionUtils.startGameModeService:93 com.thundercomm.gamemode.ingame.services.GameModeActionUtils.startGameModeEntry:21 com.thundercomm.gamemode.ingame.services.ActivityMonitoringService$1.onActivityLaunch:127
11-19 04:57:31.478 1499 1499 I GameModeConfig: Current uri is uri = content://com.thundercomm.gamemode.api/gamemode_settings/gamemode_isgaming
11-19 04:57:31.481 1499 1499 I GameModeConfig: isGameModeOn = false
11-19 04:57:31.481 1499 1499 I GameModeConfig: isGameModeOn = false
11-19 04:57:31.481 1499 1499 I GameModeConfig: isDisableVoice = true
11-19 04:57:31.485 1499 5048 I ActivityTaskManager: START u0 {act=android.content.pm.action.REQUEST_PERMISSIONS pkg=com.android.permissioncontroller cmp=com.android.permissioncontroller/.permission.ui.GrantPermissionsActivity (has extras)} from uid 10063
11-19 04:57:31.509 1499 5048 I ActivityTaskManager: FOREGROUND_APPLICATION_CHANGED to com.android.permissioncontroller.permission.ui.GrantPermissionsActivity
11-19 04:57:31.509 1499 5048 I ActivityTaskManager: The Process com.android.permissioncontroller Already Exists in BG. So sending its PID: 9979
11-19 04:57:31.510 1499 5048 W ActivityTaskManager: Tried to set launchTime (0) < mLastActivityLaunchTime (13124392)
11-19 04:57:31.530 7802 7838 W ContextImpl: Calling a method in the system process without a qualified user: android.app.ContextImpl.startService:1816 android.content.ContextWrapper.startService:774 com.thundercomm.gamemode.ingame.services.GameModeActionUtils.startGameModeService:93 com.thundercomm.gamemode.ingame.services.GameModeActionUtils.startGameModeEntry:21 com.thundercomm.gamemode.ingame.services.ActivityMonitoringService$1.onActivityLaunch:127
11-19 04:57:31.536 1499 1499 I GameModeConfig: Current uri is uri = content://com.thundercomm.gamemode.api/gamemode_settings/gamemode_isgaming
11-19 04:57:31.538 1499 1499 I GameModeConfig: isGameModeOn = false
11-19 04:57:31.538 1499 1499 I GameModeConfig: isGameModeOn = false
11-19 04:57:31.538 1499 1499 I GameModeConfig: isDisableVoice = true
11-19 04:57:31.547 1499 8917 W WindowManager: updateScale0.7996942
11-19 04:57:31.547 1499 8917 W WindowManager: updateScale0.7996942
11-19 04:57:31.554 1499 6279 I ActivityTaskManager: FOREGROUND_APPLICATION_CHANGED to com.android.deskclock.DeskClock
11-19 04:57:31.561 1499 8917 W WindowManager: updateScale0.7996942
11-19 04:57:31.584 1499 1638 W WindowManager: updateScale0.7996942
11-19 04:57:31.586 1499 1638 W WindowManager: updateScale0.7996942
11-19 04:57:31.587 1499 1638 W WindowManager: updateScale0.7996942
11-19 04:57:31.665 7802 7838 W ContextImpl: Calling a method in the system process without a qualified user: android.app.ContextImpl.startService:1816 android.content.ContextWrapper.startService:774 com.thundercomm.gamemode.ingame.services.GameModeActionUtils.startGameModeService:93 com.thundercomm.gamemode.ingame.services.GameModeActionUtils.startGameModeEntry:21 com.thundercomm.gamemode.ingame.services.ActivityMonitoringService$1.onActivityLaunch:127
11-19 04:57:31.669 1499 1499 I GameModeConfig: Current uri is uri = content://com.thundercomm.gamemode.api/gamemode_settings/gamemode_isgaming
11-19 04:57:31.674 1499 1499 I GameModeConfig: isGameModeOn = false
11-19 04:57:31.675 1499 1499 I GameModeConfig: isGameModeOn = false
11-19 04:57:31.675 1499 1499 I GameModeConfig: isDisableVoice = true
11-19 04:57:31.867 1499 1638 W WindowManager: updateScale0.7996942
11-19 04:57:31.877 1499 8917 W WindowManager: updateScale0.7996942
11-19 04:57:31.888 7802 7838 W ContextImpl: Calling a method in the system process without a qualified user: android.app.ContextImpl.startService:1816 android.content.ContextWrapper.startService:774 com.thundercomm.gamemode.ingame.services.GameModeActionUtils.startGameModeService:93 com.thundercomm.gamemode.ingame.services.GameModeActionUtils.startGameModeEntry:21 com.thundercomm.gamemode.ingame.services.ActivityMonitoringService$1.onActivityLaunch:127
11-19 04:57:31.894 1499 1499 I GameModeConfig: Current uri is uri = content://com.thundercomm.gamemode.api/gamemode_settings/gamemode_isgaming
11-19 04:57:31.896 1499 1499 I GameModeConfig: isGameModeOn = false
11-19 04:57:31.896 1499 1499 I GameModeConfig: isGameModeOn = false
11-19 04:57:31.896 1499 1499 I GameModeConfig: isDisableVoice = true
11-19 04:57:32.471 1499 4942 W WindowManager: updateScale0.7996942
11-19 04:57:32.486 1499 1638 W WindowManager: updateScale0.7996942
11-19 04:57:32.622 1499 5048 D FreeFormWindowHelper: Remove freefrom task=Task{3e4753b #60 type=standard A=10063:com.android.deskclock U=0 visible=true mode=fullscreen translucent=false sz=1}
11-19 04:57:32.640 1499 5048 W WindowManager: Attempted to set replacing window on app token with no content Token{f718d6c ActivityRecord{aa01458 u0 com.android.deskclock/.DeskClock t60}}
11-19 04:57:32.650 7802 7838 W ContextImpl: Calling a method in the system process without a qualified user: android.app.ContextImpl.startService:1816 android.content.ContextWrapper.startService:774 com.thundercomm.gamemode.ingame.services.GameModeActionUtils.startGameModeService:93 com.thundercomm.gamemode.ingame.services.GameModeActionUtils.startGameModeEntry:21 com.thundercomm.gamemode.ingame.services.ActivityMonitoringService$1.onActivityLaunch:127
11-19 04:57:32.656 1499 1499 I GameModeConfig: Current uri is uri = content://com.thundercomm.gamemode.api/gamemode_settings/gamemode_isgaming
11-19 04:57:32.657 1499 1499 I GameModeConfig: isGameModeOn = false
11-19 04:57:32.658 1499 1499 I GameModeConfig: isGameModeOn = false
11-19 04:57:32.658 1499 1499 I GameModeConfig: isDisableVoice = true
11-19 04:57:32.682 1499 4942 I ActivityTaskManager: START u0 {act=android.content.pm.action.REQUEST_PERMISSIONS pkg=com.android.permissioncontroller cmp=com.android.permissioncontroller/.permission.ui.GrantPermissionsActivity (has extras)} from uid 10063
11-19 04:57:32.690 1499 5048 I ActivityTaskManager: The Process com.android.permissioncontroller Already Exists in BG. So sending its PID: 9979
11-19 04:57:32.704 7802 7838 W ContextImpl: Calling a method in the system process without a qualified user: android.app.ContextImpl.startService:1816 android.content.ContextWrapper.startService:774 com.thundercomm.gamemode.ingame.services.GameModeActionUtils.startGameModeService:93 com.thundercomm.gamemode.ingame.services.GameModeActionUtils.startGameModeEntry:21 com.thundercomm.gamemode.ingame.services.ActivityMonitoringService$1.onActivityLaunch:127
11-19 04:57:32.708 1499 1499 I GameModeConfig: Current uri is uri = content://com.thundercomm.gamemode.api/gamemode_settings/gamemode_isgaming
11-19 04:57:32.710 1499 1499 I GameModeConfig: isGameModeOn = false
11-19 04:57:32.710 1499 1499 I GameModeConfig: isGameModeOn = false
11-19 04:57:32.710 1499 1499 I GameModeConfig: isDisableVoice = true
11-19 04:57:32.780 1499 5048 I WindowManager: finishDrawing of relaunch: Window{ee02fed u0 com.android.deskclock/com.android.deskclock.DeskClock} 162ms
11-19 04:57:32.782 1499 5048 I ActivityTaskManager: FOREGROUND_APPLICATION_CHANGED to com.android.permissioncontroller.permission.ui.GrantPermissionsActivity
11-19 04:57:32.782 1499 5048 I ActivityTaskManager: The Process com.android.permissioncontroller Already Exists in BG. So sending its PID: 9979
11-19 04:57:32.783 1499 5048 W ActivityTaskManager: Tried to set launchTime (0) < mLastActivityLaunchTime (13130872)
11-19 04:57:32.805 7802 7838 W ContextImpl: Calling a method in the system process without a qualified user: android.app.ContextImpl.startService:1816 android.content.ContextWrapper.startService:774 com.thundercomm.gamemode.ingame.services.GameModeActionUtils.startGameModeService:93 com.thundercomm.gamemode.ingame.services.GameModeActionUtils.startGameModeEntry:21 com.thundercomm.gamemode.ingame.services.ActivityMonitoringService$1.onActivityLaunch:127
11-19 04:57:32.809 1499 1499 I GameModeConfig: Current uri is uri = content://com.thundercomm.gamemode.api/gamemode_settings/gamemode_isgaming
11-19 04:57:32.812 1499 1499 I GameModeConfig: isGameModeOn = false
11-19 04:57:32.813 1499 1499 I GameModeConfig: isGameModeOn = false
11-19 04:57:32.813 1499 1499 I GameModeConfig: isDisableVoice = true
11-19 04:57:32.845 1499 8831 I ActivityTaskManager: FOREGROUND_APPLICATION_CHANGED to com.android.deskclock.DeskClock
11-19 04:57:32.962 7802 7838 W ContextImpl: Calling a method in the system process without a qualified user: android.app.ContextImpl.startService:1816 android.content.ContextWrapper.startService:774 com.thundercomm.gamemode.ingame.services.GameModeActionUtils.startGameModeService:93 com.thundercomm.gamemode.ingame.services.GameModeActionUtils.startGameModeEntry:21 com.thundercomm.gamemode.ingame.services.ActivityMonitoringService$1.onActivityLaunch:127
11-19 04:57:32.970 1499 1499 I GameModeConfig: Current uri is uri = content://com.thundercomm.gamemode.api/gamemode_settings/gamemode_isgaming
11-19 04:57:32.973 1499 1499 I GameModeConfig: isGameModeOn = false
11-19 04:57:32.973 1499 1499 I GameModeConfig: isGameModeOn = false
11-19 04:57:32.973 1499 1499 I GameModeConfig: isDisableVoice = true
11-19 04:57:33.091 7802 7838 W ContextImpl: Calling a method in the system process without a qualified user: android.app.ContextImpl.startService:1816 android.content.ContextWrapper.startService:774 com.thundercomm.gamemode.ingame.services.GameModeActionUtils.startGameModeService:93 com.thundercomm.gamemode.ingame.services.GameModeActionUtils.startGameModeEntry:21 com.thundercomm.gamemode.ingame.services.ActivityMonitoringService$1.onActivityLaunch:127
11-19 04:57:33.096 1499 1499 I GameModeConfig: Current uri is uri = content://com.thundercomm.gamemode.api/gamemode_settings/gamemode_isgaming
11-19 04:57:33.098 1499 1499 I GameModeConfig: isGameModeOn = false
11-19 04:57:33.099 1499 1499 I GameModeConfig: isGameModeOn = false
11-19 04:57:33.099 1499 1499 I GameModeConfig: isDisableVoice = true
11-19 04:57:33.262 7802 7838 W ContextImpl: Calling a method in the system process without a qualified user: android.app.ContextImpl.startService:1816 android.content.ContextWrapper.startService:774 com.thundercomm.gamemode.ingame.services.GameModeActionUtils.startGameModeService:93 com.thundercomm.gamemode.ingame.services.GameModeActionUtils.startGameModeEntry:21 com.thundercomm.gamemode.ingame.services.ActivityMonitoringService$1.onActivityLaunch:127
11-19 04:57:33.266 1499 1499 I GameModeConfig: Current uri is uri = content://com.thundercomm.gamemode.api/gamemode_settings/gamemode_isgaming
11-19 04:57:33.268 1499 1499 I GameModeConfig: isGameModeOn = false
11-19 04:57:33.268 1499 1499 I GameModeConfig: isGameModeOn = false
11-19 04:57:33.268 1499 1499 I GameModeConfig: isDisableVoice = true
11-19 04:57:33.882 7802 7838 W ContextImpl: Calling a method in the system process without a qualified user: android.app.ContextImpl.startService:1816 android.content.ContextWrapper.startService:774 com.thundercomm.gamemode.ingame.services.GameModeActionUtils.startGameModeService:93 com.thundercomm.gamemode.ingame.services.GameModeActionUtils.startGameModeEntry:21 com.thundercomm.gamemode.ingame.services.ActivityMonitoringService$1.onActivityLaunch:127
11-19 04:57:33.888 1499 1499 I GameModeConfig: Current uri is uri = content://com.thundercomm.gamemode.api/gamemode_settings/gamemode_isgaming
11-19 04:57:33.891 1499 1499 I GameModeConfig: isGameModeOn = false
11-19 04:57:33.891 1499 1499 I GameModeConfig: isGameModeOn = false
11-19 04:57:33.892 1499 1499 I GameModeConfig: isDisableVoice = true
11-19 04:57:34.467 1499 3791 E TaskPersister: File error accessing recents directory (directory doesn't exist?).
11-19 04:57:35.524 1499 4942 I ActivityTaskManager: FOREGROUND_APPLICATION_CHANGED to com.android.launcher3.uioverrides.QuickstepLauncher
11-19 04:57:35.591 7802 7838 W ContextImpl: Calling a method in the system process without a qualified user: android.app.ContextImpl.startService:1816 android.content.ContextWrapper.startService:774 com.thundercomm.gamemode.ingame.services.GameModeActionUtils.startGameModeService:93 com.thundercomm.gamemode.ingame.services.GameModeActionUtils.startGameModeEntry:21 com.thundercomm.gamemode.ingame.services.ActivityMonitoringService$1.onActivityLaunch:127
11-19 04:57:35.595 1499 1499 I GameModeConfig: Current uri is uri = content://com.thundercomm.gamemode.api/gamemode_settings/gamemode_isgaming
11-19 04:57:35.597 1499 1499 I GameModeConfig: isGameModeOn = false
11-19 04:57:35.597 1499 1499 I GameModeConfig: isGameModeOn = false
11-19 04:57:35.597 1499 1499 I GameModeConfig: isDisableVoice = true
11-19 04:57:35.674 7802 7838 W ContextImpl: Calling a method in the system process without a qualified user: android.app.ContextImpl.startService:1816 android.content.ContextWrapper.startService:774 com.thundercomm.gamemode.ingame.services.GameModeActionUtils.startGameModeService:93 com.thundercomm.gamemode.ingame.services.GameModeActionUtils.startGameModeEntry:21 com.thundercomm.gamemode.ingame.services.ActivityMonitoringService$1.onActivityLaunch:127
11-19 04:57:35.681 1499 1499 I GameModeConfig: Current uri is uri = content://com.thundercomm.gamemode.api/gamemode_settings/gamemode_isgaming
11-19 04:57:35.686 1499 1499 I GameModeConfig: isGameModeOn = false
11-19 04:57:35.686 1499 1499 I GameModeConfig: isGameModeOn = false
11-19 04:57:35.686 1499 1499 I GameModeConfig: isDisableVoice = true
11-19 04:57:35.690 1499 3791 E TaskPersister: File error accessing recents directory (directory doesn't exist?).
11-19 04:57:35.695 1499 1644 W UsageStatsService: Unexpected activity event reported! (com.android.deskclock/com.android.deskclock.DeskClock event : 23 instanceId : 259100012)
11-19 04:57:35.698 1499 1638 W ActivityTaskManager: Can't find TaskDisplayArea to determine support for multi window. Task id=60 attached=false
11-19 04:57:35.698 1499 1638 W ActivityTaskManager: Can't find TaskDisplayArea to determine support for multi window. Task id=60 attached=false
11-19 04:57:35.699 1499 3791 E TaskPersister: File error accessing recents directory (directory doesn't exist?).
11-19 04:57:35.764 7802 7838 W ContextImpl: Calling a method in the system process without a qualified user: android.app.ContextImpl.startService:1816 android.content.ContextWrapper.startService:774 com.thundercomm.gamemode.ingame.services.GameModeActionUtils.startGameModeService:93 com.thundercomm.gamemode.ingame.services.GameModeActionUtils.startGameModeEntry:21 com.thundercomm.gamemode.ingame.services.ActivityMonitoringService$1.onActivityLaunch:127
11-19 04:57:35.768 1499 1499 I GameModeConfig: Current uri is uri = content://com.thundercomm.gamemode.api/gamemode_settings/gamemode_isgaming
11-19 04:57:35.770 1499 1499 I GameModeConfig: isGameModeOn = false
11-19 04:57:35.770 1499 1499 I GameModeConfig: isGameModeOn = false
11-19 04:57:35.770 1499 1499 I GameModeConfig: isDisableVoice = true
11-19 04:57:37.668 1499 5048 I ActivityTaskManager: START u0 {flg=0x10008000 cmp=com.android.music/.MusicBrowserActivity} from uid 10078
11-19 04:57:37.679 1499 5048 W ActivityTaskManager: Can't find TaskDisplayArea to determine support for multi window. Task id=61 attached=false
11-19 04:57:37.682 1499 5048 D FreeFormWindowHelper: Add freeform task=Task{339d77f #61 type=standard ?? U=0 visible=false mode=freeform translucent=true sz=0}
11-19 04:57:37.685 1499 5048 D CompatibilityChangeReporter: Compat change id reported: 174042980; UID 10090; state: DISABLED
11-19 04:57:37.686 1499 5048 D CompatibilityChangeReporter: Compat change id reported: 184838306; UID 10090; state: DISABLED
11-19 04:57:37.686 1499 5048 D CompatibilityChangeReporter: Compat change id reported: 185004937; UID 10090; state: DISABLED
11-19 04:57:37.687 1499 5048 D CompatibilityChangeReporter: Compat change id reported: 181136395; UID 10090; state: DISABLED
11-19 04:57:37.687 1499 5048 D CompatibilityChangeReporter: Compat change id reported: 174042936; UID 10090; state: DISABLED
11-19 04:57:37.690 1499 5048 D CompatibilityChangeReporter: Compat change id reported: 168419799; UID 10090; state: DISABLED
11-19 04:57:37.691 1499 5048 I ActivityTaskManager: FOREGROUND_APPLICATION_CHANGED to com.android.music.MusicBrowserActivity
11-19 04:57:37.691 1499 5048 I ActivityTaskManager: The Process com.android.music Already Exists in BG. So sending its PID: 12796
11-19 04:57:37.709 7802 7838 W ContextImpl: Calling a method in the system process without a qualified user: android.app.ContextImpl.startService:1816 android.content.ContextWrapper.startService:774 com.thundercomm.gamemode.ingame.services.GameModeActionUtils.startGameModeService:93 com.thundercomm.gamemode.ingame.services.GameModeActionUtils.startGameModeEntry:21 com.thundercomm.gamemode.ingame.services.ActivityMonitoringService$1.onActivityLaunch:127
11-19 04:57:37.713 1499 1499 I GameModeConfig: Current uri is uri = content://com.thundercomm.gamemode.api/gamemode_settings/gamemode_isgaming
11-19 04:57:37.722 1499 1499 I GameModeConfig: isGameModeOn = false
11-19 04:57:37.724 1499 1499 I GameModeConfig: isGameModeOn = false
11-19 04:57:37.724 1499 1499 I GameModeConfig: isDisableVoice = true
11-19 04:57:37.818 1499 2284 I GameModeConfig: isGameModeOn = false
11-19 04:57:37.818 1499 2284 I GameModeConfig: isGameModeOn = false
11-19 04:57:37.818 1499 2284 I GameModeConfig: isGameModeOn = false
11-19 04:57:37.831 1499 2284 I GameModeConfig: isGameModeOn = false
11-19 04:57:37.836 1499 2284 I GameModeConfig: isGameModeOn = false
11-19 04:57:37.837 1499 2284 I GameModeConfig: isGameModeOn = false
11-19 04:57:37.837 1499 2284 I GameModeConfig: isGameModeOn = false
11-19 04:57:37.837 1499 2284 I GameModeConfig: isGameModeOn = false
11-19 04:57:37.855 1499 7484 W WindowManager: updateScale0.7996942
11-19 04:57:37.897 1499 1638 W WindowManager: updateScale0.7996942
11-19 04:57:37.898 1499 5048 D CompatibilityChangeReporter: Compat change id reported: 157233955; UID 10090; state: ENABLED
11-19 04:57:37.899 1499 1638 W WindowManager: updateScale0.7996942
11-19 04:57:37.901 1499 1638 W WindowManager: updateScale0.7996942
11-19 04:57:37.909 1499 7484 W WindowManager: updateScale0.7996942
11-19 04:57:38.018 1499 1499 I NotificationService: Cannot find enqueued record for key: 0|com.android.music|1|null|10090
11-19 04:57:38.034 1499 1499 I NotificationService: Cannot find enqueued record for key: 0|com.android.music|1|null|10090
11-19 04:57:38.036 1499 1499 I NotificationService: Cannot find enqueued record for key: 0|com.android.music|1|null|10090
11-19 04:57:38.037 1499 1499 I NotificationService: Cannot find enqueued record for key: 0|com.android.music|1|null|10090
11-19 04:57:38.041 1499 1499 I NotificationService: Cannot find enqueued record for key: 0|com.android.music|1|null|10090
