11-19 05:37:01.131 0 0 I auditd : type=1400 audit(0.0:13699): avc: denied { kill } for comm="swapper/3" capability=5 scontext=u:r:kernel:s0 tcontext=u:r:kernel:s0 tclass=capability permissive=0
11-19 05:37:01.135 1499 2319 E DisplayDeviceConfig: requesting nits when no mapping exists.
11-19 05:37:01.136 1499 2319 E DisplayDeviceConfig: requesting nits when no mapping exists.
11-19 05:37:01.136 1499 1645 I am_wtf : [0,1499,system_server,-1,DisplayDeviceConfig,requesting nits when no mapping exists.]
11-19 05:37:01.137 1499 1645 I am_wtf : [0,1499,system_server,-1,DisplayDeviceConfig,requesting nits when no mapping exists.]
11-19 05:37:01.152 1499 2319 E DisplayDeviceConfig: requesting nits when no mapping exists.
11-19 05:37:01.152 1499 2319 E DisplayDeviceConfig: requesting nits when no mapping exists.
11-19 05:37:01.152 1499 1645 I am_wtf : [0,1499,system_server,-1,DisplayDeviceConfig,requesting nits when no mapping exists.]
11-19 05:37:01.153 1499 1645 I am_wtf : [0,1499,system_server,-1,DisplayDeviceConfig,requesting nits when no mapping exists.]
11-19 05:37:01.169 1499 2319 E DisplayDeviceConfig: requesting nits when no mapping exists.
11-19 05:37:01.170 1499 1645 I am_wtf : [0,1499,system_server,-1,DisplayDeviceConfig,requesting nits when no mapping exists.]
11-19 05:37:01.170 1499 2319 E DisplayDeviceConfig: requesting nits when no mapping exists.
11-19 05:37:01.171 1499 1645 I am_wtf : [0,1499,system_server,-1,DisplayDeviceConfig,requesting nits when no mapping exists.]
11-19 05:37:01.186 1499 2319 E DisplayDeviceConfig: requesting nits when no mapping exists.
11-19 05:37:01.186 1499 2319 E DisplayDeviceConfig: requesting nits when no mapping exists.
11-19 05:37:01.186 1499 1645 I am_wtf : [0,1499,system_server,-1,DisplayDeviceConfig,requesting nits when no mapping exists.]
11-19 05:37:01.187 1499 1645 I am_wtf : [0,1499,system_server,-1,DisplayDeviceConfig,requesting nits when no mapping exists.]
11-19 05:37:01.202 1499 2319 E DisplayDeviceConfig: requesting nits when no mapping exists.
11-19 05:37:01.202 1499 2319 E DisplayDeviceConfig: requesting nits when no mapping exists.
11-19 05:37:01.202 1499 1645 I am_wtf : [0,1499,system_server,-1,DisplayDeviceConfig,requesting nits when no mapping exists.]
11-19 05:37:01.204 1499 1645 I am_wtf : [0,1499,system_server,-1,DisplayDeviceConfig,requesting nits when no mapping exists.]
11-19 05:37:01.219 1499 2319 E DisplayDeviceConfig: requesting nits when no mapping exists.
11-19 05:37:01.219 1499 1645 I am_wtf : [0,1499,system_server,-1,DisplayDeviceConfig,requesting nits when no mapping exists.]
11-19 05:37:01.219 1499 2319 E DisplayDeviceConfig: requesting nits when no mapping exists.
11-19 05:37:01.221 1499 1645 I am_wtf : [0,1499,system_server,-1,DisplayDeviceConfig,requesting nits when no mapping exists.]
11-19 05:37:01.235 1499 2319 E DisplayDeviceConfig: requesting nits when no mapping exists.
11-19 05:37:01.236 1499 2319 E DisplayDeviceConfig: requesting nits when no mapping exists.
11-19 05:37:01.237 1499 1645 I am_wtf : [0,1499,system_server,-1,DisplayDeviceConfig,requesting nits when no mapping exists.]
11-19 05:37:01.238 1499 1645 I am_wtf : [0,1499,system_server,-1,DisplayDeviceConfig,requesting nits when no mapping exists.]
11-19 05:37:01.252 1499 2319 E DisplayDeviceConfig: requesting nits when no mapping exists.
11-19 05:37:01.253 1499 2319 E DisplayDeviceConfig: requesting nits when no mapping exists.
11-19 05:37:01.253 1499 1645 I am_wtf : [0,1499,system_server,-1,DisplayDeviceConfig,requesting nits when no mapping exists.]
11-19 05:37:01.254 1499 1645 I am_wtf : [0,1499,system_server,-1,DisplayDeviceConfig,requesting nits when no mapping exists.]
11-19 05:37:01.269 1499 2319 E DisplayDeviceConfig: requesting nits when no mapping exists.
11-19 05:37:01.270 1499 2319 E DisplayDeviceConfig: requesting nits when no mapping exists.
11-19 05:37:01.270 1499 1645 I am_wtf : [0,1499,system_server,-1,DisplayDeviceConfig,requesting nits when no mapping exists.]
11-19 05:37:01.271 1499 1645 I am_wtf : [0,1499,system_server,-1,DisplayDeviceConfig,requesting nits when no mapping exists.]
11-19 05:37:01.286 1499 2319 E DisplayDeviceConfig: requesting nits when no mapping exists.
11-19 05:37:01.286 1499 2319 E DisplayDeviceConfig: requesting nits when no mapping exists.
11-19 05:37:01.286 1499 1645 I am_wtf : [0,1499,system_server,-1,DisplayDeviceConfig,requesting nits when no mapping exists.]
11-19 05:37:01.287 1499 1645 I am_wtf : [0,1499,system_server,-1,DisplayDeviceConfig,requesting nits when no mapping exists.]
11-19 05:37:01.302 1499 2319 E DisplayDeviceConfig: requesting nits when no mapping exists.
11-19 05:37:01.303 1499 2319 E DisplayDeviceConfig: requesting nits when no mapping exists.
11-19 05:37:01.303 1499 1645 I am_wtf : [0,1499,system_server,-1,DisplayDeviceConfig,requesting nits when no mapping exists.]
11-19 05:37:01.304 1499 1645 I am_wtf : [0,1499,system_server,-1,DisplayDeviceConfig,requesting nits when no mapping exists.]
11-19 05:37:01.319 1499 2319 E DisplayDeviceConfig: requesting nits when no mapping exists.
11-19 05:37:01.319 1499 2319 E DisplayDeviceConfig: requesting nits when no mapping exists.
11-19 05:37:01.319 1499 1645 I am_wtf : [0,1499,system_server,-1,DisplayDeviceConfig,requesting nits when no mapping exists.]
11-19 05:37:01.321 1499 1645 I am_wtf : [0,1499,system_server,-1,DisplayDeviceConfig,requesting nits when no mapping exists.]
11-19 05:37:01.336 1499 2319 E DisplayDeviceConfig: requesting nits when no mapping exists.
11-19 05:37:01.337 1499 2319 E DisplayDeviceConfig: requesting nits when no mapping exists.
11-19 05:37:01.337 1499 1645 I am_wtf : [0,1499,system_server,-1,DisplayDeviceConfig,requesting nits when no mapping exists.]
11-19 05:37:01.338 1499 1645 I am_wtf : [0,1499,system_server,-1,DisplayDeviceConfig,requesting nits when no mapping exists.]
11-19 05:37:01.352 1499 2319 E DisplayDeviceConfig: requesting nits when no mapping exists.
11-19 05:37:01.353 1499 2319 E DisplayDeviceConfig: requesting nits when no mapping exists.
11-19 05:37:01.353 1499 1645 I am_wtf : [0,1499,system_server,-1,DisplayDeviceConfig,requesting nits when no mapping exists.]
11-19 05:37:01.354 1499 1645 I am_wtf : [0,1499,system_server,-1,DisplayDeviceConfig,requesting nits when no mapping exists.]
11-19 05:37:01.369 1499 2319 E DisplayDeviceConfig: requesting nits when no mapping exists.
11-19 05:37:01.370 1499 1645 I am_wtf : [0,1499,system_server,-1,DisplayDeviceConfig,requesting nits when no mapping exists.]
11-19 05:37:01.371 1499 2319 E DisplayDeviceConfig: requesting nits when no mapping exists.
11-19 05:37:01.371 1499 1645 I am_wtf : [0,1499,system_server,-1,DisplayDeviceConfig,requesting nits when no mapping exists.]
11-19 05:37:01.386 1499 2319 E DisplayDeviceConfig: requesting nits when no mapping exists.
11-19 05:37:01.386 1499 1645 I am_wtf : [0,1499,system_server,-1,DisplayDeviceConfig,requesting nits when no mapping exists.]
11-19 05:37:01.387 1499 2319 E DisplayDeviceConfig: requesting nits when no mapping exists.
11-19 05:37:01.387 1499 1645 I am_wtf : [0,1499,system_server,-1,DisplayDeviceConfig,requesting nits when no mapping exists.]
11-19 05:37:01.402 1499 2319 E DisplayDeviceConfig: requesting nits when no mapping exists.
11-19 05:37:01.403 1499 2319 E DisplayDeviceConfig: requesting nits when no mapping exists.
11-19 05:37:01.403 1499 1645 I am_wtf : [0,1499,system_server,-1,DisplayDeviceConfig,requesting nits when no mapping exists.]
11-19 05:37:01.404 1499 1645 I am_wtf : [0,1499,system_server,-1,DisplayDeviceConfig,requesting nits when no mapping exists.]
11-19 05:37:01.420 1499 2319 E DisplayDeviceConfig: requesting nits when no mapping exists.
11-19 05:37:01.421 1499 1645 I am_wtf : [0,1499,system_server,-1,DisplayDeviceConfig,requesting nits when no mapping exists.]
11-19 05:37:01.421 1499 2319 E DisplayDeviceConfig: requesting nits when no mapping exists.
11-19 05:37:01.422 1499 1645 I am_wtf : [0,1499,system_server,-1,DisplayDeviceConfig,requesting nits when no mapping exists.]
11-19 05:37:01.436 1499 2319 E DisplayDeviceConfig: requesting nits when no mapping exists.
11-19 05:37:01.437 1499 2319 E DisplayDeviceConfig: requesting nits when no mapping exists.
11-19 05:37:01.437 1499 1645 I am_wtf : [0,1499,system_server,-1,DisplayDeviceConfig,requesting nits when no mapping exists.]
11-19 05:37:01.438 1499 1645 I am_wtf : [0,1499,system_server,-1,DisplayDeviceConfig,requesting nits when no mapping exists.]
11-19 05:37:01.452 1499 2319 E DisplayDeviceConfig: requesting nits when no mapping exists.
11-19 05:37:01.453 1499 2319 E DisplayDeviceConfig: requesting nits when no mapping exists.
11-19 05:37:01.453 1499 1645 I am_wtf : [0,1499,system_server,-1,DisplayDeviceConfig,requesting nits when no mapping exists.]
11-19 05:37:01.454 1499 1645 I am_wtf : [0,1499,system_server,-1,DisplayDeviceConfig,requesting nits when no mapping exists.]
11-19 05:37:01.470 1499 2319 E DisplayDeviceConfig: requesting nits when no mapping exists.
11-19 05:37:01.470 1499 2319 E DisplayDeviceConfig: requesting nits when no mapping exists.
11-19 05:37:01.470 1499 1645 I am_wtf : [0,1499,system_server,-1,DisplayDeviceConfig,requesting nits when no mapping exists.]
11-19 05:37:01.472 1499 1645 I am_wtf : [0,1499,system_server,-1,DisplayDeviceConfig,requesting nits when no mapping exists.]
11-19 05:37:01.486 1499 2319 E DisplayDeviceConfig: requesting nits when no mapping exists.
11-19 05:37:01.487 1499 2319 E DisplayDeviceConfig: requesting nits when no mapping exists.
11-19 05:37:01.487 1499 1645 I am_wtf : [0,1499,system_server,-1,DisplayDeviceConfig,requesting nits when no mapping exists.]
11-19 05:37:01.489 1499 1645 I am_wtf : [0,1499,system_server,-1,DisplayDeviceConfig,requesting nits when no mapping exists.]
11-19 05:37:01.503 1499 2319 E DisplayDeviceConfig: requesting nits when no mapping exists.
11-19 05:37:01.504 1499 1645 I am_wtf : [0,1499,system_server,-1,DisplayDeviceConfig,requesting nits when no mapping exists.]
11-19 05:37:01.504 1499 2319 E DisplayDeviceConfig: requesting nits when no mapping exists.
11-19 05:37:01.506 1499 1645 I am_wtf : [0,1499,system_server,-1,DisplayDeviceConfig,requesting nits when no mapping exists.]
11-19 05:37:01.519 1499 2319 E DisplayDeviceConfig: requesting nits when no mapping exists.
11-19 05:37:01.520 1499 2319 E DisplayDeviceConfig: requesting nits when no mapping exists.
11-19 05:37:01.520 1499 1645 I am_wtf : [0,1499,system_server,-1,DisplayDeviceConfig,requesting nits when no mapping exists.]
11-19 05:37:01.521 1499 1645 I am_wtf : [0,1499,system_server,-1,DisplayDeviceConfig,requesting nits when no mapping exists.]
11-19 05:37:02.131 0 0 I auditd : type=1400 audit(0.0:13700): avc: denied { kill } for comm="swapper/1" capability=5 scontext=u:r:kernel:s0 tcontext=u:r:kernel:s0 tclass=capability permissive=0
11-19 05:37:03.131 0 0 I auditd : type=1400 audit(0.0:13701): avc: denied { kill } for comm="swapper/1" capability=5 scontext=u:r:kernel:s0 tcontext=u:r:kernel:s0 tclass=capability permissive=0
11-19 05:37:04.131 0 0 I auditd : type=1400 audit(0.0:13702): avc: denied { kill } for comm="swapper/1" capability=5 scontext=u:r:kernel:s0 tcontext=u:r:kernel:s0 tclass=capability permissive=0
11-19 05:37:05.131 0 0 I auditd : type=1400 audit(0.0:13703): avc: denied { kill } for comm="swapper/1" capability=5 scontext=u:r:kernel:s0 tcontext=u:r:kernel:s0 tclass=capability permissive=0
11-19 05:37:06.131 0 0 I auditd : type=1400 audit(0.0:13704): avc: denied { kill } for comm="swapper/1" capability=5 scontext=u:r:kernel:s0 tcontext=u:r:kernel:s0 tclass=capability permissive=0
11-19 05:37:07.131 0 0 I auditd : type=1400 audit(0.0:13705): avc: denied { kill } for comm="swapper/1" capability=5 scontext=u:r:kernel:s0 tcontext=u:r:kernel:s0 tclass=capability permissive=0
11-19 05:37:07.421 1499 1645 I am_uid_idle: 10064
11-19 05:37:07.568 1499 1663 I PowerManagerService: Napping display group (groupId=0, uid=1000)...
11-19 05:37:07.569 1499 1663 I PowerManagerService: Nap time (uid 1000)...
11-19 05:37:07.571 1499 1663 I DreamManagerService: Entering dreamland.
11-19 05:37:07.575 1499 1663 I PowerManagerService: Dreaming...
11-19 05:37:07.577 1499 1634 I DreamController: Starting dream: name=ComponentInfo{com.thundercomm.screensaver/com.thundercomm.saverclock.service.ClockScreensaver}, isTest=false, canDoze=false, userId=0
11-19 05:37:07.577 1499 1634 I sysui_multi_action: [757,222,758,1]
11-19 05:37:07.581 1499 1634 I am_uid_active: 10050
11-19 05:37:07.598 1499 5048 I ActivityTaskManager: START u0 {flg=0x10000000 pkg=com.thundercomm.screensaver cmp=com.thundercomm.screensaver/android.service.dreams.DreamActivity (has extras)} from uid 10050
11-19 05:37:07.603 1499 1644 I am_pss : [14185,10062,com.android.calendar,61742080,56352768,0,181436416,0,2,15]
11-19 05:37:07.606 1499 5048 I wm_task_created: [84,-1]
11-19 05:37:07.606 1499 5048 W ActivityTaskManager: Can't find TaskDisplayArea to determine support for multi window. Task id=84 attached=false
11-19 05:37:07.610 1499 5048 I wm_task_moved: [84,1,7]
11-19 05:37:07.610 1499 5048 I wm_task_to_front: [0,84]
11-19 05:37:07.611 1499 5048 I wm_create_task: [0,84]
11-19 05:37:07.611 1499 5048 I wm_create_activity: [0,100414475,84,com.thundercomm.screensaver/android.service.dreams.DreamActivity,NULL,NULL,NULL,276824064]
11-19 05:37:07.611 1499 5048 I wm_task_moved: [84,1,7]
11-19 05:37:07.611 14185 14185 I wm_on_top_resumed_lost_called: [207378235,com.android.calendar.AllInOneActivity,topStateChangedWhenResumed]
11-19 05:37:07.613 1499 5048 I wm_pause_activity: [0,19758722,com.android.launcher3/.uioverrides.QuickstepLauncher,userLeaving=true,pauseBackTasks]
11-19 05:37:07.613 1499 1644 I am_pss : [14562,10021,com.android.providers.calendar,7609344,5283840,0,98377728,0,19,7]
11-19 05:37:07.613 1499 5048 W WindowManager: updateScale0.7996942
11-19 05:37:07.614 2802 2802 I wm_on_paused_called: [19758722,com.android.launcher3.uioverrides.QuickstepLauncher,performPause]
11-19 05:37:07.620 1499 1730 I ActivityTaskManager: FOREGROUND_APPLICATION_CHANGED to android.service.dreams.DreamActivity
11-19 05:37:07.620 1499 1730 I ActivityTaskManager: The Process com.thundercomm.screensaver Already Exists in BG. So sending its PID: 4805
11-19 05:37:07.621 1499 1730 W ActivityTaskManager: Tried to set launchTime (0) < mLastActivityLaunchTime (15214652)
11-19 05:37:07.621 1499 1730 I wm_add_to_stopping: [0,19758722,com.android.launcher3/.uioverrides.QuickstepLauncher,makeInvisible]
11-19 05:37:07.622 1499 1730 I wm_restart_activity: [0,100414475,84,com.thundercomm.screensaver/android.service.dreams.DreamActivity]
11-19 05:37:07.624 1499 1730 I wm_set_resumed_activity: [0,com.thundercomm.screensaver/android.service.dreams.DreamActivity,minimalResumeActivityLocked]
11-19 05:37:07.625 1499 1730 W WindowManager: updateScale0.7996942
11-19 05:37:07.641 7802 7838 W ContextImpl: Calling a method in the system process without a qualified user: android.app.ContextImpl.startService:1816 android.content.ContextWrapper.startService:774 com.thundercomm.gamemode.ingame.services.GameModeActionUtils.startGameModeService:93 com.thundercomm.gamemode.ingame.services.GameModeActionUtils.startGameModeEntry:21 com.thundercomm.gamemode.ingame.services.ActivityMonitoringService$1.onActivityLaunch:127
11-19 05:37:07.643 4805 4805 I wm_on_create_called: [100414475,android.service.dreams.DreamActivity,performCreate]
11-19 05:37:07.644 1499 1637 I sysui_multi_action: [757,803,799,window_time_0,802,63]
11-19 05:37:07.644 4805 4805 I wm_on_start_called: [100414475,android.service.dreams.DreamActivity,handleStartActivity]
11-19 05:37:07.648 4805 4805 I wm_on_resume_called: [100414475,android.service.dreams.DreamActivity,RESUME_ACTIVITY]
11-19 05:37:07.650 1499 1730 W WindowManager: Failed looking up window session=Session{6e93b31 4805:u0a10050} callers=com.android.server.wm.WindowManagerService.windowForClientLocked:5628 com.android.server.wm.Session.insetsModified:629 android.view.IWindowSession$Stub.onTransact:1151
11-19 05:37:07.652 1499 1499 I GameModeConfig: Current uri is uri = content://com.thundercomm.gamemode.api/gamemode_settings/gamemode_isgaming
11-19 05:37:07.653 1499 1499 I am_uid_active: 10064
11-19 05:37:07.654 4805 4805 I wm_on_top_resumed_gained_called: [100414475,android.service.dreams.DreamActivity,topStateChangedWhenResumed]
11-19 05:37:07.659 1499 1499 I GameModeConfig: isGameModeOn = false
11-19 05:37:07.659 1499 1499 I GameModeConfig: isGameModeOn = false
11-19 05:37:07.659 1499 1499 I GameModeConfig: isDisableVoice = true
11-19 05:37:07.668 1499 5048 W WindowManager: updateScale0.7996942
11-19 05:37:07.673 1499 1638 I input_focus: [Focus request 491783d com.thundercomm.screensaver/android.service.dreams.DreamActivity,reason=UpdateInputWindows]
11-19 05:37:07.674 1499 1637 W WindowManager: updateScale0.7996942
11-19 05:37:07.678 1499 1638 W WindowManager: updateScale0.7996942
11-19 05:37:07.679 1499 2284 I GameModeConfig: isGameModeOn = false
11-19 05:37:07.680 1499 2284 I GameModeConfig: isGameModeOn = false
11-19 05:37:07.680 1499 2284 I GameModeConfig: isGameModeOn = false
11-19 05:37:07.680 1499 2284 I GameModeConfig: isGameModeOn = false
11-19 05:37:07.682 1499 1499 I notification_enqueue: [10081,2342,com.android.systemui,2048,NULL,0,Notification(channel=updateNotification shortcut=null contentView=null vibrate=null sound=null defaults=0x0 flags=0x0 color=0x00000000 vis=PRIVATE),1]
11-19 05:37:07.683 1499 1638 W WindowManager: updateScale0.7996942
11-19 05:37:07.683 2342 2342 I sysui_multi_action: [757,111,758,2]
11-19 05:37:07.684 1499 1638 W WindowManager: updateScale0.7996942
11-19 05:37:07.684 2342 2342 I sysui_multi_action: [757,111,758,2]
11-19 05:37:07.685 1499 1638 W WindowManager: updateScale0.7996942
11-19 05:37:07.687 1499 1663 V DisplayPowerController[0]: Brightness [1.0] reason changing to: 'manual', previous reason: 'manual [ dim ]'.
11-19 05:37:07.687 1499 1663 I sysui_multi_action: [757,1696,758,6,759,3]
11-19 05:37:07.689 1499 1831 I input_focus: [Focus leaving dc59070 com.android.calendar/com.android.calendar.AllInOneActivity (server),reason=Waiting for window because NOT_VISIBLE]
11-19 05:37:07.691 1499 1634 I sysui_multi_action: [319,85,322,84,325,15506,757,761,758,8,759,2,806,com.thundercomm.screensaver,871,android.service.dreams.DreamActivity,904,com.thundercomm.screensaver,905,0,1320,4,1321,2]
11-19 05:37:07.692 1499 1634 I wm_activity_launch_time: [0,100414475,com.thundercomm.screensaver/android.service.dreams.DreamActivity,84]
11-19 05:37:07.702 2342 2342 I sysui_multi_action: [757,111,758,1]
11-19 05:37:07.705 1499 2319 E DisplayDeviceConfig: requesting nits when no mapping exists.
11-19 05:37:07.705 2342 2342 I sysui_multi_action: [757,126,758,1,759,126,927,0,928,0,1593,0]
11-19 05:37:07.705 2342 2342 I sysui_multi_action: [757,113,758,1,759,113,927,1,928,1,1593,0]
11-19 05:37:07.705 1499 2319 E DisplayDeviceConfig: requesting nits when no mapping exists.
11-19 05:37:07.705 2342 2342 I sysui_multi_action: [757,0,758,1,759,0,927,2,928,0,1593,0]
11-19 05:37:07.705 1499 1645 I am_wtf : [0,1499,system_server,-1,DisplayDeviceConfig,requesting nits when no mapping exists.]
11-19 05:37:07.705 2342 2342 I sysui_multi_action: [757,0,758,1,759,0,927,3,928,0,1593,0]
11-19 05:37:07.706 2342 2342 I sysui_multi_action: [757,491,758,1,759,491,927,4,928,0,1311,-1,1593,0]
11-19 05:37:07.706 2342 2342 I sysui_multi_action: [757,0,758,1,759,0,927,5,928,0,1593,0]
11-19 05:37:07.706 1499 1645 I am_wtf : [0,1499,system_server,-1,DisplayDeviceConfig,requesting nits when no mapping exists.]
11-19 05:37:07.707 2342 2342 I sysui_multi_action: [757,111,758,1]
11-19 05:37:07.707 2342 2342 I sysui_multi_action: [757,126,758,1,759,126,927,0,928,0,1593,0]
11-19 05:37:07.707 2342 2342 I sysui_multi_action: [757,113,758,1,759,113,927,1,928,1,1593,0]
11-19 05:37:07.707 2342 2342 I sysui_multi_action: [757,0,758,1,759,0,927,2,928,0,1593,0]
11-19 05:37:07.707 2342 2342 I sysui_multi_action: [757,0,758,1,759,0,927,3,928,0,1593,0]
11-19 05:37:07.723 1499 1831 I input_focus: [Focus entering 491783d com.thundercomm.screensaver/android.service.dreams.DreamActivity (server),reason=Window became focusable. Previous reason: NOT_VISIBLE]
11-19 05:37:07.730 7802 7838 W ContextImpl: Calling a method in the system process without a qualified user: android.app.ContextImpl.startService:1816 android.content.ContextWrapper.startService:774 com.thundercomm.gamemode.ingame.services.GameModeActionUtils.startGameModeService:93 com.thundercomm.gamemode.ingame.services.GameModeActionUtils.startGameModeEntry:21 com.thundercomm.gamemode.ingame.services.ActivityMonitoringService$1.onActivityLaunch:127
11-19 05:37:07.732 1499 2319 E DisplayDeviceConfig: requesting nits when no mapping exists.
11-19 05:37:07.732 1499 2319 E DisplayDeviceConfig: requesting nits when no mapping exists.
11-19 05:37:07.733 1499 1645 I am_wtf : [0,1499,system_server,-1,DisplayDeviceConfig,requesting nits when no mapping exists.]
11-19 05:37:07.734 1499 1645 I am_wtf : [0,1499,system_server,-1,DisplayDeviceConfig,requesting nits when no mapping exists.]
11-19 05:37:07.736 1499 1499 I GameModeConfig: Current uri is uri = content://com.thundercomm.gamemode.api/gamemode_settings/gamemode_isgaming
11-19 05:37:07.736 1499 2319 E DisplayDeviceConfig: requesting nits when no mapping exists.
11-19 05:37:07.737 1499 2319 E DisplayDeviceConfig: requesting nits when no mapping exists.
11-19 05:37:07.738 1499 1645 I am_wtf : [0,1499,system_server,-1,DisplayDeviceConfig,requesting nits when no mapping exists.]
11-19 05:37:07.738 1499 1499 I GameModeConfig: isGameModeOn = false
11-19 05:37:07.738 1499 1499 I GameModeConfig: isGameModeOn = false
11-19 05:37:07.738 1499 1499 I GameModeConfig: isDisableVoice = true
11-19 05:37:07.738 1499 1645 I am_wtf : [0,1499,system_server,-1,DisplayDeviceConfig,requesting nits when no mapping exists.]
11-19 05:37:07.755 1499 2319 E DisplayDeviceConfig: requesting nits when no mapping exists.
11-19 05:37:07.755 1499 2319 E DisplayDeviceConfig: requesting nits when no mapping exists.
11-19 05:37:07.755 1499 1645 I am_wtf : [0,1499,system_server,-1,DisplayDeviceConfig,requesting nits when no mapping exists.]
11-19 05:37:07.756 1499 1645 I am_wtf : [0,1499,system_server,-1,DisplayDeviceConfig,requesting nits when no mapping exists.]
11-19 05:37:07.756 1499 1645 I service_manager_stats: [100,51,6953]
11-19 05:37:07.770 1499 2319 E DisplayDeviceConfig: requesting nits when no mapping exists.
11-19 05:37:07.771 1499 2319 E DisplayDeviceConfig: requesting nits when no mapping exists.
11-19 05:37:07.772 1499 1645 I am_wtf : [0,1499,system_server,-1,DisplayDeviceConfig,requesting nits when no mapping exists.]
11-19 05:37:07.773 1499 1645 I am_wtf : [0,1499,system_server,-1,DisplayDeviceConfig,requesting nits when no mapping exists.]
11-19 05:37:07.790 1499 2319 E DisplayDeviceConfig: requesting nits when no mapping exists.
11-19 05:37:07.790 1499 1645 I am_wtf : [0,1499,system_server,-1,DisplayDeviceConfig,requesting nits when no mapping exists.]
11-19 05:37:07.791 1499 2319 E DisplayDeviceConfig: requesting nits when no mapping exists.
11-19 05:37:07.792 1499 1645 I am_wtf : [0,1499,system_server,-1,DisplayDeviceConfig,requesting nits when no mapping exists.]
11-19 05:37:07.807 1499 2319 E DisplayDeviceConfig: requesting nits when no mapping exists.
11-19 05:37:07.807 1499 1645 I am_wtf : [0,1499,system_server,-1,DisplayDeviceConfig,requesting nits when no mapping exists.]
11-19 05:37:07.809 1499 2319 E DisplayDeviceConfig: requesting nits when no mapping exists.
11-19 05:37:07.809 1499 1645 I am_wtf : [0,1499,system_server,-1,DisplayDeviceConfig,requesting nits when no mapping exists.]
11-19 05:37:07.820 1499 2319 E DisplayDeviceConfig: requesting nits when no mapping exists.
11-19 05:37:07.821 1499 1645 I am_wtf : [0,1499,system_server,-1,DisplayDeviceConfig,requesting nits when no mapping exists.]
11-19 05:37:07.821 1499 2319 E DisplayDeviceConfig: requesting nits when no mapping exists.
11-19 05:37:07.822 1499 1645 I am_wtf : [0,1499,system_server,-1,DisplayDeviceConfig,requesting nits when no mapping exists.]
11-19 05:37:07.837 1499 2319 E DisplayDeviceConfig: requesting nits when no mapping exists.
11-19 05:37:07.838 1499 2319 E DisplayDeviceConfig: requesting nits when no mapping exists.
11-19 05:37:07.838 1499 1645 I am_wtf : [0,1499,system_server,-1,DisplayDeviceConfig,requesting nits when no mapping exists.]
11-19 05:37:07.841 1499 1645 I am_wtf : [0,1499,system_server,-1,DisplayDeviceConfig,requesting nits when no mapping exists.]
11-19 05:37:07.858 1499 2319 E DisplayDeviceConfig: requesting nits when no mapping exists.
11-19 05:37:07.859 1499 1645 I am_wtf : [0,1499,system_server,-1,DisplayDeviceConfig,requesting nits when no mapping exists.]
11-19 05:37:07.859 1499 2319 E DisplayDeviceConfig: requesting nits when no mapping exists.
11-19 05:37:07.859 1499 1645 I am_wtf : [0,1499,system_server,-1,DisplayDeviceConfig,requesting nits when no mapping exists.]
11-19 05:37:07.870 1499 2319 E DisplayDeviceConfig: requesting nits when no mapping exists.
11-19 05:37:07.871 1499 2319 E DisplayDeviceConfig: requesting nits when no mapping exists.
11-19 05:37:07.871 1499 1645 I am_wtf : [0,1499,system_server,-1,DisplayDeviceConfig,requesting nits when no mapping exists.]
11-19 05:37:07.872 1499 1645 I am_wtf : [0,1499,system_server,-1,DisplayDeviceConfig,requesting nits when no mapping exists.]
11-19 05:37:07.884 1499 1499 I GameModeConfig: isGameModeOn = false
11-19 05:37:07.891 1499 2319 E DisplayDeviceConfig: requesting nits when no mapping exists.
11-19 05:37:07.892 1499 2319 E DisplayDeviceConfig: requesting nits when no mapping exists.
11-19 05:37:07.892 1499 1645 I am_wtf : [0,1499,system_server,-1,DisplayDeviceConfig,requesting nits when no mapping exists.]
11-19 05:37:07.893 1499 1645 I am_wtf : [0,1499,system_server,-1,DisplayDeviceConfig,requesting nits when no mapping exists.]
11-19 05:37:07.905 1499 2319 E DisplayDeviceConfig: requesting nits when no mapping exists.
11-19 05:37:07.905 1499 2319 E DisplayDeviceConfig: requesting nits when no mapping exists.
11-19 05:37:07.905 1499 1645 I am_wtf : [0,1499,system_server,-1,DisplayDeviceConfig,requesting nits when no mapping exists.]
11-19 05:37:07.906 1499 1645 I am_wtf : [0,1499,system_server,-1,DisplayDeviceConfig,requesting nits when no mapping exists.]
11-19 05:37:07.920 1499 2319 E DisplayDeviceConfig: requesting nits when no mapping exists.
11-19 05:37:07.921 1499 2319 E DisplayDeviceConfig: requesting nits when no mapping exists.
11-19 05:37:07.924 1499 1645 I am_wtf : [0,1499,system_server,-1,DisplayDeviceConfig,requesting nits when no mapping exists.]
11-19 05:37:07.926 1499 1645 I am_wtf : [0,1499,system_server,-1,DisplayDeviceConfig,requesting nits when no mapping exists.]
11-19 05:37:07.937 1499 2319 E DisplayDeviceConfig: requesting nits when no mapping exists.
11-19 05:37:07.938 1499 1645 I am_wtf : [0,1499,system_server,-1,DisplayDeviceConfig,requesting nits when no mapping exists.]
11-19 05:37:07.938 1499 2319 E DisplayDeviceConfig: requesting nits when no mapping exists.
11-19 05:37:07.939 1499 1645 I am_wtf : [0,1499,system_server,-1,DisplayDeviceConfig,requesting nits when no mapping exists.]
11-19 05:37:07.955 1499 2319 E DisplayDeviceConfig: requesting nits when no mapping exists.
11-19 05:37:07.955 1499 2319 E DisplayDeviceConfig: requesting nits when no mapping exists.
11-19 05:37:07.955 1499 1645 I am_wtf : [0,1499,system_server,-1,DisplayDeviceConfig,requesting nits when no mapping exists.]
11-19 05:37:07.956 1499 1645 I am_wtf : [0,1499,system_server,-1,DisplayDeviceConfig,requesting nits when no mapping exists.]
11-19 05:37:07.970 1499 2319 E DisplayDeviceConfig: requesting nits when no mapping exists.
11-19 05:37:07.971 1499 2319 E DisplayDeviceConfig: requesting nits when no mapping exists.
11-19 05:37:07.971 1499 1645 I am_wtf : [0,1499,system_server,-1,DisplayDeviceConfig,requesting nits when no mapping exists.]
11-19 05:37:07.973 1499 1645 I am_wtf : [0,1499,system_server,-1,DisplayDeviceConfig,requesting nits when no mapping exists.]
11-19 05:37:07.973 1499 1637 I wm_stop_activity: [0,19758722,com.android.launcher3/.uioverrides.QuickstepLauncher]
11-19 05:37:07.975 1499 1638 W WindowManager: updateScale0.7996942
11-19 05:37:07.991 1499 2319 E DisplayDeviceConfig: requesting nits when no mapping exists.
11-19 05:37:07.992 1499 2319 E DisplayDeviceConfig: requesting nits when no mapping exists.
11-19 05:37:07.992 1499 1645 I am_wtf : [0,1499,system_server,-1,DisplayDeviceConfig,requesting nits when no mapping exists.]
11-19 05:37:07.993 1499 1645 I am_wtf : [0,1499,system_server,-1,DisplayDeviceConfig,requesting nits when no mapping exists.]
11-19 05:37:07.994 1499 2761 W WindowManager: updateScale0.7996942
11-19 05:37:08.002 2802 2802 I wm_on_stop_called: [19758722,com.android.launcher3.uioverrides.QuickstepLauncher,STOP_ACTIVITY_ITEM]
11-19 05:37:08.006 1499 2319 E DisplayDeviceConfig: requesting nits when no mapping exists.
11-19 05:37:08.008 1499 1645 I am_wtf : [0,1499,system_server,-1,DisplayDeviceConfig,requesting nits when no mapping exists.]
11-19 05:37:08.008 1499 2319 E DisplayDeviceConfig: requesting nits when no mapping exists.
11-19 05:37:08.009 1499 1645 I am_wtf : [0,1499,system_server,-1,DisplayDeviceConfig,requesting nits when no mapping exists.]
11-19 05:37:08.013 7802 7838 W ContextImpl: Calling a method in the system process without a qualified user: android.app.ContextImpl.startService:1816 android.content.ContextWrapper.startService:774 com.thundercomm.gamemode.ingame.services.GameModeActionUtils.startGameModeService:93 com.thundercomm.gamemode.ingame.services.GameModeActionUtils.startGameModeEntry:21 com.thundercomm.gamemode.ingame.services.ActivityMonitoringService$1.onActivityLaunch:127
11-19 05:37:08.016 1499 1499 I GameModeConfig: Current uri is uri = content://com.thundercomm.gamemode.api/gamemode_settings/gamemode_isgaming
11-19 05:37:08.017 1499 1499 I GameModeConfig: isGameModeOn = false
11-19 05:37:08.018 1499 1499 I GameModeConfig: isGameModeOn = false
11-19 05:37:08.018 1499 1499 I GameModeConfig: isDisableVoice = true
11-19 05:37:08.022 1499 2319 E DisplayDeviceConfig: requesting nits when no mapping exists.
11-19 05:37:08.022 1499 2319 E DisplayDeviceConfig: requesting nits when no mapping exists.
11-19 05:37:08.022 1499 1645 I am_wtf : [0,1499,system_server,-1,DisplayDeviceConfig,requesting nits when no mapping exists.]
11-19 05:37:08.027 1499 1645 I am_wtf : [0,1499,system_server,-1,DisplayDeviceConfig,requesting nits when no mapping exists.]
11-19 05:37:08.037 1499 2319 E DisplayDeviceConfig: requesting nits when no mapping exists.
11-19 05:37:08.037 1499 1645 I am_wtf : [0,1499,system_server,-1,DisplayDeviceConfig,requesting nits when no mapping exists.]
11-19 05:37:08.037 1499 2319 E DisplayDeviceConfig: requesting nits when no mapping exists.
11-19 05:37:08.038 1499 1645 I am_wtf : [0,1499,system_server,-1,DisplayDeviceConfig,requesting nits when no mapping exists.]
11-19 05:37:08.051 1499 2319 E DisplayDeviceConfig: requesting nits when no mapping exists.
11-19 05:37:08.052 1499 2319 E DisplayDeviceConfig: requesting nits when no mapping exists.
11-19 05:37:08.052 1499 1645 I am_wtf : [0,1499,system_server,-1,DisplayDeviceConfig,requesting nits when no mapping exists.]
11-19 05:37:08.052 1499 1645 I am_wtf : [0,1499,system_server,-1,DisplayDeviceConfig,requesting nits when no mapping exists.]
11-19 05:37:08.068 1499 2319 E DisplayDeviceConfig: requesting nits when no mapping exists.
11-19 05:37:08.069 1499 2319 E DisplayDeviceConfig: requesting nits when no mapping exists.
11-19 05:37:08.069 1499 1645 I am_wtf : [0,1499,system_server,-1,DisplayDeviceConfig,requesting nits when no mapping exists.]
11-19 05:37:08.070 1499 1645 I am_wtf : [0,1499,system_server,-1,DisplayDeviceConfig,requesting nits when no mapping exists.]
11-19 05:37:08.085 1499 2319 E DisplayDeviceConfig: requesting nits when no mapping exists.
11-19 05:37:08.086 1499 2319 E DisplayDeviceConfig: requesting nits when no mapping exists.
11-19 05:37:08.086 1499 1645 I am_wtf : [0,1499,system_server,-1,DisplayDeviceConfig,requesting nits when no mapping exists.]
11-19 05:37:08.087 1499 1645 I am_wtf : [0,1499,system_server,-1,DisplayDeviceConfig,requesting nits when no mapping exists.]
11-19 05:37:08.102 1499 2319 E DisplayDeviceConfig: requesting nits when no mapping exists.
11-19 05:37:08.102 1499 2319 E DisplayDeviceConfig: requesting nits when no mapping exists.
11-19 05:37:08.102 1499 1645 I am_wtf : [0,1499,system_server,-1,DisplayDeviceConfig,requesting nits when no mapping exists.]
11-19 05:37:08.103 1499 1645 I am_wtf : [0,1499,system_server,-1,DisplayDeviceConfig,requesting nits when no mapping exists.]
11-19 05:37:08.119 1499 2319 E DisplayDeviceConfig: requesting nits when no mapping exists.
11-19 05:37:08.119 1499 2319 E DisplayDeviceConfig: requesting nits when no mapping exists.
11-19 05:37:08.119 1499 1645 I am_wtf : [0,1499,system_server,-1,DisplayDeviceConfig,requesting nits when no mapping exists.]
11-19 05:37:08.120 1499 1645 I am_wtf : [0,1499,system_server,-1,DisplayDeviceConfig,requesting nits when no mapping exists.]
11-19 05:37:08.131 0 0 I auditd : type=1400 audit(0.0:13706): avc: denied { kill } for comm="swapper/1" capability=5 scontext=u:r:kernel:s0 tcontext=u:r:kernel:s0 tclass=capability permissive=0
11-19 05:37:08.135 1499 2319 E DisplayDeviceConfig: requesting nits when no mapping exists.
11-19 05:37:08.136 1499 2319 E DisplayDeviceConfig: requesting nits when no mapping exists.
11-19 05:37:08.137 1499 1645 I am_wtf : [0,1499,system_server,-1,DisplayDeviceConfig,requesting nits when no mapping exists.]
11-19 05:37:08.138 1499 1645 I am_wtf : [0,1499,system_server,-1,DisplayDeviceConfig,requesting nits when no mapping exists.]
11-19 05:37:08.152 1499 2319 E DisplayDeviceConfig: requesting nits when no mapping exists.
11-19 05:37:08.153 1499 1645 I am_wtf : [0,1499,system_server,-1,DisplayDeviceConfig,requesting nits when no mapping exists.]
11-19 05:37:08.153 1499 2319 E DisplayDeviceConfig: requesting nits when no mapping exists.
11-19 05:37:08.155 1499 1645 I am_wtf : [0,1499,system_server,-1,DisplayDeviceConfig,requesting nits when no mapping exists.]
11-19 05:37:08.169 1499 2319 E DisplayDeviceConfig: requesting nits when no mapping exists.
11-19 05:37:08.169 1499 2319 E DisplayDeviceConfig: requesting nits when no mapping exists.
11-19 05:37:08.169 1499 1645 I am_wtf : [0,1499,system_server,-1,DisplayDeviceConfig,requesting nits when no mapping exists.]
11-19 05:37:08.170 1499 1645 I am_wtf : [0,1499,system_server,-1,DisplayDeviceConfig,requesting nits when no mapping exists.]
11-19 05:37:08.185 1499 2319 E DisplayDeviceConfig: requesting nits when no mapping exists.
11-19 05:37:08.187 1499 2319 E DisplayDeviceConfig: requesting nits when no mapping exists.
11-19 05:37:08.187 1499 1645 I am_wtf : [0,1499,system_server,-1,DisplayDeviceConfig,requesting nits when no mapping exists.]
11-19 05:37:08.188 1499 1645 I am_wtf : [0,1499,system_server,-1,DisplayDeviceConfig,requesting nits when no mapping exists.]
11-19 05:37:08.202 1499 2319 E DisplayDeviceConfig: requesting nits when no mapping exists.
11-19 05:37:08.203 1499 1645 I am_wtf : [0,1499,system_server,-1,DisplayDeviceConfig,requesting nits when no mapping exists.]
11-19 05:37:08.203 1499 2319 E DisplayDeviceConfig: requesting nits when no mapping exists.
11-19 05:37:08.204 1499 1645 I am_wtf : [0,1499,system_server,-1,DisplayDeviceConfig,requesting nits when no mapping exists.]
11-19 05:37:08.219 1499 2319 E DisplayDeviceConfig: requesting nits when no mapping exists.
11-19 05:37:08.219 1499 2319 E DisplayDeviceConfig: requesting nits when no mapping exists.
11-19 05:37:08.219 1499 1645 I am_wtf : [0,1499,system_server,-1,DisplayDeviceConfig,requesting nits when no mapping exists.]
11-19 05:37:08.220 1499 1645 I am_wtf : [0,1499,system_server,-1,DisplayDeviceConfig,requesting nits when no mapping exists.]
11-19 05:37:08.235 1499 2319 E DisplayDeviceConfig: requesting nits when no mapping exists.
11-19 05:37:08.236 1499 2319 E DisplayDeviceConfig: requesting nits when no mapping exists.
11-19 05:37:08.236 1499 1645 I am_wtf : [0,1499,system_server,-1,DisplayDeviceConfig,requesting nits when no mapping exists.]
11-19 05:37:08.237 1499 1645 I am_wtf : [0,1499,system_server,-1,DisplayDeviceConfig,requesting nits when no mapping exists.]
11-19 05:37:08.253 1499 2319 E DisplayDeviceConfig: requesting nits when no mapping exists.
11-19 05:37:08.254 1499 2319 E DisplayDeviceConfig: requesting nits when no mapping exists.
11-19 05:37:08.254 1499 1645 I am_wtf : [0,1499,system_server,-1,DisplayDeviceConfig,requesting nits when no mapping exists.]
11-19 05:37:08.255 1499 1645 I am_wtf : [0,1499,system_server,-1,DisplayDeviceConfig,requesting nits when no mapping exists.]
11-19 05:37:08.269 1499 2319 E DisplayDeviceConfig: requesting nits when no mapping exists.
11-19 05:37:08.270 1499 1645 I am_wtf : [0,1499,system_server,-1,DisplayDeviceConfig,requesting nits when no mapping exists.]
11-19 05:37:08.271 1499 2319 E DisplayDeviceConfig: requesting nits when no mapping exists.
11-19 05:37:08.271 1499 1645 I am_wtf : [0,1499,system_server,-1,DisplayDeviceConfig,requesting nits when no mapping exists.]
11-19 05:37:08.285 1499 2319 E DisplayDeviceConfig: requesting nits when no mapping exists.
11-19 05:37:08.286 1499 1645 I am_wtf : [0,1499,system_server,-1,DisplayDeviceConfig,requesting nits when no mapping exists.]
11-19 05:37:08.287 1499 2319 E DisplayDeviceConfig: requesting nits when no mapping exists.
11-19 05:37:08.288 1499 1645 I am_wtf : [0,1499,system_server,-1,DisplayDeviceConfig,requesting nits when no mapping exists.]
11-19 05:37:08.302 1499 2319 E DisplayDeviceConfig: requesting nits when no mapping exists.
11-19 05:37:08.303 1499 1645 I am_wtf : [0,1499,system_server,-1,DisplayDeviceConfig,requesting nits when no mapping exists.]
11-19 05:37:08.304 1499 2319 E DisplayDeviceConfig: requesting nits when no mapping exists.
11-19 05:37:08.304 1499 1645 I am_wtf : [0,1499,system_server,-1,DisplayDeviceConfig,requesting nits when no mapping exists.]
11-19 05:37:08.319 1499 2319 E DisplayDeviceConfig: requesting nits when no mapping exists.
11-19 05:37:08.319 1499 2319 E DisplayDeviceConfig: requesting nits when no mapping exists.
11-19 05:37:08.320 1499 1645 I am_wtf : [0,1499,system_server,-1,DisplayDeviceConfig,requesting nits when no mapping exists.]
11-19 05:37:08.321 1499 1645 I am_wtf : [0,1499,system_server,-1,DisplayDeviceConfig,requesting nits when no mapping exists.]
11-19 05:37:08.336 1499 2319 E DisplayDeviceConfig: requesting nits when no mapping exists.
11-19 05:37:08.337 1499 1645 I am_wtf : [0,1499,system_server,-1,DisplayDeviceConfig,requesting nits when no mapping exists.]
11-19 05:37:08.337 1499 2319 E DisplayDeviceConfig: requesting nits when no mapping exists.
11-19 05:37:08.338 1499 1645 I am_wtf : [0,1499,system_server,-1,DisplayDeviceConfig,requesting nits when no mapping exists.]
11-19 05:37:08.352 1499 2319 E DisplayDeviceConfig: requesting nits when no mapping exists.
11-19 05:37:08.353 1499 2319 E DisplayDeviceConfig: requesting nits when no mapping exists.
11-19 05:37:08.353 1499 1645 I am_wtf : [0,1499,system_server,-1,DisplayDeviceConfig,requesting nits when no mapping exists.]
11-19 05:37:08.354 1499 1645 I am_wtf : [0,1499,system_server,-1,DisplayDeviceConfig,requesting nits when no mapping exists.]
11-19 05:37:08.369 1499 2319 E DisplayDeviceConfig: requesting nits when no mapping exists.
11-19 05:37:08.369 1499 1645 I am_wtf : [0,1499,system_server,-1,DisplayDeviceConfig,requesting nits when no mapping exists.]
11-19 05:37:08.369 1499 2319 E DisplayDeviceConfig: requesting nits when no mapping exists.
11-19 05:37:08.370 1499 1645 I am_wtf : [0,1499,system_server,-1,DisplayDeviceConfig,requesting nits when no mapping exists.]
11-19 05:37:08.386 1499 2319 E DisplayDeviceConfig: requesting nits when no mapping exists.
11-19 05:37:08.386 1499 1645 I am_wtf : [0,1499,system_server,-1,DisplayDeviceConfig,requesting nits when no mapping exists.]
11-19 05:37:08.386 1499 2319 E DisplayDeviceConfig: requesting nits when no mapping exists.
11-19 05:37:08.387 1499 1645 I am_wtf : [0,1499,system_server,-1,DisplayDeviceConfig,requesting nits when no mapping exists.]
11-19 05:37:08.403 1499 2319 E DisplayDeviceConfig: requesting nits when no mapping exists.
11-19 05:37:08.404 1499 1645 I am_wtf : [0,1499,system_server,-1,DisplayDeviceConfig,requesting nits when no mapping exists.]
11-19 05:37:08.404 1499 2319 E DisplayDeviceConfig: requesting nits when no mapping exists.
11-19 05:37:08.405 1499 1645 I am_wtf : [0,1499,system_server,-1,DisplayDeviceConfig,requesting nits when no mapping exists.]
11-19 05:37:08.419 1499 2319 E DisplayDeviceConfig: requesting nits when no mapping exists.
11-19 05:37:08.420 1499 1645 I am_wtf : [0,1499,system_server,-1,DisplayDeviceConfig,requesting nits when no mapping exists.]
11-19 05:37:08.421 1499 2319 E DisplayDeviceConfig: requesting nits when no mapping exists.
11-19 05:37:08.422 1499 1645 I am_wtf : [0,1499,system_server,-1,DisplayDeviceConfig,requesting nits when no mapping exists.]
11-19 05:37:08.439 1499 2319 E DisplayDeviceConfig: requesting nits when no mapping exists.
11-19 05:37:08.440 1499 1645 I am_wtf : [0,1499,system_server,-1,DisplayDeviceConfig,requesting nits when no mapping exists.]
11-19 05:37:08.440 1499 2319 E DisplayDeviceConfig: requesting nits when no mapping exists.
11-19 05:37:08.441 1499 1645 I am_wtf : [0,1499,system_server,-1,DisplayDeviceConfig,requesting nits when no mapping exists.]
11-19 05:37:08.453 1499 2319 E DisplayDeviceConfig: requesting nits when no mapping exists.
11-19 05:37:08.453 1499 1645 I am_wtf : [0,1499,system_server,-1,DisplayDeviceConfig,requesting nits when no mapping exists.]
11-19 05:37:08.454 1499 2319 E DisplayDeviceConfig: requesting nits when no mapping exists.
11-19 05:37:08.455 1499 1645 I am_wtf : [0,1499,system_server,-1,DisplayDeviceConfig,requesting nits when no mapping exists.]
11-19 05:37:08.469 1499 2319 E DisplayDeviceConfig: requesting nits when no mapping exists.
11-19 05:37:08.470 1499 2319 E DisplayDeviceConfig: requesting nits when no mapping exists.
11-19 05:37:08.470 1499 1645 I am_wtf : [0,1499,system_server,-1,DisplayDeviceConfig,requesting nits when no mapping exists.]
11-19 05:37:08.471 1499 1645 I am_wtf : [0,1499,system_server,-1,DisplayDeviceConfig,requesting nits when no mapping exists.]
11-19 05:37:08.486 1499 2319 E DisplayDeviceConfig: requesting nits when no mapping exists.
11-19 05:37:08.487 1499 2319 E DisplayDeviceConfig: requesting nits when no mapping exists.
11-19 05:37:08.487 1499 1645 I am_wtf : [0,1499,system_server,-1,DisplayDeviceConfig,requesting nits when no mapping exists.]
11-19 05:37:08.488 1499 1645 I am_wtf : [0,1499,system_server,-1,DisplayDeviceConfig,requesting nits when no mapping exists.]
11-19 05:37:08.504 1499 2319 E DisplayDeviceConfig: requesting nits when no mapping exists.
11-19 05:37:08.506 1499 2319 E DisplayDeviceConfig: requesting nits when no mapping exists.
11-19 05:37:08.507 1499 1645 I am_wtf : [0,1499,system_server,-1,DisplayDeviceConfig,requesting nits when no mapping exists.]
11-19 05:37:08.514 1499 1645 I am_wtf : [0,1499,system_server,-1,DisplayDeviceConfig,requesting nits when no mapping exists.]
11-19 05:37:08.520 1499 2319 E DisplayDeviceConfig: requesting nits when no mapping exists.
11-19 05:37:08.521 1499 1645 I am_wtf : [0,1499,system_server,-1,DisplayDeviceConfig,requesting nits when no mapping exists.]
11-19 05:37:08.521 1499 2319 E DisplayDeviceConfig: requesting nits when no mapping exists.
11-19 05:37:08.522 1499 1645 I am_wtf : [0,1499,system_server,-1,DisplayDeviceConfig,requesting nits when no mapping exists.]
11-19 05:37:08.537 1499 2319 E DisplayDeviceConfig: requesting nits when no mapping exists.
11-19 05:37:08.537 1499 2319 E DisplayDeviceConfig: requesting nits when no mapping exists.
11-19 05:37:08.537 1499 1645 I am_wtf : [0,1499,system_server,-1,DisplayDeviceConfig,requesting nits when no mapping exists.]
11-19 05:37:08.538 1499 1645 I am_wtf : [0,1499,system_server,-1,DisplayDeviceConfig,requesting nits when no mapping exists.]
11-19 05:37:08.554 1499 2319 E DisplayDeviceConfig: requesting nits when no mapping exists.
11-19 05:37:08.554 1499 1645 I am_wtf : [0,1499,system_server,-1,DisplayDeviceConfig,requesting nits when no mapping exists.]
11-19 05:37:08.554 1499 2319 E DisplayDeviceConfig: requesting nits when no mapping exists.
11-19 05:37:08.555 1499 1645 I am_wtf : [0,1499,system_server,-1,DisplayDeviceConfig,requesting nits when no mapping exists.]
11-19 05:37:08.570 1499 2319 E DisplayDeviceConfig: requesting nits when no mapping exists.
11-19 05:37:08.571 1499 2319 E DisplayDeviceConfig: requesting nits when no mapping exists.
11-19 05:37:08.571 1499 1645 I am_wtf : [0,1499,system_server,-1,DisplayDeviceConfig,requesting nits when no mapping exists.]
11-19 05:37:08.573 1499 1645 I am_wtf : [0,1499,system_server,-1,DisplayDeviceConfig,requesting nits when no mapping exists.]
11-19 05:37:08.586 1499 2319 E DisplayDeviceConfig: requesting nits when no mapping exists.
11-19 05:37:08.587 1499 1645 I am_wtf : [0,1499,system_server,-1,DisplayDeviceConfig,requesting nits when no mapping exists.]
11-19 05:37:08.589 1499 2319 E DisplayDeviceConfig: requesting nits when no mapping exists.
11-19 05:37:08.590 1499 1645 I am_wtf : [0,1499,system_server,-1,DisplayDeviceConfig,requesting nits when no mapping exists.]
11-19 05:37:08.607 1499 2319 E DisplayDeviceConfig: requesting nits when no mapping exists.
11-19 05:37:08.608 1499 2319 E DisplayDeviceConfig: requesting nits when no mapping exists.
11-19 05:37:08.608 1499 1645 I am_wtf : [0,1499,system_server,-1,DisplayDeviceConfig,requesting nits when no mapping exists.]
11-19 05:37:08.615 1499 1645 I am_wtf : [0,1499,system_server,-1,DisplayDeviceConfig,requesting nits when no mapping exists.]
11-19 05:37:08.621 1499 2319 E DisplayDeviceConfig: requesting nits when no mapping exists.
11-19 05:37:08.621 1499 2319 E DisplayDeviceConfig: requesting nits when no mapping exists.
11-19 05:37:08.621 1499 1645 I am_wtf : [0,1499,system_server,-1,DisplayDeviceConfig,requesting nits when no mapping exists.]
11-19 05:37:08.622 1499 1645 I am_wtf : [0,1499,system_server,-1,DisplayDeviceConfig,requesting nits when no mapping exists.]
11-19 05:37:08.636 1499 2319 E DisplayDeviceConfig: requesting nits when no mapping exists.
11-19 05:37:08.637 1499 2319 E DisplayDeviceConfig: requesting nits when no mapping exists.
11-19 05:37:08.637 1499 1645 I am_wtf : [0,1499,system_server,-1,DisplayDeviceConfig,requesting nits when no mapping exists.]
11-19 05:37:08.638 1499 1645 I am_wtf : [0,1499,system_server,-1,DisplayDeviceConfig,requesting nits when no mapping exists.]
11-19 05:37:11.079 1499 1645 I am_uid_idle: 10021
11-19 05:37:11.131 14214 14214 I auditd : type=1400 audit(0.0:13707): avc: denied { kill } for comm="kworker/u16:7" capability=5 scontext=u:r:kernel:s0 tcontext=u:r:kernel:s0 tclass=capability permissive=0
11-19 05:37:12.131 0 0 I auditd : type=1400 audit(0.0:13708): avc: denied { kill } for comm="swapper/2" capability=5 scontext=u:r:kernel:s0 tcontext=u:r:kernel:s0 tclass=capability permissive=0
11-19 05:37:12.598 1499 1793 D ActivityManager: freezing 14167 com.android.settings
11-19 05:37:12.599 1499 1793 E ActivityManager: Unable to freeze binder for 14167 com.android.settings
11-19 05:37:12.602 1499 1793 D ActivityManager: froze 14167 com.android.settings
11-19 05:37:12.602 1499 1793 I am_freeze: [14167,com.android.settings]
11-19 05:37:12.602 1499 1793 E ActivityManager: Unable to freeze binder for 14167 com.android.settings
11-19 05:37:12.603 1499 1793 I ActivityManager: Killing 14167:com.android.settings/1000 (adj 945): Unable to freeze binder interface
11-19 05:37:12.603 1499 1793 I am_kill : [0,14167,com.android.settings,945,Unable to freeze binder interface]
11-19 05:37:12.628 1499 1730 I am_proc_died: [0,14167,com.android.settings,945,19]
11-19 05:37:12.636 1499 1637 D CompatibilityChangeReporter: Compat change id reported: 135634846; UID 1000; state: DISABLED
11-19 05:37:12.636 1499 1637 D CompatibilityChangeReporter: Compat change id reported: 177438394; UID 1000; state: DISABLED
11-19 05:37:12.636 1499 1637 D CompatibilityChangeReporter: Compat change id reported: 135772972; UID 1000; state: DISABLED
11-19 05:37:12.636 1499 1637 D CompatibilityChangeReporter: Compat change id reported: 135754954; UID 1000; state: ENABLED
11-19 05:37:12.655 1499 1646 I am_proc_start: [0,14806,1000,com.android.settings,NULL,]
11-19 05:37:12.655 1499 1646 I ActivityManager: Start proc 14806:com.android.settings/1000 for null
11-19 05:37:12.699 1499 1730 I am_proc_bound: [0,14806,com.android.settings]
11-19 05:37:12.701 1499 1730 D CompatibilityChangeReporter: Compat change id reported: 168419799; UID 1000; state: DISABLED
11-19 05:37:13.131 0 0 I auditd : type=1400 audit(0.0:13709): avc: denied { kill } for comm="swapper/2" capability=5 scontext=u:r:kernel:s0 tcontext=u:r:kernel:s0 tclass=capability permissive=0
11-19 05:37:14.131 0 0 I auditd : type=1400 audit(0.0:13710): avc: denied { kill } for comm="swapper/2" capability=5 scontext=u:r:kernel:s0 tcontext=u:r:kernel:s0 tclass=capability permissive=0
11-19 05:37:15.131 0 0 I auditd : type=1400 audit(0.0:13711): avc: denied { kill } for comm="swapper/2" capability=5 scontext=u:r:kernel:s0 tcontext=u:r:kernel:s0 tclass=capability permissive=0
11-19 05:37:16.131 0 0 I auditd : type=1400 audit(0.0:13712): avc: denied { kill } for comm="swapper/2" capability=5 scontext=u:r:kernel:s0 tcontext=u:r:kernel:s0 tclass=capability permissive=0
