11-19 04:58:46.327 1499 1793 D ActivityManager: freezing 10272 com.qualcomm.qti.qccauthmgr
11-19 04:58:46.327 1499 1793 E ActivityManager: Unable to freeze binder for 10272 com.qualcomm.qti.qccauthmgr
11-19 04:58:46.329 1499 1793 D ActivityManager: froze 10272 com.qualcomm.qti.qccauthmgr
11-19 04:58:46.330 1499 1793 E ActivityManager: Unable to freeze binder for 10272 com.qualcomm.qti.qccauthmgr
11-19 04:58:46.330 1499 1793 I ActivityManager: Killing 10272:com.qualcomm.qti.qccauthmgr/u0a89 (adj 955): Unable to freeze binder interface
11-19 04:58:46.334 1499 1793 D ActivityManager: freezing 10477 com.android.gallery3d
11-19 04:58:46.335 1499 1793 E ActivityManager: Unable to freeze binder for 10477 com.android.gallery3d
11-19 04:58:46.336 1499 1793 D ActivityManager: froze 10477 com.android.gallery3d
11-19 04:58:46.336 1499 1793 E ActivityManager: Unable to freeze binder for 10477 com.android.gallery3d
11-19 04:58:46.337 1499 1793 I ActivityManager: Killing 10477:com.android.gallery3d/u0a66 (adj 945): Unable to freeze binder interface
11-19 04:58:46.381 1499 1793 D ActivityManager: freezing 10478 com.android.calendar
11-19 04:58:46.381 1499 1793 E ActivityManager: Unable to freeze binder for 10478 com.android.calendar
11-19 04:58:46.382 1499 1793 D ActivityManager: froze 10478 com.android.calendar
11-19 04:58:46.382 1499 1793 E ActivityManager: Unable to freeze binder for 10478 com.android.calendar
11-19 04:58:46.383 1499 1793 I ActivityManager: Killing 10478:com.android.calendar/u0a62 (adj 945): Unable to freeze binder interface
11-19 04:58:46.386 1499 1637 D CompatibilityChangeReporter: Compat change id reported: 135634846; UID 10066; state: DISABLED
11-19 04:58:46.386 1499 1637 D CompatibilityChangeReporter: Compat change id reported: 177438394; UID 10066; state: DISABLED
11-19 04:58:46.386 1499 1637 D CompatibilityChangeReporter: Compat change id reported: 135772972; UID 10066; state: DISABLED
11-19 04:58:46.386 1499 1637 D CompatibilityChangeReporter: Compat change id reported: 135754954; UID 10066; state: DISABLED
11-19 04:58:46.386 1499 1646 D CompatibilityChangeReporter: Compat change id reported: 143937733; UID 10066; state: DISABLED
11-19 04:58:46.386 1499 1637 W ActivityManager: ProcessRecord{e554758 10478:com.android.calendar/u0a62} is attached to a previous process
11-19 04:58:46.387 1499 1637 W ActivityManager: Existing proc ProcessRecord{e554758 10478:com.android.calendar/u0a62} was killed 3ms ago when adding ProcessRecord{4f3c86d 0:com.android.calendar/u0a62}
11-19 04:58:46.387 1499 1637 D CompatibilityChangeReporter: Compat change id reported: 135634846; UID 10062; state: DISABLED
11-19 04:58:46.387 1499 1637 D CompatibilityChangeReporter: Compat change id reported: 177438394; UID 10062; state: DISABLED
11-19 04:58:46.387 1499 1637 D CompatibilityChangeReporter: Compat change id reported: 135772972; UID 10062; state: DISABLED
11-19 04:58:46.387 1499 1637 D CompatibilityChangeReporter: Compat change id reported: 135754954; UID 10062; state: DISABLED
11-19 04:58:46.401 1499 1646 I ActivityManager: Start proc 13083:com.android.gallery3d/u0a66 for null
11-19 04:58:46.405 1499 1646 D CompatibilityChangeReporter: Compat change id reported: 143937733; UID 10062; state: DISABLED
11-19 04:58:46.420 1499 1646 I ActivityManager: Start proc 13084:com.android.calendar/u0a62 for null
11-19 04:58:46.431 1499 5517 D CompatibilityChangeReporter: Compat change id reported: 168419799; UID 10066; state: DISABLED
11-19 04:58:46.437 1499 5517 I ActivityTaskManager: The Process com.android.permissioncontroller Already Exists in BG. So sending its PID: 9979
11-19 04:58:46.438 1499 5517 W ActivityTaskManager: Tried to set launchTime (0) < mLastActivityLaunchTime (13160391)
11-19 04:58:46.456 7802 7838 W ContextImpl: Calling a method in the system process without a qualified user: android.app.ContextImpl.startService:1816 android.content.ContextWrapper.startService:774 com.thundercomm.gamemode.ingame.services.GameModeActionUtils.startGameModeService:93 com.thundercomm.gamemode.ingame.services.GameModeActionUtils.startGameModeEntry:21 com.thundercomm.gamemode.ingame.services.ActivityMonitoringService$1.onActivityLaunch:127
11-19 04:58:46.460 1499 4942 D CompatibilityChangeReporter: Compat change id reported: 168419799; UID 10062; state: DISABLED
11-19 04:58:46.479 1499 1499 I GameModeConfig: Current uri is uri = content://com.thundercomm.gamemode.api/gamemode_settings/gamemode_isgaming
11-19 04:58:46.487 1499 1499 I GameModeConfig: isGameModeOn = false
11-19 04:58:46.496 1499 1499 I GameModeConfig: isGameModeOn = false
11-19 04:58:46.496 1499 1499 I GameModeConfig: isDisableVoice = true
11-19 04:58:46.569 7802 7838 W ContextImpl: Calling a method in the system process without a qualified user: android.app.ContextImpl.startService:1816 android.content.ContextWrapper.startService:774 com.thundercomm.gamemode.ingame.services.GameModeActionUtils.startGameModeService:93 com.thundercomm.gamemode.ingame.services.GameModeActionUtils.startGameModeEntry:21 com.thundercomm.gamemode.ingame.services.ActivityMonitoringService$1.onActivityLaunch:127
11-19 04:58:46.574 1499 1499 I GameModeConfig: Current uri is uri = content://com.thundercomm.gamemode.api/gamemode_settings/gamemode_isgaming
11-19 04:58:46.575 1499 1499 I GameModeConfig: isGameModeOn = false
11-19 04:58:46.575 1499 1499 I GameModeConfig: isGameModeOn = false
11-19 04:58:46.575 1499 1499 I GameModeConfig: isDisableVoice = true
11-19 04:58:46.640 7802 7838 W ContextImpl: Calling a method in the system process without a qualified user: android.app.ContextImpl.startService:1816 android.content.ContextWrapper.startService:774 com.thundercomm.gamemode.ingame.services.GameModeActionUtils.startGameModeService:93 com.thundercomm.gamemode.ingame.services.GameModeActionUtils.startGameModeEntry:21 com.thundercomm.gamemode.ingame.services.ActivityMonitoringService$1.onActivityLaunch:127
11-19 04:58:46.643 1499 1499 I GameModeConfig: Current uri is uri = content://com.thundercomm.gamemode.api/gamemode_settings/gamemode_isgaming
11-19 04:58:46.645 1499 1499 I GameModeConfig: isGameModeOn = false
11-19 04:58:46.645 1499 1499 I GameModeConfig: isGameModeOn = false
11-19 04:58:46.645 1499 1499 I GameModeConfig: isDisableVoice = true
11-19 04:58:55.158 1499 1663 V DisplayPowerController[0]: Brightness [0.05] reason changing to: 'manual [ dim ]', previous reason: 'manual'.
11-19 04:58:55.159 1499 1663 W PowerManagerService: Screen on took 106481 ms
11-19 04:58:55.175 1499 2319 E DisplayDeviceConfig: requesting nits when no mapping exists.
11-19 04:58:55.176 1499 2319 E DisplayDeviceConfig: requesting nits when no mapping exists.
11-19 04:58:55.178 1499 1645 I DropBoxManagerService: add tag=system_server_wtf isTagEnabled=true flags=0x2
11-19 04:58:55.183 1499 1645 I DropBoxManagerService: add tag=system_server_wtf isTagEnabled=true flags=0x2
11-19 04:58:55.192 1499 2319 E DisplayDeviceConfig: requesting nits when no mapping exists.
11-19 04:58:55.192 1499 2319 E DisplayDeviceConfig: requesting nits when no mapping exists.
11-19 04:58:55.193 1499 1645 I DropBoxManagerService: add tag=system_server_wtf isTagEnabled=true flags=0x2
11-19 04:58:55.196 1499 2319 E DisplayDeviceConfig: requesting nits when no mapping exists.
11-19 04:58:55.196 1499 1645 I DropBoxManagerService: add tag=system_server_wtf isTagEnabled=true flags=0x2
11-19 04:58:55.196 1499 2319 E DisplayDeviceConfig: requesting nits when no mapping exists.
11-19 04:58:55.198 1499 1645 I DropBoxManagerService: add tag=system_server_wtf isTagEnabled=true flags=0x2
11-19 04:58:55.211 1499 2319 E DisplayDeviceConfig: requesting nits when no mapping exists.
11-19 04:58:55.212 1499 2319 E DisplayDeviceConfig: requesting nits when no mapping exists.
11-19 04:58:55.228 1499 2319 E DisplayDeviceConfig: requesting nits when no mapping exists.
11-19 04:58:55.229 1499 2319 E DisplayDeviceConfig: requesting nits when no mapping exists.
11-19 04:58:55.245 1499 2319 E DisplayDeviceConfig: requesting nits when no mapping exists.
11-19 04:58:55.245 1499 2319 E DisplayDeviceConfig: requesting nits when no mapping exists.
11-19 04:58:55.261 1499 2319 E DisplayDeviceConfig: requesting nits when no mapping exists.
11-19 04:58:55.262 1499 2319 E DisplayDeviceConfig: requesting nits when no mapping exists.
11-19 04:58:55.279 1499 2319 E DisplayDeviceConfig: requesting nits when no mapping exists.
11-19 04:58:55.279 1499 2319 E DisplayDeviceConfig: requesting nits when no mapping exists.
11-19 04:58:55.295 1499 2319 E DisplayDeviceConfig: requesting nits when no mapping exists.
11-19 04:58:55.295 1499 2319 E DisplayDeviceConfig: requesting nits when no mapping exists.
11-19 04:58:55.312 1499 2319 E DisplayDeviceConfig: requesting nits when no mapping exists.
11-19 04:58:55.312 1499 2319 E DisplayDeviceConfig: requesting nits when no mapping exists.
11-19 04:58:55.329 1499 2319 E DisplayDeviceConfig: requesting nits when no mapping exists.
11-19 04:58:55.329 1499 2319 E DisplayDeviceConfig: requesting nits when no mapping exists.
11-19 04:58:55.345 1499 2319 E DisplayDeviceConfig: requesting nits when no mapping exists.
11-19 04:58:55.346 1499 2319 E DisplayDeviceConfig: requesting nits when no mapping exists.
11-19 04:58:55.362 1499 2319 E DisplayDeviceConfig: requesting nits when no mapping exists.
11-19 04:58:55.363 1499 2319 E DisplayDeviceConfig: requesting nits when no mapping exists.
11-19 04:58:55.378 1499 2319 E DisplayDeviceConfig: requesting nits when no mapping exists.
11-19 04:58:55.379 1499 2319 E DisplayDeviceConfig: requesting nits when no mapping exists.
11-19 04:58:55.395 1499 2319 E DisplayDeviceConfig: requesting nits when no mapping exists.
11-19 04:58:55.396 1499 2319 E DisplayDeviceConfig: requesting nits when no mapping exists.
11-19 04:58:55.412 1499 2319 E DisplayDeviceConfig: requesting nits when no mapping exists.
11-19 04:58:55.413 1499 2319 E DisplayDeviceConfig: requesting nits when no mapping exists.
11-19 04:58:55.429 1499 2319 E DisplayDeviceConfig: requesting nits when no mapping exists.
11-19 04:58:55.430 1499 2319 E DisplayDeviceConfig: requesting nits when no mapping exists.
11-19 04:58:55.445 1499 2319 E DisplayDeviceConfig: requesting nits when no mapping exists.
11-19 04:58:55.446 1499 2319 E DisplayDeviceConfig: requesting nits when no mapping exists.
11-19 04:58:55.462 1499 2319 E DisplayDeviceConfig: requesting nits when no mapping exists.
11-19 04:58:55.462 1499 2319 E DisplayDeviceConfig: requesting nits when no mapping exists.
11-19 04:58:55.478 1499 2319 E DisplayDeviceConfig: requesting nits when no mapping exists.
11-19 04:58:55.479 1499 2319 E DisplayDeviceConfig: requesting nits when no mapping exists.
11-19 04:58:55.495 1499 2319 E DisplayDeviceConfig: requesting nits when no mapping exists.
11-19 04:58:55.496 1499 2319 E DisplayDeviceConfig: requesting nits when no mapping exists.
11-19 04:58:55.513 1499 2319 E DisplayDeviceConfig: requesting nits when no mapping exists.
11-19 04:58:55.513 1499 2319 E DisplayDeviceConfig: requesting nits when no mapping exists.
11-19 04:58:55.529 1499 2319 E DisplayDeviceConfig: requesting nits when no mapping exists.
11-19 04:58:55.530 1499 2319 E DisplayDeviceConfig: requesting nits when no mapping exists.
11-19 04:58:55.546 1499 2319 E DisplayDeviceConfig: requesting nits when no mapping exists.
11-19 04:58:55.546 1499 2319 E DisplayDeviceConfig: requesting nits when no mapping exists.
11-19 04:58:55.562 1499 2319 E DisplayDeviceConfig: requesting nits when no mapping exists.
11-19 04:58:55.563 1499 2319 E DisplayDeviceConfig: requesting nits when no mapping exists.
11-19 04:58:55.579 1499 2319 E DisplayDeviceConfig: requesting nits when no mapping exists.
11-19 04:58:55.580 1499 2319 E DisplayDeviceConfig: requesting nits when no mapping exists.
11-19 04:58:55.595 1499 2319 E DisplayDeviceConfig: requesting nits when no mapping exists.
11-19 04:58:55.596 1499 2319 E DisplayDeviceConfig: requesting nits when no mapping exists.
11-19 04:58:55.612 1499 2319 E DisplayDeviceConfig: requesting nits when no mapping exists.
11-19 04:58:55.613 1499 2319 E DisplayDeviceConfig: requesting nits when no mapping exists.
11-19 04:58:55.629 1499 2319 E DisplayDeviceConfig: requesting nits when no mapping exists.
11-19 04:58:55.630 1499 2319 E DisplayDeviceConfig: requesting nits when no mapping exists.
11-19 04:58:55.645 1499 2319 E DisplayDeviceConfig: requesting nits when no mapping exists.
11-19 04:58:55.646 1499 2319 E DisplayDeviceConfig: requesting nits when no mapping exists.
11-19 04:58:55.662 1499 2319 E DisplayDeviceConfig: requesting nits when no mapping exists.
11-19 04:58:55.663 1499 2319 E DisplayDeviceConfig: requesting nits when no mapping exists.
11-19 04:58:55.679 1499 2319 E DisplayDeviceConfig: requesting nits when no mapping exists.
11-19 04:58:55.680 1499 2319 E DisplayDeviceConfig: requesting nits when no mapping exists.
11-19 04:58:55.696 1499 2319 E DisplayDeviceConfig: requesting nits when no mapping exists.
11-19 04:58:55.697 1499 2319 E DisplayDeviceConfig: requesting nits when no mapping exists.
11-19 04:58:55.713 1499 2319 E DisplayDeviceConfig: requesting nits when no mapping exists.
11-19 04:58:55.713 1499 2319 E DisplayDeviceConfig: requesting nits when no mapping exists.
11-19 04:58:55.729 1499 2319 E DisplayDeviceConfig: requesting nits when no mapping exists.
11-19 04:58:55.730 1499 2319 E DisplayDeviceConfig: requesting nits when no mapping exists.
11-19 04:58:55.746 1499 2319 E DisplayDeviceConfig: requesting nits when no mapping exists.
11-19 04:58:55.746 1499 2319 E DisplayDeviceConfig: requesting nits when no mapping exists.
11-19 04:58:55.762 1499 2319 E DisplayDeviceConfig: requesting nits when no mapping exists.
11-19 04:58:55.763 1499 2319 E DisplayDeviceConfig: requesting nits when no mapping exists.
11-19 04:58:55.779 1499 2319 E DisplayDeviceConfig: requesting nits when no mapping exists.
11-19 04:58:55.780 1499 2319 E DisplayDeviceConfig: requesting nits when no mapping exists.
11-19 04:58:55.797 1499 2319 E DisplayDeviceConfig: requesting nits when no mapping exists.
11-19 04:58:55.797 1499 2319 E DisplayDeviceConfig: requesting nits when no mapping exists.
11-19 04:58:55.813 1499 2319 E DisplayDeviceConfig: requesting nits when no mapping exists.
11-19 04:58:55.814 1499 2319 E DisplayDeviceConfig: requesting nits when no mapping exists.
11-19 04:58:55.830 1499 2319 E DisplayDeviceConfig: requesting nits when no mapping exists.
11-19 04:58:55.830 1499 2319 E DisplayDeviceConfig: requesting nits when no mapping exists.
11-19 04:58:55.846 1499 2319 E DisplayDeviceConfig: requesting nits when no mapping exists.
11-19 04:58:55.847 1499 2319 E DisplayDeviceConfig: requesting nits when no mapping exists.
11-19 04:58:55.863 1499 2319 E DisplayDeviceConfig: requesting nits when no mapping exists.
11-19 04:58:55.864 1499 2319 E DisplayDeviceConfig: requesting nits when no mapping exists.
11-19 04:58:55.879 1499 2319 E DisplayDeviceConfig: requesting nits when no mapping exists.
11-19 04:58:55.880 1499 2319 E DisplayDeviceConfig: requesting nits when no mapping exists.
11-19 04:58:55.897 1499 2319 E DisplayDeviceConfig: requesting nits when no mapping exists.
11-19 04:58:55.898 1499 2319 E DisplayDeviceConfig: requesting nits when no mapping exists.
11-19 04:58:55.913 1499 2319 E DisplayDeviceConfig: requesting nits when no mapping exists.
11-19 04:58:55.914 1499 2319 E DisplayDeviceConfig: requesting nits when no mapping exists.
11-19 04:58:55.929 1499 2319 E DisplayDeviceConfig: requesting nits when no mapping exists.
11-19 04:58:55.930 1499 2319 E DisplayDeviceConfig: requesting nits when no mapping exists.
11-19 04:58:55.947 1499 2319 E DisplayDeviceConfig: requesting nits when no mapping exists.
11-19 04:58:55.947 1499 2319 E DisplayDeviceConfig: requesting nits when no mapping exists.
11-19 04:58:55.963 1499 2319 E DisplayDeviceConfig: requesting nits when no mapping exists.
11-19 04:58:55.965 1499 2319 E DisplayDeviceConfig: requesting nits when no mapping exists.
11-19 04:58:55.980 1499 2319 E DisplayDeviceConfig: requesting nits when no mapping exists.
11-19 04:58:55.981 1499 2319 E DisplayDeviceConfig: requesting nits when no mapping exists.
11-19 04:58:55.996 1499 2319 E DisplayDeviceConfig: requesting nits when no mapping exists.
11-19 04:58:55.997 1499 2319 E DisplayDeviceConfig: requesting nits when no mapping exists.
11-19 04:58:56.013 1499 2319 E DisplayDeviceConfig: requesting nits when no mapping exists.
11-19 04:58:56.014 1499 2319 E DisplayDeviceConfig: requesting nits when no mapping exists.
11-19 04:58:56.030 1499 2319 E DisplayDeviceConfig: requesting nits when no mapping exists.
11-19 04:58:56.030 1499 2319 E DisplayDeviceConfig: requesting nits when no mapping exists.
11-19 04:58:56.047 1499 2319 E DisplayDeviceConfig: requesting nits when no mapping exists.
11-19 04:58:56.047 1499 2319 E DisplayDeviceConfig: requesting nits when no mapping exists.
11-19 04:58:56.063 1499 2319 E DisplayDeviceConfig: requesting nits when no mapping exists.
11-19 04:58:56.064 1499 2319 E DisplayDeviceConfig: requesting nits when no mapping exists.
11-19 04:58:56.080 1499 2319 E DisplayDeviceConfig: requesting nits when no mapping exists.
11-19 04:58:56.081 1499 2319 E DisplayDeviceConfig: requesting nits when no mapping exists.
11-19 04:58:56.096 1499 2319 E DisplayDeviceConfig: requesting nits when no mapping exists.
11-19 04:58:56.097 1499 2319 E DisplayDeviceConfig: requesting nits when no mapping exists.
11-19 04:58:56.113 1499 2319 E DisplayDeviceConfig: requesting nits when no mapping exists.
11-19 04:58:56.114 1499 2319 E DisplayDeviceConfig: requesting nits when no mapping exists.
11-19 04:58:56.513 1499 1637 W ActivityTaskManager: Launch timeout has expired, giving up wake lock!
11-19 04:58:56.891 1499 1644 I UsageStatsService: User[0] Flushing usage stats to disk
11-19 04:59:02.149 1499 1663 I PowerManagerService: Napping display group (groupId=0, uid=1000)...
11-19 04:59:02.150 1499 1663 I PowerManagerService: Nap time (uid 1000)...
11-19 04:59:02.152 1499 1663 I DreamManagerService: Entering dreamland.
11-19 04:59:02.155 1499 1663 I PowerManagerService: Dreaming...
11-19 04:59:02.158 1499 1634 I DreamController: Starting dream: name=ComponentInfo{com.thundercomm.screensaver/com.thundercomm.saverclock.service.ClockScreensaver}, isTest=false, canDoze=false, userId=0
11-19 04:59:02.174 1499 7484 I ActivityTaskManager: START u0 {flg=0x10000000 pkg=com.thundercomm.screensaver cmp=com.thundercomm.screensaver/android.service.dreams.DreamActivity (has extras)} from uid 10050
11-19 04:59:02.184 1499 7484 W ActivityTaskManager: Can't find TaskDisplayArea to determine support for multi window. Task id=63 attached=false
11-19 04:59:02.190 1499 7484 I ActivityTaskManager: FOREGROUND_APPLICATION_CHANGED to android.service.dreams.DreamActivity
11-19 04:59:02.191 1499 7484 I ActivityTaskManager: The Process com.thundercomm.screensaver Already Exists in BG. So sending its PID: 4805
11-19 04:59:02.191 1499 7484 W ActivityTaskManager: Tried to set launchTime (0) < mLastActivityLaunchTime (12785435)
11-19 04:59:02.215 1499 4942 W WindowManager: Failed looking up window session=Session{6e93b31 4805:u0a10050} callers=com.android.server.wm.WindowManagerService.windowForClientLocked:5628 com.android.server.wm.Session.insetsModified:629 android.view.IWindowSession$Stub.onTransact:1151
11-19 04:59:02.217 7802 7838 W ContextImpl: Calling a method in the system process without a qualified user: android.app.ContextImpl.startService:1816 android.content.ContextWrapper.startService:774 com.thundercomm.gamemode.ingame.services.GameModeActionUtils.startGameModeService:93 com.thundercomm.gamemode.ingame.services.GameModeActionUtils.startGameModeEntry:21 com.thundercomm.gamemode.ingame.services.ActivityMonitoringService$1.onActivityLaunch:127
11-19 04:59:02.228 1499 1499 I GameModeConfig: Current uri is uri = content://com.thundercomm.gamemode.api/gamemode_settings/gamemode_isgaming
11-19 04:59:02.230 1499 1499 I GameModeConfig: isGameModeOn = false
11-19 04:59:02.231 1499 1499 I GameModeConfig: isGameModeOn = false
11-19 04:59:02.231 1499 1499 I GameModeConfig: isDisableVoice = true
11-19 04:59:02.233 7802 7838 W ContextImpl: Calling a method in the system process without a qualified user: android.app.ContextImpl.startService:1816 android.content.ContextWrapper.startService:774 com.thundercomm.gamemode.ingame.services.GameModeActionUtils.startGameModeService:93 com.thundercomm.gamemode.ingame.services.GameModeActionUtils.startGameModeEntry:21 com.thundercomm.gamemode.ingame.services.ActivityMonitoringService$1.onActivityLaunch:127
11-19 04:59:02.241 1499 1499 I GameModeConfig: Current uri is uri = content://com.thundercomm.gamemode.api/gamemode_settings/gamemode_isgaming
11-19 04:59:02.245 1499 1499 I GameModeConfig: isGameModeOn = false
11-19 04:59:02.246 1499 1499 I GameModeConfig: isGameModeOn = false
11-19 04:59:02.246 1499 1499 I GameModeConfig: isDisableVoice = true
11-19 04:59:02.254 1499 2284 I GameModeConfig: isGameModeOn = false
11-19 04:59:02.255 1499 2284 I GameModeConfig: isGameModeOn = false
11-19 04:59:02.255 1499 2284 I GameModeConfig: isGameModeOn = false
11-19 04:59:02.255 1499 2284 I GameModeConfig: isGameModeOn = false
11-19 04:59:02.256 7802 7838 W ContextImpl: Calling a method in the system process without a qualified user: android.app.ContextImpl.startService:1816 android.content.ContextWrapper.startService:774 com.thundercomm.gamemode.ingame.services.GameModeActionUtils.startGameModeService:93 com.thundercomm.gamemode.ingame.services.GameModeActionUtils.startGameModeEntry:21 com.thundercomm.gamemode.ingame.services.ActivityMonitoringService$1.onActivityLaunch:127
11-19 04:59:02.261 1499 1499 I GameModeConfig: Current uri is uri = content://com.thundercomm.gamemode.api/gamemode_settings/gamemode_isgaming
11-19 04:59:02.264 1499 1499 I GameModeConfig: isGameModeOn = false
11-19 04:59:02.264 1499 1499 I GameModeConfig: isGameModeOn = false
11-19 04:59:02.264 1499 1499 I GameModeConfig: isDisableVoice = true
11-19 04:59:02.269 1499 1663 V DisplayPowerController[0]: Brightness [1.0] reason changing to: 'manual', previous reason: 'manual [ dim ]'.
11-19 04:59:02.282 1499 2319 E DisplayDeviceConfig: requesting nits when no mapping exists.
11-19 04:59:02.282 1499 2319 E DisplayDeviceConfig: requesting nits when no mapping exists.
11-19 04:59:02.303 1499 2319 E DisplayDeviceConfig: requesting nits when no mapping exists.
11-19 04:59:02.304 1499 2319 E DisplayDeviceConfig: requesting nits when no mapping exists.
11-19 04:59:02.315 1499 2319 E DisplayDeviceConfig: requesting nits when no mapping exists.
11-19 04:59:02.315 1499 2319 E DisplayDeviceConfig: requesting nits when no mapping exists.
11-19 04:59:02.332 1499 2319 E DisplayDeviceConfig: requesting nits when no mapping exists.
11-19 04:59:02.333 1499 2319 E DisplayDeviceConfig: requesting nits when no mapping exists.
11-19 04:59:02.347 1499 2319 E DisplayDeviceConfig: requesting nits when no mapping exists.
11-19 04:59:02.348 1499 2319 E DisplayDeviceConfig: requesting nits when no mapping exists.
11-19 04:59:02.367 1499 2319 E DisplayDeviceConfig: requesting nits when no mapping exists.
11-19 04:59:02.367 1499 2319 E DisplayDeviceConfig: requesting nits when no mapping exists.
11-19 04:59:02.383 1499 2319 E DisplayDeviceConfig: requesting nits when no mapping exists.
11-19 04:59:02.384 1499 2319 E DisplayDeviceConfig: requesting nits when no mapping exists.
11-19 04:59:02.401 1499 2319 E DisplayDeviceConfig: requesting nits when no mapping exists.
11-19 04:59:02.403 1499 2319 E DisplayDeviceConfig: requesting nits when no mapping exists.
11-19 04:59:02.417 1499 2319 E DisplayDeviceConfig: requesting nits when no mapping exists.
11-19 04:59:02.417 1499 2319 E DisplayDeviceConfig: requesting nits when no mapping exists.
11-19 04:59:02.431 1499 2319 E DisplayDeviceConfig: requesting nits when no mapping exists.
11-19 04:59:02.432 1499 2319 E DisplayDeviceConfig: requesting nits when no mapping exists.
11-19 04:59:02.451 1499 2319 E DisplayDeviceConfig: requesting nits when no mapping exists.
11-19 04:59:02.451 1499 2319 E DisplayDeviceConfig: requesting nits when no mapping exists.
11-19 04:59:02.461 1499 1499 I GameModeConfig: isGameModeOn = false
11-19 04:59:02.473 1499 2319 E DisplayDeviceConfig: requesting nits when no mapping exists.
11-19 04:59:02.473 1499 2319 E DisplayDeviceConfig: requesting nits when no mapping exists.
11-19 04:59:02.482 1499 2319 E DisplayDeviceConfig: requesting nits when no mapping exists.
11-19 04:59:02.482 1499 2319 E DisplayDeviceConfig: requesting nits when no mapping exists.
11-19 04:59:02.497 1499 2319 E DisplayDeviceConfig: requesting nits when no mapping exists.
11-19 04:59:02.499 1499 2319 E DisplayDeviceConfig: requesting nits when no mapping exists.
11-19 04:59:02.517 1499 2319 E DisplayDeviceConfig: requesting nits when no mapping exists.
11-19 04:59:02.518 1499 2319 E DisplayDeviceConfig: requesting nits when no mapping exists.
11-19 04:59:02.531 1499 2319 E DisplayDeviceConfig: requesting nits when no mapping exists.
11-19 04:59:02.532 1499 2319 E DisplayDeviceConfig: requesting nits when no mapping exists.
11-19 04:59:02.549 1499 2319 E DisplayDeviceConfig: requesting nits when no mapping exists.
11-19 04:59:02.551 1499 2319 E DisplayDeviceConfig: requesting nits when no mapping exists.
11-19 04:59:02.566 1499 2319 E DisplayDeviceConfig: requesting nits when no mapping exists.
11-19 04:59:02.566 1499 2319 E DisplayDeviceConfig: requesting nits when no mapping exists.
11-19 04:59:02.582 1499 2319 E DisplayDeviceConfig: requesting nits when no mapping exists.
11-19 04:59:02.582 1499 2319 E DisplayDeviceConfig: requesting nits when no mapping exists.
11-19 04:59:02.599 1499 2319 E DisplayDeviceConfig: requesting nits when no mapping exists.
11-19 04:59:02.601 1499 2319 E DisplayDeviceConfig: requesting nits when no mapping exists.
11-19 04:59:02.616 1499 2319 E DisplayDeviceConfig: requesting nits when no mapping exists.
11-19 04:59:02.617 1499 2319 E DisplayDeviceConfig: requesting nits when no mapping exists.
11-19 04:59:02.635 1499 2319 E DisplayDeviceConfig: requesting nits when no mapping exists.
11-19 04:59:02.635 1499 2319 E DisplayDeviceConfig: requesting nits when no mapping exists.
11-19 04:59:02.649 1499 2319 E DisplayDeviceConfig: requesting nits when no mapping exists.
11-19 04:59:02.650 1499 2319 E DisplayDeviceConfig: requesting nits when no mapping exists.
11-19 04:59:02.665 1499 2319 E DisplayDeviceConfig: requesting nits when no mapping exists.
11-19 04:59:02.667 1499 2319 E DisplayDeviceConfig: requesting nits when no mapping exists.
11-19 04:59:02.682 1499 2319 E DisplayDeviceConfig: requesting nits when no mapping exists.
11-19 04:59:02.684 1499 2319 E DisplayDeviceConfig: requesting nits when no mapping exists.
11-19 04:59:02.698 1499 2319 E DisplayDeviceConfig: requesting nits when no mapping exists.
11-19 04:59:02.701 1499 2319 E DisplayDeviceConfig: requesting nits when no mapping exists.
11-19 04:59:02.715 1499 2319 E DisplayDeviceConfig: requesting nits when no mapping exists.
11-19 04:59:02.715 1499 2319 E DisplayDeviceConfig: requesting nits when no mapping exists.
11-19 04:59:02.731 1499 2319 E DisplayDeviceConfig: requesting nits when no mapping exists.
11-19 04:59:02.733 1499 2319 E DisplayDeviceConfig: requesting nits when no mapping exists.
11-19 04:59:02.750 1499 2319 E DisplayDeviceConfig: requesting nits when no mapping exists.
11-19 04:59:02.750 1499 2319 E DisplayDeviceConfig: requesting nits when no mapping exists.
11-19 04:59:02.768 1499 2319 E DisplayDeviceConfig: requesting nits when no mapping exists.
11-19 04:59:02.769 1499 2319 E DisplayDeviceConfig: requesting nits when no mapping exists.
11-19 04:59:02.781 7802 7838 W ContextImpl: Calling a method in the system process without a qualified user: android.app.ContextImpl.startService:1816 android.content.ContextWrapper.startService:774 com.thundercomm.gamemode.ingame.services.GameModeActionUtils.startGameModeService:93 com.thundercomm.gamemode.ingame.services.GameModeActionUtils.startGameModeEntry:21 com.thundercomm.gamemode.ingame.services.ActivityMonitoringService$1.onActivityLaunch:127
11-19 04:59:02.783 1499 2319 E DisplayDeviceConfig: requesting nits when no mapping exists.
11-19 04:59:02.789 1499 2319 E DisplayDeviceConfig: requesting nits when no mapping exists.
11-19 04:59:02.797 1499 1499 I GameModeConfig: Current uri is uri = content://com.thundercomm.gamemode.api/gamemode_settings/gamemode_isgaming
11-19 04:59:02.799 1499 2319 E DisplayDeviceConfig: requesting nits when no mapping exists.
11-19 04:59:02.802 1499 2319 E DisplayDeviceConfig: requesting nits when no mapping exists.
11-19 04:59:02.802 1499 1499 I GameModeConfig: isGameModeOn = false
11-19 04:59:02.803 1499 1499 I GameModeConfig: isGameModeOn = false
11-19 04:59:02.803 1499 1499 I GameModeConfig: isDisableVoice = true
11-19 04:59:02.817 1499 2319 E DisplayDeviceConfig: requesting nits when no mapping exists.
11-19 04:59:02.817 1499 2319 E DisplayDeviceConfig: requesting nits when no mapping exists.
11-19 04:59:02.832 1499 2319 E DisplayDeviceConfig: requesting nits when no mapping exists.
11-19 04:59:02.832 1499 2319 E DisplayDeviceConfig: requesting nits when no mapping exists.
11-19 04:59:02.846 1499 2319 E DisplayDeviceConfig: requesting nits when no mapping exists.
11-19 04:59:02.847 1499 2319 E DisplayDeviceConfig: requesting nits when no mapping exists.
11-19 04:59:02.863 1499 2319 E DisplayDeviceConfig: requesting nits when no mapping exists.
11-19 04:59:02.864 1499 2319 E DisplayDeviceConfig: requesting nits when no mapping exists.
11-19 04:59:02.880 1499 2319 E DisplayDeviceConfig: requesting nits when no mapping exists.
11-19 04:59:02.881 1499 2319 E DisplayDeviceConfig: requesting nits when no mapping exists.
11-19 04:59:02.897 1499 2319 E DisplayDeviceConfig: requesting nits when no mapping exists.
11-19 04:59:02.897 1499 2319 E DisplayDeviceConfig: requesting nits when no mapping exists.
11-19 04:59:02.913 1499 2319 E DisplayDeviceConfig: requesting nits when no mapping exists.
11-19 04:59:02.914 1499 2319 E DisplayDeviceConfig: requesting nits when no mapping exists.
11-19 04:59:02.930 1499 2319 E DisplayDeviceConfig: requesting nits when no mapping exists.
11-19 04:59:02.930 1499 2319 E DisplayDeviceConfig: requesting nits when no mapping exists.
11-19 04:59:02.947 1499 2319 E DisplayDeviceConfig: requesting nits when no mapping exists.
11-19 04:59:02.947 1499 2319 E DisplayDeviceConfig: requesting nits when no mapping exists.
11-19 04:59:02.963 1499 2319 E DisplayDeviceConfig: requesting nits when no mapping exists.
11-19 04:59:02.964 1499 2319 E DisplayDeviceConfig: requesting nits when no mapping exists.
11-19 04:59:02.980 1499 2319 E DisplayDeviceConfig: requesting nits when no mapping exists.
11-19 04:59:02.981 1499 2319 E DisplayDeviceConfig: requesting nits when no mapping exists.
11-19 04:59:02.997 1499 2319 E DisplayDeviceConfig: requesting nits when no mapping exists.
11-19 04:59:02.997 1499 2319 E DisplayDeviceConfig: requesting nits when no mapping exists.
11-19 04:59:03.014 1499 2319 E DisplayDeviceConfig: requesting nits when no mapping exists.
11-19 04:59:03.014 1499 2319 E DisplayDeviceConfig: requesting nits when no mapping exists.
11-19 04:59:03.030 1499 2319 E DisplayDeviceConfig: requesting nits when no mapping exists.
11-19 04:59:03.032 1499 2319 E DisplayDeviceConfig: requesting nits when no mapping exists.
11-19 04:59:03.047 1499 2319 E DisplayDeviceConfig: requesting nits when no mapping exists.
11-19 04:59:03.049 1499 2319 E DisplayDeviceConfig: requesting nits when no mapping exists.
11-19 04:59:03.064 1499 2319 E DisplayDeviceConfig: requesting nits when no mapping exists.
11-19 04:59:03.064 1499 2319 E DisplayDeviceConfig: requesting nits when no mapping exists.
11-19 04:59:03.081 1499 2319 E DisplayDeviceConfig: requesting nits when no mapping exists.
11-19 04:59:03.082 1499 2319 E DisplayDeviceConfig: requesting nits when no mapping exists.
11-19 04:59:03.097 1499 2319 E DisplayDeviceConfig: requesting nits when no mapping exists.
11-19 04:59:03.098 1499 2319 E DisplayDeviceConfig: requesting nits when no mapping exists.
11-19 04:59:03.114 1499 2319 E DisplayDeviceConfig: requesting nits when no mapping exists.
11-19 04:59:03.114 1499 2319 E DisplayDeviceConfig: requesting nits when no mapping exists.
11-19 04:59:03.131 1499 2319 E DisplayDeviceConfig: requesting nits when no mapping exists.
11-19 04:59:03.132 1499 2319 E DisplayDeviceConfig: requesting nits when no mapping exists.
11-19 04:59:03.147 1499 2319 E DisplayDeviceConfig: requesting nits when no mapping exists.
11-19 04:59:03.148 1499 2319 E DisplayDeviceConfig: requesting nits when no mapping exists.
11-19 04:59:03.164 1499 2319 E DisplayDeviceConfig: requesting nits when no mapping exists.
11-19 04:59:03.165 1499 2319 E DisplayDeviceConfig: requesting nits when no mapping exists.
11-19 04:59:03.182 1499 2319 E DisplayDeviceConfig: requesting nits when no mapping exists.
11-19 04:59:03.183 1499 2319 E DisplayDeviceConfig: requesting nits when no mapping exists.
11-19 04:59:03.197 1499 2319 E DisplayDeviceConfig: requesting nits when no mapping exists.
11-19 04:59:03.200 1499 2319 E DisplayDeviceConfig: requesting nits when no mapping exists.
11-19 04:59:03.214 1499 2319 E DisplayDeviceConfig: requesting nits when no mapping exists.
11-19 04:59:03.214 1499 2319 E DisplayDeviceConfig: requesting nits when no mapping exists.
11-19 04:59:03.231 1499 2319 E DisplayDeviceConfig: requesting nits when no mapping exists.
11-19 04:59:03.231 1499 2319 E DisplayDeviceConfig: requesting nits when no mapping exists.
11-19 04:59:12.480 1499 2284 I GameModeConfig: isGameModeOn = false
11-19 05:01:39.810 1499 1793 D ActivityManager: freezing 10444 com.android.traceur
11-19 05:01:39.810 1499 1793 E ActivityManager: Unable to freeze binder for 10444 com.android.traceur
11-19 05:01:39.811 1499 1793 D ActivityManager: froze 10444 com.android.traceur
11-19 05:01:39.811 1499 1793 E ActivityManager: Unable to freeze binder for 10444 com.android.traceur
11-19 05:01:39.813 1499 1793 D ActivityManager: freezing 10409 com.android.emergency
11-19 05:01:39.813 1499 1793 E ActivityManager: Unable to freeze binder for 10409 com.android.emergency
11-19 05:01:39.814 1499 1793 D ActivityManager: froze 10409 com.android.emergency
11-19 05:01:39.814 1499 1793 E ActivityManager: Unable to freeze binder for 10409 com.android.emergency
11-19 05:01:39.815 1499 1793 I ActivityManager: Killing 10444:com.android.traceur/u0a35 (adj 935): Unable to freeze binder interface
11-19 05:01:39.819 1499 1793 I ActivityManager: Killing 10409:com.android.emergency/u0a76 (adj 945): Unable to freeze binder interface
11-19 05:01:46.749 1499 1793 D ActivityManager: freezing 10385 com.android.settings.intelligence
11-19 05:01:46.750 1499 1793 E ActivityManager: Unable to freeze binder for 10385 com.android.settings.intelligence
11-19 05:01:46.751 1499 1793 D ActivityManager: froze 10385 com.android.settings.intelligence
11-19 05:01:46.751 1499 1793 E ActivityManager: Unable to freeze binder for 10385 com.android.settings.intelligence
11-19 05:01:46.752 1499 1793 I ActivityManager: Killing 10385:com.android.settings.intelligence/u0a61 (adj 935): Unable to freeze binder interface
11-19 05:01:46.807 1499 1637 W ActivityManager: setHasOverlayUi called on unknown pid: 10385
11-19 05:07:12.139 1499 1793 D ActivityManager: freezing 12815 com.android.settings
11-19 05:07:12.139 1499 1793 E ActivityManager: Unable to freeze binder for 12815 com.android.settings
11-19 05:07:12.141 1499 1793 D ActivityManager: froze 12815 com.android.settings
11-19 05:07:12.141 1499 1793 E ActivityManager: Unable to freeze binder for 12815 com.android.settings
11-19 05:07:12.142 1499 1793 I ActivityManager: Killing 12815:com.android.settings/1000 (adj 965): Unable to freeze binder interface
11-19 05:07:12.175 1499 1637 D CompatibilityChangeReporter: Compat change id reported: 135634846; UID 1000; state: DISABLED
11-19 05:07:12.175 1499 1637 D CompatibilityChangeReporter: Compat change id reported: 177438394; UID 1000; state: DISABLED
11-19 05:07:12.175 1499 1637 D CompatibilityChangeReporter: Compat change id reported: 135772972; UID 1000; state: DISABLED
11-19 05:07:12.175 1499 1637 D CompatibilityChangeReporter: Compat change id reported: 135754954; UID 1000; state: ENABLED
11-19 05:07:12.190 1499 1646 I ActivityManager: Start proc 13142:com.android.settings/1000 for null
11-19 05:07:12.226 1499 7484 D CompatibilityChangeReporter: Compat change id reported: 168419799; UID 1000; state: DISABLED
11-19 05:07:42.026 1499 1793 D ActivityManager: freezing 12796 com.android.music
11-19 05:07:42.026 1499 1793 E ActivityManager: Unable to freeze binder for 12796 com.android.music
11-19 05:07:42.029 1499 1793 D ActivityManager: froze 12796 com.android.music
11-19 05:07:42.029 1499 1793 E ActivityManager: Unable to freeze binder for 12796 com.android.music
11-19 05:07:42.030 1499 1793 I ActivityManager: Killing 12796:com.android.music/u0a90 (adj 955): Unable to freeze binder interface
11-19 05:07:42.073 1499 1637 W ActivityManager: setHasOverlayUi called on unknown pid: 12796
11-19 05:07:42.083 1499 1793 D ActivityManager: freezing 12951 com.android.musicfx
11-19 05:07:42.083 1499 1793 E ActivityManager: Unable to freeze binder for 12951 com.android.musicfx
11-19 05:07:42.084 1499 1793 D ActivityManager: froze 12951 com.android.musicfx
11-19 05:07:42.084 1499 1793 E ActivityManager: Unable to freeze binder for 12951 com.android.musicfx
11-19 05:07:42.084 1499 1793 I ActivityManager: Killing 12951:com.android.musicfx/u0a25 (adj 955): Unable to freeze binder interface
11-19 05:08:46.508 1499 1793 D ActivityManager: freezing 13083 com.android.gallery3d
11-19 05:08:46.508 1499 1793 E ActivityManager: Unable to freeze binder for 13083 com.android.gallery3d
11-19 05:08:46.510 1499 1793 D ActivityManager: froze 13083 com.android.gallery3d
11-19 05:08:46.510 1499 1793 E ActivityManager: Unable to freeze binder for 13083 com.android.gallery3d
11-19 05:08:46.511 1499 1793 D ActivityManager: freezing 13084 com.android.calendar
11-19 05:08:46.511 1499 1793 E ActivityManager: Unable to freeze binder for 13084 com.android.calendar
11-19 05:08:46.512 1499 1793 D ActivityManager: froze 13084 com.android.calendar
11-19 05:08:46.512 1499 1793 E ActivityManager: Unable to freeze binder for 13084 com.android.calendar
11-19 05:08:46.513 1499 1793 I ActivityManager: Killing 13083:com.android.gallery3d/u0a66 (adj 945): Unable to freeze binder interface
11-19 05:08:46.514 1499 1793 I ActivityManager: Killing 13084:com.android.calendar/u0a62 (adj 935): Unable to freeze binder interface
11-19 05:08:46.559 1499 1637 D CompatibilityChangeReporter: Compat change id reported: 135634846; UID 10066; state: DISABLED
11-19 05:08:46.559 1499 1637 D CompatibilityChangeReporter: Compat change id reported: 177438394; UID 10066; state: DISABLED
11-19 05:08:46.559 1499 1637 D CompatibilityChangeReporter: Compat change id reported: 135772972; UID 10066; state: DISABLED
11-19 05:08:46.559 1499 1637 D CompatibilityChangeReporter: Compat change id reported: 135754954; UID 10066; state: DISABLED
11-19 05:08:46.560 1499 1637 D CompatibilityChangeReporter: Compat change id reported: 135634846; UID 10062; state: DISABLED
11-19 05:08:46.560 1499 1637 D CompatibilityChangeReporter: Compat change id reported: 177438394; UID 10062; state: DISABLED
11-19 05:08:46.560 1499 1646 D CompatibilityChangeReporter: Compat change id reported: 143937733; UID 10066; state: DISABLED
11-19 05:08:46.560 1499 1637 D CompatibilityChangeReporter: Compat change id reported: 135772972; UID 10062; state: DISABLED
11-19 05:08:46.561 1499 1637 D CompatibilityChangeReporter: Compat change id reported: 135754954; UID 10062; state: DISABLED
11-19 05:08:46.561 1499 1637 D CompatibilityChangeReporter: Compat change id reported: 135634846; UID 10090; state: DISABLED
11-19 05:08:46.561 1499 1637 D CompatibilityChangeReporter: Compat change id reported: 177438394; UID 10090; state: DISABLED
11-19 05:08:46.561 1499 1637 D CompatibilityChangeReporter: Compat change id reported: 135772972; UID 10090; state: DISABLED
11-19 05:08:46.561 1499 1637 D CompatibilityChangeReporter: Compat change id reported: 135754954; UID 10090; state: ENABLED
11-19 05:08:46.574 1499 1646 I ActivityManager: Start proc 13162:com.android.gallery3d/u0a66 for null
11-19 05:08:46.575 1499 1646 D CompatibilityChangeReporter: Compat change id reported: 143937733; UID 10062; state: DISABLED
11-19 05:08:46.588 1499 1646 I ActivityManager: Start proc 13163:com.android.calendar/u0a62 for null
11-19 05:08:46.589 1499 1646 D CompatibilityChangeReporter: Compat change id reported: 143937733; UID 10090; state: ENABLED
11-19 05:08:46.603 1499 1646 I ActivityManager: Start proc 13177:com.android.music/u0a90 for null
11-19 05:08:46.641 1499 7484 D CompatibilityChangeReporter: Compat change id reported: 168419799; UID 10062; state: DISABLED
11-19 05:09:02.225 1499 1793 D ActivityManager: freezing 9979 com.android.permissioncontroller
11-19 05:09:02.226 1499 1793 E ActivityManager: Unable to freeze binder for 9979 com.android.permissioncontroller
11-19 05:09:02.228 1499 1793 D ActivityManager: froze 9979 com.android.permissioncontroller
11-19 05:09:02.229 1499 1793 E ActivityManager: Unable to freeze binder for 9979 com.android.permissioncontroller
11-19 05:09:02.230 1499 1793 I ActivityManager: Killing 9979:com.android.permissioncontroller/u0a94 (adj 925): Unable to freeze binder interface
11-19 05:09:02.283 1499 1637 W ActivityManager: setHasOverlayUi called on unknown pid: 9979
11-19 05:10:57.408 1499 8917 I DreamManagerService: Gently waking up from dream.
11-19 05:10:57.410 1499 1634 I DreamManagerService: Performing gentle wake from dream.
11-19 05:10:57.416 1499 7484 I ActivityTaskManager: FOREGROUND_APPLICATION_CHANGED to com.android.deskclock.DeskClock
11-19 05:10:57.466 7802 7838 W ContextImpl: Calling a method in the system process without a qualified user: android.app.ContextImpl.startService:1816 android.content.ContextWrapper.startService:774 com.thundercomm.gamemode.ingame.services.GameModeActionUtils.startGameModeService:93 com.thundercomm.gamemode.ingame.services.GameModeActionUtils.startGameModeEntry:21 com.thundercomm.gamemode.ingame.services.ActivityMonitoringService$1.onActivityLaunch:127
11-19 05:10:57.484 1499 1499 I GameModeConfig: Current uri is uri = content://com.thundercomm.gamemode.api/gamemode_settings/gamemode_isgaming
11-19 05:10:57.492 1499 1663 I PowerManagerService: Powering on display group fromDreaming (groupId=0, uid=1000, reason=WAKE_REASON_UNKNOWN, details=android.server.power:DREAM_FINISHED)...
11-19 05:10:57.492 1499 1663 I PowerManagerService: Waking up from Dreaming (uid=1000, reason=WAKE_REASON_UNKNOWN, details=android.server.power:DREAM_FINISHED)...
11-19 05:10:57.494 1499 1499 I GameModeConfig: isGameModeOn = false
11-19 05:10:57.495 1499 1499 I GameModeConfig: isGameModeOn = false
11-19 05:10:57.495 1499 1499 I GameModeConfig: isDisableVoice = true
11-19 05:10:57.542 7802 7838 W ContextImpl: Calling a method in the system process without a qualified user: android.app.ContextImpl.startService:1816 android.content.ContextWrapper.startService:774 com.thundercomm.gamemode.ingame.services.GameModeActionUtils.startGameModeService:93 com.thundercomm.gamemode.ingame.services.GameModeActionUtils.startGameModeEntry:21 com.thundercomm.gamemode.ingame.services.ActivityMonitoringService$1.onActivityLaunch:127
11-19 05:10:57.546 1499 1499 I GameModeConfig: Current uri is uri = content://com.thundercomm.gamemode.api/gamemode_settings/gamemode_isgaming
11-19 05:10:57.559 1499 1499 I GameModeConfig: isGameModeOn = false
11-19 05:10:57.559 1499 1499 I GameModeConfig: isGameModeOn = false
11-19 05:10:57.559 1499 1499 I GameModeConfig: isDisableVoice = true
11-19 05:10:58.023 7802 7838 W ContextImpl: Calling a method in the system process without a qualified user: android.app.ContextImpl.startService:1816 android.content.ContextWrapper.startService:774 com.thundercomm.gamemode.ingame.services.GameModeActionUtils.startGameModeService:93 com.thundercomm.gamemode.ingame.services.GameModeActionUtils.startGameModeEntry:21 com.thundercomm.gamemode.ingame.services.ActivityMonitoringService$1.onActivityLaunch:127
11-19 05:10:58.029 1499 1499 I GameModeConfig: Current uri is uri = content://com.thundercomm.gamemode.api/gamemode_settings/gamemode_isgaming
11-19 05:10:58.031 1499 1499 I GameModeConfig: isGameModeOn = false
11-19 05:10:58.032 1499 1499 I GameModeConfig: isGameModeOn = false
11-19 05:10:58.032 1499 1499 I GameModeConfig: isDisableVoice = true
11-19 05:10:58.038 1499 8917 I DreamManagerService: Leaving dreamland.
11-19 05:10:58.039 1499 1634 I DreamManagerService: Performing gentle wake from dream.
11-19 05:10:58.039 1499 1634 I DreamController: Stopping dream: name=ComponentInfo{com.thundercomm.screensaver/com.thundercomm.saverclock.service.ClockScreensaver}, isTest=false, canDoze=false, userId=0, reason='finished self'(from 'finished self')
11-19 05:10:58.055 1499 1638 W ActivityTaskManager: Can't find TaskDisplayArea to determine support for multi window. Task id=63 attached=false
11-19 05:10:58.938 7802 7838 W ContextImpl: Calling a method in the system process without a qualified user: android.app.ContextImpl.startService:1816 android.content.ContextWrapper.startService:774 com.thundercomm.gamemode.ingame.services.GameModeActionUtils.startGameModeService:93 com.thundercomm.gamemode.ingame.services.GameModeActionUtils.startGameModeEntry:21 com.thundercomm.gamemode.ingame.services.ActivityMonitoringService$1.onActivityLaunch:127
11-19 05:10:58.944 1499 1499 I GameModeConfig: Current uri is uri = content://com.thundercomm.gamemode.api/gamemode_settings/gamemode_isgaming
11-19 05:10:58.947 1499 1499 I GameModeConfig: isGameModeOn = false
11-19 05:10:58.947 1499 1499 I GameModeConfig: isGameModeOn = false
11-19 05:10:58.947 1499 1499 I GameModeConfig: isDisableVoice = true
11-19 05:11:00.632 1499 4942 D FreeFormWindowHelper: Add freeform task=Task{1a162bf #62 type=standard A=10063:com.android.deskclock U=0 visible=true mode=freeform translucent=false sz=1}
11-19 05:11:00.639 1499 4942 W WindowManager: updateScale0.7996942
11-19 05:11:00.647 1499 2437 W WindowManager: Attempted to set replacing window on app token with no content Token{d4dfb60 ActivityRecord{c876d8c u0 com.android.deskclock/.DeskClock t62}}
11-19 05:11:00.684 1499 2437 I ActivityTaskManager: START u0 {act=android.content.pm.action.REQUEST_PERMISSIONS pkg=com.android.permissioncontroller cmp=com.android.permissioncontroller/.permission.ui.GrantPermissionsActivity (has extras)} from uid 10063
11-19 05:11:00.694 1499 2437 W WindowManager: updateScale0.7996942
11-19 05:11:00.699 1499 1637 D CompatibilityChangeReporter: Compat change id reported: 135634846; UID 10094; state: DISABLED
11-19 05:11:00.699 1499 1637 D CompatibilityChangeReporter: Compat change id reported: 177438394; UID 10094; state: DISABLED
11-19 05:11:00.699 1499 1637 D CompatibilityChangeReporter: Compat change id reported: 135772972; UID 10094; state: DISABLED
11-19 05:11:00.699 1499 1637 D CompatibilityChangeReporter: Compat change id reported: 135754954; UID 10094; state: DISABLED
11-19 05:11:00.700 1499 1646 D CompatibilityChangeReporter: Compat change id reported: 143937733; UID 10094; state: DISABLED
11-19 05:11:00.711 1499 1646 I ActivityManager: Start proc 13238:com.android.permissioncontroller/u0a94 for pre-top-activity {com.android.permissioncontroller/com.android.permissioncontroller.permission.ui.GrantPermissionsActivity}
11-19 05:11:00.712 1499 13239 W ContextImpl: Calling a method in the system process without a qualified user: android.app.ContextImpl.sendBroadcast:1173 com.qualcomm.qti.Performance$SendGameLaunchBroadcast.run:217 java.lang.Thread.run:920
11-19 05:11:00.731 1499 4942 I ActivityTaskManager: The Process com.android.permissioncontroller Already Exists in BG. So sending its PID: 13238
11-19 05:11:00.744 1499 4942 W WindowManager: updateScale0.7996942
11-19 05:11:00.776 1499 4942 I WindowManager: finishDrawing of relaunch: Window{9cb1151 u0 com.android.deskclock/com.android.deskclock.DeskClock} 143ms
11-19 05:11:00.776 1499 1638 W WindowManager: updateScale0.7996942
11-19 05:11:00.778 1499 1638 W WindowManager: updateScale0.7996942
11-19 05:11:00.781 1499 4942 I ActivityTaskManager: FOREGROUND_APPLICATION_CHANGED to com.android.permissioncontroller.permission.ui.GrantPermissionsActivity
11-19 05:11:00.781 1499 4942 I ActivityTaskManager: The Process com.android.permissioncontroller Already Exists in BG. So sending its PID: 13238
11-19 05:11:00.806 7802 7838 W ContextImpl: Calling a method in the system process without a qualified user: android.app.ContextImpl.startService:1816 android.content.ContextWrapper.startService:774 com.thundercomm.gamemode.ingame.services.GameModeActionUtils.startGameModeService:93 com.thundercomm.gamemode.ingame.services.GameModeActionUtils.startGameModeEntry:21 com.thundercomm.gamemode.ingame.services.ActivityMonitoringService$1.onActivityLaunch:127
11-19 05:11:00.813 1499 1499 I GameModeConfig: Current uri is uri = content://com.thundercomm.gamemode.api/gamemode_settings/gamemode_isgaming
11-19 05:11:00.819 1499 1499 I GameModeConfig: isGameModeOn = false
11-19 05:11:00.819 1499 1499 I GameModeConfig: isGameModeOn = false
11-19 05:11:00.819 1499 1499 I GameModeConfig: isDisableVoice = true
11-19 05:11:00.840 1499 2437 W WindowManager: updateScale0.7996942
11-19 05:11:00.840 1499 2437 W WindowManager: updateScale0.7996942
11-19 05:11:00.847 1499 1638 W WindowManager: updateScale0.7996942
11-19 05:11:00.848 1499 1638 W WindowManager: updateScale0.7996942
