11-19 05:39:15.374 1499 2319 E DisplayDeviceConfig: requesting nits when no mapping exists.
11-19 05:39:15.375 1499 1645 I am_wtf : [0,1499,system_server,-1,DisplayDeviceConfig,requesting nits when no mapping exists.]
11-19 05:39:15.375 1499 2319 E DisplayDeviceConfig: requesting nits when no mapping exists.
11-19 05:39:15.376 1499 1645 I am_wtf : [0,1499,system_server,-1,DisplayDeviceConfig,requesting nits when no mapping exists.]
11-19 05:39:15.391 1499 2319 E DisplayDeviceConfig: requesting nits when no mapping exists.
11-19 05:39:15.391 1499 1645 I am_wtf : [0,1499,system_server,-1,DisplayDeviceConfig,requesting nits when no mapping exists.]
11-19 05:39:15.392 1499 2319 E DisplayDeviceConfig: requesting nits when no mapping exists.
11-19 05:39:15.393 1499 1645 I am_wtf : [0,1499,system_server,-1,DisplayDeviceConfig,requesting nits when no mapping exists.]
11-19 05:39:15.408 1499 2319 E DisplayDeviceConfig: requesting nits when no mapping exists.
11-19 05:39:15.408 1499 2319 E DisplayDeviceConfig: requesting nits when no mapping exists.
11-19 05:39:15.408 1499 1645 I am_wtf : [0,1499,system_server,-1,DisplayDeviceConfig,requesting nits when no mapping exists.]
11-19 05:39:15.409 1499 1645 I am_wtf : [0,1499,system_server,-1,DisplayDeviceConfig,requesting nits when no mapping exists.]
11-19 05:39:15.424 1499 2319 E DisplayDeviceConfig: requesting nits when no mapping exists.
11-19 05:39:15.425 1499 2319 E DisplayDeviceConfig: requesting nits when no mapping exists.
11-19 05:39:15.425 1499 1645 I am_wtf : [0,1499,system_server,-1,DisplayDeviceConfig,requesting nits when no mapping exists.]
11-19 05:39:15.426 1499 1645 I am_wtf : [0,1499,system_server,-1,DisplayDeviceConfig,requesting nits when no mapping exists.]
11-19 05:39:15.441 1499 2319 E DisplayDeviceConfig: requesting nits when no mapping exists.
11-19 05:39:15.441 1499 2319 E DisplayDeviceConfig: requesting nits when no mapping exists.
11-19 05:39:15.441 1499 1645 I am_wtf : [0,1499,system_server,-1,DisplayDeviceConfig,requesting nits when no mapping exists.]
11-19 05:39:15.443 1499 1645 I am_wtf : [0,1499,system_server,-1,DisplayDeviceConfig,requesting nits when no mapping exists.]
11-19 05:39:15.458 1499 2319 E DisplayDeviceConfig: requesting nits when no mapping exists.
11-19 05:39:15.458 1499 2319 E DisplayDeviceConfig: requesting nits when no mapping exists.
11-19 05:39:15.458 1499 1645 I am_wtf : [0,1499,system_server,-1,DisplayDeviceConfig,requesting nits when no mapping exists.]
11-19 05:39:15.459 1499 1645 I am_wtf : [0,1499,system_server,-1,DisplayDeviceConfig,requesting nits when no mapping exists.]
11-19 05:39:15.474 1499 2319 E DisplayDeviceConfig: requesting nits when no mapping exists.
11-19 05:39:15.475 1499 2319 E DisplayDeviceConfig: requesting nits when no mapping exists.
11-19 05:39:15.475 1499 1645 I am_wtf : [0,1499,system_server,-1,DisplayDeviceConfig,requesting nits when no mapping exists.]
11-19 05:39:15.475 1499 1645 I am_wtf : [0,1499,system_server,-1,DisplayDeviceConfig,requesting nits when no mapping exists.]
11-19 05:39:15.491 1499 2319 E DisplayDeviceConfig: requesting nits when no mapping exists.
11-19 05:39:15.492 1499 1645 I am_wtf : [0,1499,system_server,-1,DisplayDeviceConfig,requesting nits when no mapping exists.]
11-19 05:39:15.492 1499 2319 E DisplayDeviceConfig: requesting nits when no mapping exists.
11-19 05:39:15.493 1499 1645 I am_wtf : [0,1499,system_server,-1,DisplayDeviceConfig,requesting nits when no mapping exists.]
11-19 05:39:15.508 1499 2319 E DisplayDeviceConfig: requesting nits when no mapping exists.
11-19 05:39:15.509 1499 2319 E DisplayDeviceConfig: requesting nits when no mapping exists.
11-19 05:39:15.509 1499 1645 I am_wtf : [0,1499,system_server,-1,DisplayDeviceConfig,requesting nits when no mapping exists.]
11-19 05:39:15.509 1499 1645 I am_wtf : [0,1499,system_server,-1,DisplayDeviceConfig,requesting nits when no mapping exists.]
11-19 05:39:15.524 1499 2319 E DisplayDeviceConfig: requesting nits when no mapping exists.
11-19 05:39:15.525 1499 1645 I am_wtf : [0,1499,system_server,-1,DisplayDeviceConfig,requesting nits when no mapping exists.]
11-19 05:39:15.525 1499 2319 E DisplayDeviceConfig: requesting nits when no mapping exists.
11-19 05:39:15.525 1499 1645 I am_wtf : [0,1499,system_server,-1,DisplayDeviceConfig,requesting nits when no mapping exists.]
11-19 05:39:15.541 1499 2319 E DisplayDeviceConfig: requesting nits when no mapping exists.
11-19 05:39:15.541 1499 2319 E DisplayDeviceConfig: requesting nits when no mapping exists.
11-19 05:39:15.541 1499 1645 I am_wtf : [0,1499,system_server,-1,DisplayDeviceConfig,requesting nits when no mapping exists.]
11-19 05:39:15.542 1499 1645 I am_wtf : [0,1499,system_server,-1,DisplayDeviceConfig,requesting nits when no mapping exists.]
11-19 05:39:15.558 1499 2319 E DisplayDeviceConfig: requesting nits when no mapping exists.
11-19 05:39:15.558 1499 1645 I am_wtf : [0,1499,system_server,-1,DisplayDeviceConfig,requesting nits when no mapping exists.]
11-19 05:39:15.559 1499 2319 E DisplayDeviceConfig: requesting nits when no mapping exists.
11-19 05:39:15.561 1499 1645 I am_wtf : [0,1499,system_server,-1,DisplayDeviceConfig,requesting nits when no mapping exists.]
11-19 05:39:15.575 1499 2319 E DisplayDeviceConfig: requesting nits when no mapping exists.
11-19 05:39:15.575 1499 2319 E DisplayDeviceConfig: requesting nits when no mapping exists.
11-19 05:39:15.575 1499 1645 I am_wtf : [0,1499,system_server,-1,DisplayDeviceConfig,requesting nits when no mapping exists.]
11-19 05:39:15.576 1499 1645 I am_wtf : [0,1499,system_server,-1,DisplayDeviceConfig,requesting nits when no mapping exists.]
11-19 05:39:15.591 1499 2319 E DisplayDeviceConfig: requesting nits when no mapping exists.
11-19 05:39:15.592 1499 1645 I am_wtf : [0,1499,system_server,-1,DisplayDeviceConfig,requesting nits when no mapping exists.]
11-19 05:39:15.592 1499 2319 E DisplayDeviceConfig: requesting nits when no mapping exists.
11-19 05:39:15.593 1499 1645 I am_wtf : [0,1499,system_server,-1,DisplayDeviceConfig,requesting nits when no mapping exists.]
11-19 05:39:15.608 1499 2319 E DisplayDeviceConfig: requesting nits when no mapping exists.
11-19 05:39:15.609 1499 1645 I am_wtf : [0,1499,system_server,-1,DisplayDeviceConfig,requesting nits when no mapping exists.]
11-19 05:39:15.610 1499 2319 E DisplayDeviceConfig: requesting nits when no mapping exists.
11-19 05:39:15.610 1499 1645 I am_wtf : [0,1499,system_server,-1,DisplayDeviceConfig,requesting nits when no mapping exists.]
11-19 05:39:15.625 1499 2319 E DisplayDeviceConfig: requesting nits when no mapping exists.
11-19 05:39:15.625 1499 1645 I am_wtf : [0,1499,system_server,-1,DisplayDeviceConfig,requesting nits when no mapping exists.]
11-19 05:39:15.625 1499 2319 E DisplayDeviceConfig: requesting nits when no mapping exists.
11-19 05:39:15.626 1499 1645 I am_wtf : [0,1499,system_server,-1,DisplayDeviceConfig,requesting nits when no mapping exists.]
11-19 05:39:15.641 1499 2319 E DisplayDeviceConfig: requesting nits when no mapping exists.
11-19 05:39:15.642 1499 1645 I am_wtf : [0,1499,system_server,-1,DisplayDeviceConfig,requesting nits when no mapping exists.]
11-19 05:39:15.642 1499 2319 E DisplayDeviceConfig: requesting nits when no mapping exists.
11-19 05:39:15.643 1499 1645 I am_wtf : [0,1499,system_server,-1,DisplayDeviceConfig,requesting nits when no mapping exists.]
11-19 05:39:15.658 1499 2319 E DisplayDeviceConfig: requesting nits when no mapping exists.
11-19 05:39:15.658 1499 1645 I am_wtf : [0,1499,system_server,-1,DisplayDeviceConfig,requesting nits when no mapping exists.]
11-19 05:39:15.659 1499 2319 E DisplayDeviceConfig: requesting nits when no mapping exists.
11-19 05:39:15.660 1499 1645 I am_wtf : [0,1499,system_server,-1,DisplayDeviceConfig,requesting nits when no mapping exists.]
11-19 05:39:15.675 1499 2319 E DisplayDeviceConfig: requesting nits when no mapping exists.
11-19 05:39:15.675 1499 1645 I am_wtf : [0,1499,system_server,-1,DisplayDeviceConfig,requesting nits when no mapping exists.]
11-19 05:39:15.676 1499 2319 E DisplayDeviceConfig: requesting nits when no mapping exists.
11-19 05:39:15.677 1499 1645 I am_wtf : [0,1499,system_server,-1,DisplayDeviceConfig,requesting nits when no mapping exists.]
11-19 05:39:15.691 1499 2319 E DisplayDeviceConfig: requesting nits when no mapping exists.
11-19 05:39:15.692 1499 1645 I am_wtf : [0,1499,system_server,-1,DisplayDeviceConfig,requesting nits when no mapping exists.]
11-19 05:39:15.692 1499 2319 E DisplayDeviceConfig: requesting nits when no mapping exists.
11-19 05:39:15.693 1499 1645 I am_wtf : [0,1499,system_server,-1,DisplayDeviceConfig,requesting nits when no mapping exists.]
11-19 05:39:15.708 1499 2319 E DisplayDeviceConfig: requesting nits when no mapping exists.
11-19 05:39:15.709 1499 2319 E DisplayDeviceConfig: requesting nits when no mapping exists.
11-19 05:39:15.709 1499 1645 I am_wtf : [0,1499,system_server,-1,DisplayDeviceConfig,requesting nits when no mapping exists.]
11-19 05:39:15.709 1499 1645 I service_manager_stats: [100,57,64786]
11-19 05:39:15.709 1499 1645 I am_wtf : [0,1499,system_server,-1,DisplayDeviceConfig,requesting nits when no mapping exists.]
11-19 05:39:15.725 1499 2319 E DisplayDeviceConfig: requesting nits when no mapping exists.
11-19 05:39:15.725 1499 1645 I am_wtf : [0,1499,system_server,-1,DisplayDeviceConfig,requesting nits when no mapping exists.]
11-19 05:39:15.725 1499 2319 E DisplayDeviceConfig: requesting nits when no mapping exists.
11-19 05:39:15.726 1499 1645 I am_wtf : [0,1499,system_server,-1,DisplayDeviceConfig,requesting nits when no mapping exists.]
11-19 05:39:15.741 1499 2319 E DisplayDeviceConfig: requesting nits when no mapping exists.
11-19 05:39:15.742 1499 1645 I am_wtf : [0,1499,system_server,-1,DisplayDeviceConfig,requesting nits when no mapping exists.]
11-19 05:39:15.742 1499 2319 E DisplayDeviceConfig: requesting nits when no mapping exists.
11-19 05:39:15.743 1499 1645 I am_wtf : [0,1499,system_server,-1,DisplayDeviceConfig,requesting nits when no mapping exists.]
11-19 05:39:15.758 1499 2319 E DisplayDeviceConfig: requesting nits when no mapping exists.
11-19 05:39:15.758 1499 1645 I am_wtf : [0,1499,system_server,-1,DisplayDeviceConfig,requesting nits when no mapping exists.]
11-19 05:39:15.758 1499 2319 E DisplayDeviceConfig: requesting nits when no mapping exists.
11-19 05:39:15.759 1499 1645 I am_wtf : [0,1499,system_server,-1,DisplayDeviceConfig,requesting nits when no mapping exists.]
11-19 05:39:15.775 1499 2319 E DisplayDeviceConfig: requesting nits when no mapping exists.
11-19 05:39:15.776 1499 2319 E DisplayDeviceConfig: requesting nits when no mapping exists.
11-19 05:39:15.776 1499 1645 I am_wtf : [0,1499,system_server,-1,DisplayDeviceConfig,requesting nits when no mapping exists.]
11-19 05:39:15.777 1499 1645 I am_wtf : [0,1499,system_server,-1,DisplayDeviceConfig,requesting nits when no mapping exists.]
11-19 05:39:15.792 1499 2319 E DisplayDeviceConfig: requesting nits when no mapping exists.
11-19 05:39:15.793 1499 1645 I am_wtf : [0,1499,system_server,-1,DisplayDeviceConfig,requesting nits when no mapping exists.]
11-19 05:39:15.793 1499 2319 E DisplayDeviceConfig: requesting nits when no mapping exists.
11-19 05:39:15.794 1499 1645 I am_wtf : [0,1499,system_server,-1,DisplayDeviceConfig,requesting nits when no mapping exists.]
11-19 05:39:15.809 1499 2319 E DisplayDeviceConfig: requesting nits when no mapping exists.
11-19 05:39:15.810 1499 1645 I am_wtf : [0,1499,system_server,-1,DisplayDeviceConfig,requesting nits when no mapping exists.]
11-19 05:39:15.811 1499 2319 E DisplayDeviceConfig: requesting nits when no mapping exists.
11-19 05:39:15.811 1499 1645 I am_wtf : [0,1499,system_server,-1,DisplayDeviceConfig,requesting nits when no mapping exists.]
11-19 05:39:15.826 1499 2319 E DisplayDeviceConfig: requesting nits when no mapping exists.
11-19 05:39:15.827 1499 1645 I am_wtf : [0,1499,system_server,-1,DisplayDeviceConfig,requesting nits when no mapping exists.]
11-19 05:39:15.827 1499 2319 E DisplayDeviceConfig: requesting nits when no mapping exists.
11-19 05:39:15.828 1499 1645 I am_wtf : [0,1499,system_server,-1,DisplayDeviceConfig,requesting nits when no mapping exists.]
11-19 05:39:15.842 1499 2319 E DisplayDeviceConfig: requesting nits when no mapping exists.
11-19 05:39:15.842 1499 1645 I am_wtf : [0,1499,system_server,-1,DisplayDeviceConfig,requesting nits when no mapping exists.]
11-19 05:39:15.842 1499 2319 E DisplayDeviceConfig: requesting nits when no mapping exists.
11-19 05:39:15.843 1499 1645 I am_wtf : [0,1499,system_server,-1,DisplayDeviceConfig,requesting nits when no mapping exists.]
11-19 05:39:15.858 1499 2319 E DisplayDeviceConfig: requesting nits when no mapping exists.
11-19 05:39:15.859 1499 1645 I am_wtf : [0,1499,system_server,-1,DisplayDeviceConfig,requesting nits when no mapping exists.]
11-19 05:39:15.859 1499 2319 E DisplayDeviceConfig: requesting nits when no mapping exists.
11-19 05:39:15.861 1499 1645 I am_wtf : [0,1499,system_server,-1,DisplayDeviceConfig,requesting nits when no mapping exists.]
11-19 05:39:15.875 1499 2319 E DisplayDeviceConfig: requesting nits when no mapping exists.
11-19 05:39:15.876 1499 1645 I am_wtf : [0,1499,system_server,-1,DisplayDeviceConfig,requesting nits when no mapping exists.]
11-19 05:39:15.877 1499 2319 E DisplayDeviceConfig: requesting nits when no mapping exists.
11-19 05:39:15.878 1499 1645 I am_wtf : [0,1499,system_server,-1,DisplayDeviceConfig,requesting nits when no mapping exists.]
11-19 05:39:15.892 1499 2319 E DisplayDeviceConfig: requesting nits when no mapping exists.
11-19 05:39:15.893 1499 1645 I am_wtf : [0,1499,system_server,-1,DisplayDeviceConfig,requesting nits when no mapping exists.]
11-19 05:39:15.893 1499 2319 E DisplayDeviceConfig: requesting nits when no mapping exists.
11-19 05:39:15.894 1499 1645 I am_wtf : [0,1499,system_server,-1,DisplayDeviceConfig,requesting nits when no mapping exists.]
11-19 05:39:15.909 1499 2319 E DisplayDeviceConfig: requesting nits when no mapping exists.
11-19 05:39:15.909 1499 1645 I am_wtf : [0,1499,system_server,-1,DisplayDeviceConfig,requesting nits when no mapping exists.]
11-19 05:39:15.911 1499 2319 E DisplayDeviceConfig: requesting nits when no mapping exists.
11-19 05:39:15.912 1499 1645 I am_wtf : [0,1499,system_server,-1,DisplayDeviceConfig,requesting nits when no mapping exists.]
11-19 05:39:16.131 0 0 I auditd : type=1400 audit(0.0:13830): avc: denied { kill } for comm="swapper/2" capability=5 scontext=u:r:kernel:s0 tcontext=u:r:kernel:s0 tclass=capability permissive=0
11-19 05:39:17.072 1499 1645 I am_uid_idle: 10064
11-19 05:39:17.131 0 0 I auditd : type=1400 audit(0.0:13831): avc: denied { kill } for comm="swapper/2" capability=5 scontext=u:r:kernel:s0 tcontext=u:r:kernel:s0 tclass=capability permissive=0
11-19 05:39:18.131 0 0 I auditd : type=1400 audit(0.0:13832): avc: denied { kill } for comm="swapper/2" capability=5 scontext=u:r:kernel:s0 tcontext=u:r:kernel:s0 tclass=capability permissive=0
11-19 05:39:19.131 0 0 I auditd : type=1400 audit(0.0:13833): avc: denied { kill } for comm="swapper/2" capability=5 scontext=u:r:kernel:s0 tcontext=u:r:kernel:s0 tclass=capability permissive=0
11-19 05:39:20.131 0 0 I auditd : type=1400 audit(0.0:13834): avc: denied { kill } for comm="swapper/2" capability=5 scontext=u:r:kernel:s0 tcontext=u:r:kernel:s0 tclass=capability permissive=0
11-19 05:39:21.131 0 0 I auditd : type=1400 audit(0.0:13835): avc: denied { kill } for comm="swapper/2" capability=5 scontext=u:r:kernel:s0 tcontext=u:r:kernel:s0 tclass=capability permissive=0
11-19 05:39:21.952 1499 1663 I PowerManagerService: Napping display group (groupId=0, uid=1000)...
11-19 05:39:21.952 1499 1663 I PowerManagerService: Nap time (uid 1000)...
11-19 05:39:21.953 1499 1663 I DreamManagerService: Entering dreamland.
11-19 05:39:21.959 1499 1663 I PowerManagerService: Dreaming...
11-19 05:39:21.961 1499 1634 I DreamController: Starting dream: name=ComponentInfo{com.thundercomm.screensaver/com.thundercomm.saverclock.service.ClockScreensaver}, isTest=false, canDoze=false, userId=0
11-19 05:39:21.961 1499 1634 I sysui_multi_action: [757,222,758,1]
11-19 05:39:21.966 1499 1634 I am_uid_active: 10050
11-19 05:39:21.970 1499 1644 I am_pss : [14839,1000,com.qti.diagservices,6133760,3878912,0,93093888,0,10,11]
11-19 05:39:21.981 1499 5048 I ActivityTaskManager: START u0 {flg=0x10000000 pkg=com.thundercomm.screensaver cmp=com.thundercomm.screensaver/android.service.dreams.DreamActivity (has extras)} from uid 10050
11-19 05:39:21.983 1499 5048 I wm_task_created: [85,-1]
11-19 05:39:21.983 1499 5048 W ActivityTaskManager: Can't find TaskDisplayArea to determine support for multi window. Task id=85 attached=false
11-19 05:39:21.987 1499 5048 I wm_task_moved: [85,1,7]
11-19 05:39:21.987 1499 5048 I wm_task_to_front: [0,85]
11-19 05:39:21.988 1499 5048 I wm_create_task: [0,85]
11-19 05:39:21.988 1499 5048 I wm_create_activity: [0,223235227,85,com.thundercomm.screensaver/android.service.dreams.DreamActivity,NULL,NULL,NULL,276824064]
11-19 05:39:21.988 1499 5048 I wm_task_moved: [85,1,7]
11-19 05:39:21.988 14185 14185 I wm_on_top_resumed_lost_called: [207378235,com.android.calendar.AllInOneActivity,topStateChangedWhenResumed]
11-19 05:39:21.990 1499 5048 I wm_pause_activity: [0,19758722,com.android.launcher3/.uioverrides.QuickstepLauncher,userLeaving=true,pauseBackTasks]
11-19 05:39:21.991 1499 5048 W WindowManager: updateScale0.4617737
11-19 05:39:21.991 2802 2802 I wm_on_paused_called: [19758722,com.android.launcher3.uioverrides.QuickstepLauncher,performPause]
11-19 05:39:21.999 1499 1730 I ActivityTaskManager: FOREGROUND_APPLICATION_CHANGED to android.service.dreams.DreamActivity
11-19 05:39:22.000 1499 1730 I ActivityTaskManager: The Process com.thundercomm.screensaver Already Exists in BG. So sending its PID: 4805
11-19 05:39:22.001 1499 1730 W ActivityTaskManager: Tried to set launchTime (0) < mLastActivityLaunchTime (15506981)
11-19 05:39:22.001 1499 1730 I wm_add_to_stopping: [0,19758722,com.android.launcher3/.uioverrides.QuickstepLauncher,makeInvisible]
11-19 05:39:22.002 1499 1730 I wm_restart_activity: [0,223235227,85,com.thundercomm.screensaver/android.service.dreams.DreamActivity]
11-19 05:39:22.004 1499 1730 I wm_set_resumed_activity: [0,com.thundercomm.screensaver/android.service.dreams.DreamActivity,minimalResumeActivityLocked]
11-19 05:39:22.005 1499 1730 W WindowManager: updateScale0.4617737
11-19 05:39:22.015 1499 1637 I sysui_multi_action: [757,803,799,window_time_2,802,71]
11-19 05:39:22.031 4805 4805 I wm_on_create_called: [223235227,android.service.dreams.DreamActivity,performCreate]
11-19 05:39:22.032 4805 4805 I wm_on_start_called: [223235227,android.service.dreams.DreamActivity,handleStartActivity]
11-19 05:39:22.032 4805 4805 I wm_on_resume_called: [223235227,android.service.dreams.DreamActivity,RESUME_ACTIVITY]
11-19 05:39:22.034 7802 7838 W ContextImpl: Calling a method in the system process without a qualified user: android.app.ContextImpl.startService:1816 android.content.ContextWrapper.startService:774 com.thundercomm.gamemode.ingame.services.GameModeActionUtils.startGameModeService:93 com.thundercomm.gamemode.ingame.services.GameModeActionUtils.startGameModeEntry:21 com.thundercomm.gamemode.ingame.services.ActivityMonitoringService$1.onActivityLaunch:127
11-19 05:39:22.040 1499 1499 I GameModeConfig: Current uri is uri = content://com.thundercomm.gamemode.api/gamemode_settings/gamemode_isgaming
11-19 05:39:22.040 1499 1499 I am_uid_active: 10064
11-19 05:39:22.041 4805 4805 I wm_on_top_resumed_gained_called: [223235227,android.service.dreams.DreamActivity,topStateChangedWhenResumed]
11-19 05:39:22.047 1499 1499 I GameModeConfig: isGameModeOn = false
11-19 05:39:22.047 1499 1499 I GameModeConfig: isGameModeOn = false
11-19 05:39:22.047 1499 1499 I GameModeConfig: isDisableVoice = true
11-19 05:39:22.058 1499 1614 W WindowManager: updateScale0.4617737
11-19 05:39:22.062 1499 1638 I input_focus: [Focus request 5d66049 com.thundercomm.screensaver/android.service.dreams.DreamActivity,reason=UpdateInputWindows]
11-19 05:39:22.067 1499 2284 I GameModeConfig: isGameModeOn = false
11-19 05:39:22.068 1499 2284 I GameModeConfig: isGameModeOn = false
11-19 05:39:22.068 1499 2284 I GameModeConfig: isGameModeOn = false
11-19 05:39:22.068 1499 2284 I GameModeConfig: isGameModeOn = false
11-19 05:39:22.069 1499 1638 W WindowManager: updateScale0.4617737
11-19 05:39:22.069 1499 1499 I notification_enqueue: [10081,2342,com.android.systemui,2048,NULL,0,Notification(channel=updateNotification shortcut=null contentView=null vibrate=null sound=null defaults=0x0 flags=0x0 color=0x00000000 vis=PRIVATE),1]
11-19 05:39:22.070 2342 2342 I sysui_multi_action: [757,111,758,2]
11-19 05:39:22.071 2342 2342 I sysui_multi_action: [757,111,758,2]
11-19 05:39:22.074 1499 1638 W WindowManager: updateScale0.4617737
11-19 05:39:22.075 1499 1638 W WindowManager: updateScale0.4617737
11-19 05:39:22.077 1499 1638 W WindowManager: updateScale0.4617737
11-19 05:39:22.078 1499 1831 I input_focus: [Focus leaving dc59070 com.android.calendar/com.android.calendar.AllInOneActivity (server),reason=Waiting for window because NOT_VISIBLE]
11-19 05:39:22.080 1499 1637 W WindowManager: updateScale0.4617737
11-19 05:39:22.081 1499 1663 V DisplayPowerController[0]: Brightness [1.0] reason changing to: 'manual', previous reason: 'manual [ dim ]'.
11-19 05:39:22.081 1499 1663 I sysui_multi_action: [757,1696,758,6,759,3]
11-19 05:39:22.086 2342 2342 I sysui_multi_action: [757,111,758,1]
11-19 05:39:22.087 2342 2342 I sysui_multi_action: [757,126,758,1,759,126,927,0,928,0,1593,0]
11-19 05:39:22.087 2342 2342 I sysui_multi_action: [757,113,758,1,759,113,927,1,928,1,1593,0]
11-19 05:39:22.087 2342 2342 I sysui_multi_action: [757,0,758,1,759,0,927,2,928,0,1593,0]
11-19 05:39:22.087 2342 2342 I sysui_multi_action: [757,0,758,1,759,0,927,3,928,0,1593,0]
11-19 05:39:22.088 2342 2342 I sysui_multi_action: [757,491,758,1,759,491,927,4,928,0,1311,-1,1593,0]
11-19 05:39:22.088 2342 2342 I sysui_multi_action: [757,0,758,1,759,0,927,5,928,0,1593,0]
11-19 05:39:22.088 2342 2342 I sysui_multi_action: [757,111,758,1]
11-19 05:39:22.088 1499 1634 I sysui_multi_action: [319,93,322,92,325,15641,757,761,758,8,759,2,806,com.thundercomm.screensaver,871,android.service.dreams.DreamActivity,904,com.thundercomm.screensaver,905,0,1320,4,1321,2]
11-19 05:39:22.088 2342 2342 I sysui_multi_action: [757,126,758,1,759,126,927,0,928,0,1593,0]
11-19 05:39:22.089 2342 2342 I sysui_multi_action: [757,113,758,1,759,113,927,1,928,1,1593,0]
11-19 05:39:22.089 2342 2342 I sysui_multi_action: [757,0,758,1,759,0,927,2,928,0,1593,0]
11-19 05:39:22.089 2342 2342 I sysui_multi_action: [757,0,758,1,759,0,927,3,928,0,1593,0]
11-19 05:39:22.089 1499 1634 I wm_activity_launch_time: [0,223235227,com.thundercomm.screensaver/android.service.dreams.DreamActivity,92]
11-19 05:39:22.095 1499 2319 E DisplayDeviceConfig: requesting nits when no mapping exists.
11-19 05:39:22.096 1499 2319 E DisplayDeviceConfig: requesting nits when no mapping exists.
11-19 05:39:22.096 1499 1645 I am_wtf : [0,1499,system_server,-1,DisplayDeviceConfig,requesting nits when no mapping exists.]
11-19 05:39:22.104 1499 1645 I am_wtf : [0,1499,system_server,-1,DisplayDeviceConfig,requesting nits when no mapping exists.]
11-19 05:39:22.110 1499 2319 E DisplayDeviceConfig: requesting nits when no mapping exists.
11-19 05:39:22.110 1499 2319 E DisplayDeviceConfig: requesting nits when no mapping exists.
11-19 05:39:22.110 1499 1645 I am_wtf : [0,1499,system_server,-1,DisplayDeviceConfig,requesting nits when no mapping exists.]
11-19 05:39:22.111 1499 1831 I input_focus: [Focus entering 5d66049 com.thundercomm.screensaver/android.service.dreams.DreamActivity (server),reason=Window became focusable. Previous reason: NOT_VISIBLE]
11-19 05:39:22.111 1499 1645 I am_wtf : [0,1499,system_server,-1,DisplayDeviceConfig,requesting nits when no mapping exists.]
11-19 05:39:22.120 7802 7838 W ContextImpl: Calling a method in the system process without a qualified user: android.app.ContextImpl.startService:1816 android.content.ContextWrapper.startService:774 com.thundercomm.gamemode.ingame.services.GameModeActionUtils.startGameModeService:93 com.thundercomm.gamemode.ingame.services.GameModeActionUtils.startGameModeEntry:21 com.thundercomm.gamemode.ingame.services.ActivityMonitoringService$1.onActivityLaunch:127
11-19 05:39:22.124 1499 1499 I GameModeConfig: Current uri is uri = content://com.thundercomm.gamemode.api/gamemode_settings/gamemode_isgaming
11-19 05:39:22.127 1499 2319 E DisplayDeviceConfig: requesting nits when no mapping exists.
11-19 05:39:22.127 1499 2319 E DisplayDeviceConfig: requesting nits when no mapping exists.
11-19 05:39:22.127 1499 1645 I am_wtf : [0,1499,system_server,-1,DisplayDeviceConfig,requesting nits when no mapping exists.]
11-19 05:39:22.128 1499 1499 I GameModeConfig: isGameModeOn = false
11-19 05:39:22.128 1499 1499 I GameModeConfig: isGameModeOn = false
11-19 05:39:22.128 1499 1499 I GameModeConfig: isDisableVoice = true
11-19 05:39:22.128 1499 1645 I am_wtf : [0,1499,system_server,-1,DisplayDeviceConfig,requesting nits when no mapping exists.]
11-19 05:39:22.131 0 0 I auditd : type=1400 audit(0.0:13836): avc: denied { kill } for comm="swapper/2" capability=5 scontext=u:r:kernel:s0 tcontext=u:r:kernel:s0 tclass=capability permissive=0
11-19 05:39:22.148 1499 2319 E DisplayDeviceConfig: requesting nits when no mapping exists.
11-19 05:39:22.148 1499 2319 E DisplayDeviceConfig: requesting nits when no mapping exists.
11-19 05:39:22.148 1499 1645 I am_wtf : [0,1499,system_server,-1,DisplayDeviceConfig,requesting nits when no mapping exists.]
11-19 05:39:22.149 1499 1645 I am_wtf : [0,1499,system_server,-1,DisplayDeviceConfig,requesting nits when no mapping exists.]
11-19 05:39:22.159 1499 2319 E DisplayDeviceConfig: requesting nits when no mapping exists.
11-19 05:39:22.159 1499 2319 E DisplayDeviceConfig: requesting nits when no mapping exists.
11-19 05:39:22.159 1499 1645 I am_wtf : [0,1499,system_server,-1,DisplayDeviceConfig,requesting nits when no mapping exists.]
11-19 05:39:22.160 1499 1645 I am_wtf : [0,1499,system_server,-1,DisplayDeviceConfig,requesting nits when no mapping exists.]
11-19 05:39:22.176 1499 2319 E DisplayDeviceConfig: requesting nits when no mapping exists.
11-19 05:39:22.176 1499 2319 E DisplayDeviceConfig: requesting nits when no mapping exists.
11-19 05:39:22.176 1499 1645 I am_wtf : [0,1499,system_server,-1,DisplayDeviceConfig,requesting nits when no mapping exists.]
11-19 05:39:22.177 1499 1645 I am_wtf : [0,1499,system_server,-1,DisplayDeviceConfig,requesting nits when no mapping exists.]
11-19 05:39:22.193 1499 2319 E DisplayDeviceConfig: requesting nits when no mapping exists.
11-19 05:39:22.193 1499 2319 E DisplayDeviceConfig: requesting nits when no mapping exists.
11-19 05:39:22.193 1499 1645 I am_wtf : [0,1499,system_server,-1,DisplayDeviceConfig,requesting nits when no mapping exists.]
11-19 05:39:22.194 1499 1645 I am_wtf : [0,1499,system_server,-1,DisplayDeviceConfig,requesting nits when no mapping exists.]
11-19 05:39:22.209 1499 2319 E DisplayDeviceConfig: requesting nits when no mapping exists.
11-19 05:39:22.210 1499 2319 E DisplayDeviceConfig: requesting nits when no mapping exists.
11-19 05:39:22.210 1499 1645 I am_wtf : [0,1499,system_server,-1,DisplayDeviceConfig,requesting nits when no mapping exists.]
11-19 05:39:22.211 1499 1645 I am_wtf : [0,1499,system_server,-1,DisplayDeviceConfig,requesting nits when no mapping exists.]
11-19 05:39:22.226 1499 2319 E DisplayDeviceConfig: requesting nits when no mapping exists.
11-19 05:39:22.226 1499 2319 E DisplayDeviceConfig: requesting nits when no mapping exists.
11-19 05:39:22.226 1499 1645 I am_wtf : [0,1499,system_server,-1,DisplayDeviceConfig,requesting nits when no mapping exists.]
11-19 05:39:22.228 1499 1645 I am_wtf : [0,1499,system_server,-1,DisplayDeviceConfig,requesting nits when no mapping exists.]
11-19 05:39:22.243 1499 2319 E DisplayDeviceConfig: requesting nits when no mapping exists.
11-19 05:39:22.245 1499 1645 I am_wtf : [0,1499,system_server,-1,DisplayDeviceConfig,requesting nits when no mapping exists.]
11-19 05:39:22.245 1499 2319 E DisplayDeviceConfig: requesting nits when no mapping exists.
11-19 05:39:22.248 1499 1645 I am_wtf : [0,1499,system_server,-1,DisplayDeviceConfig,requesting nits when no mapping exists.]
11-19 05:39:22.260 1499 2319 E DisplayDeviceConfig: requesting nits when no mapping exists.
11-19 05:39:22.260 1499 2319 E DisplayDeviceConfig: requesting nits when no mapping exists.
11-19 05:39:22.260 1499 1645 I am_wtf : [0,1499,system_server,-1,DisplayDeviceConfig,requesting nits when no mapping exists.]
11-19 05:39:22.261 1499 1645 I am_wtf : [0,1499,system_server,-1,DisplayDeviceConfig,requesting nits when no mapping exists.]
11-19 05:39:22.271 1499 1499 I GameModeConfig: isGameModeOn = false
11-19 05:39:22.284 1499 2319 E DisplayDeviceConfig: requesting nits when no mapping exists.
11-19 05:39:22.285 1499 2319 E DisplayDeviceConfig: requesting nits when no mapping exists.
11-19 05:39:22.288 1499 1645 I am_wtf : [0,1499,system_server,-1,DisplayDeviceConfig,requesting nits when no mapping exists.]
11-19 05:39:22.289 1499 1645 I am_wtf : [0,1499,system_server,-1,DisplayDeviceConfig,requesting nits when no mapping exists.]
11-19 05:39:22.294 1499 2319 E DisplayDeviceConfig: requesting nits when no mapping exists.
11-19 05:39:22.295 1499 2319 E DisplayDeviceConfig: requesting nits when no mapping exists.
11-19 05:39:22.295 1499 1645 I am_wtf : [0,1499,system_server,-1,DisplayDeviceConfig,requesting nits when no mapping exists.]
11-19 05:39:22.295 1499 1645 I am_wtf : [0,1499,system_server,-1,DisplayDeviceConfig,requesting nits when no mapping exists.]
11-19 05:39:22.312 1499 2319 E DisplayDeviceConfig: requesting nits when no mapping exists.
11-19 05:39:22.312 1499 2319 E DisplayDeviceConfig: requesting nits when no mapping exists.
11-19 05:39:22.312 1499 1645 I am_wtf : [0,1499,system_server,-1,DisplayDeviceConfig,requesting nits when no mapping exists.]
11-19 05:39:22.313 1499 1645 I am_wtf : [0,1499,system_server,-1,DisplayDeviceConfig,requesting nits when no mapping exists.]
11-19 05:39:22.327 1499 2319 E DisplayDeviceConfig: requesting nits when no mapping exists.
11-19 05:39:22.327 1499 2319 E DisplayDeviceConfig: requesting nits when no mapping exists.
11-19 05:39:22.327 1499 1645 I am_wtf : [0,1499,system_server,-1,DisplayDeviceConfig,requesting nits when no mapping exists.]
11-19 05:39:22.328 1499 1645 I am_wtf : [0,1499,system_server,-1,DisplayDeviceConfig,requesting nits when no mapping exists.]
11-19 05:39:22.346 1499 2319 E DisplayDeviceConfig: requesting nits when no mapping exists.
11-19 05:39:22.347 1499 2319 E DisplayDeviceConfig: requesting nits when no mapping exists.
11-19 05:39:22.347 1499 1645 I am_wtf : [0,1499,system_server,-1,DisplayDeviceConfig,requesting nits when no mapping exists.]
11-19 05:39:22.348 1499 1645 I am_wtf : [0,1499,system_server,-1,DisplayDeviceConfig,requesting nits when no mapping exists.]
11-19 05:39:22.362 1499 2319 E DisplayDeviceConfig: requesting nits when no mapping exists.
11-19 05:39:22.363 1499 1645 I am_wtf : [0,1499,system_server,-1,DisplayDeviceConfig,requesting nits when no mapping exists.]
11-19 05:39:22.363 1499 1638 W WindowManager: updateScale0.4617737
11-19 05:39:22.364 1499 2319 E DisplayDeviceConfig: requesting nits when no mapping exists.
11-19 05:39:22.365 1499 1645 I am_wtf : [0,1499,system_server,-1,DisplayDeviceConfig,requesting nits when no mapping exists.]
11-19 05:39:22.366 1499 1637 I wm_stop_activity: [0,19758722,com.android.launcher3/.uioverrides.QuickstepLauncher]
11-19 05:39:22.378 1499 2319 E DisplayDeviceConfig: requesting nits when no mapping exists.
11-19 05:39:22.378 1499 1645 I am_wtf : [0,1499,system_server,-1,DisplayDeviceConfig,requesting nits when no mapping exists.]
11-19 05:39:22.379 1499 2319 E DisplayDeviceConfig: requesting nits when no mapping exists.
11-19 05:39:22.379 1499 1645 I am_wtf : [0,1499,system_server,-1,DisplayDeviceConfig,requesting nits when no mapping exists.]
11-19 05:39:22.384 1499 1730 W WindowManager: updateScale0.4617737
11-19 05:39:22.390 2802 2802 I wm_on_stop_called: [19758722,com.android.launcher3.uioverrides.QuickstepLauncher,STOP_ACTIVITY_ITEM]
11-19 05:39:22.394 1499 2319 E DisplayDeviceConfig: requesting nits when no mapping exists.
11-19 05:39:22.395 1499 2319 E DisplayDeviceConfig: requesting nits when no mapping exists.
11-19 05:39:22.395 1499 1645 I am_wtf : [0,1499,system_server,-1,DisplayDeviceConfig,requesting nits when no mapping exists.]
11-19 05:39:22.396 1499 1645 I am_wtf : [0,1499,system_server,-1,DisplayDeviceConfig,requesting nits when no mapping exists.]
11-19 05:39:22.404 7802 7838 W ContextImpl: Calling a method in the system process without a qualified user: android.app.ContextImpl.startService:1816 android.content.ContextWrapper.startService:774 com.thundercomm.gamemode.ingame.services.GameModeActionUtils.startGameModeService:93 com.thundercomm.gamemode.ingame.services.GameModeActionUtils.startGameModeEntry:21 com.thundercomm.gamemode.ingame.services.ActivityMonitoringService$1.onActivityLaunch:127
11-19 05:39:22.407 1499 1499 I GameModeConfig: Current uri is uri = content://com.thundercomm.gamemode.api/gamemode_settings/gamemode_isgaming
11-19 05:39:22.409 1499 1499 I GameModeConfig: isGameModeOn = false
11-19 05:39:22.409 1499 1499 I GameModeConfig: isGameModeOn = false
11-19 05:39:22.409 1499 1499 I GameModeConfig: isDisableVoice = true
11-19 05:39:22.414 1499 2319 E DisplayDeviceConfig: requesting nits when no mapping exists.
11-19 05:39:22.414 1499 2319 E DisplayDeviceConfig: requesting nits when no mapping exists.
11-19 05:39:22.415 1499 1645 I am_wtf : [0,1499,system_server,-1,DisplayDeviceConfig,requesting nits when no mapping exists.]
11-19 05:39:22.415 1499 1645 I am_wtf : [0,1499,system_server,-1,DisplayDeviceConfig,requesting nits when no mapping exists.]
11-19 05:39:22.426 1499 2319 E DisplayDeviceConfig: requesting nits when no mapping exists.
11-19 05:39:22.427 1499 2319 E DisplayDeviceConfig: requesting nits when no mapping exists.
11-19 05:39:22.427 1499 1645 I am_wtf : [0,1499,system_server,-1,DisplayDeviceConfig,requesting nits when no mapping exists.]
11-19 05:39:22.427 1499 1645 I am_wtf : [0,1499,system_server,-1,DisplayDeviceConfig,requesting nits when no mapping exists.]
11-19 05:39:22.441 1499 2319 E DisplayDeviceConfig: requesting nits when no mapping exists.
11-19 05:39:22.441 1499 2319 E DisplayDeviceConfig: requesting nits when no mapping exists.
11-19 05:39:22.441 1499 1645 I am_wtf : [0,1499,system_server,-1,DisplayDeviceConfig,requesting nits when no mapping exists.]
11-19 05:39:22.443 1499 1645 I am_wtf : [0,1499,system_server,-1,DisplayDeviceConfig,requesting nits when no mapping exists.]
11-19 05:39:22.458 1499 2319 E DisplayDeviceConfig: requesting nits when no mapping exists.
11-19 05:39:22.458 1499 1645 I am_wtf : [0,1499,system_server,-1,DisplayDeviceConfig,requesting nits when no mapping exists.]
11-19 05:39:22.458 1499 2319 E DisplayDeviceConfig: requesting nits when no mapping exists.
11-19 05:39:22.459 1499 1645 I am_wtf : [0,1499,system_server,-1,DisplayDeviceConfig,requesting nits when no mapping exists.]
11-19 05:39:22.474 1499 2319 E DisplayDeviceConfig: requesting nits when no mapping exists.
11-19 05:39:22.475 1499 2319 E DisplayDeviceConfig: requesting nits when no mapping exists.
11-19 05:39:22.475 1499 1645 I am_wtf : [0,1499,system_server,-1,DisplayDeviceConfig,requesting nits when no mapping exists.]
11-19 05:39:22.477 1499 1645 I am_wtf : [0,1499,system_server,-1,DisplayDeviceConfig,requesting nits when no mapping exists.]
11-19 05:39:22.491 1499 2319 E DisplayDeviceConfig: requesting nits when no mapping exists.
11-19 05:39:22.492 1499 2319 E DisplayDeviceConfig: requesting nits when no mapping exists.
11-19 05:39:22.492 1499 1645 I am_wtf : [0,1499,system_server,-1,DisplayDeviceConfig,requesting nits when no mapping exists.]
11-19 05:39:22.493 1499 1645 I am_wtf : [0,1499,system_server,-1,DisplayDeviceConfig,requesting nits when no mapping exists.]
11-19 05:39:22.508 1499 2319 E DisplayDeviceConfig: requesting nits when no mapping exists.
11-19 05:39:22.509 1499 2319 E DisplayDeviceConfig: requesting nits when no mapping exists.
11-19 05:39:22.510 1499 1645 I am_wtf : [0,1499,system_server,-1,DisplayDeviceConfig,requesting nits when no mapping exists.]
11-19 05:39:22.511 1499 1645 I am_wtf : [0,1499,system_server,-1,DisplayDeviceConfig,requesting nits when no mapping exists.]
11-19 05:39:22.525 1499 2319 E DisplayDeviceConfig: requesting nits when no mapping exists.
11-19 05:39:22.526 1499 1645 I am_wtf : [0,1499,system_server,-1,DisplayDeviceConfig,requesting nits when no mapping exists.]
11-19 05:39:22.526 1499 2319 E DisplayDeviceConfig: requesting nits when no mapping exists.
11-19 05:39:22.527 1499 1645 I am_wtf : [0,1499,system_server,-1,DisplayDeviceConfig,requesting nits when no mapping exists.]
11-19 05:39:22.541 1499 2319 E DisplayDeviceConfig: requesting nits when no mapping exists.
11-19 05:39:22.542 1499 2319 E DisplayDeviceConfig: requesting nits when no mapping exists.
11-19 05:39:22.542 1499 1645 I am_wtf : [0,1499,system_server,-1,DisplayDeviceConfig,requesting nits when no mapping exists.]
11-19 05:39:22.543 1499 1645 I am_wtf : [0,1499,system_server,-1,DisplayDeviceConfig,requesting nits when no mapping exists.]
11-19 05:39:22.558 1499 2319 E DisplayDeviceConfig: requesting nits when no mapping exists.
11-19 05:39:22.558 1499 1645 I am_wtf : [0,1499,system_server,-1,DisplayDeviceConfig,requesting nits when no mapping exists.]
11-19 05:39:22.559 1499 2319 E DisplayDeviceConfig: requesting nits when no mapping exists.
11-19 05:39:22.561 1499 1645 I am_wtf : [0,1499,system_server,-1,DisplayDeviceConfig,requesting nits when no mapping exists.]
11-19 05:39:22.575 1499 2319 E DisplayDeviceConfig: requesting nits when no mapping exists.
11-19 05:39:22.575 1499 1645 I am_wtf : [0,1499,system_server,-1,DisplayDeviceConfig,requesting nits when no mapping exists.]
11-19 05:39:22.575 1499 2319 E DisplayDeviceConfig: requesting nits when no mapping exists.
11-19 05:39:22.576 1499 1645 I am_wtf : [0,1499,system_server,-1,DisplayDeviceConfig,requesting nits when no mapping exists.]
11-19 05:39:22.591 1499 2319 E DisplayDeviceConfig: requesting nits when no mapping exists.
11-19 05:39:22.593 1499 1645 I am_wtf : [0,1499,system_server,-1,DisplayDeviceConfig,requesting nits when no mapping exists.]
11-19 05:39:22.593 1499 2319 E DisplayDeviceConfig: requesting nits when no mapping exists.
11-19 05:39:22.594 1499 1645 I am_wtf : [0,1499,system_server,-1,DisplayDeviceConfig,requesting nits when no mapping exists.]
11-19 05:39:22.608 1499 2319 E DisplayDeviceConfig: requesting nits when no mapping exists.
11-19 05:39:22.609 1499 2319 E DisplayDeviceConfig: requesting nits when no mapping exists.
11-19 05:39:22.609 1499 1645 I am_wtf : [0,1499,system_server,-1,DisplayDeviceConfig,requesting nits when no mapping exists.]
11-19 05:39:22.610 1499 1645 I am_wtf : [0,1499,system_server,-1,DisplayDeviceConfig,requesting nits when no mapping exists.]
11-19 05:39:22.625 1499 2319 E DisplayDeviceConfig: requesting nits when no mapping exists.
11-19 05:39:22.626 1499 2319 E DisplayDeviceConfig: requesting nits when no mapping exists.
11-19 05:39:22.626 1499 1645 I am_wtf : [0,1499,system_server,-1,DisplayDeviceConfig,requesting nits when no mapping exists.]
11-19 05:39:22.627 1499 1645 I am_wtf : [0,1499,system_server,-1,DisplayDeviceConfig,requesting nits when no mapping exists.]
11-19 05:39:22.642 1499 2319 E DisplayDeviceConfig: requesting nits when no mapping exists.
11-19 05:39:22.642 1499 1645 I am_wtf : [0,1499,system_server,-1,DisplayDeviceConfig,requesting nits when no mapping exists.]
11-19 05:39:22.642 1499 2319 E DisplayDeviceConfig: requesting nits when no mapping exists.
11-19 05:39:22.644 1499 1645 I am_wtf : [0,1499,system_server,-1,DisplayDeviceConfig,requesting nits when no mapping exists.]
11-19 05:39:22.658 1499 2319 E DisplayDeviceConfig: requesting nits when no mapping exists.
11-19 05:39:22.659 1499 2319 E DisplayDeviceConfig: requesting nits when no mapping exists.
11-19 05:39:22.660 1499 1645 I am_wtf : [0,1499,system_server,-1,DisplayDeviceConfig,requesting nits when no mapping exists.]
11-19 05:39:22.662 1499 1645 I am_wtf : [0,1499,system_server,-1,DisplayDeviceConfig,requesting nits when no mapping exists.]
11-19 05:39:22.675 1499 2319 E DisplayDeviceConfig: requesting nits when no mapping exists.
11-19 05:39:22.676 1499 2319 E DisplayDeviceConfig: requesting nits when no mapping exists.
11-19 05:39:22.676 1499 1645 I am_wtf : [0,1499,system_server,-1,DisplayDeviceConfig,requesting nits when no mapping exists.]
11-19 05:39:22.677 1499 1645 I am_wtf : [0,1499,system_server,-1,DisplayDeviceConfig,requesting nits when no mapping exists.]
11-19 05:39:22.691 1499 2319 E DisplayDeviceConfig: requesting nits when no mapping exists.
11-19 05:39:22.692 1499 1645 I am_wtf : [0,1499,system_server,-1,DisplayDeviceConfig,requesting nits when no mapping exists.]
11-19 05:39:22.692 1499 2319 E DisplayDeviceConfig: requesting nits when no mapping exists.
11-19 05:39:22.693 1499 1645 I am_wtf : [0,1499,system_server,-1,DisplayDeviceConfig,requesting nits when no mapping exists.]
11-19 05:39:22.709 1499 2319 E DisplayDeviceConfig: requesting nits when no mapping exists.
11-19 05:39:22.709 1499 2319 E DisplayDeviceConfig: requesting nits when no mapping exists.
11-19 05:39:22.710 1499 1645 I am_wtf : [0,1499,system_server,-1,DisplayDeviceConfig,requesting nits when no mapping exists.]
11-19 05:39:22.711 1499 1645 I service_manager_stats: [100,55,7001]
11-19 05:39:22.711 1499 1645 I am_wtf : [0,1499,system_server,-1,DisplayDeviceConfig,requesting nits when no mapping exists.]
11-19 05:39:22.725 1499 2319 E DisplayDeviceConfig: requesting nits when no mapping exists.
11-19 05:39:22.726 1499 2319 E DisplayDeviceConfig: requesting nits when no mapping exists.
11-19 05:39:22.726 1499 1645 I am_wtf : [0,1499,system_server,-1,DisplayDeviceConfig,requesting nits when no mapping exists.]
11-19 05:39:22.728 1499 1645 I am_wtf : [0,1499,system_server,-1,DisplayDeviceConfig,requesting nits when no mapping exists.]
11-19 05:39:22.742 1499 2319 E DisplayDeviceConfig: requesting nits when no mapping exists.
11-19 05:39:22.743 1499 2319 E DisplayDeviceConfig: requesting nits when no mapping exists.
11-19 05:39:22.743 1499 1645 I am_wtf : [0,1499,system_server,-1,DisplayDeviceConfig,requesting nits when no mapping exists.]
11-19 05:39:22.745 1499 1645 I am_wtf : [0,1499,system_server,-1,DisplayDeviceConfig,requesting nits when no mapping exists.]
11-19 05:39:22.758 1499 2319 E DisplayDeviceConfig: requesting nits when no mapping exists.
11-19 05:39:22.759 1499 2319 E DisplayDeviceConfig: requesting nits when no mapping exists.
11-19 05:39:22.760 1499 1645 I am_wtf : [0,1499,system_server,-1,DisplayDeviceConfig,requesting nits when no mapping exists.]
11-19 05:39:22.761 1499 1645 I am_wtf : [0,1499,system_server,-1,DisplayDeviceConfig,requesting nits when no mapping exists.]
11-19 05:39:22.776 1499 2319 E DisplayDeviceConfig: requesting nits when no mapping exists.
11-19 05:39:22.777 1499 2319 E DisplayDeviceConfig: requesting nits when no mapping exists.
11-19 05:39:22.777 1499 1645 I am_wtf : [0,1499,system_server,-1,DisplayDeviceConfig,requesting nits when no mapping exists.]
11-19 05:39:22.778 1499 1645 I am_wtf : [0,1499,system_server,-1,DisplayDeviceConfig,requesting nits when no mapping exists.]
11-19 05:39:22.792 1499 2319 E DisplayDeviceConfig: requesting nits when no mapping exists.
11-19 05:39:22.792 1499 2319 E DisplayDeviceConfig: requesting nits when no mapping exists.
11-19 05:39:22.792 1499 1645 I am_wtf : [0,1499,system_server,-1,DisplayDeviceConfig,requesting nits when no mapping exists.]
11-19 05:39:22.793 1499 1645 I am_wtf : [0,1499,system_server,-1,DisplayDeviceConfig,requesting nits when no mapping exists.]
11-19 05:39:22.809 1499 2319 E DisplayDeviceConfig: requesting nits when no mapping exists.
11-19 05:39:22.810 1499 1645 I am_wtf : [0,1499,system_server,-1,DisplayDeviceConfig,requesting nits when no mapping exists.]
11-19 05:39:22.811 1499 2319 E DisplayDeviceConfig: requesting nits when no mapping exists.
11-19 05:39:22.811 1499 1645 I am_wtf : [0,1499,system_server,-1,DisplayDeviceConfig,requesting nits when no mapping exists.]
11-19 05:39:22.825 1499 2319 E DisplayDeviceConfig: requesting nits when no mapping exists.
11-19 05:39:22.826 1499 2319 E DisplayDeviceConfig: requesting nits when no mapping exists.
11-19 05:39:22.826 1499 1645 I am_wtf : [0,1499,system_server,-1,DisplayDeviceConfig,requesting nits when no mapping exists.]
11-19 05:39:22.827 1499 1645 I am_wtf : [0,1499,system_server,-1,DisplayDeviceConfig,requesting nits when no mapping exists.]
11-19 05:39:22.842 1499 2319 E DisplayDeviceConfig: requesting nits when no mapping exists.
11-19 05:39:22.843 1499 1645 I am_wtf : [0,1499,system_server,-1,DisplayDeviceConfig,requesting nits when no mapping exists.]
11-19 05:39:22.843 1499 2319 E DisplayDeviceConfig: requesting nits when no mapping exists.
11-19 05:39:22.844 1499 1645 I am_wtf : [0,1499,system_server,-1,DisplayDeviceConfig,requesting nits when no mapping exists.]
11-19 05:39:22.859 1499 2319 E DisplayDeviceConfig: requesting nits when no mapping exists.
11-19 05:39:22.859 1499 2319 E DisplayDeviceConfig: requesting nits when no mapping exists.
11-19 05:39:22.859 1499 1645 I am_wtf : [0,1499,system_server,-1,DisplayDeviceConfig,requesting nits when no mapping exists.]
11-19 05:39:22.860 1499 1645 I am_wtf : [0,1499,system_server,-1,DisplayDeviceConfig,requesting nits when no mapping exists.]
11-19 05:39:22.876 1499 2319 E DisplayDeviceConfig: requesting nits when no mapping exists.
11-19 05:39:22.877 1499 1645 I am_wtf : [0,1499,system_server,-1,DisplayDeviceConfig,requesting nits when no mapping exists.]
11-19 05:39:22.877 1499 2319 E DisplayDeviceConfig: requesting nits when no mapping exists.
11-19 05:39:22.878 1499 1645 I am_wtf : [0,1499,system_server,-1,DisplayDeviceConfig,requesting nits when no mapping exists.]
11-19 05:39:22.892 1499 2319 E DisplayDeviceConfig: requesting nits when no mapping exists.
11-19 05:39:22.892 1499 1645 I am_wtf : [0,1499,system_server,-1,DisplayDeviceConfig,requesting nits when no mapping exists.]
11-19 05:39:22.893 1499 2319 E DisplayDeviceConfig: requesting nits when no mapping exists.
11-19 05:39:22.894 1499 1645 I am_wtf : [0,1499,system_server,-1,DisplayDeviceConfig,requesting nits when no mapping exists.]
11-19 05:39:22.910 1499 2319 E DisplayDeviceConfig: requesting nits when no mapping exists.
11-19 05:39:22.910 1499 2319 E DisplayDeviceConfig: requesting nits when no mapping exists.
11-19 05:39:22.911 1499 1645 I am_wtf : [0,1499,system_server,-1,DisplayDeviceConfig,requesting nits when no mapping exists.]
11-19 05:39:22.912 1499 1645 I am_wtf : [0,1499,system_server,-1,DisplayDeviceConfig,requesting nits when no mapping exists.]
11-19 05:39:22.925 1499 2319 E DisplayDeviceConfig: requesting nits when no mapping exists.
11-19 05:39:22.926 1499 1645 I am_wtf : [0,1499,system_server,-1,DisplayDeviceConfig,requesting nits when no mapping exists.]
11-19 05:39:22.927 1499 2319 E DisplayDeviceConfig: requesting nits when no mapping exists.
11-19 05:39:22.927 1499 1645 I am_wtf : [0,1499,system_server,-1,DisplayDeviceConfig,requesting nits when no mapping exists.]
11-19 05:39:22.943 1499 2319 E DisplayDeviceConfig: requesting nits when no mapping exists.
11-19 05:39:22.945 1499 1645 I am_wtf : [0,1499,system_server,-1,DisplayDeviceConfig,requesting nits when no mapping exists.]
11-19 05:39:22.945 1499 2319 E DisplayDeviceConfig: requesting nits when no mapping exists.
11-19 05:39:22.946 1499 1645 I am_wtf : [0,1499,system_server,-1,DisplayDeviceConfig,requesting nits when no mapping exists.]
11-19 05:39:22.962 1499 2319 E DisplayDeviceConfig: requesting nits when no mapping exists.
11-19 05:39:22.963 1499 1645 I am_wtf : [0,1499,system_server,-1,DisplayDeviceConfig,requesting nits when no mapping exists.]
11-19 05:39:22.965 1499 2319 E DisplayDeviceConfig: requesting nits when no mapping exists.
11-19 05:39:22.966 1499 1645 I am_wtf : [0,1499,system_server,-1,DisplayDeviceConfig,requesting nits when no mapping exists.]
11-19 05:39:22.978 1499 2319 E DisplayDeviceConfig: requesting nits when no mapping exists.
11-19 05:39:22.980 1499 2319 E DisplayDeviceConfig: requesting nits when no mapping exists.
11-19 05:39:22.980 1499 1645 I am_wtf : [0,1499,system_server,-1,DisplayDeviceConfig,requesting nits when no mapping exists.]
11-19 05:39:22.981 1499 1645 I am_wtf : [0,1499,system_server,-1,DisplayDeviceConfig,requesting nits when no mapping exists.]
11-19 05:39:23.001 1499 2319 E DisplayDeviceConfig: requesting nits when no mapping exists.
11-19 05:39:23.002 1499 1645 I am_wtf : [0,1499,system_server,-1,DisplayDeviceConfig,requesting nits when no mapping exists.]
11-19 05:39:23.003 1499 2319 E DisplayDeviceConfig: requesting nits when no mapping exists.
11-19 05:39:23.004 1499 1645 I am_wtf : [0,1499,system_server,-1,DisplayDeviceConfig,requesting nits when no mapping exists.]
11-19 05:39:23.019 1499 2319 E DisplayDeviceConfig: requesting nits when no mapping exists.
11-19 05:39:23.019 1499 1645 I am_wtf : [0,1499,system_server,-1,DisplayDeviceConfig,requesting nits when no mapping exists.]
11-19 05:39:23.019 1499 2319 E DisplayDeviceConfig: requesting nits when no mapping exists.
11-19 05:39:23.021 1499 1645 I am_wtf : [0,1499,system_server,-1,DisplayDeviceConfig,requesting nits when no mapping exists.]
