11-19 05:32:35.131 0 0 I auditd : type=1400 audit(0.0:13472): avc: denied { kill } for comm="swapper/3" capability=5 scontext=u:r:kernel:s0 tcontext=u:r:kernel:s0 tclass=capability permissive=0
11-19 05:32:36.131 0 0 I auditd : type=1400 audit(0.0:13473): avc: denied { kill } for comm="swapper/3" capability=5 scontext=u:r:kernel:s0 tcontext=u:r:kernel:s0 tclass=capability permissive=0
11-19 05:32:37.131 0 0 I auditd : type=1400 audit(0.0:13474): avc: denied { kill } for comm="swapper/3" capability=5 scontext=u:r:kernel:s0 tcontext=u:r:kernel:s0 tclass=capability permissive=0
11-19 05:32:38.131 0 0 I auditd : type=1400 audit(0.0:13475): avc: denied { kill } for comm="swapper/3" capability=5 scontext=u:r:kernel:s0 tcontext=u:r:kernel:s0 tclass=capability permissive=0
11-19 05:32:39.131 0 0 I auditd : type=1400 audit(0.0:13476): avc: denied { kill } for comm="swapper/3" capability=5 scontext=u:r:kernel:s0 tcontext=u:r:kernel:s0 tclass=capability permissive=0
11-19 05:32:40.131 0 0 I auditd : type=1400 audit(0.0:13477): avc: denied { kill } for comm="swapper/3" capability=5 scontext=u:r:kernel:s0 tcontext=u:r:kernel:s0 tclass=capability permissive=0
11-19 05:32:41.131 0 0 I auditd : type=1400 audit(0.0:13478): avc: denied { kill } for comm="swapper/3" capability=5 scontext=u:r:kernel:s0 tcontext=u:r:kernel:s0 tclass=capability permissive=0
11-19 05:32:42.131 0 0 I auditd : type=1400 audit(0.0:13479): avc: denied { kill } for comm="swapper/3" capability=5 scontext=u:r:kernel:s0 tcontext=u:r:kernel:s0 tclass=capability permissive=0
11-19 05:32:43.131 0 0 I auditd : type=1400 audit(0.0:13480): avc: denied { kill } for comm="swapper/3" capability=5 scontext=u:r:kernel:s0 tcontext=u:r:kernel:s0 tclass=capability permissive=0
11-19 05:32:44.131 0 0 I auditd : type=1400 audit(0.0:13481): avc: denied { kill } for comm="swapper/3" capability=5 scontext=u:r:kernel:s0 tcontext=u:r:kernel:s0 tclass=capability permissive=0
11-19 05:32:45.131 0 0 I auditd : type=1400 audit(0.0:13482): avc: denied { kill } for comm="swapper/3" capability=5 scontext=u:r:kernel:s0 tcontext=u:r:kernel:s0 tclass=capability permissive=0
11-19 05:32:46.131 0 0 I auditd : type=1400 audit(0.0:13483): avc: denied { kill } for comm="swapper/3" capability=5 scontext=u:r:kernel:s0 tcontext=u:r:kernel:s0 tclass=capability permissive=0
11-19 05:32:47.131 0 0 I auditd : type=1400 audit(0.0:13484): avc: denied { kill } for comm="swapper/3" capability=5 scontext=u:r:kernel:s0 tcontext=u:r:kernel:s0 tclass=capability permissive=0
11-19 05:32:48.131 0 0 I auditd : type=1400 audit(0.0:13485): avc: denied { kill } for comm="swapper/3" capability=5 scontext=u:r:kernel:s0 tcontext=u:r:kernel:s0 tclass=capability permissive=0
11-19 05:32:49.131 0 0 I auditd : type=1400 audit(0.0:13486): avc: denied { kill } for comm="swapper/3" capability=5 scontext=u:r:kernel:s0 tcontext=u:r:kernel:s0 tclass=capability permissive=0
11-19 05:32:50.131 0 0 I auditd : type=1400 audit(0.0:13487): avc: denied { kill } for comm="swapper/3" capability=5 scontext=u:r:kernel:s0 tcontext=u:r:kernel:s0 tclass=capability permissive=0
11-19 05:32:51.131 0 0 I auditd : type=1400 audit(0.0:13488): avc: denied { kill } for comm="swapper/3" capability=5 scontext=u:r:kernel:s0 tcontext=u:r:kernel:s0 tclass=capability permissive=0
11-19 05:32:52.131 0 0 I auditd : type=1400 audit(0.0:13489): avc: denied { kill } for comm="swapper/3" capability=5 scontext=u:r:kernel:s0 tcontext=u:r:kernel:s0 tclass=capability permissive=0
11-19 05:32:53.131 0 0 I auditd : type=1400 audit(0.0:13490): avc: denied { kill } for comm="swapper/3" capability=5 scontext=u:r:kernel:s0 tcontext=u:r:kernel:s0 tclass=capability permissive=0
11-19 05:32:54.131 0 0 I auditd : type=1400 audit(0.0:13491): avc: denied { kill } for comm="swapper/3" capability=5 scontext=u:r:kernel:s0 tcontext=u:r:kernel:s0 tclass=capability permissive=0
11-19 05:32:55.131 0 0 I auditd : type=1400 audit(0.0:13492): avc: denied { kill } for comm="swapper/3" capability=5 scontext=u:r:kernel:s0 tcontext=u:r:kernel:s0 tclass=capability permissive=0
11-19 05:32:56.131 0 0 I auditd : type=1400 audit(0.0:13493): avc: denied { kill } for comm="swapper/3" capability=5 scontext=u:r:kernel:s0 tcontext=u:r:kernel:s0 tclass=capability permissive=0
11-19 05:32:59.131 0 0 I auditd : type=1400 audit(0.0:13494): avc: denied { kill } for comm="swapper/3" capability=5 scontext=u:r:kernel:s0 tcontext=u:r:kernel:s0 tclass=capability permissive=0
11-19 05:33:00.131 0 0 I auditd : type=1400 audit(0.0:13495): avc: denied { kill } for comm="swapper/3" capability=5 scontext=u:r:kernel:s0 tcontext=u:r:kernel:s0 tclass=capability permissive=0
11-19 05:33:01.131 0 0 I auditd : type=1400 audit(0.0:13496): avc: denied { kill } for comm="swapper/3" capability=5 scontext=u:r:kernel:s0 tcontext=u:r:kernel:s0 tclass=capability permissive=0
11-19 05:33:02.131 0 0 I auditd : type=1400 audit(0.0:13497): avc: denied { kill } for comm="swapper/3" capability=5 scontext=u:r:kernel:s0 tcontext=u:r:kernel:s0 tclass=capability permissive=0
11-19 05:33:03.131 0 0 I auditd : type=1400 audit(0.0:13498): avc: denied { kill } for comm="swapper/3" capability=5 scontext=u:r:kernel:s0 tcontext=u:r:kernel:s0 tclass=capability permissive=0
11-19 05:33:04.131 0 0 I auditd : type=1400 audit(0.0:13499): avc: denied { kill } for comm="swapper/3" capability=5 scontext=u:r:kernel:s0 tcontext=u:r:kernel:s0 tclass=capability permissive=0
11-19 05:33:05.131 0 0 I auditd : type=1400 audit(0.0:13500): avc: denied { kill } for comm="swapper/3" capability=5 scontext=u:r:kernel:s0 tcontext=u:r:kernel:s0 tclass=capability permissive=0
11-19 05:33:06.131 0 0 I auditd : type=1400 audit(0.0:13501): avc: denied { kill } for comm="swapper/3" capability=5 scontext=u:r:kernel:s0 tcontext=u:r:kernel:s0 tclass=capability permissive=0
11-19 05:33:07.131 0 0 I auditd : type=1400 audit(0.0:13502): avc: denied { kill } for comm="swapper/3" capability=5 scontext=u:r:kernel:s0 tcontext=u:r:kernel:s0 tclass=capability permissive=0
11-19 05:33:08.131 0 0 I auditd : type=1400 audit(0.0:13503): avc: denied { kill } for comm="swapper/3" capability=5 scontext=u:r:kernel:s0 tcontext=u:r:kernel:s0 tclass=capability permissive=0
11-19 05:33:09.131 0 0 I auditd : type=1400 audit(0.0:13504): avc: denied { kill } for comm="swapper/3" capability=5 scontext=u:r:kernel:s0 tcontext=u:r:kernel:s0 tclass=capability permissive=0
11-19 05:33:10.131 0 0 I auditd : type=1400 audit(0.0:13505): avc: denied { kill } for comm="swapper/3" capability=5 scontext=u:r:kernel:s0 tcontext=u:r:kernel:s0 tclass=capability permissive=0
11-19 05:33:11.131 0 0 I auditd : type=1400 audit(0.0:13506): avc: denied { kill } for comm="swapper/3" capability=5 scontext=u:r:kernel:s0 tcontext=u:r:kernel:s0 tclass=capability permissive=0
11-19 05:33:12.131 0 0 I auditd : type=1400 audit(0.0:13507): avc: denied { kill } for comm="swapper/3" capability=5 scontext=u:r:kernel:s0 tcontext=u:r:kernel:s0 tclass=capability permissive=0
11-19 05:33:13.131 0 0 I auditd : type=1400 audit(0.0:13508): avc: denied { kill } for comm="swapper/3" capability=5 scontext=u:r:kernel:s0 tcontext=u:r:kernel:s0 tclass=capability permissive=0
11-19 05:33:14.131 0 0 I auditd : type=1400 audit(0.0:13509): avc: denied { kill } for comm="swapper/3" capability=5 scontext=u:r:kernel:s0 tcontext=u:r:kernel:s0 tclass=capability permissive=0
11-19 05:33:15.131 0 0 I auditd : type=1400 audit(0.0:13510): avc: denied { kill } for comm="swapper/3" capability=5 scontext=u:r:kernel:s0 tcontext=u:r:kernel:s0 tclass=capability permissive=0
11-19 05:33:15.331 1499 1645 I am_uid_idle: 10063
11-19 05:33:16.131 0 0 I auditd : type=1400 audit(0.0:13511): avc: denied { kill } for comm="swapper/3" capability=5 scontext=u:r:kernel:s0 tcontext=u:r:kernel:s0 tclass=capability permissive=0
11-19 05:33:17.131 0 0 I auditd : type=1400 audit(0.0:13512): avc: denied { kill } for comm="swapper/3" capability=5 scontext=u:r:kernel:s0 tcontext=u:r:kernel:s0 tclass=capability permissive=0
11-19 05:33:18.131 0 0 I auditd : type=1400 audit(0.0:13513): avc: denied { kill } for comm="swapper/3" capability=5 scontext=u:r:kernel:s0 tcontext=u:r:kernel:s0 tclass=capability permissive=0
11-19 05:33:19.131 0 0 I auditd : type=1400 audit(0.0:13514): avc: denied { kill } for comm="swapper/3" capability=5 scontext=u:r:kernel:s0 tcontext=u:r:kernel:s0 tclass=capability permissive=0
11-19 05:33:20.131 0 0 I auditd : type=1400 audit(0.0:13515): avc: denied { kill } for comm="swapper/3" capability=5 scontext=u:r:kernel:s0 tcontext=u:r:kernel:s0 tclass=capability permissive=0
11-19 05:33:21.131 0 0 I auditd : type=1400 audit(0.0:13516): avc: denied { kill } for comm="swapper/3" capability=5 scontext=u:r:kernel:s0 tcontext=u:r:kernel:s0 tclass=capability permissive=0
11-19 05:33:21.983 1499 1645 I am_uid_idle: 10064
11-19 05:33:22.131 0 0 I auditd : type=1400 audit(0.0:13517): avc: denied { kill } for comm="swapper/3" capability=5 scontext=u:r:kernel:s0 tcontext=u:r:kernel:s0 tclass=capability permissive=0
11-19 05:33:23.131 0 0 I auditd : type=1400 audit(0.0:13518): avc: denied { kill } for comm="swapper/3" capability=5 scontext=u:r:kernel:s0 tcontext=u:r:kernel:s0 tclass=capability permissive=0
11-19 05:33:24.131 0 0 I auditd : type=1400 audit(0.0:13519): avc: denied { kill } for comm="swapper/3" capability=5 scontext=u:r:kernel:s0 tcontext=u:r:kernel:s0 tclass=capability permissive=0
11-19 05:33:25.131 0 0 I auditd : type=1400 audit(0.0:13520): avc: denied { kill } for comm="swapper/3" capability=5 scontext=u:r:kernel:s0 tcontext=u:r:kernel:s0 tclass=capability permissive=0
11-19 05:33:26.131 0 0 I auditd : type=1400 audit(0.0:13521): avc: denied { kill } for comm="swapper/3" capability=5 scontext=u:r:kernel:s0 tcontext=u:r:kernel:s0 tclass=capability permissive=0
11-19 05:33:27.131 0 0 I auditd : type=1400 audit(0.0:13522): avc: denied { kill } for comm="swapper/3" capability=5 scontext=u:r:kernel:s0 tcontext=u:r:kernel:s0 tclass=capability permissive=0
11-19 05:33:28.131 0 0 I auditd : type=1400 audit(0.0:13523): avc: denied { kill } for comm="swapper/3" capability=5 scontext=u:r:kernel:s0 tcontext=u:r:kernel:s0 tclass=capability permissive=0
11-19 05:33:29.131 0 0 I auditd : type=1400 audit(0.0:13524): avc: denied { kill } for comm="swapper/3" capability=5 scontext=u:r:kernel:s0 tcontext=u:r:kernel:s0 tclass=capability permissive=0
11-19 05:33:30.131 0 0 I auditd : type=1400 audit(0.0:13525): avc: denied { kill } for comm="swapper/3" capability=5 scontext=u:r:kernel:s0 tcontext=u:r:kernel:s0 tclass=capability permissive=0
11-19 05:33:31.131 0 0 I auditd : type=1400 audit(0.0:13526): avc: denied { kill } for comm="swapper/3" capability=5 scontext=u:r:kernel:s0 tcontext=u:r:kernel:s0 tclass=capability permissive=0
11-19 05:33:31.765 1499 1831 I input_interaction: Interaction with: c396154 com.thundercomm.screensaver/android.service.dreams.DreamActivity (server), edge-swipe (server), swipe-up (server), PointerEventDispatcher0 (server),
11-19 05:33:31.768 1499 1729 I wm_finish_activity: [0,167272858,74,com.thundercomm.screensaver/android.service.dreams.DreamActivity,finish-activity]
11-19 05:33:31.768 1499 1729 I wm_task_moved: [73,1,6]
11-19 05:33:31.768 1499 1729 I wm_task_to_front: [0,73]
11-19 05:33:31.770 1499 1729 I wm_focused_root_task: [0,0,73,74,finish-top adjustFocusToNextFocusableTask]
11-19 05:33:31.771 1499 1729 I wm_pause_activity: [0,167272858,com.thundercomm.screensaver/android.service.dreams.DreamActivity,userLeaving=false,finish]
11-19 05:33:31.781 1499 1637 I sysui_multi_action: [757,803,799,window_time_0,802,137]
11-19 05:33:31.782 1499 1729 I DreamManagerService: Gently waking up from dream.
11-19 05:33:31.783 1499 1634 I DreamManagerService: Performing gentle wake from dream.
11-19 05:33:31.783 4805 4805 I wm_on_top_resumed_lost_called: [167272858,android.service.dreams.DreamActivity,topStateChangedWhenResumed]
11-19 05:33:31.784 4805 4805 I wm_on_paused_called: [167272858,android.service.dreams.DreamActivity,performPause]
11-19 05:33:31.787 1499 1729 I wm_add_to_stopping: [0,167272858,com.thundercomm.screensaver/android.service.dreams.DreamActivity,completeFinishing]
11-19 05:33:31.789 1499 1729 I ActivityTaskManager: FOREGROUND_APPLICATION_CHANGED to com.android.permissioncontroller.permission.ui.GrantPermissionsActivity
11-19 05:33:31.790 1499 1729 I ActivityTaskManager: The Process com.android.permissioncontroller Already Exists in BG. So sending its PID: 14043
11-19 05:33:31.791 1499 1729 W ActivityTaskManager: Tried to set launchTime (0) < mLastActivityLaunchTime (15152987)
11-19 05:33:31.793 1499 1729 I wm_restart_activity: [0,130972523,73,com.android.permissioncontroller/.permission.ui.GrantPermissionsActivity]
11-19 05:33:31.796 1499 1729 I wm_set_resumed_activity: [0,com.android.permissioncontroller/.permission.ui.GrantPermissionsActivity,minimalResumeActivityLocked]
11-19 05:33:31.802 1499 1637 I am_uid_active: 10094
11-19 05:33:31.810 1499 1637 I am_uid_active: 10063
11-19 05:33:31.813 1499 1637 I sysui_multi_action: [757,803,799,window_time_0,802,0]
11-19 05:33:31.819 1499 1831 I input_focus: [Focus leaving c396154 com.thundercomm.screensaver/android.service.dreams.DreamActivity (server),reason=NO_WINDOW]
11-19 05:33:31.819 4805 4805 I view_enqueue_input_event: [Motion - Cancel,com.thundercomm.screensaver/android.service.dreams.DreamActivity]
11-19 05:33:31.822 14023 14023 I wm_on_restart_called: [210437317,com.android.deskclock.DeskClock,performRestartActivity]
11-19 05:33:31.822 7802 7838 W ContextImpl: Calling a method in the system process without a qualified user: android.app.ContextImpl.startService:1816 android.content.ContextWrapper.startService:774 com.thundercomm.gamemode.ingame.services.GameModeActionUtils.startGameModeService:93 com.thundercomm.gamemode.ingame.services.GameModeActionUtils.startGameModeEntry:21 com.thundercomm.gamemode.ingame.services.ActivityMonitoringService$1.onActivityLaunch:127
11-19 05:33:31.834 1499 1499 I GameModeConfig: Current uri is uri = content://com.thundercomm.gamemode.api/gamemode_settings/gamemode_isgaming
11-19 05:33:31.834 1499 1499 I am_uid_active: 10064
11-19 05:33:31.837 1499 1499 I GameModeConfig: isGameModeOn = false
11-19 05:33:31.837 1499 1499 I GameModeConfig: isGameModeOn = false
11-19 05:33:31.837 1499 1499 I GameModeConfig: isDisableVoice = true
11-19 05:33:31.836 14023 14023 I wm_on_start_called: [210437317,com.android.deskclock.DeskClock,handleStartActivity]
11-19 05:33:31.838 7802 7838 W ContextImpl: Calling a method in the system process without a qualified user: android.app.ContextImpl.startService:1816 android.content.ContextWrapper.startService:774 com.thundercomm.gamemode.ingame.services.GameModeActionUtils.startGameModeService:93 com.thundercomm.gamemode.ingame.services.GameModeActionUtils.startGameModeEntry:21 com.thundercomm.gamemode.ingame.services.ActivityMonitoringService$1.onActivityLaunch:127
11-19 05:33:31.841 14043 14043 I wm_on_create_called: [130972523,com.android.permissioncontroller.permission.ui.GrantPermissionsActivity,performCreate]
11-19 05:33:31.842 14043 14043 I wm_on_start_called: [130972523,com.android.permissioncontroller.permission.ui.GrantPermissionsActivity,handleStartActivity]
11-19 05:33:31.842 14043 14043 I wm_on_resume_called: [130972523,com.android.permissioncontroller.permission.ui.GrantPermissionsActivity,RESUME_ACTIVITY]
11-19 05:33:31.844 1499 1499 I GameModeConfig: Current uri is uri = content://com.thundercomm.gamemode.api/gamemode_settings/gamemode_isgaming
11-19 05:33:31.845 1499 1499 I GameModeConfig: isGameModeOn = false
11-19 05:33:31.846 1499 1499 I GameModeConfig: isGameModeOn = false
11-19 05:33:31.846 1499 1499 I GameModeConfig: isDisableVoice = true
11-19 05:33:31.847 14043 14043 I wm_on_top_resumed_gained_called: [130972523,com.android.permissioncontroller.permission.ui.GrantPermissionsActivity,topStateChangedWhenResumed]
11-19 05:33:31.857 1499 1638 I input_focus: [Focus request 930db15 com.android.permissioncontroller/com.android.permissioncontroller.permission.ui.GrantPermissionsActivity,reason=UpdateInputWindows]
11-19 05:33:31.862 1499 5517 I wm_finish_activity: [0,130972523,73,com.android.permissioncontroller/.permission.ui.GrantPermissionsActivity,app-request]
11-19 05:33:31.863 1499 5517 I wm_pause_activity: [0,130972523,com.android.permissioncontroller/.permission.ui.GrantPermissionsActivity,userLeaving=false,finish]
11-19 05:33:31.863 1499 1663 I PowerManagerService: Powering on display group fromDreaming (groupId=0, uid=1000, reason=WAKE_REASON_UNKNOWN, details=android.server.power:DREAM_FINISHED)...
11-19 05:33:31.863 1499 1663 I PowerManagerService: Waking up from Dreaming (uid=1000, reason=WAKE_REASON_UNKNOWN, details=android.server.power:DREAM_FINISHED)...
11-19 05:33:31.869 14043 14043 I wm_on_top_resumed_lost_called: [130972523,com.android.permissioncontroller.permission.ui.GrantPermissionsActivity,topStateChangedWhenResumed]
11-19 05:33:31.870 14043 14043 I wm_on_paused_called: [130972523,com.android.permissioncontroller.permission.ui.GrantPermissionsActivity,performPause]
11-19 05:33:31.870 1499 1729 I wm_add_to_stopping: [0,130972523,com.android.permissioncontroller/.permission.ui.GrantPermissionsActivity,completeFinishing]
11-19 05:33:31.871 1499 1729 I ActivityTaskManager: FOREGROUND_APPLICATION_CHANGED to com.android.deskclock.DeskClock
11-19 05:33:31.873 1499 1729 I wm_set_resumed_activity: [0,com.android.deskclock/.DeskClock,resumeTopActivityInnerLocked]
11-19 05:33:31.874 1499 1729 I wm_resume_activity: [0,210437317,73,com.android.deskclock/.DeskClock]
11-19 05:33:31.878 1499 1638 I input_focus: [Focus request b0721e6 com.android.deskclock/com.android.deskclock.DeskClock,reason=UpdateInputWindows]
11-19 05:33:31.878 1499 1637 I sysui_multi_action: [757,803,799,window_time_0,802,0]
11-19 05:33:31.891 14023 14023 I wm_on_activity_result_called: [210437317,com.android.deskclock.DeskClock,ACTIVITY_RESULT]
11-19 05:33:31.893 14023 14023 I wm_on_resume_called: [210437317,com.android.deskclock.DeskClock,RESUME_ACTIVITY]
11-19 05:33:31.897 14023 14023 I wm_on_top_resumed_gained_called: [210437317,com.android.deskclock.DeskClock,topWhenResuming]
11-19 05:33:31.903 1499 1831 I input_focus: [Focus entering b0721e6 com.android.deskclock/com.android.deskclock.DeskClock (server),reason=Window became focusable. Previous reason: NOT_VISIBLE]
11-19 05:33:31.988 7802 7838 W ContextImpl: Calling a method in the system process without a qualified user: android.app.ContextImpl.startService:1816 android.content.ContextWrapper.startService:774 com.thundercomm.gamemode.ingame.services.GameModeActionUtils.startGameModeService:93 com.thundercomm.gamemode.ingame.services.GameModeActionUtils.startGameModeEntry:21 com.thundercomm.gamemode.ingame.services.ActivityMonitoringService$1.onActivityLaunch:127
11-19 05:33:31.994 1499 1499 I GameModeConfig: Current uri is uri = content://com.thundercomm.gamemode.api/gamemode_settings/gamemode_isgaming
11-19 05:33:31.995 1499 1499 I GameModeConfig: isGameModeOn = false
11-19 05:33:31.996 1499 1499 I GameModeConfig: isGameModeOn = false
11-19 05:33:31.996 1499 1499 I GameModeConfig: isDisableVoice = true
11-19 05:33:32.409 1499 1637 I wm_destroy_activity: [0,130972523,73,com.android.permissioncontroller/.permission.ui.GrantPermissionsActivity,finish-imm:idle]
11-19 05:33:32.410 1499 1637 I wm_destroy_activity: [0,167272858,74,com.thundercomm.screensaver/android.service.dreams.DreamActivity,finish-imm:idle]
11-19 05:33:32.411 14043 14043 I wm_on_stop_called: [130972523,com.android.permissioncontroller.permission.ui.GrantPermissionsActivity,LIFECYCLER_STOP_ACTIVITY]
11-19 05:33:32.414 14043 14043 I wm_on_destroy_called: [130972523,com.android.permissioncontroller.permission.ui.GrantPermissionsActivity,performDestroy]
11-19 05:33:32.426 7802 7838 W ContextImpl: Calling a method in the system process without a qualified user: android.app.ContextImpl.startService:1816 android.content.ContextWrapper.startService:774 com.thundercomm.gamemode.ingame.services.GameModeActionUtils.startGameModeService:93 com.thundercomm.gamemode.ingame.services.GameModeActionUtils.startGameModeEntry:21 com.thundercomm.gamemode.ingame.services.ActivityMonitoringService$1.onActivityLaunch:127
11-19 05:33:32.428 4805 4805 I wm_on_stop_called: [167272858,android.service.dreams.DreamActivity,LIFECYCLER_STOP_ACTIVITY]
11-19 05:33:32.428 4805 4805 I wm_on_destroy_called: [167272858,android.service.dreams.DreamActivity,performDestroy]
11-19 05:33:32.432 1499 1499 I GameModeConfig: Current uri is uri = content://com.thundercomm.gamemode.api/gamemode_settings/gamemode_isgaming
11-19 05:33:32.434 1499 1614 I DreamManagerService: Leaving dreamland.
11-19 05:33:32.435 1499 1499 I GameModeConfig: isGameModeOn = false
11-19 05:33:32.435 1499 1499 I GameModeConfig: isGameModeOn = false
11-19 05:33:32.435 1499 1499 I GameModeConfig: isDisableVoice = true
11-19 05:33:32.437 1499 1634 I DreamManagerService: Performing gentle wake from dream.
11-19 05:33:32.437 1499 1634 I DreamController: Stopping dream: name=ComponentInfo{com.thundercomm.screensaver/com.thundercomm.saverclock.service.ClockScreensaver}, isTest=false, canDoze=false, userId=0, reason='finished self'(from 'finished self')
11-19 05:33:32.437 1499 1634 I sysui_multi_action: [757,222,758,2]
11-19 05:33:32.437 1499 1634 I sysui_multi_action: [757,804,799,dreaming_minutes,801,1,802,1]
11-19 05:33:32.451 1499 1614 I wm_task_removed: [74,removeChild:removeChild last r=ActivityRecord{9f8619a u0 com.thundercomm.screensaver/android.service.dreams.DreamActivity t-1 f}} in t=Task{2445b6d #74 type=dream A=10050:android:com.thundercomm.screensaver/dream U=0 visible=false mode=fullscreen translucent=true sz=0}]
11-19 05:33:32.451 1499 1614 I wm_task_removed: [74,removeChild]
11-19 05:33:32.452 7802 7838 W ContextImpl: Calling a method in the system process without a qualified user: android.app.ContextImpl.startService:1816 android.content.ContextWrapper.startService:774 com.thundercomm.gamemode.ingame.services.GameModeActionUtils.startGameModeService:93 com.thundercomm.gamemode.ingame.services.GameModeActionUtils.startGameModeEntry:21 com.thundercomm.gamemode.ingame.services.ActivityMonitoringService$1.onActivityLaunch:127
11-19 05:33:32.455 1499 1499 I GameModeConfig: Current uri is uri = content://com.thundercomm.gamemode.api/gamemode_settings/gamemode_isgaming
11-19 05:33:32.456 1499 1499 I GameModeConfig: isGameModeOn = false
11-19 05:33:32.457 1499 1499 I GameModeConfig: isGameModeOn = false
11-19 05:33:32.457 1499 1499 I GameModeConfig: isDisableVoice = true
11-19 05:33:32.458 1499 1638 W ActivityTaskManager: Can't find TaskDisplayArea to determine support for multi window. Task id=74 attached=false
11-19 05:33:32.740 1499 1831 I input_interaction: Interaction with: b0721e6 com.android.deskclock/com.android.deskclock.DeskClock (server), edge-swipe (server), swipe-up (server), PointerEventDispatcher0 (server),
11-19 05:33:32.756 1499 1614 I wm_task_moved: [1,0,0]
11-19 05:33:32.756 1499 1614 I wm_task_moved: [1,0,5]
11-19 05:33:32.768 2802 2802 I wm_on_restart_called: [19758722,com.android.launcher3.uioverrides.QuickstepLauncher,performRestartActivity]
11-19 05:33:32.782 7802 7838 W ContextImpl: Calling a method in the system process without a qualified user: android.app.ContextImpl.startService:1816 android.content.ContextWrapper.startService:774 com.thundercomm.gamemode.ingame.services.GameModeActionUtils.startGameModeService:93 com.thundercomm.gamemode.ingame.services.GameModeActionUtils.startGameModeEntry:21 com.thundercomm.gamemode.ingame.services.ActivityMonitoringService$1.onActivityLaunch:127
11-19 05:33:32.787 1499 1499 I GameModeConfig: Current uri is uri = content://com.thundercomm.gamemode.api/gamemode_settings/gamemode_isgaming
11-19 05:33:32.788 2802 2802 I wm_on_start_called: [19758722,com.android.launcher3.uioverrides.QuickstepLauncher,handleStartActivity]
11-19 05:33:32.790 1499 1499 I GameModeConfig: isGameModeOn = false
11-19 05:33:32.790 1499 1499 I GameModeConfig: isGameModeOn = false
11-19 05:33:32.790 1499 1499 I GameModeConfig: isDisableVoice = true
11-19 05:33:32.811 1499 1634 I sysui_multi_action: [319,11,322,48,325,15292,757,761,758,9,759,5,806,com.android.launcher3,871,com.android.launcher3.uioverrides.QuickstepLauncher,905,0,1320,8,1321,5]
11-19 05:33:32.864 14023 14023 I view_enqueue_input_event: [Motion - Cancel,com.android.deskclock/com.android.deskclock.DeskClock]
11-19 05:33:32.866 2802 2802 I sysui_latency: [1,57]
11-19 05:33:32.871 1499 1638 I input_focus: [Focus request recents_animation_input_consumer,reason=UpdateInputWindows]
11-19 05:33:32.874 1499 1831 I input_interaction: Interaction with: edge-swipe (server), swipe-up (server), PointerEventDispatcher0 (server),
11-19 05:33:32.892 1499 1831 I input_focus: [Focus leaving b0721e6 com.android.deskclock/com.android.deskclock.DeskClock (server),reason=NOT_FOCUSABLE]
11-19 05:33:32.893 1499 1831 I input_focus: [Focus entering recents_animation_input_consumer (server),reason=setFocusedWindow]
11-19 05:33:32.999 1499 1759 I commit_sys_config_file: [settings-1-0,11]
11-19 05:33:33.106 1499 1644 I sysui_latency: [8,59]
11-19 05:33:33.767 1499 1759 I commit_sys_config_file: [settings-1-0,4]
11-19 05:33:34.131 0 0 I auditd : type=1400 audit(0.0:13527): avc: denied { kill } for comm="swapper/3" capability=5 scontext=u:r:kernel:s0 tcontext=u:r:kernel:s0 tclass=capability permissive=0
11-19 05:33:34.199 1499 1831 I input_interaction: Interaction with: 632f7bf com.android.launcher3/com.android.launcher3.uioverrides.QuickstepLauncher (server), edge-swipe (server), swipe-up (server), PointerEventDispatcher0 (server),
11-19 05:33:34.614 1499 4942 I wm_task_moved: [1,1,6]
11-19 05:33:34.619 1499 4942 I wm_focused_root_task: [0,0,1,73,RecentsAnimation.onAnimationFinished()]
11-19 05:33:34.620 14023 14023 I wm_on_top_resumed_lost_called: [210437317,com.android.deskclock.DeskClock,topStateChangedWhenResumed]
11-19 05:33:34.622 1499 4942 I wm_pause_activity: [0,210437317,com.android.deskclock/.DeskClock,userLeaving=false,pauseBackTasks]
11-19 05:33:34.625 1499 4942 I ActivityTaskManager: FOREGROUND_APPLICATION_CHANGED to com.android.launcher3.uioverrides.QuickstepLauncher
11-19 05:33:34.626 1499 4942 I wm_set_resumed_activity: [0,com.android.launcher3/.uioverrides.QuickstepLauncher,resumeTopActivityInnerLocked]
11-19 05:33:34.628 1499 4942 I service_manager_stats: [100,59,79039]
11-19 05:33:34.629 1499 4942 I wm_resume_activity: [0,19758722,10,com.android.launcher3/.uioverrides.QuickstepLauncher]
11-19 05:33:34.630 1499 4942 I wm_add_to_stopping: [0,210437317,com.android.deskclock/.DeskClock,makeInvisible]
11-19 05:33:34.639 2802 2802 I wm_on_resume_called: [19758722,com.android.launcher3.uioverrides.QuickstepLauncher,RESUME_ACTIVITY]
11-19 05:33:34.641 1499 1638 I input_focus: [Focus request 632f7bf com.android.launcher3/com.android.launcher3.uioverrides.QuickstepLauncher,reason=UpdateInputWindows]
11-19 05:33:34.641 1499 1637 I sysui_multi_action: [757,803,799,window_time_0,802,3]
11-19 05:33:34.645 1499 1831 I input_focus: [Focus leaving recents_animation_input_consumer (server),reason=NOT_VISIBLE]
11-19 05:33:34.646 14023 14023 I wm_on_paused_called: [210437317,com.android.deskclock.DeskClock,performPause]
11-19 05:33:34.657 1499 1637 I wm_stop_activity: [0,210437317,com.android.deskclock/.DeskClock]
11-19 05:33:34.660 1499 1831 I input_focus: [Focus entering 632f7bf com.android.launcher3/com.android.launcher3.uioverrides.QuickstepLauncher (server),reason=setFocusedWindow]
11-19 05:33:34.662 1499 1637 I sysui_multi_action: [757,803,799,window_time_0,802,0]
11-19 05:33:34.666 2802 2802 I wm_on_top_resumed_gained_called: [19758722,com.android.launcher3.uioverrides.QuickstepLauncher,topStateChangedWhenResumed]
11-19 05:33:34.671 14023 14023 I wm_on_stop_called: [210437317,com.android.deskclock.DeskClock,STOP_ACTIVITY_ITEM]
11-19 05:33:34.719 7802 7838 W ContextImpl: Calling a method in the system process without a qualified user: android.app.ContextImpl.startService:1816 android.content.ContextWrapper.startService:774 com.thundercomm.gamemode.ingame.services.GameModeActionUtils.startGameModeService:93 com.thundercomm.gamemode.ingame.services.GameModeActionUtils.startGameModeEntry:21 com.thundercomm.gamemode.ingame.services.ActivityMonitoringService$1.onActivityLaunch:127
11-19 05:33:34.724 1499 1499 I GameModeConfig: Current uri is uri = content://com.thundercomm.gamemode.api/gamemode_settings/gamemode_isgaming
11-19 05:33:34.727 1499 1499 I GameModeConfig: isGameModeOn = false
11-19 05:33:34.728 1499 1499 I GameModeConfig: isGameModeOn = false
11-19 05:33:34.728 1499 1499 I GameModeConfig: isDisableVoice = true
11-19 05:33:34.746 7802 7838 W ContextImpl: Calling a method in the system process without a qualified user: android.app.ContextImpl.startService:1816 android.content.ContextWrapper.startService:774 com.thundercomm.gamemode.ingame.services.GameModeActionUtils.startGameModeService:93 com.thundercomm.gamemode.ingame.services.GameModeActionUtils.startGameModeEntry:21 com.thundercomm.gamemode.ingame.services.ActivityMonitoringService$1.onActivityLaunch:127
11-19 05:33:34.749 1499 5048 I wm_finish_activity: [0,210437317,73,com.android.deskclock/.DeskClock,recent-task-trimmed]
11-19 05:33:34.749 1499 5048 I wm_destroy_activity: [0,210437317,73,com.android.deskclock/.DeskClock,finish-imm:finishIfPossible]
11-19 05:33:34.750 1499 1637 I ActivityManager: Killing 14023:com.android.deskclock/u0a63 (adj 900): remove task
11-19 05:33:34.750 1499 1637 I am_kill : [0,14023,com.android.deskclock,900,remove task]
11-19 05:33:34.750 1499 1637 I sysui_multi_action: [757,803,799,window_time_0,802,0]
11-19 05:33:34.751 1499 1499 I GameModeConfig: Current uri is uri = content://com.thundercomm.gamemode.api/gamemode_settings/gamemode_isgaming
11-19 05:33:34.752 1499 1499 I GameModeConfig: isGameModeOn = false
11-19 05:33:34.752 1499 1499 I GameModeConfig: isGameModeOn = false
11-19 05:33:34.752 1499 1499 I GameModeConfig: isDisableVoice = true
11-19 05:33:34.757 1499 3791 E TaskPersister: File error accessing recents directory (directory doesn't exist?).
11-19 05:33:34.781 1499 5048 I am_proc_died: [0,14023,com.android.deskclock,900,18]
11-19 05:33:34.781 1499 2761 I WindowManager: WIN DEATH: Window{b0721e6 u0 com.android.deskclock/com.android.deskclock.DeskClock}
11-19 05:33:34.787 1499 5048 I am_uid_stopped: 10063
11-19 05:33:34.789 1499 5048 I wm_task_removed: [73,removeChild:removeChild last r=ActivityRecord{c8b04c5 u0 com.android.deskclock/.DeskClock t-1 f}} in t=Task{50e5f3c #73 type=standard A=10063:com.android.deskclock U=0 visible=false mode=fullscreen translucent=true sz=0}]
11-19 05:33:34.789 1499 5048 I wm_task_removed: [73,removeChild]
11-19 05:33:34.791 1499 1638 W ActivityTaskManager: Can't find TaskDisplayArea to determine support for multi window. Task id=73 attached=false
11-19 05:33:34.791 1499 1638 W ActivityTaskManager: Can't find TaskDisplayArea to determine support for multi window. Task id=73 attached=false
11-19 05:33:34.791 1499 1637 W ActivityManager: setHasOverlayUi called on unknown pid: 14023
11-19 05:33:34.792 1499 1644 W UsageStatsService: Unexpected activity event reported! (com.android.deskclock/com.android.deskclock.DeskClock event : 23 instanceId : 23486729)
11-19 05:33:34.861 7802 7838 W ContextImpl: Calling a method in the system process without a qualified user: android.app.ContextImpl.startService:1816 android.content.ContextWrapper.startService:774 com.thundercomm.gamemode.ingame.services.GameModeActionUtils.startGameModeService:93 com.thundercomm.gamemode.ingame.services.GameModeActionUtils.startGameModeEntry:21 com.thundercomm.gamemode.ingame.services.ActivityMonitoringService$1.onActivityLaunch:127
11-19 05:33:34.867 1499 1499 I GameModeConfig: Current uri is uri = content://com.thundercomm.gamemode.api/gamemode_settings/gamemode_isgaming
11-19 05:33:34.870 1499 1499 I GameModeConfig: isGameModeOn = false
11-19 05:33:34.871 1499 1499 I GameModeConfig: isGameModeOn = false
11-19 05:33:34.871 1499 1499 I GameModeConfig: isDisableVoice = true
11-19 05:33:35.131 0 0 I auditd : type=1400 audit(0.0:13528): avc: denied { kill } for comm="swapper/3" capability=5 scontext=u:r:kernel:s0 tcontext=u:r:kernel:s0 tclass=capability permissive=0
11-19 05:33:35.701 1499 1831 I input_interaction: Interaction with: 632f7bf com.android.launcher3/com.android.launcher3.uioverrides.QuickstepLauncher (server), a1d9774 com.android.systemui.ImageWallpaper (server), edge-swipe (server), swipe-up (server), PointerEventDispatcher0 (server),
11-19 05:33:36.905 1499 1729 I ActivityTaskManager: START u0 {flg=0x10008000 cmp=com.android.gallery3d/.app.GalleryActivity} from uid 10078
11-19 05:33:36.913 1499 1729 I wm_task_created: [75,-1]
11-19 05:33:36.913 1499 1729 W ActivityTaskManager: Can't find TaskDisplayArea to determine support for multi window. Task id=75 attached=false
11-19 05:33:36.915 1499 1729 D FreeFormWindowHelper: Add freeform task=Task{216ed45 #75 type=standard ?? U=0 visible=false mode=freeform translucent=true sz=0}
11-19 05:33:36.921 1499 1729 D CompatibilityChangeReporter: Compat change id reported: 174042980; UID 10066; state: DISABLED
11-19 05:33:36.922 1499 1729 D CompatibilityChangeReporter: Compat change id reported: 184838306; UID 10066; state: DISABLED
11-19 05:33:36.922 1499 1729 D CompatibilityChangeReporter: Compat change id reported: 185004937; UID 10066; state: DISABLED
11-19 05:33:36.922 1499 1729 D CompatibilityChangeReporter: Compat change id reported: 181136395; UID 10066; state: DISABLED
11-19 05:33:36.923 1499 1729 D CompatibilityChangeReporter: Compat change id reported: 174042936; UID 10066; state: DISABLED
11-19 05:33:36.924 1499 1729 I wm_task_moved: [75,1,6]
11-19 05:33:36.924 1499 1729 I wm_task_to_front: [0,75]
11-19 05:33:36.924 1499 1729 I wm_create_task: [0,75]
11-19 05:33:36.924 1499 1729 I wm_create_activity: [0,36279720,75,com.android.gallery3d/.app.GalleryActivity,NULL,NULL,NULL,268468224]
11-19 05:33:36.924 1499 1729 I wm_task_moved: [75,1,6]
11-19 05:33:36.925 1499 1729 D CompatibilityChangeReporter: Compat change id reported: 168419799; UID 10066; state: DISABLED
11-19 05:33:36.926 1499 1729 I ActivityTaskManager: FOREGROUND_APPLICATION_CHANGED to com.android.gallery3d.app.GalleryActivity
11-19 05:33:36.926 1499 1729 I ActivityTaskManager: The Process com.android.gallery3d Already Exists in BG. So sending its PID: 13960
11-19 05:33:36.928 1499 1729 I wm_restart_activity: [0,36279720,75,com.android.gallery3d/.app.GalleryActivity]
11-19 05:33:36.930 1499 1729 I wm_set_resumed_activity: [0,com.android.gallery3d/.app.GalleryActivity,minimalResumeActivityLocked]
11-19 05:33:36.935 1499 1637 I am_uid_active: 10066
11-19 05:33:36.943 2802 2802 I wm_on_top_resumed_lost_called: [19758722,com.android.launcher3.uioverrides.QuickstepLauncher,topStateChangedWhenResumed]
11-19 05:33:36.951 7802 7838 W ContextImpl: Calling a method in the system process without a qualified user: android.app.ContextImpl.startService:1816 android.content.ContextWrapper.startService:774 com.thundercomm.gamemode.ingame.services.GameModeActionUtils.startGameModeService:93 com.thundercomm.gamemode.ingame.services.GameModeActionUtils.startGameModeEntry:21 com.thundercomm.gamemode.ingame.services.ActivityMonitoringService$1.onActivityLaunch:127
11-19 05:33:36.955 1499 1499 I GameModeConfig: Current uri is uri = content://com.thundercomm.gamemode.api/gamemode_settings/gamemode_isgaming
11-19 05:33:36.958 1499 1499 I GameModeConfig: isGameModeOn = false
11-19 05:33:36.958 1499 1499 I GameModeConfig: isGameModeOn = false
11-19 05:33:36.958 1499 1499 I GameModeConfig: isDisableVoice = true
11-19 05:33:36.979 13960 13960 I wm_on_create_called: [36279720,com.android.gallery3d.app.GalleryActivity,performCreate]
11-19 05:33:36.980 13960 13960 I wm_on_start_called: [36279720,com.android.gallery3d.app.GalleryActivity,handleStartActivity]
11-19 05:33:36.984 13960 13960 I wm_on_resume_called: [36279720,com.android.gallery3d.app.GalleryActivity,RESUME_ACTIVITY]
11-19 05:33:36.989 13960 13960 I wm_on_top_resumed_gained_called: [36279720,com.android.gallery3d.app.GalleryActivity,topStateChangedWhenResumed]
11-19 05:33:37.000 1499 1730 W WindowManager: updateScale0.7996942
11-19 05:33:37.004 1499 1638 I input_focus: [Focus request 432d716 com.android.gallery3d/com.android.gallery3d.app.GalleryActivity,reason=UpdateInputWindows]
11-19 05:33:37.032 1499 1831 I input_focus: [Focus leaving 632f7bf com.android.launcher3/com.android.launcher3.uioverrides.QuickstepLauncher (server),reason=Waiting for window because NOT_VISIBLE]
11-19 05:33:37.083 1499 1638 W WindowManager: updateScale0.7996942
11-19 05:33:37.087 1499 1638 W WindowManager: updateScale0.7996942
11-19 05:33:37.089 1499 1638 W WindowManager: updateScale0.7996942
11-19 05:33:37.091 1499 1634 I sysui_multi_action: [319,181,322,181,325,15296,757,761,758,8,759,2,806,com.android.gallery3d,871,com.android.gallery3d.app.GalleryActivity,904,com.android.launcher3,905,0,1320,4,1321,1]
11-19 05:33:37.093 1499 1634 I wm_activity_launch_time: [0,36279720,com.android.gallery3d/.app.GalleryActivity,181]
11-19 05:33:37.101 1499 1831 I input_focus: [Focus entering 432d716 com.android.gallery3d/com.android.gallery3d.app.GalleryActivity (server),reason=Window became focusable. Previous reason: NOT_VISIBLE]
11-19 05:33:37.132 1499 8632 W WindowManager: updateScale0.7996942
11-19 05:33:37.145 1499 1638 W WindowManager: updateScale0.7996942
11-19 05:33:37.369 1499 1638 W WindowManager: updateScale0.7996942
11-19 05:33:38.131 0 0 I auditd : type=1400 audit(0.0:13529): avc: denied { kill } for comm="swapper/0" capability=5 scontext=u:r:kernel:s0 tcontext=u:r:kernel:s0 tclass=capability permissive=0
11-19 05:33:38.299 1499 3791 E TaskPersister: File error accessing recents directory (directory doesn't exist?).
11-19 05:33:38.445 1499 1831 I input_interaction: Interaction with: 432d716 com.android.gallery3d/com.android.gallery3d.app.GalleryActivity (server), edge-swipe (server), swipe-up (server), PointerEventDispatcher0 (server),
11-19 05:33:38.565 1499 8632 W WindowManager: updateScale0.4617737
11-19 05:33:38.568 1499 8632 I wm_relaunch_resume_activity: [0,36279720,75,com.android.gallery3d/.app.GalleryActivity]
11-19 05:33:38.570 1499 8632 W WindowManager: updateScale0.4617737
11-19 05:33:38.586 13960 13960 I wm_on_top_resumed_lost_called: [36279720,com.android.gallery3d.app.GalleryActivity,pausing]
11-19 05:33:38.596 13960 13960 I wm_on_paused_called: [36279720,com.android.gallery3d.app.GalleryActivity,performPause]
11-19 05:33:38.596 13960 13960 I wm_on_stop_called: [36279720,com.android.gallery3d.app.GalleryActivity,handleRelaunchActivity]
11-19 05:33:38.602 13960 13960 I wm_on_destroy_called: [36279720,com.android.gallery3d.app.GalleryActivity,performDestroy]
11-19 05:33:38.634 13960 13960 I wm_on_create_called: [36279720,com.android.gallery3d.app.GalleryActivity,performCreate]
11-19 05:33:38.636 13960 13960 I wm_on_start_called: [36279720,com.android.gallery3d.app.GalleryActivity,handleStartActivity]
11-19 05:33:38.651 13960 13960 I wm_on_resume_called: [36279720,com.android.gallery3d.app.GalleryActivity,RESUME_ACTIVITY]
11-19 05:33:38.651 13960 13960 I wm_on_top_resumed_gained_called: [36279720,com.android.gallery3d.app.GalleryActivity,topWhenResuming]
11-19 05:33:38.658 1499 8632 W WindowManager: updateScale0.4617737
11-19 05:33:38.660 1499 8632 W WindowManager: updateScale0.4617737
11-19 05:33:38.675 1499 1729 I WindowManager: finishDrawing of relaunch: Window{432d716 u0 com.android.gallery3d/com.android.gallery3d.app.GalleryActivity} 107ms
11-19 05:33:39.131 0 0 I auditd : type=1400 audit(0.0:13530): avc: denied { kill } for comm="swapper/0" capability=5 scontext=u:r:kernel:s0 tcontext=u:r:kernel:s0 tclass=capability permissive=0
11-19 05:33:39.295 13960 13960 I view_enqueue_input_event: [Motion - Cancel,com.android.gallery3d/com.android.gallery3d.app.GalleryActivity]
11-19 05:33:39.298 1499 1831 I input_interaction: Interaction with: WindowManager (server), edge-swipe (server), swipe-up (server), PointerEventDispatcher0 (server),
11-19 05:33:39.305 1499 1638 D FreeFormWindowHelper: refreshTipWindow windowDragBounds:Rect(22, 75 - 324, 613)
11-19 05:33:39.307 1499 1638 W WindowManager: updateScale0.4617737
11-19 05:33:39.321 1499 1638 D FreeFormWindowHelper: refreshTipWindow windowDragBounds:Rect(41, 78 - 343, 616)
11-19 05:33:39.322 1499 1638 W WindowManager: updateScale0.4617737
11-19 05:33:39.338 1499 1638 D FreeFormWindowHelper: refreshTipWindow windowDragBounds:Rect(67, 79 - 369, 617)
11-19 05:33:39.341 1499 1638 W WindowManager: updateScale0.4617737
11-19 05:33:39.355 1499 1638 D FreeFormWindowHelper: refreshTipWindow windowDragBounds:Rect(103, 81 - 405, 619)
11-19 05:33:39.357 1499 1638 W WindowManager: updateScale0.4617737
11-19 05:33:39.371 1499 1638 D FreeFormWindowHelper: refreshTipWindow windowDragBounds:Rect(113, 81 - 415, 619)
11-19 05:33:39.373 1499 1638 W WindowManager: updateScale0.4617737
11-19 05:33:39.388 1499 1638 D FreeFormWindowHelper: refreshTipWindow windowDragBounds:Rect(266, 81 - 568, 619)
11-19 05:33:39.390 1499 1638 W WindowManager: updateScale0.4617737
11-19 05:33:39.421 1499 1638 D FreeFormWindowHelper: refreshTipWindow windowDragBounds:Rect(592, 81 - 894, 619)
11-19 05:33:39.423 1499 1638 W WindowManager: updateScale0.4617737
11-19 05:33:39.437 1499 8632 W WindowManager: updateScale0.4617737
11-19 05:33:39.439 1499 1638 D FreeFormWindowHelper: refreshTipWindow windowDragBounds:Rect(769, 78 - 1071, 616)
11-19 05:33:39.442 1499 1638 W WindowManager: updateScale0.4617737
11-19 05:33:39.472 1499 1638 D FreeFormWindowHelper: refreshTipWindow windowDragBounds:Rect(1014, 74 - 1316, 612)
11-19 05:33:39.474 1499 1638 W WindowManager: updateScale0.4617737
11-19 05:33:39.487 1499 8632 W WindowManager: updateScale0.4617737
11-19 05:33:39.489 1499 1638 D FreeFormWindowHelper: refreshTipWindow windowDragBounds:Rect(1106, 74 - 1408, 612)
11-19 05:33:39.491 1499 1638 W WindowManager: updateScale0.4617737
11-19 05:33:39.505 1499 1638 D FreeFormWindowHelper: refreshTipWindow windowDragBounds:Rect(1184, 81 - 1486, 619)
11-19 05:33:39.506 1499 1638 W WindowManager: updateScale0.4617737
11-19 05:33:39.522 1499 1638 D FreeFormWindowHelper: refreshTipWindow windowDragBounds:Rect(1309, 99 - 1611, 637)
11-19 05:33:39.523 1499 1638 W WindowManager: updateScale0.4617737
11-19 05:33:39.537 1499 8632 W WindowManager: updateScale0.4617737
11-19 05:33:39.539 1499 1638 D FreeFormWindowHelper: refreshTipWindow windowDragBounds:Rect(1433, 115 - 1735, 653)
11-19 05:33:39.542 1499 1638 W WindowManager: updateScale0.4617737
11-19 05:33:39.555 1499 1638 D FreeFormWindowHelper: refreshTipWindow windowDragBounds:Rect(1540, 129 - 1842, 667)
11-19 05:33:39.556 1499 1638 W WindowManager: updateScale0.4617737
11-19 05:33:39.572 1499 1638 D FreeFormWindowHelper: refreshTipWindow windowDragBounds:Rect(1611, 135 - 1913, 673)
11-19 05:33:39.574 1499 1638 W WindowManager: updateScale0.4617737
11-19 05:33:39.587 1499 8632 W WindowManager: updateScale0.4617737
11-19 05:33:39.590 1499 1638 D FreeFormWindowHelper: refreshTipWindow windowDragBounds:Rect(1703, 148 - 2005, 686)
11-19 05:33:39.592 1499 1638 W WindowManager: updateScale0.4617737
11-19 05:33:39.605 1499 1638 D FreeFormWindowHelper: refreshTipWindow windowDragBounds:Rect(1809, 162 - 2111, 700)
11-19 05:33:39.606 1499 1638 W WindowManager: updateScale0.4617737
11-19 05:33:39.622 1499 1638 D FreeFormWindowHelper: refreshTipWindow windowDragBounds:Rect(1901, 173 - 2203, 711)
11-19 05:33:39.624 1499 1638 W WindowManager: updateScale0.4617737
11-19 05:33:39.638 1499 8632 W WindowManager: updateScale0.4617737
11-19 05:33:39.640 1499 1638 D FreeFormWindowHelper: refreshTipWindow windowDragBounds:Rect(1970, 186 - 2272, 724)
11-19 05:33:39.642 1499 1638 W WindowManager: updateScale0.4617737
11-19 05:33:39.655 1499 1638 D FreeFormWindowHelper: refreshTipWindow windowDragBounds:Rect(2017, 194 - 2319, 732)
11-19 05:33:39.657 1499 1638 W WindowManager: updateScale0.4617737
11-19 05:33:39.672 1499 1638 D FreeFormWindowHelper: refreshTipWindow windowDragBounds:Rect(2051, 197 - 2353, 735)
11-19 05:33:39.674 1499 1638 W WindowManager: updateScale0.4617737
11-19 05:33:39.688 1499 1729 W WindowManager: updateScale0.4617737
11-19 05:33:39.690 1499 1638 D FreeFormWindowHelper: refreshTipWindow windowDragBounds:Rect(2056, 197 - 2358, 735)
11-19 05:33:39.692 1499 1638 W WindowManager: updateScale0.4617737
11-19 05:33:39.705 1499 1638 D FreeFormWindowHelper: refreshTipWindow windowDragBounds:Rect(2063, 197 - 2365, 735)
11-19 05:33:39.707 1499 1638 W WindowManager: updateScale0.4617737
11-19 05:33:39.730 1499 1638 D WindowManager: updateWindowDragBounds: mIsSwipeYfalse
11-19 05:33:39.730 1499 1638 D WindowManager: updateWindowDragBounds: mIsTopfalse
11-19 05:33:39.730 1499 1638 D WindowManager: updateWindowDragBounds: mIsSwipeXfalse
11-19 05:33:39.731 1499 1638 W WindowManager: updateScale0.4617737
11-19 05:33:40.131 0 0 I auditd : type=1400 audit(0.0:13531): avc: denied { kill } for comm="swapper/0" capability=5 scontext=u:r:kernel:s0 tcontext=u:r:kernel:s0 tclass=capability permissive=0
11-19 05:33:40.623 1499 1499 W WindowManager: updateScale0.4617737
11-19 05:33:40.628 1499 1729 W WindowManager: updateScale0.4617737
11-19 05:33:40.632 1499 1729 W NotificationService: Toast already killed. pkg=com.android.gallery3d token=android.os.BinderProxy@cc2d98b
11-19 05:33:40.646 1499 1729 W WindowManager: updateScale0.4617737
11-19 05:33:40.659 1499 1638 W WindowManager: updateScale0.4617737
11-19 05:33:40.914 1499 1831 I input_interaction: Interaction with: 432d716 com.android.gallery3d/com.android.gallery3d.app.GalleryActivity (server), edge-swipe (server), swipe-up (server), PointerEventDispatcher0 (server),
11-19 05:33:41.122 1499 1637 W WindowManager: updateScale0.4617737
11-19 05:33:41.131 0 0 I auditd : type=1400 audit(0.0:13532): avc: denied { kill } for comm="swapper/0" capability=5 scontext=u:r:kernel:s0 tcontext=u:r:kernel:s0 tclass=capability permissive=0
11-19 05:33:41.161 1499 1638 W WindowManager: updateScale0.4617737
11-19 05:33:41.166 1499 1638 W WindowManager: updateScale0.4617737
11-19 05:33:41.254 1499 1614 W WindowManager: updateScale0.7996942
11-19 05:33:41.257 1499 1614 I wm_relaunch_resume_activity: [0,36279720,75,com.android.gallery3d/.app.GalleryActivity]
11-19 05:33:41.259 1499 1614 W WindowManager: updateScale0.7996942
11-19 05:33:41.270 13960 13960 I wm_on_top_resumed_lost_called: [36279720,com.android.gallery3d.app.GalleryActivity,pausing]
11-19 05:33:41.277 13960 13960 I wm_on_paused_called: [36279720,com.android.gallery3d.app.GalleryActivity,performPause]
11-19 05:33:41.278 13960 13960 I wm_on_stop_called: [36279720,com.android.gallery3d.app.GalleryActivity,handleRelaunchActivity]
11-19 05:33:41.281 13960 13960 I wm_on_destroy_called: [36279720,com.android.gallery3d.app.GalleryActivity,performDestroy]
11-19 05:33:41.317 13960 13960 I wm_on_create_called: [36279720,com.android.gallery3d.app.GalleryActivity,performCreate]
11-19 05:33:41.319 13960 13960 I wm_on_start_called: [36279720,com.android.gallery3d.app.GalleryActivity,handleStartActivity]
11-19 05:33:41.328 13960 13960 I wm_on_resume_called: [36279720,com.android.gallery3d.app.GalleryActivity,RESUME_ACTIVITY]
11-19 05:33:41.328 13960 13960 I wm_on_top_resumed_gained_called: [36279720,com.android.gallery3d.app.GalleryActivity,topWhenResuming]
11-19 05:33:41.332 1499 8632 W WindowManager: updateScale0.7996942
11-19 05:33:41.334 1499 8632 W WindowManager: updateScale0.7996942
11-19 05:33:41.336 1499 8632 W WindowManager: updateScale0.7996942
11-19 05:33:41.338 1499 8632 I NotificationService: cancelToast pkg=com.android.gallery3d token=android.os.BinderProxy@5c7fd98
11-19 05:33:41.338 1499 8632 W WindowManager: removeWindowToken: Attempted to remove non-existing token: android.os.Binder@439f49
11-19 05:33:41.345 1499 8632 W WindowManager: updateScale0.7996942
11-19 05:33:41.361 1499 1614 I WindowManager: finishDrawing of relaunch: Window{432d716 u0 com.android.gallery3d/com.android.gallery3d.app.GalleryActivity} 105ms
11-19 05:33:41.390 1499 1614 W WindowManager: updateScale0.7996942
11-19 05:33:41.399 1499 1638 W WindowManager: updateScale0.7996942
11-19 05:33:41.867 1499 1638 W WindowManager: updateScale0.7996942
11-19 05:33:42.131 0 0 I auditd : type=1400 audit(0.0:13533): avc: denied { kill } for comm="swapper/0" capability=5 scontext=u:r:kernel:s0 tcontext=u:r:kernel:s0 tclass=capability permissive=0
11-19 05:33:43.131 0 0 I auditd : type=1400 audit(0.0:13534): avc: denied { kill } for comm="swapper/0" capability=5 scontext=u:r:kernel:s0 tcontext=u:r:kernel:s0 tclass=capability permissive=0
11-19 05:33:43.425 1499 8632 W WindowManager: updateScale0.4617737
11-19 05:33:43.426 1499 8632 I wm_relaunch_resume_activity: [0,36279720,75,com.android.gallery3d/.app.GalleryActivity]
11-19 05:33:43.428 1499 8632 W WindowManager: updateScale0.4617737
11-19 05:33:43.437 13960 13960 I wm_on_top_resumed_lost_called: [36279720,com.android.gallery3d.app.GalleryActivity,pausing]
11-19 05:33:43.440 13960 13960 I wm_on_paused_called: [36279720,com.android.gallery3d.app.GalleryActivity,performPause]
11-19 05:33:43.440 13960 13960 I wm_on_stop_called: [36279720,com.android.gallery3d.app.GalleryActivity,handleRelaunchActivity]
11-19 05:33:43.442 13960 13960 I wm_on_destroy_called: [36279720,com.android.gallery3d.app.GalleryActivity,performDestroy]
11-19 05:33:43.467 13960 13960 I wm_on_create_called: [36279720,com.android.gallery3d.app.GalleryActivity,performCreate]
11-19 05:33:43.469 13960 13960 I wm_on_start_called: [36279720,com.android.gallery3d.app.GalleryActivity,handleStartActivity]
