11-19 05:32:08.866 1499 2319 E DisplayDeviceConfig: requesting nits when no mapping exists.
11-19 05:32:08.867 1499 1645 I am_wtf : [0,1499,system_server,-1,DisplayDeviceConfig,requesting nits when no mapping exists.]
11-19 05:32:08.883 1499 2319 E DisplayDeviceConfig: requesting nits when no mapping exists.
11-19 05:32:08.883 1499 2319 E DisplayDeviceConfig: requesting nits when no mapping exists.
11-19 05:32:08.883 1499 1645 I am_wtf : [0,1499,system_server,-1,DisplayDeviceConfig,requesting nits when no mapping exists.]
11-19 05:32:08.884 1499 1645 I am_wtf : [0,1499,system_server,-1,DisplayDeviceConfig,requesting nits when no mapping exists.]
11-19 05:32:08.899 1499 2319 E DisplayDeviceConfig: requesting nits when no mapping exists.
11-19 05:32:08.900 1499 1645 I am_wtf : [0,1499,system_server,-1,DisplayDeviceConfig,requesting nits when no mapping exists.]
11-19 05:32:08.900 1499 2319 E DisplayDeviceConfig: requesting nits when no mapping exists.
11-19 05:32:08.901 1499 1645 I am_wtf : [0,1499,system_server,-1,DisplayDeviceConfig,requesting nits when no mapping exists.]
11-19 05:32:08.916 1499 2319 E DisplayDeviceConfig: requesting nits when no mapping exists.
11-19 05:32:08.917 1499 1645 I am_wtf : [0,1499,system_server,-1,DisplayDeviceConfig,requesting nits when no mapping exists.]
11-19 05:32:08.917 1499 2319 E DisplayDeviceConfig: requesting nits when no mapping exists.
11-19 05:32:08.917 1499 1645 I am_wtf : [0,1499,system_server,-1,DisplayDeviceConfig,requesting nits when no mapping exists.]
11-19 05:32:08.933 1499 2319 E DisplayDeviceConfig: requesting nits when no mapping exists.
11-19 05:32:08.933 1499 1645 I am_wtf : [0,1499,system_server,-1,DisplayDeviceConfig,requesting nits when no mapping exists.]
11-19 05:32:08.933 1499 2319 E DisplayDeviceConfig: requesting nits when no mapping exists.
11-19 05:32:08.934 1499 1645 I am_wtf : [0,1499,system_server,-1,DisplayDeviceConfig,requesting nits when no mapping exists.]
11-19 05:32:08.950 1499 2319 E DisplayDeviceConfig: requesting nits when no mapping exists.
11-19 05:32:08.950 1499 1645 I am_wtf : [0,1499,system_server,-1,DisplayDeviceConfig,requesting nits when no mapping exists.]
11-19 05:32:08.951 1499 2319 E DisplayDeviceConfig: requesting nits when no mapping exists.
11-19 05:32:08.951 1499 1645 I am_wtf : [0,1499,system_server,-1,DisplayDeviceConfig,requesting nits when no mapping exists.]
11-19 05:32:08.966 1499 2319 E DisplayDeviceConfig: requesting nits when no mapping exists.
11-19 05:32:08.967 1499 1645 I am_wtf : [0,1499,system_server,-1,DisplayDeviceConfig,requesting nits when no mapping exists.]
11-19 05:32:08.967 1499 2319 E DisplayDeviceConfig: requesting nits when no mapping exists.
11-19 05:32:08.967 1499 1645 I am_wtf : [0,1499,system_server,-1,DisplayDeviceConfig,requesting nits when no mapping exists.]
11-19 05:32:08.983 1499 2319 E DisplayDeviceConfig: requesting nits when no mapping exists.
11-19 05:32:08.983 1499 1645 I am_wtf : [0,1499,system_server,-1,DisplayDeviceConfig,requesting nits when no mapping exists.]
11-19 05:32:08.983 1499 2319 E DisplayDeviceConfig: requesting nits when no mapping exists.
11-19 05:32:08.984 1499 1645 I am_wtf : [0,1499,system_server,-1,DisplayDeviceConfig,requesting nits when no mapping exists.]
11-19 05:32:09.000 1499 2319 E DisplayDeviceConfig: requesting nits when no mapping exists.
11-19 05:32:09.000 1499 2319 E DisplayDeviceConfig: requesting nits when no mapping exists.
11-19 05:32:09.000 1499 1645 I am_wtf : [0,1499,system_server,-1,DisplayDeviceConfig,requesting nits when no mapping exists.]
11-19 05:32:09.001 1499 1645 I am_wtf : [0,1499,system_server,-1,DisplayDeviceConfig,requesting nits when no mapping exists.]
11-19 05:32:09.016 1499 2319 E DisplayDeviceConfig: requesting nits when no mapping exists.
11-19 05:32:09.017 1499 2319 E DisplayDeviceConfig: requesting nits when no mapping exists.
11-19 05:32:09.017 1499 1645 I am_wtf : [0,1499,system_server,-1,DisplayDeviceConfig,requesting nits when no mapping exists.]
11-19 05:32:09.018 1499 1645 I am_wtf : [0,1499,system_server,-1,DisplayDeviceConfig,requesting nits when no mapping exists.]
11-19 05:32:09.033 1499 2319 E DisplayDeviceConfig: requesting nits when no mapping exists.
11-19 05:32:09.034 1499 2319 E DisplayDeviceConfig: requesting nits when no mapping exists.
11-19 05:32:09.034 1499 1645 I am_wtf : [0,1499,system_server,-1,DisplayDeviceConfig,requesting nits when no mapping exists.]
11-19 05:32:09.035 1499 1645 I am_wtf : [0,1499,system_server,-1,DisplayDeviceConfig,requesting nits when no mapping exists.]
11-19 05:32:09.050 1499 2319 E DisplayDeviceConfig: requesting nits when no mapping exists.
11-19 05:32:09.051 1499 1645 I am_wtf : [0,1499,system_server,-1,DisplayDeviceConfig,requesting nits when no mapping exists.]
11-19 05:32:09.051 1499 2319 E DisplayDeviceConfig: requesting nits when no mapping exists.
11-19 05:32:09.051 1499 1645 I am_wtf : [0,1499,system_server,-1,DisplayDeviceConfig,requesting nits when no mapping exists.]
11-19 05:32:09.067 1499 2319 E DisplayDeviceConfig: requesting nits when no mapping exists.
11-19 05:32:09.068 1499 1645 I am_wtf : [0,1499,system_server,-1,DisplayDeviceConfig,requesting nits when no mapping exists.]
11-19 05:32:09.069 1499 2319 E DisplayDeviceConfig: requesting nits when no mapping exists.
11-19 05:32:09.070 1499 1645 I am_wtf : [0,1499,system_server,-1,DisplayDeviceConfig,requesting nits when no mapping exists.]
11-19 05:32:09.084 1499 2319 E DisplayDeviceConfig: requesting nits when no mapping exists.
11-19 05:32:09.084 1499 2319 E DisplayDeviceConfig: requesting nits when no mapping exists.
11-19 05:32:09.085 1499 1645 I am_wtf : [0,1499,system_server,-1,DisplayDeviceConfig,requesting nits when no mapping exists.]
11-19 05:32:09.086 1499 1645 I am_wtf : [0,1499,system_server,-1,DisplayDeviceConfig,requesting nits when no mapping exists.]
11-19 05:32:09.100 1499 2319 E DisplayDeviceConfig: requesting nits when no mapping exists.
11-19 05:32:09.101 1499 1645 I am_wtf : [0,1499,system_server,-1,DisplayDeviceConfig,requesting nits when no mapping exists.]
11-19 05:32:09.101 1499 2319 E DisplayDeviceConfig: requesting nits when no mapping exists.
11-19 05:32:09.102 1499 1645 I am_wtf : [0,1499,system_server,-1,DisplayDeviceConfig,requesting nits when no mapping exists.]
11-19 05:32:09.116 1499 2319 E DisplayDeviceConfig: requesting nits when no mapping exists.
11-19 05:32:09.117 1499 1645 I am_wtf : [0,1499,system_server,-1,DisplayDeviceConfig,requesting nits when no mapping exists.]
11-19 05:32:09.117 1499 2319 E DisplayDeviceConfig: requesting nits when no mapping exists.
11-19 05:32:09.118 1499 1645 I am_wtf : [0,1499,system_server,-1,DisplayDeviceConfig,requesting nits when no mapping exists.]
11-19 05:32:09.131 0 0 I auditd : type=1400 audit(0.0:13446): avc: denied { kill } for comm="swapper/3" capability=5 scontext=u:r:kernel:s0 tcontext=u:r:kernel:s0 tclass=capability permissive=0
11-19 05:32:09.134 1499 2319 E DisplayDeviceConfig: requesting nits when no mapping exists.
11-19 05:32:09.135 1499 1645 I am_wtf : [0,1499,system_server,-1,DisplayDeviceConfig,requesting nits when no mapping exists.]
11-19 05:32:09.135 1499 2319 E DisplayDeviceConfig: requesting nits when no mapping exists.
11-19 05:32:09.136 1499 1645 I am_wtf : [0,1499,system_server,-1,DisplayDeviceConfig,requesting nits when no mapping exists.]
11-19 05:32:09.150 1499 2319 E DisplayDeviceConfig: requesting nits when no mapping exists.
11-19 05:32:09.151 1499 2319 E DisplayDeviceConfig: requesting nits when no mapping exists.
11-19 05:32:09.151 1499 1645 I am_wtf : [0,1499,system_server,-1,DisplayDeviceConfig,requesting nits when no mapping exists.]
11-19 05:32:09.152 1499 1645 I am_wtf : [0,1499,system_server,-1,DisplayDeviceConfig,requesting nits when no mapping exists.]
11-19 05:32:09.167 1499 2319 E DisplayDeviceConfig: requesting nits when no mapping exists.
11-19 05:32:09.169 1499 1645 I am_wtf : [0,1499,system_server,-1,DisplayDeviceConfig,requesting nits when no mapping exists.]
11-19 05:32:09.169 1499 2319 E DisplayDeviceConfig: requesting nits when no mapping exists.
11-19 05:32:09.170 1499 1645 I am_wtf : [0,1499,system_server,-1,DisplayDeviceConfig,requesting nits when no mapping exists.]
11-19 05:32:09.184 1499 2319 E DisplayDeviceConfig: requesting nits when no mapping exists.
11-19 05:32:09.184 1499 2319 E DisplayDeviceConfig: requesting nits when no mapping exists.
11-19 05:32:09.184 1499 1645 I am_wtf : [0,1499,system_server,-1,DisplayDeviceConfig,requesting nits when no mapping exists.]
11-19 05:32:09.185 1499 1645 I am_wtf : [0,1499,system_server,-1,DisplayDeviceConfig,requesting nits when no mapping exists.]
11-19 05:32:09.200 1499 2319 E DisplayDeviceConfig: requesting nits when no mapping exists.
11-19 05:32:09.201 1499 1645 I am_wtf : [0,1499,system_server,-1,DisplayDeviceConfig,requesting nits when no mapping exists.]
11-19 05:32:09.201 1499 2319 E DisplayDeviceConfig: requesting nits when no mapping exists.
11-19 05:32:09.203 1499 1645 I am_wtf : [0,1499,system_server,-1,DisplayDeviceConfig,requesting nits when no mapping exists.]
11-19 05:32:10.131 0 0 I auditd : type=1400 audit(0.0:13447): avc: denied { kill } for comm="swapper/3" capability=5 scontext=u:r:kernel:s0 tcontext=u:r:kernel:s0 tclass=capability permissive=0
11-19 05:32:11.131 0 0 I auditd : type=1400 audit(0.0:13448): avc: denied { kill } for comm="swapper/3" capability=5 scontext=u:r:kernel:s0 tcontext=u:r:kernel:s0 tclass=capability permissive=0
11-19 05:32:12.131 0 0 I auditd : type=1400 audit(0.0:13449): avc: denied { kill } for comm="swapper/3" capability=5 scontext=u:r:kernel:s0 tcontext=u:r:kernel:s0 tclass=capability permissive=0
11-19 05:32:13.131 0 0 I auditd : type=1400 audit(0.0:13450): avc: denied { kill } for comm="swapper/3" capability=5 scontext=u:r:kernel:s0 tcontext=u:r:kernel:s0 tclass=capability permissive=0
11-19 05:32:14.049 1499 1645 I am_uid_idle: 10094
11-19 05:32:14.131 0 0 I auditd : type=1400 audit(0.0:13451): avc: denied { kill } for comm="swapper/3" capability=5 scontext=u:r:kernel:s0 tcontext=u:r:kernel:s0 tclass=capability permissive=0
11-19 05:32:15.131 0 0 I auditd : type=1400 audit(0.0:13452): avc: denied { kill } for comm="swapper/3" capability=5 scontext=u:r:kernel:s0 tcontext=u:r:kernel:s0 tclass=capability permissive=0
11-19 05:32:15.252 1499 1663 I PowerManagerService: Napping display group (groupId=0, uid=1000)...
11-19 05:32:15.252 1499 1663 I PowerManagerService: Nap time (uid 1000)...
11-19 05:32:15.254 1499 1663 I DreamManagerService: Entering dreamland.
11-19 05:32:15.258 1499 1663 I PowerManagerService: Dreaming...
11-19 05:32:15.263 1499 1634 I DreamController: Starting dream: name=ComponentInfo{com.thundercomm.screensaver/com.thundercomm.saverclock.service.ClockScreensaver}, isTest=false, canDoze=false, userId=0
11-19 05:32:15.263 1499 1634 I sysui_multi_action: [757,222,758,1]
11-19 05:32:15.265 1499 1634 I am_uid_active: 10050
11-19 05:32:15.279 1499 4942 I ActivityTaskManager: START u0 {flg=0x10000000 pkg=com.thundercomm.screensaver cmp=com.thundercomm.screensaver/android.service.dreams.DreamActivity (has extras)} from uid 10050
11-19 05:32:15.282 1499 1644 I commit_sys_config_file: [procstats,23]
11-19 05:32:15.284 1499 4942 I wm_task_created: [74,-1]
11-19 05:32:15.284 1499 4942 W ActivityTaskManager: Can't find TaskDisplayArea to determine support for multi window. Task id=74 attached=false
11-19 05:32:15.288 1499 4942 I wm_task_moved: [74,1,7]
11-19 05:32:15.288 1499 4942 I wm_task_to_front: [0,74]
11-19 05:32:15.289 1499 4942 I wm_create_task: [0,74]
11-19 05:32:15.289 1499 4942 I wm_create_activity: [0,167272858,74,com.thundercomm.screensaver/android.service.dreams.DreamActivity,NULL,NULL,NULL,276824064]
11-19 05:32:15.289 1499 4942 I wm_task_moved: [74,1,7]
11-19 05:32:15.290 1499 4942 I ActivityTaskManager: FOREGROUND_APPLICATION_CHANGED to android.service.dreams.DreamActivity
11-19 05:32:15.290 1499 4942 I ActivityTaskManager: The Process com.thundercomm.screensaver Already Exists in BG. So sending its PID: 4805
11-19 05:32:15.290 1499 4942 W ActivityTaskManager: Tried to set launchTime (0) < mLastActivityLaunchTime (14849453)
11-19 05:32:15.291 1499 4942 I wm_add_to_stopping: [0,210437317,com.android.deskclock/.DeskClock,makeInvisible]
11-19 05:32:15.292 1499 4942 I wm_restart_activity: [0,167272858,74,com.thundercomm.screensaver/android.service.dreams.DreamActivity]
11-19 05:32:15.294 1499 4942 I wm_set_resumed_activity: [0,com.thundercomm.screensaver/android.service.dreams.DreamActivity,minimalResumeActivityLocked]
11-19 05:32:15.307 4805 4805 I wm_on_create_called: [167272858,android.service.dreams.DreamActivity,performCreate]
11-19 05:32:15.307 1499 1637 I wm_stop_activity: [0,19758722,com.android.launcher3/.uioverrides.QuickstepLauncher]
11-19 05:32:15.307 4805 4805 I wm_on_start_called: [167272858,android.service.dreams.DreamActivity,handleStartActivity]
11-19 05:32:15.313 2802 2802 I wm_on_stop_called: [19758722,com.android.launcher3.uioverrides.QuickstepLauncher,STOP_ACTIVITY_ITEM]
11-19 05:32:15.316 4805 4805 I wm_on_resume_called: [167272858,android.service.dreams.DreamActivity,RESUME_ACTIVITY]
11-19 05:32:15.324 7802 7838 W ContextImpl: Calling a method in the system process without a qualified user: android.app.ContextImpl.startService:1816 android.content.ContextWrapper.startService:774 com.thundercomm.gamemode.ingame.services.GameModeActionUtils.startGameModeService:93 com.thundercomm.gamemode.ingame.services.GameModeActionUtils.startGameModeEntry:21 com.thundercomm.gamemode.ingame.services.ActivityMonitoringService$1.onActivityLaunch:127
11-19 05:32:15.326 1499 5517 W WindowManager: Failed looking up window session=Session{6e93b31 4805:u0a10050} callers=com.android.server.wm.WindowManagerService.windowForClientLocked:5628 com.android.server.wm.Session.insetsModified:629 android.view.IWindowSession$Stub.onTransact:1151
11-19 05:32:15.328 4805 4805 I wm_on_top_resumed_gained_called: [167272858,android.service.dreams.DreamActivity,topStateChangedWhenResumed]
11-19 05:32:15.331 1499 1499 I GameModeConfig: Current uri is uri = content://com.thundercomm.gamemode.api/gamemode_settings/gamemode_isgaming
11-19 05:32:15.333 1499 1499 I GameModeConfig: isGameModeOn = false
11-19 05:32:15.333 1499 1499 I GameModeConfig: isGameModeOn = false
11-19 05:32:15.333 1499 1499 I GameModeConfig: isDisableVoice = true
11-19 05:32:15.338 7802 7838 W ContextImpl: Calling a method in the system process without a qualified user: android.app.ContextImpl.startService:1816 android.content.ContextWrapper.startService:774 com.thundercomm.gamemode.ingame.services.GameModeActionUtils.startGameModeService:93 com.thundercomm.gamemode.ingame.services.GameModeActionUtils.startGameModeEntry:21 com.thundercomm.gamemode.ingame.services.ActivityMonitoringService$1.onActivityLaunch:127
11-19 05:32:15.342 1499 1499 I GameModeConfig: Current uri is uri = content://com.thundercomm.gamemode.api/gamemode_settings/gamemode_isgaming
11-19 05:32:15.343 1499 1499 I GameModeConfig: isGameModeOn = false
11-19 05:32:15.343 1499 1499 I GameModeConfig: isGameModeOn = false
11-19 05:32:15.343 1499 1499 I GameModeConfig: isDisableVoice = true
11-19 05:32:15.349 1499 1638 I input_focus: [Focus request c396154 com.thundercomm.screensaver/android.service.dreams.DreamActivity,reason=UpdateInputWindows]
11-19 05:32:15.353 1499 1831 I input_focus: [Focus leaving b0721e6 com.android.deskclock/com.android.deskclock.DeskClock (server),reason=NO_WINDOW]
11-19 05:32:15.359 1499 2284 I GameModeConfig: isGameModeOn = false
11-19 05:32:15.359 7802 7838 W ContextImpl: Calling a method in the system process without a qualified user: android.app.ContextImpl.startService:1816 android.content.ContextWrapper.startService:774 com.thundercomm.gamemode.ingame.services.GameModeActionUtils.startGameModeService:93 com.thundercomm.gamemode.ingame.services.GameModeActionUtils.startGameModeEntry:21 com.thundercomm.gamemode.ingame.services.ActivityMonitoringService$1.onActivityLaunch:127
11-19 05:32:15.360 1499 2284 I GameModeConfig: isGameModeOn = false
11-19 05:32:15.360 1499 2284 I GameModeConfig: isGameModeOn = false
11-19 05:32:15.360 1499 2284 I GameModeConfig: isGameModeOn = false
11-19 05:32:15.361 1499 1499 I notification_enqueue: [10081,2342,com.android.systemui,2048,NULL,0,Notification(channel=updateNotification shortcut=null contentView=null vibrate=null sound=null defaults=0x0 flags=0x0 color=0x00000000 vis=PRIVATE),1]
11-19 05:32:15.363 2342 2342 I sysui_multi_action: [757,111,758,2]
11-19 05:32:15.363 1499 1499 I GameModeConfig: Current uri is uri = content://com.thundercomm.gamemode.api/gamemode_settings/gamemode_isgaming
11-19 05:32:15.370 1499 1499 I GameModeConfig: isGameModeOn = false
11-19 05:32:15.371 1499 1499 I GameModeConfig: isGameModeOn = false
11-19 05:32:15.371 1499 1499 I GameModeConfig: isDisableVoice = true
11-19 05:32:15.372 2342 2342 I sysui_multi_action: [757,111,758,2]
11-19 05:32:15.375 1499 1634 I sysui_multi_action: [319,95,322,81,325,15214,757,761,758,8,759,2,806,com.thundercomm.screensaver,871,android.service.dreams.DreamActivity,904,com.thundercomm.screensaver,905,0,1320,4,1321,2]
11-19 05:32:15.376 1499 1634 I wm_activity_launch_time: [0,167272858,com.thundercomm.screensaver/android.service.dreams.DreamActivity,81]
11-19 05:32:15.379 1499 1663 V DisplayPowerController[0]: Brightness [1.0] reason changing to: 'manual', previous reason: 'manual [ dim ]'.
11-19 05:32:15.379 1499 1663 I sysui_multi_action: [757,1696,758,6,759,3]
11-19 05:32:15.387 1499 2319 E DisplayDeviceConfig: requesting nits when no mapping exists.
11-19 05:32:15.388 2342 2342 I sysui_multi_action: [757,111,758,1]
11-19 05:32:15.388 2342 2342 I sysui_multi_action: [757,126,758,1,759,126,927,0,928,0,1593,0]
11-19 05:32:15.388 2342 2342 I sysui_multi_action: [757,113,758,1,759,113,927,1,928,1,1593,0]
11-19 05:32:15.388 2342 2342 I sysui_multi_action: [757,0,758,1,759,0,927,2,928,0,1593,0]
11-19 05:32:15.388 1499 2319 E DisplayDeviceConfig: requesting nits when no mapping exists.
11-19 05:32:15.388 2342 2342 I sysui_multi_action: [757,0,758,1,759,0,927,3,928,0,1593,0]
11-19 05:32:15.388 2342 2342 I sysui_multi_action: [757,491,758,1,759,491,927,4,928,0,1311,-1,1593,0]
11-19 05:32:15.388 2342 2342 I sysui_multi_action: [757,0,758,1,759,0,927,5,928,0,1593,0]
11-19 05:32:15.388 2342 2342 I sysui_multi_action: [757,111,758,1]
11-19 05:32:15.388 2342 2342 I sysui_multi_action: [757,126,758,1,759,126,927,0,928,0,1593,0]
11-19 05:32:15.388 2342 2342 I sysui_multi_action: [757,113,758,1,759,113,927,1,928,1,1593,0]
11-19 05:32:15.388 2342 2342 I sysui_multi_action: [757,0,758,1,759,0,927,2,928,0,1593,0]
11-19 05:32:15.388 2342 2342 I sysui_multi_action: [757,0,758,1,759,0,927,3,928,0,1593,0]
11-19 05:32:15.392 1499 1645 I am_wtf : [0,1499,system_server,-1,DisplayDeviceConfig,requesting nits when no mapping exists.]
11-19 05:32:15.392 1499 1645 I am_wtf : [0,1499,system_server,-1,DisplayDeviceConfig,requesting nits when no mapping exists.]
11-19 05:32:15.402 1499 2319 E DisplayDeviceConfig: requesting nits when no mapping exists.
11-19 05:32:15.402 1499 1831 I input_focus: [Focus entering c396154 com.thundercomm.screensaver/android.service.dreams.DreamActivity (server),reason=Window became focusable. Previous reason: NOT_VISIBLE]
11-19 05:32:15.402 1499 2319 E DisplayDeviceConfig: requesting nits when no mapping exists.
11-19 05:32:15.402 1499 1645 I am_wtf : [0,1499,system_server,-1,DisplayDeviceConfig,requesting nits when no mapping exists.]
11-19 05:32:15.404 1499 1645 I am_wtf : [0,1499,system_server,-1,DisplayDeviceConfig,requesting nits when no mapping exists.]
11-19 05:32:15.418 1499 2319 E DisplayDeviceConfig: requesting nits when no mapping exists.
11-19 05:32:15.418 1499 2319 E DisplayDeviceConfig: requesting nits when no mapping exists.
11-19 05:32:15.418 1499 1645 I am_wtf : [0,1499,system_server,-1,DisplayDeviceConfig,requesting nits when no mapping exists.]
11-19 05:32:15.419 1499 1645 I am_wtf : [0,1499,system_server,-1,DisplayDeviceConfig,requesting nits when no mapping exists.]
11-19 05:32:15.434 1499 2319 E DisplayDeviceConfig: requesting nits when no mapping exists.
11-19 05:32:15.435 1499 2319 E DisplayDeviceConfig: requesting nits when no mapping exists.
11-19 05:32:15.435 1499 1645 I am_wtf : [0,1499,system_server,-1,DisplayDeviceConfig,requesting nits when no mapping exists.]
11-19 05:32:15.437 1499 1645 I am_wtf : [0,1499,system_server,-1,DisplayDeviceConfig,requesting nits when no mapping exists.]
11-19 05:32:15.451 1499 2319 E DisplayDeviceConfig: requesting nits when no mapping exists.
11-19 05:32:15.451 1499 1645 I am_wtf : [0,1499,system_server,-1,DisplayDeviceConfig,requesting nits when no mapping exists.]
11-19 05:32:15.452 1499 2319 E DisplayDeviceConfig: requesting nits when no mapping exists.
11-19 05:32:15.453 1499 1645 I am_wtf : [0,1499,system_server,-1,DisplayDeviceConfig,requesting nits when no mapping exists.]
11-19 05:32:15.471 1499 2319 E DisplayDeviceConfig: requesting nits when no mapping exists.
11-19 05:32:15.472 1499 1645 I am_wtf : [0,1499,system_server,-1,DisplayDeviceConfig,requesting nits when no mapping exists.]
11-19 05:32:15.472 1499 2319 E DisplayDeviceConfig: requesting nits when no mapping exists.
11-19 05:32:15.473 1499 1645 I am_wtf : [0,1499,system_server,-1,DisplayDeviceConfig,requesting nits when no mapping exists.]
11-19 05:32:15.485 1499 2319 E DisplayDeviceConfig: requesting nits when no mapping exists.
11-19 05:32:15.485 1499 2319 E DisplayDeviceConfig: requesting nits when no mapping exists.
11-19 05:32:15.485 1499 1645 I am_wtf : [0,1499,system_server,-1,DisplayDeviceConfig,requesting nits when no mapping exists.]
11-19 05:32:15.486 1499 1645 I am_wtf : [0,1499,system_server,-1,DisplayDeviceConfig,requesting nits when no mapping exists.]
11-19 05:32:15.501 1499 2319 E DisplayDeviceConfig: requesting nits when no mapping exists.
11-19 05:32:15.502 1499 1645 I am_wtf : [0,1499,system_server,-1,DisplayDeviceConfig,requesting nits when no mapping exists.]
11-19 05:32:15.503 1499 2319 E DisplayDeviceConfig: requesting nits when no mapping exists.
11-19 05:32:15.504 1499 1645 I am_wtf : [0,1499,system_server,-1,DisplayDeviceConfig,requesting nits when no mapping exists.]
11-19 05:32:15.518 1499 2319 E DisplayDeviceConfig: requesting nits when no mapping exists.
11-19 05:32:15.519 1499 2319 E DisplayDeviceConfig: requesting nits when no mapping exists.
11-19 05:32:15.519 1499 1645 I am_wtf : [0,1499,system_server,-1,DisplayDeviceConfig,requesting nits when no mapping exists.]
11-19 05:32:15.520 1499 1645 I am_wtf : [0,1499,system_server,-1,DisplayDeviceConfig,requesting nits when no mapping exists.]
11-19 05:32:15.535 1499 2319 E DisplayDeviceConfig: requesting nits when no mapping exists.
11-19 05:32:15.535 1499 2319 E DisplayDeviceConfig: requesting nits when no mapping exists.
11-19 05:32:15.535 1499 1645 I am_wtf : [0,1499,system_server,-1,DisplayDeviceConfig,requesting nits when no mapping exists.]
11-19 05:32:15.536 1499 1645 I am_wtf : [0,1499,system_server,-1,DisplayDeviceConfig,requesting nits when no mapping exists.]
11-19 05:32:15.551 1499 2319 E DisplayDeviceConfig: requesting nits when no mapping exists.
11-19 05:32:15.553 1499 1645 I am_wtf : [0,1499,system_server,-1,DisplayDeviceConfig,requesting nits when no mapping exists.]
11-19 05:32:15.553 1499 2319 E DisplayDeviceConfig: requesting nits when no mapping exists.
11-19 05:32:15.554 1499 1645 I am_wtf : [0,1499,system_server,-1,DisplayDeviceConfig,requesting nits when no mapping exists.]
11-19 05:32:15.563 1499 1499 I GameModeConfig: isGameModeOn = false
11-19 05:32:15.568 1499 2319 E DisplayDeviceConfig: requesting nits when no mapping exists.
11-19 05:32:15.569 1499 1645 I am_wtf : [0,1499,system_server,-1,DisplayDeviceConfig,requesting nits when no mapping exists.]
11-19 05:32:15.569 1499 2319 E DisplayDeviceConfig: requesting nits when no mapping exists.
11-19 05:32:15.570 1499 1645 I am_wtf : [0,1499,system_server,-1,DisplayDeviceConfig,requesting nits when no mapping exists.]
11-19 05:32:15.588 1499 2319 E DisplayDeviceConfig: requesting nits when no mapping exists.
11-19 05:32:15.589 1499 2319 E DisplayDeviceConfig: requesting nits when no mapping exists.
11-19 05:32:15.589 1499 1645 I am_wtf : [0,1499,system_server,-1,DisplayDeviceConfig,requesting nits when no mapping exists.]
11-19 05:32:15.590 1499 1645 I am_wtf : [0,1499,system_server,-1,DisplayDeviceConfig,requesting nits when no mapping exists.]
11-19 05:32:15.590 1499 1645 I service_manager_stats: [100,48,6955]
11-19 05:32:15.601 1499 2319 E DisplayDeviceConfig: requesting nits when no mapping exists.
11-19 05:32:15.602 1499 1645 I am_wtf : [0,1499,system_server,-1,DisplayDeviceConfig,requesting nits when no mapping exists.]
11-19 05:32:15.603 1499 2319 E DisplayDeviceConfig: requesting nits when no mapping exists.
11-19 05:32:15.603 1499 1645 I am_wtf : [0,1499,system_server,-1,DisplayDeviceConfig,requesting nits when no mapping exists.]
11-19 05:32:15.621 1499 2319 E DisplayDeviceConfig: requesting nits when no mapping exists.
11-19 05:32:15.622 1499 1645 I am_wtf : [0,1499,system_server,-1,DisplayDeviceConfig,requesting nits when no mapping exists.]
11-19 05:32:15.622 1499 2319 E DisplayDeviceConfig: requesting nits when no mapping exists.
11-19 05:32:15.623 1499 1645 I am_wtf : [0,1499,system_server,-1,DisplayDeviceConfig,requesting nits when no mapping exists.]
11-19 05:32:15.637 1499 2319 E DisplayDeviceConfig: requesting nits when no mapping exists.
11-19 05:32:15.638 1499 1645 I am_wtf : [0,1499,system_server,-1,DisplayDeviceConfig,requesting nits when no mapping exists.]
11-19 05:32:15.638 1499 2319 E DisplayDeviceConfig: requesting nits when no mapping exists.
11-19 05:32:15.638 1499 1645 I am_wtf : [0,1499,system_server,-1,DisplayDeviceConfig,requesting nits when no mapping exists.]
11-19 05:32:15.655 1499 2319 E DisplayDeviceConfig: requesting nits when no mapping exists.
11-19 05:32:15.656 1499 1645 I am_wtf : [0,1499,system_server,-1,DisplayDeviceConfig,requesting nits when no mapping exists.]
11-19 05:32:15.656 1499 2319 E DisplayDeviceConfig: requesting nits when no mapping exists.
11-19 05:32:15.657 1499 1645 I am_wtf : [0,1499,system_server,-1,DisplayDeviceConfig,requesting nits when no mapping exists.]
11-19 05:32:15.670 1499 2319 E DisplayDeviceConfig: requesting nits when no mapping exists.
11-19 05:32:15.671 1499 2319 E DisplayDeviceConfig: requesting nits when no mapping exists.
11-19 05:32:15.671 1499 1645 I am_wtf : [0,1499,system_server,-1,DisplayDeviceConfig,requesting nits when no mapping exists.]
11-19 05:32:15.672 1499 1645 I am_wtf : [0,1499,system_server,-1,DisplayDeviceConfig,requesting nits when no mapping exists.]
11-19 05:32:15.685 1499 2319 E DisplayDeviceConfig: requesting nits when no mapping exists.
11-19 05:32:15.686 1499 1645 I am_wtf : [0,1499,system_server,-1,DisplayDeviceConfig,requesting nits when no mapping exists.]
11-19 05:32:15.686 1499 2319 E DisplayDeviceConfig: requesting nits when no mapping exists.
11-19 05:32:15.687 1499 1645 I am_wtf : [0,1499,system_server,-1,DisplayDeviceConfig,requesting nits when no mapping exists.]
11-19 05:32:15.702 1499 2319 E DisplayDeviceConfig: requesting nits when no mapping exists.
11-19 05:32:15.702 1499 2319 E DisplayDeviceConfig: requesting nits when no mapping exists.
11-19 05:32:15.703 1499 1645 I am_wtf : [0,1499,system_server,-1,DisplayDeviceConfig,requesting nits when no mapping exists.]
11-19 05:32:15.704 1499 1645 I am_wtf : [0,1499,system_server,-1,DisplayDeviceConfig,requesting nits when no mapping exists.]
11-19 05:32:15.719 1499 2319 E DisplayDeviceConfig: requesting nits when no mapping exists.
11-19 05:32:15.719 1499 2319 E DisplayDeviceConfig: requesting nits when no mapping exists.
11-19 05:32:15.719 1499 1645 I am_wtf : [0,1499,system_server,-1,DisplayDeviceConfig,requesting nits when no mapping exists.]
11-19 05:32:15.720 1499 1645 I am_wtf : [0,1499,system_server,-1,DisplayDeviceConfig,requesting nits when no mapping exists.]
11-19 05:32:15.736 1499 2319 E DisplayDeviceConfig: requesting nits when no mapping exists.
11-19 05:32:15.736 1499 1645 I am_wtf : [0,1499,system_server,-1,DisplayDeviceConfig,requesting nits when no mapping exists.]
11-19 05:32:15.737 1499 2319 E DisplayDeviceConfig: requesting nits when no mapping exists.
11-19 05:32:15.737 1499 1645 I am_wtf : [0,1499,system_server,-1,DisplayDeviceConfig,requesting nits when no mapping exists.]
11-19 05:32:15.752 1499 2319 E DisplayDeviceConfig: requesting nits when no mapping exists.
11-19 05:32:15.753 1499 2319 E DisplayDeviceConfig: requesting nits when no mapping exists.
11-19 05:32:15.754 1499 1645 I am_wtf : [0,1499,system_server,-1,DisplayDeviceConfig,requesting nits when no mapping exists.]
11-19 05:32:15.754 1499 1645 I am_wtf : [0,1499,system_server,-1,DisplayDeviceConfig,requesting nits when no mapping exists.]
11-19 05:32:15.771 1499 2319 E DisplayDeviceConfig: requesting nits when no mapping exists.
11-19 05:32:15.772 1499 2319 E DisplayDeviceConfig: requesting nits when no mapping exists.
11-19 05:32:15.772 1499 1645 I am_wtf : [0,1499,system_server,-1,DisplayDeviceConfig,requesting nits when no mapping exists.]
11-19 05:32:15.773 1499 1645 I am_wtf : [0,1499,system_server,-1,DisplayDeviceConfig,requesting nits when no mapping exists.]
11-19 05:32:15.787 1499 2319 E DisplayDeviceConfig: requesting nits when no mapping exists.
11-19 05:32:15.788 1499 1645 I am_wtf : [0,1499,system_server,-1,DisplayDeviceConfig,requesting nits when no mapping exists.]
11-19 05:32:15.789 1499 2319 E DisplayDeviceConfig: requesting nits when no mapping exists.
11-19 05:32:15.790 1499 1645 I am_wtf : [0,1499,system_server,-1,DisplayDeviceConfig,requesting nits when no mapping exists.]
11-19 05:32:15.803 1499 2319 E DisplayDeviceConfig: requesting nits when no mapping exists.
11-19 05:32:15.804 1499 2319 E DisplayDeviceConfig: requesting nits when no mapping exists.
11-19 05:32:15.804 1499 1645 I am_wtf : [0,1499,system_server,-1,DisplayDeviceConfig,requesting nits when no mapping exists.]
11-19 05:32:15.806 1499 1645 I am_wtf : [0,1499,system_server,-1,DisplayDeviceConfig,requesting nits when no mapping exists.]
11-19 05:32:15.818 1499 2319 E DisplayDeviceConfig: requesting nits when no mapping exists.
11-19 05:32:15.820 1499 1645 I am_wtf : [0,1499,system_server,-1,DisplayDeviceConfig,requesting nits when no mapping exists.]
11-19 05:32:15.821 1499 2319 E DisplayDeviceConfig: requesting nits when no mapping exists.
11-19 05:32:15.822 1499 1645 I am_wtf : [0,1499,system_server,-1,DisplayDeviceConfig,requesting nits when no mapping exists.]
11-19 05:32:15.838 1499 2319 E DisplayDeviceConfig: requesting nits when no mapping exists.
11-19 05:32:15.839 1499 2319 E DisplayDeviceConfig: requesting nits when no mapping exists.
11-19 05:32:15.842 1499 1645 I am_wtf : [0,1499,system_server,-1,DisplayDeviceConfig,requesting nits when no mapping exists.]
11-19 05:32:15.846 1499 1645 I am_wtf : [0,1499,system_server,-1,DisplayDeviceConfig,requesting nits when no mapping exists.]
11-19 05:32:15.854 1499 2319 E DisplayDeviceConfig: requesting nits when no mapping exists.
11-19 05:32:15.855 1499 2319 E DisplayDeviceConfig: requesting nits when no mapping exists.
11-19 05:32:15.855 1499 1645 I am_wtf : [0,1499,system_server,-1,DisplayDeviceConfig,requesting nits when no mapping exists.]
11-19 05:32:15.856 1499 1645 I am_wtf : [0,1499,system_server,-1,DisplayDeviceConfig,requesting nits when no mapping exists.]
11-19 05:32:15.869 1499 2319 E DisplayDeviceConfig: requesting nits when no mapping exists.
11-19 05:32:15.870 1499 1645 I am_wtf : [0,1499,system_server,-1,DisplayDeviceConfig,requesting nits when no mapping exists.]
11-19 05:32:15.870 1499 2319 E DisplayDeviceConfig: requesting nits when no mapping exists.
11-19 05:32:15.872 1499 1645 I am_wtf : [0,1499,system_server,-1,DisplayDeviceConfig,requesting nits when no mapping exists.]
11-19 05:32:15.874 1499 1637 I wm_stop_activity: [0,210437317,com.android.deskclock/.DeskClock]
11-19 05:32:15.890 7802 7838 W ContextImpl: Calling a method in the system process without a qualified user: android.app.ContextImpl.startService:1816 android.content.ContextWrapper.startService:774 com.thundercomm.gamemode.ingame.services.GameModeActionUtils.startGameModeService:93 com.thundercomm.gamemode.ingame.services.GameModeActionUtils.startGameModeEntry:21 com.thundercomm.gamemode.ingame.services.ActivityMonitoringService$1.onActivityLaunch:127
11-19 05:32:15.899 1499 1499 I GameModeConfig: Current uri is uri = content://com.thundercomm.gamemode.api/gamemode_settings/gamemode_isgaming
11-19 05:32:15.901 1499 1499 I GameModeConfig: isGameModeOn = false
11-19 05:32:15.901 1499 1499 I GameModeConfig: isGameModeOn = false
11-19 05:32:15.901 1499 1499 I GameModeConfig: isDisableVoice = true
11-19 05:32:15.903 1499 2319 E DisplayDeviceConfig: requesting nits when no mapping exists.
11-19 05:32:15.904 1499 2319 E DisplayDeviceConfig: requesting nits when no mapping exists.
11-19 05:32:15.911 1499 1645 I am_wtf : [0,1499,system_server,-1,DisplayDeviceConfig,requesting nits when no mapping exists.]
11-19 05:32:15.911 14023 14023 I wm_on_paused_called: [210437317,com.android.deskclock.DeskClock,performPause]
11-19 05:32:15.911 1499 1645 I am_wtf : [0,1499,system_server,-1,DisplayDeviceConfig,requesting nits when no mapping exists.]
11-19 05:32:15.915 1499 2319 E DisplayDeviceConfig: requesting nits when no mapping exists.
11-19 05:32:15.915 1499 2319 E DisplayDeviceConfig: requesting nits when no mapping exists.
11-19 05:32:15.917 1499 1645 I am_wtf : [0,1499,system_server,-1,DisplayDeviceConfig,requesting nits when no mapping exists.]
11-19 05:32:15.918 1499 1645 I am_wtf : [0,1499,system_server,-1,DisplayDeviceConfig,requesting nits when no mapping exists.]
11-19 05:32:15.919 1499 2319 E DisplayDeviceConfig: requesting nits when no mapping exists.
11-19 05:32:15.919 1499 2319 E DisplayDeviceConfig: requesting nits when no mapping exists.
11-19 05:32:15.921 1499 1645 I am_wtf : [0,1499,system_server,-1,DisplayDeviceConfig,requesting nits when no mapping exists.]
11-19 05:32:15.923 1499 1645 I am_wtf : [0,1499,system_server,-1,DisplayDeviceConfig,requesting nits when no mapping exists.]
11-19 05:32:15.924 14023 14023 I wm_on_stop_called: [210437317,com.android.deskclock.DeskClock,STOP_ACTIVITY_ITEM]
11-19 05:32:15.935 1499 2319 E DisplayDeviceConfig: requesting nits when no mapping exists.
11-19 05:32:15.936 1499 1645 I am_wtf : [0,1499,system_server,-1,DisplayDeviceConfig,requesting nits when no mapping exists.]
11-19 05:32:15.936 1499 2319 E DisplayDeviceConfig: requesting nits when no mapping exists.
11-19 05:32:15.937 1499 1645 I am_wtf : [0,1499,system_server,-1,DisplayDeviceConfig,requesting nits when no mapping exists.]
11-19 05:32:15.949 7802 7838 W ContextImpl: Calling a method in the system process without a qualified user: android.app.ContextImpl.startService:1816 android.content.ContextWrapper.startService:774 com.thundercomm.gamemode.ingame.services.GameModeActionUtils.startGameModeService:93 com.thundercomm.gamemode.ingame.services.GameModeActionUtils.startGameModeEntry:21 com.thundercomm.gamemode.ingame.services.ActivityMonitoringService$1.onActivityLaunch:127
11-19 05:32:15.950 1499 2319 E DisplayDeviceConfig: requesting nits when no mapping exists.
11-19 05:32:15.950 1499 2319 E DisplayDeviceConfig: requesting nits when no mapping exists.
11-19 05:32:15.950 1499 1645 I am_wtf : [0,1499,system_server,-1,DisplayDeviceConfig,requesting nits when no mapping exists.]
11-19 05:32:15.951 1499 1645 I am_wtf : [0,1499,system_server,-1,DisplayDeviceConfig,requesting nits when no mapping exists.]
11-19 05:32:15.955 1499 1499 I GameModeConfig: Current uri is uri = content://com.thundercomm.gamemode.api/gamemode_settings/gamemode_isgaming
11-19 05:32:15.956 1499 1499 I GameModeConfig: isGameModeOn = false
11-19 05:32:15.957 1499 1499 I GameModeConfig: isGameModeOn = false
11-19 05:32:15.957 1499 1499 I GameModeConfig: isDisableVoice = true
11-19 05:32:15.967 1499 2319 E DisplayDeviceConfig: requesting nits when no mapping exists.
11-19 05:32:15.968 1499 1645 I am_wtf : [0,1499,system_server,-1,DisplayDeviceConfig,requesting nits when no mapping exists.]
11-19 05:32:15.968 1499 2319 E DisplayDeviceConfig: requesting nits when no mapping exists.
11-19 05:32:15.968 1499 1645 I am_wtf : [0,1499,system_server,-1,DisplayDeviceConfig,requesting nits when no mapping exists.]
11-19 05:32:15.984 1499 2319 E DisplayDeviceConfig: requesting nits when no mapping exists.
11-19 05:32:15.984 1499 2319 E DisplayDeviceConfig: requesting nits when no mapping exists.
11-19 05:32:15.984 1499 1645 I am_wtf : [0,1499,system_server,-1,DisplayDeviceConfig,requesting nits when no mapping exists.]
11-19 05:32:15.986 1499 1645 I am_wtf : [0,1499,system_server,-1,DisplayDeviceConfig,requesting nits when no mapping exists.]
11-19 05:32:16.000 1499 2319 E DisplayDeviceConfig: requesting nits when no mapping exists.
11-19 05:32:16.000 1499 2319 E DisplayDeviceConfig: requesting nits when no mapping exists.
11-19 05:32:16.001 1499 1645 I am_wtf : [0,1499,system_server,-1,DisplayDeviceConfig,requesting nits when no mapping exists.]
11-19 05:32:16.003 1499 1645 I am_wtf : [0,1499,system_server,-1,DisplayDeviceConfig,requesting nits when no mapping exists.]
11-19 05:32:16.017 1499 2319 E DisplayDeviceConfig: requesting nits when no mapping exists.
11-19 05:32:16.018 1499 2319 E DisplayDeviceConfig: requesting nits when no mapping exists.
11-19 05:32:16.018 1499 1645 I am_wtf : [0,1499,system_server,-1,DisplayDeviceConfig,requesting nits when no mapping exists.]
11-19 05:32:16.019 1499 1645 I am_wtf : [0,1499,system_server,-1,DisplayDeviceConfig,requesting nits when no mapping exists.]
11-19 05:32:16.033 1499 2319 E DisplayDeviceConfig: requesting nits when no mapping exists.
11-19 05:32:16.034 1499 2319 E DisplayDeviceConfig: requesting nits when no mapping exists.
11-19 05:32:16.034 1499 1645 I am_wtf : [0,1499,system_server,-1,DisplayDeviceConfig,requesting nits when no mapping exists.]
11-19 05:32:16.035 1499 1645 I am_wtf : [0,1499,system_server,-1,DisplayDeviceConfig,requesting nits when no mapping exists.]
11-19 05:32:16.050 1499 2319 E DisplayDeviceConfig: requesting nits when no mapping exists.
11-19 05:32:16.051 1499 1645 I am_wtf : [0,1499,system_server,-1,DisplayDeviceConfig,requesting nits when no mapping exists.]
11-19 05:32:16.051 1499 2319 E DisplayDeviceConfig: requesting nits when no mapping exists.
11-19 05:32:16.052 1499 1645 I am_wtf : [0,1499,system_server,-1,DisplayDeviceConfig,requesting nits when no mapping exists.]
11-19 05:32:16.067 1499 2319 E DisplayDeviceConfig: requesting nits when no mapping exists.
11-19 05:32:16.067 1499 1645 I am_wtf : [0,1499,system_server,-1,DisplayDeviceConfig,requesting nits when no mapping exists.]
11-19 05:32:16.068 1499 2319 E DisplayDeviceConfig: requesting nits when no mapping exists.
11-19 05:32:16.069 1499 1645 I am_wtf : [0,1499,system_server,-1,DisplayDeviceConfig,requesting nits when no mapping exists.]
11-19 05:32:16.084 1499 2319 E DisplayDeviceConfig: requesting nits when no mapping exists.
11-19 05:32:16.084 1499 2319 E DisplayDeviceConfig: requesting nits when no mapping exists.
11-19 05:32:16.084 1499 1645 I am_wtf : [0,1499,system_server,-1,DisplayDeviceConfig,requesting nits when no mapping exists.]
11-19 05:32:16.085 1499 1645 I am_wtf : [0,1499,system_server,-1,DisplayDeviceConfig,requesting nits when no mapping exists.]
11-19 05:32:16.101 1499 2319 E DisplayDeviceConfig: requesting nits when no mapping exists.
11-19 05:32:16.101 1499 1645 I am_wtf : [0,1499,system_server,-1,DisplayDeviceConfig,requesting nits when no mapping exists.]
11-19 05:32:16.102 1499 2319 E DisplayDeviceConfig: requesting nits when no mapping exists.
11-19 05:32:16.103 1499 1645 I am_wtf : [0,1499,system_server,-1,DisplayDeviceConfig,requesting nits when no mapping exists.]
11-19 05:32:16.117 1499 2319 E DisplayDeviceConfig: requesting nits when no mapping exists.
11-19 05:32:16.118 1499 2319 E DisplayDeviceConfig: requesting nits when no mapping exists.
11-19 05:32:16.118 1499 1645 I am_wtf : [0,1499,system_server,-1,DisplayDeviceConfig,requesting nits when no mapping exists.]
11-19 05:32:16.120 1499 1645 I am_wtf : [0,1499,system_server,-1,DisplayDeviceConfig,requesting nits when no mapping exists.]
11-19 05:32:16.134 1499 2319 E DisplayDeviceConfig: requesting nits when no mapping exists.
11-19 05:32:16.131 0 0 I auditd : type=1400 audit(0.0:13453): avc: denied { kill } for comm="swapper/3" capability=5 scontext=u:r:kernel:s0 tcontext=u:r:kernel:s0 tclass=capability permissive=0
11-19 05:32:16.134 1499 2319 E DisplayDeviceConfig: requesting nits when no mapping exists.
11-19 05:32:16.134 1499 1645 I am_wtf : [0,1499,system_server,-1,DisplayDeviceConfig,requesting nits when no mapping exists.]
11-19 05:32:16.136 1499 1645 I am_wtf : [0,1499,system_server,-1,DisplayDeviceConfig,requesting nits when no mapping exists.]
11-19 05:32:16.151 1499 2319 E DisplayDeviceConfig: requesting nits when no mapping exists.
11-19 05:32:16.151 1499 2319 E DisplayDeviceConfig: requesting nits when no mapping exists.
11-19 05:32:16.152 1499 1645 I am_wtf : [0,1499,system_server,-1,DisplayDeviceConfig,requesting nits when no mapping exists.]
11-19 05:32:16.153 1499 1645 I am_wtf : [0,1499,system_server,-1,DisplayDeviceConfig,requesting nits when no mapping exists.]
11-19 05:32:16.167 1499 2319 E DisplayDeviceConfig: requesting nits when no mapping exists.
11-19 05:32:16.168 1499 1645 I am_wtf : [0,1499,system_server,-1,DisplayDeviceConfig,requesting nits when no mapping exists.]
11-19 05:32:16.169 1499 2319 E DisplayDeviceConfig: requesting nits when no mapping exists.
11-19 05:32:16.170 1499 1645 I am_wtf : [0,1499,system_server,-1,DisplayDeviceConfig,requesting nits when no mapping exists.]
11-19 05:32:16.185 1499 2319 E DisplayDeviceConfig: requesting nits when no mapping exists.
11-19 05:32:16.186 1499 2319 E DisplayDeviceConfig: requesting nits when no mapping exists.
11-19 05:32:16.186 1499 1645 I am_wtf : [0,1499,system_server,-1,DisplayDeviceConfig,requesting nits when no mapping exists.]
11-19 05:32:16.187 1499 1645 I am_wtf : [0,1499,system_server,-1,DisplayDeviceConfig,requesting nits when no mapping exists.]
11-19 05:32:16.201 1499 2319 E DisplayDeviceConfig: requesting nits when no mapping exists.
11-19 05:32:16.201 1499 1645 I am_wtf : [0,1499,system_server,-1,DisplayDeviceConfig,requesting nits when no mapping exists.]
11-19 05:32:16.201 1499 2319 E DisplayDeviceConfig: requesting nits when no mapping exists.
11-19 05:32:16.202 1499 1645 I am_wtf : [0,1499,system_server,-1,DisplayDeviceConfig,requesting nits when no mapping exists.]
11-19 05:32:16.218 1499 2319 E DisplayDeviceConfig: requesting nits when no mapping exists.
11-19 05:32:16.218 1499 1645 I am_wtf : [0,1499,system_server,-1,DisplayDeviceConfig,requesting nits when no mapping exists.]
11-19 05:32:16.218 1499 2319 E DisplayDeviceConfig: requesting nits when no mapping exists.
11-19 05:32:16.219 1499 1645 I am_wtf : [0,1499,system_server,-1,DisplayDeviceConfig,requesting nits when no mapping exists.]
11-19 05:32:16.234 1499 2319 E DisplayDeviceConfig: requesting nits when no mapping exists.
11-19 05:32:16.235 1499 1645 I am_wtf : [0,1499,system_server,-1,DisplayDeviceConfig,requesting nits when no mapping exists.]
11-19 05:32:16.236 1499 2319 E DisplayDeviceConfig: requesting nits when no mapping exists.
11-19 05:32:16.236 1499 1645 I am_wtf : [0,1499,system_server,-1,DisplayDeviceConfig,requesting nits when no mapping exists.]
11-19 05:32:16.251 1499 2319 E DisplayDeviceConfig: requesting nits when no mapping exists.
11-19 05:32:16.252 1499 2319 E DisplayDeviceConfig: requesting nits when no mapping exists.
11-19 05:32:16.252 1499 1645 I am_wtf : [0,1499,system_server,-1,DisplayDeviceConfig,requesting nits when no mapping exists.]
11-19 05:32:16.253 1499 1645 I am_wtf : [0,1499,system_server,-1,DisplayDeviceConfig,requesting nits when no mapping exists.]
11-19 05:32:16.268 1499 2319 E DisplayDeviceConfig: requesting nits when no mapping exists.
11-19 05:32:16.270 1499 2319 E DisplayDeviceConfig: requesting nits when no mapping exists.
11-19 05:32:16.270 1499 1645 I am_wtf : [0,1499,system_server,-1,DisplayDeviceConfig,requesting nits when no mapping exists.]
11-19 05:32:16.271 1499 1645 I am_wtf : [0,1499,system_server,-1,DisplayDeviceConfig,requesting nits when no mapping exists.]
11-19 05:32:16.284 1499 2319 E DisplayDeviceConfig: requesting nits when no mapping exists.
11-19 05:32:16.285 1499 1645 I am_wtf : [0,1499,system_server,-1,DisplayDeviceConfig,requesting nits when no mapping exists.]
11-19 05:32:16.285 1499 2319 E DisplayDeviceConfig: requesting nits when no mapping exists.
11-19 05:32:16.286 1499 1645 I am_wtf : [0,1499,system_server,-1,DisplayDeviceConfig,requesting nits when no mapping exists.]
11-19 05:32:16.301 1499 2319 E DisplayDeviceConfig: requesting nits when no mapping exists.
11-19 05:32:16.301 1499 2319 E DisplayDeviceConfig: requesting nits when no mapping exists.
11-19 05:32:16.302 1499 1645 I am_wtf : [0,1499,system_server,-1,DisplayDeviceConfig,requesting nits when no mapping exists.]
11-19 05:32:16.302 1499 1645 I am_wtf : [0,1499,system_server,-1,DisplayDeviceConfig,requesting nits when no mapping exists.]
11-19 05:32:16.317 1499 2319 E DisplayDeviceConfig: requesting nits when no mapping exists.
11-19 05:32:16.318 1499 2319 E DisplayDeviceConfig: requesting nits when no mapping exists.
11-19 05:32:16.318 1499 1645 I am_wtf : [0,1499,system_server,-1,DisplayDeviceConfig,requesting nits when no mapping exists.]
11-19 05:32:16.319 1499 1645 I am_wtf : [0,1499,system_server,-1,DisplayDeviceConfig,requesting nits when no mapping exists.]
11-19 05:32:16.334 1499 2319 E DisplayDeviceConfig: requesting nits when no mapping exists.
11-19 05:32:16.335 1499 2319 E DisplayDeviceConfig: requesting nits when no mapping exists.
11-19 05:32:16.335 1499 1645 I am_wtf : [0,1499,system_server,-1,DisplayDeviceConfig,requesting nits when no mapping exists.]
11-19 05:32:16.335 1499 1645 I am_wtf : [0,1499,system_server,-1,DisplayDeviceConfig,requesting nits when no mapping exists.]
11-19 05:32:17.131 0 0 I auditd : type=1400 audit(0.0:13454): avc: denied { kill } for comm="swapper/3" capability=5 scontext=u:r:kernel:s0 tcontext=u:r:kernel:s0 tclass=capability permissive=0
11-19 05:32:18.131 0 0 I auditd : type=1400 audit(0.0:13455): avc: denied { kill } for comm="swapper/3" capability=5 scontext=u:r:kernel:s0 tcontext=u:r:kernel:s0 tclass=capability permissive=0
11-19 05:32:19.131 0 0 I auditd : type=1400 audit(0.0:13456): avc: denied { kill } for comm="swapper/3" capability=5 scontext=u:r:kernel:s0 tcontext=u:r:kernel:s0 tclass=capability permissive=0
11-19 05:32:20.131 0 0 I auditd : type=1400 audit(0.0:13457): avc: denied { kill } for comm="swapper/3" capability=5 scontext=u:r:kernel:s0 tcontext=u:r:kernel:s0 tclass=capability permissive=0
11-19 05:32:21.131 0 0 I auditd : type=1400 audit(0.0:13458): avc: denied { kill } for comm="swapper/3" capability=5 scontext=u:r:kernel:s0 tcontext=u:r:kernel:s0 tclass=capability permissive=0
11-19 05:32:22.131 0 0 I auditd : type=1400 audit(0.0:13459): avc: denied { kill } for comm="swapper/3" capability=5 scontext=u:r:kernel:s0 tcontext=u:r:kernel:s0 tclass=capability permissive=0
11-19 05:32:23.131 0 0 I auditd : type=1400 audit(0.0:13460): avc: denied { kill } for comm="swapper/3" capability=5 scontext=u:r:kernel:s0 tcontext=u:r:kernel:s0 tclass=capability permissive=0
11-19 05:32:24.131 0 0 I auditd : type=1400 audit(0.0:13461): avc: denied { kill } for comm="swapper/3" capability=5 scontext=u:r:kernel:s0 tcontext=u:r:kernel:s0 tclass=capability permissive=0
11-19 05:32:25.131 0 0 I auditd : type=1400 audit(0.0:13462): avc: denied { kill } for comm="swapper/3" capability=5 scontext=u:r:kernel:s0 tcontext=u:r:kernel:s0 tclass=capability permissive=0
11-19 05:32:25.569 1499 2284 I GameModeConfig: isGameModeOn = false
11-19 05:32:26.131 0 0 I auditd : type=1400 audit(0.0:13463): avc: denied { kill } for comm="swapper/3" capability=5 scontext=u:r:kernel:s0 tcontext=u:r:kernel:s0 tclass=capability permissive=0
11-19 05:32:27.131 0 0 I auditd : type=1400 audit(0.0:13464): avc: denied { kill } for comm="swapper/3" capability=5 scontext=u:r:kernel:s0 tcontext=u:r:kernel:s0 tclass=capability permissive=0
11-19 05:32:28.131 0 0 I auditd : type=1400 audit(0.0:13465): avc: denied { kill } for comm="swapper/3" capability=5 scontext=u:r:kernel:s0 tcontext=u:r:kernel:s0 tclass=capability permissive=0
11-19 05:32:29.131 0 0 I auditd : type=1400 audit(0.0:13466): avc: denied { kill } for comm="swapper/3" capability=5 scontext=u:r:kernel:s0 tcontext=u:r:kernel:s0 tclass=capability permissive=0
11-19 05:32:30.131 0 0 I auditd : type=1400 audit(0.0:13467): avc: denied { kill } for comm="swapper/3" capability=5 scontext=u:r:kernel:s0 tcontext=u:r:kernel:s0 tclass=capability permissive=0
11-19 05:32:31.131 0 0 I auditd : type=1400 audit(0.0:13468): avc: denied { kill } for comm="swapper/3" capability=5 scontext=u:r:kernel:s0 tcontext=u:r:kernel:s0 tclass=capability permissive=0
11-19 05:32:32.131 0 0 I auditd : type=1400 audit(0.0:13469): avc: denied { kill } for comm="swapper/3" capability=5 scontext=u:r:kernel:s0 tcontext=u:r:kernel:s0 tclass=capability permissive=0
11-19 05:32:33.131 0 0 I auditd : type=1400 audit(0.0:13470): avc: denied { kill } for comm="swapper/3" capability=5 scontext=u:r:kernel:s0 tcontext=u:r:kernel:s0 tclass=capability permissive=0
11-19 05:32:34.131 0 0 I auditd : type=1400 audit(0.0:13471): avc: denied { kill } for comm="swapper/3" capability=5 scontext=u:r:kernel:s0 tcontext=u:r:kernel:s0 tclass=capability permissive=0
