11-19 05:25:08.737 1499 1638 W WindowManager: updateScale0.7996942
11-19 05:25:08.737 14043 14043 I wm_on_paused_called: [163398617,com.android.permissioncontroller.permission.ui.GrantPermissionsActivity,performPause]
11-19 05:25:08.739 1499 1729 I ActivityTaskManager: FOREGROUND_APPLICATION_CHANGED to com.android.deskclock.DeskClock
11-19 05:25:08.741 1499 1729 I wm_resume_activity: [0,28106045,71,com.android.deskclock/.DeskClock]
11-19 05:25:08.743 1499 1729 I wm_resume_activity: [0,28106045,71,com.android.deskclock/.DeskClock]
11-19 05:25:08.747 1499 1637 I sysui_multi_action: [757,803,799,window_time_0,802,3]
11-19 05:25:08.753 1499 1729 I WindowManager: finishDrawing of relaunch: Window{6b7688d u0 com.android.deskclock/com.android.deskclock.DeskClock} 137ms
11-19 05:25:08.753 1499 1638 W WindowManager: updateScale0.7996942
11-19 05:25:08.754 1499 1638 W WindowManager: updateScale0.7996942
11-19 05:25:08.755 1499 3791 E TaskPersister: File error accessing recents directory (directory doesn't exist?).
11-19 05:25:08.756 1499 5517 W WindowManager: updateScale0.7996942
11-19 05:25:08.763 14023 14023 I wm_on_paused_called: [28106045,com.android.deskclock.DeskClock,performPause]
11-19 05:25:08.763 14023 14023 I wm_on_activity_result_called: [28106045,com.android.deskclock.DeskClock,ACTIVITY_RESULT]
11-19 05:25:08.763 14023 14023 I wm_on_resume_called: [28106045,com.android.deskclock.DeskClock,ACTIVITY_RESULT]
11-19 05:25:08.773 1499 1729 I wm_destroy_activity: [0,163398617,71,com.android.permissioncontroller/.permission.ui.GrantPermissionsActivity,finish-idle]
11-19 05:25:08.775 14043 14043 I wm_on_stop_called: [163398617,com.android.permissioncontroller.permission.ui.GrantPermissionsActivity,LIFECYCLER_STOP_ACTIVITY]
11-19 05:25:08.776 14043 14043 I wm_on_destroy_called: [163398617,com.android.permissioncontroller.permission.ui.GrantPermissionsActivity,performDestroy]
11-19 05:25:08.778 1499 4942 W WindowManager: updateScale0.7996942
11-19 05:25:08.789 1499 1729 I wm_resume_activity: [0,28106045,71,com.android.deskclock/.DeskClock]
11-19 05:25:08.791 1499 1638 I input_focus: [Focus request 632f7bf com.android.launcher3/com.android.launcher3.uioverrides.QuickstepLauncher,reason=UpdateInputWindows]
11-19 05:25:08.793 1499 1638 W WindowManager: updateScale0.7996942
11-19 05:25:08.795 1499 1831 I input_focus: [Focus leaving recents_animation_input_consumer (server),reason=setFocusedWindow]
11-19 05:25:08.795 1499 1831 I input_focus: [Focus entering 632f7bf com.android.launcher3/com.android.launcher3.uioverrides.QuickstepLauncher (server),reason=setFocusedWindow]
11-19 05:25:08.851 7802 7838 W ContextImpl: Calling a method in the system process without a qualified user: android.app.ContextImpl.startService:1816 android.content.ContextWrapper.startService:774 com.thundercomm.gamemode.ingame.services.GameModeActionUtils.startGameModeService:93 com.thundercomm.gamemode.ingame.services.GameModeActionUtils.startGameModeEntry:21 com.thundercomm.gamemode.ingame.services.ActivityMonitoringService$1.onActivityLaunch:127
11-19 05:25:08.858 1499 1499 I GameModeConfig: Current uri is uri = content://com.thundercomm.gamemode.api/gamemode_settings/gamemode_isgaming
11-19 05:25:08.860 1499 1499 I GameModeConfig: isGameModeOn = false
11-19 05:25:08.861 1499 1499 I GameModeConfig: isGameModeOn = false
11-19 05:25:08.861 1499 1499 I GameModeConfig: isDisableVoice = true
11-19 05:25:09.049 1499 4942 I wm_task_moved: [1,1,6]
11-19 05:25:09.050 1499 4942 I wm_task_moved: [10,1,2147483647]
11-19 05:25:09.050 1499 4942 I wm_task_to_front: [0,10]
11-19 05:25:09.050 1499 4942 I wm_focused_root_task: [0,0,1,71,RecentsAnimation.onAnimationFinished()]
11-19 05:25:09.051 1499 4942 I wm_set_resumed_activity: [0,com.android.launcher3/.uioverrides.QuickstepLauncher,RecentsAnimation.onAnimationFinished()]
11-19 05:25:09.053 1499 4942 I ActivityTaskManager: FOREGROUND_APPLICATION_CHANGED to com.android.launcher3.uioverrides.QuickstepLauncher
11-19 05:25:09.054 1499 4942 I wm_set_resumed_activity: [0,com.android.launcher3/.uioverrides.QuickstepLauncher,resumeTopActivityInnerLocked]
11-19 05:25:09.057 1499 4942 I wm_resume_activity: [0,19758722,10,com.android.launcher3/.uioverrides.QuickstepLauncher]
11-19 05:25:09.061 1499 4942 W WindowManager: updateScale0.7996942
11-19 05:25:09.064 1499 4942 W WindowManager: updateScale0.7996942
11-19 05:25:09.068 2802 2802 I wm_on_resume_called: [19758722,com.android.launcher3.uioverrides.QuickstepLauncher,RESUME_ACTIVITY]
11-19 05:25:09.068 2802 2802 I wm_on_top_resumed_gained_called: [19758722,com.android.launcher3.uioverrides.QuickstepLauncher,topWhenResuming]
11-19 05:25:09.074 1499 1637 I sysui_multi_action: [757,803,799,window_time_2,802,0]
11-19 05:25:09.127 7802 7838 W ContextImpl: Calling a method in the system process without a qualified user: android.app.ContextImpl.startService:1816 android.content.ContextWrapper.startService:774 com.thundercomm.gamemode.ingame.services.GameModeActionUtils.startGameModeService:93 com.thundercomm.gamemode.ingame.services.GameModeActionUtils.startGameModeEntry:21 com.thundercomm.gamemode.ingame.services.ActivityMonitoringService$1.onActivityLaunch:127
11-19 05:25:09.130 1499 1499 I GameModeConfig: Current uri is uri = content://com.thundercomm.gamemode.api/gamemode_settings/gamemode_isgaming
11-19 05:25:09.132 1499 1499 I GameModeConfig: isGameModeOn = false
11-19 05:25:09.132 1499 1499 I GameModeConfig: isGameModeOn = false
11-19 05:25:09.132 1499 1499 I GameModeConfig: isDisableVoice = true
11-19 05:25:09.179 7802 7838 W ContextImpl: Calling a method in the system process without a qualified user: android.app.ContextImpl.startService:1816 android.content.ContextWrapper.startService:774 com.thundercomm.gamemode.ingame.services.GameModeActionUtils.startGameModeService:93 com.thundercomm.gamemode.ingame.services.GameModeActionUtils.startGameModeEntry:21 com.thundercomm.gamemode.ingame.services.ActivityMonitoringService$1.onActivityLaunch:127
11-19 05:25:09.184 1499 1499 I GameModeConfig: Current uri is uri = content://com.thundercomm.gamemode.api/gamemode_settings/gamemode_isgaming
11-19 05:25:09.186 1499 1499 I GameModeConfig: isGameModeOn = false
11-19 05:25:09.186 1499 1499 I GameModeConfig: isGameModeOn = false
11-19 05:25:09.186 1499 1499 I GameModeConfig: isDisableVoice = true
11-19 05:25:09.928 1499 1831 I input_interaction: Interaction with: 6b7688d com.android.deskclock/com.android.deskclock.DeskClock (server), edge-swipe (server), swipe-up (server), PointerEventDispatcher0 (server),
11-19 05:25:09.933 1499 1637 I wm_task_moved: [71,1,6]
11-19 05:25:09.933 1499 1637 I wm_task_to_front: [0,71]
11-19 05:25:09.934 1499 1637 W WindowManager: updateScale0.7996942
11-19 05:25:09.936 1499 1637 I wm_focused_root_task: [0,0,71,1,setFocusedTask]
11-19 05:25:09.937 2802 2802 I wm_on_top_resumed_lost_called: [19758722,com.android.launcher3.uioverrides.QuickstepLauncher,topStateChangedWhenResumed]
11-19 05:25:09.937 1499 1637 I wm_set_resumed_activity: [0,com.android.deskclock/.DeskClock,setFocusedTask]
11-19 05:25:09.938 1499 1637 I ActivityTaskManager: FOREGROUND_APPLICATION_CHANGED to com.android.deskclock.DeskClock
11-19 05:25:09.939 1499 1637 I wm_resume_activity: [0,28106045,71,com.android.deskclock/.DeskClock]
11-19 05:25:09.940 1499 1638 I input_focus: [Focus request 6b7688d com.android.deskclock/com.android.deskclock.DeskClock,reason=UpdateInputWindows]
11-19 05:25:09.944 1499 1638 W WindowManager: updateScale0.7996942
11-19 05:25:09.952 1499 1831 I input_focus: [Focus leaving 632f7bf com.android.launcher3/com.android.launcher3.uioverrides.QuickstepLauncher (server),reason=setFocusedWindow]
11-19 05:25:09.953 1499 1831 I input_focus: [Focus entering 6b7688d com.android.deskclock/com.android.deskclock.DeskClock (server),reason=setFocusedWindow]
11-19 05:25:10.071 1499 4942 I wm_relaunch_resume_activity: [0,28106045,71,com.android.deskclock/.DeskClock]
11-19 05:25:10.072 1499 4942 I wm_add_to_stopping: [0,19758722,com.android.launcher3/.uioverrides.QuickstepLauncher,makeInvisible]
11-19 05:25:10.073 1499 4942 I wm_pause_activity: [0,19758722,com.android.launcher3/.uioverrides.QuickstepLauncher,userLeaving=false,pauseBackTasks]
11-19 05:25:10.074 2802 2802 I wm_on_paused_called: [19758722,com.android.launcher3.uioverrides.QuickstepLauncher,performPause]
11-19 05:25:10.076 1499 4942 D FreeFormWindowHelper: Remove freefrom task=Task{bd6ee94 #71 type=standard A=10063:com.android.deskclock U=0 visible=true mode=fullscreen translucent=false sz=1}
11-19 05:25:10.082 1499 1729 I wm_resume_activity: [0,28106045,71,com.android.deskclock/.DeskClock]
11-19 05:25:10.089 1499 1637 I sysui_multi_action: [757,803,799,window_time_0,802,1]
11-19 05:25:10.100 1499 4942 W WindowManager: Attempted to set replacing window on app token with no content Token{c512201 ActivityRecord{1acdd3d u0 com.android.deskclock/.DeskClock t71}}
11-19 05:25:10.101 14023 14023 I wm_on_paused_called: [28106045,com.android.deskclock.DeskClock,performPause]
11-19 05:25:10.103 14023 14023 I wm_on_stop_called: [28106045,com.android.deskclock.DeskClock,handleRelaunchActivity]
11-19 05:25:10.113 1499 1644 I am_pss : [14023,10063,com.android.deskclock,59881472,53649408,0,183181312,0,2,8]
11-19 05:25:10.114 14023 14023 I wm_on_destroy_called: [28106045,com.android.deskclock.DeskClock,performDestroy]
11-19 05:25:10.123 1499 1644 I am_pss : [13960,10066,com.android.gallery3d,8325120,6205440,0,93667328,0,19,6]
11-19 05:25:10.130 1499 1729 I ActivityTaskManager: START u0 {act=android.content.pm.action.REQUEST_PERMISSIONS pkg=com.android.permissioncontroller cmp=com.android.permissioncontroller/.permission.ui.GrantPermissionsActivity (has extras)} from uid 10063
11-19 05:25:10.130 1499 1729 W ActivityTaskManager: Background activity start [callingPackage: com.android.deskclock; callingUid: 10063; appSwitchAllowed: false; isCallingUidForeground: true; callingUidHasAnyVisibleWindow: true; callingUidProcState: TOP; isCallingUidPersistentSystemProcess: false; realCallingUid: 10063; isRealCallingUidForeground: true; realCallingUidHasAnyVisibleWindow: true; realCallingUidProcState: TOP; isRealCallingUidPersistentSystemProcess: false; originatingPendingIntent: null; allowBackgroundActivityStart: false; intent: Intent { act=android.content.pm.action.REQUEST_PERMISSIONS pkg=com.android.permissioncontroller cmp=com.android.permissioncontroller/.permission.ui.GrantPermissionsActivity (has extras) }; callerApp: ProcessRecord{c30f932 14023:com.android.deskclock/u0a63}; inVisibleTask: true]
11-19 05:25:10.130 1499 1729 I sysui_multi_action: [757,1513,758,4,805,1668806710130,1514,10063,1515,com.android.deskclock,1516,1002,1517,1,1518,10063,1519,1002,1520,1,1526,com.android.permissioncontroller/.permission.ui.GrantPermissionsActivity,1527,0,1528,android.content.pm.action.REQUEST_PERMISSIONS,1529,com.android.deskclock,1530,1002,1531,0,1532,0,1533,1,1534,0,1535,0,1536,1,1537,10787]
11-19 05:25:10.132 1499 1729 I wm_create_activity: [0,223177440,71,com.android.permissioncontroller/.permission.ui.GrantPermissionsActivity,android.content.pm.action.REQUEST_PERMISSIONS,NULL,NULL,8388608]
11-19 05:25:10.144 14023 14023 I wm_on_create_called: [28106045,com.android.deskclock.DeskClock,performCreate]
11-19 05:25:10.174 14023 14023 I wm_on_start_called: [28106045,com.android.deskclock.DeskClock,handleStartActivity]
11-19 05:25:10.175 14023 14023 I wm_on_resume_called: [28106045,com.android.deskclock.DeskClock,RESUME_ACTIVITY]
11-19 05:25:10.193 7802 7838 W ContextImpl: Calling a method in the system process without a qualified user: android.app.ContextImpl.startService:1816 android.content.ContextWrapper.startService:774 com.thundercomm.gamemode.ingame.services.GameModeActionUtils.startGameModeService:93 com.thundercomm.gamemode.ingame.services.GameModeActionUtils.startGameModeEntry:21 com.thundercomm.gamemode.ingame.services.ActivityMonitoringService$1.onActivityLaunch:127
11-19 05:25:10.206 1499 1499 I GameModeConfig: Current uri is uri = content://com.thundercomm.gamemode.api/gamemode_settings/gamemode_isgaming
11-19 05:25:10.209 1499 1499 I GameModeConfig: isGameModeOn = false
11-19 05:25:10.209 1499 1499 I GameModeConfig: isGameModeOn = false
11-19 05:25:10.209 1499 1499 I GameModeConfig: isDisableVoice = true
11-19 05:25:10.218 1499 4942 I WindowManager: finishDrawing of relaunch: Window{6b7688d u0 com.android.deskclock/com.android.deskclock.DeskClock} 146ms
11-19 05:25:11.131 0 0 I auditd : type=1400 audit(0.0:13052): avc: denied { kill } for comm="swapper/0" capability=5 scontext=u:r:kernel:s0 tcontext=u:r:kernel:s0 tclass=capability permissive=0
11-19 05:25:12.131 0 0 I auditd : type=1400 audit(0.0:13053): avc: denied { kill } for comm="swapper/0" capability=5 scontext=u:r:kernel:s0 tcontext=u:r:kernel:s0 tclass=capability permissive=0
11-19 05:25:13.131 0 0 I auditd : type=1400 audit(0.0:13054): avc: denied { kill } for comm="swapper/0" capability=5 scontext=u:r:kernel:s0 tcontext=u:r:kernel:s0 tclass=capability permissive=0
11-19 05:25:13.139 1499 3791 E TaskPersister: File error accessing recents directory (directory doesn't exist?).
11-19 05:25:14.131 354 354 I auditd : type=1400 audit(0.0:13055): avc: denied { kill } for comm="irq/382-atmel_m" capability=5 scontext=u:r:kernel:s0 tcontext=u:r:kernel:s0 tclass=capability permissive=0
11-19 05:25:15.131 354 354 I auditd : type=1400 audit(0.0:13056): avc: denied { kill } for comm="irq/382-atmel_m" capability=5 scontext=u:r:kernel:s0 tcontext=u:r:kernel:s0 tclass=capability permissive=0
11-19 05:25:16.131 354 354 I auditd : type=1400 audit(0.0:13057): avc: denied { kill } for comm="irq/382-atmel_m" capability=5 scontext=u:r:kernel:s0 tcontext=u:r:kernel:s0 tclass=capability permissive=0
11-19 05:25:17.131 0 0 I auditd : type=1400 audit(0.0:13058): avc: denied { kill } for comm="swapper/0" capability=5 scontext=u:r:kernel:s0 tcontext=u:r:kernel:s0 tclass=capability permissive=0
11-19 05:25:18.131 0 0 I auditd : type=1400 audit(0.0:13059): avc: denied { kill } for comm="swapper/0" capability=5 scontext=u:r:kernel:s0 tcontext=u:r:kernel:s0 tclass=capability permissive=0
11-19 05:25:19.131 354 354 I auditd : type=1400 audit(0.0:13060): avc: denied { kill } for comm="irq/382-atmel_m" capability=5 scontext=u:r:kernel:s0 tcontext=u:r:kernel:s0 tclass=capability permissive=0
11-19 05:25:20.079 1499 1637 W ActivityTaskManager: Launch timeout has expired, giving up wake lock!
11-19 05:25:20.131 0 0 I auditd : type=1400 audit(0.0:13061): avc: denied { kill } for comm="swapper/0" capability=5 scontext=u:r:kernel:s0 tcontext=u:r:kernel:s0 tclass=capability permissive=0
11-19 05:25:21.131 354 354 I auditd : type=1400 audit(0.0:13062): avc: denied { kill } for comm="irq/382-atmel_m" capability=5 scontext=u:r:kernel:s0 tcontext=u:r:kernel:s0 tclass=capability permissive=0
11-19 05:25:22.131 0 0 I auditd : type=1400 audit(0.0:13063): avc: denied { kill } for comm="swapper/0" capability=5 scontext=u:r:kernel:s0 tcontext=u:r:kernel:s0 tclass=capability permissive=0
11-19 05:25:23.131 0 0 I auditd : type=1400 audit(0.0:13064): avc: denied { kill } for comm="swapper/0" capability=5 scontext=u:r:kernel:s0 tcontext=u:r:kernel:s0 tclass=capability permissive=0
11-19 05:25:24.131 0 0 I auditd : type=1400 audit(0.0:13065): avc: denied { kill } for comm="swapper/0" capability=5 scontext=u:r:kernel:s0 tcontext=u:r:kernel:s0 tclass=capability permissive=0
11-19 05:25:25.131 0 0 I auditd : type=1400 audit(0.0:13066): avc: denied { kill } for comm="swapper/0" capability=5 scontext=u:r:kernel:s0 tcontext=u:r:kernel:s0 tclass=capability permissive=0
11-19 05:25:26.131 0 0 I auditd : type=1400 audit(0.0:13067): avc: denied { kill } for comm="swapper/0" capability=5 scontext=u:r:kernel:s0 tcontext=u:r:kernel:s0 tclass=capability permissive=0
11-19 05:25:27.131 0 0 I auditd : type=1400 audit(0.0:13068): avc: denied { kill } for comm="swapper/0" capability=5 scontext=u:r:kernel:s0 tcontext=u:r:kernel:s0 tclass=capability permissive=0
11-19 05:25:28.131 0 0 I auditd : type=1400 audit(0.0:13069): avc: denied { kill } for comm="swapper/0" capability=5 scontext=u:r:kernel:s0 tcontext=u:r:kernel:s0 tclass=capability permissive=0
11-19 05:25:29.131 0 0 I auditd : type=1400 audit(0.0:13070): avc: denied { kill } for comm="swapper/0" capability=5 scontext=u:r:kernel:s0 tcontext=u:r:kernel:s0 tclass=capability permissive=0
11-19 05:25:30.131 354 354 I auditd : type=1400 audit(0.0:13071): avc: denied { kill } for comm="irq/382-atmel_m" capability=5 scontext=u:r:kernel:s0 tcontext=u:r:kernel:s0 tclass=capability permissive=0
11-19 05:25:31.131 0 0 I auditd : type=1400 audit(0.0:13072): avc: denied { kill } for comm="swapper/0" capability=5 scontext=u:r:kernel:s0 tcontext=u:r:kernel:s0 tclass=capability permissive=0
11-19 05:25:32.131 354 354 I auditd : type=1400 audit(0.0:13073): avc: denied { kill } for comm="irq/382-atmel_m" capability=5 scontext=u:r:kernel:s0 tcontext=u:r:kernel:s0 tclass=capability permissive=0
11-19 05:25:33.131 354 354 I auditd : type=1400 audit(0.0:13074): avc: denied { kill } for comm="irq/382-atmel_m" capability=5 scontext=u:r:kernel:s0 tcontext=u:r:kernel:s0 tclass=capability permissive=0
11-19 05:25:34.131 0 0 I auditd : type=1400 audit(0.0:13075): avc: denied { kill } for comm="swapper/0" capability=5 scontext=u:r:kernel:s0 tcontext=u:r:kernel:s0 tclass=capability permissive=0
11-19 05:25:35.131 0 0 I auditd : type=1400 audit(0.0:13076): avc: denied { kill } for comm="swapper/3" capability=5 scontext=u:r:kernel:s0 tcontext=u:r:kernel:s0 tclass=capability permissive=0
11-19 05:25:36.131 0 0 I auditd : type=1400 audit(0.0:13077): avc: denied { kill } for comm="swapper/3" capability=5 scontext=u:r:kernel:s0 tcontext=u:r:kernel:s0 tclass=capability permissive=0
11-19 05:25:37.131 0 0 I auditd : type=1400 audit(0.0:13078): avc: denied { kill } for comm="swapper/3" capability=5 scontext=u:r:kernel:s0 tcontext=u:r:kernel:s0 tclass=capability permissive=0
11-19 05:25:38.131 0 0 I auditd : type=1400 audit(0.0:13079): avc: denied { kill } for comm="swapper/3" capability=5 scontext=u:r:kernel:s0 tcontext=u:r:kernel:s0 tclass=capability permissive=0
11-19 05:25:39.131 0 0 I auditd : type=1400 audit(0.0:13080): avc: denied { kill } for comm="swapper/3" capability=5 scontext=u:r:kernel:s0 tcontext=u:r:kernel:s0 tclass=capability permissive=0
11-19 05:25:40.131 0 0 I auditd : type=1400 audit(0.0:13081): avc: denied { kill } for comm="swapper/3" capability=5 scontext=u:r:kernel:s0 tcontext=u:r:kernel:s0 tclass=capability permissive=0
11-19 05:25:41.131 0 0 I auditd : type=1400 audit(0.0:13082): avc: denied { kill } for comm="swapper/3" capability=5 scontext=u:r:kernel:s0 tcontext=u:r:kernel:s0 tclass=capability permissive=0
11-19 05:25:42.131 0 0 I auditd : type=1400 audit(0.0:13083): avc: denied { kill } for comm="swapper/3" capability=5 scontext=u:r:kernel:s0 tcontext=u:r:kernel:s0 tclass=capability permissive=0
11-19 05:25:43.131 0 0 I auditd : type=1400 audit(0.0:13084): avc: denied { kill } for comm="swapper/3" capability=5 scontext=u:r:kernel:s0 tcontext=u:r:kernel:s0 tclass=capability permissive=0
11-19 05:25:44.131 0 0 I auditd : type=1400 audit(0.0:13085): avc: denied { kill } for comm="swapper/3" capability=5 scontext=u:r:kernel:s0 tcontext=u:r:kernel:s0 tclass=capability permissive=0
11-19 05:25:45.131 0 0 I auditd : type=1400 audit(0.0:13086): avc: denied { kill } for comm="swapper/3" capability=5 scontext=u:r:kernel:s0 tcontext=u:r:kernel:s0 tclass=capability permissive=0
11-19 05:25:46.131 0 0 I auditd : type=1400 audit(0.0:13087): avc: denied { kill } for comm="swapper/3" capability=5 scontext=u:r:kernel:s0 tcontext=u:r:kernel:s0 tclass=capability permissive=0
11-19 05:25:47.131 0 0 I auditd : type=1400 audit(0.0:13088): avc: denied { kill } for comm="swapper/3" capability=5 scontext=u:r:kernel:s0 tcontext=u:r:kernel:s0 tclass=capability permissive=0
11-19 05:25:48.131 0 0 I auditd : type=1400 audit(0.0:13089): avc: denied { kill } for comm="swapper/3" capability=5 scontext=u:r:kernel:s0 tcontext=u:r:kernel:s0 tclass=capability permissive=0
11-19 05:25:49.131 0 0 I auditd : type=1400 audit(0.0:13090): avc: denied { kill } for comm="swapper/3" capability=5 scontext=u:r:kernel:s0 tcontext=u:r:kernel:s0 tclass=capability permissive=0
11-19 05:25:50.131 0 0 I auditd : type=1400 audit(0.0:13091): avc: denied { kill } for comm="swapper/3" capability=5 scontext=u:r:kernel:s0 tcontext=u:r:kernel:s0 tclass=capability permissive=0
11-19 05:25:50.391 1499 1645 I am_uid_idle: 10050
11-19 05:25:51.131 0 0 I auditd : type=1400 audit(0.0:13092): avc: denied { kill } for comm="swapper/3" capability=5 scontext=u:r:kernel:s0 tcontext=u:r:kernel:s0 tclass=capability permissive=0
11-19 05:25:52.131 0 0 I auditd : type=1400 audit(0.0:13093): avc: denied { kill } for comm="swapper/3" capability=5 scontext=u:r:kernel:s0 tcontext=u:r:kernel:s0 tclass=capability permissive=0
11-19 05:25:53.131 0 0 I auditd : type=1400 audit(0.0:13094): avc: denied { kill } for comm="swapper/3" capability=5 scontext=u:r:kernel:s0 tcontext=u:r:kernel:s0 tclass=capability permissive=0
11-19 05:25:53.627 1499 1645 I am_uid_idle: 10090
11-19 05:25:54.131 0 0 I auditd : type=1400 audit(0.0:13095): avc: denied { kill } for comm="swapper/3" capability=5 scontext=u:r:kernel:s0 tcontext=u:r:kernel:s0 tclass=capability permissive=0
11-19 05:25:55.131 0 0 I auditd : type=1400 audit(0.0:13096): avc: denied { kill } for comm="swapper/3" capability=5 scontext=u:r:kernel:s0 tcontext=u:r:kernel:s0 tclass=capability permissive=0
11-19 05:25:56.131 0 0 I auditd : type=1400 audit(0.0:13097): avc: denied { kill } for comm="swapper/3" capability=5 scontext=u:r:kernel:s0 tcontext=u:r:kernel:s0 tclass=capability permissive=0
11-19 05:25:57.131 0 0 I auditd : type=1400 audit(0.0:13098): avc: denied { kill } for comm="swapper/3" capability=5 scontext=u:r:kernel:s0 tcontext=u:r:kernel:s0 tclass=capability permissive=0
11-19 05:25:58.131 0 0 I auditd : type=1400 audit(0.0:13099): avc: denied { kill } for comm="swapper/3" capability=5 scontext=u:r:kernel:s0 tcontext=u:r:kernel:s0 tclass=capability permissive=0
11-19 05:25:59.131 0 0 I auditd : type=1400 audit(0.0:13100): avc: denied { kill } for comm="swapper/3" capability=5 scontext=u:r:kernel:s0 tcontext=u:r:kernel:s0 tclass=capability permissive=0
11-19 05:26:00.131 0 0 I auditd : type=1400 audit(0.0:13101): avc: denied { kill } for comm="swapper/3" capability=5 scontext=u:r:kernel:s0 tcontext=u:r:kernel:s0 tclass=capability permissive=0
11-19 05:26:01.131 0 0 I auditd : type=1400 audit(0.0:13102): avc: denied { kill } for comm="swapper/3" capability=5 scontext=u:r:kernel:s0 tcontext=u:r:kernel:s0 tclass=capability permissive=0
11-19 05:26:02.131 0 0 I auditd : type=1400 audit(0.0:13103): avc: denied { kill } for comm="swapper/3" capability=5 scontext=u:r:kernel:s0 tcontext=u:r:kernel:s0 tclass=capability permissive=0
11-19 05:26:03.053 1499 1663 V DisplayPowerController[0]: Brightness [0.05] reason changing to: 'manual [ dim ]', previous reason: 'manual'.
11-19 05:26:03.054 1499 1663 I sysui_multi_action: [757,1696,758,6,759,2]
11-19 05:26:03.054 1499 1663 W PowerManagerService: Screen on took 73201 ms
11-19 05:26:03.065 1499 2319 E DisplayDeviceConfig: requesting nits when no mapping exists.
11-19 05:26:03.067 1499 1645 I am_wtf : [0,1499,system_server,-1,DisplayDeviceConfig,requesting nits when no mapping exists.]
11-19 05:26:03.067 1499 2319 E DisplayDeviceConfig: requesting nits when no mapping exists.
11-19 05:26:03.068 1499 1645 I DropBoxManagerService: add tag=system_server_wtf isTagEnabled=true flags=0x2
11-19 05:26:03.071 1499 1645 I am_wtf : [0,1499,system_server,-1,DisplayDeviceConfig,requesting nits when no mapping exists.]
11-19 05:26:03.073 1499 1645 I DropBoxManagerService: add tag=system_server_wtf isTagEnabled=true flags=0x2
11-19 05:26:03.081 1499 2319 E DisplayDeviceConfig: requesting nits when no mapping exists.
11-19 05:26:03.081 1499 2319 E DisplayDeviceConfig: requesting nits when no mapping exists.
11-19 05:26:03.081 1499 1645 I am_wtf : [0,1499,system_server,-1,DisplayDeviceConfig,requesting nits when no mapping exists.]
11-19 05:26:03.082 1499 1645 I DropBoxManagerService: add tag=system_server_wtf isTagEnabled=true flags=0x2
11-19 05:26:03.083 1499 1645 I am_wtf : [0,1499,system_server,-1,DisplayDeviceConfig,requesting nits when no mapping exists.]
11-19 05:26:03.085 1499 1645 I DropBoxManagerService: add tag=system_server_wtf isTagEnabled=true flags=0x2
11-19 05:26:03.088 1499 2319 E DisplayDeviceConfig: requesting nits when no mapping exists.
11-19 05:26:03.088 1499 2319 E DisplayDeviceConfig: requesting nits when no mapping exists.
11-19 05:26:03.088 1499 1645 I am_wtf : [0,1499,system_server,-1,DisplayDeviceConfig,requesting nits when no mapping exists.]
11-19 05:26:03.090 1499 1645 I DropBoxManagerService: add tag=system_server_wtf isTagEnabled=true flags=0x2
11-19 05:26:03.091 1499 1645 I am_wtf : [0,1499,system_server,-1,DisplayDeviceConfig,requesting nits when no mapping exists.]
11-19 05:26:03.104 1499 2319 E DisplayDeviceConfig: requesting nits when no mapping exists.
11-19 05:26:03.104 1499 2319 E DisplayDeviceConfig: requesting nits when no mapping exists.
11-19 05:26:03.104 1499 1645 I am_wtf : [0,1499,system_server,-1,DisplayDeviceConfig,requesting nits when no mapping exists.]
11-19 05:26:03.105 1499 1645 I am_wtf : [0,1499,system_server,-1,DisplayDeviceConfig,requesting nits when no mapping exists.]
11-19 05:26:03.122 1499 2319 E DisplayDeviceConfig: requesting nits when no mapping exists.
11-19 05:26:03.122 1499 1645 I am_wtf : [0,1499,system_server,-1,DisplayDeviceConfig,requesting nits when no mapping exists.]
11-19 05:26:03.122 1499 2319 E DisplayDeviceConfig: requesting nits when no mapping exists.
11-19 05:26:03.123 1499 1645 I am_wtf : [0,1499,system_server,-1,DisplayDeviceConfig,requesting nits when no mapping exists.]
11-19 05:26:03.131 0 0 I auditd : type=1400 audit(0.0:13104): avc: denied { kill } for comm="swapper/3" capability=5 scontext=u:r:kernel:s0 tcontext=u:r:kernel:s0 tclass=capability permissive=0
11-19 05:26:03.138 1499 2319 E DisplayDeviceConfig: requesting nits when no mapping exists.
11-19 05:26:03.138 1499 2319 E DisplayDeviceConfig: requesting nits when no mapping exists.
11-19 05:26:03.138 1499 1645 I am_wtf : [0,1499,system_server,-1,DisplayDeviceConfig,requesting nits when no mapping exists.]
11-19 05:26:03.139 1499 1645 I am_wtf : [0,1499,system_server,-1,DisplayDeviceConfig,requesting nits when no mapping exists.]
11-19 05:26:03.154 1499 2319 E DisplayDeviceConfig: requesting nits when no mapping exists.
11-19 05:26:03.155 1499 2319 E DisplayDeviceConfig: requesting nits when no mapping exists.
11-19 05:26:03.155 1499 1645 I am_wtf : [0,1499,system_server,-1,DisplayDeviceConfig,requesting nits when no mapping exists.]
11-19 05:26:03.156 1499 1645 I am_wtf : [0,1499,system_server,-1,DisplayDeviceConfig,requesting nits when no mapping exists.]
11-19 05:26:03.171 1499 2319 E DisplayDeviceConfig: requesting nits when no mapping exists.
11-19 05:26:03.172 1499 1645 I am_wtf : [0,1499,system_server,-1,DisplayDeviceConfig,requesting nits when no mapping exists.]
11-19 05:26:03.172 1499 2319 E DisplayDeviceConfig: requesting nits when no mapping exists.
11-19 05:26:03.173 1499 1645 I am_wtf : [0,1499,system_server,-1,DisplayDeviceConfig,requesting nits when no mapping exists.]
11-19 05:26:03.188 1499 2319 E DisplayDeviceConfig: requesting nits when no mapping exists.
11-19 05:26:03.189 1499 2319 E DisplayDeviceConfig: requesting nits when no mapping exists.
11-19 05:26:03.189 1499 1645 I am_wtf : [0,1499,system_server,-1,DisplayDeviceConfig,requesting nits when no mapping exists.]
11-19 05:26:03.190 1499 1645 I am_wtf : [0,1499,system_server,-1,DisplayDeviceConfig,requesting nits when no mapping exists.]
11-19 05:26:03.205 1499 2319 E DisplayDeviceConfig: requesting nits when no mapping exists.
11-19 05:26:03.205 1499 2319 E DisplayDeviceConfig: requesting nits when no mapping exists.
11-19 05:26:03.205 1499 1645 I am_wtf : [0,1499,system_server,-1,DisplayDeviceConfig,requesting nits when no mapping exists.]
11-19 05:26:03.206 1499 1645 I am_wtf : [0,1499,system_server,-1,DisplayDeviceConfig,requesting nits when no mapping exists.]
11-19 05:26:03.222 1499 2319 E DisplayDeviceConfig: requesting nits when no mapping exists.
11-19 05:26:03.222 1499 2319 E DisplayDeviceConfig: requesting nits when no mapping exists.
11-19 05:26:03.222 1499 1645 I am_wtf : [0,1499,system_server,-1,DisplayDeviceConfig,requesting nits when no mapping exists.]
11-19 05:26:03.223 1499 1645 I am_wtf : [0,1499,system_server,-1,DisplayDeviceConfig,requesting nits when no mapping exists.]
11-19 05:26:03.238 1499 2319 E DisplayDeviceConfig: requesting nits when no mapping exists.
11-19 05:26:03.239 1499 2319 E DisplayDeviceConfig: requesting nits when no mapping exists.
11-19 05:26:03.239 1499 1645 I am_wtf : [0,1499,system_server,-1,DisplayDeviceConfig,requesting nits when no mapping exists.]
11-19 05:26:03.240 1499 1645 I am_wtf : [0,1499,system_server,-1,DisplayDeviceConfig,requesting nits when no mapping exists.]
11-19 05:26:03.255 1499 2319 E DisplayDeviceConfig: requesting nits when no mapping exists.
11-19 05:26:03.256 1499 2319 E DisplayDeviceConfig: requesting nits when no mapping exists.
11-19 05:26:03.256 1499 1645 I am_wtf : [0,1499,system_server,-1,DisplayDeviceConfig,requesting nits when no mapping exists.]
11-19 05:26:03.257 1499 1645 I am_wtf : [0,1499,system_server,-1,DisplayDeviceConfig,requesting nits when no mapping exists.]
11-19 05:26:03.271 1499 2319 E DisplayDeviceConfig: requesting nits when no mapping exists.
11-19 05:26:03.272 1499 1645 I am_wtf : [0,1499,system_server,-1,DisplayDeviceConfig,requesting nits when no mapping exists.]
11-19 05:26:03.272 1499 2319 E DisplayDeviceConfig: requesting nits when no mapping exists.
11-19 05:26:03.273 1499 1645 I am_wtf : [0,1499,system_server,-1,DisplayDeviceConfig,requesting nits when no mapping exists.]
11-19 05:26:03.288 1499 2319 E DisplayDeviceConfig: requesting nits when no mapping exists.
11-19 05:26:03.289 1499 1645 I am_wtf : [0,1499,system_server,-1,DisplayDeviceConfig,requesting nits when no mapping exists.]
11-19 05:26:03.290 1499 2319 E DisplayDeviceConfig: requesting nits when no mapping exists.
11-19 05:26:03.290 1499 1645 I am_wtf : [0,1499,system_server,-1,DisplayDeviceConfig,requesting nits when no mapping exists.]
11-19 05:26:03.305 1499 2319 E DisplayDeviceConfig: requesting nits when no mapping exists.
11-19 05:26:03.305 1499 2319 E DisplayDeviceConfig: requesting nits when no mapping exists.
11-19 05:26:03.305 1499 1645 I am_wtf : [0,1499,system_server,-1,DisplayDeviceConfig,requesting nits when no mapping exists.]
11-19 05:26:03.307 1499 1645 I am_wtf : [0,1499,system_server,-1,DisplayDeviceConfig,requesting nits when no mapping exists.]
11-19 05:26:03.322 1499 2319 E DisplayDeviceConfig: requesting nits when no mapping exists.
11-19 05:26:03.322 1499 2319 E DisplayDeviceConfig: requesting nits when no mapping exists.
11-19 05:26:03.322 1499 1645 I am_wtf : [0,1499,system_server,-1,DisplayDeviceConfig,requesting nits when no mapping exists.]
11-19 05:26:03.323 1499 1645 I service_manager_stats: [100,80,530876]
11-19 05:26:03.324 1499 1645 I am_wtf : [0,1499,system_server,-1,DisplayDeviceConfig,requesting nits when no mapping exists.]
11-19 05:26:03.339 1499 2319 E DisplayDeviceConfig: requesting nits when no mapping exists.
11-19 05:26:03.339 1499 2319 E DisplayDeviceConfig: requesting nits when no mapping exists.
11-19 05:26:03.339 1499 1645 I am_wtf : [0,1499,system_server,-1,DisplayDeviceConfig,requesting nits when no mapping exists.]
11-19 05:26:03.340 1499 1645 I am_wtf : [0,1499,system_server,-1,DisplayDeviceConfig,requesting nits when no mapping exists.]
11-19 05:26:03.355 1499 2319 E DisplayDeviceConfig: requesting nits when no mapping exists.
11-19 05:26:03.356 1499 2319 E DisplayDeviceConfig: requesting nits when no mapping exists.
11-19 05:26:03.356 1499 1645 I am_wtf : [0,1499,system_server,-1,DisplayDeviceConfig,requesting nits when no mapping exists.]
11-19 05:26:03.357 1499 1645 I am_wtf : [0,1499,system_server,-1,DisplayDeviceConfig,requesting nits when no mapping exists.]
11-19 05:26:03.372 1499 2319 E DisplayDeviceConfig: requesting nits when no mapping exists.
11-19 05:26:03.373 1499 1645 I am_wtf : [0,1499,system_server,-1,DisplayDeviceConfig,requesting nits when no mapping exists.]
11-19 05:26:03.374 1499 2319 E DisplayDeviceConfig: requesting nits when no mapping exists.
11-19 05:26:03.374 1499 1645 I am_wtf : [0,1499,system_server,-1,DisplayDeviceConfig,requesting nits when no mapping exists.]
11-19 05:26:03.389 1499 2319 E DisplayDeviceConfig: requesting nits when no mapping exists.
11-19 05:26:03.389 1499 1645 I am_wtf : [0,1499,system_server,-1,DisplayDeviceConfig,requesting nits when no mapping exists.]
11-19 05:26:03.389 1499 2319 E DisplayDeviceConfig: requesting nits when no mapping exists.
11-19 05:26:03.390 1499 1645 I am_wtf : [0,1499,system_server,-1,DisplayDeviceConfig,requesting nits when no mapping exists.]
11-19 05:26:03.405 1499 2319 E DisplayDeviceConfig: requesting nits when no mapping exists.
11-19 05:26:03.406 1499 2319 E DisplayDeviceConfig: requesting nits when no mapping exists.
11-19 05:26:03.406 1499 1645 I am_wtf : [0,1499,system_server,-1,DisplayDeviceConfig,requesting nits when no mapping exists.]
11-19 05:26:03.407 1499 1645 I am_wtf : [0,1499,system_server,-1,DisplayDeviceConfig,requesting nits when no mapping exists.]
11-19 05:26:03.422 1499 2319 E DisplayDeviceConfig: requesting nits when no mapping exists.
11-19 05:26:03.423 1499 1645 I am_wtf : [0,1499,system_server,-1,DisplayDeviceConfig,requesting nits when no mapping exists.]
11-19 05:26:03.423 1499 2319 E DisplayDeviceConfig: requesting nits when no mapping exists.
11-19 05:26:03.423 1499 1645 I am_wtf : [0,1499,system_server,-1,DisplayDeviceConfig,requesting nits when no mapping exists.]
11-19 05:26:03.439 1499 2319 E DisplayDeviceConfig: requesting nits when no mapping exists.
11-19 05:26:03.439 1499 2319 E DisplayDeviceConfig: requesting nits when no mapping exists.
11-19 05:26:03.440 1499 1645 I am_wtf : [0,1499,system_server,-1,DisplayDeviceConfig,requesting nits when no mapping exists.]
11-19 05:26:03.441 1499 1645 I am_wtf : [0,1499,system_server,-1,DisplayDeviceConfig,requesting nits when no mapping exists.]
11-19 05:26:03.456 1499 2319 E DisplayDeviceConfig: requesting nits when no mapping exists.
11-19 05:26:03.456 1499 1645 I am_wtf : [0,1499,system_server,-1,DisplayDeviceConfig,requesting nits when no mapping exists.]
11-19 05:26:03.456 1499 2319 E DisplayDeviceConfig: requesting nits when no mapping exists.
11-19 05:26:03.457 1499 1645 I am_wtf : [0,1499,system_server,-1,DisplayDeviceConfig,requesting nits when no mapping exists.]
11-19 05:26:03.472 1499 2319 E DisplayDeviceConfig: requesting nits when no mapping exists.
11-19 05:26:03.473 1499 1645 I am_wtf : [0,1499,system_server,-1,DisplayDeviceConfig,requesting nits when no mapping exists.]
11-19 05:26:03.473 1499 2319 E DisplayDeviceConfig: requesting nits when no mapping exists.
11-19 05:26:03.473 1499 1645 I am_wtf : [0,1499,system_server,-1,DisplayDeviceConfig,requesting nits when no mapping exists.]
11-19 05:26:03.489 1499 2319 E DisplayDeviceConfig: requesting nits when no mapping exists.
11-19 05:26:03.489 1499 1645 I am_wtf : [0,1499,system_server,-1,DisplayDeviceConfig,requesting nits when no mapping exists.]
11-19 05:26:03.490 1499 2319 E DisplayDeviceConfig: requesting nits when no mapping exists.
11-19 05:26:03.491 1499 1645 I am_wtf : [0,1499,system_server,-1,DisplayDeviceConfig,requesting nits when no mapping exists.]
11-19 05:26:03.505 1499 2319 E DisplayDeviceConfig: requesting nits when no mapping exists.
11-19 05:26:03.506 1499 1645 I am_wtf : [0,1499,system_server,-1,DisplayDeviceConfig,requesting nits when no mapping exists.]
11-19 05:26:03.506 1499 2319 E DisplayDeviceConfig: requesting nits when no mapping exists.
11-19 05:26:03.507 1499 1645 I am_wtf : [0,1499,system_server,-1,DisplayDeviceConfig,requesting nits when no mapping exists.]
11-19 05:26:03.522 1499 2319 E DisplayDeviceConfig: requesting nits when no mapping exists.
11-19 05:26:03.523 1499 2319 E DisplayDeviceConfig: requesting nits when no mapping exists.
11-19 05:26:03.523 1499 1645 I am_wtf : [0,1499,system_server,-1,DisplayDeviceConfig,requesting nits when no mapping exists.]
11-19 05:26:03.524 1499 1645 I am_wtf : [0,1499,system_server,-1,DisplayDeviceConfig,requesting nits when no mapping exists.]
11-19 05:26:03.539 1499 2319 E DisplayDeviceConfig: requesting nits when no mapping exists.
11-19 05:26:03.540 1499 1645 I am_wtf : [0,1499,system_server,-1,DisplayDeviceConfig,requesting nits when no mapping exists.]
11-19 05:26:03.540 1499 2319 E DisplayDeviceConfig: requesting nits when no mapping exists.
11-19 05:26:03.541 1499 1645 I am_wtf : [0,1499,system_server,-1,DisplayDeviceConfig,requesting nits when no mapping exists.]
11-19 05:26:03.555 1499 2319 E DisplayDeviceConfig: requesting nits when no mapping exists.
11-19 05:26:03.556 1499 1645 I am_wtf : [0,1499,system_server,-1,DisplayDeviceConfig,requesting nits when no mapping exists.]
11-19 05:26:03.556 1499 2319 E DisplayDeviceConfig: requesting nits when no mapping exists.
11-19 05:26:03.557 1499 1645 I am_wtf : [0,1499,system_server,-1,DisplayDeviceConfig,requesting nits when no mapping exists.]
11-19 05:26:03.572 1499 2319 E DisplayDeviceConfig: requesting nits when no mapping exists.
11-19 05:26:03.573 1499 1645 I am_wtf : [0,1499,system_server,-1,DisplayDeviceConfig,requesting nits when no mapping exists.]
11-19 05:26:03.573 1499 2319 E DisplayDeviceConfig: requesting nits when no mapping exists.
11-19 05:26:03.574 1499 1645 I am_wtf : [0,1499,system_server,-1,DisplayDeviceConfig,requesting nits when no mapping exists.]
11-19 05:26:03.589 1499 2319 E DisplayDeviceConfig: requesting nits when no mapping exists.
11-19 05:26:03.590 1499 1645 I am_wtf : [0,1499,system_server,-1,DisplayDeviceConfig,requesting nits when no mapping exists.]
11-19 05:26:03.590 1499 2319 E DisplayDeviceConfig: requesting nits when no mapping exists.
11-19 05:26:03.591 1499 1645 I am_wtf : [0,1499,system_server,-1,DisplayDeviceConfig,requesting nits when no mapping exists.]
11-19 05:26:03.606 1499 2319 E DisplayDeviceConfig: requesting nits when no mapping exists.
11-19 05:26:03.606 1499 2319 E DisplayDeviceConfig: requesting nits when no mapping exists.
11-19 05:26:03.606 1499 1645 I am_wtf : [0,1499,system_server,-1,DisplayDeviceConfig,requesting nits when no mapping exists.]
11-19 05:26:03.607 1499 1645 I am_wtf : [0,1499,system_server,-1,DisplayDeviceConfig,requesting nits when no mapping exists.]
11-19 05:26:03.623 1499 2319 E DisplayDeviceConfig: requesting nits when no mapping exists.
11-19 05:26:03.623 1499 2319 E DisplayDeviceConfig: requesting nits when no mapping exists.
11-19 05:26:03.623 1499 1645 I am_wtf : [0,1499,system_server,-1,DisplayDeviceConfig,requesting nits when no mapping exists.]
11-19 05:26:03.624 1499 1645 I am_wtf : [0,1499,system_server,-1,DisplayDeviceConfig,requesting nits when no mapping exists.]
11-19 05:26:03.639 1499 2319 E DisplayDeviceConfig: requesting nits when no mapping exists.
11-19 05:26:03.640 1499 2319 E DisplayDeviceConfig: requesting nits when no mapping exists.
11-19 05:26:03.640 1499 1645 I am_wtf : [0,1499,system_server,-1,DisplayDeviceConfig,requesting nits when no mapping exists.]
11-19 05:26:03.641 1499 1645 I am_wtf : [0,1499,system_server,-1,DisplayDeviceConfig,requesting nits when no mapping exists.]
11-19 05:26:03.656 1499 2319 E DisplayDeviceConfig: requesting nits when no mapping exists.
11-19 05:26:03.657 1499 2319 E DisplayDeviceConfig: requesting nits when no mapping exists.
11-19 05:26:03.657 1499 1645 I am_wtf : [0,1499,system_server,-1,DisplayDeviceConfig,requesting nits when no mapping exists.]
11-19 05:26:03.657 1499 1645 I am_wtf : [0,1499,system_server,-1,DisplayDeviceConfig,requesting nits when no mapping exists.]
11-19 05:26:03.673 1499 2319 E DisplayDeviceConfig: requesting nits when no mapping exists.
11-19 05:26:03.673 1499 2319 E DisplayDeviceConfig: requesting nits when no mapping exists.
11-19 05:26:03.673 1499 1645 I am_wtf : [0,1499,system_server,-1,DisplayDeviceConfig,requesting nits when no mapping exists.]
11-19 05:26:03.674 1499 1645 I am_wtf : [0,1499,system_server,-1,DisplayDeviceConfig,requesting nits when no mapping exists.]
11-19 05:26:03.689 1499 2319 E DisplayDeviceConfig: requesting nits when no mapping exists.
11-19 05:26:03.690 1499 2319 E DisplayDeviceConfig: requesting nits when no mapping exists.
11-19 05:26:03.690 1499 1645 I am_wtf : [0,1499,system_server,-1,DisplayDeviceConfig,requesting nits when no mapping exists.]
11-19 05:26:03.691 1499 1645 I am_wtf : [0,1499,system_server,-1,DisplayDeviceConfig,requesting nits when no mapping exists.]
11-19 05:26:03.706 1499 2319 E DisplayDeviceConfig: requesting nits when no mapping exists.
11-19 05:26:03.707 1499 2319 E DisplayDeviceConfig: requesting nits when no mapping exists.
11-19 05:26:03.707 1499 1645 I am_wtf : [0,1499,system_server,-1,DisplayDeviceConfig,requesting nits when no mapping exists.]
11-19 05:26:03.708 1499 1645 I am_wtf : [0,1499,system_server,-1,DisplayDeviceConfig,requesting nits when no mapping exists.]
11-19 05:26:03.722 1499 2319 E DisplayDeviceConfig: requesting nits when no mapping exists.
11-19 05:26:03.723 1499 1645 I am_wtf : [0,1499,system_server,-1,DisplayDeviceConfig,requesting nits when no mapping exists.]
11-19 05:26:03.724 1499 2319 E DisplayDeviceConfig: requesting nits when no mapping exists.
11-19 05:26:03.725 1499 1645 I am_wtf : [0,1499,system_server,-1,DisplayDeviceConfig,requesting nits when no mapping exists.]
11-19 05:26:03.739 1499 2319 E DisplayDeviceConfig: requesting nits when no mapping exists.
11-19 05:26:03.740 1499 1645 I am_wtf : [0,1499,system_server,-1,DisplayDeviceConfig,requesting nits when no mapping exists.]
11-19 05:26:03.740 1499 2319 E DisplayDeviceConfig: requesting nits when no mapping exists.
11-19 05:26:03.741 1499 1645 I am_wtf : [0,1499,system_server,-1,DisplayDeviceConfig,requesting nits when no mapping exists.]
11-19 05:26:03.756 1499 2319 E DisplayDeviceConfig: requesting nits when no mapping exists.
11-19 05:26:03.757 1499 1645 I am_wtf : [0,1499,system_server,-1,DisplayDeviceConfig,requesting nits when no mapping exists.]
11-19 05:26:03.758 1499 2319 E DisplayDeviceConfig: requesting nits when no mapping exists.
11-19 05:26:03.758 1499 1645 I am_wtf : [0,1499,system_server,-1,DisplayDeviceConfig,requesting nits when no mapping exists.]
11-19 05:26:03.773 1499 2319 E DisplayDeviceConfig: requesting nits when no mapping exists.
11-19 05:26:03.773 1499 2319 E DisplayDeviceConfig: requesting nits when no mapping exists.
11-19 05:26:03.773 1499 1645 I am_wtf : [0,1499,system_server,-1,DisplayDeviceConfig,requesting nits when no mapping exists.]
11-19 05:26:03.774 1499 1645 I am_wtf : [0,1499,system_server,-1,DisplayDeviceConfig,requesting nits when no mapping exists.]
11-19 05:26:03.790 1499 2319 E DisplayDeviceConfig: requesting nits when no mapping exists.
11-19 05:26:03.790 1499 2319 E DisplayDeviceConfig: requesting nits when no mapping exists.
11-19 05:26:03.790 1499 1645 I am_wtf : [0,1499,system_server,-1,DisplayDeviceConfig,requesting nits when no mapping exists.]
11-19 05:26:03.791 1499 1645 I am_wtf : [0,1499,system_server,-1,DisplayDeviceConfig,requesting nits when no mapping exists.]
11-19 05:26:03.806 1499 2319 E DisplayDeviceConfig: requesting nits when no mapping exists.
11-19 05:26:03.807 1499 2319 E DisplayDeviceConfig: requesting nits when no mapping exists.
11-19 05:26:03.807 1499 1645 I am_wtf : [0,1499,system_server,-1,DisplayDeviceConfig,requesting nits when no mapping exists.]
11-19 05:26:03.808 1499 1645 I am_wtf : [0,1499,system_server,-1,DisplayDeviceConfig,requesting nits when no mapping exists.]
11-19 05:26:03.823 1499 2319 E DisplayDeviceConfig: requesting nits when no mapping exists.
11-19 05:26:03.823 1499 2319 E DisplayDeviceConfig: requesting nits when no mapping exists.
11-19 05:26:03.823 1499 1645 I am_wtf : [0,1499,system_server,-1,DisplayDeviceConfig,requesting nits when no mapping exists.]
11-19 05:26:03.824 1499 1645 I am_wtf : [0,1499,system_server,-1,DisplayDeviceConfig,requesting nits when no mapping exists.]
11-19 05:26:03.840 1499 2319 E DisplayDeviceConfig: requesting nits when no mapping exists.
11-19 05:26:03.840 1499 2319 E DisplayDeviceConfig: requesting nits when no mapping exists.
11-19 05:26:03.841 1499 1645 I am_wtf : [0,1499,system_server,-1,DisplayDeviceConfig,requesting nits when no mapping exists.]
11-19 05:26:03.842 1499 1645 I am_wtf : [0,1499,system_server,-1,DisplayDeviceConfig,requesting nits when no mapping exists.]
11-19 05:26:03.857 1499 2319 E DisplayDeviceConfig: requesting nits when no mapping exists.
11-19 05:26:03.857 1499 2319 E DisplayDeviceConfig: requesting nits when no mapping exists.
11-19 05:26:03.857 1499 1645 I am_wtf : [0,1499,system_server,-1,DisplayDeviceConfig,requesting nits when no mapping exists.]
11-19 05:26:03.858 1499 1645 I am_wtf : [0,1499,system_server,-1,DisplayDeviceConfig,requesting nits when no mapping exists.]
11-19 05:26:03.873 1499 2319 E DisplayDeviceConfig: requesting nits when no mapping exists.
11-19 05:26:03.874 1499 1645 I am_wtf : [0,1499,system_server,-1,DisplayDeviceConfig,requesting nits when no mapping exists.]
11-19 05:26:03.874 1499 2319 E DisplayDeviceConfig: requesting nits when no mapping exists.
11-19 05:26:03.875 1499 1645 I am_wtf : [0,1499,system_server,-1,DisplayDeviceConfig,requesting nits when no mapping exists.]
11-19 05:26:03.890 1499 2319 E DisplayDeviceConfig: requesting nits when no mapping exists.
11-19 05:26:03.891 1499 1645 I am_wtf : [0,1499,system_server,-1,DisplayDeviceConfig,requesting nits when no mapping exists.]
11-19 05:26:03.891 1499 2319 E DisplayDeviceConfig: requesting nits when no mapping exists.
11-19 05:26:03.892 1499 1645 I am_wtf : [0,1499,system_server,-1,DisplayDeviceConfig,requesting nits when no mapping exists.]
11-19 05:26:03.906 1499 2319 E DisplayDeviceConfig: requesting nits when no mapping exists.
11-19 05:26:03.907 1499 1645 I am_wtf : [0,1499,system_server,-1,DisplayDeviceConfig,requesting nits when no mapping exists.]
11-19 05:26:03.908 1499 2319 E DisplayDeviceConfig: requesting nits when no mapping exists.
11-19 05:26:03.908 1499 1645 I am_wtf : [0,1499,system_server,-1,DisplayDeviceConfig,requesting nits when no mapping exists.]
11-19 05:26:03.923 1499 2319 E DisplayDeviceConfig: requesting nits when no mapping exists.
11-19 05:26:03.923 1499 2319 E DisplayDeviceConfig: requesting nits when no mapping exists.
11-19 05:26:03.924 1499 1645 I am_wtf : [0,1499,system_server,-1,DisplayDeviceConfig,requesting nits when no mapping exists.]
11-19 05:26:03.925 1499 1645 I am_wtf : [0,1499,system_server,-1,DisplayDeviceConfig,requesting nits when no mapping exists.]
11-19 05:26:03.940 1499 2319 E DisplayDeviceConfig: requesting nits when no mapping exists.
11-19 05:26:03.940 1499 2319 E DisplayDeviceConfig: requesting nits when no mapping exists.
11-19 05:26:03.941 1499 1645 I am_wtf : [0,1499,system_server,-1,DisplayDeviceConfig,requesting nits when no mapping exists.]
11-19 05:26:03.942 1499 1645 I am_wtf : [0,1499,system_server,-1,DisplayDeviceConfig,requesting nits when no mapping exists.]
11-19 05:26:03.957 1499 2319 E DisplayDeviceConfig: requesting nits when no mapping exists.
11-19 05:26:03.957 1499 2319 E DisplayDeviceConfig: requesting nits when no mapping exists.
11-19 05:26:03.958 1499 1645 I am_wtf : [0,1499,system_server,-1,DisplayDeviceConfig,requesting nits when no mapping exists.]
11-19 05:26:03.959 1499 1645 I am_wtf : [0,1499,system_server,-1,DisplayDeviceConfig,requesting nits when no mapping exists.]
11-19 05:26:03.973 1499 2319 E DisplayDeviceConfig: requesting nits when no mapping exists.
11-19 05:26:03.974 1499 1645 I am_wtf : [0,1499,system_server,-1,DisplayDeviceConfig,requesting nits when no mapping exists.]
11-19 05:26:03.975 1499 2319 E DisplayDeviceConfig: requesting nits when no mapping exists.
11-19 05:26:03.976 1499 1645 I am_wtf : [0,1499,system_server,-1,DisplayDeviceConfig,requesting nits when no mapping exists.]
11-19 05:26:03.990 1499 2319 E DisplayDeviceConfig: requesting nits when no mapping exists.
11-19 05:26:03.991 1499 1645 I am_wtf : [0,1499,system_server,-1,DisplayDeviceConfig,requesting nits when no mapping exists.]
11-19 05:26:03.991 1499 2319 E DisplayDeviceConfig: requesting nits when no mapping exists.
11-19 05:26:03.992 1499 1645 I am_wtf : [0,1499,system_server,-1,DisplayDeviceConfig,requesting nits when no mapping exists.]
11-19 05:26:04.007 1499 2319 E DisplayDeviceConfig: requesting nits when no mapping exists.
11-19 05:26:04.007 1499 1645 I am_wtf : [0,1499,system_server,-1,DisplayDeviceConfig,requesting nits when no mapping exists.]
11-19 05:26:04.008 1499 2319 E DisplayDeviceConfig: requesting nits when no mapping exists.
11-19 05:26:04.009 1499 1645 I am_wtf : [0,1499,system_server,-1,DisplayDeviceConfig,requesting nits when no mapping exists.]
11-19 05:26:04.131 0 0 I auditd : type=1400 audit(0.0:13105): avc: denied { kill } for comm="swapper/3" capability=5 scontext=u:r:kernel:s0 tcontext=u:r:kernel:s0 tclass=capability permissive=0
11-19 05:26:05.131 0 0 I auditd : type=1400 audit(0.0:13106): avc: denied { kill } for comm="swapper/3" capability=5 scontext=u:r:kernel:s0 tcontext=u:r:kernel:s0 tclass=capability permissive=0
11-19 05:26:06.131 0 0 I auditd : type=1400 audit(0.0:13107): avc: denied { kill } for comm="swapper/3" capability=5 scontext=u:r:kernel:s0 tcontext=u:r:kernel:s0 tclass=capability permissive=0
