11-19 05:16:37.147 1499 1645 I am_wtf : [0,1499,system_server,-1,DisplayDeviceConfig,requesting nits when no mapping exists.]
11-19 05:16:37.148 1499 1645 I am_wtf : [0,1499,system_server,-1,DisplayDeviceConfig,requesting nits when no mapping exists.]
11-19 05:16:37.162 1499 2319 E DisplayDeviceConfig: requesting nits when no mapping exists.
11-19 05:16:37.163 1499 2319 E DisplayDeviceConfig: requesting nits when no mapping exists.
11-19 05:16:37.164 1499 1645 I am_wtf : [0,1499,system_server,-1,DisplayDeviceConfig,requesting nits when no mapping exists.]
11-19 05:16:37.165 1499 1645 I am_wtf : [0,1499,system_server,-1,DisplayDeviceConfig,requesting nits when no mapping exists.]
11-19 05:16:37.181 1499 2319 E DisplayDeviceConfig: requesting nits when no mapping exists.
11-19 05:16:37.181 1499 1645 I am_wtf : [0,1499,system_server,-1,DisplayDeviceConfig,requesting nits when no mapping exists.]
11-19 05:16:37.182 1499 2319 E DisplayDeviceConfig: requesting nits when no mapping exists.
11-19 05:16:37.184 1499 1645 I am_wtf : [0,1499,system_server,-1,DisplayDeviceConfig,requesting nits when no mapping exists.]
11-19 05:16:37.197 1499 2319 E DisplayDeviceConfig: requesting nits when no mapping exists.
11-19 05:16:37.198 1499 1645 I am_wtf : [0,1499,system_server,-1,DisplayDeviceConfig,requesting nits when no mapping exists.]
11-19 05:16:37.199 1499 2319 E DisplayDeviceConfig: requesting nits when no mapping exists.
11-19 05:16:37.200 1499 1645 I am_wtf : [0,1499,system_server,-1,DisplayDeviceConfig,requesting nits when no mapping exists.]
11-19 05:16:37.212 1499 2319 E DisplayDeviceConfig: requesting nits when no mapping exists.
11-19 05:16:37.214 1499 1645 I am_wtf : [0,1499,system_server,-1,DisplayDeviceConfig,requesting nits when no mapping exists.]
11-19 05:16:37.214 1499 2319 E DisplayDeviceConfig: requesting nits when no mapping exists.
11-19 05:16:37.215 1499 1645 I am_wtf : [0,1499,system_server,-1,DisplayDeviceConfig,requesting nits when no mapping exists.]
11-19 05:16:37.229 1499 2319 E DisplayDeviceConfig: requesting nits when no mapping exists.
11-19 05:16:37.229 1499 2319 E DisplayDeviceConfig: requesting nits when no mapping exists.
11-19 05:16:37.229 1499 1645 I am_wtf : [0,1499,system_server,-1,DisplayDeviceConfig,requesting nits when no mapping exists.]
11-19 05:16:37.230 1499 1645 I am_wtf : [0,1499,system_server,-1,DisplayDeviceConfig,requesting nits when no mapping exists.]
11-19 05:16:37.245 1499 2319 E DisplayDeviceConfig: requesting nits when no mapping exists.
11-19 05:16:37.246 1499 2319 E DisplayDeviceConfig: requesting nits when no mapping exists.
11-19 05:16:37.246 1499 1645 I am_wtf : [0,1499,system_server,-1,DisplayDeviceConfig,requesting nits when no mapping exists.]
11-19 05:16:37.247 1499 1645 I am_wtf : [0,1499,system_server,-1,DisplayDeviceConfig,requesting nits when no mapping exists.]
11-19 05:16:37.264 1499 2319 E DisplayDeviceConfig: requesting nits when no mapping exists.
11-19 05:16:37.264 1499 1645 I am_wtf : [0,1499,system_server,-1,DisplayDeviceConfig,requesting nits when no mapping exists.]
11-19 05:16:37.266 1499 2319 E DisplayDeviceConfig: requesting nits when no mapping exists.
11-19 05:16:37.266 1499 1645 I am_wtf : [0,1499,system_server,-1,DisplayDeviceConfig,requesting nits when no mapping exists.]
11-19 05:16:37.281 1499 2319 E DisplayDeviceConfig: requesting nits when no mapping exists.
11-19 05:16:37.282 1499 2319 E DisplayDeviceConfig: requesting nits when no mapping exists.
11-19 05:16:37.282 1499 1645 I am_wtf : [0,1499,system_server,-1,DisplayDeviceConfig,requesting nits when no mapping exists.]
11-19 05:16:37.283 1499 1645 I am_wtf : [0,1499,system_server,-1,DisplayDeviceConfig,requesting nits when no mapping exists.]
11-19 05:16:37.296 1499 2319 E DisplayDeviceConfig: requesting nits when no mapping exists.
11-19 05:16:37.296 1499 2319 E DisplayDeviceConfig: requesting nits when no mapping exists.
11-19 05:16:37.296 1499 1645 I am_wtf : [0,1499,system_server,-1,DisplayDeviceConfig,requesting nits when no mapping exists.]
11-19 05:16:37.297 1499 1645 I am_wtf : [0,1499,system_server,-1,DisplayDeviceConfig,requesting nits when no mapping exists.]
11-19 05:16:37.313 1499 2319 E DisplayDeviceConfig: requesting nits when no mapping exists.
11-19 05:16:37.313 1499 2319 E DisplayDeviceConfig: requesting nits when no mapping exists.
11-19 05:16:37.314 1499 1645 I am_wtf : [0,1499,system_server,-1,DisplayDeviceConfig,requesting nits when no mapping exists.]
11-19 05:16:37.315 1499 1645 I am_wtf : [0,1499,system_server,-1,DisplayDeviceConfig,requesting nits when no mapping exists.]
11-19 05:16:37.330 1499 2319 E DisplayDeviceConfig: requesting nits when no mapping exists.
11-19 05:16:37.332 1499 2319 E DisplayDeviceConfig: requesting nits when no mapping exists.
11-19 05:16:37.333 1499 1645 I am_wtf : [0,1499,system_server,-1,DisplayDeviceConfig,requesting nits when no mapping exists.]
11-19 05:16:37.334 1499 1645 I am_wtf : [0,1499,system_server,-1,DisplayDeviceConfig,requesting nits when no mapping exists.]
11-19 05:16:37.346 1499 2319 E DisplayDeviceConfig: requesting nits when no mapping exists.
11-19 05:16:37.347 1499 2319 E DisplayDeviceConfig: requesting nits when no mapping exists.
11-19 05:16:37.347 1499 1645 I am_wtf : [0,1499,system_server,-1,DisplayDeviceConfig,requesting nits when no mapping exists.]
11-19 05:16:37.349 1499 1645 I am_wtf : [0,1499,system_server,-1,DisplayDeviceConfig,requesting nits when no mapping exists.]
11-19 05:16:37.365 1499 2319 E DisplayDeviceConfig: requesting nits when no mapping exists.
11-19 05:16:37.365 1499 2319 E DisplayDeviceConfig: requesting nits when no mapping exists.
11-19 05:16:37.365 1499 1645 I am_wtf : [0,1499,system_server,-1,DisplayDeviceConfig,requesting nits when no mapping exists.]
11-19 05:16:37.366 1499 1645 I am_wtf : [0,1499,system_server,-1,DisplayDeviceConfig,requesting nits when no mapping exists.]
11-19 05:16:37.381 1499 2319 E DisplayDeviceConfig: requesting nits when no mapping exists.
11-19 05:16:37.382 1499 2319 E DisplayDeviceConfig: requesting nits when no mapping exists.
11-19 05:16:37.382 1499 1645 I am_wtf : [0,1499,system_server,-1,DisplayDeviceConfig,requesting nits when no mapping exists.]
11-19 05:16:37.383 1499 1645 I am_wtf : [0,1499,system_server,-1,DisplayDeviceConfig,requesting nits when no mapping exists.]
11-19 05:16:37.399 1499 2319 E DisplayDeviceConfig: requesting nits when no mapping exists.
11-19 05:16:37.399 1499 2319 E DisplayDeviceConfig: requesting nits when no mapping exists.
11-19 05:16:37.399 1499 1645 I am_wtf : [0,1499,system_server,-1,DisplayDeviceConfig,requesting nits when no mapping exists.]
11-19 05:16:37.401 1499 1645 I am_wtf : [0,1499,system_server,-1,DisplayDeviceConfig,requesting nits when no mapping exists.]
11-19 05:16:39.131 0 0 I auditd : type=1400 audit(0.0:12519): avc: denied { kill } for comm="swapper/2" capability=5 scontext=u:r:kernel:s0 tcontext=u:r:kernel:s0 tclass=capability permissive=0
11-19 05:16:40.131 0 0 I auditd : type=1400 audit(0.0:12520): avc: denied { kill } for comm="swapper/2" capability=5 scontext=u:r:kernel:s0 tcontext=u:r:kernel:s0 tclass=capability permissive=0
11-19 05:16:41.131 0 0 I auditd : type=1400 audit(0.0:12521): avc: denied { kill } for comm="swapper/2" capability=5 scontext=u:r:kernel:s0 tcontext=u:r:kernel:s0 tclass=capability permissive=0
11-19 05:16:42.131 0 0 I auditd : type=1400 audit(0.0:12522): avc: denied { kill } for comm="swapper/2" capability=5 scontext=u:r:kernel:s0 tcontext=u:r:kernel:s0 tclass=capability permissive=0
11-19 05:16:43.131 0 0 I auditd : type=1400 audit(0.0:12523): avc: denied { kill } for comm="swapper/2" capability=5 scontext=u:r:kernel:s0 tcontext=u:r:kernel:s0 tclass=capability permissive=0
11-19 05:16:44.131 0 0 I auditd : type=1400 audit(0.0:12524): avc: denied { kill } for comm="swapper/2" capability=5 scontext=u:r:kernel:s0 tcontext=u:r:kernel:s0 tclass=capability permissive=0
11-19 05:16:45.131 0 0 I auditd : type=1400 audit(0.0:12525): avc: denied { kill } for comm="swapper/2" capability=5 scontext=u:r:kernel:s0 tcontext=u:r:kernel:s0 tclass=capability permissive=0
11-19 05:16:46.131 0 0 I auditd : type=1400 audit(0.0:12526): avc: denied { kill } for comm="swapper/2" capability=5 scontext=u:r:kernel:s0 tcontext=u:r:kernel:s0 tclass=capability permissive=0
11-19 05:16:46.684 1499 2284 I GameModeConfig: isGameModeOn = false
11-19 05:16:47.131 0 0 I auditd : type=1400 audit(0.0:12527): avc: denied { kill } for comm="swapper/2" capability=5 scontext=u:r:kernel:s0 tcontext=u:r:kernel:s0 tclass=capability permissive=0
11-19 05:16:48.131 0 0 I auditd : type=1400 audit(0.0:12528): avc: denied { kill } for comm="swapper/2" capability=5 scontext=u:r:kernel:s0 tcontext=u:r:kernel:s0 tclass=capability permissive=0
11-19 05:16:49.131 0 0 I auditd : type=1400 audit(0.0:12529): avc: denied { kill } for comm="swapper/2" capability=5 scontext=u:r:kernel:s0 tcontext=u:r:kernel:s0 tclass=capability permissive=0
11-19 05:16:50.131 0 0 I auditd : type=1400 audit(0.0:12530): avc: denied { kill } for comm="swapper/2" capability=5 scontext=u:r:kernel:s0 tcontext=u:r:kernel:s0 tclass=capability permissive=0
11-19 05:16:51.131 0 0 I auditd : type=1400 audit(0.0:12531): avc: denied { kill } for comm="swapper/2" capability=5 scontext=u:r:kernel:s0 tcontext=u:r:kernel:s0 tclass=capability permissive=0
11-19 05:16:52.131 0 0 I auditd : type=1400 audit(0.0:12532): avc: denied { kill } for comm="swapper/2" capability=5 scontext=u:r:kernel:s0 tcontext=u:r:kernel:s0 tclass=capability permissive=0
11-19 05:16:53.131 0 0 I auditd : type=1400 audit(0.0:12533): avc: denied { kill } for comm="swapper/2" capability=5 scontext=u:r:kernel:s0 tcontext=u:r:kernel:s0 tclass=capability permissive=0
11-19 05:16:54.131 0 0 I auditd : type=1400 audit(0.0:12534): avc: denied { kill } for comm="swapper/2" capability=5 scontext=u:r:kernel:s0 tcontext=u:r:kernel:s0 tclass=capability permissive=0
11-19 05:16:55.131 0 0 I auditd : type=1400 audit(0.0:12535): avc: denied { kill } for comm="swapper/2" capability=5 scontext=u:r:kernel:s0 tcontext=u:r:kernel:s0 tclass=capability permissive=0
11-19 05:16:56.131 0 0 I auditd : type=1400 audit(0.0:12536): avc: denied { kill } for comm="swapper/2" capability=5 scontext=u:r:kernel:s0 tcontext=u:r:kernel:s0 tclass=capability permissive=0
11-19 05:16:57.131 0 0 I auditd : type=1400 audit(0.0:12537): avc: denied { kill } for comm="swapper/2" capability=5 scontext=u:r:kernel:s0 tcontext=u:r:kernel:s0 tclass=capability permissive=0
11-19 05:16:58.131 0 0 I auditd : type=1400 audit(0.0:12538): avc: denied { kill } for comm="swapper/2" capability=5 scontext=u:r:kernel:s0 tcontext=u:r:kernel:s0 tclass=capability permissive=0
11-19 05:16:59.131 0 0 I auditd : type=1400 audit(0.0:12539): avc: denied { kill } for comm="swapper/2" capability=5 scontext=u:r:kernel:s0 tcontext=u:r:kernel:s0 tclass=capability permissive=0
11-19 05:17:03.131 0 0 I auditd : type=1400 audit(0.0:12540): avc: denied { kill } for comm="swapper/2" capability=5 scontext=u:r:kernel:s0 tcontext=u:r:kernel:s0 tclass=capability permissive=0
11-19 05:17:04.131 0 0 I auditd : type=1400 audit(0.0:12541): avc: denied { kill } for comm="swapper/2" capability=5 scontext=u:r:kernel:s0 tcontext=u:r:kernel:s0 tclass=capability permissive=0
11-19 05:17:05.131 0 0 I auditd : type=1400 audit(0.0:12542): avc: denied { kill } for comm="swapper/2" capability=5 scontext=u:r:kernel:s0 tcontext=u:r:kernel:s0 tclass=capability permissive=0
11-19 05:17:06.131 0 0 I auditd : type=1400 audit(0.0:12543): avc: denied { kill } for comm="swapper/2" capability=5 scontext=u:r:kernel:s0 tcontext=u:r:kernel:s0 tclass=capability permissive=0
11-19 05:17:07.131 0 0 I auditd : type=1400 audit(0.0:12544): avc: denied { kill } for comm="swapper/2" capability=5 scontext=u:r:kernel:s0 tcontext=u:r:kernel:s0 tclass=capability permissive=0
11-19 05:17:08.131 0 0 I auditd : type=1400 audit(0.0:12545): avc: denied { kill } for comm="swapper/2" capability=5 scontext=u:r:kernel:s0 tcontext=u:r:kernel:s0 tclass=capability permissive=0
11-19 05:17:09.131 0 0 I auditd : type=1400 audit(0.0:12546): avc: denied { kill } for comm="swapper/2" capability=5 scontext=u:r:kernel:s0 tcontext=u:r:kernel:s0 tclass=capability permissive=0
11-19 05:17:10.131 0 0 I auditd : type=1400 audit(0.0:12547): avc: denied { kill } for comm="swapper/2" capability=5 scontext=u:r:kernel:s0 tcontext=u:r:kernel:s0 tclass=capability permissive=0
11-19 05:17:11.131 0 0 I auditd : type=1400 audit(0.0:12548): avc: denied { kill } for comm="swapper/2" capability=5 scontext=u:r:kernel:s0 tcontext=u:r:kernel:s0 tclass=capability permissive=0
11-19 05:17:12.131 0 0 I auditd : type=1400 audit(0.0:12549): avc: denied { kill } for comm="swapper/2" capability=5 scontext=u:r:kernel:s0 tcontext=u:r:kernel:s0 tclass=capability permissive=0
11-19 05:17:12.333 1499 1793 D ActivityManager: freezing 13142 com.android.settings
11-19 05:17:12.334 1499 1793 E ActivityManager: Unable to freeze binder for 13142 com.android.settings
11-19 05:17:12.337 1499 1793 D ActivityManager: froze 13142 com.android.settings
11-19 05:17:12.337 1499 1793 I am_freeze: [13142,com.android.settings]
11-19 05:17:12.337 1499 1793 E ActivityManager: Unable to freeze binder for 13142 com.android.settings
11-19 05:17:12.338 1499 1793 I ActivityManager: Killing 13142:com.android.settings/1000 (adj 945): Unable to freeze binder interface
11-19 05:17:12.338 1499 1793 I am_kill : [0,13142,com.android.settings,945,Unable to freeze binder interface]
11-19 05:17:12.373 1499 8917 I am_proc_died: [0,13142,com.android.settings,945,19]
11-19 05:17:12.381 1499 1637 D CompatibilityChangeReporter: Compat change id reported: 135634846; UID 1000; state: DISABLED
11-19 05:17:12.381 1499 1637 D CompatibilityChangeReporter: Compat change id reported: 177438394; UID 1000; state: DISABLED
11-19 05:17:12.381 1499 1637 D CompatibilityChangeReporter: Compat change id reported: 135772972; UID 1000; state: DISABLED
11-19 05:17:12.381 1499 1637 D CompatibilityChangeReporter: Compat change id reported: 135754954; UID 1000; state: ENABLED
11-19 05:17:12.399 1499 1646 I am_proc_start: [0,13871,1000,com.android.settings,NULL,]
11-19 05:17:12.399 1499 1646 I ActivityManager: Start proc 13871:com.android.settings/1000 for null
11-19 05:17:12.445 1499 8917 I am_proc_bound: [0,13871,com.android.settings]
11-19 05:17:12.447 1499 8917 I service_manager_stats: [110,68,35949]
11-19 05:17:12.448 1499 8917 D CompatibilityChangeReporter: Compat change id reported: 168419799; UID 1000; state: DISABLED
11-19 05:17:13.131 0 0 I auditd : type=1400 audit(0.0:12550): avc: denied { kill } for comm="swapper/2" capability=5 scontext=u:r:kernel:s0 tcontext=u:r:kernel:s0 tclass=capability permissive=0
11-19 05:17:14.131 0 0 I auditd : type=1400 audit(0.0:12551): avc: denied { kill } for comm="swapper/2" capability=5 scontext=u:r:kernel:s0 tcontext=u:r:kernel:s0 tclass=capability permissive=0
11-19 05:17:15.131 0 0 I auditd : type=1400 audit(0.0:12552): avc: denied { kill } for comm="swapper/2" capability=5 scontext=u:r:kernel:s0 tcontext=u:r:kernel:s0 tclass=capability permissive=0
11-19 05:17:16.131 0 0 I auditd : type=1400 audit(0.0:12553): avc: denied { kill } for comm="swapper/2" capability=5 scontext=u:r:kernel:s0 tcontext=u:r:kernel:s0 tclass=capability permissive=0
11-19 05:17:17.131 0 0 I auditd : type=1400 audit(0.0:12554): avc: denied { kill } for comm="swapper/2" capability=5 scontext=u:r:kernel:s0 tcontext=u:r:kernel:s0 tclass=capability permissive=0
11-19 05:17:18.131 0 0 I auditd : type=1400 audit(0.0:12555): avc: denied { kill } for comm="swapper/2" capability=5 scontext=u:r:kernel:s0 tcontext=u:r:kernel:s0 tclass=capability permissive=0
11-19 05:17:19.131 0 0 I auditd : type=1400 audit(0.0:12556): avc: denied { kill } for comm="swapper/2" capability=5 scontext=u:r:kernel:s0 tcontext=u:r:kernel:s0 tclass=capability permissive=0
11-19 05:17:20.131 0 0 I auditd : type=1400 audit(0.0:12557): avc: denied { kill } for comm="swapper/2" capability=5 scontext=u:r:kernel:s0 tcontext=u:r:kernel:s0 tclass=capability permissive=0
11-19 05:17:21.131 0 0 I auditd : type=1400 audit(0.0:12558): avc: denied { kill } for comm="swapper/2" capability=5 scontext=u:r:kernel:s0 tcontext=u:r:kernel:s0 tclass=capability permissive=0
11-19 05:17:22.131 0 0 I auditd : type=1400 audit(0.0:12559): avc: denied { kill } for comm="swapper/2" capability=5 scontext=u:r:kernel:s0 tcontext=u:r:kernel:s0 tclass=capability permissive=0
11-19 05:17:23.131 0 0 I auditd : type=1400 audit(0.0:12560): avc: denied { kill } for comm="swapper/2" capability=5 scontext=u:r:kernel:s0 tcontext=u:r:kernel:s0 tclass=capability permissive=0
11-19 05:17:24.131 0 0 I auditd : type=1400 audit(0.0:12561): avc: denied { kill } for comm="swapper/2" capability=5 scontext=u:r:kernel:s0 tcontext=u:r:kernel:s0 tclass=capability permissive=0
11-19 05:17:25.131 0 0 I auditd : type=1400 audit(0.0:12562): avc: denied { kill } for comm="swapper/2" capability=5 scontext=u:r:kernel:s0 tcontext=u:r:kernel:s0 tclass=capability permissive=0
11-19 05:17:26.131 0 0 I auditd : type=1400 audit(0.0:12563): avc: denied { kill } for comm="swapper/2" capability=5 scontext=u:r:kernel:s0 tcontext=u:r:kernel:s0 tclass=capability permissive=0
11-19 05:17:27.131 0 0 I auditd : type=1400 audit(0.0:12564): avc: denied { kill } for comm="swapper/2" capability=5 scontext=u:r:kernel:s0 tcontext=u:r:kernel:s0 tclass=capability permissive=0
11-19 05:17:28.131 0 0 I auditd : type=1400 audit(0.0:12565): avc: denied { kill } for comm="swapper/2" capability=5 scontext=u:r:kernel:s0 tcontext=u:r:kernel:s0 tclass=capability permissive=0
11-19 05:17:29.131 0 0 I auditd : type=1400 audit(0.0:12566): avc: denied { kill } for comm="swapper/2" capability=5 scontext=u:r:kernel:s0 tcontext=u:r:kernel:s0 tclass=capability permissive=0
11-19 05:17:30.131 0 0 I auditd : type=1400 audit(0.0:12567): avc: denied { kill } for comm="swapper/2" capability=5 scontext=u:r:kernel:s0 tcontext=u:r:kernel:s0 tclass=capability permissive=0
11-19 05:17:31.131 0 0 I auditd : type=1400 audit(0.0:12568): avc: denied { kill } for comm="swapper/2" capability=5 scontext=u:r:kernel:s0 tcontext=u:r:kernel:s0 tclass=capability permissive=0
11-19 05:17:32.131 0 0 I auditd : type=1400 audit(0.0:12569): avc: denied { kill } for comm="swapper/2" capability=5 scontext=u:r:kernel:s0 tcontext=u:r:kernel:s0 tclass=capability permissive=0
11-19 05:17:33.131 0 0 I auditd : type=1400 audit(0.0:12570): avc: denied { kill } for comm="swapper/2" capability=5 scontext=u:r:kernel:s0 tcontext=u:r:kernel:s0 tclass=capability permissive=0
11-19 05:17:34.131 0 0 I auditd : type=1400 audit(0.0:12571): avc: denied { kill } for comm="swapper/2" capability=5 scontext=u:r:kernel:s0 tcontext=u:r:kernel:s0 tclass=capability permissive=0
11-19 05:17:35.131 0 0 I auditd : type=1400 audit(0.0:12572): avc: denied { kill } for comm="swapper/2" capability=5 scontext=u:r:kernel:s0 tcontext=u:r:kernel:s0 tclass=capability permissive=0
11-19 05:17:36.131 0 0 I auditd : type=1400 audit(0.0:12573): avc: denied { kill } for comm="swapper/2" capability=5 scontext=u:r:kernel:s0 tcontext=u:r:kernel:s0 tclass=capability permissive=0
11-19 05:17:37.131 0 0 I auditd : type=1400 audit(0.0:12574): avc: denied { kill } for comm="swapper/2" capability=5 scontext=u:r:kernel:s0 tcontext=u:r:kernel:s0 tclass=capability permissive=0
11-19 05:17:38.131 0 0 I auditd : type=1400 audit(0.0:12575): avc: denied { kill } for comm="swapper/2" capability=5 scontext=u:r:kernel:s0 tcontext=u:r:kernel:s0 tclass=capability permissive=0
11-19 05:17:39.131 0 0 I auditd : type=1400 audit(0.0:12576): avc: denied { kill } for comm="swapper/2" capability=5 scontext=u:r:kernel:s0 tcontext=u:r:kernel:s0 tclass=capability permissive=0
11-19 05:17:40.131 0 0 I auditd : type=1400 audit(0.0:12577): avc: denied { kill } for comm="swapper/2" capability=5 scontext=u:r:kernel:s0 tcontext=u:r:kernel:s0 tclass=capability permissive=0
11-19 05:17:41.131 0 0 I auditd : type=1400 audit(0.0:12578): avc: denied { kill } for comm="swapper/2" capability=5 scontext=u:r:kernel:s0 tcontext=u:r:kernel:s0 tclass=capability permissive=0
11-19 05:17:42.131 0 0 I auditd : type=1400 audit(0.0:12579): avc: denied { kill } for comm="swapper/2" capability=5 scontext=u:r:kernel:s0 tcontext=u:r:kernel:s0 tclass=capability permissive=0
11-19 05:17:43.080 1499 1645 I am_uid_idle: 10064
11-19 05:17:43.131 0 0 I auditd : type=1400 audit(0.0:12580): avc: denied { kill } for comm="swapper/2" capability=5 scontext=u:r:kernel:s0 tcontext=u:r:kernel:s0 tclass=capability permissive=0
11-19 05:17:44.131 0 0 I auditd : type=1400 audit(0.0:12581): avc: denied { kill } for comm="swapper/2" capability=5 scontext=u:r:kernel:s0 tcontext=u:r:kernel:s0 tclass=capability permissive=0
11-19 05:17:45.131 0 0 I auditd : type=1400 audit(0.0:12582): avc: denied { kill } for comm="swapper/2" capability=5 scontext=u:r:kernel:s0 tcontext=u:r:kernel:s0 tclass=capability permissive=0
11-19 05:17:46.131 0 0 I auditd : type=1400 audit(0.0:12583): avc: denied { kill } for comm="swapper/2" capability=5 scontext=u:r:kernel:s0 tcontext=u:r:kernel:s0 tclass=capability permissive=0
11-19 05:17:47.131 0 0 I auditd : type=1400 audit(0.0:12584): avc: denied { kill } for comm="swapper/2" capability=5 scontext=u:r:kernel:s0 tcontext=u:r:kernel:s0 tclass=capability permissive=0
11-19 05:17:48.131 0 0 I auditd : type=1400 audit(0.0:12585): avc: denied { kill } for comm="swapper/2" capability=5 scontext=u:r:kernel:s0 tcontext=u:r:kernel:s0 tclass=capability permissive=0
11-19 05:17:49.131 0 0 I auditd : type=1400 audit(0.0:12586): avc: denied { kill } for comm="swapper/2" capability=5 scontext=u:r:kernel:s0 tcontext=u:r:kernel:s0 tclass=capability permissive=0
11-19 05:17:50.131 0 0 I auditd : type=1400 audit(0.0:12587): avc: denied { kill } for comm="swapper/2" capability=5 scontext=u:r:kernel:s0 tcontext=u:r:kernel:s0 tclass=capability permissive=0
11-19 05:17:51.131 0 0 I auditd : type=1400 audit(0.0:12588): avc: denied { kill } for comm="swapper/2" capability=5 scontext=u:r:kernel:s0 tcontext=u:r:kernel:s0 tclass=capability permissive=0
11-19 05:17:52.131 0 0 I auditd : type=1400 audit(0.0:12589): avc: denied { kill } for comm="swapper/2" capability=5 scontext=u:r:kernel:s0 tcontext=u:r:kernel:s0 tclass=capability permissive=0
11-19 05:17:53.131 0 0 I auditd : type=1400 audit(0.0:12590): avc: denied { kill } for comm="swapper/2" capability=5 scontext=u:r:kernel:s0 tcontext=u:r:kernel:s0 tclass=capability permissive=0
11-19 05:17:54.131 0 0 I auditd : type=1400 audit(0.0:12591): avc: denied { kill } for comm="swapper/2" capability=5 scontext=u:r:kernel:s0 tcontext=u:r:kernel:s0 tclass=capability permissive=0
11-19 05:17:55.131 0 0 I auditd : type=1400 audit(0.0:12592): avc: denied { kill } for comm="swapper/2" capability=5 scontext=u:r:kernel:s0 tcontext=u:r:kernel:s0 tclass=capability permissive=0
11-19 05:17:56.131 0 0 I auditd : type=1400 audit(0.0:12593): avc: denied { kill } for comm="swapper/2" capability=5 scontext=u:r:kernel:s0 tcontext=u:r:kernel:s0 tclass=capability permissive=0
11-19 05:17:57.131 0 0 I auditd : type=1400 audit(0.0:12594): avc: denied { kill } for comm="swapper/2" capability=5 scontext=u:r:kernel:s0 tcontext=u:r:kernel:s0 tclass=capability permissive=0
11-19 05:17:59.131 0 0 I auditd : type=1400 audit(0.0:12595): avc: denied { kill } for comm="swapper/2" capability=5 scontext=u:r:kernel:s0 tcontext=u:r:kernel:s0 tclass=capability permissive=0
11-19 05:18:00.131 0 0 I auditd : type=1400 audit(0.0:12596): avc: denied { kill } for comm="swapper/2" capability=5 scontext=u:r:kernel:s0 tcontext=u:r:kernel:s0 tclass=capability permissive=0
11-19 05:18:01.131 0 0 I auditd : type=1400 audit(0.0:12597): avc: denied { kill } for comm="swapper/2" capability=5 scontext=u:r:kernel:s0 tcontext=u:r:kernel:s0 tclass=capability permissive=0
11-19 05:18:02.131 0 0 I auditd : type=1400 audit(0.0:12598): avc: denied { kill } for comm="swapper/2" capability=5 scontext=u:r:kernel:s0 tcontext=u:r:kernel:s0 tclass=capability permissive=0
11-19 05:18:03.131 0 0 I auditd : type=1400 audit(0.0:12599): avc: denied { kill } for comm="swapper/2" capability=5 scontext=u:r:kernel:s0 tcontext=u:r:kernel:s0 tclass=capability permissive=0
11-19 05:18:04.131 0 0 I auditd : type=1400 audit(0.0:12600): avc: denied { kill } for comm="swapper/2" capability=5 scontext=u:r:kernel:s0 tcontext=u:r:kernel:s0 tclass=capability permissive=0
11-19 05:18:05.131 0 0 I auditd : type=1400 audit(0.0:12601): avc: denied { kill } for comm="swapper/2" capability=5 scontext=u:r:kernel:s0 tcontext=u:r:kernel:s0 tclass=capability permissive=0
11-19 05:18:06.131 0 0 I auditd : type=1400 audit(0.0:12602): avc: denied { kill } for comm="swapper/2" capability=5 scontext=u:r:kernel:s0 tcontext=u:r:kernel:s0 tclass=capability permissive=0
11-19 05:18:07.131 0 0 I auditd : type=1400 audit(0.0:12603): avc: denied { kill } for comm="swapper/2" capability=5 scontext=u:r:kernel:s0 tcontext=u:r:kernel:s0 tclass=capability permissive=0
11-19 05:18:08.131 0 0 I auditd : type=1400 audit(0.0:12604): avc: denied { kill } for comm="swapper/2" capability=5 scontext=u:r:kernel:s0 tcontext=u:r:kernel:s0 tclass=capability permissive=0
11-19 05:18:09.131 0 0 I auditd : type=1400 audit(0.0:12605): avc: denied { kill } for comm="swapper/2" capability=5 scontext=u:r:kernel:s0 tcontext=u:r:kernel:s0 tclass=capability permissive=0
11-19 05:18:10.131 0 0 I auditd : type=1400 audit(0.0:12606): avc: denied { kill } for comm="swapper/2" capability=5 scontext=u:r:kernel:s0 tcontext=u:r:kernel:s0 tclass=capability permissive=0
11-19 05:18:11.131 0 0 I auditd : type=1400 audit(0.0:12607): avc: denied { kill } for comm="swapper/2" capability=5 scontext=u:r:kernel:s0 tcontext=u:r:kernel:s0 tclass=capability permissive=0
11-19 05:18:12.131 0 0 I auditd : type=1400 audit(0.0:12608): avc: denied { kill } for comm="swapper/2" capability=5 scontext=u:r:kernel:s0 tcontext=u:r:kernel:s0 tclass=capability permissive=0
11-19 05:18:13.131 0 0 I auditd : type=1400 audit(0.0:12609): avc: denied { kill } for comm="swapper/2" capability=5 scontext=u:r:kernel:s0 tcontext=u:r:kernel:s0 tclass=capability permissive=0
11-19 05:18:14.131 0 0 I auditd : type=1400 audit(0.0:12610): avc: denied { kill } for comm="swapper/2" capability=5 scontext=u:r:kernel:s0 tcontext=u:r:kernel:s0 tclass=capability permissive=0
11-19 05:18:15.131 0 0 I auditd : type=1400 audit(0.0:12611): avc: denied { kill } for comm="swapper/2" capability=5 scontext=u:r:kernel:s0 tcontext=u:r:kernel:s0 tclass=capability permissive=0
11-19 05:18:16.131 0 0 I auditd : type=1400 audit(0.0:12612): avc: denied { kill } for comm="swapper/2" capability=5 scontext=u:r:kernel:s0 tcontext=u:r:kernel:s0 tclass=capability permissive=0
11-19 05:18:17.131 0 0 I auditd : type=1400 audit(0.0:12613): avc: denied { kill } for comm="swapper/2" capability=5 scontext=u:r:kernel:s0 tcontext=u:r:kernel:s0 tclass=capability permissive=0
11-19 05:18:18.131 0 0 I auditd : type=1400 audit(0.0:12614): avc: denied { kill } for comm="swapper/2" capability=5 scontext=u:r:kernel:s0 tcontext=u:r:kernel:s0 tclass=capability permissive=0
11-19 05:18:19.131 0 0 I auditd : type=1400 audit(0.0:12615): avc: denied { kill } for comm="swapper/2" capability=5 scontext=u:r:kernel:s0 tcontext=u:r:kernel:s0 tclass=capability permissive=0
11-19 05:18:20.131 0 0 I auditd : type=1400 audit(0.0:12616): avc: denied { kill } for comm="swapper/2" capability=5 scontext=u:r:kernel:s0 tcontext=u:r:kernel:s0 tclass=capability permissive=0
11-19 05:18:21.131 0 0 I auditd : type=1400 audit(0.0:12617): avc: denied { kill } for comm="swapper/2" capability=5 scontext=u:r:kernel:s0 tcontext=u:r:kernel:s0 tclass=capability permissive=0
11-19 05:18:22.131 0 0 I auditd : type=1400 audit(0.0:12618): avc: denied { kill } for comm="swapper/2" capability=5 scontext=u:r:kernel:s0 tcontext=u:r:kernel:s0 tclass=capability permissive=0
11-19 05:18:23.131 0 0 I auditd : type=1400 audit(0.0:12619): avc: denied { kill } for comm="swapper/2" capability=5 scontext=u:r:kernel:s0 tcontext=u:r:kernel:s0 tclass=capability permissive=0
11-19 05:18:24.131 0 0 I auditd : type=1400 audit(0.0:12620): avc: denied { kill } for comm="swapper/2" capability=5 scontext=u:r:kernel:s0 tcontext=u:r:kernel:s0 tclass=capability permissive=0
11-19 05:18:25.131 0 0 I auditd : type=1400 audit(0.0:12621): avc: denied { kill } for comm="swapper/2" capability=5 scontext=u:r:kernel:s0 tcontext=u:r:kernel:s0 tclass=capability permissive=0
11-19 05:18:26.131 0 0 I auditd : type=1400 audit(0.0:12622): avc: denied { kill } for comm="swapper/2" capability=5 scontext=u:r:kernel:s0 tcontext=u:r:kernel:s0 tclass=capability permissive=0
11-19 05:18:27.131 0 0 I auditd : type=1400 audit(0.0:12623): avc: denied { kill } for comm="swapper/2" capability=5 scontext=u:r:kernel:s0 tcontext=u:r:kernel:s0 tclass=capability permissive=0
11-19 05:18:28.131 0 0 I auditd : type=1400 audit(0.0:12624): avc: denied { kill } for comm="swapper/2" capability=5 scontext=u:r:kernel:s0 tcontext=u:r:kernel:s0 tclass=capability permissive=0
11-19 05:18:29.131 0 0 I auditd : type=1400 audit(0.0:12625): avc: denied { kill } for comm="swapper/2" capability=5 scontext=u:r:kernel:s0 tcontext=u:r:kernel:s0 tclass=capability permissive=0
11-19 05:18:30.131 0 0 I auditd : type=1400 audit(0.0:12626): avc: denied { kill } for comm="swapper/2" capability=5 scontext=u:r:kernel:s0 tcontext=u:r:kernel:s0 tclass=capability permissive=0
11-19 05:18:31.131 0 0 I auditd : type=1400 audit(0.0:12627): avc: denied { kill } for comm="swapper/2" capability=5 scontext=u:r:kernel:s0 tcontext=u:r:kernel:s0 tclass=capability permissive=0
11-19 05:18:32.131 0 0 I auditd : type=1400 audit(0.0:12628): avc: denied { kill } for comm="swapper/2" capability=5 scontext=u:r:kernel:s0 tcontext=u:r:kernel:s0 tclass=capability permissive=0
11-19 05:18:33.131 0 0 I auditd : type=1400 audit(0.0:12629): avc: denied { kill } for comm="swapper/2" capability=5 scontext=u:r:kernel:s0 tcontext=u:r:kernel:s0 tclass=capability permissive=0
11-19 05:18:34.131 0 0 I auditd : type=1400 audit(0.0:12630): avc: denied { kill } for comm="swapper/2" capability=5 scontext=u:r:kernel:s0 tcontext=u:r:kernel:s0 tclass=capability permissive=0
11-19 05:18:35.131 0 0 I auditd : type=1400 audit(0.0:12631): avc: denied { kill } for comm="swapper/2" capability=5 scontext=u:r:kernel:s0 tcontext=u:r:kernel:s0 tclass=capability permissive=0
11-19 05:18:36.131 0 0 I auditd : type=1400 audit(0.0:12632): avc: denied { kill } for comm="swapper/2" capability=5 scontext=u:r:kernel:s0 tcontext=u:r:kernel:s0 tclass=capability permissive=0
11-19 05:18:37.131 0 0 I auditd : type=1400 audit(0.0:12633): avc: denied { kill } for comm="swapper/2" capability=5 scontext=u:r:kernel:s0 tcontext=u:r:kernel:s0 tclass=capability permissive=0
11-19 05:18:38.131 0 0 I auditd : type=1400 audit(0.0:12634): avc: denied { kill } for comm="swapper/2" capability=5 scontext=u:r:kernel:s0 tcontext=u:r:kernel:s0 tclass=capability permissive=0
11-19 05:18:39.131 0 0 I auditd : type=1400 audit(0.0:12635): avc: denied { kill } for comm="swapper/2" capability=5 scontext=u:r:kernel:s0 tcontext=u:r:kernel:s0 tclass=capability permissive=0
11-19 05:18:40.131 0 0 I auditd : type=1400 audit(0.0:12636): avc: denied { kill } for comm="swapper/2" capability=5 scontext=u:r:kernel:s0 tcontext=u:r:kernel:s0 tclass=capability permissive=0
11-19 05:18:41.002 1499 1654 W BatteryExternalStatsWorker: error reading modem stats:ERROR_PHONE_NOT_AVAILABLE
11-19 05:18:41.028 1499 1654 E KernelCpuSpeedReader: Failed to read cpu-freq: /sys/devices/system/cpu/cpu4/cpufreq/stats/time_in_state: open failed: ENOENT (No such file or directory)
11-19 05:18:41.028 1499 1654 E KernelCpuSpeedReader: Failed to read cpu-freq: /sys/devices/system/cpu/cpu0/cpufreq/stats/time_in_state: open failed: ENOENT (No such file or directory)
11-19 05:18:41.027 565 565 I auditd : type=1400 audit(0.0:12637): avc: denied { read } for comm="Binder:565_2" name="wakeup58" dev="sysfs" ino=71858 scontext=u:r:system_suspend:s0 tcontext=u:object_r:sysfs:s0 tclass=dir permissive=0
11-19 05:18:41.027 565 565 I auditd : type=1400 audit(0.0:12638): avc: denied { read } for comm="Binder:565_2" name="wakeup48" dev="sysfs" ino=67434 scontext=u:r:system_suspend:s0 tcontext=u:object_r:sysfs:s0 tclass=dir permissive=0
11-19 05:18:41.027 565 565 I auditd : type=1400 audit(0.0:12639): avc: denied { read } for comm="Binder:565_2" name="wakeup4" dev="sysfs" ino=47032 scontext=u:r:system_suspend:s0 tcontext=u:object_r:sysfs:s0 tclass=dir permissive=0
11-19 05:18:41.027 565 565 I auditd : type=1400 audit(0.0:12640): avc: denied { read } for comm="Binder:565_2" name="wakeup76" dev="sysfs" ino=76901 scontext=u:r:system_suspend:s0 tcontext=u:object_r:sysfs:s0 tclass=dir permissive=0
11-19 05:18:41.031 565 565 I auditd : type=1400 audit(0.0:12641): avc: denied { read } for comm="Binder:565_2" name="wakeup28" dev="sysfs" ino=53237 scontext=u:r:system_suspend:s0 tcontext=u:object_r:sysfs:s0 tclass=dir permissive=0
11-19 05:18:41.031 565 565 I auditd : type=1400 audit(0.0:12642): avc: denied { read } for comm="Binder:565_2" name="wakeup56" dev="sysfs" ino=71786 scontext=u:r:system_suspend:s0 tcontext=u:object_r:sysfs:s0 tclass=dir permissive=0
11-19 05:18:41.031 565 565 I auditd : type=1400 audit(0.0:12643): avc: denied { read } for comm="Binder:565_2" name="wakeup2" dev="sysfs" ino=46556 scontext=u:r:system_suspend:s0 tcontext=u:object_r:sysfs:s0 tclass=dir permissive=0
11-19 05:18:41.064 1499 1644 I commit_sys_config_file: [batterystats,6]
11-19 05:18:41.065 1499 1644 I commit_sys_config_file: [batterystats,1]
11-19 05:18:42.131 0 0 I auditd : type=1400 audit(0.0:12687): avc: denied { kill } for comm="swapper/2" capability=5 scontext=u:r:kernel:s0 tcontext=u:r:kernel:s0 tclass=capability permissive=0
11-19 05:18:43.131 0 0 I auditd : type=1400 audit(0.0:12688): avc: denied { kill } for comm="swapper/2" capability=5 scontext=u:r:kernel:s0 tcontext=u:r:kernel:s0 tclass=capability permissive=0
11-19 05:18:44.131 0 0 I auditd : type=1400 audit(0.0:12689): avc: denied { kill } for comm="swapper/2" capability=5 scontext=u:r:kernel:s0 tcontext=u:r:kernel:s0 tclass=capability permissive=0
11-19 05:18:45.131 0 0 I auditd : type=1400 audit(0.0:12690): avc: denied { kill } for comm="swapper/2" capability=5 scontext=u:r:kernel:s0 tcontext=u:r:kernel:s0 tclass=capability permissive=0
11-19 05:18:46.131 0 0 I auditd : type=1400 audit(0.0:12691): avc: denied { kill } for comm="swapper/2" capability=5 scontext=u:r:kernel:s0 tcontext=u:r:kernel:s0 tclass=capability permissive=0
11-19 05:18:46.650 1499 1793 D ActivityManager: freezing 13163 com.android.calendar
11-19 05:18:46.650 1499 1793 E ActivityManager: Unable to freeze binder for 13163 com.android.calendar
11-19 05:18:46.651 1499 1793 D ActivityManager: froze 13163 com.android.calendar
11-19 05:18:46.651 1499 1793 I am_freeze: [13163,com.android.calendar]
11-19 05:18:46.651 1499 1793 E ActivityManager: Unable to freeze binder for 13163 com.android.calendar
11-19 05:18:46.652 1499 1793 I ActivityManager: Killing 13163:com.android.calendar/u0a62 (adj 945): Unable to freeze binder interface
11-19 05:18:46.652 1499 1793 I am_kill : [0,13163,com.android.calendar,945,Unable to freeze binder interface]
11-19 05:18:46.682 1499 8917 I am_proc_died: [0,13163,com.android.calendar,945,19]
11-19 05:18:46.683 1499 8917 I am_uid_stopped: 10062
11-19 05:18:46.690 1499 1637 I am_uid_running: 10062
11-19 05:18:46.691 1499 1637 D CompatibilityChangeReporter: Compat change id reported: 135634846; UID 10062; state: DISABLED
11-19 05:18:46.691 1499 1637 D CompatibilityChangeReporter: Compat change id reported: 177438394; UID 10062; state: DISABLED
11-19 05:18:46.691 1499 1637 D CompatibilityChangeReporter: Compat change id reported: 135772972; UID 10062; state: DISABLED
11-19 05:18:46.691 1499 1637 D CompatibilityChangeReporter: Compat change id reported: 135754954; UID 10062; state: DISABLED
11-19 05:18:46.692 1499 1646 D CompatibilityChangeReporter: Compat change id reported: 143937733; UID 10062; state: DISABLED
11-19 05:18:46.696 1499 1644 I am_pss : [13467,10090,com.android.music,30681088,24834048,0,150736896,0,4,8]
11-19 05:18:46.702 1499 1644 I am_pss : [13871,1000,com.android.settings,25394176,23453696,0,109039616,0,19,5]
11-19 05:18:46.705 1499 1646 I am_proc_start: [0,13890,10062,com.android.calendar,NULL,]
11-19 05:18:46.706 1499 1646 I ActivityManager: Start proc 13890:com.android.calendar/u0a62 for null
11-19 05:18:46.738 1499 8917 I am_proc_bound: [0,13890,com.android.calendar]
11-19 05:18:46.739 1499 8917 D CompatibilityChangeReporter: Compat change id reported: 168419799; UID 10062; state: DISABLED
11-19 05:18:47.131 0 0 I auditd : type=1400 audit(0.0:12692): avc: denied { kill } for comm="swapper/2" capability=5 scontext=u:r:kernel:s0 tcontext=u:r:kernel:s0 tclass=capability permissive=0
11-19 05:18:48.131 0 0 I auditd : type=1400 audit(0.0:12693): avc: denied { kill } for comm="swapper/2" capability=5 scontext=u:r:kernel:s0 tcontext=u:r:kernel:s0 tclass=capability permissive=0
11-19 05:18:49.131 0 0 I auditd : type=1400 audit(0.0:12694): avc: denied { kill } for comm="swapper/2" capability=5 scontext=u:r:kernel:s0 tcontext=u:r:kernel:s0 tclass=capability permissive=0
11-19 05:18:50.131 0 0 I auditd : type=1400 audit(0.0:12695): avc: denied { kill } for comm="swapper/2" capability=5 scontext=u:r:kernel:s0 tcontext=u:r:kernel:s0 tclass=capability permissive=0
11-19 05:18:51.131 0 0 I auditd : type=1400 audit(0.0:12696): avc: denied { kill } for comm="swapper/2" capability=5 scontext=u:r:kernel:s0 tcontext=u:r:kernel:s0 tclass=capability permissive=0
11-19 05:18:52.131 0 0 I auditd : type=1400 audit(0.0:12697): avc: denied { kill } for comm="swapper/2" capability=5 scontext=u:r:kernel:s0 tcontext=u:r:kernel:s0 tclass=capability permissive=0
11-19 05:18:53.131 0 0 I auditd : type=1400 audit(0.0:12698): avc: denied { kill } for comm="swapper/2" capability=5 scontext=u:r:kernel:s0 tcontext=u:r:kernel:s0 tclass=capability permissive=0
11-19 05:18:54.131 0 0 I auditd : type=1400 audit(0.0:12699): avc: denied { kill } for comm="swapper/2" capability=5 scontext=u:r:kernel:s0 tcontext=u:r:kernel:s0 tclass=capability permissive=0
11-19 05:18:55.131 0 0 I auditd : type=1400 audit(0.0:12700): avc: denied { kill } for comm="swapper/2" capability=5 scontext=u:r:kernel:s0 tcontext=u:r:kernel:s0 tclass=capability permissive=0
11-19 05:18:56.131 0 0 I auditd : type=1400 audit(0.0:12701): avc: denied { kill } for comm="swapper/2" capability=5 scontext=u:r:kernel:s0 tcontext=u:r:kernel:s0 tclass=capability permissive=0
11-19 05:18:56.984 1499 1644 I UsageStatsService: User[0] Flushing usage stats to disk
11-19 05:18:59.131 0 0 I auditd : type=1400 audit(0.0:12702): avc: denied { kill } for comm="swapper/1" capability=5 scontext=u:r:kernel:s0 tcontext=u:r:kernel:s0 tclass=capability permissive=0
11-19 05:19:00.131 0 0 I auditd : type=1400 audit(0.0:12703): avc: denied { kill } for comm="swapper/1" capability=5 scontext=u:r:kernel:s0 tcontext=u:r:kernel:s0 tclass=capability permissive=0
11-19 05:19:01.131 0 0 I auditd : type=1400 audit(0.0:12704): avc: denied { kill } for comm="swapper/1" capability=5 scontext=u:r:kernel:s0 tcontext=u:r:kernel:s0 tclass=capability permissive=0
11-19 05:19:02.213 1499 1499 I sysui_multi_action: [757,803,799,note_enqueued,802,403]
11-19 05:19:02.214 1499 1499 I sysui_multi_action: [757,803,799,note_post,802,15]
11-19 05:19:02.215 1499 1499 I sysui_multi_action: [757,803,799,note_update,802,350]
11-19 05:19:02.215 1499 1499 I sysui_multi_action: [757,803,799,note_remove,802,17]
11-19 05:19:02.215 1499 1499 I sysui_multi_action: [757,803,799,people_cache_hit,802,1026]
11-19 05:19:02.216 1499 1499 I sysui_multi_action: [757,803,799,note_with_actions,802,143]
11-19 05:19:02.216 1499 1499 I sysui_multi_action: [757,803,799,note_private,802,359]
11-19 05:19:02.216 1499 1499 I sysui_multi_action: [757,803,799,note_fg,802,138]
11-19 05:19:02.217 1499 1499 I sysui_multi_action: [757,803,799,note_ongoing,802,7]
11-19 05:19:02.217 1499 1499 I sysui_multi_action: [757,803,799,note_media,802,143]
11-19 05:19:02.217 1499 1499 I sysui_multi_action: [757,803,799,note_title,802,12]
11-19 05:19:02.217 1499 1499 I sysui_multi_action: [757,803,799,note_text,802,3]
11-19 05:19:02.218 1499 1499 I sysui_multi_action: [757,803,799,note_imp_noisy_default,802,365]
11-19 05:19:02.218 1499 1499 I sysui_multi_action: [757,803,799,note_importance_min,802,1]
11-19 05:19:02.218 1499 1499 I sysui_multi_action: [757,803,799,note_importance_low,802,142]
11-19 05:19:02.218 1499 1499 I sysui_multi_action: [757,803,799,note_importance_default,802,216]
11-19 05:19:02.218 1499 1499 I sysui_multi_action: [757,803,799,note_importance_high,802,6]
11-19 05:19:03.131 0 0 I auditd : type=1400 audit(0.0:12705): avc: denied { kill } for comm="swapper/1" capability=5 scontext=u:r:kernel:s0 tcontext=u:r:kernel:s0 tclass=capability permissive=0
11-19 05:19:04.131 0 0 I auditd : type=1400 audit(0.0:12706): avc: denied { kill } for comm="swapper/1" capability=5 scontext=u:r:kernel:s0 tcontext=u:r:kernel:s0 tclass=capability permissive=0
11-19 05:19:05.131 0 0 I auditd : type=1400 audit(0.0:12707): avc: denied { kill } for comm="swapper/1" capability=5 scontext=u:r:kernel:s0 tcontext=u:r:kernel:s0 tclass=capability permissive=0
11-19 05:19:06.131 0 0 I auditd : type=1400 audit(0.0:12708): avc: denied { kill } for comm="swapper/1" capability=5 scontext=u:r:kernel:s0 tcontext=u:r:kernel:s0 tclass=capability permissive=0
11-19 05:19:07.131 0 0 I auditd : type=1400 audit(0.0:12709): avc: denied { kill } for comm="swapper/1" capability=5 scontext=u:r:kernel:s0 tcontext=u:r:kernel:s0 tclass=capability permissive=0
11-19 05:19:08.131 0 0 I auditd : type=1400 audit(0.0:12710): avc: denied { kill } for comm="swapper/1" capability=5 scontext=u:r:kernel:s0 tcontext=u:r:kernel:s0 tclass=capability permissive=0
11-19 05:19:09.131 0 0 I auditd : type=1400 audit(0.0:12711): avc: denied { kill } for comm="swapper/1" capability=5 scontext=u:r:kernel:s0 tcontext=u:r:kernel:s0 tclass=capability permissive=0
11-19 05:19:10.131 0 0 I auditd : type=1400 audit(0.0:12712): avc: denied { kill } for comm="swapper/1" capability=5 scontext=u:r:kernel:s0 tcontext=u:r:kernel:s0 tclass=capability permissive=0
11-19 05:19:11.131 0 0 I auditd : type=1400 audit(0.0:12713): avc: denied { kill } for comm="swapper/1" capability=5 scontext=u:r:kernel:s0 tcontext=u:r:kernel:s0 tclass=capability permissive=0
11-19 05:19:12.131 0 0 I auditd : type=1400 audit(0.0:12714): avc: denied { kill } for comm="swapper/1" capability=5 scontext=u:r:kernel:s0 tcontext=u:r:kernel:s0 tclass=capability permissive=0
11-19 05:19:12.851 501 513 I auditd : type=1401 audit(0.0:12715): op=security_compute_sid invalid_context=u:r:np_thundercomm_tlog_pstore:s0 scontext=u:r:init:s0 tcontext=u:object_r:np_thundercomm_tlog_pstore_exec:s0 tclass=process
11-19 05:19:13.131 0 0 I auditd : type=1400 audit(0.0:12716): avc: denied { kill } for comm="swapper/1" capability=5 scontext=u:r:kernel:s0 tcontext=u:r:kernel:s0 tclass=capability permissive=0
11-19 05:19:14.131 0 0 I auditd : type=1400 audit(0.0:12717): avc: denied { kill } for comm="swapper/1" capability=5 scontext=u:r:kernel:s0 tcontext=u:r:kernel:s0 tclass=capability permissive=0
11-19 05:19:15.131 0 0 I auditd : type=1400 audit(0.0:12718): avc: denied { kill } for comm="swapper/1" capability=5 scontext=u:r:kernel:s0 tcontext=u:r:kernel:s0 tclass=capability permissive=0
11-19 05:19:15.271 13936 13936 I auditd : type=1400 audit(0.0:12719): avc: denied { read } for comm="ls" name="/" dev="dm-5" ino=2 scontext=u:r:system_app:s0 tcontext=u:object_r:rootfs:s0 tclass=dir permissive=0
11-19 05:19:15.323 13940 13940 I auditd : type=1400 audit(0.0:12720): avc: denied { read } for comm="ls" name="/" dev="dm-5" ino=2 scontext=u:r:system_app:s0 tcontext=u:object_r:rootfs:s0 tclass=dir permissive=0
11-19 05:19:16.131 0 0 I auditd : type=1400 audit(0.0:12721): avc: denied { kill } for comm="swapper/1" capability=5 scontext=u:r:kernel:s0 tcontext=u:r:kernel:s0 tclass=capability permissive=0
11-19 05:19:17.131 0 0 I auditd : type=1400 audit(0.0:12722): avc: denied { kill } for comm="swapper/1" capability=5 scontext=u:r:kernel:s0 tcontext=u:r:kernel:s0 tclass=capability permissive=0
11-19 05:19:18.131 0 0 I auditd : type=1400 audit(0.0:12723): avc: denied { kill } for comm="swapper/1" capability=5 scontext=u:r:kernel:s0 tcontext=u:r:kernel:s0 tclass=capability permissive=0
11-19 05:19:19.131 0 0 I auditd : type=1400 audit(0.0:12724): avc: denied { kill } for comm="swapper/1" capability=5 scontext=u:r:kernel:s0 tcontext=u:r:kernel:s0 tclass=capability permissive=0
11-19 05:19:20.131 0 0 I auditd : type=1400 audit(0.0:12725): avc: denied { kill } for comm="swapper/1" capability=5 scontext=u:r:kernel:s0 tcontext=u:r:kernel:s0 tclass=capability permissive=0
11-19 05:19:21.131 0 0 I auditd : type=1400 audit(0.0:12726): avc: denied { kill } for comm="swapper/1" capability=5 scontext=u:r:kernel:s0 tcontext=u:r:kernel:s0 tclass=capability permissive=0
11-19 05:19:22.131 0 0 I auditd : type=1400 audit(0.0:12727): avc: denied { kill } for comm="swapper/1" capability=5 scontext=u:r:kernel:s0 tcontext=u:r:kernel:s0 tclass=capability permissive=0
11-19 05:19:23.131 0 0 I auditd : type=1400 audit(0.0:12728): avc: denied { kill } for comm="swapper/1" capability=5 scontext=u:r:kernel:s0 tcontext=u:r:kernel:s0 tclass=capability permissive=0
11-19 05:19:24.131 0 0 I auditd : type=1400 audit(0.0:12729): avc: denied { kill } for comm="swapper/1" capability=5 scontext=u:r:kernel:s0 tcontext=u:r:kernel:s0 tclass=capability permissive=0
11-19 05:19:25.131 0 0 I auditd : type=1400 audit(0.0:12730): avc: denied { kill } for comm="swapper/1" capability=5 scontext=u:r:kernel:s0 tcontext=u:r:kernel:s0 tclass=capability permissive=0
11-19 05:19:26.131 0 0 I auditd : type=1400 audit(0.0:12731): avc: denied { kill } for comm="swapper/1" capability=5 scontext=u:r:kernel:s0 tcontext=u:r:kernel:s0 tclass=capability permissive=0
11-19 05:19:27.131 0 0 I auditd : type=1400 audit(0.0:12732): avc: denied { kill } for comm="swapper/1" capability=5 scontext=u:r:kernel:s0 tcontext=u:r:kernel:s0 tclass=capability permissive=0
11-19 05:19:28.131 0 0 I auditd : type=1400 audit(0.0:12733): avc: denied { kill } for comm="swapper/1" capability=5 scontext=u:r:kernel:s0 tcontext=u:r:kernel:s0 tclass=capability permissive=0
11-19 05:19:29.131 0 0 I auditd : type=1400 audit(0.0:12734): avc: denied { kill } for comm="swapper/1" capability=5 scontext=u:r:kernel:s0 tcontext=u:r:kernel:s0 tclass=capability permissive=0
11-19 05:19:30.131 0 0 I auditd : type=1400 audit(0.0:12735): avc: denied { kill } for comm="swapper/1" capability=5 scontext=u:r:kernel:s0 tcontext=u:r:kernel:s0 tclass=capability permissive=0
11-19 05:19:31.131 0 0 I auditd : type=1400 audit(0.0:12736): avc: denied { kill } for comm="swapper/1" capability=5 scontext=u:r:kernel:s0 tcontext=u:r:kernel:s0 tclass=capability permissive=0
11-19 05:19:32.131 0 0 I auditd : type=1400 audit(0.0:12737): avc: denied { kill } for comm="swapper/1" capability=5 scontext=u:r:kernel:s0 tcontext=u:r:kernel:s0 tclass=capability permissive=0
11-19 05:19:33.131 0 0 I auditd : type=1400 audit(0.0:12738): avc: denied { kill } for comm="swapper/1" capability=5 scontext=u:r:kernel:s0 tcontext=u:r:kernel:s0 tclass=capability permissive=0
11-19 05:19:34.131 0 0 I auditd : type=1400 audit(0.0:12739): avc: denied { kill } for comm="swapper/1" capability=5 scontext=u:r:kernel:s0 tcontext=u:r:kernel:s0 tclass=capability permissive=0
11-19 05:19:35.131 0 0 I auditd : type=1400 audit(0.0:12740): avc: denied { kill } for comm="swapper/1" capability=5 scontext=u:r:kernel:s0 tcontext=u:r:kernel:s0 tclass=capability permissive=0
11-19 05:19:36.131 0 0 I auditd : type=1400 audit(0.0:12741): avc: denied { kill } for comm="swapper/1" capability=5 scontext=u:r:kernel:s0 tcontext=u:r:kernel:s0 tclass=capability permissive=0
11-19 05:19:37.131 0 0 I auditd : type=1400 audit(0.0:12742): avc: denied { kill } for comm="swapper/1" capability=5 scontext=u:r:kernel:s0 tcontext=u:r:kernel:s0 tclass=capability permissive=0
11-19 05:19:38.131 0 0 I auditd : type=1400 audit(0.0:12743): avc: denied { kill } for comm="swapper/1" capability=5 scontext=u:r:kernel:s0 tcontext=u:r:kernel:s0 tclass=capability permissive=0
11-19 05:19:39.131 0 0 I auditd : type=1400 audit(0.0:12744): avc: denied { kill } for comm="swapper/1" capability=5 scontext=u:r:kernel:s0 tcontext=u:r:kernel:s0 tclass=capability permissive=0
11-19 05:19:40.131 0 0 I auditd : type=1400 audit(0.0:12745): avc: denied { kill } for comm="swapper/1" capability=5 scontext=u:r:kernel:s0 tcontext=u:r:kernel:s0 tclass=capability permissive=0
11-19 05:19:41.131 0 0 I auditd : type=1400 audit(0.0:12746): avc: denied { kill } for comm="swapper/1" capability=5 scontext=u:r:kernel:s0 tcontext=u:r:kernel:s0 tclass=capability permissive=0
11-19 05:19:42.131 0 0 I auditd : type=1400 audit(0.0:12747): avc: denied { kill } for comm="swapper/1" capability=5 scontext=u:r:kernel:s0 tcontext=u:r:kernel:s0 tclass=capability permissive=0
11-19 05:19:43.131 0 0 I auditd : type=1400 audit(0.0:12748): avc: denied { kill } for comm="swapper/1" capability=5 scontext=u:r:kernel:s0 tcontext=u:r:kernel:s0 tclass=capability permissive=0
11-19 05:19:44.131 0 0 I auditd : type=1400 audit(0.0:12749): avc: denied { kill } for comm="swapper/1" capability=5 scontext=u:r:kernel:s0 tcontext=u:r:kernel:s0 tclass=capability permissive=0
11-19 05:19:45.131 0 0 I auditd : type=1400 audit(0.0:12750): avc: denied { kill } for comm="swapper/1" capability=5 scontext=u:r:kernel:s0 tcontext=u:r:kernel:s0 tclass=capability permissive=0
