11-19 05:13:49.078 1499 1645 I DropBoxManagerService: add tag=system_server_wtf isTagEnabled=true flags=0x2
11-19 05:13:49.092 1499 2319 E DisplayDeviceConfig: requesting nits when no mapping exists.
11-19 05:13:49.093 1499 2319 E DisplayDeviceConfig: requesting nits when no mapping exists.
11-19 05:13:49.108 1499 2319 E DisplayDeviceConfig: requesting nits when no mapping exists.
11-19 05:13:49.110 1499 2319 E DisplayDeviceConfig: requesting nits when no mapping exists.
11-19 05:13:49.125 1499 2319 E DisplayDeviceConfig: requesting nits when no mapping exists.
11-19 05:13:49.126 1499 2319 E DisplayDeviceConfig: requesting nits when no mapping exists.
11-19 05:13:49.142 1499 2319 E DisplayDeviceConfig: requesting nits when no mapping exists.
11-19 05:13:49.143 1499 2319 E DisplayDeviceConfig: requesting nits when no mapping exists.
11-19 05:13:49.159 1499 2319 E DisplayDeviceConfig: requesting nits when no mapping exists.
11-19 05:13:49.159 1499 2319 E DisplayDeviceConfig: requesting nits when no mapping exists.
11-19 05:13:49.176 1499 2319 E DisplayDeviceConfig: requesting nits when no mapping exists.
11-19 05:13:49.177 1499 2319 E DisplayDeviceConfig: requesting nits when no mapping exists.
11-19 05:13:49.192 1499 2319 E DisplayDeviceConfig: requesting nits when no mapping exists.
11-19 05:13:49.193 1499 2319 E DisplayDeviceConfig: requesting nits when no mapping exists.
11-19 05:13:49.209 1499 2319 E DisplayDeviceConfig: requesting nits when no mapping exists.
11-19 05:13:49.210 1499 2319 E DisplayDeviceConfig: requesting nits when no mapping exists.
11-19 05:13:52.543 1499 2437 I DreamManagerService: Gently waking up from dream.
11-19 05:13:52.544 1499 1634 I DreamManagerService: Performing gentle wake from dream.
11-19 05:13:52.549 1499 2437 I ActivityTaskManager: FOREGROUND_APPLICATION_CHANGED to com.android.gallery3d.app.GalleryActivity
11-19 05:13:52.581 7802 7838 W ContextImpl: Calling a method in the system process without a qualified user: android.app.ContextImpl.startService:1816 android.content.ContextWrapper.startService:774 com.thundercomm.gamemode.ingame.services.GameModeActionUtils.startGameModeService:93 com.thundercomm.gamemode.ingame.services.GameModeActionUtils.startGameModeEntry:21 com.thundercomm.gamemode.ingame.services.ActivityMonitoringService$1.onActivityLaunch:127
11-19 05:13:52.585 1499 1499 I GameModeConfig: Current uri is uri = content://com.thundercomm.gamemode.api/gamemode_settings/gamemode_isgaming
11-19 05:13:52.587 1499 1499 I GameModeConfig: isGameModeOn = false
11-19 05:13:52.587 1499 1499 I GameModeConfig: isGameModeOn = false
11-19 05:13:52.587 1499 1499 I GameModeConfig: isDisableVoice = true
11-19 05:13:52.625 1499 1663 I PowerManagerService: Powering on display group fromDreaming (groupId=0, uid=1000, reason=WAKE_REASON_UNKNOWN, details=android.server.power:DREAM_FINISHED)...
11-19 05:13:52.625 1499 1663 I PowerManagerService: Waking up from Dreaming (uid=1000, reason=WAKE_REASON_UNKNOWN, details=android.server.power:DREAM_FINISHED)...
11-19 05:13:52.668 7802 7838 W ContextImpl: Calling a method in the system process without a qualified user: android.app.ContextImpl.startService:1816 android.content.ContextWrapper.startService:774 com.thundercomm.gamemode.ingame.services.GameModeActionUtils.startGameModeService:93 com.thundercomm.gamemode.ingame.services.GameModeActionUtils.startGameModeEntry:21 com.thundercomm.gamemode.ingame.services.ActivityMonitoringService$1.onActivityLaunch:127
11-19 05:13:52.672 1499 1499 I GameModeConfig: Current uri is uri = content://com.thundercomm.gamemode.api/gamemode_settings/gamemode_isgaming
11-19 05:13:52.674 1499 1499 I GameModeConfig: isGameModeOn = false
11-19 05:13:52.675 1499 1499 I GameModeConfig: isGameModeOn = false
11-19 05:13:52.675 1499 1499 I GameModeConfig: isDisableVoice = true
11-19 05:13:53.154 7802 7838 W ContextImpl: Calling a method in the system process without a qualified user: android.app.ContextImpl.startService:1816 android.content.ContextWrapper.startService:774 com.thundercomm.gamemode.ingame.services.GameModeActionUtils.startGameModeService:93 com.thundercomm.gamemode.ingame.services.GameModeActionUtils.startGameModeEntry:21 com.thundercomm.gamemode.ingame.services.ActivityMonitoringService$1.onActivityLaunch:127
11-19 05:13:53.161 1499 1499 I GameModeConfig: Current uri is uri = content://com.thundercomm.gamemode.api/gamemode_settings/gamemode_isgaming
11-19 05:13:53.163 1499 1499 I GameModeConfig: isGameModeOn = false
11-19 05:13:53.164 1499 1499 I GameModeConfig: isGameModeOn = false
11-19 05:13:53.164 1499 1499 I GameModeConfig: isDisableVoice = true
11-19 05:13:53.174 1499 2437 I DreamManagerService: Leaving dreamland.
11-19 05:13:53.175 1499 1634 I DreamManagerService: Performing gentle wake from dream.
11-19 05:13:53.175 1499 1634 I DreamController: Stopping dream: name=ComponentInfo{com.thundercomm.screensaver/com.thundercomm.saverclock.service.ClockScreensaver}, isTest=false, canDoze=false, userId=0, reason='finished self'(from 'finished self')
11-19 05:13:53.188 1499 1638 W ActivityTaskManager: Can't find TaskDisplayArea to determine support for multi window. Task id=66 attached=false
11-19 05:13:54.004 7802 7838 W ContextImpl: Calling a method in the system process without a qualified user: android.app.ContextImpl.startService:1816 android.content.ContextWrapper.startService:774 com.thundercomm.gamemode.ingame.services.GameModeActionUtils.startGameModeService:93 com.thundercomm.gamemode.ingame.services.GameModeActionUtils.startGameModeEntry:21 com.thundercomm.gamemode.ingame.services.ActivityMonitoringService$1.onActivityLaunch:127
11-19 05:13:54.007 1499 1499 I GameModeConfig: Current uri is uri = content://com.thundercomm.gamemode.api/gamemode_settings/gamemode_isgaming
11-19 05:13:54.009 1499 1499 I GameModeConfig: isGameModeOn = false
11-19 05:13:54.010 1499 1499 I GameModeConfig: isGameModeOn = false
11-19 05:13:54.010 1499 1499 I GameModeConfig: isDisableVoice = true
11-19 05:13:55.559 1499 3791 E TaskPersister: File error accessing recents directory (directory doesn't exist?).
11-19 05:13:56.050 1499 9049 D FreeFormWindowHelper: Add freeform task=Task{daa5027 #65 type=standard A=10066:com.android.gallery3d U=0 visible=true mode=freeform translucent=false sz=1}
11-19 05:13:56.058 1499 9049 W WindowManager: updateScale0.7996942
11-19 05:13:56.070 1499 4942 W WindowManager: Attempted to set replacing window on app token with no content Token{b925a4b ActivityRecord{b1a32d4 u0 com.android.gallery3d/.app.GalleryActivity t65}}
11-19 05:13:56.073 1499 1637 W WindowManager: updateScale0.7996942
11-19 05:13:56.119 1499 2437 W WindowManager: updateScale0.7996942
11-19 05:13:56.121 1499 2437 W WindowManager: updateScale0.7996942
11-19 05:13:56.122 1499 2437 I NotificationService: cancelToast pkg=com.android.gallery3d token=android.os.BinderProxy@f57417d
11-19 05:13:56.122 1499 2437 W WindowManager: removeWindowToken: Attempted to remove non-existing token: android.os.Binder@8646fd6
11-19 05:13:56.126 1499 2437 W WindowManager: updateScale0.7996942
11-19 05:13:56.145 1499 2757 W WindowManager: updateScale0.7996942
11-19 05:13:56.146 1499 2757 W WindowManager: updateScale0.7996942
11-19 05:13:56.148 1499 4942 I WindowManager: finishDrawing of relaunch: Window{757a122 u0 com.android.gallery3d/com.android.gallery3d.app.GalleryActivity} 97ms
11-19 05:13:56.148 1499 1638 W WindowManager: updateScale0.7996942
11-19 05:13:56.149 1499 1638 W WindowManager: updateScale0.7996942
11-19 05:13:56.196 1499 2437 W WindowManager: updateScale0.7996942
11-19 05:13:56.204 1499 1638 W WindowManager: updateScale0.7996942
11-19 05:13:56.498 1499 4942 I ActivityTaskManager: FOREGROUND_APPLICATION_CHANGED to com.android.launcher3.uioverrides.QuickstepLauncher
11-19 05:13:56.503 1499 4942 W WindowManager: updateScale0.7996942
11-19 05:13:56.509 1499 4942 W WindowManager: updateScale0.7996942
11-19 05:13:56.545 1499 4942 W WindowManager: updateScale0.7996942
11-19 05:13:56.620 7802 7838 W ContextImpl: Calling a method in the system process without a qualified user: android.app.ContextImpl.startService:1816 android.content.ContextWrapper.startService:774 com.thundercomm.gamemode.ingame.services.GameModeActionUtils.startGameModeService:93 com.thundercomm.gamemode.ingame.services.GameModeActionUtils.startGameModeEntry:21 com.thundercomm.gamemode.ingame.services.ActivityMonitoringService$1.onActivityLaunch:127
11-19 05:13:56.625 1499 1499 I GameModeConfig: Current uri is uri = content://com.thundercomm.gamemode.api/gamemode_settings/gamemode_isgaming
11-19 05:13:56.626 1499 1637 W WindowManager: updateScale0.7996942
11-19 05:13:56.629 1499 1499 I GameModeConfig: isGameModeOn = false
11-19 05:13:56.630 1499 1499 I GameModeConfig: isGameModeOn = false
11-19 05:13:56.630 1499 1499 I GameModeConfig: isDisableVoice = true
11-19 05:13:56.648 1499 1638 W WindowManager: updateScale0.7996942
11-19 05:13:56.650 1499 1638 W WindowManager: updateScale0.7996942
11-19 05:13:57.888 1499 1637 W WindowManager: updateScale0.7996942
11-19 05:13:57.895 1499 1637 I ActivityTaskManager: FOREGROUND_APPLICATION_CHANGED to com.android.gallery3d.app.GalleryActivity
11-19 05:13:58.050 1499 2757 D FreeFormWindowHelper: Remove freefrom task=Task{daa5027 #65 type=standard A=10066:com.android.gallery3d U=0 visible=true mode=fullscreen translucent=false sz=1}
11-19 05:13:58.068 1499 2757 W WindowManager: Attempted to set replacing window on app token with no content Token{b925a4b ActivityRecord{b1a32d4 u0 com.android.gallery3d/.app.GalleryActivity t65}}
11-19 05:13:58.082 7802 7838 W ContextImpl: Calling a method in the system process without a qualified user: android.app.ContextImpl.startService:1816 android.content.ContextWrapper.startService:774 com.thundercomm.gamemode.ingame.services.GameModeActionUtils.startGameModeService:93 com.thundercomm.gamemode.ingame.services.GameModeActionUtils.startGameModeEntry:21 com.thundercomm.gamemode.ingame.services.ActivityMonitoringService$1.onActivityLaunch:127
11-19 05:13:58.087 1499 1499 I GameModeConfig: Current uri is uri = content://com.thundercomm.gamemode.api/gamemode_settings/gamemode_isgaming
11-19 05:13:58.089 1499 1499 I GameModeConfig: isGameModeOn = false
11-19 05:13:58.090 1499 1499 I GameModeConfig: isGameModeOn = false
11-19 05:13:58.090 1499 1499 I GameModeConfig: isDisableVoice = true
11-19 05:13:58.116 1499 2284 I GameModeConfig: isGameModeOn = false
11-19 05:13:58.116 1499 2284 I GameModeConfig: isGameModeOn = false
11-19 05:13:58.117 1499 2284 I GameModeConfig: isGameModeOn = false
11-19 05:13:58.117 1499 2284 I GameModeConfig: isGameModeOn = false
11-19 05:13:58.123 1499 2437 I NotificationService: cancelToast pkg=com.android.gallery3d token=android.os.BinderProxy@7d56015
11-19 05:13:58.123 1499 2437 W WindowManager: removeWindowToken: Attempted to remove non-existing token: android.os.Binder@72524c3
11-19 05:13:58.126 1499 4942 I WindowManager: finishDrawing of relaunch: Window{757a122 u0 com.android.gallery3d/com.android.gallery3d.app.GalleryActivity} 79ms
11-19 05:13:58.320 1499 1499 I GameModeConfig: isGameModeOn = false
11-19 05:13:58.485 7802 7838 W ContextImpl: Calling a method in the system process without a qualified user: android.app.ContextImpl.startService:1816 android.content.ContextWrapper.startService:774 com.thundercomm.gamemode.ingame.services.GameModeActionUtils.startGameModeService:93 com.thundercomm.gamemode.ingame.services.GameModeActionUtils.startGameModeEntry:21 com.thundercomm.gamemode.ingame.services.ActivityMonitoringService$1.onActivityLaunch:127
11-19 05:13:58.493 1499 1499 I GameModeConfig: Current uri is uri = content://com.thundercomm.gamemode.api/gamemode_settings/gamemode_isgaming
11-19 05:13:58.496 1499 1499 I GameModeConfig: isGameModeOn = false
11-19 05:13:58.497 1499 1499 I GameModeConfig: isGameModeOn = false
11-19 05:13:58.497 1499 1499 I GameModeConfig: isDisableVoice = true
11-19 05:13:58.526 7802 7838 W ContextImpl: Calling a method in the system process without a qualified user: android.app.ContextImpl.startService:1816 android.content.ContextWrapper.startService:774 com.thundercomm.gamemode.ingame.services.GameModeActionUtils.startGameModeService:93 com.thundercomm.gamemode.ingame.services.GameModeActionUtils.startGameModeEntry:21 com.thundercomm.gamemode.ingame.services.ActivityMonitoringService$1.onActivityLaunch:127
11-19 05:13:58.531 1499 1499 I GameModeConfig: Current uri is uri = content://com.thundercomm.gamemode.api/gamemode_settings/gamemode_isgaming
11-19 05:13:58.533 1499 1499 I GameModeConfig: isGameModeOn = false
11-19 05:13:58.533 1499 1499 I GameModeConfig: isGameModeOn = false
11-19 05:13:58.533 1499 1499 I GameModeConfig: isDisableVoice = true
11-19 05:13:59.760 7802 7838 W ContextImpl: Calling a method in the system process without a qualified user: android.app.ContextImpl.startService:1816 android.content.ContextWrapper.startService:774 com.thundercomm.gamemode.ingame.services.GameModeActionUtils.startGameModeService:93 com.thundercomm.gamemode.ingame.services.GameModeActionUtils.startGameModeEntry:21 com.thundercomm.gamemode.ingame.services.ActivityMonitoringService$1.onActivityLaunch:127
11-19 05:13:59.764 1499 1499 I GameModeConfig: Current uri is uri = content://com.thundercomm.gamemode.api/gamemode_settings/gamemode_isgaming
11-19 05:13:59.768 1499 1499 I GameModeConfig: isGameModeOn = false
11-19 05:13:59.768 1499 1499 I GameModeConfig: isGameModeOn = false
11-19 05:13:59.768 1499 1499 I GameModeConfig: isDisableVoice = true
11-19 05:14:00.182 1499 1637 W WindowManager: Unable to start animation, surface is null or no children.
11-19 05:14:01.658 1499 2757 W NotificationService: Toast already killed. pkg=com.android.gallery3d token=android.os.BinderProxy@a7e30e2
11-19 05:14:02.580 1499 2757 I ActivityTaskManager: FOREGROUND_APPLICATION_CHANGED to com.android.launcher3.uioverrides.QuickstepLauncher
11-19 05:14:02.605 1499 1614 I NotificationService: cancelToast pkg=com.android.gallery3d token=android.os.BinderProxy@a7e30e2
11-19 05:14:02.605 1499 1614 W NotificationService: Toast already cancelled. pkg=com.android.gallery3d token=android.os.BinderProxy@a7e30e2
11-19 05:14:02.638 7802 7838 W ContextImpl: Calling a method in the system process without a qualified user: android.app.ContextImpl.startService:1816 android.content.ContextWrapper.startService:774 com.thundercomm.gamemode.ingame.services.GameModeActionUtils.startGameModeService:93 com.thundercomm.gamemode.ingame.services.GameModeActionUtils.startGameModeEntry:21 com.thundercomm.gamemode.ingame.services.ActivityMonitoringService$1.onActivityLaunch:127
11-19 05:14:02.645 1499 1499 I GameModeConfig: Current uri is uri = content://com.thundercomm.gamemode.api/gamemode_settings/gamemode_isgaming
11-19 05:14:02.647 1499 1499 I GameModeConfig: isGameModeOn = false
11-19 05:14:02.647 1499 1499 I GameModeConfig: isGameModeOn = false
11-19 05:14:02.647 1499 1499 I GameModeConfig: isDisableVoice = true
11-19 05:14:02.702 1499 1637 I ActivityManager: Killing 13162:com.android.gallery3d/u0a66 (adj 900): remove task
11-19 05:14:02.706 1499 3791 E TaskPersister: File error accessing recents directory (directory doesn't exist?).
11-19 05:14:02.708 7802 7838 W ContextImpl: Calling a method in the system process without a qualified user: android.app.ContextImpl.startService:1816 android.content.ContextWrapper.startService:774 com.thundercomm.gamemode.ingame.services.GameModeActionUtils.startGameModeService:93 com.thundercomm.gamemode.ingame.services.GameModeActionUtils.startGameModeEntry:21 com.thundercomm.gamemode.ingame.services.ActivityMonitoringService$1.onActivityLaunch:127
11-19 05:14:02.710 1499 3791 E TaskPersister: File error accessing recents directory (directory doesn't exist?).
11-19 05:14:02.714 1499 1499 I GameModeConfig: Current uri is uri = content://com.thundercomm.gamemode.api/gamemode_settings/gamemode_isgaming
11-19 05:14:02.717 1499 1499 I GameModeConfig: isGameModeOn = false
11-19 05:14:02.718 1499 1499 I GameModeConfig: isGameModeOn = false
11-19 05:14:02.718 1499 1499 I GameModeConfig: isDisableVoice = true
11-19 05:14:02.771 1499 2341 I WindowManager: WIN DEATH: Window{757a122 u0 com.android.gallery3d/com.android.gallery3d.app.GalleryActivity}
11-19 05:14:02.781 1499 1638 W ActivityTaskManager: Can't find TaskDisplayArea to determine support for multi window. Task id=65 attached=false
11-19 05:14:02.782 1499 1638 W ActivityTaskManager: Can't find TaskDisplayArea to determine support for multi window. Task id=65 attached=false
11-19 05:14:02.782 1499 1637 W ActivityManager: setHasOverlayUi called on unknown pid: 13162
11-19 05:14:02.782 1499 1644 W UsageStatsService: Unexpected activity event reported! (com.android.gallery3d/com.android.gallery3d.app.GalleryActivity event : 23 instanceId : 194140747)
11-19 05:14:02.785 1499 1637 D CompatibilityChangeReporter: Compat change id reported: 135634846; UID 10066; state: DISABLED
11-19 05:14:02.785 1499 1637 D CompatibilityChangeReporter: Compat change id reported: 177438394; UID 10066; state: DISABLED
11-19 05:14:02.785 1499 1637 D CompatibilityChangeReporter: Compat change id reported: 135772972; UID 10066; state: DISABLED
11-19 05:14:02.786 1499 1637 D CompatibilityChangeReporter: Compat change id reported: 135754954; UID 10066; state: DISABLED
11-19 05:14:02.786 1499 1646 D CompatibilityChangeReporter: Compat change id reported: 143937733; UID 10066; state: DISABLED
11-19 05:14:02.796 1499 1646 I ActivityManager: Start proc 13632:com.android.gallery3d/u0a66 for null
11-19 05:14:02.809 7802 7838 W ContextImpl: Calling a method in the system process without a qualified user: android.app.ContextImpl.startService:1816 android.content.ContextWrapper.startService:774 com.thundercomm.gamemode.ingame.services.GameModeActionUtils.startGameModeService:93 com.thundercomm.gamemode.ingame.services.GameModeActionUtils.startGameModeEntry:21 com.thundercomm.gamemode.ingame.services.ActivityMonitoringService$1.onActivityLaunch:127
11-19 05:14:02.813 1499 1499 I GameModeConfig: Current uri is uri = content://com.thundercomm.gamemode.api/gamemode_settings/gamemode_isgaming
11-19 05:14:02.815 1499 1499 I GameModeConfig: isGameModeOn = false
11-19 05:14:02.816 1499 1499 I GameModeConfig: isGameModeOn = false
11-19 05:14:02.816 1499 1499 I GameModeConfig: isDisableVoice = true
11-19 05:14:04.584 1499 2341 I ActivityTaskManager: START u0 {flg=0x10008000 cmp=com.android.music/.MusicBrowserActivity} from uid 10078
11-19 05:14:04.591 1499 2341 W ActivityTaskManager: Can't find TaskDisplayArea to determine support for multi window. Task id=67 attached=false
11-19 05:14:04.596 1499 2341 D FreeFormWindowHelper: Add freeform task=Task{173689 #67 type=standard ?? U=0 visible=false mode=freeform translucent=true sz=0}
11-19 05:14:04.600 1499 2341 D CompatibilityChangeReporter: Compat change id reported: 174042980; UID 10090; state: DISABLED
11-19 05:14:04.601 1499 2341 D CompatibilityChangeReporter: Compat change id reported: 184838306; UID 10090; state: DISABLED
11-19 05:14:04.601 1499 2341 D CompatibilityChangeReporter: Compat change id reported: 185004937; UID 10090; state: DISABLED
11-19 05:14:04.602 1499 2341 D CompatibilityChangeReporter: Compat change id reported: 181136395; UID 10090; state: DISABLED
11-19 05:14:04.602 1499 2341 D CompatibilityChangeReporter: Compat change id reported: 174042936; UID 10090; state: DISABLED
11-19 05:14:04.604 1499 2341 D CompatibilityChangeReporter: Compat change id reported: 168419799; UID 10090; state: DISABLED
11-19 05:14:04.605 1499 2341 I ActivityTaskManager: FOREGROUND_APPLICATION_CHANGED to com.android.music.MusicBrowserActivity
11-19 05:14:04.606 1499 2341 I ActivityTaskManager: The Process com.android.music Already Exists in BG. So sending its PID: 13467
11-19 05:14:04.628 7802 7838 W ContextImpl: Calling a method in the system process without a qualified user: android.app.ContextImpl.startService:1816 android.content.ContextWrapper.startService:774 com.thundercomm.gamemode.ingame.services.GameModeActionUtils.startGameModeService:93 com.thundercomm.gamemode.ingame.services.GameModeActionUtils.startGameModeEntry:21 com.thundercomm.gamemode.ingame.services.ActivityMonitoringService$1.onActivityLaunch:127
11-19 05:14:04.638 1499 1499 I GameModeConfig: Current uri is uri = content://com.thundercomm.gamemode.api/gamemode_settings/gamemode_isgaming
11-19 05:14:04.639 1499 1499 I GameModeConfig: isGameModeOn = false
11-19 05:14:04.640 1499 1499 I GameModeConfig: isGameModeOn = false
11-19 05:14:04.640 1499 1499 I GameModeConfig: isDisableVoice = true
11-19 05:14:04.706 1499 2284 I GameModeConfig: isGameModeOn = false
11-19 05:14:04.706 1499 2284 I GameModeConfig: isGameModeOn = false
11-19 05:14:04.708 1499 2284 I GameModeConfig: isGameModeOn = false
11-19 05:14:04.708 1499 2284 I GameModeConfig: isGameModeOn = false
11-19 05:14:04.710 1499 2284 I GameModeConfig: isGameModeOn = false
11-19 05:14:04.711 1499 2284 I GameModeConfig: isGameModeOn = false
11-19 05:14:04.711 1499 2284 I GameModeConfig: isGameModeOn = false
11-19 05:14:04.711 1499 2284 I GameModeConfig: isGameModeOn = false
11-19 05:14:04.719 1499 2284 I GameModeConfig: isGameModeOn = false
11-19 05:14:04.719 1499 2284 I GameModeConfig: isGameModeOn = false
11-19 05:14:04.725 1499 2284 I GameModeConfig: isGameModeOn = false
11-19 05:14:04.725 1499 2284 I GameModeConfig: isGameModeOn = false
11-19 05:14:04.740 1499 7777 W WindowManager: updateScale0.7996942
11-19 05:14:04.770 1499 1638 W WindowManager: updateScale0.7996942
11-19 05:14:04.772 1499 2341 D CompatibilityChangeReporter: Compat change id reported: 157233955; UID 10090; state: ENABLED
11-19 05:14:04.773 1499 1638 W WindowManager: updateScale0.7996942
11-19 05:14:04.774 1499 1638 W WindowManager: updateScale0.7996942
11-19 05:14:04.775 1499 7777 W WindowManager: updateScale0.7996942
11-19 05:14:04.910 1499 1499 I NotificationService: Cannot find enqueued record for key: 0|com.android.music|1|null|10090
11-19 05:14:04.912 1499 1499 I NotificationService: Cannot find enqueued record for key: 0|com.android.music|1|null|10090
11-19 05:14:04.918 1499 1499 I NotificationService: Cannot find enqueued record for key: 0|com.android.music|1|null|10090
11-19 05:14:04.918 1499 1499 I NotificationService: Cannot find enqueued record for key: 0|com.android.music|1|null|10090
11-19 05:14:04.928 1499 1499 I NotificationService: Cannot find enqueued record for key: 0|com.android.music|1|null|10090
11-19 05:14:04.928 1499 1499 I NotificationService: Cannot find enqueued record for key: 0|com.android.music|1|null|10090
11-19 05:14:05.053 1499 1638 W WindowManager: updateScale0.7996942
11-19 05:14:06.291 1499 3791 E TaskPersister: File error accessing recents directory (directory doesn't exist?).
11-19 05:14:07.122 1499 7777 I ActivityTaskManager: START u0 {act=android.intent.action.MAIN cat=[android.intent.category.HOME] flg=0x10000000 cmp=com.android.launcher3/.uioverrides.QuickstepLauncher} from uid 10078
11-19 05:14:07.132 1499 7777 I ActivityTaskManager: FOREGROUND_APPLICATION_CHANGED to com.android.launcher3.uioverrides.QuickstepLauncher
11-19 05:14:07.133 1499 7777 W WindowManager: updateScale0.7996942
11-19 05:14:07.137 1499 7777 W WindowManager: updateScale0.7996942
11-19 05:14:07.139 1499 1499 W WindowManager: removeWindowToken: Attempted to remove non-existing token: android.os.Binder@8646fd6
11-19 05:14:07.150 1499 1614 W WindowManager: updateScale0.7996942
11-19 05:14:08.190 1499 2437 W WindowManager: updateScale0.7996942
11-19 05:14:08.191 1499 2437 W WindowManager: updateScale0.7996942
11-19 05:14:08.339 1499 2284 I GameModeConfig: isGameModeOn = false
11-19 05:14:08.427 1499 7777 W ActivityManager: Receiver with filter android.content.IntentFilter@8bf17e3 already registered for pid 13467, callerPackage is com.android.music
11-19 05:14:08.453 7802 7838 W ContextImpl: Calling a method in the system process without a qualified user: android.app.ContextImpl.startService:1816 android.content.ContextWrapper.startService:774 com.thundercomm.gamemode.ingame.services.GameModeActionUtils.startGameModeService:93 com.thundercomm.gamemode.ingame.services.GameModeActionUtils.startGameModeEntry:21 com.thundercomm.gamemode.ingame.services.ActivityMonitoringService$1.onActivityLaunch:127
11-19 05:14:08.467 1499 1499 I GameModeConfig: Current uri is uri = content://com.thundercomm.gamemode.api/gamemode_settings/gamemode_isgaming
11-19 05:14:08.470 1499 1645 D CompatibilityChangeReporter: Compat change id reported: 135634846; UID 10025; state: DISABLED
11-19 05:14:08.470 1499 1645 D CompatibilityChangeReporter: Compat change id reported: 177438394; UID 10025; state: DISABLED
11-19 05:14:08.470 1499 1645 D CompatibilityChangeReporter: Compat change id reported: 135772972; UID 10025; state: DISABLED
11-19 05:14:08.470 1499 1645 D CompatibilityChangeReporter: Compat change id reported: 135754954; UID 10025; state: ENABLED
11-19 05:14:08.470 1499 1646 D CompatibilityChangeReporter: Compat change id reported: 143937733; UID 10025; state: ENABLED
11-19 05:14:08.473 1499 1499 I GameModeConfig: isGameModeOn = false
11-19 05:14:08.474 1499 1499 I GameModeConfig: isGameModeOn = false
11-19 05:14:08.474 1499 1499 I GameModeConfig: isDisableVoice = true
11-19 05:14:08.478 1499 1646 I ActivityManager: Start proc 13677:com.android.musicfx/u0a25 for broadcast {com.android.musicfx/com.android.musicfx.ControlPanelReceiver}
11-19 05:14:08.481 1499 5048 W NotificationHistory: Attempted to remove channel for locked/gone/disabled user 0
11-19 05:14:08.496 1499 5048 D CompatibilityChangeReporter: Compat change id reported: 168419799; UID 10025; state: DISABLED
11-19 05:14:08.517 7802 7838 W ContextImpl: Calling a method in the system process without a qualified user: android.app.ContextImpl.startService:1816 android.content.ContextWrapper.startService:774 com.thundercomm.gamemode.ingame.services.GameModeActionUtils.startGameModeService:93 com.thundercomm.gamemode.ingame.services.GameModeActionUtils.startGameModeEntry:21 com.thundercomm.gamemode.ingame.services.ActivityMonitoringService$1.onActivityLaunch:127
11-19 05:14:08.522 1499 1499 I GameModeConfig: Current uri is uri = content://com.thundercomm.gamemode.api/gamemode_settings/gamemode_isgaming
11-19 05:14:08.524 1499 1499 I GameModeConfig: isGameModeOn = false
11-19 05:14:08.524 1499 1499 I GameModeConfig: isGameModeOn = false
11-19 05:14:08.524 1499 1499 I GameModeConfig: isDisableVoice = true
11-19 05:14:08.539 1499 2437 W BroadcastQueue: Background execution not allowed: receiving Intent { act=com.android.music.updatewidget flg=0x10 } to com.android.music/.MediaAppWidgetProvider
11-19 05:14:08.541 1499 1645 W BroadcastQueue: Background execution not allowed: receiving Intent { act=com.android.music.updatewidget flg=0x10 } to com.android.music/.MediaAppWidgetProviderLarge
11-19 05:14:08.708 1499 1638 D FreeFormWindowHelper: Remove freefrom task=Task{173689 #67 type=standard A=10090:android.task.music U=0 visible=false mode=freeform translucent=true sz=0}
11-19 05:14:09.124 1499 1499 W WindowManager: removeWindowToken: Attempted to remove non-existing token: android.os.Binder@72524c3
11-19 05:14:11.718 1499 3791 E TaskPersister: File error accessing recents directory (directory doesn't exist?).
11-19 05:14:11.932 1499 2437 W ContextImpl: Calling a method in the system process without a qualified user: android.app.ContextImpl.startActivity:1067 com.android.server.wm.FreeFormWindowHelper.exitRecentTasks:404 com.android.server.wm.ActivityTaskManagerService.exitRecentTasks:3795 android.app.IActivityTaskManager$Stub.onTransact:2307 com.android.server.wm.ActivityTaskManagerService.onTransact:5046
11-19 05:14:11.933 1499 2437 I ActivityTaskManager: START u0 {flg=0x10008000 cmp=com.android.music/.MusicBrowserActivity} from uid 1000
11-19 05:14:11.940 1499 2437 W ActivityTaskManager: Can't find TaskDisplayArea to determine support for multi window. Task id=68 attached=false
11-19 05:14:11.942 1499 2437 D FreeFormWindowHelper: Add freeform task=Task{6cabc0e #68 type=standard ?? U=0 visible=false mode=freeform translucent=true sz=0}
11-19 05:14:11.947 1499 2437 I ActivityTaskManager: FOREGROUND_APPLICATION_CHANGED to com.android.music.MusicBrowserActivity
11-19 05:14:11.948 1499 2437 I ActivityTaskManager: The Process com.android.music Already Exists in BG. So sending its PID: 13467
11-19 05:14:11.948 1499 2437 W ActivityTaskManager: Tried to set launchTime (0) < mLastActivityLaunchTime (14123967)
11-19 05:14:11.993 7802 7838 W ContextImpl: Calling a method in the system process without a qualified user: android.app.ContextImpl.startService:1816 android.content.ContextWrapper.startService:774 com.thundercomm.gamemode.ingame.services.GameModeActionUtils.startGameModeService:93 com.thundercomm.gamemode.ingame.services.GameModeActionUtils.startGameModeEntry:21 com.thundercomm.gamemode.ingame.services.ActivityMonitoringService$1.onActivityLaunch:127
11-19 05:14:11.999 1499 1499 I GameModeConfig: Current uri is uri = content://com.thundercomm.gamemode.api/gamemode_settings/gamemode_isgaming
11-19 05:14:12.002 1499 1499 I GameModeConfig: isGameModeOn = false
11-19 05:14:12.002 1499 1499 I GameModeConfig: isGameModeOn = false
11-19 05:14:12.002 1499 1499 I GameModeConfig: isDisableVoice = true
11-19 05:14:12.007 1499 2341 W WindowManager: updateScale0.7996942
11-19 05:14:12.017 1499 2284 I GameModeConfig: isGameModeOn = false
11-19 05:14:12.017 1499 2284 I GameModeConfig: isGameModeOn = false
11-19 05:14:12.017 1499 2284 I GameModeConfig: isGameModeOn = false
11-19 05:14:12.017 1499 2284 I GameModeConfig: isGameModeOn = false
11-19 05:14:12.025 1499 2284 I GameModeConfig: isGameModeOn = false
11-19 05:14:12.025 1499 2284 I GameModeConfig: isGameModeOn = false
11-19 05:14:12.025 1499 2284 I GameModeConfig: isGameModeOn = false
11-19 05:14:12.026 1499 2284 I GameModeConfig: isGameModeOn = false
11-19 05:14:12.029 1499 2284 I GameModeConfig: isGameModeOn = false
11-19 05:14:12.029 1499 2284 I GameModeConfig: isGameModeOn = false
11-19 05:14:12.029 1499 2284 I GameModeConfig: isGameModeOn = false
11-19 05:14:12.029 1499 2284 I GameModeConfig: isGameModeOn = false
11-19 05:14:12.036 1499 8917 W WindowManager: updateScale0.7996942
11-19 05:14:12.050 1499 1638 W WindowManager: updateScale0.7996942
11-19 05:14:12.053 1499 1638 W WindowManager: updateScale0.7996942
11-19 05:14:12.053 1499 1638 W WindowManager: updateScale0.7996942
11-19 05:14:12.054 1499 2757 W WindowManager: updateScale0.7996942
11-19 05:14:12.221 1499 1499 I NotificationService: Cannot find enqueued record for key: 0|com.android.music|1|null|10090
11-19 05:14:12.225 1499 1499 I NotificationService: Cannot find enqueued record for key: 0|com.android.music|1|null|10090
11-19 05:14:12.226 1499 1499 I NotificationService: Cannot find enqueued record for key: 0|com.android.music|1|null|10090
11-19 05:14:12.228 1499 1499 I NotificationService: Cannot find enqueued record for key: 0|com.android.music|1|null|10090
11-19 05:14:12.234 1499 1499 I NotificationService: Cannot find enqueued record for key: 0|com.android.music|1|null|10090
11-19 05:14:12.234 1499 1499 I NotificationService: Cannot find enqueued record for key: 0|com.android.music|1|null|10090
11-19 05:14:12.337 1499 1638 W WindowManager: updateScale0.7996942
11-19 05:14:12.651 1499 1499 W WindowManager: removeWindowToken: Attempted to remove non-existing token: android.os.Binder@cb8e891
11-19 05:14:13.793 1499 2759 W WindowManager: updateScale0.4617737
11-19 05:14:13.796 1499 2759 W WindowManager: updateScale0.4617737
11-19 05:14:13.805 1499 2759 W ActivityManager: Receiver with filter android.content.IntentFilter@7cbdf7e already registered for pid 13467, callerPackage is com.android.music
11-19 05:14:13.862 1499 8917 W WindowManager: updateScale0.4617737
11-19 05:14:13.864 1499 8917 W WindowManager: updateScale0.4617737
11-19 05:14:13.871 1499 2284 I GameModeConfig: isGameModeOn = false
11-19 05:14:13.871 1499 2284 I GameModeConfig: isGameModeOn = false
11-19 05:14:13.871 1499 2284 I GameModeConfig: isGameModeOn = false
11-19 05:14:13.872 1499 2284 I GameModeConfig: isGameModeOn = false
11-19 05:14:13.883 1499 2284 I GameModeConfig: isGameModeOn = false
11-19 05:14:13.884 1499 2284 I GameModeConfig: isGameModeOn = false
11-19 05:14:13.884 1499 2284 I GameModeConfig: isGameModeOn = false
11-19 05:14:13.884 1499 2284 I GameModeConfig: isGameModeOn = false
11-19 05:14:13.886 1499 2284 I GameModeConfig: isGameModeOn = false
11-19 05:14:13.887 1499 2284 I GameModeConfig: isGameModeOn = false
11-19 05:14:13.887 1499 2284 I GameModeConfig: isGameModeOn = false
11-19 05:14:13.887 1499 2284 I GameModeConfig: isGameModeOn = false
11-19 05:14:13.895 1499 5048 W WindowManager: updateScale0.4617737
11-19 05:14:14.080 1499 1499 I GameModeConfig: isGameModeOn = false
11-19 05:14:14.085 1499 1499 W NotificationHistory: Attempted to add notif for locked/gone/disabled user 0
11-19 05:14:14.085 1499 1499 I GameModeConfig: isGameModeOn = false
11-19 05:14:14.088 1499 1499 I GameModeConfig: isGameModeOn = false
11-19 05:14:14.090 1499 1499 I GameModeConfig: isGameModeOn = false
11-19 05:14:14.092 1499 1499 I GameModeConfig: isGameModeOn = false
11-19 05:14:14.101 1499 1499 I GameModeConfig: isGameModeOn = false
11-19 05:14:14.140 1499 1499 D CompatibilityChangeReporter: Compat change id reported: 175319604; UID 1000; state: ENABLED
11-19 05:14:14.140 1499 1499 D CompatibilityChangeReporter: Compat change id reported: 175319604; UID 1000; state: DISABLED
11-19 05:14:14.708 1499 2284 I GameModeConfig: isGameModeOn = false
11-19 05:14:14.711 1499 2284 I GameModeConfig: isGameModeOn = false
11-19 05:14:14.719 1499 2284 I GameModeConfig: isGameModeOn = false
11-19 05:14:14.941 1499 1638 D FreeFormWindowHelper: refreshTipWindow windowDragBounds:Rect(3, 75 - 305, 613)
11-19 05:14:14.944 1499 1638 W WindowManager: updateScale0.4617737
11-19 05:14:14.958 1499 1638 D FreeFormWindowHelper: refreshTipWindow windowDragBounds:Rect(9, 76 - 311, 614)
11-19 05:14:14.960 1499 1638 W WindowManager: updateScale0.4617737
11-19 05:14:14.975 1499 1638 D FreeFormWindowHelper: refreshTipWindow windowDragBounds:Rect(17, 77 - 319, 615)
11-19 05:14:14.977 1499 1638 W WindowManager: updateScale0.4617737
11-19 05:14:14.992 1499 1638 D FreeFormWindowHelper: refreshTipWindow windowDragBounds:Rect(54, 80 - 356, 618)
11-19 05:14:14.994 1499 1638 W WindowManager: updateScale0.4617737
11-19 05:14:15.008 1499 1638 D FreeFormWindowHelper: refreshTipWindow windowDragBounds:Rect(107, 87 - 409, 625)
11-19 05:14:15.009 1499 1638 W WindowManager: updateScale0.4617737
11-19 05:14:15.023 1499 8917 W WindowManager: updateScale0.4617737
11-19 05:14:15.028 1499 1638 D FreeFormWindowHelper: refreshTipWindow windowDragBounds:Rect(165, 92 - 467, 630)
11-19 05:14:15.029 1499 1638 W WindowManager: updateScale0.4617737
11-19 05:14:15.058 1499 1638 D FreeFormWindowHelper: refreshTipWindow windowDragBounds:Rect(210, 91 - 512, 629)
11-19 05:14:15.060 1499 1638 W WindowManager: updateScale0.4617737
11-19 05:14:15.075 1499 1638 D FreeFormWindowHelper: refreshTipWindow windowDragBounds:Rect(236, 91 - 538, 629)
11-19 05:14:15.076 1499 1638 W WindowManager: updateScale0.4617737
11-19 05:14:15.088 1499 5048 W WindowManager: updateScale0.4617737
11-19 05:14:15.091 1499 1638 D FreeFormWindowHelper: refreshTipWindow windowDragBounds:Rect(260, 91 - 562, 629)
11-19 05:14:15.093 1499 1638 W WindowManager: updateScale0.4617737
11-19 05:14:15.108 1499 1638 D FreeFormWindowHelper: refreshTipWindow windowDragBounds:Rect(279, 91 - 581, 629)
11-19 05:14:15.110 1499 1638 W WindowManager: updateScale0.4617737
11-19 05:14:15.126 1499 1638 D FreeFormWindowHelper: refreshTipWindow windowDragBounds:Rect(287, 91 - 589, 629)
11-19 05:14:15.127 1499 1638 W WindowManager: updateScale0.4617737
11-19 05:14:15.142 1499 1638 D FreeFormWindowHelper: refreshTipWindow windowDragBounds:Rect(293, 91 - 595, 629)
11-19 05:14:15.143 1499 1638 W WindowManager: updateScale0.4617737
11-19 05:14:15.158 1499 1638 D FreeFormWindowHelper: refreshTipWindow windowDragBounds:Rect(312, 91 - 614, 629)
11-19 05:14:15.160 1499 1638 W WindowManager: updateScale0.4617737
11-19 05:14:15.175 1499 1638 D FreeFormWindowHelper: refreshTipWindow windowDragBounds:Rect(335, 91 - 637, 629)
11-19 05:14:15.177 1499 1638 W WindowManager: updateScale0.4617737
11-19 05:14:15.192 1499 1638 D FreeFormWindowHelper: refreshTipWindow windowDragBounds:Rect(395, 98 - 697, 636)
11-19 05:14:15.193 1499 1638 W WindowManager: updateScale0.4617737
11-19 05:14:15.209 1499 1638 D FreeFormWindowHelper: refreshTipWindow windowDragBounds:Rect(473, 109 - 775, 647)
11-19 05:14:15.210 1499 1638 W WindowManager: updateScale0.4617737
11-19 05:14:15.225 1499 1638 D FreeFormWindowHelper: refreshTipWindow windowDragBounds:Rect(542, 110 - 844, 648)
11-19 05:14:15.226 1499 1638 W WindowManager: updateScale0.4617737
11-19 05:14:15.242 1499 1638 D FreeFormWindowHelper: refreshTipWindow windowDragBounds:Rect(636, 113 - 938, 651)
11-19 05:14:15.243 1499 1638 W WindowManager: updateScale0.4617737
11-19 05:14:15.259 1499 1638 D FreeFormWindowHelper: refreshTipWindow windowDragBounds:Rect(745, 115 - 1047, 653)
11-19 05:14:15.260 1499 1638 W WindowManager: updateScale0.4617737
11-19 05:14:15.275 1499 1638 D FreeFormWindowHelper: refreshTipWindow windowDragBounds:Rect(928, 118 - 1230, 656)
11-19 05:14:15.277 1499 1638 W WindowManager: updateScale0.4617737
11-19 05:14:15.309 1499 1638 D FreeFormWindowHelper: refreshTipWindow windowDragBounds:Rect(1319, 134 - 1621, 672)
11-19 05:14:15.310 1499 1638 W WindowManager: updateScale0.4617737
11-19 05:14:15.325 1499 1638 D FreeFormWindowHelper: refreshTipWindow windowDragBounds:Rect(1451, 134 - 1753, 672)
11-19 05:14:15.327 1499 1638 W WindowManager: updateScale0.4617737
11-19 05:14:15.342 1499 1638 D FreeFormWindowHelper: refreshTipWindow windowDragBounds:Rect(1570, 134 - 1872, 672)
11-19 05:14:15.343 1499 1638 W WindowManager: updateScale0.4617737
11-19 05:14:15.359 1499 1638 D FreeFormWindowHelper: refreshTipWindow windowDragBounds:Rect(1696, 134 - 1998, 672)
11-19 05:14:15.360 1499 1638 W WindowManager: updateScale0.4617737
11-19 05:14:15.376 1499 1638 D FreeFormWindowHelper: refreshTipWindow windowDragBounds:Rect(1878, 139 - 2180, 677)
11-19 05:14:15.377 1499 1638 W WindowManager: updateScale0.4617737
11-19 05:14:15.409 1499 1638 D FreeFormWindowHelper: refreshTipWindow windowDragBounds:Rect(2030, 143 - 2332, 681)
11-19 05:14:15.410 1499 1638 W WindowManager: updateScale0.4617737
11-19 05:14:15.426 1499 1638 D FreeFormWindowHelper: refreshTipWindow windowDragBounds:Rect(2156, 146 - 2458, 684)
11-19 05:14:15.427 1499 1638 W WindowManager: updateScale0.4617737
11-19 05:14:15.443 1499 1638 D FreeFormWindowHelper: refreshTipWindow windowDragBounds:Rect(2196, 146 - 2498, 684)
11-19 05:14:15.444 1499 1638 W WindowManager: updateScale0.4617737
11-19 05:14:15.459 1499 1638 D FreeFormWindowHelper: refreshTipWindow windowDragBounds:Rect(2224, 139 - 2526, 677)
11-19 05:14:15.461 1499 1638 W WindowManager: updateScale0.4617737
11-19 05:14:15.465 1499 3791 E TaskPersister: File error accessing recents directory (directory doesn't exist?).
11-19 05:14:15.465 1499 5048 W WindowManager: updateScale0.4617737
11-19 05:14:15.476 1499 1638 D FreeFormWindowHelper: refreshTipWindow windowDragBounds:Rect(2250, 139 - 2552, 677)
11-19 05:14:15.477 1499 1638 W WindowManager: updateScale0.4617737
11-19 05:14:15.489 1499 5048 W WindowManager: updateScale0.4617737
11-19 05:14:15.493 1499 1638 D FreeFormWindowHelper: refreshTipWindow windowDragBounds:Rect(2255, 139 - 2557, 677)
11-19 05:14:15.494 1499 1638 W WindowManager: updateScale0.4617737
11-19 05:14:15.496 1499 1638 D WindowManager: updateWindowDragBounds: mIsSwipeYfalse
11-19 05:14:15.496 1499 1638 D WindowManager: updateWindowDragBounds: mIsTopfalse
11-19 05:14:15.496 1499 1638 D WindowManager: updateWindowDragBounds: mIsSwipeXfalse
11-19 05:14:15.497 1499 1638 W WindowManager: updateScale0.4617737
11-19 05:14:16.412 1499 1638 D FreeFormWindowHelper: refreshTipWindow windowDragBounds:Rect(2087, 135 - 2389, 673)
11-19 05:14:16.415 1499 1638 W WindowManager: updateScale0.4617737
11-19 05:14:16.428 1499 1638 D FreeFormWindowHelper: refreshTipWindow windowDragBounds:Rect(2087, 162 - 2389, 700)
11-19 05:14:16.430 1499 1638 W WindowManager: updateScale0.4617737
11-19 05:14:16.445 1499 1638 D FreeFormWindowHelper: refreshTipWindow windowDragBounds:Rect(2094, 219 - 2396, 757)
11-19 05:14:16.450 1499 1638 W WindowManager: updateScale0.4617737
11-19 05:14:16.456 1499 2759 W WindowManager: updateScale0.4617737
11-19 05:14:16.461 1499 1638 D FreeFormWindowHelper: refreshTipWindow windowDragBounds:Rect(2103, 297 - 2405, 835)
11-19 05:14:16.463 1499 1638 W WindowManager: updateScale0.4617737
11-19 05:14:16.478 1499 1638 D FreeFormWindowHelper: refreshTipWindow windowDragBounds:Rect(2112, 345 - 2414, 883)
11-19 05:14:16.481 1499 1638 W WindowManager: updateScale0.4617737
11-19 05:14:16.493 1499 8917 W WindowManager: updateScale0.4617737
11-19 05:14:16.495 1499 1638 D FreeFormWindowHelper: refreshTipWindow windowDragBounds:Rect(2113, 387 - 2415, 925)
11-19 05:14:16.497 1499 1638 W WindowManager: updateScale0.4617737
11-19 05:14:16.512 1499 1638 D FreeFormWindowHelper: refreshTipWindow windowDragBounds:Rect(2116, 424 - 2418, 962)
11-19 05:14:16.513 1499 1638 W WindowManager: updateScale0.4617737
11-19 05:14:16.529 1499 1638 D FreeFormWindowHelper: refreshTipWindow windowDragBounds:Rect(2116, 459 - 2418, 997)
11-19 05:14:16.531 1499 1638 W WindowManager: updateScale0.4617737
11-19 05:14:16.545 1499 1638 D FreeFormWindowHelper: refreshTipWindow windowDragBounds:Rect(2118, 481 - 2420, 1019)
11-19 05:14:16.547 1499 1638 W WindowManager: updateScale0.4617737
11-19 05:14:16.562 1499 1638 D FreeFormWindowHelper: refreshTipWindow windowDragBounds:Rect(2118, 505 - 2420, 1043)
11-19 05:14:16.563 1499 1638 W WindowManager: updateScale0.4617737
11-19 05:14:16.578 1499 1638 D FreeFormWindowHelper: refreshTipWindow windowDragBounds:Rect(2121, 516 - 2423, 1054)
11-19 05:14:16.580 1499 1638 W WindowManager: updateScale0.4617737
11-19 05:14:16.595 1499 1638 D FreeFormWindowHelper: refreshTipWindow windowDragBounds:Rect(2121, 527 - 2423, 1065)
11-19 05:14:16.597 1499 1638 W WindowManager: updateScale0.4617737
11-19 05:14:16.612 1499 1638 D FreeFormWindowHelper: refreshTipWindow windowDragBounds:Rect(2121, 533 - 2423, 1071)
11-19 05:14:16.614 1499 1638 W WindowManager: updateScale0.4617737
11-19 05:14:16.629 1499 1638 D FreeFormWindowHelper: refreshTipWindow windowDragBounds:Rect(2118, 539 - 2420, 1077)
11-19 05:14:16.630 1499 1638 W WindowManager: updateScale0.4617737
11-19 05:14:16.645 1499 1638 D FreeFormWindowHelper: refreshTipWindow windowDragBounds:Rect(2113, 545 - 2415, 1083)
11-19 05:14:16.646 1499 1638 W WindowManager: updateScale0.4617737
11-19 05:14:16.648 1499 1638 D WindowManager: updateWindowDragBounds: mIsSwipeYfalse
11-19 05:14:16.648 1499 1638 D WindowManager: updateWindowDragBounds: mIsTopfalse
11-19 05:14:16.648 1499 1638 D WindowManager: updateWindowDragBounds: mIsSwipeXfalse
11-19 05:14:16.649 1499 1638 W WindowManager: updateScale0.4617737
11-19 05:14:17.431 1499 1638 D FreeFormWindowHelper: refreshTipWindow windowDragBounds:Rect(2053, 490 - 2355, 1028)
11-19 05:14:17.434 1499 1638 W WindowManager: updateScale0.4617737
11-19 05:14:17.447 1499 1638 D FreeFormWindowHelper: refreshTipWindow windowDragBounds:Rect(2032, 495 - 2334, 1033)
11-19 05:14:17.449 1499 1638 W WindowManager: updateScale0.4617737
11-19 05:14:17.463 1499 8917 W WindowManager: updateScale0.4617737
11-19 05:14:17.468 1499 1638 D FreeFormWindowHelper: refreshTipWindow windowDragBounds:Rect(2013, 498 - 2315, 1036)
11-19 05:14:17.470 1499 1638 W WindowManager: updateScale0.4617737
11-19 05:14:17.483 1499 1638 D FreeFormWindowHelper: refreshTipWindow windowDragBounds:Rect(1977, 506 - 2279, 1044)
11-19 05:14:17.484 1499 1638 W WindowManager: updateScale0.4617737
11-19 05:14:17.495 1499 8917 W WindowManager: updateScale0.4617737
11-19 05:14:17.500 1499 1638 D FreeFormWindowHelper: refreshTipWindow windowDragBounds:Rect(1941, 513 - 2243, 1051)
11-19 05:14:17.501 1499 1638 W WindowManager: updateScale0.4617737
11-19 05:14:17.514 1499 1638 D FreeFormWindowHelper: refreshTipWindow windowDragBounds:Rect(1903, 517 - 2205, 1055)
11-19 05:14:17.516 1499 1638 W WindowManager: updateScale0.4617737
11-19 05:14:17.532 1499 1638 D FreeFormWindowHelper: refreshTipWindow windowDragBounds:Rect(1854, 523 - 2156, 1061)
11-19 05:14:17.533 1499 1638 W WindowManager: updateScale0.4617737
11-19 05:14:17.547 1499 1638 D FreeFormWindowHelper: refreshTipWindow windowDragBounds:Rect(1815, 527 - 2117, 1065)
11-19 05:14:17.549 1499 1638 W WindowManager: updateScale0.4617737
11-19 05:14:17.564 1499 1638 D FreeFormWindowHelper: refreshTipWindow windowDragBounds:Rect(1768, 531 - 2070, 1069)
11-19 05:14:17.565 1499 1638 W WindowManager: updateScale0.4617737
11-19 05:14:17.597 1499 1638 D FreeFormWindowHelper: refreshTipWindow windowDragBounds:Rect(1688, 543 - 1990, 1081)
11-19 05:14:17.599 1499 1638 W WindowManager: updateScale0.4617737
11-19 05:14:17.615 1499 1638 D FreeFormWindowHelper: refreshTipWindow windowDragBounds:Rect(1643, 550 - 1945, 1088)
11-19 05:14:17.616 1499 1638 W WindowManager: updateScale0.4617737
11-19 05:14:17.631 1499 1638 D FreeFormWindowHelper: refreshTipWindow windowDragBounds:Rect(1593, 557 - 1895, 1095)
11-19 05:14:17.633 1499 1638 W WindowManager: updateScale0.4617737
11-19 05:14:17.648 1499 1638 D FreeFormWindowHelper: refreshTipWindow windowDragBounds:Rect(1550, 561 - 1852, 1099)
11-19 05:14:17.649 1499 1638 W WindowManager: updateScale0.4617737
11-19 05:14:17.664 1499 1638 D FreeFormWindowHelper: refreshTipWindow windowDragBounds:Rect(1475, 568 - 1777, 1106)
11-19 05:14:17.666 1499 1638 W WindowManager: updateScale0.4617737
11-19 05:14:17.681 1499 1638 D FreeFormWindowHelper: refreshTipWindow windowDragBounds:Rect(1451, 572 - 1753, 1110)
11-19 05:14:17.682 1499 1638 W WindowManager: updateScale0.4617737
11-19 05:14:17.698 1499 1638 D FreeFormWindowHelper: refreshTipWindow windowDragBounds:Rect(1405, 577 - 1707, 1115)
11-19 05:14:17.699 1499 1638 W WindowManager: updateScale0.4617737
11-19 05:14:17.714 1499 1638 D FreeFormWindowHelper: refreshTipWindow windowDragBounds:Rect(1338, 581 - 1640, 1119)
11-19 05:14:17.716 1499 1638 W WindowManager: updateScale0.4617737
11-19 05:14:17.731 1499 1638 D FreeFormWindowHelper: refreshTipWindow windowDragBounds:Rect(1273, 585 - 1575, 1123)
11-19 05:14:17.733 1499 1638 W WindowManager: updateScale0.4617737
11-19 05:14:17.748 1499 1638 D FreeFormWindowHelper: refreshTipWindow windowDragBounds:Rect(1210, 586 - 1512, 1124)
11-19 05:14:17.749 1499 1638 W WindowManager: updateScale0.4617737
11-19 05:14:17.765 1499 1638 D FreeFormWindowHelper: refreshTipWindow windowDragBounds:Rect(1125, 586 - 1427, 1124)
11-19 05:14:17.766 1499 1638 W WindowManager: updateScale0.4617737
11-19 05:14:17.781 1499 1638 D FreeFormWindowHelper: refreshTipWindow windowDragBounds:Rect(986, 588 - 1288, 1126)
11-19 05:14:17.783 1499 1638 W WindowManager: updateScale0.4617737
11-19 05:14:17.798 1499 1638 D FreeFormWindowHelper: refreshTipWindow windowDragBounds:Rect(887, 588 - 1189, 1126)
11-19 05:14:17.799 1499 1638 W WindowManager: updateScale0.4617737
11-19 05:14:17.815 1499 1638 D FreeFormWindowHelper: refreshTipWindow windowDragBounds:Rect(639, 575 - 941, 1113)
11-19 05:14:17.816 1499 1638 W WindowManager: updateScale0.4617737
11-19 05:14:17.831 1499 1638 D FreeFormWindowHelper: refreshTipWindow windowDragBounds:Rect(466, 556 - 768, 1094)
11-19 05:14:17.833 1499 1638 W WindowManager: updateScale0.4617737
11-19 05:14:17.836 1499 1638 D FreeFormWindowHelper: refreshTipWindow windowDragBounds:Rect(344, 541 - 646, 1079)
11-19 05:14:17.837 1499 1638 W WindowManager: updateScale0.4617737
11-19 05:14:17.839 1499 1638 D WindowManager: updateWindowDragBounds: mIsSwipeYtrue
11-19 05:14:17.839 1499 1638 D WindowManager: updateWindowDragBounds: mIsTopfalse
11-19 05:14:17.839 1499 1638 D WindowManager: updateWindowDragBounds: mIsSwipeXfalse
11-19 05:14:17.840 1499 1638 W WindowManager: updateScale0.4617737
11-19 05:14:20.187 1499 1638 D FreeFormWindowHelper: refreshTipWindow windowDragBounds:Rect(5, 476 - 307, 1014)
11-19 05:14:20.189 1499 1638 W WindowManager: updateScale0.4617737
11-19 05:14:20.204 1499 1638 D FreeFormWindowHelper: refreshTipWindow windowDragBounds:Rect(5, 464 - 307, 1002)
11-19 05:14:20.205 1499 1638 W WindowManager: updateScale0.4617737
11-19 05:14:20.220 1499 1638 D FreeFormWindowHelper: refreshTipWindow windowDragBounds:Rect(5, 451 - 307, 989)
11-19 05:14:20.222 1499 1638 W WindowManager: updateScale0.4617737
11-19 05:14:20.237 1499 1638 D FreeFormWindowHelper: refreshTipWindow windowDragBounds:Rect(5, 440 - 307, 978)
11-19 05:14:20.238 1499 1638 W WindowManager: updateScale0.4617737
11-19 05:14:20.254 1499 1638 D FreeFormWindowHelper: refreshTipWindow windowDragBounds:Rect(5, 425 - 307, 963)
11-19 05:14:20.255 1499 1638 W WindowManager: updateScale0.4617737
11-19 05:14:20.270 1499 1638 D FreeFormWindowHelper: refreshTipWindow windowDragBounds:Rect(5, 410 - 307, 948)
11-19 05:14:20.272 1499 1638 W WindowManager: updateScale0.4617737
11-19 05:14:20.287 1499 1638 D FreeFormWindowHelper: refreshTipWindow windowDragBounds:Rect(7, 393 - 309, 931)
11-19 05:14:20.289 1499 1638 W WindowManager: updateScale0.4617737
11-19 05:14:20.304 1499 1638 D FreeFormWindowHelper: refreshTipWindow windowDragBounds:Rect(7, 376 - 309, 914)
11-19 05:14:20.306 1499 1638 W WindowManager: updateScale0.4617737
11-19 05:14:20.321 1499 1638 D FreeFormWindowHelper: refreshTipWindow windowDragBounds:Rect(7, 356 - 309, 894)
11-19 05:14:20.322 1499 1638 W WindowManager: updateScale0.4617737
