11-19 05:24:59.661 1499 1499 I GameModeConfig: Current uri is uri = content://com.thundercomm.gamemode.api/gamemode_settings/gamemode_isgaming
11-19 05:24:59.662 1499 1499 I GameModeConfig: isGameModeOn = false
11-19 05:24:59.663 1499 1499 I GameModeConfig: isGameModeOn = false
11-19 05:24:59.663 1499 1499 I GameModeConfig: isDisableVoice = true
11-19 05:24:59.875 1499 1638 W WindowManager: updateScale0.7996942
11-19 05:24:59.877 1499 1637 I wm_destroy_activity: [0,166625420,71,com.android.permissioncontroller/.permission.ui.GrantPermissionsActivity,finish-imm:idle]
11-19 05:24:59.881 14043 14043 I wm_on_stop_called: [166625420,com.android.permissioncontroller.permission.ui.GrantPermissionsActivity,LIFECYCLER_STOP_ACTIVITY]
11-19 05:24:59.883 14043 14043 I wm_on_destroy_called: [166625420,com.android.permissioncontroller.permission.ui.GrantPermissionsActivity,performDestroy]
11-19 05:24:59.886 1499 4942 W WindowManager: updateScale0.7996942
11-19 05:24:59.888 7802 7838 W ContextImpl: Calling a method in the system process without a qualified user: android.app.ContextImpl.startService:1816 android.content.ContextWrapper.startService:774 com.thundercomm.gamemode.ingame.services.GameModeActionUtils.startGameModeService:93 com.thundercomm.gamemode.ingame.services.GameModeActionUtils.startGameModeEntry:21 com.thundercomm.gamemode.ingame.services.ActivityMonitoringService$1.onActivityLaunch:127
11-19 05:24:59.892 1499 1499 I GameModeConfig: Current uri is uri = content://com.thundercomm.gamemode.api/gamemode_settings/gamemode_isgaming
11-19 05:24:59.896 1499 1499 I GameModeConfig: isGameModeOn = false
11-19 05:24:59.896 1499 1499 I GameModeConfig: isGameModeOn = false
11-19 05:24:59.896 1499 1499 I GameModeConfig: isDisableVoice = true
11-19 05:25:00.131 0 0 I auditd : type=1400 audit(0.0:13046): avc: denied { kill } for comm="swapper/2" capability=5 scontext=u:r:kernel:s0 tcontext=u:r:kernel:s0 tclass=capability permissive=0
11-19 05:25:01.031 1499 1831 I input_interaction: Interaction with: 6b7688d com.android.deskclock/com.android.deskclock.DeskClock (server), edge-swipe (server), swipe-up (server), PointerEventDispatcher0 (server),
11-19 05:25:01.072 1499 2761 W WindowManager: updateScale0.7996942
11-19 05:25:01.088 1499 1638 W WindowManager: updateScale0.7996942
11-19 05:25:01.190 1499 5517 I wm_relaunch_resume_activity: [0,28106045,71,com.android.deskclock/.DeskClock]
11-19 05:25:01.191 1499 5517 I wm_add_to_stopping: [0,19758722,com.android.launcher3/.uioverrides.QuickstepLauncher,makeInvisible]
11-19 05:25:01.193 1499 5517 D FreeFormWindowHelper: Remove freefrom task=Task{bd6ee94 #71 type=standard A=10063:com.android.deskclock U=0 visible=true mode=fullscreen translucent=false sz=1}
11-19 05:25:01.210 14023 14023 I wm_on_top_resumed_lost_called: [28106045,com.android.deskclock.DeskClock,pausing]
11-19 05:25:01.212 14023 14023 I wm_on_paused_called: [28106045,com.android.deskclock.DeskClock,performPause]
11-19 05:25:01.213 14023 14023 I wm_on_stop_called: [28106045,com.android.deskclock.DeskClock,handleRelaunchActivity]
11-19 05:25:01.217 1499 5517 W WindowManager: Attempted to set replacing window on app token with no content Token{c512201 ActivityRecord{1acdd3d u0 com.android.deskclock/.DeskClock t71}}
11-19 05:25:01.221 7802 7838 W ContextImpl: Calling a method in the system process without a qualified user: android.app.ContextImpl.startService:1816 android.content.ContextWrapper.startService:774 com.thundercomm.gamemode.ingame.services.GameModeActionUtils.startGameModeService:93 com.thundercomm.gamemode.ingame.services.GameModeActionUtils.startGameModeEntry:21 com.thundercomm.gamemode.ingame.services.ActivityMonitoringService$1.onActivityLaunch:127
11-19 05:25:01.223 14023 14023 I wm_on_destroy_called: [28106045,com.android.deskclock.DeskClock,performDestroy]
11-19 05:25:01.229 1499 1499 I GameModeConfig: Current uri is uri = content://com.thundercomm.gamemode.api/gamemode_settings/gamemode_isgaming
11-19 05:25:01.231 1499 1499 I GameModeConfig: isGameModeOn = false
11-19 05:25:01.232 1499 1499 I GameModeConfig: isGameModeOn = false
11-19 05:25:01.232 1499 1499 I GameModeConfig: isDisableVoice = true
11-19 05:25:01.240 1499 1614 I ActivityTaskManager: START u0 {act=android.content.pm.action.REQUEST_PERMISSIONS pkg=com.android.permissioncontroller cmp=com.android.permissioncontroller/.permission.ui.GrantPermissionsActivity (has extras)} from uid 10063
11-19 05:25:01.241 1499 1614 I wm_task_moved: [71,1,6]
11-19 05:25:01.241 1499 1614 I wm_set_resumed_activity: [0,com.android.deskclock/.DeskClock,positionChildAt]
11-19 05:25:01.241 1499 1614 I wm_create_activity: [0,24903869,71,com.android.permissioncontroller/.permission.ui.GrantPermissionsActivity,android.content.pm.action.REQUEST_PERMISSIONS,NULL,NULL,8388608]
11-19 05:25:01.242 1499 1614 I wm_pause_activity: [0,19758722,com.android.launcher3/.uioverrides.QuickstepLauncher,userLeaving=true,pauseBackTasks]
11-19 05:25:01.243 1499 1614 I wm_pause_activity: [0,28106045,com.android.deskclock/.DeskClock,userLeaving=true,resumeTopActivityInnerLocked]
11-19 05:25:01.247 2802 2802 I wm_on_paused_called: [19758722,com.android.launcher3.uioverrides.QuickstepLauncher,performPause]
11-19 05:25:01.248 1499 1614 I ActivityTaskManager: The Process com.android.permissioncontroller Already Exists in BG. So sending its PID: 14043
11-19 05:25:01.253 1499 1637 I sysui_multi_action: [757,803,799,window_time_2,802,2]
11-19 05:25:01.262 7802 7838 W ContextImpl: Calling a method in the system process without a qualified user: android.app.ContextImpl.startService:1816 android.content.ContextWrapper.startService:774 com.thundercomm.gamemode.ingame.services.GameModeActionUtils.startGameModeService:93 com.thundercomm.gamemode.ingame.services.GameModeActionUtils.startGameModeEntry:21 com.thundercomm.gamemode.ingame.services.ActivityMonitoringService$1.onActivityLaunch:127
11-19 05:25:01.263 14023 14023 I wm_on_create_called: [28106045,com.android.deskclock.DeskClock,performCreate]
11-19 05:25:01.267 1499 1499 I GameModeConfig: Current uri is uri = content://com.thundercomm.gamemode.api/gamemode_settings/gamemode_isgaming
11-19 05:25:01.270 1499 1499 I GameModeConfig: isGameModeOn = false
11-19 05:25:01.270 1499 1499 I GameModeConfig: isGameModeOn = false
11-19 05:25:01.270 1499 1499 I GameModeConfig: isDisableVoice = true
11-19 05:25:01.289 14023 14023 I wm_on_start_called: [28106045,com.android.deskclock.DeskClock,handleStartActivity]
11-19 05:25:01.289 14023 14023 I wm_on_resume_called: [28106045,com.android.deskclock.DeskClock,RESUME_ACTIVITY]
11-19 05:25:01.292 14023 14023 I wm_on_top_resumed_gained_called: [28106045,com.android.deskclock.DeskClock,topWhenResuming]
11-19 05:25:01.334 14023 14023 I wm_on_top_resumed_lost_called: [28106045,com.android.deskclock.DeskClock,topStateChangedWhenResumed]
11-19 05:25:01.335 1499 1614 I WindowManager: finishDrawing of relaunch: Window{6b7688d u0 com.android.deskclock/com.android.deskclock.DeskClock} 144ms
11-19 05:25:01.336 14023 14023 I wm_on_paused_called: [28106045,com.android.deskclock.DeskClock,performPause]
11-19 05:25:01.338 1499 1614 I ActivityTaskManager: FOREGROUND_APPLICATION_CHANGED to com.android.permissioncontroller.permission.ui.GrantPermissionsActivity
11-19 05:25:01.338 1499 1614 I ActivityTaskManager: The Process com.android.permissioncontroller Already Exists in BG. So sending its PID: 14043
11-19 05:25:01.339 1499 1614 W ActivityTaskManager: Tried to set launchTime (0) < mLastActivityLaunchTime (14778816)
11-19 05:25:01.341 1499 1614 I wm_restart_activity: [0,24903869,71,com.android.permissioncontroller/.permission.ui.GrantPermissionsActivity]
11-19 05:25:01.343 1499 1614 I wm_set_resumed_activity: [0,com.android.permissioncontroller/.permission.ui.GrantPermissionsActivity,minimalResumeActivityLocked]
11-19 05:25:01.355 1499 1637 I sysui_multi_action: [757,803,799,window_time_0,802,0]
11-19 05:25:01.365 7802 7838 W ContextImpl: Calling a method in the system process without a qualified user: android.app.ContextImpl.startService:1816 android.content.ContextWrapper.startService:774 com.thundercomm.gamemode.ingame.services.GameModeActionUtils.startGameModeService:93 com.thundercomm.gamemode.ingame.services.GameModeActionUtils.startGameModeEntry:21 com.thundercomm.gamemode.ingame.services.ActivityMonitoringService$1.onActivityLaunch:127
11-19 05:25:01.369 14043 14043 I wm_on_create_called: [24903869,com.android.permissioncontroller.permission.ui.GrantPermissionsActivity,performCreate]
11-19 05:25:01.369 14043 14043 I wm_on_start_called: [24903869,com.android.permissioncontroller.permission.ui.GrantPermissionsActivity,handleStartActivity]
11-19 05:25:01.369 14043 14043 I wm_on_resume_called: [24903869,com.android.permissioncontroller.permission.ui.GrantPermissionsActivity,RESUME_ACTIVITY]
11-19 05:25:01.371 1499 1499 I GameModeConfig: Current uri is uri = content://com.thundercomm.gamemode.api/gamemode_settings/gamemode_isgaming
11-19 05:25:01.371 14043 14043 I wm_on_top_resumed_gained_called: [24903869,com.android.permissioncontroller.permission.ui.GrantPermissionsActivity,topStateChangedWhenResumed]
11-19 05:25:01.374 1499 1499 I GameModeConfig: isGameModeOn = false
11-19 05:25:01.374 1499 1499 I GameModeConfig: isGameModeOn = false
11-19 05:25:01.374 1499 1499 I GameModeConfig: isDisableVoice = true
11-19 05:25:01.380 1499 1638 I input_focus: [Focus request e8650ae com.android.permissioncontroller/com.android.permissioncontroller.permission.ui.GrantPermissionsActivity,reason=UpdateInputWindows]
11-19 05:25:01.386 1499 7777 I wm_finish_activity: [0,24903869,71,com.android.permissioncontroller/.permission.ui.GrantPermissionsActivity,app-request]
11-19 05:25:01.387 1499 7777 I wm_pause_activity: [0,24903869,com.android.permissioncontroller/.permission.ui.GrantPermissionsActivity,userLeaving=false,finish]
11-19 05:25:01.389 1499 1634 I sysui_multi_action: [319,144,322,144,325,14780,757,761,758,8,759,2,806,com.android.permissioncontroller,871,com.android.permissioncontroller.permission.ui.GrantPermissionsActivity,904,com.android.deskclock,905,0,1320,8,1321,5]
11-19 05:25:01.391 1499 1634 I wm_activity_launch_time: [0,24903869,com.android.permissioncontroller/.permission.ui.GrantPermissionsActivity,144]
11-19 05:25:01.393 14043 14043 I wm_on_top_resumed_lost_called: [24903869,com.android.permissioncontroller.permission.ui.GrantPermissionsActivity,topStateChangedWhenResumed]
11-19 05:25:01.394 14043 14043 I wm_on_paused_called: [24903869,com.android.permissioncontroller.permission.ui.GrantPermissionsActivity,performPause]
11-19 05:25:01.394 1499 1831 I input_focus: [Focus leaving 6b7688d com.android.deskclock/com.android.deskclock.DeskClock (server),reason=setFocusedWindow]
11-19 05:25:01.394 1499 1831 I input_focus: [Focus entering e8650ae com.android.permissioncontroller/com.android.permissioncontroller.permission.ui.GrantPermissionsActivity (server),reason=setFocusedWindow]
11-19 05:25:01.394 1499 4942 I ActivityTaskManager: FOREGROUND_APPLICATION_CHANGED to com.android.deskclock.DeskClock
11-19 05:25:01.395 1499 4942 I wm_set_resumed_activity: [0,com.android.deskclock/.DeskClock,resumeTopActivityInnerLocked]
11-19 05:25:01.396 1499 4942 I wm_resume_activity: [0,28106045,71,com.android.deskclock/.DeskClock]
11-19 05:25:01.405 1499 1638 I input_focus: [Focus request 6b7688d com.android.deskclock/com.android.deskclock.DeskClock,reason=UpdateInputWindows]
11-19 05:25:01.406 1499 1637 I sysui_multi_action: [757,803,799,window_time_0,802,0]
11-19 05:25:01.410 14023 14023 I wm_on_activity_result_called: [28106045,com.android.deskclock.DeskClock,ACTIVITY_RESULT]
11-19 05:25:01.410 14023 14023 I wm_on_resume_called: [28106045,com.android.deskclock.DeskClock,RESUME_ACTIVITY]
11-19 05:25:01.411 1499 1831 I input_focus: [Focus leaving e8650ae com.android.permissioncontroller/com.android.permissioncontroller.permission.ui.GrantPermissionsActivity (server),reason=NO_WINDOW]
11-19 05:25:01.413 14023 14023 I wm_on_top_resumed_gained_called: [28106045,com.android.deskclock.DeskClock,topWhenResuming]
11-19 05:25:01.427 1499 1831 I input_focus: [Focus entering 6b7688d com.android.deskclock/com.android.deskclock.DeskClock (server),reason=setFocusedWindow]
11-19 05:25:01.461 1499 4942 I wm_destroy_activity: [0,24903869,71,com.android.permissioncontroller/.permission.ui.GrantPermissionsActivity,finish-idle]
11-19 05:25:01.462 14043 14043 I wm_on_stop_called: [24903869,com.android.permissioncontroller.permission.ui.GrantPermissionsActivity,LIFECYCLER_STOP_ACTIVITY]
11-19 05:25:01.462 14043 14043 I wm_on_destroy_called: [24903869,com.android.permissioncontroller.permission.ui.GrantPermissionsActivity,performDestroy]
11-19 05:25:01.481 7802 7838 W ContextImpl: Calling a method in the system process without a qualified user: android.app.ContextImpl.startService:1816 android.content.ContextWrapper.startService:774 com.thundercomm.gamemode.ingame.services.GameModeActionUtils.startGameModeService:93 com.thundercomm.gamemode.ingame.services.GameModeActionUtils.startGameModeEntry:21 com.thundercomm.gamemode.ingame.services.ActivityMonitoringService$1.onActivityLaunch:127
11-19 05:25:01.485 1499 1499 I GameModeConfig: Current uri is uri = content://com.thundercomm.gamemode.api/gamemode_settings/gamemode_isgaming
11-19 05:25:01.487 1499 1499 I GameModeConfig: isGameModeOn = false
11-19 05:25:01.488 1499 1499 I GameModeConfig: isGameModeOn = false
11-19 05:25:01.488 1499 1499 I GameModeConfig: isDisableVoice = true
11-19 05:25:01.505 7802 7838 W ContextImpl: Calling a method in the system process without a qualified user: android.app.ContextImpl.startService:1816 android.content.ContextWrapper.startService:774 com.thundercomm.gamemode.ingame.services.GameModeActionUtils.startGameModeService:93 com.thundercomm.gamemode.ingame.services.GameModeActionUtils.startGameModeEntry:21 com.thundercomm.gamemode.ingame.services.ActivityMonitoringService$1.onActivityLaunch:127
11-19 05:25:01.511 1499 1499 I GameModeConfig: Current uri is uri = content://com.thundercomm.gamemode.api/gamemode_settings/gamemode_isgaming
11-19 05:25:01.514 1499 1499 I GameModeConfig: isGameModeOn = false
11-19 05:25:01.514 1499 1499 I GameModeConfig: isGameModeOn = false
11-19 05:25:01.514 1499 1499 I GameModeConfig: isDisableVoice = true
11-19 05:25:01.731 1499 1637 I wm_stop_activity: [0,19758722,com.android.launcher3/.uioverrides.QuickstepLauncher]
11-19 05:25:01.767 2802 2802 I wm_on_stop_called: [19758722,com.android.launcher3.uioverrides.QuickstepLauncher,STOP_ACTIVITY_ITEM]
11-19 05:25:01.787 7802 7838 W ContextImpl: Calling a method in the system process without a qualified user: android.app.ContextImpl.startService:1816 android.content.ContextWrapper.startService:774 com.thundercomm.gamemode.ingame.services.GameModeActionUtils.startGameModeService:93 com.thundercomm.gamemode.ingame.services.GameModeActionUtils.startGameModeEntry:21 com.thundercomm.gamemode.ingame.services.ActivityMonitoringService$1.onActivityLaunch:127
11-19 05:25:01.791 1499 1499 I GameModeConfig: Current uri is uri = content://com.thundercomm.gamemode.api/gamemode_settings/gamemode_isgaming
11-19 05:25:01.796 1499 1499 I GameModeConfig: isGameModeOn = false
11-19 05:25:01.796 1499 1499 I GameModeConfig: isGameModeOn = false
11-19 05:25:01.796 1499 1499 I GameModeConfig: isDisableVoice = true
11-19 05:25:02.131 0 0 I auditd : type=1400 audit(0.0:13047): avc: denied { kill } for comm="swapper/1" capability=5 scontext=u:r:kernel:s0 tcontext=u:r:kernel:s0 tclass=capability permissive=0
11-19 05:25:02.296 1499 3791 E TaskPersister: File error accessing recents directory (directory doesn't exist?).
11-19 05:25:02.672 1499 1614 I wm_task_moved: [1,0,0]
11-19 05:25:02.673 1499 1614 I wm_task_moved: [1,0,5]
11-19 05:25:02.684 2802 2802 I wm_on_restart_called: [19758722,com.android.launcher3.uioverrides.QuickstepLauncher,performRestartActivity]
11-19 05:25:02.694 2802 2802 I wm_on_start_called: [19758722,com.android.launcher3.uioverrides.QuickstepLauncher,handleStartActivity]
11-19 05:25:02.713 7802 7838 W ContextImpl: Calling a method in the system process without a qualified user: android.app.ContextImpl.startService:1816 android.content.ContextWrapper.startService:774 com.thundercomm.gamemode.ingame.services.GameModeActionUtils.startGameModeService:93 com.thundercomm.gamemode.ingame.services.GameModeActionUtils.startGameModeEntry:21 com.thundercomm.gamemode.ingame.services.ActivityMonitoringService$1.onActivityLaunch:127
11-19 05:25:02.720 1499 1499 I GameModeConfig: Current uri is uri = content://com.thundercomm.gamemode.api/gamemode_settings/gamemode_isgaming
11-19 05:25:02.723 1499 1634 I sysui_multi_action: [319,21,322,44,325,14782,757,761,758,9,759,5,806,com.android.launcher3,871,com.android.launcher3.uioverrides.QuickstepLauncher,905,0,1320,8,1321,5]
11-19 05:25:02.723 1499 1499 I GameModeConfig: isGameModeOn = false
11-19 05:25:02.724 1499 1499 I GameModeConfig: isGameModeOn = false
11-19 05:25:02.724 1499 1499 I GameModeConfig: isDisableVoice = true
11-19 05:25:02.747 14023 14023 I view_enqueue_input_event: [Motion - Cancel,com.android.deskclock/com.android.deskclock.DeskClock]
11-19 05:25:02.748 2802 2802 I sysui_latency: [1,62]
11-19 05:25:02.753 1499 1638 I input_focus: [Focus request recents_animation_input_consumer,reason=UpdateInputWindows]
11-19 05:25:02.763 1499 1831 I input_interaction: Interaction with: edge-swipe (server), swipe-up (server), PointerEventDispatcher0 (server),
11-19 05:25:02.780 1499 1831 I input_focus: [Focus leaving 6b7688d com.android.deskclock/com.android.deskclock.DeskClock (server),reason=NOT_FOCUSABLE]
11-19 05:25:02.781 1499 1831 I input_focus: [Focus entering recents_animation_input_consumer (server),reason=setFocusedWindow]
11-19 05:25:02.901 1499 1759 I commit_sys_config_file: [settings-1-0,8]
11-19 05:25:03.017 1499 1644 I sysui_latency: [8,63]
11-19 05:25:03.701 1499 1759 I commit_sys_config_file: [settings-1-0,7]
11-19 05:25:03.911 1499 2284 I GameModeConfig: isGameModeOn = false
11-19 05:25:04.131 0 0 I auditd : type=1400 audit(0.0:13048): avc: denied { kill } for comm="swapper/1" capability=5 scontext=u:r:kernel:s0 tcontext=u:r:kernel:s0 tclass=capability permissive=0
11-19 05:25:04.263 1499 1831 I input_interaction: Interaction with: 632f7bf com.android.launcher3/com.android.launcher3.uioverrides.QuickstepLauncher (server), edge-swipe (server), swipe-up (server), PointerEventDispatcher0 (server),
11-19 05:25:04.402 1499 4942 D FreeFormWindowHelper: Add freeform task=Task{bd6ee94 #71 type=standard A=10063:com.android.deskclock U=0 visible=true mode=freeform translucent=false sz=1}
11-19 05:25:04.403 1499 4942 I wm_relaunch_resume_activity: [0,28106045,71,com.android.deskclock/.DeskClock]
11-19 05:25:04.404 14023 14023 I wm_on_top_resumed_lost_called: [28106045,com.android.deskclock.DeskClock,pausing]
11-19 05:25:04.404 1499 4942 I wm_task_moved: [1,1,6]
11-19 05:25:04.405 14023 14023 I wm_on_paused_called: [28106045,com.android.deskclock.DeskClock,performPause]
11-19 05:25:04.407 1499 4942 I wm_focused_root_task: [0,0,1,71,startActivityFromRecents]
11-19 05:25:04.407 14023 14023 I wm_on_stop_called: [28106045,com.android.deskclock.DeskClock,handleRelaunchActivity]
11-19 05:25:04.408 1499 4942 I wm_task_moved: [71,1,6]
11-19 05:25:04.408 1499 4942 I wm_set_resumed_activity: [0,com.android.deskclock/.DeskClock,positionChildAt]
11-19 05:25:04.408 1499 4942 I wm_focused_root_task: [0,0,71,1,moveTaskToFront findTaskToMoveToFront]
11-19 05:25:04.408 1499 4942 I wm_set_resumed_activity: [0,com.android.deskclock/.DeskClock,moveTaskToFront findTaskToMoveToFront]
11-19 05:25:04.410 1499 4942 W WindowManager: updateScale0.7996942
11-19 05:25:04.414 14023 14023 I wm_on_destroy_called: [28106045,com.android.deskclock.DeskClock,performDestroy]
11-19 05:25:04.420 1499 1729 W WindowManager: Attempted to set replacing window on app token with no content Token{c512201 ActivityRecord{1acdd3d u0 com.android.deskclock/.DeskClock t71}}
11-19 05:25:04.444 1499 7777 I ActivityTaskManager: START u0 {act=android.content.pm.action.REQUEST_PERMISSIONS pkg=com.android.permissioncontroller cmp=com.android.permissioncontroller/.permission.ui.GrantPermissionsActivity (has extras)} from uid 10063
11-19 05:25:04.445 1499 7777 I wm_task_moved: [71,1,6]
11-19 05:25:04.445 1499 7777 I wm_set_resumed_activity: [0,com.android.deskclock/.DeskClock,positionChildAt]
11-19 05:25:04.445 1499 7777 I wm_create_activity: [0,193015039,71,com.android.permissioncontroller/.permission.ui.GrantPermissionsActivity,android.content.pm.action.REQUEST_PERMISSIONS,NULL,NULL,8388608]
11-19 05:25:04.446 1499 7777 I wm_pause_activity: [0,28106045,com.android.deskclock/.DeskClock,userLeaving=true,resumeTopActivityInnerLocked]
11-19 05:25:04.446 1499 7777 W WindowManager: updateScale0.7996942
11-19 05:25:04.457 14023 14023 I wm_on_create_called: [28106045,com.android.deskclock.DeskClock,performCreate]
11-19 05:25:04.475 14023 14023 I wm_on_start_called: [28106045,com.android.deskclock.DeskClock,handleStartActivity]
11-19 05:25:04.476 14023 14023 I wm_on_resume_called: [28106045,com.android.deskclock.DeskClock,RESUME_ACTIVITY]
11-19 05:25:04.478 14023 14023 I wm_on_top_resumed_gained_called: [28106045,com.android.deskclock.DeskClock,topWhenResuming]
11-19 05:25:04.486 1499 7777 W WindowManager: updateScale0.7996942
11-19 05:25:04.500 1499 1729 W WindowManager: updateScale0.7996942
11-19 05:25:04.501 1499 1729 W WindowManager: updateScale0.7996942
11-19 05:25:04.522 14023 14023 I wm_on_top_resumed_lost_called: [28106045,com.android.deskclock.DeskClock,topStateChangedWhenResumed]
11-19 05:25:04.522 1499 1729 I WindowManager: finishDrawing of relaunch: Window{6b7688d u0 com.android.deskclock/com.android.deskclock.DeskClock} 118ms
11-19 05:25:04.522 14023 14023 I wm_on_paused_called: [28106045,com.android.deskclock.DeskClock,performPause]
11-19 05:25:04.523 1499 1638 W WindowManager: updateScale0.7996942
11-19 05:25:04.525 1499 1638 W WindowManager: updateScale0.7996942
11-19 05:25:04.527 1499 1729 I ActivityTaskManager: FOREGROUND_APPLICATION_CHANGED to com.android.permissioncontroller.permission.ui.GrantPermissionsActivity
11-19 05:25:04.527 1499 1729 I ActivityTaskManager: The Process com.android.permissioncontroller Already Exists in BG. So sending its PID: 14043
11-19 05:25:04.527 1499 1729 W ActivityTaskManager: Tried to set launchTime (0) < mLastActivityLaunchTime (14780700)
11-19 05:25:04.530 1499 1729 I wm_restart_activity: [0,193015039,71,com.android.permissioncontroller/.permission.ui.GrantPermissionsActivity]
11-19 05:25:04.531 1499 1729 I wm_set_resumed_activity: [0,com.android.permissioncontroller/.permission.ui.GrantPermissionsActivity,minimalResumeActivityLocked]
11-19 05:25:04.539 1499 1637 I sysui_multi_action: [757,803,799,window_time_0,802,3]
11-19 05:25:04.546 7802 7838 W ContextImpl: Calling a method in the system process without a qualified user: android.app.ContextImpl.startService:1816 android.content.ContextWrapper.startService:774 com.thundercomm.gamemode.ingame.services.GameModeActionUtils.startGameModeService:93 com.thundercomm.gamemode.ingame.services.GameModeActionUtils.startGameModeEntry:21 com.thundercomm.gamemode.ingame.services.ActivityMonitoringService$1.onActivityLaunch:127
11-19 05:25:04.553 1499 1499 I GameModeConfig: Current uri is uri = content://com.thundercomm.gamemode.api/gamemode_settings/gamemode_isgaming
11-19 05:25:04.559 1499 1499 I GameModeConfig: isGameModeOn = false
11-19 05:25:04.560 1499 1499 I GameModeConfig: isGameModeOn = false
11-19 05:25:04.560 1499 1499 I GameModeConfig: isDisableVoice = true
11-19 05:25:04.565 14043 14043 I wm_on_create_called: [193015039,com.android.permissioncontroller.permission.ui.GrantPermissionsActivity,performCreate]
11-19 05:25:04.568 14043 14043 I wm_on_start_called: [193015039,com.android.permissioncontroller.permission.ui.GrantPermissionsActivity,handleStartActivity]
11-19 05:25:04.568 14043 14043 I wm_on_resume_called: [193015039,com.android.permissioncontroller.permission.ui.GrantPermissionsActivity,RESUME_ACTIVITY]
11-19 05:25:04.571 14043 14043 I wm_on_top_resumed_gained_called: [193015039,com.android.permissioncontroller.permission.ui.GrantPermissionsActivity,topStateChangedWhenResumed]
11-19 05:25:04.575 1499 4942 I wm_finish_activity: [0,193015039,71,com.android.permissioncontroller/.permission.ui.GrantPermissionsActivity,app-request]
11-19 05:25:04.576 1499 4942 I wm_pause_activity: [0,193015039,com.android.permissioncontroller/.permission.ui.GrantPermissionsActivity,userLeaving=false,finish]
11-19 05:25:04.578 1499 1637 I sysui_multi_action: [757,1144,758,8,806,com.android.permissioncontroller,871,com.android.permissioncontroller.permission.ui.GrantPermissionsActivity]
11-19 05:25:04.584 1499 4942 W WindowManager: updateScale0.7996942
11-19 05:25:04.584 1499 4942 W WindowManager: updateScale0.7996942
11-19 05:25:04.590 14043 14043 I wm_on_top_resumed_lost_called: [193015039,com.android.permissioncontroller.permission.ui.GrantPermissionsActivity,topStateChangedWhenResumed]
11-19 05:25:04.590 1499 1638 W WindowManager: updateScale0.7996942
11-19 05:25:04.596 14043 14043 I wm_on_paused_called: [193015039,com.android.permissioncontroller.permission.ui.GrantPermissionsActivity,performPause]
11-19 05:25:04.597 1499 4942 I ActivityTaskManager: FOREGROUND_APPLICATION_CHANGED to com.android.deskclock.DeskClock
11-19 05:25:04.597 1499 4942 I wm_set_resumed_activity: [0,com.android.deskclock/.DeskClock,resumeTopActivityInnerLocked]
11-19 05:25:04.598 1499 4942 I wm_resume_activity: [0,28106045,71,com.android.deskclock/.DeskClock]
11-19 05:25:04.598 14023 14023 I wm_on_activity_result_called: [28106045,com.android.deskclock.DeskClock,ACTIVITY_RESULT]
11-19 05:25:04.599 14023 14023 I wm_on_resume_called: [28106045,com.android.deskclock.DeskClock,RESUME_ACTIVITY]
11-19 05:25:04.600 14023 14023 I wm_on_top_resumed_gained_called: [28106045,com.android.deskclock.DeskClock,topWhenResuming]
11-19 05:25:04.603 1499 4942 W WindowManager: updateScale0.7996942
11-19 05:25:04.604 1499 1637 I sysui_multi_action: [757,803,799,window_time_2,802,0]
11-19 05:25:04.605 1499 7777 W WindowManager: updateScale0.7996942
11-19 05:25:04.613 1499 5517 I wm_destroy_activity: [0,193015039,71,com.android.permissioncontroller/.permission.ui.GrantPermissionsActivity,finish-idle]
11-19 05:25:04.614 14043 14043 I wm_on_stop_called: [193015039,com.android.permissioncontroller.permission.ui.GrantPermissionsActivity,LIFECYCLER_STOP_ACTIVITY]
11-19 05:25:04.615 14043 14043 I wm_on_destroy_called: [193015039,com.android.permissioncontroller.permission.ui.GrantPermissionsActivity,performDestroy]
11-19 05:25:04.619 1499 5517 W WindowManager: updateScale0.7996942
11-19 05:25:04.630 7802 7838 W ContextImpl: Calling a method in the system process without a qualified user: android.app.ContextImpl.startService:1816 android.content.ContextWrapper.startService:774 com.thundercomm.gamemode.ingame.services.GameModeActionUtils.startGameModeService:93 com.thundercomm.gamemode.ingame.services.GameModeActionUtils.startGameModeEntry:21 com.thundercomm.gamemode.ingame.services.ActivityMonitoringService$1.onActivityLaunch:127
11-19 05:25:04.634 1499 1499 I GameModeConfig: Current uri is uri = content://com.thundercomm.gamemode.api/gamemode_settings/gamemode_isgaming
11-19 05:25:04.637 1499 1499 I GameModeConfig: isGameModeOn = false
11-19 05:25:04.637 1499 1499 I GameModeConfig: isGameModeOn = false
11-19 05:25:04.637 1499 1499 I GameModeConfig: isDisableVoice = true
11-19 05:25:04.709 7802 7838 W ContextImpl: Calling a method in the system process without a qualified user: android.app.ContextImpl.startService:1816 android.content.ContextWrapper.startService:774 com.thundercomm.gamemode.ingame.services.GameModeActionUtils.startGameModeService:93 com.thundercomm.gamemode.ingame.services.GameModeActionUtils.startGameModeEntry:21 com.thundercomm.gamemode.ingame.services.ActivityMonitoringService$1.onActivityLaunch:127
11-19 05:25:04.714 1499 1499 I GameModeConfig: Current uri is uri = content://com.thundercomm.gamemode.api/gamemode_settings/gamemode_isgaming
11-19 05:25:04.717 1499 1499 I GameModeConfig: isGameModeOn = false
11-19 05:25:04.718 1499 1499 I GameModeConfig: isGameModeOn = false
11-19 05:25:04.718 1499 1499 I GameModeConfig: isDisableVoice = true
11-19 05:25:04.841 1499 7777 I wm_task_moved: [1,1,6]
11-19 05:25:04.842 1499 7777 I wm_task_moved: [10,1,2147483647]
11-19 05:25:04.842 1499 7777 I wm_task_to_front: [0,10]
11-19 05:25:04.842 14023 14023 I wm_on_top_resumed_lost_called: [28106045,com.android.deskclock.DeskClock,topStateChangedWhenResumed]
11-19 05:25:04.842 1499 7777 I wm_focused_root_task: [0,0,1,71,RecentsAnimation.onAnimationFinished()]
11-19 05:25:04.842 1499 7777 I wm_set_resumed_activity: [0,com.android.launcher3/.uioverrides.QuickstepLauncher,RecentsAnimation.onAnimationFinished()]
11-19 05:25:04.843 1499 7777 I ActivityTaskManager: FOREGROUND_APPLICATION_CHANGED to com.android.launcher3.uioverrides.QuickstepLauncher
11-19 05:25:04.844 1499 7777 I wm_set_resumed_activity: [0,com.android.launcher3/.uioverrides.QuickstepLauncher,resumeTopActivityInnerLocked]
11-19 05:25:04.848 1499 7777 I wm_resume_activity: [0,19758722,10,com.android.launcher3/.uioverrides.QuickstepLauncher]
11-19 05:25:04.851 2802 2802 I wm_on_resume_called: [19758722,com.android.launcher3.uioverrides.QuickstepLauncher,RESUME_ACTIVITY]
11-19 05:25:04.851 1499 7777 W WindowManager: updateScale0.7996942
11-19 05:25:04.857 1499 7777 W WindowManager: updateScale0.7996942
11-19 05:25:04.860 1499 1638 I input_focus: [Focus request 632f7bf com.android.launcher3/com.android.launcher3.uioverrides.QuickstepLauncher,reason=UpdateInputWindows]
11-19 05:25:04.862 2802 2802 I wm_on_top_resumed_gained_called: [19758722,com.android.launcher3.uioverrides.QuickstepLauncher,topStateChangedWhenResumed]
11-19 05:25:04.869 1499 1637 I sysui_multi_action: [757,803,799,window_time_2,802,1]
11-19 05:25:04.874 1499 1831 I input_focus: [Focus leaving recents_animation_input_consumer (server),reason=NOT_VISIBLE]
11-19 05:25:04.874 1499 1831 I input_focus: [Focus entering 632f7bf com.android.launcher3/com.android.launcher3.uioverrides.QuickstepLauncher (server),reason=setFocusedWindow]
11-19 05:25:04.969 7802 7838 W ContextImpl: Calling a method in the system process without a qualified user: android.app.ContextImpl.startService:1816 android.content.ContextWrapper.startService:774 com.thundercomm.gamemode.ingame.services.GameModeActionUtils.startGameModeService:93 com.thundercomm.gamemode.ingame.services.GameModeActionUtils.startGameModeEntry:21 com.thundercomm.gamemode.ingame.services.ActivityMonitoringService$1.onActivityLaunch:127
11-19 05:25:04.973 1499 1499 I GameModeConfig: Current uri is uri = content://com.thundercomm.gamemode.api/gamemode_settings/gamemode_isgaming
11-19 05:25:04.975 1499 1499 I GameModeConfig: isGameModeOn = false
11-19 05:25:04.976 1499 1499 I GameModeConfig: isGameModeOn = false
11-19 05:25:04.976 1499 1499 I GameModeConfig: isDisableVoice = true
11-19 05:25:05.539 1499 1831 I input_interaction: Interaction with: 6b7688d com.android.deskclock/com.android.deskclock.DeskClock (server), edge-swipe (server), swipe-up (server), PointerEventDispatcher0 (server),
11-19 05:25:05.542 1499 1637 I wm_task_moved: [71,1,6]
11-19 05:25:05.542 1499 1637 I wm_task_to_front: [0,71]
11-19 05:25:05.543 1499 1637 W WindowManager: updateScale0.7996942
11-19 05:25:05.546 1499 1637 I wm_set_resumed_activity: [0,com.android.deskclock/.DeskClock,positionChildAt]
11-19 05:25:05.546 1499 1637 I wm_focused_root_task: [0,0,71,1,setFocusedTask]
11-19 05:25:05.546 1499 1637 I wm_set_resumed_activity: [0,com.android.deskclock/.DeskClock,setFocusedTask]
11-19 05:25:05.547 1499 1637 I ActivityTaskManager: FOREGROUND_APPLICATION_CHANGED to com.android.deskclock.DeskClock
11-19 05:25:05.548 2802 2802 I wm_on_top_resumed_lost_called: [19758722,com.android.launcher3.uioverrides.QuickstepLauncher,topStateChangedWhenResumed]
11-19 05:25:05.548 1499 1638 I input_focus: [Focus request 6b7688d com.android.deskclock/com.android.deskclock.DeskClock,reason=UpdateInputWindows]
11-19 05:25:05.550 14023 14023 I wm_on_top_resumed_gained_called: [28106045,com.android.deskclock.DeskClock,topStateChangedWhenResumed]
11-19 05:25:05.560 1499 1831 I input_focus: [Focus leaving 632f7bf com.android.launcher3/com.android.launcher3.uioverrides.QuickstepLauncher (server),reason=setFocusedWindow]
11-19 05:25:05.560 1499 1831 I input_focus: [Focus entering 6b7688d com.android.deskclock/com.android.deskclock.DeskClock (server),reason=setFocusedWindow]
11-19 05:25:05.692 1499 2761 I wm_relaunch_resume_activity: [0,28106045,71,com.android.deskclock/.DeskClock]
11-19 05:25:05.693 1499 2761 I wm_add_to_stopping: [0,19758722,com.android.launcher3/.uioverrides.QuickstepLauncher,makeInvisible]
11-19 05:25:05.695 1499 2761 D FreeFormWindowHelper: Remove freefrom task=Task{bd6ee94 #71 type=standard A=10063:com.android.deskclock U=0 visible=true mode=fullscreen translucent=false sz=1}
11-19 05:25:05.708 14023 14023 I wm_on_top_resumed_lost_called: [28106045,com.android.deskclock.DeskClock,pausing]
11-19 05:25:05.709 1499 2761 W WindowManager: Attempted to set replacing window on app token with no content Token{c512201 ActivityRecord{1acdd3d u0 com.android.deskclock/.DeskClock t71}}
11-19 05:25:05.709 7802 7838 W ContextImpl: Calling a method in the system process without a qualified user: android.app.ContextImpl.startService:1816 android.content.ContextWrapper.startService:774 com.thundercomm.gamemode.ingame.services.GameModeActionUtils.startGameModeService:93 com.thundercomm.gamemode.ingame.services.GameModeActionUtils.startGameModeEntry:21 com.thundercomm.gamemode.ingame.services.ActivityMonitoringService$1.onActivityLaunch:127
11-19 05:25:05.710 14023 14023 I wm_on_paused_called: [28106045,com.android.deskclock.DeskClock,performPause]
11-19 05:25:05.711 14023 14023 I wm_on_stop_called: [28106045,com.android.deskclock.DeskClock,handleRelaunchActivity]
11-19 05:25:05.713 1499 1499 I GameModeConfig: Current uri is uri = content://com.thundercomm.gamemode.api/gamemode_settings/gamemode_isgaming
11-19 05:25:05.715 1499 1499 I GameModeConfig: isGameModeOn = false
11-19 05:25:05.715 1499 1499 I GameModeConfig: isGameModeOn = false
11-19 05:25:05.715 1499 1499 I GameModeConfig: isDisableVoice = true
11-19 05:25:05.717 14023 14023 I wm_on_destroy_called: [28106045,com.android.deskclock.DeskClock,performDestroy]
11-19 05:25:05.736 1499 4942 I ActivityTaskManager: START u0 {act=android.content.pm.action.REQUEST_PERMISSIONS pkg=com.android.permissioncontroller cmp=com.android.permissioncontroller/.permission.ui.GrantPermissionsActivity (has extras)} from uid 10063
11-19 05:25:05.737 1499 4942 W ActivityTaskManager: Background activity start [callingPackage: com.android.deskclock; callingUid: 10063; appSwitchAllowed: false; isCallingUidForeground: true; callingUidHasAnyVisibleWindow: true; callingUidProcState: TOP; isCallingUidPersistentSystemProcess: false; realCallingUid: 10063; isRealCallingUidForeground: true; realCallingUidHasAnyVisibleWindow: true; realCallingUidProcState: TOP; isRealCallingUidPersistentSystemProcess: false; originatingPendingIntent: null; allowBackgroundActivityStart: false; intent: Intent { act=android.content.pm.action.REQUEST_PERMISSIONS pkg=com.android.permissioncontroller cmp=com.android.permissioncontroller/.permission.ui.GrantPermissionsActivity (has extras) }; callerApp: ProcessRecord{c30f932 14023:com.android.deskclock/u0a63}; inVisibleTask: true]
11-19 05:25:05.737 1499 4942 I sysui_multi_action: [757,1513,758,4,805,1668806705737,1514,10063,1515,com.android.deskclock,1516,1002,1517,1,1518,10063,1519,1002,1520,1,1526,com.android.permissioncontroller/.permission.ui.GrantPermissionsActivity,1527,0,1528,android.content.pm.action.REQUEST_PERMISSIONS,1529,com.android.deskclock,1530,1002,1531,0,1532,0,1533,1,1534,0,1535,0,1536,1,1537,6393]
11-19 05:25:05.738 1499 4942 I wm_create_activity: [0,170619071,71,com.android.permissioncontroller/.permission.ui.GrantPermissionsActivity,android.content.pm.action.REQUEST_PERMISSIONS,NULL,NULL,8388608]
11-19 05:25:05.758 14023 14023 I wm_on_create_called: [28106045,com.android.deskclock.DeskClock,performCreate]
11-19 05:25:05.788 14023 14023 I wm_on_start_called: [28106045,com.android.deskclock.DeskClock,handleStartActivity]
11-19 05:25:05.789 14023 14023 I wm_on_resume_called: [28106045,com.android.deskclock.DeskClock,RESUME_ACTIVITY]
11-19 05:25:05.791 14023 14023 I wm_on_top_resumed_gained_called: [28106045,com.android.deskclock.DeskClock,topWhenResuming]
11-19 05:25:05.834 1499 2761 I WindowManager: finishDrawing of relaunch: Window{6b7688d u0 com.android.deskclock/com.android.deskclock.DeskClock} 141ms
11-19 05:25:05.837 1499 1637 I ActivityTaskManager: The Process com.android.permissioncontroller Already Exists in BG. So sending its PID: 14043
11-19 05:25:05.838 1499 1637 W ActivityTaskManager: Tried to set launchTime (0) < mLastActivityLaunchTime (14783889)
11-19 05:25:05.838 1499 1637 I wm_restart_activity: [0,170619071,71,com.android.permissioncontroller/.permission.ui.GrantPermissionsActivity]
11-19 05:25:05.839 1499 1637 I wm_set_resumed_activity: [0,com.android.permissioncontroller/.permission.ui.GrantPermissionsActivity,minimalResumeActivityLocked]
11-19 05:25:05.844 14023 14023 I wm_on_top_resumed_lost_called: [28106045,com.android.deskclock.DeskClock,topStateChangedWhenResumed]
11-19 05:25:05.851 14043 14043 I wm_on_create_called: [170619071,com.android.permissioncontroller.permission.ui.GrantPermissionsActivity,performCreate]
11-19 05:25:05.852 14043 14043 I wm_on_start_called: [170619071,com.android.permissioncontroller.permission.ui.GrantPermissionsActivity,handleStartActivity]
11-19 05:25:05.852 14043 14043 I wm_on_resume_called: [170619071,com.android.permissioncontroller.permission.ui.GrantPermissionsActivity,RESUME_ACTIVITY]
11-19 05:25:05.854 14043 14043 I wm_on_top_resumed_gained_called: [170619071,com.android.permissioncontroller.permission.ui.GrantPermissionsActivity,topStateChangedWhenResumed]
11-19 05:25:05.856 7802 7838 W ContextImpl: Calling a method in the system process without a qualified user: android.app.ContextImpl.startService:1816 android.content.ContextWrapper.startService:774 com.thundercomm.gamemode.ingame.services.GameModeActionUtils.startGameModeService:93 com.thundercomm.gamemode.ingame.services.GameModeActionUtils.startGameModeEntry:21 com.thundercomm.gamemode.ingame.services.ActivityMonitoringService$1.onActivityLaunch:127
11-19 05:25:05.856 1499 5517 I wm_finish_activity: [0,170619071,71,com.android.permissioncontroller/.permission.ui.GrantPermissionsActivity,app-request]
11-19 05:25:05.861 1499 1499 I GameModeConfig: Current uri is uri = content://com.thundercomm.gamemode.api/gamemode_settings/gamemode_isgaming
11-19 05:25:05.866 1499 1499 I GameModeConfig: isGameModeOn = false
11-19 05:25:05.866 1499 1499 I GameModeConfig: isGameModeOn = false
11-19 05:25:05.866 1499 1499 I GameModeConfig: isDisableVoice = true
11-19 05:25:05.867 1499 5517 I wm_pause_activity: [0,170619071,com.android.permissioncontroller/.permission.ui.GrantPermissionsActivity,userLeaving=false,finish]
11-19 05:25:05.870 1499 1637 I sysui_multi_action: [757,1144,758,8,806,com.android.permissioncontroller,871,com.android.permissioncontroller.permission.ui.GrantPermissionsActivity]
11-19 05:25:05.873 14043 14043 I wm_on_top_resumed_lost_called: [170619071,com.android.permissioncontroller.permission.ui.GrantPermissionsActivity,topStateChangedWhenResumed]
11-19 05:25:05.874 14043 14043 I wm_on_paused_called: [170619071,com.android.permissioncontroller.permission.ui.GrantPermissionsActivity,performPause]
11-19 05:25:05.875 1499 2761 I wm_pause_activity: [0,19758722,com.android.launcher3/.uioverrides.QuickstepLauncher,userLeaving=false,pauseBackTasks]
11-19 05:25:05.876 2802 2802 I wm_on_paused_called: [19758722,com.android.launcher3.uioverrides.QuickstepLauncher,performPause]
11-19 05:25:05.877 1499 1637 I sysui_multi_action: [757,803,799,window_time_0,802,1]
11-19 05:25:05.878 1499 5517 I wm_resume_activity: [0,28106045,71,com.android.deskclock/.DeskClock]
11-19 05:25:05.879 14023 14023 I wm_on_paused_called: [28106045,com.android.deskclock.DeskClock,performPause]
11-19 05:25:05.879 14023 14023 I wm_on_activity_result_called: [28106045,com.android.deskclock.DeskClock,ACTIVITY_RESULT]
11-19 05:25:05.880 14023 14023 I wm_on_resume_called: [28106045,com.android.deskclock.DeskClock,ACTIVITY_RESULT]
11-19 05:25:05.884 1499 1637 I wm_destroy_activity: [0,170619071,71,com.android.permissioncontroller/.permission.ui.GrantPermissionsActivity,finish-idle]
11-19 05:25:05.885 1499 1637 I sysui_multi_action: [757,803,799,window_time_0,802,0]
11-19 05:25:05.887 14043 14043 I wm_on_stop_called: [170619071,com.android.permissioncontroller.permission.ui.GrantPermissionsActivity,LIFECYCLER_STOP_ACTIVITY]
11-19 05:25:05.887 14043 14043 I wm_on_destroy_called: [170619071,com.android.permissioncontroller.permission.ui.GrantPermissionsActivity,performDestroy]
11-19 05:25:05.899 1499 5517 I wm_resume_activity: [0,28106045,71,com.android.deskclock/.DeskClock]
11-19 05:25:05.900 1499 1638 I input_focus: [Focus request 6b7688d com.android.deskclock/com.android.deskclock.DeskClock,reason=UpdateInputWindows]
11-19 05:25:05.912 7802 7838 W ContextImpl: Calling a method in the system process without a qualified user: android.app.ContextImpl.startService:1816 android.content.ContextWrapper.startService:774 com.thundercomm.gamemode.ingame.services.GameModeActionUtils.startGameModeService:93 com.thundercomm.gamemode.ingame.services.GameModeActionUtils.startGameModeEntry:21 com.thundercomm.gamemode.ingame.services.ActivityMonitoringService$1.onActivityLaunch:127
11-19 05:25:05.915 1499 1499 I GameModeConfig: Current uri is uri = content://com.thundercomm.gamemode.api/gamemode_settings/gamemode_isgaming
11-19 05:25:05.917 1499 1499 I GameModeConfig: isGameModeOn = false
11-19 05:25:05.917 1499 1499 I GameModeConfig: isGameModeOn = false
11-19 05:25:05.917 1499 1499 I GameModeConfig: isDisableVoice = true
11-19 05:25:05.989 7802 7838 W ContextImpl: Calling a method in the system process without a qualified user: android.app.ContextImpl.startService:1816 android.content.ContextWrapper.startService:774 com.thundercomm.gamemode.ingame.services.GameModeActionUtils.startGameModeService:93 com.thundercomm.gamemode.ingame.services.GameModeActionUtils.startGameModeEntry:21 com.thundercomm.gamemode.ingame.services.ActivityMonitoringService$1.onActivityLaunch:127
11-19 05:25:05.994 1499 1499 I GameModeConfig: Current uri is uri = content://com.thundercomm.gamemode.api/gamemode_settings/gamemode_isgaming
11-19 05:25:05.996 1499 1499 I GameModeConfig: isGameModeOn = false
11-19 05:25:05.997 1499 1499 I GameModeConfig: isGameModeOn = false
11-19 05:25:05.997 1499 1499 I GameModeConfig: isDisableVoice = true
11-19 05:25:06.131 0 0 I auditd : type=1400 audit(0.0:13049): avc: denied { kill } for comm="swapper/1" capability=5 scontext=u:r:kernel:s0 tcontext=u:r:kernel:s0 tclass=capability permissive=0
11-19 05:25:07.059 1499 4942 I wm_task_moved: [1,0,0]
11-19 05:25:07.059 1499 4942 I wm_task_moved: [1,0,5]
11-19 05:25:07.110 1499 1634 I sysui_multi_action: [319,11,322,40,325,14786,757,761,758,9,759,5,806,com.android.launcher3,871,com.android.launcher3.uioverrides.QuickstepLauncher,905,0,1320,8,1321,5]
11-19 05:25:07.130 14023 14023 I view_enqueue_input_event: [Motion - Cancel,com.android.deskclock/com.android.deskclock.DeskClock]
11-19 05:25:07.131 0 0 I auditd : type=1400 audit(0.0:13050): avc: denied { kill } for comm="swapper/1" capability=5 scontext=u:r:kernel:s0 tcontext=u:r:kernel:s0 tclass=capability permissive=0
11-19 05:25:07.148 1499 1831 I input_interaction: Interaction with: edge-swipe (server), swipe-up (server), PointerEventDispatcher0 (server),
11-19 05:25:07.157 2802 2802 I sysui_latency: [1,17]
11-19 05:25:07.159 1499 1638 I input_focus: [Focus request recents_animation_input_consumer,reason=UpdateInputWindows]
11-19 05:25:07.193 1499 1831 I input_focus: [Focus leaving 6b7688d com.android.deskclock/com.android.deskclock.DeskClock (server),reason=NOT_FOCUSABLE]
11-19 05:25:07.193 1499 1831 I input_focus: [Focus entering recents_animation_input_consumer (server),reason=setFocusedWindow]
11-19 05:25:07.364 1499 1759 I commit_sys_config_file: [settings-1-0,9]
11-19 05:25:07.400 1499 1644 I sysui_latency: [8,57]
11-19 05:25:08.003 1499 1759 I commit_sys_config_file: [settings-1-0,4]
11-19 05:25:08.131 0 0 I auditd : type=1400 audit(0.0:13051): avc: denied { kill } for comm="swapper/1" capability=5 scontext=u:r:kernel:s0 tcontext=u:r:kernel:s0 tclass=capability permissive=0
11-19 05:25:08.486 1499 1831 I input_interaction: Interaction with: 632f7bf com.android.launcher3/com.android.launcher3.uioverrides.QuickstepLauncher (server), edge-swipe (server), swipe-up (server), PointerEventDispatcher0 (server),
11-19 05:25:08.615 1499 1729 D FreeFormWindowHelper: Add freeform task=Task{bd6ee94 #71 type=standard A=10063:com.android.deskclock U=0 visible=true mode=freeform translucent=false sz=1}
11-19 05:25:08.615 1499 1729 I wm_relaunch_resume_activity: [0,28106045,71,com.android.deskclock/.DeskClock]
11-19 05:25:08.619 1499 1729 I wm_resume_activity: [0,28106045,71,com.android.deskclock/.DeskClock]
11-19 05:25:08.620 1499 1729 I wm_task_moved: [1,1,6]
11-19 05:25:08.622 1499 1729 I wm_focused_root_task: [0,0,1,71,startActivityFromRecents]
11-19 05:25:08.622 1499 1729 I wm_task_moved: [71,1,6]
11-19 05:25:08.622 1499 1729 I wm_focused_root_task: [0,0,71,1,moveTaskToFront findTaskToMoveToFront]
11-19 05:25:08.623 1499 1729 I wm_set_resumed_activity: [0,com.android.deskclock/.DeskClock,moveTaskToFront findTaskToMoveToFront]
11-19 05:25:08.625 1499 1729 I wm_resume_activity: [0,28106045,71,com.android.deskclock/.DeskClock]
11-19 05:25:08.626 1499 1729 W WindowManager: updateScale0.7996942
11-19 05:25:08.629 14023 14023 I wm_on_paused_called: [28106045,com.android.deskclock.DeskClock,performPause]
11-19 05:25:08.632 1499 7777 W WindowManager: Attempted to set replacing window on app token with no content Token{c512201 ActivityRecord{1acdd3d u0 com.android.deskclock/.DeskClock t71}}
11-19 05:25:08.636 14023 14023 I wm_on_stop_called: [28106045,com.android.deskclock.DeskClock,handleRelaunchActivity]
11-19 05:25:08.651 14023 14023 I wm_on_destroy_called: [28106045,com.android.deskclock.DeskClock,performDestroy]
11-19 05:25:08.670 1499 1729 I ActivityTaskManager: START u0 {act=android.content.pm.action.REQUEST_PERMISSIONS pkg=com.android.permissioncontroller cmp=com.android.permissioncontroller/.permission.ui.GrantPermissionsActivity (has extras)} from uid 10063
11-19 05:25:08.671 1499 1729 I wm_task_moved: [71,1,6]
11-19 05:25:08.672 1499 1729 I wm_create_activity: [0,163398617,71,com.android.permissioncontroller/.permission.ui.GrantPermissionsActivity,android.content.pm.action.REQUEST_PERMISSIONS,NULL,NULL,8388608]
11-19 05:25:08.672 1499 1729 I ActivityTaskManager: FOREGROUND_APPLICATION_CHANGED to com.android.permissioncontroller.permission.ui.GrantPermissionsActivity
11-19 05:25:08.672 1499 1729 I ActivityTaskManager: The Process com.android.permissioncontroller Already Exists in BG. So sending its PID: 14043
11-19 05:25:08.672 1499 1729 W ActivityTaskManager: Tried to set launchTime (0) < mLastActivityLaunchTime (14785198)
11-19 05:25:08.673 1499 1729 I wm_restart_activity: [0,163398617,71,com.android.permissioncontroller/.permission.ui.GrantPermissionsActivity]
11-19 05:25:08.674 1499 1729 I wm_set_resumed_activity: [0,com.android.permissioncontroller/.permission.ui.GrantPermissionsActivity,minimalResumeActivityLocked]
11-19 05:25:08.674 1499 1729 W WindowManager: updateScale0.7996942
11-19 05:25:08.682 14023 14023 I wm_on_create_called: [28106045,com.android.deskclock.DeskClock,performCreate]
11-19 05:25:08.702 14023 14023 I wm_on_start_called: [28106045,com.android.deskclock.DeskClock,handleStartActivity]
11-19 05:25:08.703 14023 14023 I wm_on_resume_called: [28106045,com.android.deskclock.DeskClock,RESUME_ACTIVITY]
11-19 05:25:08.710 1499 1729 W WindowManager: updateScale0.7996942
11-19 05:25:08.715 14043 14043 I wm_on_create_called: [163398617,com.android.permissioncontroller.permission.ui.GrantPermissionsActivity,performCreate]
11-19 05:25:08.715 14043 14043 I wm_on_start_called: [163398617,com.android.permissioncontroller.permission.ui.GrantPermissionsActivity,handleStartActivity]
11-19 05:25:08.716 14043 14043 I wm_on_resume_called: [163398617,com.android.permissioncontroller.permission.ui.GrantPermissionsActivity,RESUME_ACTIVITY]
11-19 05:25:08.720 14043 14043 I wm_on_top_resumed_gained_called: [163398617,com.android.permissioncontroller.permission.ui.GrantPermissionsActivity,topStateChangedWhenResumed]
11-19 05:25:08.724 1499 5517 I wm_finish_activity: [0,163398617,71,com.android.permissioncontroller/.permission.ui.GrantPermissionsActivity,app-request]
11-19 05:25:08.724 1499 5517 I wm_pause_activity: [0,163398617,com.android.permissioncontroller/.permission.ui.GrantPermissionsActivity,userLeaving=false,finish]
11-19 05:25:08.727 1499 1729 W WindowManager: updateScale0.7996942
11-19 05:25:08.728 1499 1729 W WindowManager: updateScale0.7996942
11-19 05:25:08.730 1499 1637 I sysui_multi_action: [757,1144,758,8,806,com.android.permissioncontroller,871,com.android.permissioncontroller.permission.ui.GrantPermissionsActivity]
11-19 05:25:08.731 1499 5517 W WindowManager: updateScale0.7996942
11-19 05:25:08.732 1499 5517 W WindowManager: updateScale0.7996942
11-19 05:25:08.737 14043 14043 I wm_on_top_resumed_lost_called: [163398617,com.android.permissioncontroller.permission.ui.GrantPermissionsActivity,topStateChangedWhenResumed]
