11-19 05:33:57.917 7802 7838 W ContextImpl: Calling a method in the system process without a qualified user: android.app.ContextImpl.startService:1816 android.content.ContextWrapper.startService:774 com.thundercomm.gamemode.ingame.services.GameModeActionUtils.startGameModeService:93 com.thundercomm.gamemode.ingame.services.GameModeActionUtils.startGameModeEntry:21 com.thundercomm.gamemode.ingame.services.ActivityMonitoringService$1.onActivityLaunch:127
11-19 05:33:57.922 1499 1499 I GameModeConfig: Current uri is uri = content://com.thundercomm.gamemode.api/gamemode_settings/gamemode_isgaming
11-19 05:33:57.928 1499 1499 I GameModeConfig: isGameModeOn = false
11-19 05:33:57.928 1499 1499 I GameModeConfig: isGameModeOn = false
11-19 05:33:57.929 1499 1499 I GameModeConfig: isDisableVoice = true
11-19 05:33:58.131 0 0 I auditd : type=1400 audit(0.0:13547): avc: denied { kill } for comm="swapper/0" capability=5 scontext=u:r:kernel:s0 tcontext=u:r:kernel:s0 tclass=capability permissive=0
11-19 05:33:58.168 1499 1638 W WindowManager: updateScale0.7996942
11-19 05:33:58.171 1499 1637 I wm_destroy_activity: [0,6249966,77,com.android.permissioncontroller/.permission.ui.GrantPermissionsActivity,finish-imm:idle]
11-19 05:33:58.173 14043 14043 I wm_on_stop_called: [6249966,com.android.permissioncontroller.permission.ui.GrantPermissionsActivity,LIFECYCLER_STOP_ACTIVITY]
11-19 05:33:58.174 14043 14043 I wm_on_destroy_called: [6249966,com.android.permissioncontroller.permission.ui.GrantPermissionsActivity,performDestroy]
11-19 05:33:58.175 1499 8632 W WindowManager: updateScale0.7996942
11-19 05:33:58.187 7802 7838 W ContextImpl: Calling a method in the system process without a qualified user: android.app.ContextImpl.startService:1816 android.content.ContextWrapper.startService:774 com.thundercomm.gamemode.ingame.services.GameModeActionUtils.startGameModeService:93 com.thundercomm.gamemode.ingame.services.GameModeActionUtils.startGameModeEntry:21 com.thundercomm.gamemode.ingame.services.ActivityMonitoringService$1.onActivityLaunch:127
11-19 05:33:58.191 1499 1499 I GameModeConfig: Current uri is uri = content://com.thundercomm.gamemode.api/gamemode_settings/gamemode_isgaming
11-19 05:33:58.193 1499 1499 I GameModeConfig: isGameModeOn = false
11-19 05:33:58.193 1499 1499 I GameModeConfig: isGameModeOn = false
11-19 05:33:58.193 1499 1499 I GameModeConfig: isDisableVoice = true
11-19 05:33:58.592 1499 3791 E TaskPersister: File error accessing recents directory (directory doesn't exist?).
11-19 05:33:59.131 0 0 I auditd : type=1400 audit(0.0:13548): avc: denied { kill } for comm="swapper/0" capability=5 scontext=u:r:kernel:s0 tcontext=u:r:kernel:s0 tclass=capability permissive=0
11-19 05:33:59.358 1499 1831 I input_interaction: Interaction with: a555b08 com.android.deskclock/com.android.deskclock.DeskClock (server), edge-swipe (server), swipe-up (server), PointerEventDispatcher0 (server),
11-19 05:33:59.511 1499 8632 W WindowManager: updateScale0.4617737
11-19 05:33:59.513 1499 8632 I wm_relaunch_resume_activity: [0,245023159,77,com.android.deskclock/.DeskClock]
11-19 05:33:59.516 1499 8632 W WindowManager: updateScale0.4617737
11-19 05:33:59.529 14465 14465 I wm_on_top_resumed_lost_called: [245023159,com.android.deskclock.DeskClock,pausing]
11-19 05:33:59.532 14465 14465 I wm_on_paused_called: [245023159,com.android.deskclock.DeskClock,performPause]
11-19 05:33:59.537 14465 14465 I wm_on_stop_called: [245023159,com.android.deskclock.DeskClock,handleRelaunchActivity]
11-19 05:33:59.553 14465 14465 I wm_on_destroy_called: [245023159,com.android.deskclock.DeskClock,performDestroy]
11-19 05:33:59.576 1499 8632 I ActivityTaskManager: START u0 {act=android.content.pm.action.REQUEST_PERMISSIONS pkg=com.android.permissioncontroller cmp=com.android.permissioncontroller/.permission.ui.GrantPermissionsActivity (has extras)} from uid 10063
11-19 05:33:59.578 1499 8632 I wm_task_moved: [77,1,6]
11-19 05:33:59.578 1499 8632 I wm_set_resumed_activity: [0,com.android.deskclock/.DeskClock,positionChildAt]
11-19 05:33:59.578 1499 8632 I wm_create_activity: [0,189812704,77,com.android.permissioncontroller/.permission.ui.GrantPermissionsActivity,android.content.pm.action.REQUEST_PERMISSIONS,NULL,NULL,8388608]
11-19 05:33:59.579 1499 8632 I wm_pause_activity: [0,245023159,com.android.deskclock/.DeskClock,userLeaving=true,resumeTopActivityInnerLocked]
11-19 05:33:59.579 1499 8632 W WindowManager: updateScale0.4617737
11-19 05:33:59.598 14465 14465 I wm_on_create_called: [245023159,com.android.deskclock.DeskClock,performCreate]
11-19 05:33:59.623 14465 14465 I wm_on_start_called: [245023159,com.android.deskclock.DeskClock,handleStartActivity]
11-19 05:33:59.624 14465 14465 I wm_on_resume_called: [245023159,com.android.deskclock.DeskClock,RESUME_ACTIVITY]
11-19 05:33:59.626 14465 14465 I wm_on_top_resumed_gained_called: [245023159,com.android.deskclock.DeskClock,topWhenResuming]
11-19 05:33:59.634 1499 8632 W WindowManager: updateScale0.4617737
11-19 05:33:59.636 1499 8632 W WindowManager: updateScale0.4617737
11-19 05:33:59.672 14465 14465 I wm_on_top_resumed_lost_called: [245023159,com.android.deskclock.DeskClock,topStateChangedWhenResumed]
11-19 05:33:59.672 14465 14465 I wm_on_paused_called: [245023159,com.android.deskclock.DeskClock,performPause]
11-19 05:33:59.673 1499 8632 I ActivityTaskManager: FOREGROUND_APPLICATION_CHANGED to com.android.permissioncontroller.permission.ui.GrantPermissionsActivity
11-19 05:33:59.673 1499 8632 I ActivityTaskManager: The Process com.android.permissioncontroller Already Exists in BG. So sending its PID: 14043
11-19 05:33:59.674 1499 8632 W ActivityTaskManager: Tried to set launchTime (0) < mLastActivityLaunchTime (15317113)
11-19 05:33:59.676 1499 8632 I wm_restart_activity: [0,189812704,77,com.android.permissioncontroller/.permission.ui.GrantPermissionsActivity]
11-19 05:33:59.678 1499 8632 I wm_set_resumed_activity: [0,com.android.permissioncontroller/.permission.ui.GrantPermissionsActivity,minimalResumeActivityLocked]
11-19 05:33:59.679 1499 8632 W WindowManager: updateScale0.4617737
11-19 05:33:59.682 1499 1637 I sysui_multi_action: [757,803,799,window_time_2,802,2]
11-19 05:33:59.682 1499 8632 W WindowManager: updateScale0.4617737
11-19 05:33:59.696 7802 7838 W ContextImpl: Calling a method in the system process without a qualified user: android.app.ContextImpl.startService:1816 android.content.ContextWrapper.startService:774 com.thundercomm.gamemode.ingame.services.GameModeActionUtils.startGameModeService:93 com.thundercomm.gamemode.ingame.services.GameModeActionUtils.startGameModeEntry:21 com.thundercomm.gamemode.ingame.services.ActivityMonitoringService$1.onActivityLaunch:127
11-19 05:33:59.701 1499 1499 I GameModeConfig: Current uri is uri = content://com.thundercomm.gamemode.api/gamemode_settings/gamemode_isgaming
11-19 05:33:59.701 14043 14043 I wm_on_create_called: [189812704,com.android.permissioncontroller.permission.ui.GrantPermissionsActivity,performCreate]
11-19 05:33:59.702 14043 14043 I wm_on_start_called: [189812704,com.android.permissioncontroller.permission.ui.GrantPermissionsActivity,handleStartActivity]
11-19 05:33:59.703 14043 14043 I wm_on_resume_called: [189812704,com.android.permissioncontroller.permission.ui.GrantPermissionsActivity,RESUME_ACTIVITY]
11-19 05:33:59.705 1499 1499 I GameModeConfig: isGameModeOn = false
11-19 05:33:59.705 14043 14043 I wm_on_top_resumed_gained_called: [189812704,com.android.permissioncontroller.permission.ui.GrantPermissionsActivity,topStateChangedWhenResumed]
11-19 05:33:59.705 1499 1499 I GameModeConfig: isGameModeOn = false
11-19 05:33:59.705 1499 1499 I GameModeConfig: isDisableVoice = true
11-19 05:33:59.709 1499 5048 I wm_finish_activity: [0,189812704,77,com.android.permissioncontroller/.permission.ui.GrantPermissionsActivity,app-request]
11-19 05:33:59.718 1499 5048 I wm_pause_activity: [0,189812704,com.android.permissioncontroller/.permission.ui.GrantPermissionsActivity,userLeaving=false,finish]
11-19 05:33:59.722 1499 1637 I sysui_multi_action: [757,1144,758,8,806,com.android.permissioncontroller,871,com.android.permissioncontroller.permission.ui.GrantPermissionsActivity]
11-19 05:33:59.723 1499 1614 W WindowManager: updateScale0.4617737
11-19 05:33:59.724 1499 1614 W WindowManager: updateScale0.4617737
11-19 05:33:59.727 14043 14043 I wm_on_top_resumed_lost_called: [189812704,com.android.permissioncontroller.permission.ui.GrantPermissionsActivity,topStateChangedWhenResumed]
11-19 05:33:59.727 1499 1638 W WindowManager: updateScale0.4617737
11-19 05:33:59.728 14043 14043 I wm_on_paused_called: [189812704,com.android.permissioncontroller.permission.ui.GrantPermissionsActivity,performPause]
11-19 05:33:59.728 1499 1614 I ActivityTaskManager: FOREGROUND_APPLICATION_CHANGED to com.android.deskclock.DeskClock
11-19 05:33:59.729 1499 1614 I wm_set_resumed_activity: [0,com.android.deskclock/.DeskClock,resumeTopActivityInnerLocked]
11-19 05:33:59.729 1499 1614 I wm_resume_activity: [0,245023159,77,com.android.deskclock/.DeskClock]
11-19 05:33:59.730 14465 14465 I wm_on_activity_result_called: [245023159,com.android.deskclock.DeskClock,ACTIVITY_RESULT]
11-19 05:33:59.730 14465 14465 I wm_on_resume_called: [245023159,com.android.deskclock.DeskClock,RESUME_ACTIVITY]
11-19 05:33:59.730 1499 1614 W WindowManager: updateScale0.4617737
11-19 05:33:59.731 14465 14465 I wm_on_top_resumed_gained_called: [245023159,com.android.deskclock.DeskClock,topWhenResuming]
11-19 05:33:59.734 1499 1614 W WindowManager: updateScale0.4617737
11-19 05:33:59.736 1499 1638 I input_focus: [Focus request a555b08 com.android.deskclock/com.android.deskclock.DeskClock,reason=UpdateInputWindows]
11-19 05:33:59.736 1499 1637 I sysui_multi_action: [757,803,799,window_time_2,802,0]
11-19 05:33:59.738 1499 1730 W WindowManager: updateScale0.4617737
11-19 05:33:59.750 1499 8632 I wm_destroy_activity: [0,189812704,77,com.android.permissioncontroller/.permission.ui.GrantPermissionsActivity,finish-idle]
11-19 05:33:59.760 14043 14043 I wm_on_stop_called: [189812704,com.android.permissioncontroller.permission.ui.GrantPermissionsActivity,LIFECYCLER_STOP_ACTIVITY]
11-19 05:33:59.761 14043 14043 I wm_on_destroy_called: [189812704,com.android.permissioncontroller.permission.ui.GrantPermissionsActivity,performDestroy]
11-19 05:33:59.764 1499 5048 W WindowManager: updateScale0.4617737
11-19 05:33:59.772 7802 7838 W ContextImpl: Calling a method in the system process without a qualified user: android.app.ContextImpl.startService:1816 android.content.ContextWrapper.startService:774 com.thundercomm.gamemode.ingame.services.GameModeActionUtils.startGameModeService:93 com.thundercomm.gamemode.ingame.services.GameModeActionUtils.startGameModeEntry:21 com.thundercomm.gamemode.ingame.services.ActivityMonitoringService$1.onActivityLaunch:127
11-19 05:33:59.779 1499 1499 I GameModeConfig: Current uri is uri = content://com.thundercomm.gamemode.api/gamemode_settings/gamemode_isgaming
11-19 05:33:59.782 1499 1499 I GameModeConfig: isGameModeOn = false
11-19 05:33:59.782 1499 1499 I GameModeConfig: isGameModeOn = false
11-19 05:33:59.782 1499 1499 I GameModeConfig: isDisableVoice = true
11-19 05:33:59.839 7802 7838 W ContextImpl: Calling a method in the system process without a qualified user: android.app.ContextImpl.startService:1816 android.content.ContextWrapper.startService:774 com.thundercomm.gamemode.ingame.services.GameModeActionUtils.startGameModeService:93 com.thundercomm.gamemode.ingame.services.GameModeActionUtils.startGameModeEntry:21 com.thundercomm.gamemode.ingame.services.ActivityMonitoringService$1.onActivityLaunch:127
11-19 05:33:59.844 1499 1499 I GameModeConfig: Current uri is uri = content://com.thundercomm.gamemode.api/gamemode_settings/gamemode_isgaming
11-19 05:33:59.847 1499 1499 I GameModeConfig: isGameModeOn = false
11-19 05:33:59.847 1499 1499 I GameModeConfig: isGameModeOn = false
11-19 05:33:59.847 1499 1499 I GameModeConfig: isDisableVoice = true
11-19 05:34:00.131 0 0 I auditd : type=1400 audit(0.0:13549): avc: denied { kill } for comm="swapper/0" capability=5 scontext=u:r:kernel:s0 tcontext=u:r:kernel:s0 tclass=capability permissive=0
11-19 05:34:00.293 14465 14465 I view_enqueue_input_event: [Motion - Cancel,com.android.deskclock/com.android.deskclock.DeskClock]
11-19 05:34:00.295 1499 1831 I input_interaction: Interaction with: WindowManager (server), edge-swipe (server), swipe-up (server), PointerEventDispatcher0 (server),
11-19 05:34:00.305 1499 1638 D FreeFormWindowHelper: refreshTipWindow windowDragBounds:Rect(11, 75 - 313, 613)
11-19 05:34:00.306 1499 1638 W WindowManager: updateScale0.4617737
11-19 05:34:00.322 1499 1638 D FreeFormWindowHelper: refreshTipWindow windowDragBounds:Rect(21, 77 - 323, 615)
11-19 05:34:00.324 1499 1638 W WindowManager: updateScale0.4617737
11-19 05:34:00.327 1499 5048 W WindowManager: updateScale0.4617737
11-19 05:34:00.338 1499 1638 D FreeFormWindowHelper: refreshTipWindow windowDragBounds:Rect(30, 77 - 332, 615)
11-19 05:34:00.340 1499 1638 W WindowManager: updateScale0.4617737
11-19 05:34:00.355 1499 1638 D FreeFormWindowHelper: refreshTipWindow windowDragBounds:Rect(142, 83 - 444, 621)
11-19 05:34:00.356 1499 1638 W WindowManager: updateScale0.4617737
11-19 05:34:00.372 1499 1638 D FreeFormWindowHelper: refreshTipWindow windowDragBounds:Rect(287, 91 - 589, 629)
11-19 05:34:00.372 1499 1638 W WindowManager: updateScale0.4617737
11-19 05:34:00.388 1499 1638 D FreeFormWindowHelper: refreshTipWindow windowDragBounds:Rect(515, 98 - 817, 636)
11-19 05:34:00.389 1499 1638 W WindowManager: updateScale0.4617737
11-19 05:34:00.405 1499 1638 D FreeFormWindowHelper: refreshTipWindow windowDragBounds:Rect(714, 98 - 1016, 636)
11-19 05:34:00.406 1499 1638 W WindowManager: updateScale0.4617737
11-19 05:34:00.422 1499 1638 D FreeFormWindowHelper: refreshTipWindow windowDragBounds:Rect(806, 98 - 1108, 636)
11-19 05:34:00.422 1499 1638 W WindowManager: updateScale0.4617737
11-19 05:34:00.438 1499 1638 D FreeFormWindowHelper: refreshTipWindow windowDragBounds:Rect(855, 98 - 1157, 636)
11-19 05:34:00.439 1499 1638 W WindowManager: updateScale0.4617737
11-19 05:34:00.455 1499 1638 D FreeFormWindowHelper: refreshTipWindow windowDragBounds:Rect(887, 98 - 1189, 636)
11-19 05:34:00.456 1499 1638 W WindowManager: updateScale0.4617737
11-19 05:34:00.472 1499 1638 D FreeFormWindowHelper: refreshTipWindow windowDragBounds:Rect(937, 101 - 1239, 639)
11-19 05:34:00.472 1499 1638 W WindowManager: updateScale0.4617737
11-19 05:34:00.489 1499 1638 D FreeFormWindowHelper: refreshTipWindow windowDragBounds:Rect(1014, 107 - 1316, 645)
11-19 05:34:00.490 1499 1638 W WindowManager: updateScale0.4617737
11-19 05:34:00.505 1499 1638 D FreeFormWindowHelper: refreshTipWindow windowDragBounds:Rect(1069, 111 - 1371, 649)
11-19 05:34:00.506 1499 1638 W WindowManager: updateScale0.4617737
11-19 05:34:00.522 1499 1638 D FreeFormWindowHelper: refreshTipWindow windowDragBounds:Rect(1219, 121 - 1521, 659)
11-19 05:34:00.523 1499 1638 W WindowManager: updateScale0.4617737
11-19 05:34:00.539 1499 1638 D FreeFormWindowHelper: refreshTipWindow windowDragBounds:Rect(1321, 122 - 1623, 660)
11-19 05:34:00.540 1499 1638 W WindowManager: updateScale0.4617737
11-19 05:34:00.555 1499 1638 D FreeFormWindowHelper: refreshTipWindow windowDragBounds:Rect(1431, 124 - 1733, 662)
11-19 05:34:00.556 1499 1638 W WindowManager: updateScale0.4617737
11-19 05:34:00.572 1499 1638 D FreeFormWindowHelper: refreshTipWindow windowDragBounds:Rect(1520, 126 - 1822, 664)
11-19 05:34:00.573 1499 1638 W WindowManager: updateScale0.4617737
11-19 05:34:00.589 1499 1638 D FreeFormWindowHelper: refreshTipWindow windowDragBounds:Rect(1689, 129 - 1991, 667)
11-19 05:34:00.590 1499 1638 W WindowManager: updateScale0.4617737
11-19 05:34:00.605 1499 1638 D FreeFormWindowHelper: refreshTipWindow windowDragBounds:Rect(1772, 129 - 2074, 667)
11-19 05:34:00.606 1499 1638 W WindowManager: updateScale0.4617737
11-19 05:34:00.622 1499 1638 D FreeFormWindowHelper: refreshTipWindow windowDragBounds:Rect(1834, 129 - 2136, 667)
11-19 05:34:00.623 1499 1638 W WindowManager: updateScale0.4617737
11-19 05:34:00.631 1499 1638 D FreeFormWindowHelper: refreshTipWindow windowDragBounds:Rect(1858, 129 - 2160, 667)
11-19 05:34:00.632 1499 1638 W WindowManager: updateScale0.4617737
11-19 05:34:00.634 1499 1638 D WindowManager: updateWindowDragBounds: mIsSwipeYfalse
11-19 05:34:00.634 1499 1638 D WindowManager: updateWindowDragBounds: mIsTopfalse
11-19 05:34:00.634 1499 1638 D WindowManager: updateWindowDragBounds: mIsSwipeXfalse
11-19 05:34:00.635 1499 1638 W WindowManager: updateScale0.4617737
11-19 05:34:01.131 0 0 I auditd : type=1400 audit(0.0:13550): avc: denied { kill } for comm="swapper/0" capability=5 scontext=u:r:kernel:s0 tcontext=u:r:kernel:s0 tclass=capability permissive=0
11-19 05:34:02.131 0 0 I auditd : type=1400 audit(0.0:13551): avc: denied { kill } for comm="swapper/0" capability=5 scontext=u:r:kernel:s0 tcontext=u:r:kernel:s0 tclass=capability permissive=0
11-19 05:34:02.364 1499 1831 I input_interaction: Interaction with: a555b08 com.android.deskclock/com.android.deskclock.DeskClock (server), edge-swipe (server), swipe-up (server), PointerEventDispatcher0 (server),
11-19 05:34:02.701 1499 5048 W WindowManager: updateScale0.7996942
11-19 05:34:02.702 1499 5048 I wm_relaunch_resume_activity: [0,245023159,77,com.android.deskclock/.DeskClock]
11-19 05:34:02.704 1499 5048 W WindowManager: updateScale0.7996942
11-19 05:34:02.714 14465 14465 I wm_on_top_resumed_lost_called: [245023159,com.android.deskclock.DeskClock,pausing]
11-19 05:34:02.716 14465 14465 I wm_on_paused_called: [245023159,com.android.deskclock.DeskClock,performPause]
11-19 05:34:02.720 14465 14465 I wm_on_stop_called: [245023159,com.android.deskclock.DeskClock,handleRelaunchActivity]
11-19 05:34:02.728 14465 14465 I wm_on_destroy_called: [245023159,com.android.deskclock.DeskClock,performDestroy]
11-19 05:34:02.749 1499 5048 I ActivityTaskManager: START u0 {act=android.content.pm.action.REQUEST_PERMISSIONS pkg=com.android.permissioncontroller cmp=com.android.permissioncontroller/.permission.ui.GrantPermissionsActivity (has extras)} from uid 10063
11-19 05:34:02.752 1499 5048 I wm_task_moved: [77,1,6]
11-19 05:34:02.752 1499 5048 I wm_set_resumed_activity: [0,com.android.deskclock/.DeskClock,positionChildAt]
11-19 05:34:02.752 1499 5048 I wm_create_activity: [0,108158743,77,com.android.permissioncontroller/.permission.ui.GrantPermissionsActivity,android.content.pm.action.REQUEST_PERMISSIONS,NULL,NULL,8388608]
11-19 05:34:02.753 1499 5048 I wm_pause_activity: [0,245023159,com.android.deskclock/.DeskClock,userLeaving=true,resumeTopActivityInnerLocked]
11-19 05:34:02.753 1499 5048 W WindowManager: updateScale0.7996942
11-19 05:34:02.772 14465 14465 I wm_on_create_called: [245023159,com.android.deskclock.DeskClock,performCreate]
11-19 05:34:02.795 14465 14465 I wm_on_start_called: [245023159,com.android.deskclock.DeskClock,handleStartActivity]
11-19 05:34:02.796 14465 14465 I wm_on_resume_called: [245023159,com.android.deskclock.DeskClock,RESUME_ACTIVITY]
11-19 05:34:02.797 14465 14465 I wm_on_top_resumed_gained_called: [245023159,com.android.deskclock.DeskClock,topWhenResuming]
11-19 05:34:02.804 1499 1730 W WindowManager: updateScale0.7996942
11-19 05:34:02.806 1499 1730 W WindowManager: updateScale0.7996942
11-19 05:34:02.837 14465 14465 I wm_on_top_resumed_lost_called: [245023159,com.android.deskclock.DeskClock,topStateChangedWhenResumed]
11-19 05:34:02.838 14465 14465 I wm_on_paused_called: [245023159,com.android.deskclock.DeskClock,performPause]
11-19 05:34:02.839 1499 1730 I ActivityTaskManager: FOREGROUND_APPLICATION_CHANGED to com.android.permissioncontroller.permission.ui.GrantPermissionsActivity
11-19 05:34:02.839 1499 1730 I ActivityTaskManager: The Process com.android.permissioncontroller Already Exists in BG. So sending its PID: 14043
11-19 05:34:02.839 1499 1730 W ActivityTaskManager: Tried to set launchTime (0) < mLastActivityLaunchTime (15319035)
11-19 05:34:02.839 1499 1730 I wm_restart_activity: [0,108158743,77,com.android.permissioncontroller/.permission.ui.GrantPermissionsActivity]
11-19 05:34:02.840 1499 1730 I wm_set_resumed_activity: [0,com.android.permissioncontroller/.permission.ui.GrantPermissionsActivity,minimalResumeActivityLocked]
11-19 05:34:02.841 1499 1730 W WindowManager: updateScale0.7996942
11-19 05:34:02.843 1499 1637 I sysui_multi_action: [757,803,799,window_time_2,802,3]
11-19 05:34:02.845 1499 1730 W WindowManager: updateScale0.7996942
11-19 05:34:02.861 14043 14043 I wm_on_create_called: [108158743,com.android.permissioncontroller.permission.ui.GrantPermissionsActivity,performCreate]
11-19 05:34:02.862 14043 14043 I wm_on_start_called: [108158743,com.android.permissioncontroller.permission.ui.GrantPermissionsActivity,handleStartActivity]
11-19 05:34:02.862 14043 14043 I wm_on_resume_called: [108158743,com.android.permissioncontroller.permission.ui.GrantPermissionsActivity,RESUME_ACTIVITY]
11-19 05:34:02.864 14043 14043 I wm_on_top_resumed_gained_called: [108158743,com.android.permissioncontroller.permission.ui.GrantPermissionsActivity,topStateChangedWhenResumed]
11-19 05:34:02.869 1499 5048 I wm_finish_activity: [0,108158743,77,com.android.permissioncontroller/.permission.ui.GrantPermissionsActivity,app-request]
11-19 05:34:02.869 7802 7838 W ContextImpl: Calling a method in the system process without a qualified user: android.app.ContextImpl.startService:1816 android.content.ContextWrapper.startService:774 com.thundercomm.gamemode.ingame.services.GameModeActionUtils.startGameModeService:93 com.thundercomm.gamemode.ingame.services.GameModeActionUtils.startGameModeEntry:21 com.thundercomm.gamemode.ingame.services.ActivityMonitoringService$1.onActivityLaunch:127
11-19 05:34:02.875 1499 1499 I GameModeConfig: Current uri is uri = content://com.thundercomm.gamemode.api/gamemode_settings/gamemode_isgaming
11-19 05:34:02.878 1499 1499 I GameModeConfig: isGameModeOn = false
11-19 05:34:02.878 1499 1499 I GameModeConfig: isGameModeOn = false
11-19 05:34:02.878 1499 1499 I GameModeConfig: isDisableVoice = true
11-19 05:34:02.882 1499 5048 I wm_pause_activity: [0,108158743,com.android.permissioncontroller/.permission.ui.GrantPermissionsActivity,userLeaving=false,finish]
11-19 05:34:02.890 1499 8632 W WindowManager: updateScale0.7996942
11-19 05:34:02.890 1499 8632 W WindowManager: updateScale0.7996942
11-19 05:34:02.892 1499 1637 I sysui_multi_action: [757,1144,758,8,806,com.android.permissioncontroller,871,com.android.permissioncontroller.permission.ui.GrantPermissionsActivity]
11-19 05:34:02.894 14043 14043 I wm_on_top_resumed_lost_called: [108158743,com.android.permissioncontroller.permission.ui.GrantPermissionsActivity,topStateChangedWhenResumed]
11-19 05:34:02.894 1499 1638 W WindowManager: updateScale0.7996942
11-19 05:34:02.896 14043 14043 I wm_on_paused_called: [108158743,com.android.permissioncontroller.permission.ui.GrantPermissionsActivity,performPause]
11-19 05:34:02.896 1499 1614 I ActivityTaskManager: FOREGROUND_APPLICATION_CHANGED to com.android.deskclock.DeskClock
11-19 05:34:02.897 1499 1614 I wm_set_resumed_activity: [0,com.android.deskclock/.DeskClock,resumeTopActivityInnerLocked]
11-19 05:34:02.898 1499 1614 I wm_resume_activity: [0,245023159,77,com.android.deskclock/.DeskClock]
11-19 05:34:02.899 14465 14465 I wm_on_activity_result_called: [245023159,com.android.deskclock.DeskClock,ACTIVITY_RESULT]
11-19 05:34:02.899 14465 14465 I wm_on_resume_called: [245023159,com.android.deskclock.DeskClock,RESUME_ACTIVITY]
11-19 05:34:02.900 1499 1614 W WindowManager: updateScale0.7996942
11-19 05:34:02.901 14465 14465 I wm_on_top_resumed_gained_called: [245023159,com.android.deskclock.DeskClock,topWhenResuming]
11-19 05:34:02.903 1499 1614 W WindowManager: updateScale0.7996942
11-19 05:34:02.908 1499 1638 I input_focus: [Focus request a555b08 com.android.deskclock/com.android.deskclock.DeskClock,reason=UpdateInputWindows]
11-19 05:34:02.908 1499 1637 I sysui_multi_action: [757,803,799,window_time_2,802,0]
11-19 05:34:02.910 1499 1730 W WindowManager: updateScale0.7996942
11-19 05:34:02.929 1499 5048 I wm_destroy_activity: [0,108158743,77,com.android.permissioncontroller/.permission.ui.GrantPermissionsActivity,finish-idle]
11-19 05:34:02.930 14043 14043 I wm_on_stop_called: [108158743,com.android.permissioncontroller.permission.ui.GrantPermissionsActivity,LIFECYCLER_STOP_ACTIVITY]
11-19 05:34:02.932 14043 14043 I wm_on_destroy_called: [108158743,com.android.permissioncontroller.permission.ui.GrantPermissionsActivity,performDestroy]
11-19 05:34:02.935 1499 1730 W WindowManager: updateScale0.7996942
11-19 05:34:02.949 7802 7838 W ContextImpl: Calling a method in the system process without a qualified user: android.app.ContextImpl.startService:1816 android.content.ContextWrapper.startService:774 com.thundercomm.gamemode.ingame.services.GameModeActionUtils.startGameModeService:93 com.thundercomm.gamemode.ingame.services.GameModeActionUtils.startGameModeEntry:21 com.thundercomm.gamemode.ingame.services.ActivityMonitoringService$1.onActivityLaunch:127
11-19 05:34:02.954 1499 1499 I GameModeConfig: Current uri is uri = content://com.thundercomm.gamemode.api/gamemode_settings/gamemode_isgaming
11-19 05:34:02.960 1499 1499 I GameModeConfig: isGameModeOn = false
11-19 05:34:02.960 1499 1499 I GameModeConfig: isGameModeOn = false
11-19 05:34:02.960 1499 1499 I GameModeConfig: isDisableVoice = true
11-19 05:34:03.010 7802 7838 W ContextImpl: Calling a method in the system process without a qualified user: android.app.ContextImpl.startService:1816 android.content.ContextWrapper.startService:774 com.thundercomm.gamemode.ingame.services.GameModeActionUtils.startGameModeService:93 com.thundercomm.gamemode.ingame.services.GameModeActionUtils.startGameModeEntry:21 com.thundercomm.gamemode.ingame.services.ActivityMonitoringService$1.onActivityLaunch:127
11-19 05:34:03.014 1499 1499 I GameModeConfig: Current uri is uri = content://com.thundercomm.gamemode.api/gamemode_settings/gamemode_isgaming
11-19 05:34:03.015 1499 1499 I GameModeConfig: isGameModeOn = false
11-19 05:34:03.015 1499 1499 I GameModeConfig: isGameModeOn = false
11-19 05:34:03.015 1499 1499 I GameModeConfig: isDisableVoice = true
11-19 05:34:03.131 0 0 I auditd : type=1400 audit(0.0:13552): avc: denied { kill } for comm="swapper/0" capability=5 scontext=u:r:kernel:s0 tcontext=u:r:kernel:s0 tclass=capability permissive=0
11-19 05:34:04.131 0 0 I auditd : type=1400 audit(0.0:13553): avc: denied { kill } for comm="swapper/0" capability=5 scontext=u:r:kernel:s0 tcontext=u:r:kernel:s0 tclass=capability permissive=0
11-19 05:34:05.131 0 0 I auditd : type=1400 audit(0.0:13554): avc: denied { kill } for comm="swapper/0" capability=5 scontext=u:r:kernel:s0 tcontext=u:r:kernel:s0 tclass=capability permissive=0
11-19 05:34:06.131 354 354 I auditd : type=1400 audit(0.0:13555): avc: denied { kill } for comm="irq/382-atmel_m" capability=5 scontext=u:r:kernel:s0 tcontext=u:r:kernel:s0 tclass=capability permissive=0
11-19 05:34:06.724 14465 14465 I view_enqueue_input_event: [Motion - Cancel,com.android.deskclock/com.android.deskclock.DeskClock]
11-19 05:34:06.727 1499 1831 I input_interaction: Interaction with: WindowManager (server), edge-swipe (server), swipe-up (server), PointerEventDispatcher0 (server),
11-19 05:34:06.739 1499 1638 D FreeFormWindowHelper: refreshTipWindow windowDragBounds:Rect(3, 72 - 526, 1000)
11-19 05:34:06.741 1499 1638 W WindowManager: updateScale0.7996942
11-19 05:34:06.753 1499 1638 D FreeFormWindowHelper: refreshTipWindow windowDragBounds:Rect(5, 72 - 528, 1000)
11-19 05:34:06.755 1499 1638 W WindowManager: updateScale0.7996942
11-19 05:34:06.821 1499 1638 D FreeFormWindowHelper: refreshTipWindow windowDragBounds:Rect(6, 69 - 529, 997)
11-19 05:34:06.823 1499 1638 W WindowManager: updateScale0.7996942
11-19 05:34:06.851 1499 1614 W WindowManager: updateScale0.7996942
11-19 05:34:06.871 1499 1638 D FreeFormWindowHelper: refreshTipWindow windowDragBounds:Rect(9, 70 - 532, 998)
11-19 05:34:06.871 1499 1638 W WindowManager: updateScale0.7996942
11-19 05:34:06.893 1499 1614 W WindowManager: updateScale0.7996942
11-19 05:34:06.972 1499 1638 D FreeFormWindowHelper: refreshTipWindow windowDragBounds:Rect(13, 70 - 536, 998)
11-19 05:34:06.973 1499 1638 W WindowManager: updateScale0.7996942
11-19 05:34:06.988 1499 1638 D FreeFormWindowHelper: refreshTipWindow windowDragBounds:Rect(15, 70 - 538, 998)
11-19 05:34:06.989 1499 1638 W WindowManager: updateScale0.7996942
11-19 05:34:07.021 1499 1638 D FreeFormWindowHelper: refreshTipWindow windowDragBounds:Rect(16, 70 - 539, 998)
11-19 05:34:07.022 1499 1638 W WindowManager: updateScale0.7996942
11-19 05:34:07.039 1499 1638 D FreeFormWindowHelper: refreshTipWindow windowDragBounds:Rect(20, 70 - 543, 998)
11-19 05:34:07.040 1499 1638 W WindowManager: updateScale0.7996942
11-19 05:34:07.054 1499 1638 D FreeFormWindowHelper: refreshTipWindow windowDragBounds:Rect(24, 70 - 547, 998)
11-19 05:34:07.055 1499 1638 W WindowManager: updateScale0.7996942
11-19 05:34:07.071 1499 1638 D FreeFormWindowHelper: refreshTipWindow windowDragBounds:Rect(40, 66 - 563, 994)
11-19 05:34:07.072 1499 1638 W WindowManager: updateScale0.7996942
11-19 05:34:07.088 1499 1638 D FreeFormWindowHelper: refreshTipWindow windowDragBounds:Rect(53, 67 - 576, 995)
11-19 05:34:07.088 1499 1638 W WindowManager: updateScale0.7996942
11-19 05:34:07.104 1499 1638 D FreeFormWindowHelper: refreshTipWindow windowDragBounds:Rect(72, 63 - 595, 991)
11-19 05:34:07.105 1499 1638 W WindowManager: updateScale0.7996942
11-19 05:34:07.121 1499 1638 D FreeFormWindowHelper: refreshTipWindow windowDragBounds:Rect(86, 63 - 609, 991)
11-19 05:34:07.122 1499 1638 W WindowManager: updateScale0.7996942
11-19 05:34:07.138 1499 1638 D FreeFormWindowHelper: refreshTipWindow windowDragBounds:Rect(138, 58 - 661, 986)
11-19 05:34:07.139 1499 1638 W WindowManager: updateScale0.7996942
11-19 05:34:07.171 1499 1638 D FreeFormWindowHelper: refreshTipWindow windowDragBounds:Rect(274, 58 - 797, 986)
11-19 05:34:07.173 1499 1638 W WindowManager: updateScale0.7996942
11-19 05:34:07.188 1499 1638 D FreeFormWindowHelper: refreshTipWindow windowDragBounds:Rect(326, 52 - 849, 980)
11-19 05:34:07.189 1499 1638 W WindowManager: updateScale0.7996942
11-19 05:34:07.221 1499 1638 D FreeFormWindowHelper: refreshTipWindow windowDragBounds:Rect(391, 48 - 914, 976)
11-19 05:34:07.222 1499 1638 W WindowManager: updateScale0.7996942
11-19 05:34:07.238 1499 1638 D FreeFormWindowHelper: refreshTipWindow windowDragBounds:Rect(435, 48 - 958, 976)
11-19 05:34:07.239 1499 1638 W WindowManager: updateScale0.7996942
11-19 05:34:07.272 1499 1638 D FreeFormWindowHelper: refreshTipWindow windowDragBounds:Rect(588, 42 - 1111, 970)
11-19 05:34:07.273 1499 1638 W WindowManager: updateScale0.7996942
11-19 05:34:07.288 1499 1638 D FreeFormWindowHelper: refreshTipWindow windowDragBounds:Rect(674, 40 - 1197, 968)
11-19 05:34:07.289 1499 1638 W WindowManager: updateScale0.7996942
11-19 05:34:07.322 1499 1638 D FreeFormWindowHelper: refreshTipWindow windowDragBounds:Rect(824, 28 - 1347, 956)
11-19 05:34:07.322 1499 1638 W WindowManager: updateScale0.7996942
11-19 05:34:07.339 1499 1638 D FreeFormWindowHelper: refreshTipWindow windowDragBounds:Rect(929, 27 - 1452, 955)
11-19 05:34:07.339 1499 1638 W WindowManager: updateScale0.7996942
11-19 05:34:07.355 1499 1638 D FreeFormWindowHelper: refreshTipWindow windowDragBounds:Rect(1013, 27 - 1536, 955)
11-19 05:34:07.356 1499 1638 W WindowManager: updateScale0.7996942
11-19 05:34:07.372 1499 1638 D FreeFormWindowHelper: refreshTipWindow windowDragBounds:Rect(1126, 34 - 1649, 962)
11-19 05:34:07.373 1499 1638 W WindowManager: updateScale0.7996942
11-19 05:34:07.389 1499 1638 D FreeFormWindowHelper: refreshTipWindow windowDragBounds:Rect(1220, 40 - 1743, 968)
11-19 05:34:07.389 1499 1638 W WindowManager: updateScale0.7996942
11-19 05:34:07.422 1499 1638 D FreeFormWindowHelper: refreshTipWindow windowDragBounds:Rect(1337, 48 - 1860, 976)
11-19 05:34:07.423 1499 1638 W WindowManager: updateScale0.7996942
11-19 05:34:07.439 1499 1638 D FreeFormWindowHelper: refreshTipWindow windowDragBounds:Rect(1398, 48 - 1921, 976)
11-19 05:34:07.440 1499 1638 W WindowManager: updateScale0.7996942
11-19 05:34:07.456 1499 1638 D FreeFormWindowHelper: refreshTipWindow windowDragBounds:Rect(1427, 48 - 1950, 976)
11-19 05:34:07.456 1499 1638 W WindowManager: updateScale0.7996942
11-19 05:34:07.472 1499 1638 D FreeFormWindowHelper: refreshTipWindow windowDragBounds:Rect(1460, 48 - 1983, 976)
11-19 05:34:07.473 1499 1638 W WindowManager: updateScale0.7996942
11-19 05:34:07.489 1499 1638 D FreeFormWindowHelper: refreshTipWindow windowDragBounds:Rect(1499, 51 - 2022, 979)
11-19 05:34:07.489 1499 1638 W WindowManager: updateScale0.7996942
11-19 05:34:07.505 1499 1638 D FreeFormWindowHelper: refreshTipWindow windowDragBounds:Rect(1541, 52 - 2064, 980)
11-19 05:34:07.506 1499 1638 W WindowManager: updateScale0.7996942
11-19 05:34:07.522 1499 1638 D FreeFormWindowHelper: refreshTipWindow windowDragBounds:Rect(1576, 55 - 2099, 983)
11-19 05:34:07.523 1499 1638 W WindowManager: updateScale0.7996942
11-19 05:34:07.539 1499 1638 D FreeFormWindowHelper: refreshTipWindow windowDragBounds:Rect(1636, 65 - 2159, 993)
11-19 05:34:07.539 1499 1638 W WindowManager: updateScale0.7996942
11-19 05:34:07.556 1499 1638 D FreeFormWindowHelper: refreshTipWindow windowDragBounds:Rect(1712, 72 - 2235, 1000)
11-19 05:34:07.556 1499 1638 W WindowManager: updateScale0.7996942
11-19 05:34:07.578 1499 1730 W WindowManager: updateScale0.7996942
11-19 05:34:07.589 1499 1638 D FreeFormWindowHelper: refreshTipWindow windowDragBounds:Rect(1791, 74 - 2314, 1002)
11-19 05:34:07.591 1499 1638 W WindowManager: updateScale0.7996942
11-19 05:34:07.606 1499 1730 W WindowManager: updateScale0.7996942
11-19 05:34:07.608 1499 1638 D FreeFormWindowHelper: refreshTipWindow windowDragBounds:Rect(1802, 74 - 2325, 1002)
11-19 05:34:07.609 1499 1638 W WindowManager: updateScale0.7996942
11-19 05:34:07.621 1499 1730 W WindowManager: updateScale0.7996942
11-19 05:34:07.623 1499 1638 D FreeFormWindowHelper: refreshTipWindow windowDragBounds:Rect(1803, 74 - 2326, 1002)
11-19 05:34:07.624 1499 1638 W WindowManager: updateScale0.7996942
11-19 05:34:07.639 1499 1638 D FreeFormWindowHelper: refreshTipWindow windowDragBounds:Rect(1806, 74 - 2329, 1002)
11-19 05:34:07.640 1499 1638 W WindowManager: updateScale0.7996942
11-19 05:34:07.642 1499 1730 W WindowManager: updateScale0.7996942
11-19 05:34:07.657 1499 1638 D FreeFormWindowHelper: refreshTipWindow windowDragBounds:Rect(1808, 74 - 2331, 1002)
11-19 05:34:07.657 1499 1638 W WindowManager: updateScale0.7996942
11-19 05:34:07.672 1499 1638 D FreeFormWindowHelper: refreshTipWindow windowDragBounds:Rect(1829, 74 - 2352, 1002)
11-19 05:34:07.673 1499 1638 W WindowManager: updateScale0.7996942
11-19 05:34:07.689 1499 1638 D FreeFormWindowHelper: refreshTipWindow windowDragBounds:Rect(1848, 74 - 2371, 1002)
11-19 05:34:07.690 1499 1638 W WindowManager: updateScale0.7996942
11-19 05:34:07.706 1499 1638 D FreeFormWindowHelper: refreshTipWindow windowDragBounds:Rect(1861, 74 - 2384, 1002)
11-19 05:34:07.707 1499 1638 W WindowManager: updateScale0.7996942
11-19 05:34:07.723 1499 1638 D FreeFormWindowHelper: refreshTipWindow windowDragBounds:Rect(1866, 74 - 2389, 1002)
11-19 05:34:07.723 1499 1638 W WindowManager: updateScale0.7996942
11-19 05:34:07.739 1499 1638 D FreeFormWindowHelper: refreshTipWindow windowDragBounds:Rect(1870, 74 - 2393, 1002)
11-19 05:34:07.740 1499 1638 W WindowManager: updateScale0.7996942
11-19 05:34:07.773 1499 1638 D FreeFormWindowHelper: refreshTipWindow windowDragBounds:Rect(1879, 74 - 2402, 1002)
11-19 05:34:07.774 1499 1638 W WindowManager: updateScale0.7996942
11-19 05:34:07.779 1499 1638 D WindowManager: updateWindowDragBounds: mIsSwipeYfalse
11-19 05:34:07.779 1499 1638 D WindowManager: updateWindowDragBounds: mIsTopfalse
11-19 05:34:07.779 1499 1638 D WindowManager: updateWindowDragBounds: mIsSwipeXfalse
11-19 05:34:07.779 1499 1638 W WindowManager: updateScale0.4617737
11-19 05:34:07.780 1499 1638 I wm_relaunch_resume_activity: [0,245023159,77,com.android.deskclock/.DeskClock]
11-19 05:34:07.781 1499 1638 W WindowManager: updateScale0.4617737
11-19 05:34:07.799 14465 14465 I wm_on_top_resumed_lost_called: [245023159,com.android.deskclock.DeskClock,pausing]
11-19 05:34:07.800 14465 14465 I wm_on_paused_called: [245023159,com.android.deskclock.DeskClock,performPause]
11-19 05:34:07.802 14465 14465 I wm_on_stop_called: [245023159,com.android.deskclock.DeskClock,handleRelaunchActivity]
11-19 05:34:07.808 14465 14465 I wm_on_destroy_called: [245023159,com.android.deskclock.DeskClock,performDestroy]
11-19 05:34:07.830 1499 1614 I ActivityTaskManager: START u0 {act=android.content.pm.action.REQUEST_PERMISSIONS pkg=com.android.permissioncontroller cmp=com.android.permissioncontroller/.permission.ui.GrantPermissionsActivity (has extras)} from uid 10063
11-19 05:34:07.832 1499 1614 I wm_task_moved: [77,1,6]
11-19 05:34:07.832 1499 1614 I wm_set_resumed_activity: [0,com.android.deskclock/.DeskClock,positionChildAt]
11-19 05:34:07.832 1499 1614 I wm_create_activity: [0,4372862,77,com.android.permissioncontroller/.permission.ui.GrantPermissionsActivity,android.content.pm.action.REQUEST_PERMISSIONS,NULL,NULL,8388608]
11-19 05:34:07.833 1499 1614 I wm_pause_activity: [0,245023159,com.android.deskclock/.DeskClock,userLeaving=true,resumeTopActivityInnerLocked]
11-19 05:34:07.834 1499 1614 W WindowManager: updateScale0.4617737
11-19 05:34:07.855 14465 14465 I wm_on_create_called: [245023159,com.android.deskclock.DeskClock,performCreate]
11-19 05:34:07.877 14465 14465 I wm_on_start_called: [245023159,com.android.deskclock.DeskClock,handleStartActivity]
11-19 05:34:07.878 14465 14465 I wm_on_resume_called: [245023159,com.android.deskclock.DeskClock,RESUME_ACTIVITY]
11-19 05:34:07.879 14465 14465 I wm_on_top_resumed_gained_called: [245023159,com.android.deskclock.DeskClock,topWhenResuming]
11-19 05:34:07.886 1499 1614 W WindowManager: updateScale0.4617737
11-19 05:34:07.887 1499 1614 W WindowManager: updateScale0.4617737
11-19 05:34:07.917 14465 14465 I wm_on_top_resumed_lost_called: [245023159,com.android.deskclock.DeskClock,topStateChangedWhenResumed]
11-19 05:34:07.918 14465 14465 I wm_on_paused_called: [245023159,com.android.deskclock.DeskClock,performPause]
11-19 05:34:07.918 1499 1614 I ActivityTaskManager: FOREGROUND_APPLICATION_CHANGED to com.android.permissioncontroller.permission.ui.GrantPermissionsActivity
11-19 05:34:07.918 1499 1614 I ActivityTaskManager: The Process com.android.permissioncontroller Already Exists in BG. So sending its PID: 14043
11-19 05:34:07.919 1499 1614 W ActivityTaskManager: Tried to set launchTime (0) < mLastActivityLaunchTime (15322199)
11-19 05:34:07.921 1499 1614 I wm_restart_activity: [0,4372862,77,com.android.permissioncontroller/.permission.ui.GrantPermissionsActivity]
11-19 05:34:07.924 1499 1614 I wm_set_resumed_activity: [0,com.android.permissioncontroller/.permission.ui.GrantPermissionsActivity,minimalResumeActivityLocked]
11-19 05:34:07.925 1499 1614 W WindowManager: updateScale0.4617737
11-19 05:34:07.929 1499 1614 W WindowManager: updateScale0.4617737
11-19 05:34:07.935 1499 1637 I sysui_multi_action: [757,803,799,window_time_2,802,5]
11-19 05:34:07.947 14043 14043 I wm_on_create_called: [4372862,com.android.permissioncontroller.permission.ui.GrantPermissionsActivity,performCreate]
11-19 05:34:07.947 7802 7838 W ContextImpl: Calling a method in the system process without a qualified user: android.app.ContextImpl.startService:1816 android.content.ContextWrapper.startService:774 com.thundercomm.gamemode.ingame.services.GameModeActionUtils.startGameModeService:93 com.thundercomm.gamemode.ingame.services.GameModeActionUtils.startGameModeEntry:21 com.thundercomm.gamemode.ingame.services.ActivityMonitoringService$1.onActivityLaunch:127
11-19 05:34:07.948 14043 14043 I wm_on_start_called: [4372862,com.android.permissioncontroller.permission.ui.GrantPermissionsActivity,handleStartActivity]
11-19 05:34:07.949 14043 14043 I wm_on_resume_called: [4372862,com.android.permissioncontroller.permission.ui.GrantPermissionsActivity,RESUME_ACTIVITY]
11-19 05:34:07.952 14043 14043 I wm_on_top_resumed_gained_called: [4372862,com.android.permissioncontroller.permission.ui.GrantPermissionsActivity,topStateChangedWhenResumed]
11-19 05:34:07.953 1499 1499 I GameModeConfig: Current uri is uri = content://com.thundercomm.gamemode.api/gamemode_settings/gamemode_isgaming
11-19 05:34:07.955 1499 1499 I GameModeConfig: isGameModeOn = false
11-19 05:34:07.956 1499 1499 I GameModeConfig: isGameModeOn = false
11-19 05:34:07.956 1499 1499 I GameModeConfig: isDisableVoice = true
11-19 05:34:07.960 1499 5048 W WindowManager: updateScale0.4617737
11-19 05:34:07.960 1499 5048 W WindowManager: updateScale0.4617737
11-19 05:34:07.963 1499 1644 I am_pss : [14465,10063,com.android.deskclock,80964608,74887168,0,204894208,0,2,10]
11-19 05:34:07.965 1499 1638 I input_focus: [Focus request 2a32665 com.android.permissioncontroller/com.android.permissioncontroller.permission.ui.GrantPermissionsActivity,reason=UpdateInputWindows]
11-19 05:34:07.966 1499 1638 W WindowManager: updateScale0.4617737
11-19 05:34:07.966 1499 1638 W WindowManager: updateScale0.4617737
11-19 05:34:07.969 1499 1638 W WindowManager: updateScale0.4617737
11-19 05:34:07.969 1499 1638 W WindowManager: updateScale0.4617737
11-19 05:34:07.972 1499 5048 I wm_finish_activity: [0,4372862,77,com.android.permissioncontroller/.permission.ui.GrantPermissionsActivity,app-request]
11-19 05:34:07.974 1499 1831 I input_focus: [Focus leaving a555b08 com.android.deskclock/com.android.deskclock.DeskClock (server),reason=setFocusedWindow]
11-19 05:34:07.974 1499 1831 I input_focus: [Focus entering 2a32665 com.android.permissioncontroller/com.android.permissioncontroller.permission.ui.GrantPermissionsActivity (server),reason=setFocusedWindow]
11-19 05:34:07.977 1499 1634 I sysui_multi_action: [319,138,322,137,325,15327,757,761,758,8,759,2,806,com.android.permissioncontroller,871,com.android.permissioncontroller.permission.ui.GrantPermissionsActivity,904,com.android.deskclock,905,0,1320,8,1321,5]
11-19 05:34:07.980 1499 1634 I wm_activity_launch_time: [0,4372862,com.android.permissioncontroller/.permission.ui.GrantPermissionsActivity,137]
11-19 05:34:07.991 1499 5048 I wm_pause_activity: [0,4372862,com.android.permissioncontroller/.permission.ui.GrantPermissionsActivity,userLeaving=false,finish]
11-19 05:34:07.993 14043 14043 I wm_on_top_resumed_lost_called: [4372862,com.android.permissioncontroller.permission.ui.GrantPermissionsActivity,topStateChangedWhenResumed]
11-19 05:34:07.994 14043 14043 I wm_on_paused_called: [4372862,com.android.permissioncontroller.permission.ui.GrantPermissionsActivity,performPause]
11-19 05:34:07.999 1499 1730 I ActivityTaskManager: FOREGROUND_APPLICATION_CHANGED to com.android.deskclock.DeskClock
11-19 05:34:08.000 1499 1730 I wm_set_resumed_activity: [0,com.android.deskclock/.DeskClock,resumeTopActivityInnerLocked]
11-19 05:34:08.001 1499 1730 I wm_resume_activity: [0,245023159,77,com.android.deskclock/.DeskClock]
11-19 05:34:08.006 14465 14465 I wm_on_activity_result_called: [245023159,com.android.deskclock.DeskClock,ACTIVITY_RESULT]
11-19 05:34:08.007 14465 14465 I wm_on_resume_called: [245023159,com.android.deskclock.DeskClock,RESUME_ACTIVITY]
11-19 05:34:08.008 1499 1831 I input_focus: [Focus leaving 2a32665 com.android.permissioncontroller/com.android.permissioncontroller.permission.ui.GrantPermissionsActivity (server),reason=NO_WINDOW]
11-19 05:34:08.009 14465 14465 I wm_on_top_resumed_gained_called: [245023159,com.android.deskclock.DeskClock,topWhenResuming]
11-19 05:34:08.017 1499 1730 W WindowManager: updateScale0.4617737
11-19 05:34:08.021 1499 1638 I input_focus: [Focus request a555b08 com.android.deskclock/com.android.deskclock.DeskClock,reason=UpdateInputWindows]
11-19 05:34:08.023 1499 1614 W WindowManager: updateScale0.4617737
11-19 05:34:08.024 1499 1637 I sysui_multi_action: [757,803,799,window_time_2,802,0]
11-19 05:34:08.031 1499 1730 I wm_destroy_activity: [0,4372862,77,com.android.permissioncontroller/.permission.ui.GrantPermissionsActivity,finish-idle]
11-19 05:34:08.036 14043 14043 I wm_on_stop_called: [4372862,com.android.permissioncontroller.permission.ui.GrantPermissionsActivity,LIFECYCLER_STOP_ACTIVITY]
11-19 05:34:08.038 14043 14043 I wm_on_destroy_called: [4372862,com.android.permissioncontroller.permission.ui.GrantPermissionsActivity,performDestroy]
11-19 05:34:08.040 1499 1831 I input_focus: [Focus entering a555b08 com.android.deskclock/com.android.deskclock.DeskClock (server),reason=setFocusedWindow]
11-19 05:34:08.040 1499 1730 W WindowManager: updateScale0.4617737
11-19 05:34:08.044 7802 7838 W ContextImpl: Calling a method in the system process without a qualified user: android.app.ContextImpl.startService:1816 android.content.ContextWrapper.startService:774 com.thundercomm.gamemode.ingame.services.GameModeActionUtils.startGameModeService:93 com.thundercomm.gamemode.ingame.services.GameModeActionUtils.startGameModeEntry:21 com.thundercomm.gamemode.ingame.services.ActivityMonitoringService$1.onActivityLaunch:127
11-19 05:34:08.064 1499 1499 I GameModeConfig: Current uri is uri = content://com.thundercomm.gamemode.api/gamemode_settings/gamemode_isgaming
11-19 05:34:08.067 1499 1499 I GameModeConfig: isGameModeOn = false
11-19 05:34:08.068 1499 1499 I GameModeConfig: isGameModeOn = false
11-19 05:34:08.068 1499 1499 I GameModeConfig: isDisableVoice = true
11-19 05:34:08.111 7802 7838 W ContextImpl: Calling a method in the system process without a qualified user: android.app.ContextImpl.startService:1816 android.content.ContextWrapper.startService:774 com.thundercomm.gamemode.ingame.services.GameModeActionUtils.startGameModeService:93 com.thundercomm.gamemode.ingame.services.GameModeActionUtils.startGameModeEntry:21 com.thundercomm.gamemode.ingame.services.ActivityMonitoringService$1.onActivityLaunch:127
11-19 05:34:08.114 1499 1499 I GameModeConfig: Current uri is uri = content://com.thundercomm.gamemode.api/gamemode_settings/gamemode_isgaming
11-19 05:34:08.116 1499 1499 I GameModeConfig: isGameModeOn = false
11-19 05:34:08.117 1499 1499 I GameModeConfig: isGameModeOn = false
11-19 05:34:08.117 1499 1499 I GameModeConfig: isDisableVoice = true
11-19 05:34:08.131 0 0 I auditd : type=1400 audit(0.0:13556): avc: denied { kill } for comm="swapper/0" capability=5 scontext=u:r:kernel:s0 tcontext=u:r:kernel:s0 tclass=capability permissive=0
11-19 05:34:08.208 1499 1638 W WindowManager: updateScale0.4617737
11-19 05:34:08.222 1499 1638 W WindowManager: updateScale0.4617737
11-19 05:34:08.276 1499 1638 W WindowManager: updateScale0.4617737
11-19 05:34:08.848 1499 1831 I input_interaction: Interaction with: a555b08 com.android.deskclock/com.android.deskclock.DeskClock (server), edge-swipe (server), swipe-up (server), PointerEventDispatcher0 (server),
11-19 05:34:08.967 1499 1499 I service_manager_stats: [100,105,34339]
11-19 05:34:09.131 0 0 I auditd : type=1400 audit(0.0:13557): avc: denied { kill } for comm="swapper/0" capability=5 scontext=u:r:kernel:s0 tcontext=u:r:kernel:s0 tclass=capability permissive=0
11-19 05:34:09.218 1499 5048 W WindowManager: updateScale0.7996942
11-19 05:34:09.220 1499 5048 I wm_relaunch_resume_activity: [0,245023159,77,com.android.deskclock/.DeskClock]
11-19 05:34:09.222 1499 5048 W WindowManager: updateScale0.7996942
11-19 05:34:09.239 14465 14465 I wm_on_top_resumed_lost_called: [245023159,com.android.deskclock.DeskClock,pausing]
11-19 05:34:09.242 14465 14465 I wm_on_paused_called: [245023159,com.android.deskclock.DeskClock,performPause]
11-19 05:34:09.245 14465 14465 I wm_on_stop_called: [245023159,com.android.deskclock.DeskClock,handleRelaunchActivity]
11-19 05:34:09.256 14465 14465 I wm_on_destroy_called: [245023159,com.android.deskclock.DeskClock,performDestroy]
11-19 05:34:09.283 1499 5048 I ActivityTaskManager: START u0 {act=android.content.pm.action.REQUEST_PERMISSIONS pkg=com.android.permissioncontroller cmp=com.android.permissioncontroller/.permission.ui.GrantPermissionsActivity (has extras)} from uid 10063
11-19 05:34:09.285 1499 5048 I wm_task_moved: [77,1,6]
11-19 05:34:09.285 1499 5048 I wm_set_resumed_activity: [0,com.android.deskclock/.DeskClock,positionChildAt]
11-19 05:34:09.285 1499 5048 I wm_create_activity: [0,181208387,77,com.android.permissioncontroller/.permission.ui.GrantPermissionsActivity,android.content.pm.action.REQUEST_PERMISSIONS,NULL,NULL,8388608]
11-19 05:34:09.286 1499 5048 I wm_pause_activity: [0,245023159,com.android.deskclock/.DeskClock,userLeaving=true,resumeTopActivityInnerLocked]
11-19 05:34:09.287 1499 5048 W WindowManager: updateScale0.7996942
11-19 05:34:09.300 14465 14465 I wm_on_create_called: [245023159,com.android.deskclock.DeskClock,performCreate]
11-19 05:34:09.324 14465 14465 I wm_on_start_called: [245023159,com.android.deskclock.DeskClock,handleStartActivity]
11-19 05:34:09.326 14465 14465 I wm_on_resume_called: [245023159,com.android.deskclock.DeskClock,RESUME_ACTIVITY]
11-19 05:34:09.327 14465 14465 I wm_on_top_resumed_gained_called: [245023159,com.android.deskclock.DeskClock,topWhenResuming]
11-19 05:34:09.334 1499 5048 W WindowManager: updateScale0.7996942
11-19 05:34:09.336 1499 5048 W WindowManager: updateScale0.7996942
11-19 05:34:09.365 14465 14465 I wm_on_top_resumed_lost_called: [245023159,com.android.deskclock.DeskClock,topStateChangedWhenResumed]
11-19 05:34:09.365 14465 14465 I wm_on_paused_called: [245023159,com.android.deskclock.DeskClock,performPause]
