11-19 05:33:43.477 13960 13960 I wm_on_resume_called: [36279720,com.android.gallery3d.app.GalleryActivity,RESUME_ACTIVITY]
11-19 05:33:43.477 13960 13960 I wm_on_top_resumed_gained_called: [36279720,com.android.gallery3d.app.GalleryActivity,topWhenResuming]
11-19 05:33:43.480 1499 8632 W WindowManager: updateScale0.4617737
11-19 05:33:43.482 1499 8632 W WindowManager: updateScale0.4617737
11-19 05:33:43.485 1499 8632 W WindowManager: updateScale0.4617737
11-19 05:33:43.487 1499 1729 I NotificationService: cancelToast pkg=com.android.gallery3d token=android.os.BinderProxy@236c147
11-19 05:33:43.488 1499 1729 W WindowManager: removeWindowToken: Attempted to remove non-existing token: android.os.Binder@ba089d6
11-19 05:33:43.492 1499 8632 W WindowManager: updateScale0.4617737
11-19 05:33:43.511 1499 8632 I WindowManager: finishDrawing of relaunch: Window{432d716 u0 com.android.gallery3d/com.android.gallery3d.app.GalleryActivity} 84ms
11-19 05:33:43.545 1499 8632 W WindowManager: updateScale0.4617737
11-19 05:33:43.554 1499 1638 W WindowManager: updateScale0.4617737
11-19 05:33:44.005 1499 1638 W WindowManager: updateScale0.4617737
11-19 05:33:44.131 0 0 I auditd : type=1400 audit(0.0:13535): avc: denied { kill } for comm="swapper/0" capability=5 scontext=u:r:kernel:s0 tcontext=u:r:kernel:s0 tclass=capability permissive=0
11-19 05:33:44.603 1499 1831 I input_interaction: Interaction with: 632f7bf com.android.launcher3/com.android.launcher3.uioverrides.QuickstepLauncher (server), a1d9774 com.android.systemui.ImageWallpaper (server), edge-swipe (server), swipe-up (server), PointerEventDispatcher0 (server),
11-19 05:33:44.639 1499 1637 W WindowManager: Unable to start animation, surface is null or no children.
11-19 05:33:44.641 1499 1637 W WindowManager: updateScale0.4617737
11-19 05:33:44.720 1499 1499 I service_manager_slow: [13,phone]
11-19 05:33:44.732 1499 8632 I ActivityTaskManager: START u0 {act=android.intent.action.MAIN cat=[android.intent.category.LAUNCHER] flg=0x10200000 cmp=com.android.music/.VideoBrowserActivity bnds=[2233,540][2408,723]} from uid 10078
11-19 05:33:44.739 1499 8632 I wm_task_created: [76,-1]
11-19 05:33:44.739 1499 8632 W ActivityTaskManager: Can't find TaskDisplayArea to determine support for multi window. Task id=76 attached=false
11-19 05:33:44.749 1499 8632 I wm_task_moved: [76,1,7]
11-19 05:33:44.749 1499 8632 I wm_task_to_front: [0,76]
11-19 05:33:44.750 1499 8632 I wm_create_task: [0,76]
11-19 05:33:44.750 1499 8632 I wm_create_activity: [0,259867842,76,com.android.music/.VideoBrowserActivity,android.intent.action.MAIN,NULL,NULL,270532608]
11-19 05:33:44.750 1499 8632 I wm_task_moved: [76,1,7]
11-19 05:33:44.750 13960 13960 I wm_on_top_resumed_lost_called: [36279720,com.android.gallery3d.app.GalleryActivity,topStateChangedWhenResumed]
11-19 05:33:44.755 1499 8632 I wm_pause_activity: [0,19758722,com.android.launcher3/.uioverrides.QuickstepLauncher,userLeaving=true,pauseBackTasks]
11-19 05:33:44.757 1499 8632 W WindowManager: updateScale0.4617737
11-19 05:33:44.769 2802 2802 I wm_on_paused_called: [19758722,com.android.launcher3.uioverrides.QuickstepLauncher,performPause]
11-19 05:33:44.770 1499 1729 I ActivityTaskManager: FOREGROUND_APPLICATION_CHANGED to com.android.music.VideoBrowserActivity
11-19 05:33:44.771 1499 1729 I ActivityTaskManager: The Process com.android.music Already Exists in BG. So sending its PID: 13467
11-19 05:33:44.771 1499 1729 W ActivityTaskManager: Tried to set launchTime (0) < mLastActivityLaunchTime (14215765)
11-19 05:33:44.771 1499 1729 I wm_add_to_stopping: [0,19758722,com.android.launcher3/.uioverrides.QuickstepLauncher,makeInvisible]
11-19 05:33:44.772 1499 1729 I wm_restart_activity: [0,259867842,76,com.android.music/.VideoBrowserActivity]
11-19 05:33:44.775 1499 1729 I wm_set_resumed_activity: [0,com.android.music/.VideoBrowserActivity,minimalResumeActivityLocked]
11-19 05:33:44.775 1499 1729 W WindowManager: updateScale0.4617737
11-19 05:33:44.785 1499 1637 I am_uid_active: 10090
11-19 05:33:44.797 1499 8632 W WindowManager: updateScale0.4617737
11-19 05:33:44.799 1499 1637 I sysui_multi_action: [757,803,799,window_time_0,802,10]
11-19 05:33:44.806 7802 7838 W ContextImpl: Calling a method in the system process without a qualified user: android.app.ContextImpl.startService:1816 android.content.ContextWrapper.startService:774 com.thundercomm.gamemode.ingame.services.GameModeActionUtils.startGameModeService:93 com.thundercomm.gamemode.ingame.services.GameModeActionUtils.startGameModeEntry:21 com.thundercomm.gamemode.ingame.services.ActivityMonitoringService$1.onActivityLaunch:127
11-19 05:33:44.813 13467 13467 I wm_on_create_called: [259867842,com.android.music.VideoBrowserActivity,performCreate]
11-19 05:33:44.813 13467 13467 I wm_on_start_called: [259867842,com.android.music.VideoBrowserActivity,handleStartActivity]
11-19 05:33:44.814 13467 13467 I wm_on_resume_called: [259867842,com.android.music.VideoBrowserActivity,RESUME_ACTIVITY]
11-19 05:33:44.815 1499 1638 W WindowManager: updateScale0.4617737
11-19 05:33:44.818 1499 1638 W WindowManager: updateScale0.4617737
11-19 05:33:44.820 1499 1499 I GameModeConfig: Current uri is uri = content://com.thundercomm.gamemode.api/gamemode_settings/gamemode_isgaming
11-19 05:33:44.822 13467 13467 I wm_on_top_resumed_gained_called: [259867842,com.android.music.VideoBrowserActivity,topStateChangedWhenResumed]
11-19 05:33:44.824 1499 1729 W WindowManager: updateScale0.4617737
11-19 05:33:44.826 1499 1638 I input_focus: [Focus request 1a38441 com.android.music/com.android.music.VideoBrowserActivity,reason=UpdateInputWindows]
11-19 05:33:44.827 1499 1499 I GameModeConfig: isGameModeOn = false
11-19 05:33:44.827 1499 1499 I GameModeConfig: isGameModeOn = false
11-19 05:33:44.827 1499 1499 I GameModeConfig: isDisableVoice = true
11-19 05:33:44.829 1499 1638 W WindowManager: updateScale0.4617737
11-19 05:33:44.830 1499 1638 W WindowManager: updateScale0.4617737
11-19 05:33:44.834 1499 1634 I sysui_multi_action: [319,86,321,83,322,99,325,15304,757,761,758,8,759,1,806,com.android.music,871,com.android.music.VideoBrowserActivity,904,com.android.launcher3,905,0,1320,4,1321,1]
11-19 05:33:44.835 1499 1831 I input_focus: [Focus leaving 432d716 com.android.gallery3d/com.android.gallery3d.app.GalleryActivity (server),reason=Waiting for window because NOT_VISIBLE]
11-19 05:33:44.837 1499 1634 I wm_activity_launch_time: [0,259867842,com.android.music/.VideoBrowserActivity,99]
11-19 05:33:44.855 1499 1831 I input_focus: [Focus entering 1a38441 com.android.music/com.android.music.VideoBrowserActivity (server),reason=Window became focusable. Previous reason: NOT_VISIBLE]
11-19 05:33:44.882 7802 7838 W ContextImpl: Calling a method in the system process without a qualified user: android.app.ContextImpl.startService:1816 android.content.ContextWrapper.startService:774 com.thundercomm.gamemode.ingame.services.GameModeActionUtils.startGameModeService:93 com.thundercomm.gamemode.ingame.services.GameModeActionUtils.startGameModeEntry:21 com.thundercomm.gamemode.ingame.services.ActivityMonitoringService$1.onActivityLaunch:127
11-19 05:33:44.888 1499 1499 I GameModeConfig: Current uri is uri = content://com.thundercomm.gamemode.api/gamemode_settings/gamemode_isgaming
11-19 05:33:44.893 1499 1499 I GameModeConfig: isGameModeOn = false
11-19 05:33:44.893 1499 1499 I GameModeConfig: isGameModeOn = false
11-19 05:33:44.893 1499 1499 I GameModeConfig: isDisableVoice = true
11-19 05:33:45.253 1499 1729 W WindowManager: updateScale0.4617737
11-19 05:33:45.259 1499 1730 W WindowManager: updateScale0.4617737
11-19 05:33:45.379 1499 1637 W WindowManager: Unable to start animation, surface is null or no children.
11-19 05:33:45.379 1499 1637 W WindowManager: updateScale0.4617737
11-19 05:33:45.385 1499 1637 I wm_stop_activity: [0,19758722,com.android.launcher3/.uioverrides.QuickstepLauncher]
11-19 05:33:45.386 1499 1638 W WindowManager: updateScale0.4617737
11-19 05:33:45.390 1499 1638 W WindowManager: updateScale0.4617737
11-19 05:33:45.421 1499 1638 W WindowManager: updateScale0.4617737
11-19 05:33:45.422 1499 1638 W WindowManager: updateScale0.4617737
11-19 05:33:45.426 1499 8632 W WindowManager: updateScale0.4617737
11-19 05:33:45.432 2802 2802 I wm_on_stop_called: [19758722,com.android.launcher3.uioverrides.QuickstepLauncher,STOP_ACTIVITY_ITEM]
11-19 05:33:45.437 1499 1638 W WindowManager: updateScale0.4617737
11-19 05:33:45.445 7802 7838 W ContextImpl: Calling a method in the system process without a qualified user: android.app.ContextImpl.startService:1816 android.content.ContextWrapper.startService:774 com.thundercomm.gamemode.ingame.services.GameModeActionUtils.startGameModeService:93 com.thundercomm.gamemode.ingame.services.GameModeActionUtils.startGameModeEntry:21 com.thundercomm.gamemode.ingame.services.ActivityMonitoringService$1.onActivityLaunch:127
11-19 05:33:45.448 1499 1499 I GameModeConfig: Current uri is uri = content://com.thundercomm.gamemode.api/gamemode_settings/gamemode_isgaming
11-19 05:33:45.450 1499 1499 I GameModeConfig: isGameModeOn = false
11-19 05:33:45.450 1499 1499 I GameModeConfig: isGameModeOn = false
11-19 05:33:45.450 1499 1499 I GameModeConfig: isDisableVoice = true
11-19 05:33:46.131 354 354 I auditd : type=1400 audit(0.0:13536): avc: denied { kill } for comm="irq/382-atmel_m" capability=5 scontext=u:r:kernel:s0 tcontext=u:r:kernel:s0 tclass=capability permissive=0
11-19 05:33:46.138 1499 1831 I input_interaction: Interaction with: 1a38441 com.android.music/com.android.music.VideoBrowserActivity (server), edge-swipe (server), swipe-up (server), PointerEventDispatcher0 (server),
11-19 05:33:46.166 1499 8632 I wm_task_moved: [1,0,0]
11-19 05:33:46.167 1499 8632 I wm_task_moved: [1,0,6]
11-19 05:33:46.178 1499 8632 W WindowManager: updateScale0.4617737
11-19 05:33:46.187 1499 1730 W WindowManager: updateScale0.4617737
11-19 05:33:46.190 2802 2802 I wm_on_restart_called: [19758722,com.android.launcher3.uioverrides.QuickstepLauncher,performRestartActivity]
11-19 05:33:46.192 1499 8632 I wm_finish_activity: [0,36279720,75,com.android.gallery3d/.app.GalleryActivity,app-request]
11-19 05:33:46.206 1499 8632 I wm_pause_activity: [0,36279720,com.android.gallery3d/.app.GalleryActivity,userLeaving=false,finish]
11-19 05:33:46.212 13960 13960 I wm_on_paused_called: [36279720,com.android.gallery3d.app.GalleryActivity,performPause]
11-19 05:33:46.215 1499 8632 I wm_destroy_activity: [0,36279720,75,com.android.gallery3d/.app.GalleryActivity,finish-imm:completePausedLocked]
11-19 05:33:46.223 7802 7838 W ContextImpl: Calling a method in the system process without a qualified user: android.app.ContextImpl.startService:1816 android.content.ContextWrapper.startService:774 com.thundercomm.gamemode.ingame.services.GameModeActionUtils.startGameModeService:93 com.thundercomm.gamemode.ingame.services.GameModeActionUtils.startGameModeEntry:21 com.thundercomm.gamemode.ingame.services.ActivityMonitoringService$1.onActivityLaunch:127
11-19 05:33:46.231 1499 1637 I sysui_multi_action: [757,803,799,window_time_0,802,1]
11-19 05:33:46.232 1499 1499 I GameModeConfig: Current uri is uri = content://com.thundercomm.gamemode.api/gamemode_settings/gamemode_isgaming
11-19 05:33:46.234 1499 1499 I GameModeConfig: isGameModeOn = false
11-19 05:33:46.234 1499 1499 I GameModeConfig: isGameModeOn = false
11-19 05:33:46.234 1499 1499 I GameModeConfig: isDisableVoice = true
11-19 05:33:46.237 2802 2802 I wm_on_start_called: [19758722,com.android.launcher3.uioverrides.QuickstepLauncher,handleStartActivity]
11-19 05:33:46.241 1499 5048 I NotificationService: cancelToast pkg=com.android.gallery3d token=android.os.BinderProxy@c943721
11-19 05:33:46.246 1499 5048 W WindowManager: removeWindowToken: Attempted to remove non-existing token: android.os.Binder@984129d
11-19 05:33:46.256 13960 13960 I wm_on_stop_called: [36279720,com.android.gallery3d.app.GalleryActivity,LIFECYCLER_STOP_ACTIVITY]
11-19 05:33:46.257 13467 13467 I view_enqueue_input_event: [Motion - Cancel,com.android.music/com.android.music.VideoBrowserActivity]
11-19 05:33:46.258 2802 2802 I sysui_latency: [1,112]
11-19 05:33:46.263 1499 1634 I sysui_multi_action: [319,18,322,94,325,15305,757,761,758,9,759,5,806,com.android.launcher3,871,com.android.launcher3.uioverrides.QuickstepLauncher,905,0,1320,8,1321,5]
11-19 05:33:46.264 1499 1831 I input_interaction: Interaction with: edge-swipe (server), swipe-up (server), PointerEventDispatcher0 (server),
11-19 05:33:46.267 7802 7838 W ContextImpl: Calling a method in the system process without a qualified user: android.app.ContextImpl.startService:1816 android.content.ContextWrapper.startService:774 com.thundercomm.gamemode.ingame.services.GameModeActionUtils.startGameModeService:93 com.thundercomm.gamemode.ingame.services.GameModeActionUtils.startGameModeEntry:21 com.thundercomm.gamemode.ingame.services.ActivityMonitoringService$1.onActivityLaunch:127
11-19 05:33:46.272 13960 13960 I wm_on_destroy_called: [36279720,com.android.gallery3d.app.GalleryActivity,performDestroy]
11-19 05:33:46.274 1499 1638 I input_focus: [Focus request recents_animation_input_consumer,reason=UpdateInputWindows]
11-19 05:33:46.275 1499 1499 I GameModeConfig: Current uri is uri = content://com.thundercomm.gamemode.api/gamemode_settings/gamemode_isgaming
11-19 05:33:46.277 1499 1499 I GameModeConfig: isGameModeOn = false
11-19 05:33:46.278 1499 1499 I GameModeConfig: isGameModeOn = false
11-19 05:33:46.278 1499 1499 I GameModeConfig: isDisableVoice = true
11-19 05:33:46.288 1499 5048 I wm_task_removed: [75,removeChild:removeChild last r=ActivityRecord{22995a8 u0 com.android.gallery3d/.app.GalleryActivity t-1 f}} in t=Task{216ed45 #75 type=standard A=10066:com.android.gallery3d U=0 visible=false mode=freeform translucent=true sz=0}]
11-19 05:33:46.288 1499 5048 I wm_task_removed: [75,removeChild]
11-19 05:33:46.289 1499 5048 D FreeFormWindowHelper: Remove freefrom task=Task{216ed45 #75 type=standard A=10066:com.android.gallery3d U=0 visible=false mode=freeform translucent=true sz=0}
11-19 05:33:46.304 1499 1831 I input_focus: [Focus leaving 1a38441 com.android.music/com.android.music.VideoBrowserActivity (server),reason=NOT_FOCUSABLE]
11-19 05:33:46.305 1499 1831 I input_focus: [Focus entering recents_animation_input_consumer (server),reason=setFocusedWindow]
11-19 05:33:46.324 7802 7838 W ContextImpl: Calling a method in the system process without a qualified user: android.app.ContextImpl.startService:1816 android.content.ContextWrapper.startService:774 com.thundercomm.gamemode.ingame.services.GameModeActionUtils.startGameModeService:93 com.thundercomm.gamemode.ingame.services.GameModeActionUtils.startGameModeEntry:21 com.thundercomm.gamemode.ingame.services.ActivityMonitoringService$1.onActivityLaunch:127
11-19 05:33:46.327 1499 1499 I GameModeConfig: Current uri is uri = content://com.thundercomm.gamemode.api/gamemode_settings/gamemode_isgaming
11-19 05:33:46.330 1499 1499 I GameModeConfig: isGameModeOn = false
11-19 05:33:46.330 1499 1499 I GameModeConfig: isGameModeOn = false
11-19 05:33:46.330 1499 1499 I GameModeConfig: isDisableVoice = true
11-19 05:33:46.443 1499 1759 I commit_sys_config_file: [settings-1-0,8]
11-19 05:33:46.562 1499 1644 I sysui_latency: [8,116]
11-19 05:33:47.131 0 0 I auditd : type=1400 audit(0.0:13537): avc: denied { kill } for comm="swapper/0" capability=5 scontext=u:r:kernel:s0 tcontext=u:r:kernel:s0 tclass=capability permissive=0
11-19 05:33:47.177 1499 1759 I commit_sys_config_file: [settings-1-0,6]
11-19 05:33:47.538 1499 1637 W WindowManager: Unable to start animation, surface is null or no children.
11-19 05:33:47.951 1499 1831 I input_interaction: Interaction with: 632f7bf com.android.launcher3/com.android.launcher3.uioverrides.QuickstepLauncher (server), edge-swipe (server), swipe-up (server), PointerEventDispatcher0 (server),
11-19 05:33:48.070 1499 1730 D FreeFormWindowHelper: Add freeform task=Task{4a2aa1a #76 type=standard A=10090:android.task.video U=0 visible=true mode=freeform translucent=false sz=1}
11-19 05:33:48.072 1499 1730 I wm_task_moved: [1,1,6]
11-19 05:33:48.073 1499 1730 I wm_focused_root_task: [0,0,1,76,startActivityFromRecents]
11-19 05:33:48.073 13467 13467 I wm_on_top_resumed_lost_called: [259867842,com.android.music.VideoBrowserActivity,topStateChangedWhenResumed]
11-19 05:33:48.074 1499 1730 I wm_task_moved: [76,1,6]
11-19 05:33:48.074 1499 1730 I wm_set_resumed_activity: [0,com.android.music/.VideoBrowserActivity,positionChildAt]
11-19 05:33:48.075 1499 1730 I wm_focused_root_task: [0,0,76,1,moveTaskToFront findTaskToMoveToFront]
11-19 05:33:48.075 1499 1730 I wm_set_resumed_activity: [0,com.android.music/.VideoBrowserActivity,moveTaskToFront findTaskToMoveToFront]
11-19 05:33:48.076 1499 1730 W WindowManager: updateScale0.7996942
11-19 05:33:48.082 1499 1637 I wm_relaunch_resume_activity: [0,259867842,76,com.android.music/.VideoBrowserActivity]
11-19 05:33:48.118 13467 13467 I wm_on_paused_called: [259867842,com.android.music.VideoBrowserActivity,performPause]
11-19 05:33:48.118 13467 13467 I wm_on_stop_called: [259867842,com.android.music.VideoBrowserActivity,handleRelaunchActivity]
11-19 05:33:48.119 1499 1614 W WindowManager: Attempted to set replacing window on app token with no content Token{4c8a37 ActivityRecord{f7d44c2 u0 com.android.music/.VideoBrowserActivity t76}}
11-19 05:33:48.121 13467 13467 I wm_on_destroy_called: [259867842,com.android.music.VideoBrowserActivity,performDestroy]
11-19 05:33:48.131 0 0 I auditd : type=1400 audit(0.0:13538): avc: denied { kill } for comm="swapper/0" capability=5 scontext=u:r:kernel:s0 tcontext=u:r:kernel:s0 tclass=capability permissive=0
11-19 05:33:48.137 13467 13467 I wm_on_create_called: [259867842,com.android.music.VideoBrowserActivity,performCreate]
11-19 05:33:48.138 13467 13467 I wm_on_start_called: [259867842,com.android.music.VideoBrowserActivity,handleStartActivity]
11-19 05:33:48.140 13467 13467 I wm_on_resume_called: [259867842,com.android.music.VideoBrowserActivity,RESUME_ACTIVITY]
11-19 05:33:48.140 13467 13467 I wm_on_top_resumed_gained_called: [259867842,com.android.music.VideoBrowserActivity,topStateChangedWhenResumed]
11-19 05:33:48.143 1499 1730 W WindowManager: updateScale0.7996942
11-19 05:33:48.158 1499 5048 W WindowManager: updateScale0.7996942
11-19 05:33:48.158 1499 5048 W WindowManager: updateScale0.7996942
11-19 05:33:48.164 1499 5048 I WindowManager: finishDrawing of relaunch: Window{1a38441 u0 com.android.music/com.android.music.VideoBrowserActivity} 81ms
11-19 05:33:48.164 1499 1638 W WindowManager: updateScale0.7996942
11-19 05:33:48.165 1499 1638 W WindowManager: updateScale0.7996942
11-19 05:33:48.273 1499 3791 E TaskPersister: File error accessing recents directory (directory doesn't exist?).
11-19 05:33:48.519 1499 5048 I wm_task_moved: [1,1,6]
11-19 05:33:48.520 1499 5048 I wm_task_moved: [10,1,2147483647]
11-19 05:33:48.520 1499 5048 I wm_task_to_front: [0,10]
11-19 05:33:48.520 1499 5048 I wm_focused_root_task: [0,0,1,76,RecentsAnimation.onAnimationFinished()]
11-19 05:33:48.521 13467 13467 I wm_on_top_resumed_lost_called: [259867842,com.android.music.VideoBrowserActivity,topStateChangedWhenResumed]
11-19 05:33:48.521 1499 5048 I wm_set_resumed_activity: [0,com.android.launcher3/.uioverrides.QuickstepLauncher,RecentsAnimation.onAnimationFinished()]
11-19 05:33:48.521 1499 5048 I ActivityTaskManager: FOREGROUND_APPLICATION_CHANGED to com.android.launcher3.uioverrides.QuickstepLauncher
11-19 05:33:48.522 1499 5048 I wm_set_resumed_activity: [0,com.android.launcher3/.uioverrides.QuickstepLauncher,resumeTopActivityInnerLocked]
11-19 05:33:48.524 1499 5048 I wm_resume_activity: [0,19758722,10,com.android.launcher3/.uioverrides.QuickstepLauncher]
11-19 05:33:48.526 1499 5048 W WindowManager: updateScale0.7996942
11-19 05:33:48.530 1499 5048 W WindowManager: updateScale0.7996942
11-19 05:33:48.534 1499 1637 I sysui_multi_action: [757,803,799,window_time_0,802,2]
11-19 05:33:48.541 1499 1638 I input_focus: [Focus request 632f7bf com.android.launcher3/com.android.launcher3.uioverrides.QuickstepLauncher,reason=UpdateInputWindows]
11-19 05:33:48.546 2802 2802 I wm_on_resume_called: [19758722,com.android.launcher3.uioverrides.QuickstepLauncher,RESUME_ACTIVITY]
11-19 05:33:48.546 2802 2802 I wm_on_top_resumed_gained_called: [19758722,com.android.launcher3.uioverrides.QuickstepLauncher,topStateChangedWhenResumed]
11-19 05:33:48.560 1499 1831 I input_focus: [Focus leaving recents_animation_input_consumer (server),reason=NOT_VISIBLE]
11-19 05:33:48.560 1499 1831 I input_focus: [Focus entering 632f7bf com.android.launcher3/com.android.launcher3.uioverrides.QuickstepLauncher (server),reason=setFocusedWindow]
11-19 05:33:48.639 7802 7838 W ContextImpl: Calling a method in the system process without a qualified user: android.app.ContextImpl.startService:1816 android.content.ContextWrapper.startService:774 com.thundercomm.gamemode.ingame.services.GameModeActionUtils.startGameModeService:93 com.thundercomm.gamemode.ingame.services.GameModeActionUtils.startGameModeEntry:21 com.thundercomm.gamemode.ingame.services.ActivityMonitoringService$1.onActivityLaunch:127
11-19 05:33:48.644 1499 1499 I GameModeConfig: Current uri is uri = content://com.thundercomm.gamemode.api/gamemode_settings/gamemode_isgaming
11-19 05:33:48.647 1499 1499 I GameModeConfig: isGameModeOn = false
11-19 05:33:48.649 1499 1499 I GameModeConfig: isGameModeOn = false
11-19 05:33:48.649 1499 1499 I GameModeConfig: isDisableVoice = true
11-19 05:33:50.131 0 0 I auditd : type=1400 audit(0.0:13539): avc: denied { kill } for comm="swapper/0" capability=5 scontext=u:r:kernel:s0 tcontext=u:r:kernel:s0 tclass=capability permissive=0
11-19 05:33:50.635 1499 1831 I input_interaction: Interaction with: 1a38441 com.android.music/com.android.music.VideoBrowserActivity (server), edge-swipe (server), swipe-up (server), PointerEventDispatcher0 (server),
11-19 05:33:50.640 1499 1637 I wm_task_moved: [76,1,6]
11-19 05:33:50.640 1499 1637 I wm_task_to_front: [0,76]
11-19 05:33:50.647 1499 1637 W WindowManager: updateScale0.7996942
11-19 05:33:50.652 1499 1637 I wm_set_resumed_activity: [0,com.android.music/.VideoBrowserActivity,positionChildAt]
11-19 05:33:50.652 2802 2802 I wm_on_top_resumed_lost_called: [19758722,com.android.launcher3.uioverrides.QuickstepLauncher,topStateChangedWhenResumed]
11-19 05:33:50.652 1499 1637 I wm_focused_root_task: [0,0,76,1,setFocusedTask]
11-19 05:33:50.652 1499 1637 I wm_set_resumed_activity: [0,com.android.music/.VideoBrowserActivity,setFocusedTask]
11-19 05:33:50.652 1499 1637 I ActivityTaskManager: FOREGROUND_APPLICATION_CHANGED to com.android.music.VideoBrowserActivity
11-19 05:33:50.654 1499 1638 I input_focus: [Focus request 1a38441 com.android.music/com.android.music.VideoBrowserActivity,reason=UpdateInputWindows]
11-19 05:33:50.660 13467 13467 I wm_on_top_resumed_gained_called: [259867842,com.android.music.VideoBrowserActivity,topStateChangedWhenResumed]
11-19 05:33:50.673 1499 1831 I input_focus: [Focus leaving 632f7bf com.android.launcher3/com.android.launcher3.uioverrides.QuickstepLauncher (server),reason=setFocusedWindow]
11-19 05:33:50.673 1499 1831 I input_focus: [Focus entering 1a38441 com.android.music/com.android.music.VideoBrowserActivity (server),reason=setFocusedWindow]
11-19 05:33:50.725 1499 1614 W WindowManager: updateScale0.4617737
11-19 05:33:50.727 1499 1614 I wm_relaunch_resume_activity: [0,259867842,76,com.android.music/.VideoBrowserActivity]
11-19 05:33:50.729 1499 1614 W WindowManager: updateScale0.4617737
11-19 05:33:50.741 13467 13467 I wm_on_top_resumed_lost_called: [259867842,com.android.music.VideoBrowserActivity,pausing]
11-19 05:33:50.741 13467 13467 I wm_on_paused_called: [259867842,com.android.music.VideoBrowserActivity,performPause]
11-19 05:33:50.741 13467 13467 I wm_on_stop_called: [259867842,com.android.music.VideoBrowserActivity,handleRelaunchActivity]
11-19 05:33:50.744 13467 13467 I wm_on_destroy_called: [259867842,com.android.music.VideoBrowserActivity,performDestroy]
11-19 05:33:50.778 13467 13467 I wm_on_create_called: [259867842,com.android.music.VideoBrowserActivity,performCreate]
11-19 05:33:50.779 13467 13467 I wm_on_start_called: [259867842,com.android.music.VideoBrowserActivity,handleStartActivity]
11-19 05:33:50.782 13467 13467 I wm_on_resume_called: [259867842,com.android.music.VideoBrowserActivity,RESUME_ACTIVITY]
11-19 05:33:50.782 13467 13467 I wm_on_top_resumed_gained_called: [259867842,com.android.music.VideoBrowserActivity,topWhenResuming]
11-19 05:33:50.784 1499 1614 W WindowManager: updateScale0.4617737
11-19 05:33:50.786 1499 1614 W WindowManager: updateScale0.4617737
11-19 05:33:51.131 0 0 I auditd : type=1400 audit(0.0:13540): avc: denied { kill } for comm="swapper/0" capability=5 scontext=u:r:kernel:s0 tcontext=u:r:kernel:s0 tclass=capability permissive=0
11-19 05:33:51.629 1499 1499 W WindowManager: removeWindowToken: Attempted to remove non-existing token: android.os.Binder@88cb587
11-19 05:33:51.689 13467 13467 I view_enqueue_input_event: [Motion - Cancel,com.android.music/com.android.music.VideoBrowserActivity]
11-19 05:33:51.693 1499 1831 I input_interaction: Interaction with: WindowManager (server), edge-swipe (server), swipe-up (server), PointerEventDispatcher0 (server),
11-19 05:33:51.702 1499 1638 D FreeFormWindowHelper: refreshTipWindow windowDragBounds:Rect(32, 72 - 334, 610)
11-19 05:33:51.705 1499 1638 W WindowManager: updateScale0.4617737
11-19 05:33:51.718 1499 1638 D FreeFormWindowHelper: refreshTipWindow windowDragBounds:Rect(67, 72 - 369, 610)
11-19 05:33:51.719 1499 1638 W WindowManager: updateScale0.4617737
11-19 05:33:51.732 1499 1730 W WindowManager: updateScale0.4617737
11-19 05:33:51.736 1499 1638 D FreeFormWindowHelper: refreshTipWindow windowDragBounds:Rect(223, 75 - 525, 613)
11-19 05:33:51.737 1499 1638 W WindowManager: updateScale0.4617737
11-19 05:33:51.751 1499 1638 D FreeFormWindowHelper: refreshTipWindow windowDragBounds:Rect(433, 90 - 735, 628)
11-19 05:33:51.752 1499 1638 W WindowManager: updateScale0.4617737
11-19 05:33:51.768 1499 1638 D FreeFormWindowHelper: refreshTipWindow windowDragBounds:Rect(626, 104 - 928, 642)
11-19 05:33:51.771 1499 1638 W WindowManager: updateScale0.4617737
11-19 05:33:51.784 1499 1638 D FreeFormWindowHelper: refreshTipWindow windowDragBounds:Rect(826, 116 - 1128, 654)
11-19 05:33:51.786 1499 1638 W WindowManager: updateScale0.4617737
11-19 05:33:51.801 1499 1638 D FreeFormWindowHelper: refreshTipWindow windowDragBounds:Rect(986, 131 - 1288, 669)
11-19 05:33:51.802 1499 1638 W WindowManager: updateScale0.4617737
11-19 05:33:51.818 1499 1638 D FreeFormWindowHelper: refreshTipWindow windowDragBounds:Rect(1093, 137 - 1395, 675)
11-19 05:33:51.820 1499 1638 W WindowManager: updateScale0.4617737
11-19 05:33:51.831 1499 1730 W WindowManager: updateScale0.4617737
11-19 05:33:51.834 1499 1638 D FreeFormWindowHelper: refreshTipWindow windowDragBounds:Rect(1169, 141 - 1471, 679)
11-19 05:33:51.836 1499 1638 W WindowManager: updateScale0.4617737
11-19 05:33:51.851 1499 1638 D FreeFormWindowHelper: refreshTipWindow windowDragBounds:Rect(1253, 149 - 1555, 687)
11-19 05:33:51.852 1499 1638 W WindowManager: updateScale0.4617737
11-19 05:33:51.868 1499 1638 D FreeFormWindowHelper: refreshTipWindow windowDragBounds:Rect(1317, 152 - 1619, 690)
11-19 05:33:51.869 1499 1638 W WindowManager: updateScale0.4617737
11-19 05:33:51.885 1499 1638 D FreeFormWindowHelper: refreshTipWindow windowDragBounds:Rect(1346, 150 - 1648, 688)
11-19 05:33:51.886 1499 1638 W WindowManager: updateScale0.4617737
11-19 05:33:51.901 1499 1638 D FreeFormWindowHelper: refreshTipWindow windowDragBounds:Rect(1434, 155 - 1736, 693)
11-19 05:33:51.903 1499 1638 W WindowManager: updateScale0.4617737
11-19 05:33:51.918 1499 1638 D FreeFormWindowHelper: refreshTipWindow windowDragBounds:Rect(1483, 158 - 1785, 696)
11-19 05:33:51.919 1499 1638 W WindowManager: updateScale0.4617737
11-19 05:33:51.935 1499 1638 D FreeFormWindowHelper: refreshTipWindow windowDragBounds:Rect(1542, 158 - 1844, 696)
11-19 05:33:51.936 1499 1638 W WindowManager: updateScale0.4617737
11-19 05:33:51.951 1499 1638 D FreeFormWindowHelper: refreshTipWindow windowDragBounds:Rect(1608, 158 - 1910, 696)
11-19 05:33:51.953 1499 1638 W WindowManager: updateScale0.4617737
11-19 05:33:51.968 1499 1638 D FreeFormWindowHelper: refreshTipWindow windowDragBounds:Rect(1641, 158 - 1943, 696)
11-19 05:33:51.970 1499 1638 W WindowManager: updateScale0.4617737
11-19 05:33:51.985 1499 1638 D FreeFormWindowHelper: refreshTipWindow windowDragBounds:Rect(1678, 158 - 1980, 696)
11-19 05:33:51.986 1499 1638 W WindowManager: updateScale0.4617737
11-19 05:33:52.002 1499 1638 D FreeFormWindowHelper: refreshTipWindow windowDragBounds:Rect(1695, 153 - 1997, 691)
11-19 05:33:52.003 1499 1638 W WindowManager: updateScale0.4617737
11-19 05:33:52.006 1499 1638 D FreeFormWindowHelper: refreshTipWindow windowDragBounds:Rect(1697, 155 - 1999, 693)
11-19 05:33:52.007 1499 1638 W WindowManager: updateScale0.4617737
11-19 05:33:52.010 1499 1638 D WindowManager: updateWindowDragBounds: mIsSwipeYfalse
11-19 05:33:52.010 1499 1638 D WindowManager: updateWindowDragBounds: mIsTopfalse
11-19 05:33:52.010 1499 1638 D WindowManager: updateWindowDragBounds: mIsSwipeXfalse
11-19 05:33:52.011 1499 1638 W WindowManager: updateScale0.4617737
11-19 05:33:52.131 0 0 I auditd : type=1400 audit(0.0:13541): avc: denied { kill } for comm="swapper/0" capability=5 scontext=u:r:kernel:s0 tcontext=u:r:kernel:s0 tclass=capability permissive=0
11-19 05:33:52.340 1499 1499 W WindowManager: removeWindowToken: Attempted to remove non-existing token: android.os.Binder@439f49
11-19 05:33:52.913 1499 1831 I input_interaction: Interaction with: 632f7bf com.android.launcher3/com.android.launcher3.uioverrides.QuickstepLauncher (server), a1d9774 com.android.systemui.ImageWallpaper (server), edge-swipe (server), swipe-up (server), PointerEventDispatcher0 (server),
11-19 05:33:53.018 2802 2802 I view_enqueue_input_event: [Motion - Cancel,com.android.launcher3/com.android.launcher3.uioverrides.QuickstepLauncher]
11-19 05:33:53.023 1499 1831 I input_interaction: Interaction with: edge-swipe (server), swipe-up (server), PointerEventDispatcher0 (server),
11-19 05:33:53.131 0 0 I auditd : type=1400 audit(0.0:13542): avc: denied { kill } for comm="swapper/0" capability=5 scontext=u:r:kernel:s0 tcontext=u:r:kernel:s0 tclass=capability permissive=0
11-19 05:33:53.365 1499 1730 I ActivityTaskManager: START u0 {act=android.intent.action.MAIN cat=[android.intent.category.HOME] flg=0x10000000 cmp=com.android.launcher3/.uioverrides.QuickstepLauncher} from uid 10078
11-19 05:33:53.375 1499 1730 I wm_task_moved: [1,1,6]
11-19 05:33:53.377 1499 1730 I wm_set_resumed_activity: [0,com.android.launcher3/.uioverrides.QuickstepLauncher,positionChildAt]
11-19 05:33:53.377 1499 1730 I wm_task_moved: [10,1,2147483647]
11-19 05:33:53.377 1499 1730 I wm_task_to_front: [0,10]
11-19 05:33:53.377 13467 13467 I wm_on_top_resumed_lost_called: [259867842,com.android.music.VideoBrowserActivity,topStateChangedWhenResumed]
11-19 05:33:53.377 1499 1730 I wm_focused_root_task: [0,0,1,76,bringingFoundTaskToFront]
11-19 05:33:53.377 1499 1730 I wm_set_resumed_activity: [0,com.android.launcher3/.uioverrides.QuickstepLauncher,bringingFoundTaskToFront]
11-19 05:33:53.378 1499 1730 I wm_new_intent: [0,19758722,10,com.android.launcher3/.uioverrides.QuickstepLauncher,android.intent.action.MAIN,NULL,NULL,268435712]
11-19 05:33:53.379 1499 1730 I wm_task_moved: [1,1,6]
11-19 05:33:53.379 1499 1730 I wm_set_resumed_activity: [0,com.android.launcher3/.uioverrides.QuickstepLauncher,positionChildAt]
11-19 05:33:53.380 1499 1730 I ActivityTaskManager: FOREGROUND_APPLICATION_CHANGED to com.android.launcher3.uioverrides.QuickstepLauncher
11-19 05:33:53.380 1499 1730 W WindowManager: updateScale0.4617737
11-19 05:33:53.384 1499 1730 W WindowManager: updateScale0.4617737
11-19 05:33:53.387 1499 1638 I input_focus: [Focus request 632f7bf com.android.launcher3/com.android.launcher3.uioverrides.QuickstepLauncher,reason=UpdateInputWindows]
11-19 05:33:53.388 2802 2802 I wm_on_paused_called: [19758722,com.android.launcher3.uioverrides.QuickstepLauncher,performPause]
11-19 05:33:53.393 2802 2802 I wm_on_resume_called: [19758722,com.android.launcher3.uioverrides.QuickstepLauncher,LIFECYCLER_RESUME_ACTIVITY]
11-19 05:33:53.393 2802 2802 I wm_on_top_resumed_gained_called: [19758722,com.android.launcher3.uioverrides.QuickstepLauncher,topStateChangedWhenResumed]
11-19 05:33:53.402 1499 1730 W WindowManager: updateScale0.4617737
11-19 05:33:53.423 1499 1831 I input_focus: [Focus leaving 1a38441 com.android.music/com.android.music.VideoBrowserActivity (server),reason=setFocusedWindow]
11-19 05:33:53.423 1499 1831 I input_focus: [Focus entering 632f7bf com.android.launcher3/com.android.launcher3.uioverrides.QuickstepLauncher (server),reason=setFocusedWindow]
11-19 05:33:53.970 1499 1831 I input_interaction: Interaction with: 632f7bf com.android.launcher3/com.android.launcher3.uioverrides.QuickstepLauncher (server), a1d9774 com.android.systemui.ImageWallpaper (server), edge-swipe (server), swipe-up (server), PointerEventDispatcher0 (server),
11-19 05:33:54.131 354 354 I auditd : type=1400 audit(0.0:13543): avc: denied { kill } for comm="irq/382-atmel_m" capability=5 scontext=u:r:kernel:s0 tcontext=u:r:kernel:s0 tclass=capability permissive=0
11-19 05:33:54.154 2802 2802 I view_enqueue_input_event: [Motion - Cancel,com.android.launcher3/com.android.launcher3.uioverrides.QuickstepLauncher]
11-19 05:33:54.159 1499 1831 I input_interaction: Interaction with: edge-swipe (server), swipe-up (server), PointerEventDispatcher0 (server),
11-19 05:33:54.315 1499 1759 I commit_sys_config_file: [settings-1-0,7]
11-19 05:33:54.488 1499 1499 W WindowManager: removeWindowToken: Attempted to remove non-existing token: android.os.Binder@ba089d6
11-19 05:33:54.546 1499 1730 W WindowManager: updateScale0.4617737
11-19 05:33:54.548 1499 1730 W WindowManager: updateScale0.4617737
11-19 05:33:54.625 1499 1759 I commit_sys_config_file: [settings-1-0,9]
11-19 05:33:54.727 1499 1730 I wm_finish_activity: [0,259867842,76,com.android.music/.VideoBrowserActivity,app-request]
11-19 05:33:54.746 1499 1730 I wm_pause_activity: [0,259867842,com.android.music/.VideoBrowserActivity,userLeaving=false,finish]
11-19 05:33:54.747 13467 13467 I wm_on_paused_called: [259867842,com.android.music.VideoBrowserActivity,performPause]
11-19 05:33:54.765 1499 1614 I wm_destroy_activity: [0,259867842,76,com.android.music/.VideoBrowserActivity,finish-imm:completePausedLocked]
11-19 05:33:54.776 13467 13467 I wm_on_stop_called: [259867842,com.android.music.VideoBrowserActivity,LIFECYCLER_STOP_ACTIVITY]
11-19 05:33:54.778 13467 13467 I wm_on_destroy_called: [259867842,com.android.music.VideoBrowserActivity,performDestroy]
11-19 05:33:54.781 1499 1637 I sysui_multi_action: [757,803,799,window_time_0,802,7]
11-19 05:33:54.784 7802 7838 W ContextImpl: Calling a method in the system process without a qualified user: android.app.ContextImpl.startService:1816 android.content.ContextWrapper.startService:774 com.thundercomm.gamemode.ingame.services.GameModeActionUtils.startGameModeService:93 com.thundercomm.gamemode.ingame.services.GameModeActionUtils.startGameModeEntry:21 com.thundercomm.gamemode.ingame.services.ActivityMonitoringService$1.onActivityLaunch:127
11-19 05:33:54.790 1499 1499 I GameModeConfig: Current uri is uri = content://com.thundercomm.gamemode.api/gamemode_settings/gamemode_isgaming
11-19 05:33:54.794 1499 1499 I GameModeConfig: isGameModeOn = false
11-19 05:33:54.794 1499 1499 I GameModeConfig: isGameModeOn = false
11-19 05:33:54.794 1499 1499 I GameModeConfig: isDisableVoice = true
11-19 05:33:54.879 7802 7838 W ContextImpl: Calling a method in the system process without a qualified user: android.app.ContextImpl.startService:1816 android.content.ContextWrapper.startService:774 com.thundercomm.gamemode.ingame.services.GameModeActionUtils.startGameModeService:93 com.thundercomm.gamemode.ingame.services.GameModeActionUtils.startGameModeEntry:21 com.thundercomm.gamemode.ingame.services.ActivityMonitoringService$1.onActivityLaunch:127
11-19 05:33:54.882 1499 1499 I GameModeConfig: Current uri is uri = content://com.thundercomm.gamemode.api/gamemode_settings/gamemode_isgaming
11-19 05:33:54.884 1499 1499 I GameModeConfig: isGameModeOn = false
11-19 05:33:54.885 1499 1499 I GameModeConfig: isGameModeOn = false
11-19 05:33:54.885 1499 1499 I GameModeConfig: isDisableVoice = true
11-19 05:33:55.074 1499 1638 I wm_task_removed: [76,removeChild:removeChild last r=ActivityRecord{f7d44c2 u0 com.android.music/.VideoBrowserActivity t-1 f}} in t=Task{4a2aa1a #76 type=standard A=10090:android.task.video U=0 visible=false mode=freeform translucent=true sz=0}]
11-19 05:33:55.074 1499 1638 I wm_task_removed: [76,removeChild]
11-19 05:33:55.074 1499 1638 D FreeFormWindowHelper: Remove freefrom task=Task{4a2aa1a #76 type=standard A=10090:android.task.video U=0 visible=false mode=freeform translucent=true sz=0}
11-19 05:33:55.131 0 0 I auditd : type=1400 audit(0.0:13544): avc: denied { kill } for comm="swapper/0" capability=5 scontext=u:r:kernel:s0 tcontext=u:r:kernel:s0 tclass=capability permissive=0
11-19 05:33:56.131 0 0 I auditd : type=1400 audit(0.0:13545): avc: denied { kill } for comm="swapper/0" capability=5 scontext=u:r:kernel:s0 tcontext=u:r:kernel:s0 tclass=capability permissive=0
11-19 05:33:57.131 0 0 I auditd : type=1400 audit(0.0:13546): avc: denied { kill } for comm="swapper/0" capability=5 scontext=u:r:kernel:s0 tcontext=u:r:kernel:s0 tclass=capability permissive=0
11-19 05:33:57.249 1499 1499 W WindowManager: removeWindowToken: Attempted to remove non-existing token: android.os.Binder@984129d
11-19 05:33:57.419 1499 1831 I input_interaction: Interaction with: 632f7bf com.android.launcher3/com.android.launcher3.uioverrides.QuickstepLauncher (server), a1d9774 com.android.systemui.ImageWallpaper (server), edge-swipe (server), swipe-up (server), PointerEventDispatcher0 (server),
11-19 05:33:57.568 1499 5048 I ActivityTaskManager: START u0 {flg=0x10008000 cmp=com.android.deskclock/.DeskClock} from uid 10078
11-19 05:33:57.579 1499 5048 I wm_task_created: [77,-1]
11-19 05:33:57.579 1499 5048 W ActivityTaskManager: Can't find TaskDisplayArea to determine support for multi window. Task id=77 attached=false
11-19 05:33:57.582 1499 5048 D FreeFormWindowHelper: Add freeform task=Task{e9810b6 #77 type=standard ?? U=0 visible=false mode=freeform translucent=true sz=0}
11-19 05:33:57.584 1499 5048 D CompatibilityChangeReporter: Compat change id reported: 174042980; UID 10063; state: DISABLED
11-19 05:33:57.585 1499 5048 D CompatibilityChangeReporter: Compat change id reported: 184838306; UID 10063; state: DISABLED
11-19 05:33:57.585 1499 5048 D CompatibilityChangeReporter: Compat change id reported: 185004937; UID 10063; state: DISABLED
11-19 05:33:57.586 1499 5048 D CompatibilityChangeReporter: Compat change id reported: 181136395; UID 10063; state: DISABLED
11-19 05:33:57.586 1499 5048 D CompatibilityChangeReporter: Compat change id reported: 174042936; UID 10063; state: DISABLED
11-19 05:33:57.587 1499 5048 I wm_task_moved: [77,1,6]
11-19 05:33:57.587 1499 5048 I wm_task_to_front: [0,77]
11-19 05:33:57.588 1499 5048 I wm_create_task: [0,77]
11-19 05:33:57.588 1499 5048 I wm_create_activity: [0,245023159,77,com.android.deskclock/.DeskClock,NULL,NULL,NULL,268468224]
11-19 05:33:57.588 1499 5048 I wm_task_moved: [77,1,6]
11-19 05:33:57.589 1499 5048 I ActivityTaskManager: FOREGROUND_APPLICATION_CHANGED to com.android.deskclock.DeskClock
11-19 05:33:57.597 1499 1637 I am_uid_running: 10063
11-19 05:33:57.597 1499 1637 D CompatibilityChangeReporter: Compat change id reported: 135634846; UID 10063; state: DISABLED
11-19 05:33:57.597 1499 1637 D CompatibilityChangeReporter: Compat change id reported: 177438394; UID 10063; state: DISABLED
11-19 05:33:57.597 1499 1637 D CompatibilityChangeReporter: Compat change id reported: 135772972; UID 10063; state: DISABLED
11-19 05:33:57.597 1499 1637 D CompatibilityChangeReporter: Compat change id reported: 135754954; UID 10063; state: DISABLED
11-19 05:33:57.598 1499 1646 D CompatibilityChangeReporter: Compat change id reported: 143937733; UID 10063; state: DISABLED
11-19 05:33:57.600 2802 2802 I wm_on_top_resumed_lost_called: [19758722,com.android.launcher3.uioverrides.QuickstepLauncher,topStateChangedWhenResumed]
11-19 05:33:57.613 1499 1646 I am_proc_start: [0,14465,10063,com.android.deskclock,top-activity,{com.android.deskclock/com.android.deskclock.DeskClock}]
11-19 05:33:57.614 1499 1646 I ActivityManager: Start proc 14465:com.android.deskclock/u0a63 for top-activity {com.android.deskclock/com.android.deskclock.DeskClock}
11-19 05:33:57.642 1499 5048 I am_proc_bound: [0,14465,com.android.deskclock]
11-19 05:33:57.645 1499 5048 I ActivityTaskManager: The Process com.android.deskclock Already Exists in BG. So sending its PID: 14465
11-19 05:33:57.647 1499 5048 I wm_restart_activity: [0,245023159,77,com.android.deskclock/.DeskClock]
11-19 05:33:57.650 1499 5048 I wm_set_resumed_activity: [0,com.android.deskclock/.DeskClock,minimalResumeActivityLocked]
11-19 05:33:57.650 1499 5048 I am_uid_active: 10063
11-19 05:33:57.665 7802 7838 W ContextImpl: Calling a method in the system process without a qualified user: android.app.ContextImpl.startService:1816 android.content.ContextWrapper.startService:774 com.thundercomm.gamemode.ingame.services.GameModeActionUtils.startGameModeService:93 com.thundercomm.gamemode.ingame.services.GameModeActionUtils.startGameModeEntry:21 com.thundercomm.gamemode.ingame.services.ActivityMonitoringService$1.onActivityLaunch:127
11-19 05:33:57.671 1499 1499 I GameModeConfig: Current uri is uri = content://com.thundercomm.gamemode.api/gamemode_settings/gamemode_isgaming
11-19 05:33:57.676 1499 1499 I GameModeConfig: isGameModeOn = false
11-19 05:33:57.676 1499 1499 I GameModeConfig: isGameModeOn = false
11-19 05:33:57.676 1499 1499 I GameModeConfig: isDisableVoice = true
11-19 05:33:57.711 1499 5048 I ActivityTaskManager: START u0 {act=android.content.pm.action.REQUEST_PERMISSIONS pkg=com.android.permissioncontroller cmp=com.android.permissioncontroller/.permission.ui.GrantPermissionsActivity (has extras)} from uid 10063
11-19 05:33:57.717 1499 5048 D CompatibilityChangeReporter: Compat change id reported: 174042980; UID 10094; state: DISABLED
11-19 05:33:57.718 1499 5048 D CompatibilityChangeReporter: Compat change id reported: 184838306; UID 10094; state: DISABLED
11-19 05:33:57.718 1499 5048 D CompatibilityChangeReporter: Compat change id reported: 185004937; UID 10094; state: DISABLED
11-19 05:33:57.718 1499 5048 D CompatibilityChangeReporter: Compat change id reported: 181136395; UID 10094; state: DISABLED
11-19 05:33:57.719 1499 5048 D CompatibilityChangeReporter: Compat change id reported: 174042936; UID 10094; state: DISABLED
11-19 05:33:57.720 1499 5048 I wm_task_moved: [77,1,6]
11-19 05:33:57.720 1499 5048 I wm_set_resumed_activity: [0,com.android.deskclock/.DeskClock,positionChildAt]
11-19 05:33:57.720 1499 5048 I wm_create_activity: [0,6249966,77,com.android.permissioncontroller/.permission.ui.GrantPermissionsActivity,android.content.pm.action.REQUEST_PERMISSIONS,NULL,NULL,8388608]
11-19 05:33:57.721 1499 5048 D CompatibilityChangeReporter: Compat change id reported: 168419799; UID 10094; state: DISABLED
11-19 05:33:57.722 1499 5048 I wm_pause_activity: [0,245023159,com.android.deskclock/.DeskClock,userLeaving=true,resumeTopActivityInnerLocked]
11-19 05:33:57.743 14465 14465 I wm_on_create_called: [245023159,com.android.deskclock.DeskClock,performCreate]
11-19 05:33:57.745 14465 14465 I wm_on_start_called: [245023159,com.android.deskclock.DeskClock,handleStartActivity]
11-19 05:33:57.747 14465 14465 I wm_on_resume_called: [245023159,com.android.deskclock.DeskClock,RESUME_ACTIVITY]
11-19 05:33:57.752 14465 14465 I wm_on_top_resumed_gained_called: [245023159,com.android.deskclock.DeskClock,topStateChangedWhenResumed]
11-19 05:33:57.752 14465 14465 I wm_on_top_resumed_lost_called: [245023159,com.android.deskclock.DeskClock,topStateChangedWhenResumed]
11-19 05:33:57.753 14465 14465 I wm_on_paused_called: [245023159,com.android.deskclock.DeskClock,performPause]
11-19 05:33:57.753 1499 5215 I ActivityTaskManager: FOREGROUND_APPLICATION_CHANGED to com.android.permissioncontroller.permission.ui.GrantPermissionsActivity
11-19 05:33:57.753 1499 5215 I ActivityTaskManager: The Process com.android.permissioncontroller Already Exists in BG. So sending its PID: 14043
11-19 05:33:57.753 1499 5215 W ActivityTaskManager: Tried to set launchTime (0) < mLastActivityLaunchTime (15291153)
11-19 05:33:57.754 1499 5215 I wm_restart_activity: [0,6249966,77,com.android.permissioncontroller/.permission.ui.GrantPermissionsActivity]
11-19 05:33:57.754 1499 5215 I wm_set_resumed_activity: [0,com.android.permissioncontroller/.permission.ui.GrantPermissionsActivity,minimalResumeActivityLocked]
11-19 05:33:57.757 1499 1637 I sysui_multi_action: [757,803,799,window_time_0,802,3]
11-19 05:33:57.774 7802 7838 W ContextImpl: Calling a method in the system process without a qualified user: android.app.ContextImpl.startService:1816 android.content.ContextWrapper.startService:774 com.thundercomm.gamemode.ingame.services.GameModeActionUtils.startGameModeService:93 com.thundercomm.gamemode.ingame.services.GameModeActionUtils.startGameModeEntry:21 com.thundercomm.gamemode.ingame.services.ActivityMonitoringService$1.onActivityLaunch:127
11-19 05:33:57.774 14043 14043 I wm_on_create_called: [6249966,com.android.permissioncontroller.permission.ui.GrantPermissionsActivity,performCreate]
11-19 05:33:57.775 14043 14043 I wm_on_start_called: [6249966,com.android.permissioncontroller.permission.ui.GrantPermissionsActivity,handleStartActivity]
11-19 05:33:57.775 14043 14043 I wm_on_resume_called: [6249966,com.android.permissioncontroller.permission.ui.GrantPermissionsActivity,RESUME_ACTIVITY]
11-19 05:33:57.778 14043 14043 I wm_on_top_resumed_gained_called: [6249966,com.android.permissioncontroller.permission.ui.GrantPermissionsActivity,topStateChangedWhenResumed]
11-19 05:33:57.780 1499 1499 I GameModeConfig: Current uri is uri = content://com.thundercomm.gamemode.api/gamemode_settings/gamemode_isgaming
11-19 05:33:57.782 1499 1499 I GameModeConfig: isGameModeOn = false
11-19 05:33:57.782 1499 1614 W WindowManager: updateScale0.7996942
11-19 05:33:57.782 1499 1614 W WindowManager: updateScale0.7996942
11-19 05:33:57.783 1499 1499 I GameModeConfig: isGameModeOn = false
11-19 05:33:57.783 1499 1499 I GameModeConfig: isDisableVoice = true
11-19 05:33:57.786 1499 1638 I input_focus: [Focus request da387dd com.android.permissioncontroller/com.android.permissioncontroller.permission.ui.GrantPermissionsActivity,reason=UpdateInputWindows]
11-19 05:33:57.788 1499 1638 W WindowManager: updateScale0.7996942
11-19 05:33:57.789 1499 1638 W WindowManager: updateScale0.7996942
11-19 05:33:57.790 1499 1729 I wm_finish_activity: [0,6249966,77,com.android.permissioncontroller/.permission.ui.GrantPermissionsActivity,app-request]
11-19 05:33:57.791 1499 1729 I wm_pause_activity: [0,6249966,com.android.permissioncontroller/.permission.ui.GrantPermissionsActivity,userLeaving=false,finish]
11-19 05:33:57.798 14043 14043 I wm_on_top_resumed_lost_called: [6249966,com.android.permissioncontroller.permission.ui.GrantPermissionsActivity,topStateChangedWhenResumed]
11-19 05:33:57.798 14043 14043 I wm_on_paused_called: [6249966,com.android.permissioncontroller.permission.ui.GrantPermissionsActivity,performPause]
11-19 05:33:57.799 1499 1831 I input_focus: [Focus leaving 632f7bf com.android.launcher3/com.android.launcher3.uioverrides.QuickstepLauncher (server),reason=Waiting for window because NOT_VISIBLE]
11-19 05:33:57.800 1499 1614 I wm_add_to_stopping: [0,6249966,com.android.permissioncontroller/.permission.ui.GrantPermissionsActivity,completeFinishing]
11-19 05:33:57.801 1499 1614 I ActivityTaskManager: FOREGROUND_APPLICATION_CHANGED to com.android.deskclock.DeskClock
11-19 05:33:57.804 1499 1614 I wm_set_resumed_activity: [0,com.android.deskclock/.DeskClock,resumeTopActivityInnerLocked]
11-19 05:33:57.805 1499 1614 I wm_resume_activity: [0,245023159,77,com.android.deskclock/.DeskClock]
11-19 05:33:57.807 1499 1637 I sysui_multi_action: [757,803,799,window_time_2,802,0]
11-19 05:33:57.818 1499 1730 W WindowManager: updateScale0.7996942
11-19 05:33:57.821 1499 1638 I input_focus: [Focus request a555b08 com.android.deskclock/com.android.deskclock.DeskClock,reason=UpdateInputWindows]
11-19 05:33:57.884 1499 1638 W WindowManager: updateScale0.7996942
11-19 05:33:57.886 1499 1638 W WindowManager: updateScale0.7996942
11-19 05:33:57.887 1499 1638 W WindowManager: updateScale0.7996942
11-19 05:33:57.890 14465 14465 I wm_on_activity_result_called: [245023159,com.android.deskclock.DeskClock,ACTIVITY_RESULT]
11-19 05:33:57.890 14465 14465 I wm_on_resume_called: [245023159,com.android.deskclock.DeskClock,RESUME_ACTIVITY]
11-19 05:33:57.892 14465 14465 I wm_on_top_resumed_gained_called: [245023159,com.android.deskclock.DeskClock,topWhenResuming]
11-19 05:33:57.899 1499 1831 I input_focus: [Focus entering a555b08 com.android.deskclock/com.android.deskclock.DeskClock (server),reason=Window became focusable. Previous reason: NOT_VISIBLE]
