11-19 05:35:02.165 14185 14185 I wm_on_top_resumed_gained_called: [207378235,com.android.calendar.AllInOneActivity,topStateChangedWhenResumed]
11-19 05:35:02.175 1499 1730 W WindowManager: updateScale0.7996942
11-19 05:35:02.179 1499 1638 I input_focus: [Focus request dc59070 com.android.calendar/com.android.calendar.AllInOneActivity,reason=UpdateInputWindows]
11-19 05:35:02.192 1499 1638 W WindowManager: updateScale0.7996942
11-19 05:35:02.195 1499 1638 W WindowManager: updateScale0.7996942
11-19 05:35:02.196 1499 1638 W WindowManager: updateScale0.7996942
11-19 05:35:02.197 1499 1634 I sysui_multi_action: [319,86,322,85,325,15381,757,761,758,8,759,2,806,com.android.calendar,871,com.android.calendar.AllInOneActivity,904,com.android.launcher3,905,0,1320,4,1321,1]
11-19 05:35:02.198 1499 1634 I wm_activity_launch_time: [0,207378235,com.android.calendar/.AllInOneActivity,85]
11-19 05:35:02.205 1499 1831 I input_focus: [Focus leaving 632f7bf com.android.launcher3/com.android.launcher3.uioverrides.QuickstepLauncher (server),reason=setFocusedWindow]
11-19 05:35:02.205 1499 1831 I input_focus: [Focus entering dc59070 com.android.calendar/com.android.calendar.AllInOneActivity (server),reason=setFocusedWindow]
11-19 05:35:02.224 1499 1730 W WindowManager: updateScale0.7996942
11-19 05:35:02.225 1499 1730 W WindowManager: updateScale0.7996942
11-19 05:35:02.473 1499 1638 W WindowManager: updateScale0.7996942
11-19 05:35:02.838 1499 1637 W WindowManager: Unable to start animation, surface is null or no children.
11-19 05:35:02.838 1499 1637 W WindowManager: updateScale0.7996942
11-19 05:35:03.382 1499 1831 I input_interaction: Interaction with: dc59070 com.android.calendar/com.android.calendar.AllInOneActivity (server), edge-swipe (server), swipe-up (server), PointerEventDispatcher0 (server),
11-19 05:35:03.516 1499 5048 W WindowManager: updateScale0.4617737
11-19 05:35:03.519 1499 5048 I wm_relaunch_resume_activity: [0,207378235,83,com.android.calendar/.AllInOneActivity]
11-19 05:35:03.522 1499 5048 W WindowManager: updateScale0.4617737
11-19 05:35:03.532 14185 14185 I wm_on_top_resumed_lost_called: [207378235,com.android.calendar.AllInOneActivity,pausing]
11-19 05:35:03.534 14185 14185 I wm_on_paused_called: [207378235,com.android.calendar.AllInOneActivity,performPause]
11-19 05:35:03.534 14185 14185 I wm_on_stop_called: [207378235,com.android.calendar.AllInOneActivity,handleRelaunchActivity]
11-19 05:35:03.536 14185 14185 I wm_on_destroy_called: [207378235,com.android.calendar.AllInOneActivity,performDestroy]
11-19 05:35:03.558 14185 14185 I wm_on_create_called: [207378235,com.android.calendar.AllInOneActivity,performCreate]
11-19 05:35:03.580 14185 14185 I wm_on_start_called: [207378235,com.android.calendar.AllInOneActivity,handleStartActivity]
11-19 05:35:03.584 14185 14185 I wm_on_resume_called: [207378235,com.android.calendar.AllInOneActivity,RESUME_ACTIVITY]
11-19 05:35:03.584 14185 14185 I wm_on_top_resumed_gained_called: [207378235,com.android.calendar.AllInOneActivity,topWhenResuming]
11-19 05:35:03.588 1499 1729 W WindowManager: updateScale0.4617737
11-19 05:35:03.590 1499 1729 W WindowManager: updateScale0.4617737
11-19 05:35:04.131 0 0 I auditd : type=1400 audit(0.0:13591): avc: denied { kill } for comm="swapper/2" capability=5 scontext=u:r:kernel:s0 tcontext=u:r:kernel:s0 tclass=capability permissive=0
11-19 05:35:04.481 1499 1499 W WindowManager: removeWindowToken: Attempted to remove non-existing token: android.os.Binder@a88d09f
11-19 05:35:05.119 1499 3791 E TaskPersister: File error accessing recents directory (directory doesn't exist?).
11-19 05:35:05.131 0 0 I auditd : type=1400 audit(0.0:13592): avc: denied { kill } for comm="swapper/2" capability=5 scontext=u:r:kernel:s0 tcontext=u:r:kernel:s0 tclass=capability permissive=0
11-19 05:35:05.249 1499 1729 W WindowManager: updateScale0.7996942
11-19 05:35:05.251 1499 1729 I wm_relaunch_resume_activity: [0,207378235,83,com.android.calendar/.AllInOneActivity]
11-19 05:35:05.253 1499 1729 W WindowManager: updateScale0.7996942
11-19 05:35:05.268 14185 14185 I wm_on_top_resumed_lost_called: [207378235,com.android.calendar.AllInOneActivity,pausing]
11-19 05:35:05.271 14185 14185 I wm_on_paused_called: [207378235,com.android.calendar.AllInOneActivity,performPause]
11-19 05:35:05.271 14185 14185 I wm_on_stop_called: [207378235,com.android.calendar.AllInOneActivity,handleRelaunchActivity]
11-19 05:35:05.273 14185 14185 I wm_on_destroy_called: [207378235,com.android.calendar.AllInOneActivity,performDestroy]
11-19 05:35:05.299 14185 14185 I wm_on_create_called: [207378235,com.android.calendar.AllInOneActivity,performCreate]
11-19 05:35:05.321 14185 14185 I wm_on_start_called: [207378235,com.android.calendar.AllInOneActivity,handleStartActivity]
11-19 05:35:05.325 14185 14185 I wm_on_resume_called: [207378235,com.android.calendar.AllInOneActivity,RESUME_ACTIVITY]
11-19 05:35:05.326 14185 14185 I wm_on_top_resumed_gained_called: [207378235,com.android.calendar.AllInOneActivity,topWhenResuming]
11-19 05:35:05.329 1499 1729 W WindowManager: updateScale0.7996942
11-19 05:35:05.331 1499 1729 W WindowManager: updateScale0.7996942
11-19 05:35:06.131 0 0 I auditd : type=1400 audit(0.0:13593): avc: denied { kill } for comm="swapper/2" capability=5 scontext=u:r:kernel:s0 tcontext=u:r:kernel:s0 tclass=capability permissive=0
11-19 05:35:06.155 1499 1729 W WindowManager: updateScale0.4617737
11-19 05:35:06.157 1499 1729 I wm_relaunch_resume_activity: [0,207378235,83,com.android.calendar/.AllInOneActivity]
11-19 05:35:06.158 1499 1729 W WindowManager: updateScale0.4617737
11-19 05:35:06.176 14185 14185 I wm_on_top_resumed_lost_called: [207378235,com.android.calendar.AllInOneActivity,pausing]
11-19 05:35:06.179 14185 14185 I wm_on_paused_called: [207378235,com.android.calendar.AllInOneActivity,performPause]
11-19 05:35:06.179 14185 14185 I wm_on_stop_called: [207378235,com.android.calendar.AllInOneActivity,handleRelaunchActivity]
11-19 05:35:06.180 14185 14185 I wm_on_destroy_called: [207378235,com.android.calendar.AllInOneActivity,performDestroy]
11-19 05:35:06.209 14185 14185 I wm_on_create_called: [207378235,com.android.calendar.AllInOneActivity,performCreate]
11-19 05:35:06.226 14185 14185 I wm_on_start_called: [207378235,com.android.calendar.AllInOneActivity,handleStartActivity]
11-19 05:35:06.233 14185 14185 I wm_on_resume_called: [207378235,com.android.calendar.AllInOneActivity,RESUME_ACTIVITY]
11-19 05:35:06.234 14185 14185 I wm_on_top_resumed_gained_called: [207378235,com.android.calendar.AllInOneActivity,topWhenResuming]
11-19 05:35:06.242 1499 1729 W WindowManager: updateScale0.4617737
11-19 05:35:06.244 1499 1729 W WindowManager: updateScale0.4617737
11-19 05:35:06.936 14185 14185 I view_enqueue_input_event: [Motion - Cancel,com.android.calendar/com.android.calendar.AllInOneActivity]
11-19 05:35:06.941 1499 1831 I input_interaction: Interaction with: WindowManager (server), edge-swipe (server), swipe-up (server), PointerEventDispatcher0 (server),
11-19 05:35:06.949 1499 1638 D FreeFormWindowHelper: refreshTipWindow windowDragBounds:Rect(7, 83 - 309, 621)
11-19 05:35:06.954 1499 1638 W WindowManager: updateScale0.4617737
11-19 05:35:06.965 1499 1638 D FreeFormWindowHelper: refreshTipWindow windowDragBounds:Rect(10, 93 - 312, 631)
11-19 05:35:06.966 1499 1638 W WindowManager: updateScale0.4617737
11-19 05:35:06.982 1499 1638 D FreeFormWindowHelper: refreshTipWindow windowDragBounds:Rect(10, 98 - 312, 636)
11-19 05:35:06.984 1499 1638 W WindowManager: updateScale0.4617737
11-19 05:35:06.998 1499 1638 D FreeFormWindowHelper: refreshTipWindow windowDragBounds:Rect(16, 110 - 318, 648)
11-19 05:35:07.000 1499 1638 W WindowManager: updateScale0.4617737
11-19 05:35:07.032 1499 1638 D FreeFormWindowHelper: refreshTipWindow windowDragBounds:Rect(17, 121 - 319, 659)
11-19 05:35:07.033 1499 1638 W WindowManager: updateScale0.4617737
11-19 05:35:07.048 1499 1638 D FreeFormWindowHelper: refreshTipWindow windowDragBounds:Rect(19, 131 - 321, 669)
11-19 05:35:07.049 1499 1638 W WindowManager: updateScale0.4617737
11-19 05:35:07.063 1499 1729 W WindowManager: updateScale0.4617737
11-19 05:35:07.065 1499 1638 D FreeFormWindowHelper: refreshTipWindow windowDragBounds:Rect(19, 137 - 321, 675)
11-19 05:35:07.066 1499 1638 W WindowManager: updateScale0.4617737
11-19 05:35:07.082 1499 1638 D FreeFormWindowHelper: refreshTipWindow windowDragBounds:Rect(19, 149 - 321, 687)
11-19 05:35:07.083 1499 1638 W WindowManager: updateScale0.4617737
11-19 05:35:07.098 1499 1638 D FreeFormWindowHelper: refreshTipWindow windowDragBounds:Rect(19, 165 - 321, 703)
11-19 05:35:07.100 1499 1638 W WindowManager: updateScale0.4617737
11-19 05:35:07.115 1499 1729 W WindowManager: updateScale0.4617737
11-19 05:35:07.117 1499 1638 D FreeFormWindowHelper: refreshTipWindow windowDragBounds:Rect(19, 174 - 321, 712)
11-19 05:35:07.119 1499 1638 W WindowManager: updateScale0.4617737
11-19 05:35:07.132 1499 1638 D FreeFormWindowHelper: refreshTipWindow windowDragBounds:Rect(22, 206 - 324, 744)
11-19 05:35:07.133 1499 1638 W WindowManager: updateScale0.4617737
11-19 05:35:07.149 1499 1638 D FreeFormWindowHelper: refreshTipWindow windowDragBounds:Rect(24, 232 - 326, 770)
11-19 05:35:07.154 1499 1638 W WindowManager: updateScale0.4617737
11-19 05:35:07.165 1499 1638 D FreeFormWindowHelper: refreshTipWindow windowDragBounds:Rect(24, 250 - 326, 788)
11-19 05:35:07.167 1499 1638 W WindowManager: updateScale0.4617737
11-19 05:35:07.169 1499 1729 W WindowManager: updateScale0.4617737
11-19 05:35:07.182 1499 1638 D FreeFormWindowHelper: refreshTipWindow windowDragBounds:Rect(24, 261 - 326, 799)
11-19 05:35:07.188 1499 1638 W WindowManager: updateScale0.4617737
11-19 05:35:07.199 1499 1638 D FreeFormWindowHelper: refreshTipWindow windowDragBounds:Rect(24, 267 - 326, 805)
11-19 05:35:07.200 1499 1638 W WindowManager: updateScale0.4617737
11-19 05:35:07.201 1499 1729 W WindowManager: updateScale0.4617737
11-19 05:35:07.216 1499 1638 D FreeFormWindowHelper: refreshTipWindow windowDragBounds:Rect(24, 287 - 326, 825)
11-19 05:35:07.216 1499 1638 W WindowManager: updateScale0.4617737
11-19 05:35:07.231 1499 1729 W WindowManager: updateScale0.4617737
11-19 05:35:07.233 1499 1638 D FreeFormWindowHelper: refreshTipWindow windowDragBounds:Rect(24, 316 - 326, 854)
11-19 05:35:07.234 1499 1638 W WindowManager: updateScale0.4617737
11-19 05:35:07.249 1499 1638 D FreeFormWindowHelper: refreshTipWindow windowDragBounds:Rect(24, 327 - 326, 865)
11-19 05:35:07.250 1499 1638 W WindowManager: updateScale0.4617737
11-19 05:35:07.266 1499 1638 D FreeFormWindowHelper: refreshTipWindow windowDragBounds:Rect(24, 342 - 326, 880)
11-19 05:35:07.268 1499 1638 W WindowManager: updateScale0.4617737
11-19 05:35:07.282 1499 1638 D FreeFormWindowHelper: refreshTipWindow windowDragBounds:Rect(22, 407 - 324, 945)
11-19 05:35:07.284 1499 1638 W WindowManager: updateScale0.4617737
11-19 05:35:07.286 1499 5048 W WindowManager: updateScale0.4617737
11-19 05:35:07.301 1499 1638 D FreeFormWindowHelper: refreshTipWindow windowDragBounds:Rect(17, 438 - 319, 976)
11-19 05:35:07.303 1499 1638 W WindowManager: updateScale0.4617737
11-19 05:35:07.316 1499 1638 D FreeFormWindowHelper: refreshTipWindow windowDragBounds:Rect(19, 471 - 321, 1009)
11-19 05:35:07.317 1499 1638 W WindowManager: updateScale0.4617737
11-19 05:35:07.333 1499 1638 D FreeFormWindowHelper: refreshTipWindow windowDragBounds:Rect(19, 491 - 321, 1029)
11-19 05:35:07.334 1499 1638 W WindowManager: updateScale0.4617737
11-19 05:35:07.349 1499 1638 D FreeFormWindowHelper: refreshTipWindow windowDragBounds:Rect(19, 524 - 321, 1062)
11-19 05:35:07.350 1499 1638 W WindowManager: updateScale0.4617737
11-19 05:35:07.366 1499 1638 D FreeFormWindowHelper: refreshTipWindow windowDragBounds:Rect(19, 570 - 321, 1108)
11-19 05:35:07.367 1499 1638 W WindowManager: updateScale0.4617737
11-19 05:35:07.400 1499 1638 D FreeFormWindowHelper: refreshTipWindow windowDragBounds:Rect(19, 605 - 321, 1143)
11-19 05:35:07.401 1499 1638 W WindowManager: updateScale0.4617737
11-19 05:35:07.416 1499 1638 D FreeFormWindowHelper: refreshTipWindow windowDragBounds:Rect(22, 612 - 324, 1150)
11-19 05:35:07.417 1499 1638 W WindowManager: updateScale0.4617737
11-19 05:35:07.438 1499 1638 D FreeFormWindowHelper: refreshTipWindow windowDragBounds:Rect(22, 619 - 324, 1157)
11-19 05:35:07.439 1499 1638 W WindowManager: updateScale0.4617737
11-19 05:35:07.441 1499 1638 D WindowManager: updateWindowDragBounds: mIsSwipeYtrue
11-19 05:35:07.441 1499 1638 D WindowManager: updateWindowDragBounds: mIsTopfalse
11-19 05:35:07.441 1499 1638 D WindowManager: updateWindowDragBounds: mIsSwipeXfalse
11-19 05:35:07.442 1499 1638 W WindowManager: updateScale0.4617737
11-19 05:35:07.469 1499 5048 W WindowManager: updateScale0.4617737
11-19 05:35:07.551 1499 1499 W WindowManager: removeWindowToken: Attempted to remove non-existing token: android.os.Binder@83ad7aa
11-19 05:35:08.131 0 0 I auditd : type=1400 audit(0.0:13594): avc: denied { kill } for comm="swapper/2" capability=5 scontext=u:r:kernel:s0 tcontext=u:r:kernel:s0 tclass=capability permissive=0
11-19 05:35:08.169 1499 1831 I input_interaction: Interaction with: dc59070 com.android.calendar/com.android.calendar.AllInOneActivity (server), edge-swipe (server), swipe-up (server), PointerEventDispatcher0 (server),
11-19 05:35:08.239 14185 14185 I view_enqueue_input_event: [Motion - Cancel,com.android.calendar/com.android.calendar.AllInOneActivity]
11-19 05:35:08.241 1499 1831 I input_interaction: Interaction with: WindowManager (server), edge-swipe (server), swipe-up (server), PointerEventDispatcher0 (server),
11-19 05:35:08.252 1499 1638 D FreeFormWindowHelper: refreshTipWindow windowDragBounds:Rect(6, 480 - 308, 1018)
11-19 05:35:08.255 1499 1638 W WindowManager: updateScale0.4617737
11-19 05:35:08.285 1499 1638 D FreeFormWindowHelper: refreshTipWindow windowDragBounds:Rect(11, 478 - 313, 1016)
11-19 05:35:08.289 1499 1638 W WindowManager: updateScale0.4617737
11-19 05:35:08.294 1499 5048 W WindowManager: updateScale0.4617737
11-19 05:35:08.301 1499 1638 D FreeFormWindowHelper: refreshTipWindow windowDragBounds:Rect(17, 475 - 319, 1013)
11-19 05:35:08.303 1499 1638 W WindowManager: updateScale0.4617737
11-19 05:35:08.316 1499 5048 W WindowManager: updateScale0.4617737
11-19 05:35:08.322 1499 1638 D FreeFormWindowHelper: refreshTipWindow windowDragBounds:Rect(26, 475 - 328, 1013)
11-19 05:35:08.324 1499 1638 W WindowManager: updateScale0.4617737
11-19 05:35:08.335 1499 1638 D FreeFormWindowHelper: refreshTipWindow windowDragBounds:Rect(32, 472 - 334, 1010)
11-19 05:35:08.336 1499 1638 W WindowManager: updateScale0.4617737
11-19 05:35:08.369 1499 1638 D FreeFormWindowHelper: refreshTipWindow windowDragBounds:Rect(60, 468 - 362, 1006)
11-19 05:35:08.370 1499 1638 W WindowManager: updateScale0.4617737
11-19 05:35:08.386 1499 5048 W WindowManager: updateScale0.4617737
11-19 05:35:08.402 1499 1638 D FreeFormWindowHelper: refreshTipWindow windowDragBounds:Rect(148, 462 - 450, 1000)
11-19 05:35:08.403 1499 1638 W WindowManager: updateScale0.4617737
11-19 05:35:08.418 1499 1638 D FreeFormWindowHelper: refreshTipWindow windowDragBounds:Rect(192, 463 - 494, 1001)
11-19 05:35:08.420 1499 1638 W WindowManager: updateScale0.4617737
11-19 05:35:08.435 1499 1638 D FreeFormWindowHelper: refreshTipWindow windowDragBounds:Rect(231, 463 - 533, 1001)
11-19 05:35:08.436 1499 1638 W WindowManager: updateScale0.4617737
11-19 05:35:08.438 1499 5048 W WindowManager: updateScale0.4617737
11-19 05:35:08.452 1499 1638 D FreeFormWindowHelper: refreshTipWindow windowDragBounds:Rect(255, 463 - 557, 1001)
11-19 05:35:08.453 1499 1638 W WindowManager: updateScale0.4617737
11-19 05:35:08.455 1499 5048 W WindowManager: updateScale0.4617737
11-19 05:35:08.469 1499 1638 D FreeFormWindowHelper: refreshTipWindow windowDragBounds:Rect(269, 463 - 571, 1001)
11-19 05:35:08.470 1499 1638 W WindowManager: updateScale0.4617737
11-19 05:35:08.472 1499 5048 W WindowManager: updateScale0.4617737
11-19 05:35:08.485 1499 1638 D FreeFormWindowHelper: refreshTipWindow windowDragBounds:Rect(292, 463 - 594, 1001)
11-19 05:35:08.486 1499 1638 W WindowManager: updateScale0.4617737
11-19 05:35:08.488 1499 5048 W WindowManager: updateScale0.4617737
11-19 05:35:08.502 1499 5048 W WindowManager: updateScale0.4617737
11-19 05:35:08.504 1499 1638 D FreeFormWindowHelper: refreshTipWindow windowDragBounds:Rect(327, 463 - 629, 1001)
11-19 05:35:08.505 1499 1638 W WindowManager: updateScale0.4617737
11-19 05:35:08.519 1499 1638 D FreeFormWindowHelper: refreshTipWindow windowDragBounds:Rect(359, 466 - 661, 1004)
11-19 05:35:08.520 1499 1638 W WindowManager: updateScale0.4617737
11-19 05:35:08.534 1499 5048 W WindowManager: updateScale0.4617737
11-19 05:35:08.536 1499 1638 D FreeFormWindowHelper: refreshTipWindow windowDragBounds:Rect(401, 466 - 703, 1004)
11-19 05:35:08.537 1499 1638 W WindowManager: updateScale0.4617737
11-19 05:35:08.552 1499 1638 D FreeFormWindowHelper: refreshTipWindow windowDragBounds:Rect(426, 466 - 728, 1004)
11-19 05:35:08.553 1499 1638 W WindowManager: updateScale0.4617737
11-19 05:35:08.569 1499 1638 D FreeFormWindowHelper: refreshTipWindow windowDragBounds:Rect(478, 470 - 780, 1008)
11-19 05:35:08.570 1499 1638 W WindowManager: updateScale0.4617737
11-19 05:35:08.585 1499 1638 D FreeFormWindowHelper: refreshTipWindow windowDragBounds:Rect(574, 483 - 876, 1021)
11-19 05:35:08.588 1499 1638 W WindowManager: updateScale0.4617737
11-19 05:35:08.602 1499 1638 D FreeFormWindowHelper: refreshTipWindow windowDragBounds:Rect(689, 495 - 991, 1033)
11-19 05:35:08.603 1499 1638 W WindowManager: updateScale0.4617737
11-19 05:35:08.619 1499 1638 D FreeFormWindowHelper: refreshTipWindow windowDragBounds:Rect(803, 512 - 1105, 1050)
11-19 05:35:08.620 1499 1638 W WindowManager: updateScale0.4617737
11-19 05:35:08.636 1499 1638 D FreeFormWindowHelper: refreshTipWindow windowDragBounds:Rect(919, 517 - 1221, 1055)
11-19 05:35:08.637 1499 1638 W WindowManager: updateScale0.4617737
11-19 05:35:08.652 1499 1638 D FreeFormWindowHelper: refreshTipWindow windowDragBounds:Rect(1031, 533 - 1333, 1071)
11-19 05:35:08.653 1499 1638 W WindowManager: updateScale0.4617737
11-19 05:35:08.669 1499 1638 D FreeFormWindowHelper: refreshTipWindow windowDragBounds:Rect(1134, 547 - 1436, 1085)
11-19 05:35:08.670 1499 1638 W WindowManager: updateScale0.4617737
11-19 05:35:08.686 1499 1638 D FreeFormWindowHelper: refreshTipWindow windowDragBounds:Rect(1235, 558 - 1537, 1096)
11-19 05:35:08.687 1499 1638 W WindowManager: updateScale0.4617737
11-19 05:35:08.689 1499 5048 W WindowManager: updateScale0.4617737
11-19 05:35:08.701 1499 1499 W WindowManager: removeWindowToken: Attempted to remove non-existing token: android.os.Binder@c907f5a
11-19 05:35:08.703 1499 1638 D FreeFormWindowHelper: refreshTipWindow windowDragBounds:Rect(1357, 573 - 1659, 1111)
11-19 05:35:08.704 1499 1638 W WindowManager: updateScale0.4617737
11-19 05:35:08.719 1499 1638 D FreeFormWindowHelper: refreshTipWindow windowDragBounds:Rect(1435, 577 - 1737, 1115)
11-19 05:35:08.720 1499 1638 W WindowManager: updateScale0.4617737
11-19 05:35:08.736 1499 1638 D FreeFormWindowHelper: refreshTipWindow windowDragBounds:Rect(1515, 579 - 1817, 1117)
11-19 05:35:08.737 1499 1638 W WindowManager: updateScale0.4617737
11-19 05:35:08.750 1499 1638 D FreeFormWindowHelper: refreshTipWindow windowDragBounds:Rect(1551, 579 - 1853, 1117)
11-19 05:35:08.751 1499 1638 W WindowManager: updateScale0.4617737
11-19 05:35:08.754 1499 1638 D WindowManager: updateWindowDragBounds: mIsSwipeYfalse
11-19 05:35:08.754 1499 1638 D WindowManager: updateWindowDragBounds: mIsTopfalse
11-19 05:35:08.754 1499 1638 D WindowManager: updateWindowDragBounds: mIsSwipeXfalse
11-19 05:35:08.755 1499 1638 W WindowManager: updateScale0.4617737
11-19 05:35:09.131 0 0 I auditd : type=1400 audit(0.0:13595): avc: denied { kill } for comm="swapper/2" capability=5 scontext=u:r:kernel:s0 tcontext=u:r:kernel:s0 tclass=capability permissive=0
11-19 05:35:09.658 1499 1831 I input_interaction: Interaction with: dc59070 com.android.calendar/com.android.calendar.AllInOneActivity (server), edge-swipe (server), swipe-up (server), PointerEventDispatcher0 (server),
11-19 05:35:09.793 1499 1499 W WindowManager: removeWindowToken: Attempted to remove non-existing token: android.os.Binder@795d5f1
11-19 05:35:10.026 1499 5048 W WindowManager: updateScale0.7996942
11-19 05:35:10.028 1499 5048 I wm_relaunch_resume_activity: [0,207378235,83,com.android.calendar/.AllInOneActivity]
11-19 05:35:10.030 1499 5048 W WindowManager: updateScale0.7996942
11-19 05:35:10.049 14185 14185 I wm_on_top_resumed_lost_called: [207378235,com.android.calendar.AllInOneActivity,pausing]
11-19 05:35:10.052 14185 14185 I wm_on_paused_called: [207378235,com.android.calendar.AllInOneActivity,performPause]
11-19 05:35:10.052 14185 14185 I wm_on_stop_called: [207378235,com.android.calendar.AllInOneActivity,handleRelaunchActivity]
11-19 05:35:10.054 14185 14185 I wm_on_destroy_called: [207378235,com.android.calendar.AllInOneActivity,performDestroy]
11-19 05:35:10.084 14185 14185 I wm_on_create_called: [207378235,com.android.calendar.AllInOneActivity,performCreate]
11-19 05:35:10.102 14185 14185 I wm_on_start_called: [207378235,com.android.calendar.AllInOneActivity,handleStartActivity]
11-19 05:35:10.107 14185 14185 I wm_on_resume_called: [207378235,com.android.calendar.AllInOneActivity,RESUME_ACTIVITY]
11-19 05:35:10.107 14185 14185 I wm_on_top_resumed_gained_called: [207378235,com.android.calendar.AllInOneActivity,topWhenResuming]
11-19 05:35:10.113 1499 5048 W WindowManager: updateScale0.7996942
11-19 05:35:10.114 1499 5048 W WindowManager: updateScale0.7996942
11-19 05:35:10.131 0 0 I auditd : type=1400 audit(0.0:13596): avc: denied { kill } for comm="swapper/2" capability=5 scontext=u:r:kernel:s0 tcontext=u:r:kernel:s0 tclass=capability permissive=0
11-19 05:35:11.035 1499 1645 I am_uid_idle: 10094
11-19 05:35:11.131 0 0 I auditd : type=1400 audit(0.0:13597): avc: denied { kill } for comm="swapper/2" capability=5 scontext=u:r:kernel:s0 tcontext=u:r:kernel:s0 tclass=capability permissive=0
11-19 05:35:11.382 1499 5048 W WindowManager: updateScale0.4617737
11-19 05:35:11.384 1499 5048 I wm_relaunch_resume_activity: [0,207378235,83,com.android.calendar/.AllInOneActivity]
11-19 05:35:11.385 1499 5048 W WindowManager: updateScale0.4617737
11-19 05:35:11.402 14185 14185 I wm_on_top_resumed_lost_called: [207378235,com.android.calendar.AllInOneActivity,pausing]
11-19 05:35:11.404 14185 14185 I wm_on_paused_called: [207378235,com.android.calendar.AllInOneActivity,performPause]
11-19 05:35:11.404 14185 14185 I wm_on_stop_called: [207378235,com.android.calendar.AllInOneActivity,handleRelaunchActivity]
11-19 05:35:11.405 14185 14185 I wm_on_destroy_called: [207378235,com.android.calendar.AllInOneActivity,performDestroy]
11-19 05:35:11.428 14185 14185 I wm_on_create_called: [207378235,com.android.calendar.AllInOneActivity,performCreate]
11-19 05:35:11.445 14185 14185 I wm_on_start_called: [207378235,com.android.calendar.AllInOneActivity,handleStartActivity]
11-19 05:35:11.450 14185 14185 I wm_on_resume_called: [207378235,com.android.calendar.AllInOneActivity,RESUME_ACTIVITY]
11-19 05:35:11.450 14185 14185 I wm_on_top_resumed_gained_called: [207378235,com.android.calendar.AllInOneActivity,topWhenResuming]
11-19 05:35:11.456 1499 5048 W WindowManager: updateScale0.4617737
11-19 05:35:11.458 1499 5048 W WindowManager: updateScale0.4617737
11-19 05:35:12.131 0 0 I auditd : type=1400 audit(0.0:13598): avc: denied { kill } for comm="swapper/2" capability=5 scontext=u:r:kernel:s0 tcontext=u:r:kernel:s0 tclass=capability permissive=0
11-19 05:35:12.350 1499 1499 W WindowManager: removeWindowToken: Attempted to remove non-existing token: android.os.Binder@fac2974
11-19 05:35:12.931 1499 5048 W WindowManager: updateScale0.7996942
11-19 05:35:12.933 1499 5048 I wm_relaunch_resume_activity: [0,207378235,83,com.android.calendar/.AllInOneActivity]
11-19 05:35:12.935 1499 5048 W WindowManager: updateScale0.7996942
11-19 05:35:12.953 14185 14185 I wm_on_top_resumed_lost_called: [207378235,com.android.calendar.AllInOneActivity,pausing]
11-19 05:35:12.959 14185 14185 I wm_on_paused_called: [207378235,com.android.calendar.AllInOneActivity,performPause]
11-19 05:35:12.959 14185 14185 I wm_on_stop_called: [207378235,com.android.calendar.AllInOneActivity,handleRelaunchActivity]
11-19 05:35:12.961 14185 14185 I wm_on_destroy_called: [207378235,com.android.calendar.AllInOneActivity,performDestroy]
11-19 05:35:12.980 14185 14185 I wm_on_create_called: [207378235,com.android.calendar.AllInOneActivity,performCreate]
11-19 05:35:12.995 14185 14185 I wm_on_start_called: [207378235,com.android.calendar.AllInOneActivity,handleStartActivity]
11-19 05:35:13.002 14185 14185 I wm_on_resume_called: [207378235,com.android.calendar.AllInOneActivity,RESUME_ACTIVITY]
11-19 05:35:13.002 14185 14185 I wm_on_top_resumed_gained_called: [207378235,com.android.calendar.AllInOneActivity,topWhenResuming]
11-19 05:35:13.007 1499 1730 W WindowManager: updateScale0.7996942
11-19 05:35:13.009 1499 1730 W WindowManager: updateScale0.7996942
11-19 05:35:13.040 1499 1644 I am_pss : [14185,10062,com.android.calendar,45672448,40542208,0,164564992,0,2,10]
11-19 05:35:14.131 0 0 I auditd : type=1400 audit(0.0:13599): avc: denied { kill } for comm="swapper/2" capability=5 scontext=u:r:kernel:s0 tcontext=u:r:kernel:s0 tclass=capability permissive=0
11-19 05:35:14.311 1499 5048 W WindowManager: updateScale0.4617737
11-19 05:35:14.313 1499 5048 I wm_relaunch_resume_activity: [0,207378235,83,com.android.calendar/.AllInOneActivity]
11-19 05:35:14.315 1499 5048 W WindowManager: updateScale0.4617737
11-19 05:35:14.341 14185 14185 I wm_on_top_resumed_lost_called: [207378235,com.android.calendar.AllInOneActivity,pausing]
11-19 05:35:14.343 14185 14185 I wm_on_paused_called: [207378235,com.android.calendar.AllInOneActivity,performPause]
11-19 05:35:14.343 14185 14185 I wm_on_stop_called: [207378235,com.android.calendar.AllInOneActivity,handleRelaunchActivity]
11-19 05:35:14.344 14185 14185 I wm_on_destroy_called: [207378235,com.android.calendar.AllInOneActivity,performDestroy]
11-19 05:35:14.367 14185 14185 I wm_on_create_called: [207378235,com.android.calendar.AllInOneActivity,performCreate]
11-19 05:35:14.383 14185 14185 I wm_on_start_called: [207378235,com.android.calendar.AllInOneActivity,handleStartActivity]
11-19 05:35:14.387 14185 14185 I wm_on_resume_called: [207378235,com.android.calendar.AllInOneActivity,RESUME_ACTIVITY]
11-19 05:35:14.388 14185 14185 I wm_on_top_resumed_gained_called: [207378235,com.android.calendar.AllInOneActivity,topWhenResuming]
11-19 05:35:14.393 1499 5048 W WindowManager: updateScale0.4617737
11-19 05:35:14.394 1499 5048 W WindowManager: updateScale0.4617737
11-19 05:35:14.956 1499 1645 I am_uid_idle: 10063
11-19 05:35:15.131 0 0 I auditd : type=1400 audit(0.0:13600): avc: denied { kill } for comm="swapper/2" capability=5 scontext=u:r:kernel:s0 tcontext=u:r:kernel:s0 tclass=capability permissive=0
11-19 05:35:15.491 1499 5048 W WindowManager: updateScale0.7996942
11-19 05:35:15.492 1499 5048 I wm_relaunch_resume_activity: [0,207378235,83,com.android.calendar/.AllInOneActivity]
11-19 05:35:15.494 1499 5048 W WindowManager: updateScale0.7996942
11-19 05:35:15.508 14185 14185 I wm_on_top_resumed_lost_called: [207378235,com.android.calendar.AllInOneActivity,pausing]
11-19 05:35:15.510 14185 14185 I wm_on_paused_called: [207378235,com.android.calendar.AllInOneActivity,performPause]
11-19 05:35:15.510 14185 14185 I wm_on_stop_called: [207378235,com.android.calendar.AllInOneActivity,handleRelaunchActivity]
11-19 05:35:15.511 14185 14185 I wm_on_destroy_called: [207378235,com.android.calendar.AllInOneActivity,performDestroy]
11-19 05:35:15.533 14185 14185 I wm_on_create_called: [207378235,com.android.calendar.AllInOneActivity,performCreate]
11-19 05:35:15.550 14185 14185 I wm_on_start_called: [207378235,com.android.calendar.AllInOneActivity,handleStartActivity]
11-19 05:35:15.558 14185 14185 I wm_on_resume_called: [207378235,com.android.calendar.AllInOneActivity,RESUME_ACTIVITY]
11-19 05:35:15.559 14185 14185 I wm_on_top_resumed_gained_called: [207378235,com.android.calendar.AllInOneActivity,topWhenResuming]
11-19 05:35:15.565 1499 1730 W WindowManager: updateScale0.7996942
11-19 05:35:15.567 1499 1730 W WindowManager: updateScale0.7996942
11-19 05:35:16.131 0 0 I auditd : type=1400 audit(0.0:13601): avc: denied { kill } for comm="swapper/2" capability=5 scontext=u:r:kernel:s0 tcontext=u:r:kernel:s0 tclass=capability permissive=0
11-19 05:35:17.131 0 0 I auditd : type=1400 audit(0.0:13602): avc: denied { kill } for comm="swapper/2" capability=5 scontext=u:r:kernel:s0 tcontext=u:r:kernel:s0 tclass=capability permissive=0
11-19 05:35:18.131 0 0 I auditd : type=1400 audit(0.0:13603): avc: denied { kill } for comm="swapper/2" capability=5 scontext=u:r:kernel:s0 tcontext=u:r:kernel:s0 tclass=capability permissive=0
11-19 05:35:18.907 1499 1499 I service_manager_stats: [100,91,37893]
11-19 05:35:19.131 0 0 I auditd : type=1400 audit(0.0:13604): avc: denied { kill } for comm="swapper/2" capability=5 scontext=u:r:kernel:s0 tcontext=u:r:kernel:s0 tclass=capability permissive=0
11-19 05:35:20.131 0 0 I auditd : type=1400 audit(0.0:13605): avc: denied { kill } for comm="swapper/2" capability=5 scontext=u:r:kernel:s0 tcontext=u:r:kernel:s0 tclass=capability permissive=0
11-19 05:35:21.131 0 0 I auditd : type=1400 audit(0.0:13606): avc: denied { kill } for comm="swapper/2" capability=5 scontext=u:r:kernel:s0 tcontext=u:r:kernel:s0 tclass=capability permissive=0
11-19 05:35:22.131 0 0 I auditd : type=1400 audit(0.0:13607): avc: denied { kill } for comm="swapper/2" capability=5 scontext=u:r:kernel:s0 tcontext=u:r:kernel:s0 tclass=capability permissive=0
11-19 05:35:23.131 0 0 I auditd : type=1400 audit(0.0:13608): avc: denied { kill } for comm="swapper/2" capability=5 scontext=u:r:kernel:s0 tcontext=u:r:kernel:s0 tclass=capability permissive=0
11-19 05:35:24.131 0 0 I auditd : type=1400 audit(0.0:13609): avc: denied { kill } for comm="swapper/2" capability=5 scontext=u:r:kernel:s0 tcontext=u:r:kernel:s0 tclass=capability permissive=0
11-19 05:35:25.131 0 0 I auditd : type=1400 audit(0.0:13610): avc: denied { kill } for comm="swapper/2" capability=5 scontext=u:r:kernel:s0 tcontext=u:r:kernel:s0 tclass=capability permissive=0
11-19 05:35:26.131 0 0 I auditd : type=1400 audit(0.0:13611): avc: denied { kill } for comm="swapper/2" capability=5 scontext=u:r:kernel:s0 tcontext=u:r:kernel:s0 tclass=capability permissive=0
11-19 05:35:27.131 0 0 I auditd : type=1400 audit(0.0:13612): avc: denied { kill } for comm="swapper/2" capability=5 scontext=u:r:kernel:s0 tcontext=u:r:kernel:s0 tclass=capability permissive=0
11-19 05:35:28.099 14717 14717 I auditd : type=1400 audit(0.0:13613): avc: denied { read } for comm="app_process" name="u:object_r:odsign_prop:s0" dev="tmpfs" ino=3272 scontext=u:r:shell:s0 tcontext=u:object_r:odsign_prop:s0 tclass=file permissive=0
11-19 05:35:28.131 0 0 I auditd : type=1400 audit(0.0:13614): avc: denied { kill } for comm="swapper/2" capability=5 scontext=u:r:kernel:s0 tcontext=u:r:kernel:s0 tclass=capability permissive=0
11-19 05:35:28.327 14733 14733 I auditd : type=1400 audit(0.0:13615): avc: denied { read } for comm="app_process" name="u:object_r:odsign_prop:s0" dev="tmpfs" ino=3272 scontext=u:r:shell:s0 tcontext=u:object_r:odsign_prop:s0 tclass=file permissive=0
11-19 05:35:29.131 288 288 I auditd : type=1400 audit(0.0:13616): avc: denied { kill } for comm="kgsl_worker_thr" capability=5 scontext=u:r:kernel:s0 tcontext=u:r:kernel:s0 tclass=capability permissive=0
11-19 05:35:30.131 0 0 I auditd : type=1400 audit(0.0:13617): avc: denied { kill } for comm="swapper/2" capability=5 scontext=u:r:kernel:s0 tcontext=u:r:kernel:s0 tclass=capability permissive=0
11-19 05:35:31.131 0 0 I auditd : type=1400 audit(0.0:13618): avc: denied { kill } for comm="swapper/2" capability=5 scontext=u:r:kernel:s0 tcontext=u:r:kernel:s0 tclass=capability permissive=0
11-19 05:35:32.131 0 0 I auditd : type=1400 audit(0.0:13619): avc: denied { kill } for comm="swapper/2" capability=5 scontext=u:r:kernel:s0 tcontext=u:r:kernel:s0 tclass=capability permissive=0
11-19 05:35:33.092 1499 1614 W WindowManager: updateScale0.4617737
11-19 05:35:33.096 1499 1614 I wm_relaunch_resume_activity: [0,207378235,83,com.android.calendar/.AllInOneActivity]
11-19 05:35:33.099 1499 1614 W WindowManager: updateScale0.4617737
11-19 05:35:33.110 14185 14185 I wm_on_top_resumed_lost_called: [207378235,com.android.calendar.AllInOneActivity,pausing]
11-19 05:35:33.113 14185 14185 I wm_on_paused_called: [207378235,com.android.calendar.AllInOneActivity,performPause]
11-19 05:35:33.113 14185 14185 I wm_on_stop_called: [207378235,com.android.calendar.AllInOneActivity,handleRelaunchActivity]
11-19 05:35:33.114 14185 14185 I wm_on_destroy_called: [207378235,com.android.calendar.AllInOneActivity,performDestroy]
11-19 05:35:33.139 1499 1644 I am_pss : [14185,10062,com.android.calendar,48992256,43855872,0,167878656,0,2,8]
11-19 05:35:33.146 14185 14185 I wm_on_create_called: [207378235,com.android.calendar.AllInOneActivity,performCreate]
11-19 05:35:33.159 14185 14185 I wm_on_start_called: [207378235,com.android.calendar.AllInOneActivity,handleStartActivity]
11-19 05:35:33.164 14185 14185 I wm_on_resume_called: [207378235,com.android.calendar.AllInOneActivity,RESUME_ACTIVITY]
11-19 05:35:33.164 14185 14185 I wm_on_top_resumed_gained_called: [207378235,com.android.calendar.AllInOneActivity,topWhenResuming]
11-19 05:35:33.169 1499 1614 W WindowManager: updateScale0.4617737
11-19 05:35:33.171 1499 1614 W WindowManager: updateScale0.4617737
11-19 05:35:33.210 1499 1644 I am_pss : [13960,10066,com.android.gallery3d,35086336,30076928,0,151961600,0,18,11]
11-19 05:35:34.002 14185 14185 I view_enqueue_input_event: [Motion - Cancel,com.android.calendar/com.android.calendar.AllInOneActivity]
11-19 05:35:34.004 1499 1831 I input_interaction: Interaction with: WindowManager (server), edge-swipe (server), swipe-up (server), PointerEventDispatcher0 (server),
11-19 05:35:34.013 1499 1638 D FreeFormWindowHelper: refreshTipWindow windowDragBounds:Rect(2062, 67 - 2364, 605)
11-19 05:35:34.016 1499 1638 W WindowManager: updateScale0.4617737
11-19 05:35:34.030 1499 1638 D FreeFormWindowHelper: refreshTipWindow windowDragBounds:Rect(2049, 64 - 2351, 602)
11-19 05:35:34.033 1499 1638 W WindowManager: updateScale0.4617737
11-19 05:35:34.047 1499 1638 D FreeFormWindowHelper: refreshTipWindow windowDragBounds:Rect(2037, 65 - 2339, 603)
11-19 05:35:34.048 1499 1638 W WindowManager: updateScale0.4617737
11-19 05:35:34.063 1499 1638 D FreeFormWindowHelper: refreshTipWindow windowDragBounds:Rect(2030, 65 - 2332, 603)
11-19 05:35:34.066 1499 1638 W WindowManager: updateScale0.4617737
11-19 05:35:34.080 1499 1638 D FreeFormWindowHelper: refreshTipWindow windowDragBounds:Rect(2016, 65 - 2318, 603)
11-19 05:35:34.083 1499 1638 W WindowManager: updateScale0.4617737
11-19 05:35:34.097 1499 1638 D FreeFormWindowHelper: refreshTipWindow windowDragBounds:Rect(2003, 65 - 2305, 603)
11-19 05:35:34.099 1499 1638 W WindowManager: updateScale0.4617737
11-19 05:35:34.113 1499 1638 D FreeFormWindowHelper: refreshTipWindow windowDragBounds:Rect(2004, 65 - 2306, 603)
11-19 05:35:34.115 1499 1638 W WindowManager: updateScale0.4617737
11-19 05:35:34.131 1499 1638 D FreeFormWindowHelper: refreshTipWindow windowDragBounds:Rect(1987, 65 - 2289, 603)
11-19 05:35:34.133 1499 1638 W WindowManager: updateScale0.4617737
11-19 05:35:34.131 0 0 I auditd : type=1400 audit(0.0:13620): avc: denied { kill } for comm="swapper/1" capability=5 scontext=u:r:kernel:s0 tcontext=u:r:kernel:s0 tclass=capability permissive=0
11-19 05:35:34.147 1499 1638 D FreeFormWindowHelper: refreshTipWindow windowDragBounds:Rect(1978, 65 - 2280, 603)
11-19 05:35:34.148 1499 1638 W WindowManager: updateScale0.4617737
11-19 05:35:34.164 1499 1638 D FreeFormWindowHelper: refreshTipWindow windowDragBounds:Rect(1965, 65 - 2267, 603)
11-19 05:35:34.165 1499 1638 W WindowManager: updateScale0.4617737
11-19 05:35:34.180 1499 1638 D FreeFormWindowHelper: refreshTipWindow windowDragBounds:Rect(1960, 65 - 2262, 603)
11-19 05:35:34.181 1499 1638 W WindowManager: updateScale0.4617737
11-19 05:35:34.197 1499 1638 D FreeFormWindowHelper: refreshTipWindow windowDragBounds:Rect(1952, 65 - 2254, 603)
11-19 05:35:34.198 1499 1638 W WindowManager: updateScale0.4617737
11-19 05:35:34.214 1499 1638 D FreeFormWindowHelper: refreshTipWindow windowDragBounds:Rect(1947, 65 - 2249, 603)
11-19 05:35:34.215 1499 1638 W WindowManager: updateScale0.4617737
11-19 05:35:34.230 1499 1638 D FreeFormWindowHelper: refreshTipWindow windowDragBounds:Rect(1943, 65 - 2245, 603)
11-19 05:35:34.232 1499 1638 W WindowManager: updateScale0.4617737
11-19 05:35:34.247 1499 1638 D FreeFormWindowHelper: refreshTipWindow windowDragBounds:Rect(1942, 65 - 2244, 603)
11-19 05:35:34.248 1499 1638 W WindowManager: updateScale0.4617737
11-19 05:35:34.264 1499 1638 D FreeFormWindowHelper: refreshTipWindow windowDragBounds:Rect(1940, 65 - 2242, 603)
11-19 05:35:34.265 1499 1638 W WindowManager: updateScale0.4617737
11-19 05:35:34.298 1499 1638 D FreeFormWindowHelper: refreshTipWindow windowDragBounds:Rect(1938, 65 - 2240, 603)
11-19 05:35:34.299 1499 1638 W WindowManager: updateScale0.4617737
11-19 05:35:34.314 1499 1638 D FreeFormWindowHelper: refreshTipWindow windowDragBounds:Rect(1934, 65 - 2236, 603)
11-19 05:35:34.316 1499 1638 W WindowManager: updateScale0.4617737
11-19 05:35:34.348 1499 1638 D FreeFormWindowHelper: refreshTipWindow windowDragBounds:Rect(1915, 70 - 2217, 608)
11-19 05:35:34.349 1499 1638 W WindowManager: updateScale0.4617737
11-19 05:35:34.364 1499 1638 D FreeFormWindowHelper: refreshTipWindow windowDragBounds:Rect(1883, 74 - 2185, 612)
11-19 05:35:34.366 1499 1638 W WindowManager: updateScale0.4617737
11-19 05:35:34.381 1499 1638 D FreeFormWindowHelper: refreshTipWindow windowDragBounds:Rect(1872, 74 - 2174, 612)
11-19 05:35:34.383 1499 1638 W WindowManager: updateScale0.4617737
11-19 05:35:34.397 1499 1638 D FreeFormWindowHelper: refreshTipWindow windowDragBounds:Rect(1758, 74 - 2060, 612)
11-19 05:35:34.399 1499 1638 W WindowManager: updateScale0.4617737
11-19 05:35:34.414 1499 1638 D FreeFormWindowHelper: refreshTipWindow windowDragBounds:Rect(1691, 77 - 1993, 615)
11-19 05:35:34.415 1499 1638 W WindowManager: updateScale0.4617737
11-19 05:35:34.431 1499 1638 D FreeFormWindowHelper: refreshTipWindow windowDragBounds:Rect(1578, 77 - 1880, 615)
11-19 05:35:34.432 1499 1638 W WindowManager: updateScale0.4617737
11-19 05:35:34.448 1499 1638 D FreeFormWindowHelper: refreshTipWindow windowDragBounds:Rect(1513, 77 - 1815, 615)
11-19 05:35:34.449 1499 1638 W WindowManager: updateScale0.4617737
11-19 05:35:34.464 1499 1638 D FreeFormWindowHelper: refreshTipWindow windowDragBounds:Rect(1373, 77 - 1675, 615)
11-19 05:35:34.466 1499 1638 W WindowManager: updateScale0.4617737
11-19 05:35:34.482 1499 1638 D FreeFormWindowHelper: refreshTipWindow windowDragBounds:Rect(1292, 77 - 1594, 615)
11-19 05:35:34.484 1499 1638 W WindowManager: updateScale0.4617737
11-19 05:35:34.498 1499 1638 D FreeFormWindowHelper: refreshTipWindow windowDragBounds:Rect(1183, 77 - 1485, 615)
11-19 05:35:34.499 1499 1638 W WindowManager: updateScale0.4617737
11-19 05:35:34.503 1499 1614 W WindowManager: updateScale0.4617737
11-19 05:35:34.516 1499 1638 D FreeFormWindowHelper: refreshTipWindow windowDragBounds:Rect(1129, 77 - 1431, 615)
11-19 05:35:34.518 1499 1638 W WindowManager: updateScale0.4617737
11-19 05:35:34.531 1499 1638 D FreeFormWindowHelper: refreshTipWindow windowDragBounds:Rect(1032, 74 - 1334, 612)
11-19 05:35:34.532 1499 1638 W WindowManager: updateScale0.4617737
11-19 05:35:34.548 1499 1638 D FreeFormWindowHelper: refreshTipWindow windowDragBounds:Rect(956, 74 - 1258, 612)
11-19 05:35:34.549 1499 1638 W WindowManager: updateScale0.4617737
11-19 05:35:34.565 1499 1638 D FreeFormWindowHelper: refreshTipWindow windowDragBounds:Rect(893, 74 - 1195, 612)
11-19 05:35:34.566 1499 1638 W WindowManager: updateScale0.4617737
11-19 05:35:34.581 1499 1638 D FreeFormWindowHelper: refreshTipWindow windowDragBounds:Rect(841, 74 - 1143, 612)
11-19 05:35:34.582 1499 1638 W WindowManager: updateScale0.4617737
11-19 05:35:34.598 1499 1638 D FreeFormWindowHelper: refreshTipWindow windowDragBounds:Rect(786, 74 - 1088, 612)
11-19 05:35:34.599 1499 1638 W WindowManager: updateScale0.4617737
11-19 05:35:34.615 1499 1638 D FreeFormWindowHelper: refreshTipWindow windowDragBounds:Rect(735, 72 - 1037, 610)
11-19 05:35:34.616 1499 1638 W WindowManager: updateScale0.4617737
11-19 05:35:34.631 1499 1638 D FreeFormWindowHelper: refreshTipWindow windowDragBounds:Rect(684, 70 - 986, 608)
11-19 05:35:34.633 1499 1638 W WindowManager: updateScale0.4617737
11-19 05:35:34.648 1499 1638 D FreeFormWindowHelper: refreshTipWindow windowDragBounds:Rect(616, 66 - 918, 604)
11-19 05:35:34.649 1499 1638 W WindowManager: updateScale0.4617737
11-19 05:35:34.665 1499 1638 D FreeFormWindowHelper: refreshTipWindow windowDragBounds:Rect(562, 64 - 864, 602)
11-19 05:35:34.666 1499 1638 W WindowManager: updateScale0.4617737
11-19 05:35:34.698 1499 1638 D FreeFormWindowHelper: refreshTipWindow windowDragBounds:Rect(477, 57 - 779, 595)
11-19 05:35:34.702 1499 1638 W WindowManager: updateScale0.4617737
11-19 05:35:34.715 1499 1638 D FreeFormWindowHelper: refreshTipWindow windowDragBounds:Rect(417, 54 - 719, 592)
11-19 05:35:34.715 1499 1614 W WindowManager: updateScale0.4617737
11-19 05:35:34.719 1499 1638 W WindowManager: updateScale0.4617737
11-19 05:35:34.732 1499 1638 D FreeFormWindowHelper: refreshTipWindow windowDragBounds:Rect(376, 49 - 678, 587)
11-19 05:35:34.733 1499 1638 W WindowManager: updateScale0.4617737
11-19 05:35:34.735 1499 1730 W WindowManager: updateScale0.4617737
11-19 05:35:34.748 1499 1638 D FreeFormWindowHelper: refreshTipWindow windowDragBounds:Rect(346, 48 - 648, 586)
11-19 05:35:34.750 1499 1638 W WindowManager: updateScale0.4617737
11-19 05:35:34.752 1499 1614 W WindowManager: updateScale0.4617737
11-19 05:35:34.765 1499 1638 D FreeFormWindowHelper: refreshTipWindow windowDragBounds:Rect(319, 48 - 621, 586)
11-19 05:35:34.766 1499 1638 W WindowManager: updateScale0.4617737
11-19 05:35:34.768 1499 1614 W WindowManager: updateScale0.4617737
11-19 05:35:34.780 1499 1614 W WindowManager: updateScale0.4617737
11-19 05:35:34.782 1499 1638 D FreeFormWindowHelper: refreshTipWindow windowDragBounds:Rect(299, 43 - 601, 581)
11-19 05:35:34.783 1499 1638 W WindowManager: updateScale0.4617737
11-19 05:35:34.806 1499 1638 D FreeFormWindowHelper: refreshTipWindow windowDragBounds:Rect(289, 41 - 591, 579)
11-19 05:35:34.807 1499 1638 W WindowManager: updateScale0.4617737
11-19 05:35:34.809 1499 1638 D WindowManager: updateWindowDragBounds: mIsSwipeYfalse
11-19 05:35:34.809 1499 1638 D WindowManager: updateWindowDragBounds: mIsTopfalse
11-19 05:35:34.809 1499 1638 D WindowManager: updateWindowDragBounds: mIsSwipeXfalse
11-19 05:35:34.810 1499 1638 W WindowManager: updateScale0.4617737
11-19 05:35:34.832 1499 1614 W WindowManager: updateScale0.4617737
11-19 05:35:35.131 0 0 I auditd : type=1400 audit(0.0:13621): avc: denied { kill } for comm="swapper/1" capability=5 scontext=u:r:kernel:s0 tcontext=u:r:kernel:s0 tclass=capability permissive=0
11-19 05:35:35.962 1499 1831 I input_interaction: Interaction with: dc59070 com.android.calendar/com.android.calendar.AllInOneActivity (server), edge-swipe (server), swipe-up (server), PointerEventDispatcher0 (server),
11-19 05:35:36.131 0 0 I auditd : type=1400 audit(0.0:13622): avc: denied { kill } for comm="swapper/1" capability=5 scontext=u:r:kernel:s0 tcontext=u:r:kernel:s0 tclass=capability permissive=0
11-19 05:35:36.336 1499 1614 W WindowManager: updateScale0.7996942
11-19 05:35:36.339 1499 1614 I wm_relaunch_resume_activity: [0,207378235,83,com.android.calendar/.AllInOneActivity]
11-19 05:35:36.341 1499 1614 W WindowManager: updateScale0.7996942
11-19 05:35:36.357 14185 14185 I wm_on_top_resumed_lost_called: [207378235,com.android.calendar.AllInOneActivity,pausing]
11-19 05:35:36.361 14185 14185 I wm_on_paused_called: [207378235,com.android.calendar.AllInOneActivity,performPause]
11-19 05:35:36.361 14185 14185 I wm_on_stop_called: [207378235,com.android.calendar.AllInOneActivity,handleRelaunchActivity]
11-19 05:35:36.362 14185 14185 I wm_on_destroy_called: [207378235,com.android.calendar.AllInOneActivity,performDestroy]
11-19 05:35:36.396 14185 14185 I wm_on_create_called: [207378235,com.android.calendar.AllInOneActivity,performCreate]
11-19 05:35:36.414 14185 14185 I wm_on_start_called: [207378235,com.android.calendar.AllInOneActivity,handleStartActivity]
11-19 05:35:36.422 14185 14185 I wm_on_resume_called: [207378235,com.android.calendar.AllInOneActivity,RESUME_ACTIVITY]
11-19 05:35:36.422 14185 14185 I wm_on_top_resumed_gained_called: [207378235,com.android.calendar.AllInOneActivity,topWhenResuming]
11-19 05:35:36.426 1499 1614 W WindowManager: updateScale0.7996942
11-19 05:35:36.428 1499 1614 W WindowManager: updateScale0.7996942
11-19 05:35:37.131 0 0 I auditd : type=1400 audit(0.0:13623): avc: denied { kill } for comm="swapper/1" capability=5 scontext=u:r:kernel:s0 tcontext=u:r:kernel:s0 tclass=capability permissive=0
11-19 05:35:38.131 0 0 I auditd : type=1400 audit(0.0:13624): avc: denied { kill } for comm="swapper/1" capability=5 scontext=u:r:kernel:s0 tcontext=u:r:kernel:s0 tclass=capability permissive=0
11-19 05:35:38.758 1499 1645 I am_uid_idle: 10090
11-19 05:35:39.131 0 0 I auditd : type=1400 audit(0.0:13625): avc: denied { kill } for comm="swapper/1" capability=5 scontext=u:r:kernel:s0 tcontext=u:r:kernel:s0 tclass=capability permissive=0
11-19 05:35:40.131 0 0 I auditd : type=1400 audit(0.0:13626): avc: denied { kill } for comm="swapper/1" capability=5 scontext=u:r:kernel:s0 tcontext=u:r:kernel:s0 tclass=capability permissive=0
11-19 05:35:41.131 0 0 I auditd : type=1400 audit(0.0:13627): avc: denied { kill } for comm="swapper/1" capability=5 scontext=u:r:kernel:s0 tcontext=u:r:kernel:s0 tclass=capability permissive=0
11-19 05:35:42.131 0 0 I auditd : type=1400 audit(0.0:13628): avc: denied { kill } for comm="swapper/1" capability=5 scontext=u:r:kernel:s0 tcontext=u:r:kernel:s0 tclass=capability permissive=0
11-19 05:35:43.131 0 0 I auditd : type=1400 audit(0.0:13629): avc: denied { kill } for comm="swapper/1" capability=5 scontext=u:r:kernel:s0 tcontext=u:r:kernel:s0 tclass=capability permissive=0
11-19 05:35:44.131 0 0 I auditd : type=1400 audit(0.0:13630): avc: denied { kill } for comm="swapper/1" capability=5 scontext=u:r:kernel:s0 tcontext=u:r:kernel:s0 tclass=capability permissive=0
11-19 05:35:45.131 0 0 I auditd : type=1400 audit(0.0:13631): avc: denied { kill } for comm="swapper/1" capability=5 scontext=u:r:kernel:s0 tcontext=u:r:kernel:s0 tclass=capability permissive=0
11-19 05:35:46.131 0 0 I auditd : type=1400 audit(0.0:13632): avc: denied { kill } for comm="swapper/1" capability=5 scontext=u:r:kernel:s0 tcontext=u:r:kernel:s0 tclass=capability permissive=0
11-19 05:35:47.131 0 0 I auditd : type=1400 audit(0.0:13633): avc: denied { kill } for comm="swapper/1" capability=5 scontext=u:r:kernel:s0 tcontext=u:r:kernel:s0 tclass=capability permissive=0
11-19 05:35:48.131 0 0 I auditd : type=1400 audit(0.0:13634): avc: denied { kill } for comm="swapper/1" capability=5 scontext=u:r:kernel:s0 tcontext=u:r:kernel:s0 tclass=capability permissive=0
11-19 05:35:49.131 0 0 I auditd : type=1400 audit(0.0:13635): avc: denied { kill } for comm="swapper/1" capability=5 scontext=u:r:kernel:s0 tcontext=u:r:kernel:s0 tclass=capability permissive=0
11-19 05:35:50.131 0 0 I auditd : type=1400 audit(0.0:13636): avc: denied { kill } for comm="swapper/1" capability=5 scontext=u:r:kernel:s0 tcontext=u:r:kernel:s0 tclass=capability permissive=0
11-19 05:35:51.131 0 0 I auditd : type=1400 audit(0.0:13637): avc: denied { kill } for comm="swapper/1" capability=5 scontext=u:r:kernel:s0 tcontext=u:r:kernel:s0 tclass=capability permissive=0
11-19 05:35:52.131 0 0 I auditd : type=1400 audit(0.0:13638): avc: denied { kill } for comm="swapper/1" capability=5 scontext=u:r:kernel:s0 tcontext=u:r:kernel:s0 tclass=capability permissive=0
11-19 05:35:53.131 0 0 I auditd : type=1400 audit(0.0:13639): avc: denied { kill } for comm="swapper/1" capability=5 scontext=u:r:kernel:s0 tcontext=u:r:kernel:s0 tclass=capability permissive=0
11-19 05:35:54.131 0 0 I auditd : type=1400 audit(0.0:13640): avc: denied { kill } for comm="swapper/1" capability=5 scontext=u:r:kernel:s0 tcontext=u:r:kernel:s0 tclass=capability permissive=0
11-19 05:35:55.131 0 0 I auditd : type=1400 audit(0.0:13641): avc: denied { kill } for comm="swapper/1" capability=5 scontext=u:r:kernel:s0 tcontext=u:r:kernel:s0 tclass=capability permissive=0
11-19 05:35:56.131 0 0 I auditd : type=1400 audit(0.0:13642): avc: denied { kill } for comm="swapper/1" capability=5 scontext=u:r:kernel:s0 tcontext=u:r:kernel:s0 tclass=capability permissive=0
11-19 05:35:57.125 1499 1730 W WindowManager: updateScale0.4617737
11-19 05:35:57.128 1499 1730 I wm_relaunch_resume_activity: [0,207378235,83,com.android.calendar/.AllInOneActivity]
11-19 05:35:57.130 1499 1730 W WindowManager: updateScale0.4617737
11-19 05:35:57.147 14185 14185 I wm_on_top_resumed_lost_called: [207378235,com.android.calendar.AllInOneActivity,pausing]
11-19 05:35:57.149 14185 14185 I wm_on_paused_called: [207378235,com.android.calendar.AllInOneActivity,performPause]
11-19 05:35:57.149 14185 14185 I wm_on_stop_called: [207378235,com.android.calendar.AllInOneActivity,handleRelaunchActivity]
