--------- beginning of radio
11-19 01:19:02.139 1499 1499 D TelephonyRegistry: listen oscl: mHasNotifySubscriptionInfoChangedOccurred==false no callback
11-19 01:19:02.644 1499 2438 D TelephonyRegistry: listen oscl: mHasNotifySubscriptionInfoChangedOccurred==false no callback
11-19 01:19:02.687 1499 2268 D TelephonyRegistry: listen oscl: mHasNotifySubscriptionInfoChangedOccurred==false no callback
11-19 01:19:02.702 1499 1499 D TelephonyRegistry: listen oscl: mHasNotifySubscriptionInfoChangedOccurred==false no callback
11-19 01:19:02.703 1499 2269 D TelephonyRegistry: listen oscl: mHasNotifySubscriptionInfoChangedOccurred==false no callback
11-19 01:19:02.721 1499 1499 D TelephonyRegistry: listen oscl: mHasNotifySubscriptionInfoChangedOccurred==false no callback
11-19 01:19:02.758 1499 1634 W CarrierConfigManager: Error getting config for subId -1 ICarrierConfigLoader is null
11-19 01:19:02.807 1499 1499 D TelephonyRegistry: systemRunning register for intents
11-19 01:19:02.891 1499 1644 D TelephonyRegistry: listen oscl: mHasNotifySubscriptionInfoChangedOccurred==false no callback
11-19 01:19:03.174 2342 2342 W CarrierConfigManager: Error getting config for subId -1 ICarrierConfigLoader is null
11-19 01:19:03.190 1499 2762 D TelephonyRegistry: listen oscl: mHasNotifySubscriptionInfoChangedOccurred==false no callback
11-19 01:19:03.729 1499 1499 D TelephonyRegistry: listen oscl: mHasNotifySubscriptionInfoChangedOccurred==false no callback
11-19 01:19:03.732 1499 1499 W CarrierConfigManager: Error getting config for subId -1 ICarrierConfigLoader is null
11-19 01:19:04.237 1499 2432 D TelephonyRegistry: listen oscl: mHasNotifySubscriptionInfoChangedOccurred==false no callback
11-19 01:19:04.674 1499 1499 D TelephonyRegistry: notifyCellLocationForSubscriber: subId=2147483647 cellIdentity=null
11-19 01:19:04.961 1499 2757 D TelephonyRegistry: listen oscl: mHasNotifySubscriptionInfoChangedOccurred==false no callback
11-19 01:19:05.605 1499 2432 D TelephonyRegistry: listen oscl: mHasNotifySubscriptionInfoChangedOccurred==false no callback
11-19 01:19:06.727 1499 1499 W CarrierConfigManager: Error getting config for subId -1 ICarrierConfigLoader is null
11-19 01:19:06.732 1499 1499 W CarrierConfigManager: Error getting config for subId -1 ICarrierConfigLoader is null
11-19 01:19:07.133 4147 4147 D CAT : BootCompletedReceiver: [ACTION_BOOT_COMPLETED]
11-19 01:19:07.134 4147 4147 D CAT : StkAppService: onCreate()+
11-19 01:19:07.135 4147 4147 D CAT : StkAppService: simCount: 1
11-19 01:19:07.135 4147 4147 D CAT : StkAppService: slotId: 0
11-19 01:19:07.136 4147 4147 D CAT : StkAppService: onStart sim id: 0, op: 5, *****
11-19 01:19:07.136 4147 4147 D CAT : StkAppService: mStkService is: -1
11-19 01:19:07.143 4147 4147 D CAT : StkAppService: onDestroy()
11-19 01:19:38.501 2896 2896 W CarrierConfigManager: Error getting config for subId -1 ICarrierConfigLoader is null
11-19 01:19:38.540 1499 2762 D TelephonyRegistry: listen oscl: mHasNotifySubscriptionInfoChangedOccurred==false no callback
11-19 01:19:38.543 1499 1614 D TelephonyRegistry: listen oscl: mHasNotifySubscriptionInfoChangedOccurred==false no callback
11-19 01:19:41.710 1499 3537 D TelephonyRegistry: listen oscl: mHasNotifySubscriptionInfoChangedOccurred==false no callback
11-19 01:19:41.712 1499 2755 D TelephonyRegistry: listen oscl: mHasNotifySubscriptionInfoChangedOccurred==false no callback
11-19 01:19:50.167 2896 2896 W FeatureConnector: [ImsConnector, 0] connect: not supported.
11-19 01:19:54.872 1499 2437 D TelephonyRegistry: listen oscl: mHasNotifySubscriptionInfoChangedOccurred==false no callback
11-19 01:19:54.874 1499 2437 D TelephonyRegistry: listen oscl: mHasNotifySubscriptionInfoChangedOccurred==false no callback
11-19 01:25:20.046 1499 4678 D TelephonyRegistry: listen oscl: mHasNotifySubscriptionInfoChangedOccurred==false no callback
11-19 01:25:20.048 1499 4678 D TelephonyRegistry: listen oscl: mHasNotifySubscriptionInfoChangedOccurred==false no callback
11-19 02:42:44.122 1499 2438 D TelephonyRegistry: listen oscl: mHasNotifySubscriptionInfoChangedOccurred==false no callback
11-19 02:42:44.129 2342 2342 W CarrierConfigManager: Error getting config for subId -1 ICarrierConfigLoader is null
11-19 02:43:13.935 6725 6725 W CarrierConfigManager: Error getting config for subId -1 ICarrierConfigLoader is null
11-19 02:43:13.982 1499 2437 D TelephonyRegistry: listen oscl: mHasNotifySubscriptionInfoChangedOccurred==false no callback
11-19 02:43:13.987 1499 3537 D TelephonyRegistry: listen oscl: mHasNotifySubscriptionInfoChangedOccurred==false no callback
11-19 02:43:17.913 1499 2437 D TelephonyRegistry: listen oscl: mHasNotifySubscriptionInfoChangedOccurred==false no callback
11-19 02:43:17.918 2342 2342 W CarrierConfigManager: Error getting config for subId -1 ICarrierConfigLoader is null
11-19 04:05:28.396 1499 2389 D TelephonyRegistry: listen oscl: mHasNotifySubscriptionInfoChangedOccurred==false no callback
11-19 04:05:28.399 1499 5215 D TelephonyRegistry: listen oscl: mHasNotifySubscriptionInfoChangedOccurred==false no callback
11-19 04:05:32.108 1499 1729 D TelephonyRegistry: listen oscl: mHasNotifySubscriptionInfoChangedOccurred==false no callback
11-19 04:05:32.112 2342 2342 W CarrierConfigManager: Error getting config for subId -1 ICarrierConfigLoader is null
11-19 04:06:04.568 1499 2757 D TelephonyRegistry: listen oscl: mHasNotifySubscriptionInfoChangedOccurred==false no callback
11-19 04:06:04.572 2342 2342 W CarrierConfigManager: Error getting config for subId -1 ICarrierConfigLoader is null
11-19 04:07:29.308 1499 2757 D TelephonyRegistry: listen oscl: mHasNotifySubscriptionInfoChangedOccurred==false no callback
11-19 04:07:29.311 1499 4678 D TelephonyRegistry: listen oscl: mHasNotifySubscriptionInfoChangedOccurred==false no callback
11-19 04:47:50.701 10250 10250 W CarrierConfigManager: Error getting config for subId -1 ICarrierConfigLoader is null
11-19 04:47:50.736 1499 5520 D TelephonyRegistry: listen oscl: mHasNotifySubscriptionInfoChangedOccurred==false no callback
11-19 04:47:50.739 1499 2759 D TelephonyRegistry: listen oscl: mHasNotifySubscriptionInfoChangedOccurred==false no callback
11-19 04:48:02.423 10325 10325 W CarrierConfigManager: Error getting config for subId -1 ICarrierConfigLoader is null
11-19 04:48:02.454 1499 8632 D TelephonyRegistry: listen oscl: mHasNotifySubscriptionInfoChangedOccurred==false no callback
11-19 04:48:02.456 1499 8632 D TelephonyRegistry: listen oscl: mHasNotifySubscriptionInfoChangedOccurred==false no callback
11-19 04:48:04.339 10325 10339 W CarrierConfigManager: Error getting config for subId -1 ICarrierConfigLoader is null
11-19 04:48:04.342 10325 10339 W CarrierConfigManager: Error getting config for subId -1 ICarrierConfigLoader is null
11-19 04:48:04.342 10325 10339 W CarrierConfigManager: Error getting config for subId -1 ICarrierConfigLoader is null
11-19 04:48:04.342 10325 10339 W CarrierConfigManager: Error getting config for subId -1 ICarrierConfigLoader is null
11-19 04:48:04.342 10325 10339 W CarrierConfigManager: Error getting config for subId -1 ICarrierConfigLoader is null
11-19 04:48:04.343 10325 10339 W CarrierConfigManager: Error getting config for subId -1 ICarrierConfigLoader is null
11-19 04:48:04.343 10325 10339 W CarrierConfigManager: Error getting config for subId -1 ICarrierConfigLoader is null
11-19 04:48:04.344 10325 10339 W CarrierConfigManager: Error getting config for subId -1 ICarrierConfigLoader is null
11-19 04:48:04.344 10325 10339 W CarrierConfigManager: Error getting config for subId -1 ICarrierConfigLoader is null
11-19 04:48:04.344 10325 10339 W CarrierConfigManager: Error getting config for subId -1 ICarrierConfigLoader is null
11-19 04:49:12.278 1499 1729 D TelephonyRegistry: listen oscl: mHasNotifySubscriptionInfoChangedOccurred==false no callback
11-19 04:49:12.279 2342 2342 W CarrierConfigManager: Error getting config for subId -1 ICarrierConfigLoader is null
11-19 04:49:28.195 1499 3537 D TelephonyRegistry: listen oscl: mHasNotifySubscriptionInfoChangedOccurred==false no callback
11-19 04:49:28.200 2342 2342 W CarrierConfigManager: Error getting config for subId -1 ICarrierConfigLoader is null
11-19 04:49:39.311 1499 1614 D TelephonyRegistry: listen oscl: mHasNotifySubscriptionInfoChangedOccurred==false no callback
11-19 04:49:39.317 1499 1729 D TelephonyRegistry: listen oscl: mHasNotifySubscriptionInfoChangedOccurred==false no callback
11-19 04:49:40.961 10325 10460 W CarrierConfigManager: Error getting config for subId -1 ICarrierConfigLoader is null
11-19 04:49:40.965 10325 10460 W CarrierConfigManager: Error getting config for subId -1 ICarrierConfigLoader is null
11-19 04:49:40.968 10325 10460 W CarrierConfigManager: Error getting config for subId -1 ICarrierConfigLoader is null
11-19 04:49:40.968 10325 10460 W CarrierConfigManager: Error getting config for subId -1 ICarrierConfigLoader is null
11-19 04:49:40.968 10325 10460 W CarrierConfigManager: Error getting config for subId -1 ICarrierConfigLoader is null
11-19 04:49:40.971 10325 10460 W CarrierConfigManager: Error getting config for subId -1 ICarrierConfigLoader is null
11-19 04:49:40.975 10325 10460 W CarrierConfigManager: Error getting config for subId -1 ICarrierConfigLoader is null
11-19 04:49:40.975 10325 10460 W CarrierConfigManager: Error getting config for subId -1 ICarrierConfigLoader is null
11-19 04:49:40.976 10325 10460 W CarrierConfigManager: Error getting config for subId -1 ICarrierConfigLoader is null
11-19 04:49:40.977 10325 10460 W CarrierConfigManager: Error getting config for subId -1 ICarrierConfigLoader is null --------- beginning of system
11-19 04:50:21.044 1499 1654 E KernelCpuSpeedReader: Failed to read cpu-freq: /sys/devices/system/cpu/cpu4/cpufreq/stats/time_in_state: open failed: ENOENT (No such file or directory)
11-19 04:50:21.044 1499 1654 E KernelCpuSpeedReader: Failed to read cpu-freq: /sys/devices/system/cpu/cpu0/cpufreq/stats/time_in_state: open failed: ENOENT (No such file or directory)
11-19 04:50:21.112 1499 8917 D ActivityManager: freezer override set to true
11-19 04:50:23.446 1499 1654 W BatteryExternalStatsWorker: error reading modem stats:ERROR_PHONE_NOT_AVAILABLE
11-19 04:50:23.470 1499 1654 E KernelCpuSpeedReader: Failed to read cpu-freq: /sys/devices/system/cpu/cpu4/cpufreq/stats/time_in_state: open failed: ENOENT (No such file or directory)
11-19 04:50:23.470 1499 1654 E KernelCpuSpeedReader: Failed to read cpu-freq: /sys/devices/system/cpu/cpu0/cpufreq/stats/time_in_state: open failed: ENOENT (No such file or directory)
11-19 04:50:23.579 1499 8533 I ProcessStatsService: Added stats: 1970-01-01-08-18-13, over +3h11m31s476ms
11-19 04:50:23.597 1499 8533 I ProcessStatsService: Added stats: 1970-01-01-08-18-13, over +3h11m31s476ms
11-19 04:50:26.633 1499 8917 I ProcessStatsService: Added stats: 1970-01-01-08-18-13, over +3h11m31s476ms
11-19 04:50:26.650 1499 8917 I ProcessStatsService: Added stats: 1970-01-01-08-18-13, over +3h11m31s476ms
11-19 04:50:27.304 1499 9049 D CompatibilityChangeReporter: Compat change id reported: 174042980; UID 10035; state: DISABLED
11-19 04:50:27.448 1499 9049 I AdbDebuggingManager: Cannot read user keys
11-19 04:50:27.448 1499 9049 I AdbDebuggingManager: java.io.FileNotFoundException: /data/misc/adb/adb_keys: open failed: ENOENT (No such file or directory)
11-19 04:50:27.448 1499 9049 I AdbDebuggingManager: at libcore.io.IoBridge.open(IoBridge.java:575)
11-19 04:50:27.448 1499 9049 I AdbDebuggingManager: at java.io.FileInputStream.(FileInputStream.java:160)
11-19 04:50:27.448 1499 9049 I AdbDebuggingManager: at android.os.FileUtils.readTextFile(FileUtils.java:637)
11-19 04:50:27.448 1499 9049 I AdbDebuggingManager: at com.android.server.adb.AdbDebuggingManager.dump(AdbDebuggingManager.java:1755)
11-19 04:50:27.448 1499 9049 I AdbDebuggingManager: at com.android.server.adb.AdbService.dump(AdbService.java:546)
11-19 04:50:27.448 1499 9049 I AdbDebuggingManager: at android.os.Binder.doDump(Binder.java:887)
11-19 04:50:27.448 1499 9049 I AdbDebuggingManager: at android.os.Binder.dump(Binder.java:877)
11-19 04:50:27.448 1499 9049 I AdbDebuggingManager: at android.os.Binder.onTransact(Binder.java:813)
11-19 04:50:27.448 1499 9049 I AdbDebuggingManager: at android.debug.IAdbManager$Stub.onTransact(IAdbManager.java:343)
11-19 04:50:27.448 1499 9049 I AdbDebuggingManager: at android.os.Binder.execTransactInternal(Binder.java:1184)
11-19 04:50:27.448 1499 9049 I AdbDebuggingManager: at android.os.Binder.execTransact(Binder.java:1143)
11-19 04:50:27.448 1499 9049 I AdbDebuggingManager: Caused by: android.system.ErrnoException: open failed: ENOENT (No such file or directory)
11-19 04:50:27.448 1499 9049 I AdbDebuggingManager: at libcore.io.Linux.open(Native Method)
11-19 04:50:27.448 1499 9049 I AdbDebuggingManager: at libcore.io.ForwardingOs.open(ForwardingOs.java:567)
11-19 04:50:27.448 1499 9049 I AdbDebuggingManager: at libcore.io.BlockGuardOs.open(BlockGuardOs.java:273)
11-19 04:50:27.448 1499 9049 I AdbDebuggingManager: at libcore.io.IoBridge.open(IoBridge.java:561)
11-19 04:50:27.448 1499 9049 I AdbDebuggingManager: ... 10 more
11-19 04:50:27.448 1499 9049 I AdbDebuggingManager: Cannot read system keys
11-19 04:50:27.448 1499 9049 I AdbDebuggingManager: java.io.FileNotFoundException: /adb_keys: open failed: ENOENT (No such file or directory)
11-19 04:50:27.448 1499 9049 I AdbDebuggingManager: at libcore.io.IoBridge.open(IoBridge.java:575)
11-19 04:50:27.448 1499 9049 I AdbDebuggingManager: at java.io.FileInputStream.(FileInputStream.java:160)
11-19 04:50:27.448 1499 9049 I AdbDebuggingManager: at android.os.FileUtils.readTextFile(FileUtils.java:637)
11-19 04:50:27.448 1499 9049 I AdbDebuggingManager: at com.android.server.adb.AdbDebuggingManager.dump(AdbDebuggingManager.java:1762)
11-19 04:50:27.448 1499 9049 I AdbDebuggingManager: at com.android.server.adb.AdbService.dump(AdbService.java:546)
11-19 04:50:27.448 1499 9049 I AdbDebuggingManager: at android.os.Binder.doDump(Binder.java:887)
11-19 04:50:27.448 1499 9049 I AdbDebuggingManager: at android.os.Binder.dump(Binder.java:877)
11-19 04:50:27.448 1499 9049 I AdbDebuggingManager: at android.os.Binder.onTransact(Binder.java:813)
11-19 04:50:27.448 1499 9049 I AdbDebuggingManager: at android.debug.IAdbManager$Stub.onTransact(IAdbManager.java:343)
11-19 04:50:27.448 1499 9049 I AdbDebuggingManager: at android.os.Binder.execTransactInternal(Binder.java:1184)
11-19 04:50:27.448 1499 9049 I AdbDebuggingManager: at android.os.Binder.execTransact(Binder.java:1143)
11-19 04:50:27.448 1499 9049 I AdbDebuggingManager: Caused by: android.system.ErrnoException: open failed: ENOENT (No such file or directory)
11-19 04:50:27.448 1499 9049 I AdbDebuggingManager: at libcore.io.Linux.open(Native Method)
11-19 04:50:27.448 1499 9049 I AdbDebuggingManager: at libcore.io.ForwardingOs.open(ForwardingOs.java:567)
11-19 04:50:27.448 1499 9049 I AdbDebuggingManager: at libcore.io.BlockGuardOs.open(BlockGuardOs.java:273)
11-19 04:50:27.448 1499 9049 I AdbDebuggingManager: at libcore.io.IoBridge.open(IoBridge.java:561)
11-19 04:50:27.448 1499 9049 I AdbDebuggingManager: ... 10 more
11-19 04:50:27.449 1499 9049 I AdbDebuggingManager: Cannot read keystore:
11-19 04:50:27.449 1499 9049 I AdbDebuggingManager: java.io.FileNotFoundException: /data/misc/adb/adb_temp_keys.xml: open failed: ENOENT (No such file or directory)
11-19 04:50:27.449 1499 9049 I AdbDebuggingManager: at libcore.io.IoBridge.open(IoBridge.java:575)
11-19 04:50:27.449 1499 9049 I AdbDebuggingManager: at java.io.FileInputStream.(FileInputStream.java:160)
11-19 04:50:27.449 1499 9049 I AdbDebuggingManager: at android.os.FileUtils.readTextFile(FileUtils.java:637)
11-19 04:50:27.449 1499 9049 I AdbDebuggingManager: at com.android.server.adb.AdbDebuggingManager.dump(AdbDebuggingManager.java:1769)
11-19 04:50:27.449 1499 9049 I AdbDebuggingManager: at com.android.server.adb.AdbService.dump(AdbService.java:546)
11-19 04:50:27.449 1499 9049 I AdbDebuggingManager: at android.os.Binder.doDump(Binder.java:887)
11-19 04:50:27.449 1499 9049 I AdbDebuggingManager: at android.os.Binder.dump(Binder.java:877)
11-19 04:50:27.449 1499 9049 I AdbDebuggingManager: at android.os.Binder.onTransact(Binder.java:813)
11-19 04:50:27.449 1499 9049 I AdbDebuggingManager: at android.debug.IAdbManager$Stub.onTransact(IAdbManager.java:343)
11-19 04:50:27.449 1499 9049 I AdbDebuggingManager: at android.os.Binder.execTransactInternal(Binder.java:1184)
11-19 04:50:27.449 1499 9049 I AdbDebuggingManager: at android.os.Binder.execTransact(Binder.java:1143)
11-19 04:50:27.449 1499 9049 I AdbDebuggingManager: Caused by: android.system.ErrnoException: open failed: ENOENT (No such file or directory)
11-19 04:50:27.449 1499 9049 I AdbDebuggingManager: at libcore.io.Linux.open(Native Method)
11-19 04:50:27.449 1499 9049 I AdbDebuggingManager: at libcore.io.ForwardingOs.open(ForwardingOs.java:567)
11-19 04:50:27.449 1499 9049 I AdbDebuggingManager: at libcore.io.BlockGuardOs.open(BlockGuardOs.java:273)
11-19 04:50:27.449 1499 9049 I AdbDebuggingManager: at libcore.io.IoBridge.open(IoBridge.java:561)
11-19 04:50:27.449 1499 9049 I AdbDebuggingManager: ... 10 more
11-19 04:50:27.490 1499 9049 W AutofillManagerService: Ignoring invalid dump arg: -a
11-19 04:50:27.491 1499 9049 V AutofillManagerServiceImpl: getServiceUidLocked(): no mServiceInfo
11-19 04:50:27.491 1499 9049 V FieldClassificationStrategy: getServiceComponentName(): ComponentInfo{android.ext.services/android.ext.services.autofill.AutofillFieldClassificationServiceImpl}
11-19 04:50:27.501 1499 1654 W BatteryExternalStatsWorker: error reading modem stats:ERROR_PHONE_NOT_AVAILABLE
11-19 04:50:27.521 1499 1654 E KernelCpuSpeedReader: Failed to read cpu-freq: /sys/devices/system/cpu/cpu4/cpufreq/stats/time_in_state: open failed: ENOENT (No such file or directory)
11-19 04:50:27.521 1499 1654 E KernelCpuSpeedReader: Failed to read cpu-freq: /sys/devices/system/cpu/cpu0/cpufreq/stats/time_in_state: open failed: ENOENT (No such file or directory)
11-19 04:50:28.536 1499 9049 I DevicePolicyManager: Packages subject to suspension: com.hht.lebocast,com.android.documentsui,com.android.soundrecorder,com.microsoft.emmx,com.android.calendar,com.android.gallery3d,com.android.music,com.android.deskclock
11-19 04:50:28.786 1499 8533 W UsbDeviceManager: Ignore missing legacy kernel path in bugreport dump: kernel function list:/sys/class/android_usb/android0/functions
11-19 04:50:28.881 1499 9049 D ActivityManager: freezer override set to false
11-19 04:50:28.886 1499 9049 E PowerStatsService: PowerStats HAL is not initialized. No data available.
11-19 04:50:28.888 1499 9049 E PowerStatsService: PowerStats HAL is not initialized. No data available.
11-19 04:50:28.889 1499 9049 E PowerStatsService: PowerStats HAL is not initialized. No data available.
11-19 04:50:29.694 1499 8533 E PowerStatsService: PowerStats HAL is not initialized. No data available.
11-19 04:50:29.791 1499 8533 I ProcessStatsService: Added stats: 1970-01-01-08-18-13, over +3h11m31s476ms
11-19 04:50:29.866 1499 8533 I ProcessStatsService: Added stats: 1970-01-01-08-18-13, over +3h11m31s476ms
11-19 04:50:30.055 1499 8533 W CarrierConfigManager: Error getting config for subId -1 ICarrierConfigLoader is null
11-19 04:50:30.055 1499 8533 I Telecom : PhoneAccountRegistrar: getSimCallManager: SimCallManager for subId -1 queried, returning: null
11-19 04:50:30.072 1499 8533 E ThermalHalWrapper: Couldn't get temperatures because of HAL error: ThermalHAL not initialized properly.
11-19 04:50:30.075 1499 8533 E ThermalHalWrapper: Couldn't get temperature thresholds because of HAL error: ThermalHAL not initialized properly.
11-19 04:50:30.195 1499 8533 W UsbDeviceManager: Ignore missing legacy kernel path in bugreport dump: kernel function list:/sys/class/android_usb/android0/functions
11-19 04:50:30.203 1499 8533 V UserManagerService: dumpPackageWhitelistProblems(): using mode ENFORCE|IMPLICIT_WHITELIST|IMPLICIT_WHITELIST_SYSTEM
11-19 04:50:32.473 1499 8533 E VibratorManagerService: Ignoring incoming vibration as process with uid= 2000 is background, attrs= VibrationAttributes: Usage=TOUCH Audio Usage= USAGE_UNKNOWN Flags=1
11-19 04:50:32.636 1499 8533 E VibratorManagerService: Ignoring incoming vibration as process with uid= 2000 is background, attrs= VibrationAttributes: Usage=TOUCH Audio Usage= USAGE_UNKNOWN Flags=1
11-19 04:50:32.801 1499 8533 E VibratorManagerService: Ignoring incoming vibration as process with uid= 2000 is background, attrs= VibrationAttributes: Usage=TOUCH Audio Usage= USAGE_UNKNOWN Flags=1
11-19 04:50:32.938 1499 1649 I ActivityManager: Process PhantomProcessRecord {a600155 10810:2599:bugreportz/1000} died
11-19 04:50:34.270 1499 8533 I AdbDebuggingManager: Cannot read user keys
11-19 04:50:34.270 1499 8533 I AdbDebuggingManager: java.io.FileNotFoundException: /data/misc/adb/adb_keys: open failed: ENOENT (No such file or directory)
11-19 04:50:34.270 1499 8533 I AdbDebuggingManager: at libcore.io.IoBridge.open(IoBridge.java:575)
11-19 04:50:34.270 1499 8533 I AdbDebuggingManager: at java.io.FileInputStream.(FileInputStream.java:160)
11-19 04:50:34.270 1499 8533 I AdbDebuggingManager: at android.os.FileUtils.readTextFile(FileUtils.java:637)
11-19 04:50:34.270 1499 8533 I AdbDebuggingManager: at com.android.server.adb.AdbDebuggingManager.dump(AdbDebuggingManager.java:1755)
11-19 04:50:34.270 1499 8533 I AdbDebuggingManager: at com.android.server.adb.AdbService.dump(AdbService.java:546)
11-19 04:50:34.270 1499 8533 I AdbDebuggingManager: at android.os.Binder.doDump(Binder.java:887)
11-19 04:50:34.270 1499 8533 I AdbDebuggingManager: at android.os.Binder.dump(Binder.java:877)
11-19 04:50:34.270 1499 8533 I AdbDebuggingManager: at android.os.Binder.onTransact(Binder.java:813)
11-19 04:50:34.270 1499 8533 I AdbDebuggingManager: at android.debug.IAdbManager$Stub.onTransact(IAdbManager.java:343)
11-19 04:50:34.270 1499 8533 I AdbDebuggingManager: at android.os.Binder.execTransactInternal(Binder.java:1184)
11-19 04:50:34.270 1499 8533 I AdbDebuggingManager: at android.os.Binder.execTransact(Binder.java:1143)
11-19 04:50:34.270 1499 8533 I AdbDebuggingManager: Caused by: android.system.ErrnoException: open failed: ENOENT (No such file or directory)
11-19 04:50:34.270 1499 8533 I AdbDebuggingManager: at libcore.io.Linux.open(Native Method)
11-19 04:50:34.270 1499 8533 I AdbDebuggingManager: at libcore.io.ForwardingOs.open(ForwardingOs.java:567)
11-19 04:50:34.270 1499 8533 I AdbDebuggingManager: at libcore.io.BlockGuardOs.open(BlockGuardOs.java:273)
11-19 04:50:34.270 1499 8533 I AdbDebuggingManager: at libcore.io.IoBridge.open(IoBridge.java:561)
11-19 04:50:34.270 1499 8533 I AdbDebuggingManager: ... 10 more
11-19 04:50:34.270 1499 8533 I AdbDebuggingManager: Cannot read system keys
11-19 04:50:34.270 1499 8533 I AdbDebuggingManager: java.io.FileNotFoundException: /adb_keys: open failed: ENOENT (No such file or directory)
11-19 04:50:34.270 1499 8533 I AdbDebuggingManager: at libcore.io.IoBridge.open(IoBridge.java:575)
11-19 04:50:34.270 1499 8533 I AdbDebuggingManager: at java.io.FileInputStream.(FileInputStream.java:160)
11-19 04:50:34.270 1499 8533 I AdbDebuggingManager: at android.os.FileUtils.readTextFile(FileUtils.java:637)
11-19 04:50:34.270 1499 8533 I AdbDebuggingManager: at com.android.server.adb.AdbDebuggingManager.dump(AdbDebuggingManager.java:1762)
11-19 04:50:34.270 1499 8533 I AdbDebuggingManager: at com.android.server.adb.AdbService.dump(AdbService.java:546)
11-19 04:50:34.270 1499 8533 I AdbDebuggingManager: at android.os.Binder.doDump(Binder.java:887)
11-19 04:50:34.270 1499 8533 I AdbDebuggingManager: at android.os.Binder.dump(Binder.java:877)
11-19 04:50:34.270 1499 8533 I AdbDebuggingManager: at android.os.Binder.onTransact(Binder.java:813)
11-19 04:50:34.270 1499 8533 I AdbDebuggingManager: at android.debug.IAdbManager$Stub.onTransact(IAdbManager.java:343)
11-19 04:50:34.270 1499 8533 I AdbDebuggingManager: at android.os.Binder.execTransactInternal(Binder.java:1184)
11-19 04:50:34.270 1499 8533 I AdbDebuggingManager: at android.os.Binder.execTransact(Binder.java:1143)
11-19 04:50:34.270 1499 8533 I AdbDebuggingManager: Caused by: android.system.ErrnoException: open failed: ENOENT (No such file or directory)
11-19 04:50:34.270 1499 8533 I AdbDebuggingManager: at libcore.io.Linux.open(Native Method)
11-19 04:50:34.270 1499 8533 I AdbDebuggingManager: at libcore.io.ForwardingOs.open(ForwardingOs.java:567)
11-19 04:50:34.270 1499 8533 I AdbDebuggingManager: at libcore.io.BlockGuardOs.open(BlockGuardOs.java:273)
11-19 04:50:34.270 1499 8533 I AdbDebuggingManager: at libcore.io.IoBridge.open(IoBridge.java:561)
11-19 04:50:34.270 1499 8533 I AdbDebuggingManager: ... 10 more
11-19 04:50:34.270 1499 8533 I AdbDebuggingManager: Cannot read keystore:
11-19 04:50:34.270 1499 8533 I AdbDebuggingManager: java.io.FileNotFoundException: /data/misc/adb/adb_temp_keys.xml: open failed: ENOENT (No such file or directory)
11-19 04:50:34.270 1499 8533 I AdbDebuggingManager: at libcore.io.IoBridge.open(IoBridge.java:575)
11-19 04:50:34.270 1499 8533 I AdbDebuggingManager: at java.io.FileInputStream.(FileInputStream.java:160)
11-19 04:50:34.270 1499 8533 I AdbDebuggingManager: at android.os.FileUtils.readTextFile(FileUtils.java:637)
11-19 04:50:34.270 1499 8533 I AdbDebuggingManager: at com.android.server.adb.AdbDebuggingManager.dump(AdbDebuggingManager.java:1769)
11-19 04:50:34.270 1499 8533 I AdbDebuggingManager: at com.android.server.adb.AdbService.dump(AdbService.java:546)
11-19 04:50:34.270 1499 8533 I AdbDebuggingManager: at android.os.Binder.doDump(Binder.java:887)
11-19 04:50:34.270 1499 8533 I AdbDebuggingManager: at android.os.Binder.dump(Binder.java:877)
11-19 04:50:34.270 1499 8533 I AdbDebuggingManager: at android.os.Binder.onTransact(Binder.java:813)
11-19 04:50:34.270 1499 8533 I AdbDebuggingManager: at android.debug.IAdbManager$Stub.onTransact(IAdbManager.java:343)
11-19 04:50:34.270 1499 8533 I AdbDebuggingManager: at android.os.Binder.execTransactInternal(Binder.java:1184)
11-19 04:50:34.270 1499 8533 I AdbDebuggingManager: at android.os.Binder.execTransact(Binder.java:1143)
11-19 04:50:34.270 1499 8533 I AdbDebuggingManager: Caused by: android.system.ErrnoException: open failed: ENOENT (No such file or directory)
11-19 04:50:34.270 1499 8533 I AdbDebuggingManager: at libcore.io.Linux.open(Native Method)
11-19 04:50:34.270 1499 8533 I AdbDebuggingManager: at libcore.io.ForwardingOs.open(ForwardingOs.java:567)
11-19 04:50:34.270 1499 8533 I AdbDebuggingManager: at libcore.io.BlockGuardOs.open(BlockGuardOs.java:273)
11-19 04:50:34.270 1499 8533 I AdbDebuggingManager: at libcore.io.IoBridge.open(IoBridge.java:561)
11-19 04:50:34.270 1499 8533 I AdbDebuggingManager: ... 10 more
11-19 04:50:34.301 1499 8533 W AutofillManagerService: Ignoring invalid dump arg: -a
11-19 04:50:34.301 1499 8533 V AutofillManagerServiceImpl: getServiceUidLocked(): no mServiceInfo
11-19 04:50:34.301 1499 8533 V FieldClassificationStrategy: getServiceComponentName(): ComponentInfo{android.ext.services/android.ext.services.autofill.AutofillFieldClassificationServiceImpl}
11-19 04:50:34.306 1499 1654 W BatteryExternalStatsWorker: error reading modem stats:ERROR_PHONE_NOT_AVAILABLE
11-19 04:50:34.337 1499 1654 E KernelCpuSpeedReader: Failed to read cpu-freq: /sys/devices/system/cpu/cpu4/cpufreq/stats/time_in_state: open failed: ENOENT (No such file or directory)
11-19 04:50:34.337 1499 1654 E KernelCpuSpeedReader: Failed to read cpu-freq: /sys/devices/system/cpu/cpu0/cpufreq/stats/time_in_state: open failed: ENOENT (No such file or directory)
11-19 04:50:34.416 1499 8533 D ActivityManager: freezer override set to true
11-19 04:50:35.065 1499 8533 D ActivityManager: freezer override set to false
11-19 04:50:35.144 1499 8533 D ActivityManager: freezer override set to true
11-19 04:50:35.304 1499 8533 D ActivityManager: freezer override set to false
11-19 04:50:35.322 1499 8533 I DevicePolicyManager: Packages subject to suspension: com.hht.lebocast,com.android.documentsui,com.android.soundrecorder,com.microsoft.emmx,com.android.calendar,com.android.gallery3d,com.android.music,com.android.deskclock
11-19 04:50:35.410 1499 8533 D ActivityManager: freezer override set to true
11-19 04:50:35.621 1499 8533 D ActivityManager: freezer override set to false
11-19 04:50:35.711 1499 8533 D ActivityManager: freezer override set to true
11-19 04:50:39.440 1499 4959 W OverlayManager: service 'idmap' died
11-19 04:50:44.536 1499 8533 D ActivityManager: freezer override set to false
11-19 04:50:45.019 1499 8533 E PowerStatsService: PowerStats HAL is not initialized. No data available.
11-19 04:50:45.108 1499 8533 I ProcessStatsService: Added stats: 1970-01-01-08-18-13, over +3h11m31s476ms
11-19 04:50:45.181 1499 8533 I ProcessStatsService: Added stats: 1970-01-01-08-18-13, over +3h11m31s476ms
11-19 04:50:45.312 1499 8533 W CarrierConfigManager: Error getting config for subId -1 ICarrierConfigLoader is null
11-19 04:50:45.312 1499 8533 I Telecom : PhoneAccountRegistrar: getSimCallManager: SimCallManager for subId -1 queried, returning: null
11-19 04:50:45.350 1499 8533 E ThermalHalWrapper: Couldn't get temperatures because of HAL error: ThermalHAL not initialized properly.
11-19 04:50:45.354 1499 8533 E ThermalHalWrapper: Couldn't get temperature thresholds because of HAL error: ThermalHAL not initialized properly.
11-19 04:50:45.495 1499 8533 W UsbDeviceManager: Ignore missing legacy kernel path in bugreport dump: kernel function list:/sys/class/android_usb/android0/functions
11-19 04:50:45.501 1499 8533 V UserManagerService: dumpPackageWhitelistProblems(): using mode ENFORCE|IMPLICIT_WHITELIST|IMPLICIT_WHITELIST_SYSTEM
11-19 04:50:46.001 1499 1649 I ActivityManager: Process PhantomProcessRecord {7d77736 12321:2599:dumpsys/1000} died
11-19 04:50:47.079 1499 8533 D CompatibilityChangeReporter: Compat change id reported: 178209446; UID 1000; state: ENABLED
11-19 04:50:47.080 1499 8533 D CompatibilityChangeReporter: Compat change id reported: 178209446; UID 1000; state: DISABLED
11-19 04:50:48.269 1499 1649 I ActivityManager: Process PhantomProcessRecord {1fe340c 10802:2599:sh/1000} died
11-19 04:50:54.812 1499 8533 W OverlayManager: service 'idmap' died
11-19 04:51:39.029 1499 1663 V DisplayPowerController[0]: Brightness [0.05] reason changing to: 'manual [ dim ]', previous reason: 'manual'.
11-19 04:51:39.030 1499 1663 W PowerManagerService: Screen on took 231785 ms
11-19 04:51:39.038 1499 2319 E DisplayDeviceConfig: requesting nits when no mapping exists.
11-19 04:51:39.039 1499 2319 E DisplayDeviceConfig: requesting nits when no mapping exists.
11-19 04:51:39.042 1499 1645 I DropBoxManagerService: add tag=system_server_wtf isTagEnabled=true flags=0x2
11-19 04:51:39.046 1499 1645 I DropBoxManagerService: add tag=system_server_wtf isTagEnabled=true flags=0x2
11-19 04:51:39.053 1499 2319 E DisplayDeviceConfig: requesting nits when no mapping exists.
11-19 04:51:39.054 1499 2319 E DisplayDeviceConfig: requesting nits when no mapping exists.
11-19 04:51:39.055 1499 1645 I DropBoxManagerService: add tag=system_server_wtf isTagEnabled=true flags=0x2
11-19 04:51:39.057 1499 1645 I DropBoxManagerService: add tag=system_server_wtf isTagEnabled=true flags=0x2
11-19 04:51:39.064 1499 2319 E DisplayDeviceConfig: requesting nits when no mapping exists.
11-19 04:51:39.064 1499 2319 E DisplayDeviceConfig: requesting nits when no mapping exists.
11-19 04:51:39.065 1499 1645 I DropBoxManagerService: add tag=system_server_wtf isTagEnabled=true flags=0x2
11-19 04:51:39.080 1499 2319 E DisplayDeviceConfig: requesting nits when no mapping exists.
11-19 04:51:39.081 1499 2319 E DisplayDeviceConfig: requesting nits when no mapping exists.
11-19 04:51:39.097 1499 2319 E DisplayDeviceConfig: requesting nits when no mapping exists.
11-19 04:51:39.098 1499 2319 E DisplayDeviceConfig: requesting nits when no mapping exists.
11-19 04:51:39.114 1499 2319 E DisplayDeviceConfig: requesting nits when no mapping exists.
11-19 04:51:39.114 1499 2319 E DisplayDeviceConfig: requesting nits when no mapping exists.
11-19 04:51:39.130 1499 2319 E DisplayDeviceConfig: requesting nits when no mapping exists.
11-19 04:51:39.131 1499 2319 E DisplayDeviceConfig: requesting nits when no mapping exists.
11-19 04:51:39.148 1499 2319 E DisplayDeviceConfig: requesting nits when no mapping exists.
11-19 04:51:39.148 1499 2319 E DisplayDeviceConfig: requesting nits when no mapping exists.
11-19 04:51:39.164 1499 2319 E DisplayDeviceConfig: requesting nits when no mapping exists.
11-19 04:51:39.165 1499 2319 E DisplayDeviceConfig: requesting nits when no mapping exists.
11-19 04:51:39.181 1499 2319 E DisplayDeviceConfig: requesting nits when no mapping exists.
11-19 04:51:39.182 1499 2319 E DisplayDeviceConfig: requesting nits when no mapping exists.
11-19 04:51:39.197 1499 2319 E DisplayDeviceConfig: requesting nits when no mapping exists.
11-19 04:51:39.198 1499 2319 E DisplayDeviceConfig: requesting nits when no mapping exists.
11-19 04:51:39.214 1499 2319 E DisplayDeviceConfig: requesting nits when no mapping exists.
11-19 04:51:39.215 1499 2319 E DisplayDeviceConfig: requesting nits when no mapping exists.
11-19 04:51:39.231 1499 2319 E DisplayDeviceConfig: requesting nits when no mapping exists.
11-19 04:51:39.232 1499 2319 E DisplayDeviceConfig: requesting nits when no mapping exists.
11-19 04:51:39.247 1499 2319 E DisplayDeviceConfig: requesting nits when no mapping exists.
11-19 04:51:39.248 1499 2319 E DisplayDeviceConfig: requesting nits when no mapping exists.
11-19 04:51:39.264 1499 2319 E DisplayDeviceConfig: requesting nits when no mapping exists.
11-19 04:51:39.265 1499 2319 E DisplayDeviceConfig: requesting nits when no mapping exists.
11-19 04:51:39.281 1499 2319 E DisplayDeviceConfig: requesting nits when no mapping exists.
11-19 04:51:39.282 1499 2319 E DisplayDeviceConfig: requesting nits when no mapping exists.
11-19 04:51:39.297 1499 2319 E DisplayDeviceConfig: requesting nits when no mapping exists.
11-19 04:51:39.298 1499 2319 E DisplayDeviceConfig: requesting nits when no mapping exists.
11-19 04:51:39.314 1499 2319 E DisplayDeviceConfig: requesting nits when no mapping exists.
11-19 04:51:39.315 1499 2319 E DisplayDeviceConfig: requesting nits when no mapping exists.
11-19 04:51:39.331 1499 2319 E DisplayDeviceConfig: requesting nits when no mapping exists.
11-19 04:51:39.331 1499 2319 E DisplayDeviceConfig: requesting nits when no mapping exists.
11-19 04:51:39.347 1499 2319 E DisplayDeviceConfig: requesting nits when no mapping exists.
11-19 04:51:39.348 1499 2319 E DisplayDeviceConfig: requesting nits when no mapping exists.
11-19 04:51:39.364 1499 2319 E DisplayDeviceConfig: requesting nits when no mapping exists.
11-19 04:51:39.365 1499 2319 E DisplayDeviceConfig: requesting nits when no mapping exists.
11-19 04:51:39.381 1499 2319 E DisplayDeviceConfig: requesting nits when no mapping exists.
11-19 04:51:39.382 1499 2319 E DisplayDeviceConfig: requesting nits when no mapping exists.
11-19 04:51:39.398 1499 2319 E DisplayDeviceConfig: requesting nits when no mapping exists.
11-19 04:51:39.398 1499 2319 E DisplayDeviceConfig: requesting nits when no mapping exists.
11-19 04:51:39.414 1499 2319 E DisplayDeviceConfig: requesting nits when no mapping exists.
11-19 04:51:39.415 1499 2319 E DisplayDeviceConfig: requesting nits when no mapping exists.
11-19 04:51:39.431 1499 2319 E DisplayDeviceConfig: requesting nits when no mapping exists.
11-19 04:51:39.432 1499 2319 E DisplayDeviceConfig: requesting nits when no mapping exists.
11-19 04:51:39.448 1499 2319 E DisplayDeviceConfig: requesting nits when no mapping exists.
11-19 04:51:39.448 1499 2319 E DisplayDeviceConfig: requesting nits when no mapping exists.
11-19 04:51:39.464 1499 2319 E DisplayDeviceConfig: requesting nits when no mapping exists.
11-19 04:51:39.465 1499 2319 E DisplayDeviceConfig: requesting nits when no mapping exists.
11-19 04:51:39.481 1499 2319 E DisplayDeviceConfig: requesting nits when no mapping exists.
11-19 04:51:39.482 1499 2319 E DisplayDeviceConfig: requesting nits when no mapping exists.
11-19 04:51:39.498 1499 2319 E DisplayDeviceConfig: requesting nits when no mapping exists.
11-19 04:51:39.498 1499 2319 E DisplayDeviceConfig: requesting nits when no mapping exists.
11-19 04:51:39.515 1499 2319 E DisplayDeviceConfig: requesting nits when no mapping exists.
11-19 04:51:39.515 1499 2319 E DisplayDeviceConfig: requesting nits when no mapping exists.
11-19 04:51:39.531 1499 2319 E DisplayDeviceConfig: requesting nits when no mapping exists.
11-19 04:51:39.532 1499 2319 E DisplayDeviceConfig: requesting nits when no mapping exists.
11-19 04:51:39.548 1499 2319 E DisplayDeviceConfig: requesting nits when no mapping exists.
11-19 04:51:39.549 1499 2319 E DisplayDeviceConfig: requesting nits when no mapping exists.
11-19 04:51:39.565 1499 2319 E DisplayDeviceConfig: requesting nits when no mapping exists.
11-19 04:51:39.566 1499 2319 E DisplayDeviceConfig: requesting nits when no mapping exists.
11-19 04:51:39.581 1499 2319 E DisplayDeviceConfig: requesting nits when no mapping exists.
11-19 04:51:39.582 1499 2319 E DisplayDeviceConfig: requesting nits when no mapping exists.
11-19 04:51:39.598 1499 2319 E DisplayDeviceConfig: requesting nits when no mapping exists.
11-19 04:51:39.599 1499 2319 E DisplayDeviceConfig: requesting nits when no mapping exists.
11-19 04:51:39.615 1499 2319 E DisplayDeviceConfig: requesting nits when no mapping exists.
11-19 04:51:39.615 1499 2319 E DisplayDeviceConfig: requesting nits when no mapping exists.
11-19 04:51:39.631 1499 2319 E DisplayDeviceConfig: requesting nits when no mapping exists.
11-19 04:51:39.632 1499 2319 E DisplayDeviceConfig: requesting nits when no mapping exists.
11-19 04:51:39.648 1499 2319 E DisplayDeviceConfig: requesting nits when no mapping exists.
11-19 04:51:39.649 1499 2319 E DisplayDeviceConfig: requesting nits when no mapping exists.
11-19 04:51:39.665 1499 2319 E DisplayDeviceConfig: requesting nits when no mapping exists.
11-19 04:51:39.665 1499 2319 E DisplayDeviceConfig: requesting nits when no mapping exists.
11-19 04:51:39.682 1499 2319 E DisplayDeviceConfig: requesting nits when no mapping exists.
11-19 04:51:39.682 1499 2319 E DisplayDeviceConfig: requesting nits when no mapping exists.
11-19 04:51:39.698 1499 2319 E DisplayDeviceConfig: requesting nits when no mapping exists.
11-19 04:51:39.699 1499 2319 E DisplayDeviceConfig: requesting nits when no mapping exists.
11-19 04:51:39.715 1499 2319 E DisplayDeviceConfig: requesting nits when no mapping exists.
11-19 04:51:39.716 1499 2319 E DisplayDeviceConfig: requesting nits when no mapping exists.
11-19 04:51:39.732 1499 2319 E DisplayDeviceConfig: requesting nits when no mapping exists.
11-19 04:51:39.732 1499 2319 E DisplayDeviceConfig: requesting nits when no mapping exists.
11-19 04:51:39.749 1499 2319 E DisplayDeviceConfig: requesting nits when no mapping exists.
11-19 04:51:39.749 1499 2319 E DisplayDeviceConfig: requesting nits when no mapping exists.
11-19 04:51:39.762 1499 1793 D ActivityManager: freezing 10173 com.android.music
11-19 04:51:39.763 1499 1793 E ActivityManager: Unable to freeze binder for 10173 com.android.music
11-19 04:51:39.764 1499 1793 D ActivityManager: froze 10173 com.android.music
11-19 04:51:39.765 1499 1793 E ActivityManager: Unable to freeze binder for 10173 com.android.music
11-19 04:51:39.765 1499 2319 E DisplayDeviceConfig: requesting nits when no mapping exists.
11-19 04:51:39.765 1499 2319 E DisplayDeviceConfig: requesting nits when no mapping exists.
11-19 04:51:39.765 1499 1793 I ActivityManager: Killing 10173:com.android.music/u0a90 (adj 945): Unable to freeze binder interface
11-19 04:51:39.782 1499 2319 E DisplayDeviceConfig: requesting nits when no mapping exists.
11-19 04:51:39.782 1499 2319 E DisplayDeviceConfig: requesting nits when no mapping exists.
11-19 04:51:39.798 1499 2319 E DisplayDeviceConfig: requesting nits when no mapping exists.
11-19 04:51:39.799 1499 2319 E DisplayDeviceConfig: requesting nits when no mapping exists.
11-19 04:51:39.815 1499 2319 E DisplayDeviceConfig: requesting nits when no mapping exists.
11-19 04:51:39.816 1499 2319 E DisplayDeviceConfig: requesting nits when no mapping exists.
11-19 04:51:39.832 1499 2319 E DisplayDeviceConfig: requesting nits when no mapping exists.
11-19 04:51:39.833 1499 2319 E DisplayDeviceConfig: requesting nits when no mapping exists.
11-19 04:51:39.849 1499 2319 E DisplayDeviceConfig: requesting nits when no mapping exists.
11-19 04:51:39.850 1499 2319 E DisplayDeviceConfig: requesting nits when no mapping exists.
11-19 04:51:39.866 1499 2319 E DisplayDeviceConfig: requesting nits when no mapping exists.
11-19 04:51:39.867 1499 2319 E DisplayDeviceConfig: requesting nits when no mapping exists.
11-19 04:51:39.882 1499 2319 E DisplayDeviceConfig: requesting nits when no mapping exists.
11-19 04:51:39.883 1499 2319 E DisplayDeviceConfig: requesting nits when no mapping exists.
11-19 04:51:39.899 1499 2319 E DisplayDeviceConfig: requesting nits when no mapping exists.
11-19 04:51:39.899 1499 2319 E DisplayDeviceConfig: requesting nits when no mapping exists.
11-19 04:51:39.916 1499 2319 E DisplayDeviceConfig: requesting nits when no mapping exists.
11-19 04:51:39.917 1499 2319 E DisplayDeviceConfig: requesting nits when no mapping exists.
11-19 04:51:39.932 1499 2319 E DisplayDeviceConfig: requesting nits when no mapping exists.
11-19 04:51:39.933 1499 2319 E DisplayDeviceConfig: requesting nits when no mapping exists.
11-19 04:51:39.950 1499 2319 E DisplayDeviceConfig: requesting nits when no mapping exists.
11-19 04:51:39.950 1499 2319 E DisplayDeviceConfig: requesting nits when no mapping exists.
11-19 04:51:39.966 1499 2319 E DisplayDeviceConfig: requesting nits when no mapping exists.
11-19 04:51:39.967 1499 2319 E DisplayDeviceConfig: requesting nits when no mapping exists.
11-19 04:51:39.983 1499 2319 E DisplayDeviceConfig: requesting nits when no mapping exists.
11-19 04:51:39.984 1499 2319 E DisplayDeviceConfig: requesting nits when no mapping exists.
11-19 04:51:46.009 1499 1663 I PowerManagerService: Napping display group (groupId=0, uid=1000)...
11-19 04:51:46.009 1499 1663 I PowerManagerService: Nap time (uid 1000)...
11-19 04:51:46.012 1499 1663 I DreamManagerService: Entering dreamland.
11-19 04:51:46.018 1499 1663 I PowerManagerService: Dreaming...
11-19 04:51:46.022 1499 1634 I DreamController: Starting dream: name=ComponentInfo{com.thundercomm.screensaver/com.thundercomm.saverclock.service.ClockScreensaver}, isTest=false, canDoze=false, userId=0
11-19 04:51:46.042 1499 8533 I ActivityTaskManager: START u0 {flg=0x10000000 pkg=com.thundercomm.screensaver cmp=com.thundercomm.screensaver/android.service.dreams.DreamActivity (has extras)} from uid 10050
11-19 04:51:46.051 1499 8533 W ActivityTaskManager: Can't find TaskDisplayArea to determine support for multi window. Task id=58 attached=false
11-19 04:51:46.073 1499 8917 I ActivityTaskManager: FOREGROUND_APPLICATION_CHANGED to android.service.dreams.DreamActivity
11-19 04:51:46.074 1499 8917 I ActivityTaskManager: The Process com.thundercomm.screensaver Already Exists in BG. So sending its PID: 4805
11-19 04:51:46.074 1499 8917 W ActivityTaskManager: Tried to set launchTime (0) < mLastActivityLaunchTime (12239096)
11-19 04:51:46.100 7802 7838 W ContextImpl: Calling a method in the system process without a qualified user: android.app.ContextImpl.startService:1816 android.content.ContextWrapper.startService:774 com.thundercomm.gamemode.ingame.services.GameModeActionUtils.startGameModeService:93 com.thundercomm.gamemode.ingame.services.GameModeActionUtils.startGameModeEntry:21 com.thundercomm.gamemode.ingame.services.ActivityMonitoringService$1.onActivityLaunch:127
11-19 04:51:46.109 1499 1499 I GameModeConfig: Current uri is uri = content://com.thundercomm.gamemode.api/gamemode_settings/gamemode_isgaming
11-19 04:51:46.113 1499 1499 I GameModeConfig: isGameModeOn = false
11-19 04:51:46.113 1499 1499 I GameModeConfig: isGameModeOn = false
11-19 04:51:46.113 1499 1499 I GameModeConfig: isDisableVoice = true
11-19 04:51:46.126 1499 2284 I GameModeConfig: isGameModeOn = false
11-19 04:51:46.126 1499 2284 I GameModeConfig: isGameModeOn = false
11-19 04:51:46.126 1499 2284 I GameModeConfig: isGameModeOn = false
11-19 04:51:46.126 1499 2284 I GameModeConfig: isGameModeOn = false
11-19 04:51:46.152 1499 1663 V DisplayPowerController[0]: Brightness [1.0] reason changing to: 'manual', previous reason: 'manual [ dim ]'.
11-19 04:51:46.156 1499 2319 E DisplayDeviceConfig: requesting nits when no mapping exists.
11-19 04:51:46.156 1499 2319 E DisplayDeviceConfig: requesting nits when no mapping exists.
11-19 04:51:46.167 1499 2319 E DisplayDeviceConfig: requesting nits when no mapping exists.
11-19 04:51:46.167 1499 2319 E DisplayDeviceConfig: requesting nits when no mapping exists.
11-19 04:51:46.184 1499 2319 E DisplayDeviceConfig: requesting nits when no mapping exists.
11-19 04:51:46.184 1499 2319 E DisplayDeviceConfig: requesting nits when no mapping exists.
11-19 04:51:46.194 7802 7838 W ContextImpl: Calling a method in the system process without a qualified user: android.app.ContextImpl.startService:1816 android.content.ContextWrapper.startService:774 com.thundercomm.gamemode.ingame.services.GameModeActionUtils.startGameModeService:93 com.thundercomm.gamemode.ingame.services.GameModeActionUtils.startGameModeEntry:21 com.thundercomm.gamemode.ingame.services.ActivityMonitoringService$1.onActivityLaunch:127
11-19 04:51:46.198 1499 1499 I GameModeConfig: Current uri is uri = content://com.thundercomm.gamemode.api/gamemode_settings/gamemode_isgaming
11-19 04:51:46.201 1499 2319 E DisplayDeviceConfig: requesting nits when no mapping exists.
11-19 04:51:46.201 1499 2319 E DisplayDeviceConfig: requesting nits when no mapping exists.
11-19 04:51:46.202 1499 1499 I GameModeConfig: isGameModeOn = false
11-19 04:51:46.202 1499 1499 I GameModeConfig: isGameModeOn = false
11-19 04:51:46.202 1499 1499 I GameModeConfig: isDisableVoice = true
11-19 04:51:46.218 1499 2319 E DisplayDeviceConfig: requesting nits when no mapping exists.
11-19 04:51:46.218 1499 2319 E DisplayDeviceConfig: requesting nits when no mapping exists.
11-19 04:51:46.233 1499 2319 E DisplayDeviceConfig: requesting nits when no mapping exists.
11-19 04:51:46.234 1499 2319 E DisplayDeviceConfig: requesting nits when no mapping exists.
11-19 04:51:46.252 1499 2319 E DisplayDeviceConfig: requesting nits when no mapping exists.
11-19 04:51:46.252 1499 2319 E DisplayDeviceConfig: requesting nits when no mapping exists.
11-19 04:51:46.269 1499 2319 E DisplayDeviceConfig: requesting nits when no mapping exists.
11-19 04:51:46.269 1499 2319 E DisplayDeviceConfig: requesting nits when no mapping exists.
11-19 04:51:46.284 1499 2319 E DisplayDeviceConfig: requesting nits when no mapping exists.
11-19 04:51:46.285 1499 2319 E DisplayDeviceConfig: requesting nits when no mapping exists.
11-19 04:51:46.300 1499 2319 E DisplayDeviceConfig: requesting nits when no mapping exists.
11-19 04:51:46.301 1499 2319 E DisplayDeviceConfig: requesting nits when no mapping exists.
11-19 04:51:46.317 1499 2319 E DisplayDeviceConfig: requesting nits when no mapping exists.
11-19 04:51:46.318 1499 2319 E DisplayDeviceConfig: requesting nits when no mapping exists.
11-19 04:51:46.330 1499 1499 I GameModeConfig: isGameModeOn = false
11-19 04:51:46.333 1499 2319 E DisplayDeviceConfig: requesting nits when no mapping exists.
11-19 04:51:46.335 1499 2319 E DisplayDeviceConfig: requesting nits when no mapping exists.
11-19 04:51:46.350 1499 2319 E DisplayDeviceConfig: requesting nits when no mapping exists.
11-19 04:51:46.351 1499 2319 E DisplayDeviceConfig: requesting nits when no mapping exists.
11-19 04:51:46.367 1499 2319 E DisplayDeviceConfig: requesting nits when no mapping exists.
11-19 04:51:46.368 1499 2319 E DisplayDeviceConfig: requesting nits when no mapping exists.
11-19 04:51:46.385 1499 2319 E DisplayDeviceConfig: requesting nits when no mapping exists.
11-19 04:51:46.386 1499 2319 E DisplayDeviceConfig: requesting nits when no mapping exists.
11-19 04:51:46.403 1499 2319 E DisplayDeviceConfig: requesting nits when no mapping exists.
11-19 04:51:46.403 1499 2319 E DisplayDeviceConfig: requesting nits when no mapping exists.
11-19 04:51:46.419 1499 2319 E DisplayDeviceConfig: requesting nits when no mapping exists.
11-19 04:51:46.419 1499 2319 E DisplayDeviceConfig: requesting nits when no mapping exists.
11-19 04:51:46.437 1499 2319 E DisplayDeviceConfig: requesting nits when no mapping exists.
11-19 04:51:46.438 1499 2319 E DisplayDeviceConfig: requesting nits when no mapping exists.
11-19 04:51:46.452 1499 2319 E DisplayDeviceConfig: requesting nits when no mapping exists.
11-19 04:51:46.453 1499 2319 E DisplayDeviceConfig: requesting nits when no mapping exists.
11-19 04:51:46.476 1499 2319 E DisplayDeviceConfig: requesting nits when no mapping exists.
11-19 04:51:46.476 1499 2319 E DisplayDeviceConfig: requesting nits when no mapping exists.
11-19 04:51:46.487 1499 2319 E DisplayDeviceConfig: requesting nits when no mapping exists.
11-19 04:51:46.487 1499 2319 E DisplayDeviceConfig: requesting nits when no mapping exists.
11-19 04:51:46.503 1499 2319 E DisplayDeviceConfig: requesting nits when no mapping exists.
11-19 04:51:46.503 1499 2319 E DisplayDeviceConfig: requesting nits when no mapping exists.
11-19 04:51:46.519 1499 2319 E DisplayDeviceConfig: requesting nits when no mapping exists.
11-19 04:51:46.521 1499 2319 E DisplayDeviceConfig: requesting nits when no mapping exists.
11-19 04:51:46.534 1499 2319 E DisplayDeviceConfig: requesting nits when no mapping exists.
