11-29 03:54:17.710 1491 1599 I ActivityManager: Killing 11110:com.android.music/u0a89 (adj 900): remove task
11-29 03:54:17.716 1491 2756 E TaskPersister: File error accessing recents directory (directory doesn't exist?).
11-29 03:54:17.783 1491 1599 W ActivityManager: setHasOverlayUi called on unknown pid: 11110
11-29 03:54:17.787 1491 1599 D CompatibilityChangeReporter: Compat change id reported: 135634846; UID 10089; state: DISABLED
11-29 03:54:17.787 1491 1599 D CompatibilityChangeReporter: Compat change id reported: 177438394; UID 10089; state: DISABLED
11-29 03:54:17.787 1491 1599 D CompatibilityChangeReporter: Compat change id reported: 135772972; UID 10089; state: DISABLED
11-29 03:54:17.787 1491 1599 D CompatibilityChangeReporter: Compat change id reported: 135754954; UID 10089; state: ENABLED
11-29 03:54:17.787 1491 1609 D CompatibilityChangeReporter: Compat change id reported: 143937733; UID 10089; state: ENABLED
11-29 03:54:17.804 1491 1609 I ActivityManager: Start proc 11351:com.android.music/u0a89 for null
11-29 03:54:17.818 3714 3731 W ContextImpl: Calling a method in the system process without a qualified user: android.app.ContextImpl.startService:1816 android.content.ContextWrapper.startService:774 com.thundercomm.gamemode.ingame.services.GameModeActionUtils.startGameModeService:93 com.thundercomm.gamemode.ingame.services.GameModeActionUtils.startGameModeEntry:21 com.thundercomm.gamemode.ingame.services.ActivityMonitoringService$1.onActivityLaunch:127
11-29 03:54:17.824 1491 1491 I GameModeConfig: Current uri is uri = content://com.thundercomm.gamemode.api/gamemode_settings/gamemode_isgaming
11-29 03:54:17.826 1491 1491 I GameModeConfig: isGameModeOn = false
11-29 03:54:17.828 1491 1491 I GameModeConfig: isGameModeOn = false
11-29 03:54:17.828 1491 1491 I GameModeConfig: isDisableVoice = true
11-29 03:54:18.843 1491 8943 I ActivityTaskManager: FOREGROUND_APPLICATION_CHANGED to com.android.launcher3.uioverrides.QuickstepLauncher
11-29 03:54:18.919 3714 3731 W ContextImpl: Calling a method in the system process without a qualified user: android.app.ContextImpl.startService:1816 android.content.ContextWrapper.startService:774 com.thundercomm.gamemode.ingame.services.GameModeActionUtils.startGameModeService:93 com.thundercomm.gamemode.ingame.services.GameModeActionUtils.startGameModeEntry:21 com.thundercomm.gamemode.ingame.services.ActivityMonitoringService$1.onActivityLaunch:127
11-29 03:54:18.922 1491 1491 I GameModeConfig: Current uri is uri = content://com.thundercomm.gamemode.api/gamemode_settings/gamemode_isgaming
11-29 03:54:18.924 1491 1491 I GameModeConfig: isGameModeOn = false
11-29 03:54:18.924 1491 1491 I GameModeConfig: isGameModeOn = false
11-29 03:54:18.924 1491 1491 I GameModeConfig: isDisableVoice = true
11-29 03:54:18.967 1491 1599 I ActivityManager: Killing 11111:com.android.gallery3d/u0a68 (adj 0): remove task
11-29 03:54:18.970 1491 2756 E TaskPersister: File error accessing recents directory (directory doesn't exist?).
11-29 03:54:18.974 3714 3731 W ContextImpl: Calling a method in the system process without a qualified user: android.app.ContextImpl.startService:1816 android.content.ContextWrapper.startService:774 com.thundercomm.gamemode.ingame.services.GameModeActionUtils.startGameModeService:93 com.thundercomm.gamemode.ingame.services.GameModeActionUtils.startGameModeEntry:21 com.thundercomm.gamemode.ingame.services.ActivityMonitoringService$1.onActivityLaunch:127
11-29 03:54:18.978 1491 1491 I GameModeConfig: Current uri is uri = content://com.thundercomm.gamemode.api/gamemode_settings/gamemode_isgaming
11-29 03:54:18.980 1491 1491 I GameModeConfig: isGameModeOn = false
11-29 03:54:18.980 1491 1491 I GameModeConfig: isGameModeOn = false
11-29 03:54:18.980 1491 1491 I GameModeConfig: isDisableVoice = true
11-29 03:54:19.003 1491 8786 I WindowManager: WIN DEATH: Window{a92e252 u0 com.android.gallery3d/com.android.gallery3d.app.GalleryActivity}
11-29 03:54:19.015 1491 1599 W ActivityManager: setHasOverlayUi called on unknown pid: 11111
11-29 03:54:19.015 1491 1607 W UsageStatsService: Unexpected activity event reported! (com.android.gallery3d/com.android.gallery3d.app.GalleryActivity event : 23 instanceId : 18230595)
11-29 03:54:19.015 1491 1600 W ActivityTaskManager: Can't find TaskDisplayArea to determine support for multi window. Task id=73 attached=false
11-29 03:54:19.015 1491 1600 W ActivityTaskManager: Can't find TaskDisplayArea to determine support for multi window. Task id=73 attached=false
11-29 03:54:19.017 1491 1599 D CompatibilityChangeReporter: Compat change id reported: 135634846; UID 10068; state: DISABLED
11-29 03:54:19.018 1491 1599 D CompatibilityChangeReporter: Compat change id reported: 177438394; UID 10068; state: DISABLED
11-29 03:54:19.018 1491 1599 D CompatibilityChangeReporter: Compat change id reported: 135772972; UID 10068; state: DISABLED
11-29 03:54:19.018 1491 1599 D CompatibilityChangeReporter: Compat change id reported: 135754954; UID 10068; state: DISABLED
11-29 03:54:19.018 1491 1609 D CompatibilityChangeReporter: Compat change id reported: 143937733; UID 10068; state: DISABLED
11-29 03:54:19.027 1491 1609 I ActivityManager: Start proc 11368:com.android.gallery3d/u0a68 for null
11-29 03:54:19.071 3714 3731 W ContextImpl: Calling a method in the system process without a qualified user: android.app.ContextImpl.startService:1816 android.content.ContextWrapper.startService:774 com.thundercomm.gamemode.ingame.services.GameModeActionUtils.startGameModeService:93 com.thundercomm.gamemode.ingame.services.GameModeActionUtils.startGameModeEntry:21 com.thundercomm.gamemode.ingame.services.ActivityMonitoringService$1.onActivityLaunch:127
11-29 03:54:19.077 1491 1491 I GameModeConfig: Current uri is uri = content://com.thundercomm.gamemode.api/gamemode_settings/gamemode_isgaming
11-29 03:54:19.079 1491 1491 I GameModeConfig: isGameModeOn = false
11-29 03:54:19.080 1491 1491 I GameModeConfig: isGameModeOn = false
11-29 03:54:19.080 1491 1491 I GameModeConfig: isDisableVoice = true
11-29 03:54:22.013 1491 2756 E TaskPersister: File error accessing recents directory (directory doesn't exist?).
11-29 03:54:25.310 1491 1760 I GameModeConfig: isGameModeOn = false
11-29 03:54:27.856 1491 1491 W WindowManager: removeWindowToken: Attempted to remove non-existing token: android.os.Binder@626f99b
11-29 03:55:00.377 1491 1674 D ActivityManager: freezing 3215 com.qti.diagservices
11-29 03:55:00.377 1491 1674 E ActivityManager: Unable to freeze binder for 3215 com.qti.diagservices
11-29 03:55:00.379 1491 1674 D ActivityManager: froze 3215 com.qti.diagservices
11-29 03:55:00.379 1491 1674 E ActivityManager: Unable to freeze binder for 3215 com.qti.diagservices
11-29 03:55:00.380 1491 1674 I ActivityManager: Killing 3215:com.qti.diagservices/1000 (adj 975): Unable to freeze binder interface
11-29 03:55:00.416 1491 5277 W ActivityManager: Scheduling restart of crashed service com.qti.diagservices/.QTIDiagServices in 1000ms for start-requested
11-29 03:55:01.423 1491 1608 D CompatibilityChangeReporter: Compat change id reported: 135634846; UID 1000; state: DISABLED
11-29 03:55:01.424 1491 1608 D CompatibilityChangeReporter: Compat change id reported: 177438394; UID 1000; state: DISABLED
11-29 03:55:01.425 1491 1608 D CompatibilityChangeReporter: Compat change id reported: 135772972; UID 1000; state: DISABLED
11-29 03:55:01.425 1491 1608 D CompatibilityChangeReporter: Compat change id reported: 135754954; UID 1000; state: ENABLED
11-29 03:55:01.453 1491 1609 I ActivityManager: Start proc 11387:com.qti.diagservices/1000 for service {com.qti.diagservices/com.qti.diagservices.QTIDiagServices}
11-29 03:55:01.496 1491 5277 D CompatibilityChangeReporter: Compat change id reported: 168419799; UID 1000; state: DISABLED
11-29 03:55:12.059 1491 1626 V DisplayPowerController[0]: Brightness [0.05] reason changing to: 'manual [ dim ]', previous reason: 'manual'.
11-29 03:55:12.060 1491 1626 W PowerManagerService: Screen on took 266330 ms
11-29 03:55:12.073 1491 1874 E DisplayDeviceConfig: requesting nits when no mapping exists.
11-29 03:55:12.074 1491 1874 E DisplayDeviceConfig: requesting nits when no mapping exists.
11-29 03:55:12.076 1491 1608 I DropBoxManagerService: add tag=system_server_wtf isTagEnabled=true flags=0x2
11-29 03:55:12.080 1491 1608 I DropBoxManagerService: add tag=system_server_wtf isTagEnabled=true flags=0x2
11-29 03:55:12.090 1491 1874 E DisplayDeviceConfig: requesting nits when no mapping exists.
11-29 03:55:12.090 1491 1874 E DisplayDeviceConfig: requesting nits when no mapping exists.
11-29 03:55:12.091 1491 1608 I DropBoxManagerService: add tag=system_server_wtf isTagEnabled=true flags=0x2
11-29 03:55:12.093 1491 1608 I DropBoxManagerService: add tag=system_server_wtf isTagEnabled=true flags=0x2
11-29 03:55:12.102 1491 1874 E DisplayDeviceConfig: requesting nits when no mapping exists.
11-29 03:55:12.102 1491 1874 E DisplayDeviceConfig: requesting nits when no mapping exists.
11-29 03:55:12.103 1491 1608 I DropBoxManagerService: add tag=system_server_wtf isTagEnabled=true flags=0x2
11-29 03:55:12.118 1491 1874 E DisplayDeviceConfig: requesting nits when no mapping exists.
11-29 03:55:12.119 1491 1874 E DisplayDeviceConfig: requesting nits when no mapping exists.
11-29 03:55:12.135 1491 1874 E DisplayDeviceConfig: requesting nits when no mapping exists.
11-29 03:55:12.135 1491 1874 E DisplayDeviceConfig: requesting nits when no mapping exists.
11-29 03:55:12.151 1491 1874 E DisplayDeviceConfig: requesting nits when no mapping exists.
11-29 03:55:12.152 1491 1874 E DisplayDeviceConfig: requesting nits when no mapping exists.
11-29 03:55:12.168 1491 1874 E DisplayDeviceConfig: requesting nits when no mapping exists.
11-29 03:55:12.169 1491 1874 E DisplayDeviceConfig: requesting nits when no mapping exists.
11-29 03:55:12.185 1491 1874 E DisplayDeviceConfig: requesting nits when no mapping exists.
11-29 03:55:12.186 1491 1874 E DisplayDeviceConfig: requesting nits when no mapping exists.
11-29 03:55:12.202 1491 1874 E DisplayDeviceConfig: requesting nits when no mapping exists.
11-29 03:55:12.203 1491 1874 E DisplayDeviceConfig: requesting nits when no mapping exists.
11-29 03:55:12.219 1491 1874 E DisplayDeviceConfig: requesting nits when no mapping exists.
11-29 03:55:12.219 1491 1874 E DisplayDeviceConfig: requesting nits when no mapping exists.
11-29 03:55:12.236 1491 1874 E DisplayDeviceConfig: requesting nits when no mapping exists.
11-29 03:55:12.237 1491 1874 E DisplayDeviceConfig: requesting nits when no mapping exists.
11-29 03:55:12.252 1491 1874 E DisplayDeviceConfig: requesting nits when no mapping exists.
11-29 03:55:12.254 1491 1874 E DisplayDeviceConfig: requesting nits when no mapping exists.
11-29 03:55:12.269 1491 1874 E DisplayDeviceConfig: requesting nits when no mapping exists.
11-29 03:55:12.269 1491 1874 E DisplayDeviceConfig: requesting nits when no mapping exists.
11-29 03:55:12.285 1491 1874 E DisplayDeviceConfig: requesting nits when no mapping exists.
11-29 03:55:12.286 1491 1874 E DisplayDeviceConfig: requesting nits when no mapping exists.
11-29 03:55:12.302 1491 1874 E DisplayDeviceConfig: requesting nits when no mapping exists.
11-29 03:55:12.302 1491 1874 E DisplayDeviceConfig: requesting nits when no mapping exists.
11-29 03:55:12.319 1491 1874 E DisplayDeviceConfig: requesting nits when no mapping exists.
11-29 03:55:12.319 1491 1874 E DisplayDeviceConfig: requesting nits when no mapping exists.
11-29 03:55:12.335 1491 1874 E DisplayDeviceConfig: requesting nits when no mapping exists.
11-29 03:55:12.336 1491 1874 E DisplayDeviceConfig: requesting nits when no mapping exists.
11-29 03:55:12.352 1491 1874 E DisplayDeviceConfig: requesting nits when no mapping exists.
11-29 03:55:12.353 1491 1874 E DisplayDeviceConfig: requesting nits when no mapping exists.
11-29 03:55:12.369 1491 1874 E DisplayDeviceConfig: requesting nits when no mapping exists.
11-29 03:55:12.370 1491 1874 E DisplayDeviceConfig: requesting nits when no mapping exists.
11-29 03:55:12.386 1491 1874 E DisplayDeviceConfig: requesting nits when no mapping exists.
11-29 03:55:12.386 1491 1874 E DisplayDeviceConfig: requesting nits when no mapping exists.
11-29 03:55:12.403 1491 1874 E DisplayDeviceConfig: requesting nits when no mapping exists.
11-29 03:55:12.403 1491 1874 E DisplayDeviceConfig: requesting nits when no mapping exists.
11-29 03:55:12.419 1491 1874 E DisplayDeviceConfig: requesting nits when no mapping exists.
11-29 03:55:12.421 1491 1874 E DisplayDeviceConfig: requesting nits when no mapping exists.
11-29 03:55:12.435 1491 1874 E DisplayDeviceConfig: requesting nits when no mapping exists.
11-29 03:55:12.436 1491 1874 E DisplayDeviceConfig: requesting nits when no mapping exists.
11-29 03:55:12.452 1491 1874 E DisplayDeviceConfig: requesting nits when no mapping exists.
11-29 03:55:12.453 1491 1874 E DisplayDeviceConfig: requesting nits when no mapping exists.
11-29 03:55:12.469 1491 1874 E DisplayDeviceConfig: requesting nits when no mapping exists.
11-29 03:55:12.471 1491 1874 E DisplayDeviceConfig: requesting nits when no mapping exists.
11-29 03:55:12.486 1491 1874 E DisplayDeviceConfig: requesting nits when no mapping exists.
11-29 03:55:12.487 1491 1874 E DisplayDeviceConfig: requesting nits when no mapping exists.
11-29 03:55:12.503 1491 1874 E DisplayDeviceConfig: requesting nits when no mapping exists.
11-29 03:55:12.503 1491 1874 E DisplayDeviceConfig: requesting nits when no mapping exists.
11-29 03:55:12.519 1491 1874 E DisplayDeviceConfig: requesting nits when no mapping exists.
11-29 03:55:12.520 1491 1874 E DisplayDeviceConfig: requesting nits when no mapping exists.
11-29 03:55:12.536 1491 1874 E DisplayDeviceConfig: requesting nits when no mapping exists.
11-29 03:55:12.537 1491 1874 E DisplayDeviceConfig: requesting nits when no mapping exists.
11-29 03:55:12.553 1491 1874 E DisplayDeviceConfig: requesting nits when no mapping exists.
11-29 03:55:12.554 1491 1874 E DisplayDeviceConfig: requesting nits when no mapping exists.
11-29 03:55:12.569 1491 1874 E DisplayDeviceConfig: requesting nits when no mapping exists.
11-29 03:55:12.570 1491 1874 E DisplayDeviceConfig: requesting nits when no mapping exists.
11-29 03:55:12.586 1491 1874 E DisplayDeviceConfig: requesting nits when no mapping exists.
11-29 03:55:12.586 1491 1874 E DisplayDeviceConfig: requesting nits when no mapping exists.
11-29 03:55:12.603 1491 1874 E DisplayDeviceConfig: requesting nits when no mapping exists.
11-29 03:55:12.604 1491 1874 E DisplayDeviceConfig: requesting nits when no mapping exists.
11-29 03:55:12.619 1491 1874 E DisplayDeviceConfig: requesting nits when no mapping exists.
11-29 03:55:12.620 1491 1874 E DisplayDeviceConfig: requesting nits when no mapping exists.
11-29 03:55:12.636 1491 1874 E DisplayDeviceConfig: requesting nits when no mapping exists.
11-29 03:55:12.636 1491 1874 E DisplayDeviceConfig: requesting nits when no mapping exists.
11-29 03:55:12.653 1491 1874 E DisplayDeviceConfig: requesting nits when no mapping exists.
11-29 03:55:12.654 1491 1874 E DisplayDeviceConfig: requesting nits when no mapping exists.
11-29 03:55:12.670 1491 1874 E DisplayDeviceConfig: requesting nits when no mapping exists.
11-29 03:55:12.670 1491 1874 E DisplayDeviceConfig: requesting nits when no mapping exists.
11-29 03:55:12.687 1491 1874 E DisplayDeviceConfig: requesting nits when no mapping exists.
11-29 03:55:12.687 1491 1874 E DisplayDeviceConfig: requesting nits when no mapping exists.
11-29 03:55:12.703 1491 1874 E DisplayDeviceConfig: requesting nits when no mapping exists.
11-29 03:55:12.703 1491 1874 E DisplayDeviceConfig: requesting nits when no mapping exists.
11-29 03:55:12.720 1491 1874 E DisplayDeviceConfig: requesting nits when no mapping exists.
11-29 03:55:12.720 1491 1874 E DisplayDeviceConfig: requesting nits when no mapping exists.
11-29 03:55:12.736 1491 1874 E DisplayDeviceConfig: requesting nits when no mapping exists.
11-29 03:55:12.737 1491 1874 E DisplayDeviceConfig: requesting nits when no mapping exists.
11-29 03:55:12.753 1491 1874 E DisplayDeviceConfig: requesting nits when no mapping exists.
11-29 03:55:12.754 1491 1874 E DisplayDeviceConfig: requesting nits when no mapping exists.
11-29 03:55:12.770 1491 1874 E DisplayDeviceConfig: requesting nits when no mapping exists.
11-29 03:55:12.770 1491 1874 E DisplayDeviceConfig: requesting nits when no mapping exists.
11-29 03:55:12.786 1491 1874 E DisplayDeviceConfig: requesting nits when no mapping exists.
11-29 03:55:12.787 1491 1874 E DisplayDeviceConfig: requesting nits when no mapping exists.
11-29 03:55:12.803 1491 1874 E DisplayDeviceConfig: requesting nits when no mapping exists.
11-29 03:55:12.804 1491 1874 E DisplayDeviceConfig: requesting nits when no mapping exists.
11-29 03:55:12.820 1491 1874 E DisplayDeviceConfig: requesting nits when no mapping exists.
11-29 03:55:12.821 1491 1874 E DisplayDeviceConfig: requesting nits when no mapping exists.
11-29 03:55:12.837 1491 1874 E DisplayDeviceConfig: requesting nits when no mapping exists.
11-29 03:55:12.838 1491 1874 E DisplayDeviceConfig: requesting nits when no mapping exists.
11-29 03:55:12.854 1491 1874 E DisplayDeviceConfig: requesting nits when no mapping exists.
11-29 03:55:12.855 1491 1874 E DisplayDeviceConfig: requesting nits when no mapping exists.
11-29 03:55:12.871 1491 1874 E DisplayDeviceConfig: requesting nits when no mapping exists.
11-29 03:55:12.872 1491 1874 E DisplayDeviceConfig: requesting nits when no mapping exists.
11-29 03:55:12.887 1491 1874 E DisplayDeviceConfig: requesting nits when no mapping exists.
11-29 03:55:12.888 1491 1874 E DisplayDeviceConfig: requesting nits when no mapping exists.
11-29 03:55:12.904 1491 1874 E DisplayDeviceConfig: requesting nits when no mapping exists.
11-29 03:55:12.905 1491 1874 E DisplayDeviceConfig: requesting nits when no mapping exists.
11-29 03:55:12.920 1491 1874 E DisplayDeviceConfig: requesting nits when no mapping exists.
11-29 03:55:12.922 1491 1874 E DisplayDeviceConfig: requesting nits when no mapping exists.
11-29 03:55:12.938 1491 1874 E DisplayDeviceConfig: requesting nits when no mapping exists.
11-29 03:55:12.938 1491 1874 E DisplayDeviceConfig: requesting nits when no mapping exists.
11-29 03:55:12.954 1491 1874 E DisplayDeviceConfig: requesting nits when no mapping exists.
11-29 03:55:12.954 1491 1874 E DisplayDeviceConfig: requesting nits when no mapping exists.
11-29 03:55:12.970 1491 1874 E DisplayDeviceConfig: requesting nits when no mapping exists.
11-29 03:55:12.972 1491 1874 E DisplayDeviceConfig: requesting nits when no mapping exists.
11-29 03:55:12.987 1491 1874 E DisplayDeviceConfig: requesting nits when no mapping exists.
11-29 03:55:12.988 1491 1874 E DisplayDeviceConfig: requesting nits when no mapping exists.
11-29 03:55:13.004 1491 1874 E DisplayDeviceConfig: requesting nits when no mapping exists.
11-29 03:55:13.006 1491 1874 E DisplayDeviceConfig: requesting nits when no mapping exists.
11-29 03:55:13.022 1491 1874 E DisplayDeviceConfig: requesting nits when no mapping exists.
11-29 03:55:13.022 1491 1874 E DisplayDeviceConfig: requesting nits when no mapping exists.
11-29 03:55:19.057 1491 1626 I PowerManagerService: Napping display group (groupId=0, uid=1000)...
11-29 03:55:19.058 1491 1626 I PowerManagerService: Nap time (uid 1000)...
11-29 03:55:19.060 1491 1626 I DreamManagerService: Entering dreamland.
11-29 03:55:19.065 1491 1626 I PowerManagerService: Dreaming...
11-29 03:55:19.066 1491 1596 I DreamController: Starting dream: name=ComponentInfo{com.thundercomm.screensaver/com.thundercomm.saverclock.service.ClockScreensaver}, isTest=false, canDoze=false, userId=0
11-29 03:55:19.084 1491 5277 I ActivityTaskManager: START u0 {flg=0x10000000 pkg=com.thundercomm.screensaver cmp=com.thundercomm.screensaver/android.service.dreams.DreamActivity (has extras)} from uid 10052
11-29 03:55:19.093 1491 5277 W ActivityTaskManager: Can't find TaskDisplayArea to determine support for multi window. Task id=74 attached=false
11-29 03:55:19.105 1491 5277 I ActivityTaskManager: FOREGROUND_APPLICATION_CHANGED to android.service.dreams.DreamActivity
11-29 03:55:19.113 1491 5277 I ActivityTaskManager: The Process com.thundercomm.screensaver Already Exists in BG. So sending its PID: 5601
11-29 03:55:19.114 1491 5277 W ActivityTaskManager: Tried to set launchTime (0) < mLastActivityLaunchTime (2203606)
11-29 03:55:19.130 3714 3731 W ContextImpl: Calling a method in the system process without a qualified user: android.app.ContextImpl.startService:1816 android.content.ContextWrapper.startService:774 com.thundercomm.gamemode.ingame.services.GameModeActionUtils.startGameModeService:93 com.thundercomm.gamemode.ingame.services.GameModeActionUtils.startGameModeEntry:21 com.thundercomm.gamemode.ingame.services.ActivityMonitoringService$1.onActivityLaunch:127
11-29 03:55:19.131 1491 2059 W WindowManager: Failed looking up window session=Session{82b36f9 5601:u0a10052} callers=com.android.server.wm.WindowManagerService.windowForClientLocked:5628 com.android.server.wm.Session.insetsModified:629 android.view.IWindowSession$Stub.onTransact:1151
11-29 03:55:19.136 1491 1491 I GameModeConfig: Current uri is uri = content://com.thundercomm.gamemode.api/gamemode_settings/gamemode_isgaming
11-29 03:55:19.140 1491 1491 I GameModeConfig: isGameModeOn = false
11-29 03:55:19.141 1491 1491 I GameModeConfig: isGameModeOn = false
11-29 03:55:19.141 1491 1491 I GameModeConfig: isDisableVoice = true
11-29 03:55:19.156 1491 1760 I GameModeConfig: isGameModeOn = false
11-29 03:55:19.156 1491 1760 I GameModeConfig: isGameModeOn = false
11-29 03:55:19.157 1491 1760 I GameModeConfig: isGameModeOn = false
11-29 03:55:19.159 1491 1760 I GameModeConfig: isGameModeOn = false
11-29 03:55:19.172 1491 1626 V DisplayPowerController[0]: Brightness [1.0] reason changing to: 'manual', previous reason: 'manual [ dim ]'.
11-29 03:55:19.185 1491 1874 E DisplayDeviceConfig: requesting nits when no mapping exists.
11-29 03:55:19.186 1491 1874 E DisplayDeviceConfig: requesting nits when no mapping exists.
11-29 03:55:19.202 1491 1874 E DisplayDeviceConfig: requesting nits when no mapping exists.
11-29 03:55:19.203 1491 1874 E DisplayDeviceConfig: requesting nits when no mapping exists.
11-29 03:55:19.218 1491 1874 E DisplayDeviceConfig: requesting nits when no mapping exists.
11-29 03:55:19.219 1491 1874 E DisplayDeviceConfig: requesting nits when no mapping exists.
11-29 03:55:19.225 3714 3731 W ContextImpl: Calling a method in the system process without a qualified user: android.app.ContextImpl.startService:1816 android.content.ContextWrapper.startService:774 com.thundercomm.gamemode.ingame.services.GameModeActionUtils.startGameModeService:93 com.thundercomm.gamemode.ingame.services.GameModeActionUtils.startGameModeEntry:21 com.thundercomm.gamemode.ingame.services.ActivityMonitoringService$1.onActivityLaunch:127
11-29 03:55:19.228 1491 1491 I GameModeConfig: Current uri is uri = content://com.thundercomm.gamemode.api/gamemode_settings/gamemode_isgaming
11-29 03:55:19.230 1491 1491 I GameModeConfig: isGameModeOn = false
11-29 03:55:19.230 1491 1491 I GameModeConfig: isGameModeOn = false
11-29 03:55:19.230 1491 1491 I GameModeConfig: isDisableVoice = true
11-29 03:55:19.237 1491 1874 E DisplayDeviceConfig: requesting nits when no mapping exists.
11-29 03:55:19.237 1491 1874 E DisplayDeviceConfig: requesting nits when no mapping exists.
11-29 03:55:19.252 1491 1874 E DisplayDeviceConfig: requesting nits when no mapping exists.
11-29 03:55:19.252 1491 1874 E DisplayDeviceConfig: requesting nits when no mapping exists.
11-29 03:55:19.270 1491 1874 E DisplayDeviceConfig: requesting nits when no mapping exists.
11-29 03:55:19.270 1491 1874 E DisplayDeviceConfig: requesting nits when no mapping exists.
11-29 03:55:19.287 1491 1874 E DisplayDeviceConfig: requesting nits when no mapping exists.
11-29 03:55:19.288 1491 1874 E DisplayDeviceConfig: requesting nits when no mapping exists.
11-29 03:55:19.302 1491 1874 E DisplayDeviceConfig: requesting nits when no mapping exists.
11-29 03:55:19.302 1491 1874 E DisplayDeviceConfig: requesting nits when no mapping exists.
11-29 03:55:19.319 1491 1874 E DisplayDeviceConfig: requesting nits when no mapping exists.
11-29 03:55:19.319 1491 1874 E DisplayDeviceConfig: requesting nits when no mapping exists.
11-29 03:55:19.335 1491 1874 E DisplayDeviceConfig: requesting nits when no mapping exists.
11-29 03:55:19.336 1491 1874 E DisplayDeviceConfig: requesting nits when no mapping exists.
11-29 03:55:19.352 1491 1874 E DisplayDeviceConfig: requesting nits when no mapping exists.
11-29 03:55:19.353 1491 1874 E DisplayDeviceConfig: requesting nits when no mapping exists.
11-29 03:55:19.362 1491 1491 I GameModeConfig: isGameModeOn = false
11-29 03:55:19.364 1491 1491 W NotificationHistory: Attempted to add notif for locked/gone/disabled user 0
11-29 03:55:19.369 1491 1874 E DisplayDeviceConfig: requesting nits when no mapping exists.
11-29 03:55:19.369 1491 1874 E DisplayDeviceConfig: requesting nits when no mapping exists.
11-29 03:55:19.387 1491 1874 E DisplayDeviceConfig: requesting nits when no mapping exists.
11-29 03:55:19.388 1491 1874 E DisplayDeviceConfig: requesting nits when no mapping exists.
11-29 03:55:19.404 1491 1874 E DisplayDeviceConfig: requesting nits when no mapping exists.
11-29 03:55:19.404 1491 1874 E DisplayDeviceConfig: requesting nits when no mapping exists.
11-29 03:55:19.420 1491 1874 E DisplayDeviceConfig: requesting nits when no mapping exists.
11-29 03:55:19.420 1491 1874 E DisplayDeviceConfig: requesting nits when no mapping exists.
11-29 03:55:19.436 1491 1874 E DisplayDeviceConfig: requesting nits when no mapping exists.
11-29 03:55:19.436 1491 1874 E DisplayDeviceConfig: requesting nits when no mapping exists.
11-29 03:55:19.454 1491 1874 E DisplayDeviceConfig: requesting nits when no mapping exists.
11-29 03:55:19.454 1491 1874 E DisplayDeviceConfig: requesting nits when no mapping exists.
11-29 03:55:19.469 1491 1874 E DisplayDeviceConfig: requesting nits when no mapping exists.
11-29 03:55:19.469 1491 1874 E DisplayDeviceConfig: requesting nits when no mapping exists.
11-29 03:55:19.488 1491 1874 E DisplayDeviceConfig: requesting nits when no mapping exists.
11-29 03:55:19.489 1491 1874 E DisplayDeviceConfig: requesting nits when no mapping exists.
11-29 03:55:19.508 1491 1874 E DisplayDeviceConfig: requesting nits when no mapping exists.
11-29 03:55:19.509 1491 1874 E DisplayDeviceConfig: requesting nits when no mapping exists.
11-29 03:55:19.520 1491 1874 E DisplayDeviceConfig: requesting nits when no mapping exists.
11-29 03:55:19.520 1491 1874 E DisplayDeviceConfig: requesting nits when no mapping exists.
11-29 03:55:19.529 3714 3731 W ContextImpl: Calling a method in the system process without a qualified user: android.app.ContextImpl.startService:1816 android.content.ContextWrapper.startService:774 com.thundercomm.gamemode.ingame.services.GameModeActionUtils.startGameModeService:93 com.thundercomm.gamemode.ingame.services.GameModeActionUtils.startGameModeEntry:21 com.thundercomm.gamemode.ingame.services.ActivityMonitoringService$1.onActivityLaunch:127
11-29 03:55:19.533 1491 1491 I GameModeConfig: Current uri is uri = content://com.thundercomm.gamemode.api/gamemode_settings/gamemode_isgaming
11-29 03:55:19.535 1491 1491 I GameModeConfig: isGameModeOn = false
11-29 03:55:19.535 1491 1491 I GameModeConfig: isGameModeOn = false
11-29 03:55:19.535 1491 1491 I GameModeConfig: isDisableVoice = true
11-29 03:55:19.536 1491 1874 E DisplayDeviceConfig: requesting nits when no mapping exists.
11-29 03:55:19.536 1491 1874 E DisplayDeviceConfig: requesting nits when no mapping exists.
11-29 03:55:19.553 1491 1874 E DisplayDeviceConfig: requesting nits when no mapping exists.
11-29 03:55:19.553 1491 1874 E DisplayDeviceConfig: requesting nits when no mapping exists.
11-29 03:55:19.571 1491 1874 E DisplayDeviceConfig: requesting nits when no mapping exists.
11-29 03:55:19.571 1491 1874 E DisplayDeviceConfig: requesting nits when no mapping exists.
11-29 03:55:19.586 1491 1874 E DisplayDeviceConfig: requesting nits when no mapping exists.
11-29 03:55:19.587 1491 1874 E DisplayDeviceConfig: requesting nits when no mapping exists.
11-29 03:55:19.603 1491 1874 E DisplayDeviceConfig: requesting nits when no mapping exists.
11-29 03:55:19.603 1491 1874 E DisplayDeviceConfig: requesting nits when no mapping exists.
11-29 03:55:19.620 1491 1874 E DisplayDeviceConfig: requesting nits when no mapping exists.
11-29 03:55:19.621 1491 1874 E DisplayDeviceConfig: requesting nits when no mapping exists.
11-29 03:55:19.636 1491 1874 E DisplayDeviceConfig: requesting nits when no mapping exists.
11-29 03:55:19.637 1491 1874 E DisplayDeviceConfig: requesting nits when no mapping exists.
11-29 03:55:19.653 1491 1874 E DisplayDeviceConfig: requesting nits when no mapping exists.
11-29 03:55:19.654 1491 1874 E DisplayDeviceConfig: requesting nits when no mapping exists.
11-29 03:55:19.670 1491 1874 E DisplayDeviceConfig: requesting nits when no mapping exists.
11-29 03:55:19.671 1491 1874 E DisplayDeviceConfig: requesting nits when no mapping exists.
11-29 03:55:19.687 1491 1874 E DisplayDeviceConfig: requesting nits when no mapping exists.
11-29 03:55:19.687 1491 1874 E DisplayDeviceConfig: requesting nits when no mapping exists.
11-29 03:55:19.704 1491 1874 E DisplayDeviceConfig: requesting nits when no mapping exists.
11-29 03:55:19.704 1491 1874 E DisplayDeviceConfig: requesting nits when no mapping exists.
11-29 03:55:19.725 1491 1874 E DisplayDeviceConfig: requesting nits when no mapping exists.
11-29 03:55:19.725 1491 1874 E DisplayDeviceConfig: requesting nits when no mapping exists.
11-29 03:55:19.738 1491 1874 E DisplayDeviceConfig: requesting nits when no mapping exists.
11-29 03:55:19.738 1491 1874 E DisplayDeviceConfig: requesting nits when no mapping exists.
11-29 03:55:19.754 1491 1874 E DisplayDeviceConfig: requesting nits when no mapping exists.
11-29 03:55:19.754 1491 1874 E DisplayDeviceConfig: requesting nits when no mapping exists.
11-29 03:55:19.771 1491 1874 E DisplayDeviceConfig: requesting nits when no mapping exists.
11-29 03:55:19.771 1491 1874 E DisplayDeviceConfig: requesting nits when no mapping exists.
11-29 03:55:19.787 1491 1874 E DisplayDeviceConfig: requesting nits when no mapping exists.
11-29 03:55:19.787 1491 1874 E DisplayDeviceConfig: requesting nits when no mapping exists.
11-29 03:55:19.804 1491 1874 E DisplayDeviceConfig: requesting nits when no mapping exists.
11-29 03:55:19.804 1491 1874 E DisplayDeviceConfig: requesting nits when no mapping exists.
11-29 03:55:19.820 1491 1874 E DisplayDeviceConfig: requesting nits when no mapping exists.
11-29 03:55:19.821 1491 1874 E DisplayDeviceConfig: requesting nits when no mapping exists.
11-29 03:55:19.841 1491 1874 E DisplayDeviceConfig: requesting nits when no mapping exists.
11-29 03:55:19.842 1491 1874 E DisplayDeviceConfig: requesting nits when no mapping exists.
11-29 03:55:19.854 1491 1874 E DisplayDeviceConfig: requesting nits when no mapping exists.
11-29 03:55:19.855 1491 1874 E DisplayDeviceConfig: requesting nits when no mapping exists.
11-29 03:55:19.872 1491 1874 E DisplayDeviceConfig: requesting nits when no mapping exists.
11-29 03:55:19.873 1491 1874 E DisplayDeviceConfig: requesting nits when no mapping exists.
11-29 03:55:19.888 1491 1874 E DisplayDeviceConfig: requesting nits when no mapping exists.
11-29 03:55:19.889 1491 1874 E DisplayDeviceConfig: requesting nits when no mapping exists.
11-29 03:55:19.908 1491 1874 E DisplayDeviceConfig: requesting nits when no mapping exists.
11-29 03:55:19.909 1491 1874 E DisplayDeviceConfig: requesting nits when no mapping exists.
11-29 03:55:19.927 1491 1874 E DisplayDeviceConfig: requesting nits when no mapping exists.
11-29 03:55:19.927 1491 1874 E DisplayDeviceConfig: requesting nits when no mapping exists.
11-29 03:55:19.937 1491 1874 E DisplayDeviceConfig: requesting nits when no mapping exists.
11-29 03:55:19.938 1491 1874 E DisplayDeviceConfig: requesting nits when no mapping exists.
11-29 03:55:19.959 1491 1874 E DisplayDeviceConfig: requesting nits when no mapping exists.
11-29 03:55:19.959 1491 1874 E DisplayDeviceConfig: requesting nits when no mapping exists.
11-29 03:55:19.974 1491 1874 E DisplayDeviceConfig: requesting nits when no mapping exists.
11-29 03:55:19.974 1491 1874 E DisplayDeviceConfig: requesting nits when no mapping exists.
11-29 03:55:19.988 1491 1874 E DisplayDeviceConfig: requesting nits when no mapping exists.
11-29 03:55:19.988 1491 1874 E DisplayDeviceConfig: requesting nits when no mapping exists.
11-29 03:55:20.008 1491 1874 E DisplayDeviceConfig: requesting nits when no mapping exists.
11-29 03:55:20.008 1491 1874 E DisplayDeviceConfig: requesting nits when no mapping exists.
11-29 03:55:20.025 1491 1874 E DisplayDeviceConfig: requesting nits when no mapping exists.
11-29 03:55:20.025 1491 1874 E DisplayDeviceConfig: requesting nits when no mapping exists.
11-29 03:55:20.038 1491 1874 E DisplayDeviceConfig: requesting nits when no mapping exists.
11-29 03:55:20.038 1491 1874 E DisplayDeviceConfig: requesting nits when no mapping exists.
11-29 03:55:20.058 1491 1874 E DisplayDeviceConfig: requesting nits when no mapping exists.
11-29 03:55:20.059 1491 1874 E DisplayDeviceConfig: requesting nits when no mapping exists.
11-29 03:55:20.072 1491 1874 E DisplayDeviceConfig: requesting nits when no mapping exists.
11-29 03:55:20.073 1491 1874 E DisplayDeviceConfig: requesting nits when no mapping exists.
11-29 03:55:20.090 1491 1874 E DisplayDeviceConfig: requesting nits when no mapping exists.
11-29 03:55:20.090 1491 1874 E DisplayDeviceConfig: requesting nits when no mapping exists.
11-29 03:55:20.108 1491 1874 E DisplayDeviceConfig: requesting nits when no mapping exists.
11-29 03:55:20.110 1491 1874 E DisplayDeviceConfig: requesting nits when no mapping exists.
11-29 03:55:20.124 1491 1874 E DisplayDeviceConfig: requesting nits when no mapping exists.
11-29 03:55:20.126 1491 1874 E DisplayDeviceConfig: requesting nits when no mapping exists.
11-29 03:55:25.928 1491 5277 I DreamManagerService: Gently waking up from dream.
11-29 03:55:25.931 1491 1596 I DreamManagerService: Performing gentle wake from dream.
11-29 03:55:25.934 1491 8786 I ActivityTaskManager: FOREGROUND_APPLICATION_CHANGED to com.android.launcher3.uioverrides.QuickstepLauncher
11-29 03:55:25.969 3714 3731 W ContextImpl: Calling a method in the system process without a qualified user: android.app.ContextImpl.startService:1816 android.content.ContextWrapper.startService:774 com.thundercomm.gamemode.ingame.services.GameModeActionUtils.startGameModeService:93 com.thundercomm.gamemode.ingame.services.GameModeActionUtils.startGameModeEntry:21 com.thundercomm.gamemode.ingame.services.ActivityMonitoringService$1.onActivityLaunch:127
11-29 03:55:25.978 1491 1491 I GameModeConfig: Current uri is uri = content://com.thundercomm.gamemode.api/gamemode_settings/gamemode_isgaming
11-29 03:55:25.981 1491 1491 I GameModeConfig: isGameModeOn = false
11-29 03:55:25.982 1491 1491 I GameModeConfig: isGameModeOn = false
11-29 03:55:25.982 1491 1491 I GameModeConfig: isDisableVoice = true
11-29 03:55:25.985 1491 1626 I PowerManagerService: Powering on display group fromDreaming (groupId=0, uid=1000, reason=WAKE_REASON_UNKNOWN, details=android.server.power:DREAM_FINISHED)...
11-29 03:55:25.985 1491 1626 I PowerManagerService: Waking up from Dreaming (uid=1000, reason=WAKE_REASON_UNKNOWN, details=android.server.power:DREAM_FINISHED)...
11-29 03:55:26.049 3714 3731 W ContextImpl: Calling a method in the system process without a qualified user: android.app.ContextImpl.startService:1816 android.content.ContextWrapper.startService:774 com.thundercomm.gamemode.ingame.services.GameModeActionUtils.startGameModeService:93 com.thundercomm.gamemode.ingame.services.GameModeActionUtils.startGameModeEntry:21 com.thundercomm.gamemode.ingame.services.ActivityMonitoringService$1.onActivityLaunch:127
11-29 03:55:26.060 1491 1491 I GameModeConfig: Current uri is uri = content://com.thundercomm.gamemode.api/gamemode_settings/gamemode_isgaming
11-29 03:55:26.062 1491 1491 I GameModeConfig: isGameModeOn = false
11-29 03:55:26.062 1491 1491 I GameModeConfig: isGameModeOn = false
11-29 03:55:26.062 1491 1491 I GameModeConfig: isDisableVoice = true
11-29 03:55:26.236 3714 3731 W ContextImpl: Calling a method in the system process without a qualified user: android.app.ContextImpl.startService:1816 android.content.ContextWrapper.startService:774 com.thundercomm.gamemode.ingame.services.GameModeActionUtils.startGameModeService:93 com.thundercomm.gamemode.ingame.services.GameModeActionUtils.startGameModeEntry:21 com.thundercomm.gamemode.ingame.services.ActivityMonitoringService$1.onActivityLaunch:127
11-29 03:55:26.242 1491 1491 I GameModeConfig: Current uri is uri = content://com.thundercomm.gamemode.api/gamemode_settings/gamemode_isgaming
11-29 03:55:26.244 1491 1491 I GameModeConfig: isGameModeOn = false
11-29 03:55:26.245 1491 1491 I GameModeConfig: isGameModeOn = false
11-29 03:55:26.245 1491 1491 I GameModeConfig: isDisableVoice = true
11-29 03:55:26.257 1491 2059 I DreamManagerService: Leaving dreamland.
11-29 03:55:26.258 1491 1596 I DreamManagerService: Performing gentle wake from dream.
11-29 03:55:26.258 1491 1596 I DreamController: Stopping dream: name=ComponentInfo{com.thundercomm.screensaver/com.thundercomm.saverclock.service.ClockScreensaver}, isTest=false, canDoze=false, userId=0, reason='finished self'(from 'finished self')
11-29 03:55:26.270 1491 1600 W ActivityTaskManager: Can't find TaskDisplayArea to determine support for multi window. Task id=74 attached=false
11-29 03:55:29.412 1491 1760 I GameModeConfig: isGameModeOn = false
11-29 03:55:29.855 1491 1760 I GameModeConfig: isGameModeOn = false
11-29 03:55:29.856 1491 1760 I GameModeConfig: isGameModeOn = false
11-29 03:55:29.856 1491 1760 I GameModeConfig: isGameModeOn = false
11-29 03:55:29.856 1491 1760 I GameModeConfig: isGameModeOn = false
11-29 03:55:29.895 1491 1760 I GameModeConfig: isGameModeOn = false
11-29 03:55:29.897 1491 1760 I GameModeConfig: isGameModeOn = false
11-29 03:55:29.898 1491 1760 I GameModeConfig: isGameModeOn = false
11-29 03:55:29.898 1491 1760 I GameModeConfig: isGameModeOn = false
11-29 03:55:30.062 1491 1491 I GameModeConfig: isGameModeOn = false
11-29 03:55:30.069 1491 1491 W NotificationHistory: Attempted to add notif for locked/gone/disabled user 0
11-29 03:55:30.102 1491 1491 I GameModeConfig: isGameModeOn = false
11-29 03:55:30.102 1491 1491 E NotificationService: Muting recently noisy 0|com.android.systemui|2048|null|10082
11-29 03:55:31.767 1491 5277 I ActivityTaskManager: START u0 {act=android.settings.NOTIFICATION_SETTINGS flg=0x1000c000 cmp=com.android.settings/.Settings$ConfigureNotificationSettingsActivity} from uid 10082
11-29 03:55:31.778 1491 5277 W ActivityTaskManager: Can't find TaskDisplayArea to determine support for multi window. Task id=75 attached=false
11-29 03:55:31.782 1491 5277 D CompatibilityChangeReporter: Compat change id reported: 174042980; UID 1000; state: DISABLED
11-29 03:55:31.790 1491 5277 D CompatibilityChangeReporter: Compat change id reported: 168419799; UID 1000; state: DISABLED
11-29 03:55:31.806 1491 8592 I ActivityTaskManager: FOREGROUND_APPLICATION_CHANGED to com.android.settings.Settings$ConfigureNotificationSettingsActivity
11-29 03:55:31.809 1491 8592 I ActivityTaskManager: The Process com.android.settings Already Exists in BG. So sending its PID: 10787
11-29 03:55:31.812 1491 8592 D CompatibilityChangeReporter: Compat change id reported: 181136395; UID 1000; state: DISABLED
11-29 03:55:31.812 1491 8592 D CompatibilityChangeReporter: Compat change id reported: 174042936; UID 1000; state: DISABLED
11-29 03:55:31.839 3714 3731 W ContextImpl: Calling a method in the system process without a qualified user: android.app.ContextImpl.startService:1816 android.content.ContextWrapper.startService:774 com.thundercomm.gamemode.ingame.services.GameModeActionUtils.startGameModeService:93 com.thundercomm.gamemode.ingame.services.GameModeActionUtils.startGameModeEntry:21 com.thundercomm.gamemode.ingame.services.ActivityMonitoringService$1.onActivityLaunch:127
11-29 03:55:31.847 1491 1491 I GameModeConfig: Current uri is uri = content://com.thundercomm.gamemode.api/gamemode_settings/gamemode_isgaming
11-29 03:55:31.851 1491 1491 I GameModeConfig: isGameModeOn = false
11-29 03:55:31.851 1491 1491 I GameModeConfig: isGameModeOn = false
11-29 03:55:31.851 1491 1491 I GameModeConfig: isDisableVoice = true
11-29 03:55:31.875 1491 8786 I ActivityTaskManager: START u0 {act=android.settings.NOTIFICATION_SETTINGS flg=0x1000c000 cmp=com.android.settings/.homepage.SettingsHomepageActivity (has extras)} from uid 1000
11-29 03:55:31.877 1491 8786 W ActivityTaskManager: Can't find TaskDisplayArea to determine support for multi window. Task id=76 attached=false
11-29 03:55:31.887 1491 5277 I ActivityTaskManager: FOREGROUND_APPLICATION_CHANGED to com.android.settings.homepage.SettingsHomepageActivity
11-29 03:55:31.887 1491 5277 I ActivityTaskManager: The Process com.android.settings Already Exists in BG. So sending its PID: 10787
11-29 03:55:31.887 1491 5277 W ActivityTaskManager: Tried to set launchTime (0) < mLastActivityLaunchTime (2510291)
11-29 03:55:31.939 1491 5277 E UserRestrictionsUtils: Unknown restriction queried by uid 1000 (com.qualcomm.qti.qdma et al): null
11-29 03:55:31.939 1491 5277 E UserRestrictionsUtils: Unknown restriction queried by uid 1000 (com.qualcomm.qti.qdma et al): null
11-29 03:55:31.940 1491 5277 E UserRestrictionsUtils: Unknown restriction queried by uid 1000 (com.qualcomm.qti.qdma et al): null
11-29 03:55:31.940 1491 5277 E UserRestrictionsUtils: Unknown restriction queried by uid 1000 (com.qualcomm.qti.qdma et al): null
11-29 03:55:31.940 1491 5277 E UserRestrictionsUtils: Unknown restriction queried by uid 1000 (com.qualcomm.qti.qdma et al): null
11-29 03:55:31.941 1491 5277 E UserRestrictionsUtils: Unknown restriction queried by uid 1000 (com.qualcomm.qti.qdma et al): null
11-29 03:55:31.941 1491 5277 E UserRestrictionsUtils: Unknown restriction queried by uid 1000 (com.qualcomm.qti.qdma et al): null
11-29 03:55:31.941 1491 5277 E UserRestrictionsUtils: Unknown restriction queried by uid 1000 (com.qualcomm.qti.qdma et al): null
11-29 03:55:31.941 1491 5277 E UserRestrictionsUtils: Unknown restriction queried by uid 1000 (com.qualcomm.qti.qdma et al): null
11-29 03:55:31.942 1491 5277 E UserRestrictionsUtils: Unknown restriction queried by uid 1000 (com.qualcomm.qti.qdma et al): null
11-29 03:55:31.942 1491 5277 E UserRestrictionsUtils: Unknown restriction queried by uid 1000 (com.qualcomm.qti.qdma et al): null
11-29 03:55:31.942 1491 5277 E UserRestrictionsUtils: Unknown restriction queried by uid 1000 (com.qualcomm.qti.qdma et al): null
11-29 03:55:31.942 1491 5277 E UserRestrictionsUtils: Unknown restriction queried by uid 1000 (com.qualcomm.qti.qdma et al): null
11-29 03:55:31.943 1491 5277 E UserRestrictionsUtils: Unknown restriction queried by uid 1000 (com.qualcomm.qti.qdma et al): null
11-29 03:55:31.943 1491 5277 E UserRestrictionsUtils: Unknown restriction queried by uid 1000 (com.qualcomm.qti.qdma et al): null
11-29 03:55:31.943 1491 5277 E UserRestrictionsUtils: Unknown restriction queried by uid 1000 (com.qualcomm.qti.qdma et al): null
11-29 03:55:31.943 1491 5277 E UserRestrictionsUtils: Unknown restriction queried by uid 1000 (com.qualcomm.qti.qdma et al): null
11-29 03:55:31.944 1491 5277 E UserRestrictionsUtils: Unknown restriction queried by uid 1000 (com.qualcomm.qti.qdma et al): null
11-29 03:55:31.993 1491 1618 W BatteryExternalStatsWorker: error reading modem stats:ERROR_PHONE_NOT_AVAILABLE
11-29 03:55:32.007 3714 3731 W ContextImpl: Calling a method in the system process without a qualified user: android.app.ContextImpl.startService:1816 android.content.ContextWrapper.startService:774 com.thundercomm.gamemode.ingame.services.GameModeActionUtils.startGameModeService:93 com.thundercomm.gamemode.ingame.services.GameModeActionUtils.startGameModeEntry:21 com.thundercomm.gamemode.ingame.services.ActivityMonitoringService$1.onActivityLaunch:127
11-29 03:55:32.013 1491 1491 I GameModeConfig: Current uri is uri = content://com.thundercomm.gamemode.api/gamemode_settings/gamemode_isgaming
11-29 03:55:32.014 1491 1491 I GameModeConfig: isGameModeOn = false
11-29 03:55:32.015 1491 1491 I GameModeConfig: isGameModeOn = false
11-29 03:55:32.015 1491 1491 I GameModeConfig: isDisableVoice = true
11-29 03:55:32.022 1491 1618 E KernelCpuSpeedReader: Failed to read cpu-freq: /sys/devices/system/cpu/cpu4/cpufreq/stats/time_in_state: open failed: ENOENT (No such file or directory)
11-29 03:55:32.022 1491 1618 E KernelCpuSpeedReader: Failed to read cpu-freq: /sys/devices/system/cpu/cpu0/cpufreq/stats/time_in_state: open failed: ENOENT (No such file or directory)
11-29 03:55:32.079 1491 1618 W BatteryExternalStatsWorker: error reading modem stats:ERROR_PHONE_NOT_AVAILABLE
11-29 03:55:32.082 1491 1618 E KernelCpuSpeedReader: Failed to read cpu-freq: /sys/devices/system/cpu/cpu4/cpufreq/stats/time_in_state: open failed: ENOENT (No such file or directory)
11-29 03:55:32.083 1491 1618 E KernelCpuSpeedReader: Failed to read cpu-freq: /sys/devices/system/cpu/cpu0/cpufreq/stats/time_in_state: open failed: ENOENT (No such file or directory)
11-29 03:55:32.211 1491 5277 E UserRestrictionsUtils: Unknown restriction queried by uid 1000 (com.qualcomm.qti.qdma et al): null
11-29 03:55:32.212 1491 5277 E UserRestrictionsUtils: Unknown restriction queried by uid 1000 (com.qualcomm.qti.qdma et al): null
11-29 03:55:32.383 1491 1760 I GameModeConfig: isGameModeOn = false
11-29 03:55:32.383 1491 1760 I GameModeConfig: isGameModeOn = false
11-29 03:55:32.383 1491 1760 I GameModeConfig: isGameModeOn = false
11-29 03:55:32.384 1491 1760 I GameModeConfig: isGameModeOn = false
11-29 03:55:32.434 1491 8592 W ActivityTaskManager: Can't find TaskDisplayArea to determine support for multi window. Task id=75 attached=false
11-29 03:55:32.435 1491 8592 W ActivityTaskManager: Can't find TaskDisplayArea to determine support for multi window. Task id=75 attached=false
11-29 03:55:32.438 1491 1760 I GameModeConfig: isGameModeOn = false
11-29 03:55:32.439 1491 1760 I GameModeConfig: isGameModeOn = false
11-29 03:55:32.439 1491 1760 I GameModeConfig: isGameModeOn = false
11-29 03:55:32.439 1491 1760 I GameModeConfig: isGameModeOn = false
11-29 03:55:32.440 3714 3731 W ContextImpl: Calling a method in the system process without a qualified user: android.app.ContextImpl.startService:1816 android.content.ContextWrapper.startService:774 com.thundercomm.gamemode.ingame.services.GameModeActionUtils.startGameModeService:93 com.thundercomm.gamemode.ingame.services.GameModeActionUtils.startGameModeEntry:21 com.thundercomm.gamemode.ingame.services.ActivityMonitoringService$1.onActivityLaunch:127
11-29 03:55:32.447 1491 1491 I GameModeConfig: Current uri is uri = content://com.thundercomm.gamemode.api/gamemode_settings/gamemode_isgaming
11-29 03:55:32.458 1491 1491 I GameModeConfig: isGameModeOn = false
11-29 03:55:32.458 1491 1491 I GameModeConfig: isGameModeOn = false
11-29 03:55:32.458 1491 1491 I GameModeConfig: isDisableVoice = true
11-29 03:55:32.590 1491 1491 I GameModeConfig: isGameModeOn = false
11-29 03:55:32.592 1491 1491 W NotificationHistory: Attempted to add notif for locked/gone/disabled user 0
11-29 03:55:32.647 1491 1491 I GameModeConfig: isGameModeOn = false
11-29 03:55:32.647 1491 1491 E NotificationService: Muting recently noisy 0|com.android.systemui|2048|null|10082
11-29 03:55:33.193 3714 3731 W ContextImpl: Calling a method in the system process without a qualified user: android.app.ContextImpl.startService:1816 android.content.ContextWrapper.startService:774 com.thundercomm.gamemode.ingame.services.GameModeActionUtils.startGameModeService:93 com.thundercomm.gamemode.ingame.services.GameModeActionUtils.startGameModeEntry:21 com.thundercomm.gamemode.ingame.services.ActivityMonitoringService$1.onActivityLaunch:127
11-29 03:55:33.197 1491 1491 I GameModeConfig: Current uri is uri = content://com.thundercomm.gamemode.api/gamemode_settings/gamemode_isgaming
11-29 03:55:33.200 1491 1491 I GameModeConfig: isGameModeOn = false
11-29 03:55:33.201 1491 1491 I GameModeConfig: isGameModeOn = false
11-29 03:55:33.201 1491 1491 I GameModeConfig: isDisableVoice = true
11-29 03:55:33.223 1491 2770 W ActivityTaskManager: getTaskSnapshot: taskId=5076 not found
11-29 03:55:33.224 1491 2770 W ActivityTaskManager: getTaskSnapshot: taskId=4076 not found
11-29 03:55:33.225 1491 2770 W ActivityTaskManager: getTaskSnapshot: taskId=3076 not found
11-29 03:55:33.226 1491 2770 W ActivityTaskManager: getTaskSnapshot: taskId=2076 not found
11-29 03:55:33.227 1491 2059 W ActivityTaskManager: getTaskSnapshot: taskId=1076 not found
11-29 03:55:35.520 1491 1607 W UsageStatsService: Unexpected activity event reported! (com.android.launcher3/com.android.launcher3.uioverrides.QuickstepLauncher event : 23 instanceId : 49472091)
11-29 03:55:35.529 3714 3731 W ContextImpl: Calling a method in the system process without a qualified user: android.app.ContextImpl.startService:1816 android.content.ContextWrapper.startService:774 com.thundercomm.gamemode.ingame.services.GameModeActionUtils.startGameModeService:93 com.thundercomm.gamemode.ingame.services.GameModeActionUtils.startGameModeEntry:21 com.thundercomm.gamemode.ingame.services.ActivityMonitoringService$1.onActivityLaunch:127
11-29 03:55:35.535 1491 1491 I GameModeConfig: Current uri is uri = content://com.thundercomm.gamemode.api/gamemode_settings/gamemode_isgaming
11-29 03:55:35.543 1491 1491 I GameModeConfig: isGameModeOn = false
