11-29 03:55:35.543 1491 1491 I GameModeConfig: isGameModeOn = false
11-29 03:55:35.543 1491 1491 I GameModeConfig: isDisableVoice = true
11-29 03:55:35.821 1491 2756 E TaskPersister: File error accessing recents directory (directory doesn't exist?).
11-29 03:55:36.374 3714 3731 W ContextImpl: Calling a method in the system process without a qualified user: android.app.ContextImpl.startService:1816 android.content.ContextWrapper.startService:774 com.thundercomm.gamemode.ingame.services.GameModeActionUtils.startGameModeService:93 com.thundercomm.gamemode.ingame.services.GameModeActionUtils.startGameModeEntry:21 com.thundercomm.gamemode.ingame.services.ActivityMonitoringService$1.onActivityLaunch:127
11-29 03:55:36.376 1491 2770 W ActivityTaskManager: getTaskSnapshot: taskId=5076 not found
11-29 03:55:36.378 1491 9480 W ActivityTaskManager: getTaskSnapshot: taskId=4076 not found
11-29 03:55:36.381 1491 1491 I GameModeConfig: Current uri is uri = content://com.thundercomm.gamemode.api/gamemode_settings/gamemode_isgaming
11-29 03:55:36.385 1491 1491 I GameModeConfig: isGameModeOn = false
11-29 03:55:36.385 1491 1491 I GameModeConfig: isGameModeOn = false
11-29 03:55:36.385 1491 1491 I GameModeConfig: isDisableVoice = true
11-29 03:55:36.391 1491 2770 W ActivityTaskManager: getTaskSnapshot: taskId=5076 not found
11-29 03:55:36.392 1491 2770 W ActivityTaskManager: getTaskSnapshot: taskId=4076 not found
11-29 03:55:37.263 1491 9480 I ActivityTaskManager: FOREGROUND_APPLICATION_CHANGED to com.android.launcher3.uioverrides.QuickstepLauncher
11-29 03:55:37.346 3714 3731 W ContextImpl: Calling a method in the system process without a qualified user: android.app.ContextImpl.startService:1816 android.content.ContextWrapper.startService:774 com.thundercomm.gamemode.ingame.services.GameModeActionUtils.startGameModeService:93 com.thundercomm.gamemode.ingame.services.GameModeActionUtils.startGameModeEntry:21 com.thundercomm.gamemode.ingame.services.ActivityMonitoringService$1.onActivityLaunch:127
11-29 03:55:37.350 1491 1491 I GameModeConfig: Current uri is uri = content://com.thundercomm.gamemode.api/gamemode_settings/gamemode_isgaming
11-29 03:55:37.353 1491 1491 I GameModeConfig: isGameModeOn = false
11-29 03:55:37.353 1491 1491 I GameModeConfig: isGameModeOn = false
11-29 03:55:37.353 1491 1491 I GameModeConfig: isDisableVoice = true
11-29 03:55:37.384 3714 3731 W ContextImpl: Calling a method in the system process without a qualified user: android.app.ContextImpl.startService:1816 android.content.ContextWrapper.startService:774 com.thundercomm.gamemode.ingame.services.GameModeActionUtils.startGameModeService:93 com.thundercomm.gamemode.ingame.services.GameModeActionUtils.startGameModeEntry:21 com.thundercomm.gamemode.ingame.services.ActivityMonitoringService$1.onActivityLaunch:127
11-29 03:55:37.389 1491 1491 I GameModeConfig: Current uri is uri = content://com.thundercomm.gamemode.api/gamemode_settings/gamemode_isgaming
11-29 03:55:37.392 1491 1491 I GameModeConfig: isGameModeOn = false
11-29 03:55:37.393 1491 1491 I GameModeConfig: isGameModeOn = false
11-29 03:55:37.393 1491 1491 I GameModeConfig: isDisableVoice = true
11-29 03:55:37.694 1491 9480 I ActivityTaskManager: START u0 {act=android.intent.action.MAIN cat=[android.intent.category.LAUNCHER] flg=0x10200000 cmp=com.android.music/.VideoBrowserActivity bnds=[2308,540][2494,740]} from uid 10077
11-29 03:55:37.703 1491 9480 W ActivityTaskManager: Can't find TaskDisplayArea to determine support for multi window. Task id=77 attached=false
11-29 03:55:37.707 1491 9480 D CompatibilityChangeReporter: Compat change id reported: 174042980; UID 10089; state: DISABLED
11-29 03:55:37.707 1491 9480 D CompatibilityChangeReporter: Compat change id reported: 184838306; UID 10089; state: DISABLED
11-29 03:55:37.708 1491 9480 D CompatibilityChangeReporter: Compat change id reported: 185004937; UID 10089; state: DISABLED
11-29 03:55:37.708 1491 9480 D CompatibilityChangeReporter: Compat change id reported: 181136395; UID 10089; state: DISABLED
11-29 03:55:37.709 1491 9480 D CompatibilityChangeReporter: Compat change id reported: 174042936; UID 10089; state: DISABLED
11-29 03:55:37.712 1491 9480 D CompatibilityChangeReporter: Compat change id reported: 168419799; UID 10089; state: DISABLED
11-29 03:55:37.722 1491 9480 I ActivityTaskManager: FOREGROUND_APPLICATION_CHANGED to com.android.music.VideoBrowserActivity
11-29 03:55:37.725 1491 9480 I ActivityTaskManager: The Process com.android.music Already Exists in BG. So sending its PID: 11351
11-29 03:55:37.760 3714 3731 W ContextImpl: Calling a method in the system process without a qualified user: android.app.ContextImpl.startService:1816 android.content.ContextWrapper.startService:774 com.thundercomm.gamemode.ingame.services.GameModeActionUtils.startGameModeService:93 com.thundercomm.gamemode.ingame.services.GameModeActionUtils.startGameModeEntry:21 com.thundercomm.gamemode.ingame.services.ActivityMonitoringService$1.onActivityLaunch:127
11-29 03:55:37.766 1491 1491 I GameModeConfig: Current uri is uri = content://com.thundercomm.gamemode.api/gamemode_settings/gamemode_isgaming
11-29 03:55:37.773 1491 1491 I GameModeConfig: isGameModeOn = false
11-29 03:55:37.773 1491 1491 I GameModeConfig: isGameModeOn = false
11-29 03:55:37.773 1491 1491 I GameModeConfig: isDisableVoice = true
11-29 03:55:37.841 3714 3731 W ContextImpl: Calling a method in the system process without a qualified user: android.app.ContextImpl.startService:1816 android.content.ContextWrapper.startService:774 com.thundercomm.gamemode.ingame.services.GameModeActionUtils.startGameModeService:93 com.thundercomm.gamemode.ingame.services.GameModeActionUtils.startGameModeEntry:21 com.thundercomm.gamemode.ingame.services.ActivityMonitoringService$1.onActivityLaunch:127
11-29 03:55:37.845 1491 1491 I GameModeConfig: Current uri is uri = content://com.thundercomm.gamemode.api/gamemode_settings/gamemode_isgaming
11-29 03:55:37.851 1491 1491 I GameModeConfig: isGameModeOn = false
11-29 03:55:37.851 1491 1491 I GameModeConfig: isGameModeOn = false
11-29 03:55:37.851 1491 1491 I GameModeConfig: isDisableVoice = true
11-29 03:55:38.367 3714 3731 W ContextImpl: Calling a method in the system process without a qualified user: android.app.ContextImpl.startService:1816 android.content.ContextWrapper.startService:774 com.thundercomm.gamemode.ingame.services.GameModeActionUtils.startGameModeService:93 com.thundercomm.gamemode.ingame.services.GameModeActionUtils.startGameModeEntry:21 com.thundercomm.gamemode.ingame.services.ActivityMonitoringService$1.onActivityLaunch:127
11-29 03:55:38.373 1491 1491 I GameModeConfig: Current uri is uri = content://com.thundercomm.gamemode.api/gamemode_settings/gamemode_isgaming
11-29 03:55:38.375 1491 1491 I GameModeConfig: isGameModeOn = false
11-29 03:55:38.375 1491 1491 I GameModeConfig: isGameModeOn = false
11-29 03:55:38.376 1491 1491 I GameModeConfig: isDisableVoice = true
11-29 03:55:39.087 3714 3731 W ContextImpl: Calling a method in the system process without a qualified user: android.app.ContextImpl.startService:1816 android.content.ContextWrapper.startService:774 com.thundercomm.gamemode.ingame.services.GameModeActionUtils.startGameModeService:93 com.thundercomm.gamemode.ingame.services.GameModeActionUtils.startGameModeEntry:21 com.thundercomm.gamemode.ingame.services.ActivityMonitoringService$1.onActivityLaunch:127
11-29 03:55:39.095 1491 1491 I GameModeConfig: Current uri is uri = content://com.thundercomm.gamemode.api/gamemode_settings/gamemode_isgaming
11-29 03:55:39.099 1491 1491 I GameModeConfig: isGameModeOn = false
11-29 03:55:39.099 1491 1491 I GameModeConfig: isGameModeOn = false
11-29 03:55:39.099 1491 1491 I GameModeConfig: isDisableVoice = true
11-29 03:55:39.116 1491 8786 W ActivityTaskManager: getTaskSnapshot: taskId=4076 not found
11-29 03:55:39.121 1491 8786 W ActivityTaskManager: getTaskSnapshot: taskId=3076 not found
11-29 03:55:39.122 1491 2770 W ActivityTaskManager: getTaskSnapshot: taskId=2076 not found
11-29 03:55:39.123 1491 2770 W ActivityTaskManager: getTaskSnapshot: taskId=1076 not found
11-29 03:55:40.084 1491 1760 I GameModeConfig: isGameModeOn = false
11-29 03:55:40.103 1491 1760 I GameModeConfig: isGameModeOn = false
11-29 03:55:40.720 1491 2756 E TaskPersister: File error accessing recents directory (directory doesn't exist?).
11-29 03:55:41.529 1491 8592 I ActivityTaskManager: FOREGROUND_APPLICATION_CHANGED to com.android.launcher3.uioverrides.QuickstepLauncher
11-29 03:55:41.600 3714 3731 W ContextImpl: Calling a method in the system process without a qualified user: android.app.ContextImpl.startService:1816 android.content.ContextWrapper.startService:774 com.thundercomm.gamemode.ingame.services.GameModeActionUtils.startGameModeService:93 com.thundercomm.gamemode.ingame.services.GameModeActionUtils.startGameModeEntry:21 com.thundercomm.gamemode.ingame.services.ActivityMonitoringService$1.onActivityLaunch:127
11-29 03:55:41.605 1491 1491 I GameModeConfig: Current uri is uri = content://com.thundercomm.gamemode.api/gamemode_settings/gamemode_isgaming
11-29 03:55:41.607 1491 1491 I GameModeConfig: isGameModeOn = false
11-29 03:55:41.608 1491 1491 I GameModeConfig: isGameModeOn = false
11-29 03:55:41.608 1491 1491 I GameModeConfig: isDisableVoice = true
11-29 03:55:41.656 3714 3731 W ContextImpl: Calling a method in the system process without a qualified user: android.app.ContextImpl.startService:1816 android.content.ContextWrapper.startService:774 com.thundercomm.gamemode.ingame.services.GameModeActionUtils.startGameModeService:93 com.thundercomm.gamemode.ingame.services.GameModeActionUtils.startGameModeEntry:21 com.thundercomm.gamemode.ingame.services.ActivityMonitoringService$1.onActivityLaunch:127
11-29 03:55:41.660 1491 1491 I GameModeConfig: Current uri is uri = content://com.thundercomm.gamemode.api/gamemode_settings/gamemode_isgaming
11-29 03:55:41.662 1491 1491 I GameModeConfig: isGameModeOn = false
11-29 03:55:41.663 1491 1491 I GameModeConfig: isGameModeOn = false
11-29 03:55:41.663 1491 1491 I GameModeConfig: isDisableVoice = true
11-29 03:55:42.395 1491 1760 I GameModeConfig: isGameModeOn = false
11-29 03:55:42.440 1491 1760 I GameModeConfig: isGameModeOn = false
11-29 03:55:42.591 1491 1760 I GameModeConfig: isGameModeOn = false
11-29 03:55:42.647 1491 1760 I GameModeConfig: isGameModeOn = false
11-29 03:56:11.486 1491 8786 D CompatibilityChangeReporter: Compat change id reported: 149924527; UID 2000; state: ENABLED
11-29 03:56:11.487 1491 8786 D CompatibilityChangeReporter: Compat change id reported: 132649864; UID 2000; state: DISABLED
11-29 03:56:17.493 1491 2770 W ActivityManager: Unable to start service Intent { act=android.intent.action.START_LEBO_SERVICE pkg=com.hpplay.happyplay.aw } U=0: not found
11-29 03:56:20.125 1491 8786 W NotificationService: Toast already killed. pkg=com.hht.lebocast token=android.os.BinderProxy@552968f
11-29 03:56:25.949 1491 9480 I ActivityTaskManager: START u0 {act=android.intent.action.MAIN cat=[android.intent.category.LAUNCHER] flg=0x10200000 cmp=com.android.documentsui/.LauncherActivity bnds=[980,252][1280,550]} from uid 10077
11-29 03:56:25.957 1491 9480 W ActivityTaskManager: Can't find TaskDisplayArea to determine support for multi window. Task id=78 attached=false
11-29 03:56:25.961 1491 9480 D CompatibilityChangeReporter: Compat change id reported: 174042980; UID 10023; state: DISABLED
11-29 03:56:25.962 1491 9480 D CompatibilityChangeReporter: Compat change id reported: 184838306; UID 10023; state: DISABLED
11-29 03:56:25.962 1491 9480 D CompatibilityChangeReporter: Compat change id reported: 185004937; UID 10023; state: DISABLED
11-29 03:56:25.963 1491 9480 D CompatibilityChangeReporter: Compat change id reported: 181136395; UID 10023; state: DISABLED
11-29 03:56:25.963 1491 9480 D CompatibilityChangeReporter: Compat change id reported: 174042936; UID 10023; state: DISABLED
11-29 03:56:25.965 1491 9480 D CompatibilityChangeReporter: Compat change id reported: 168419799; UID 10023; state: DISABLED
11-29 03:56:25.978 1491 9480 I ActivityTaskManager: FOREGROUND_APPLICATION_CHANGED to com.android.documentsui.files.LauncherActivity
11-29 03:56:25.987 1491 1599 D CompatibilityChangeReporter: Compat change id reported: 135634846; UID 10023; state: DISABLED
11-29 03:56:25.987 1491 1599 D CompatibilityChangeReporter: Compat change id reported: 177438394; UID 10023; state: DISABLED
11-29 03:56:25.987 1491 1599 D CompatibilityChangeReporter: Compat change id reported: 135772972; UID 10023; state: DISABLED
11-29 03:56:25.987 1491 1599 D CompatibilityChangeReporter: Compat change id reported: 135754954; UID 10023; state: ENABLED
11-29 03:56:25.988 1491 1609 D CompatibilityChangeReporter: Compat change id reported: 143937733; UID 10023; state: ENABLED
11-29 03:56:26.009 1491 1609 I ActivityManager: Start proc 11625:com.android.documentsui/u0a23 for pre-top-activity {com.android.documentsui/com.android.documentsui.LauncherActivity}
11-29 03:56:26.010 1491 11626 W ContextImpl: Calling a method in the system process without a qualified user: android.app.ContextImpl.sendBroadcast:1173 com.qualcomm.qti.Performance$SendGameLaunchBroadcast.run:217 java.lang.Thread.run:920
11-29 03:56:26.053 3714 3731 W ContextImpl: Calling a method in the system process without a qualified user: android.app.ContextImpl.startService:1816 android.content.ContextWrapper.startService:774 com.thundercomm.gamemode.ingame.services.GameModeActionUtils.startGameModeService:93 com.thundercomm.gamemode.ingame.services.GameModeActionUtils.startGameModeEntry:21 com.thundercomm.gamemode.ingame.services.ActivityMonitoringService$1.onActivityLaunch:127
11-29 03:56:26.065 1491 1491 I GameModeConfig: Current uri is uri = content://com.thundercomm.gamemode.api/gamemode_settings/gamemode_isgaming
11-29 03:56:26.069 1491 1491 I GameModeConfig: isGameModeOn = false
11-29 03:56:26.070 1491 1491 I GameModeConfig: isGameModeOn = false
11-29 03:56:26.070 1491 1491 I GameModeConfig: isDisableVoice = true
11-29 03:56:26.093 3714 3731 W ContextImpl: Calling a method in the system process without a qualified user: android.app.ContextImpl.startService:1816 android.content.ContextWrapper.startService:774 com.thundercomm.gamemode.ingame.services.GameModeActionUtils.startGameModeService:93 com.thundercomm.gamemode.ingame.services.GameModeActionUtils.startGameModeEntry:21 com.thundercomm.gamemode.ingame.services.ActivityMonitoringService$1.onActivityLaunch:127
11-29 03:56:26.100 1491 1491 I GameModeConfig: Current uri is uri = content://com.thundercomm.gamemode.api/gamemode_settings/gamemode_isgaming
11-29 03:56:26.102 1491 1491 I GameModeConfig: isGameModeOn = false
11-29 03:56:26.102 1491 5277 D CompatibilityChangeReporter: Compat change id reported: 135634846; UID 10022; state: DISABLED
11-29 03:56:26.102 1491 5277 D CompatibilityChangeReporter: Compat change id reported: 177438394; UID 10022; state: DISABLED
11-29 03:56:26.102 1491 5277 D CompatibilityChangeReporter: Compat change id reported: 135772972; UID 10022; state: DISABLED
11-29 03:56:26.102 1491 5277 D CompatibilityChangeReporter: Compat change id reported: 135754954; UID 10022; state: ENABLED
11-29 03:56:26.102 1491 1491 I GameModeConfig: isGameModeOn = false
11-29 03:56:26.102 1491 1491 I GameModeConfig: isDisableVoice = true
11-29 03:56:26.102 1491 1609 D CompatibilityChangeReporter: Compat change id reported: 143937733; UID 10022; state: ENABLED
11-29 03:56:26.111 1491 1609 I ActivityManager: Start proc 11651:android.process.media/u0a22 for content provider {com.android.mtp/com.android.mtp.MtpDocumentsProvider}
11-29 03:56:26.122 1491 5277 I ActivityTaskManager: START u0 {dat=//com.android.documentsui.launchControl flg=0x10200000 cmp=com.android.documentsui/.files.FilesActivity (has extras)} from uid 10023
11-29 03:56:26.124 1491 5277 W ActivityTaskManager: Can't find TaskDisplayArea to determine support for multi window. Task id=79 attached=false
11-29 03:56:26.145 1491 2770 D CompatibilityChangeReporter: Compat change id reported: 168419799; UID 10022; state: DISABLED
11-29 03:56:26.149 1491 2770 I ActivityTaskManager: The Process com.android.documentsui Already Exists in BG. So sending its PID: 11625
11-29 03:56:26.155 1491 2770 I ActivityTaskManager: FOREGROUND_APPLICATION_CHANGED to com.android.documentsui.files.FilesActivity
11-29 03:56:26.164 1491 2770 I ActivityTaskManager: The Process com.android.documentsui Already Exists in BG. So sending its PID: 11625
11-29 03:56:26.165 1491 2770 W ActivityTaskManager: Tried to set launchTime (0) < mLastActivityLaunchTime (2564515)
11-29 03:56:26.182 1491 1760 I GameModeConfig: isGameModeOn = false
11-29 03:56:26.183 1491 1760 I GameModeConfig: isGameModeOn = false
11-29 03:56:26.183 1491 1760 I GameModeConfig: isGameModeOn = false
11-29 03:56:26.183 1491 1760 I GameModeConfig: isGameModeOn = false
11-29 03:56:26.204 1491 8786 D CompatibilityChangeReporter: Compat change id reported: 135634846; UID 10025; state: DISABLED
11-29 03:56:26.204 1491 8786 D CompatibilityChangeReporter: Compat change id reported: 177438394; UID 10025; state: DISABLED
11-29 03:56:26.204 1491 8786 D CompatibilityChangeReporter: Compat change id reported: 135772972; UID 10025; state: DISABLED
11-29 03:56:26.204 1491 8786 D CompatibilityChangeReporter: Compat change id reported: 135754954; UID 10025; state: ENABLED
11-29 03:56:26.204 1491 1609 D CompatibilityChangeReporter: Compat change id reported: 143937733; UID 10025; state: ENABLED
11-29 03:56:26.214 1491 1609 I ActivityManager: Start proc 11679:com.android.externalstorage/u0a25 for content provider {com.android.externalstorage/com.android.externalstorage.ExternalStorageProvider}
11-29 03:56:26.235 1491 8786 D CompatibilityChangeReporter: Compat change id reported: 168419799; UID 10025; state: DISABLED
11-29 03:56:26.278 3714 3731 W ContextImpl: Calling a method in the system process without a qualified user: android.app.ContextImpl.startService:1816 android.content.ContextWrapper.startService:774 com.thundercomm.gamemode.ingame.services.GameModeActionUtils.startGameModeService:93 com.thundercomm.gamemode.ingame.services.GameModeActionUtils.startGameModeEntry:21 com.thundercomm.gamemode.ingame.services.ActivityMonitoringService$1.onActivityLaunch:127
11-29 03:56:26.284 1491 1491 I GameModeConfig: Current uri is uri = content://com.thundercomm.gamemode.api/gamemode_settings/gamemode_isgaming
11-29 03:56:26.286 1491 1491 I GameModeConfig: isGameModeOn = false
11-29 03:56:26.288 1491 1491 I GameModeConfig: isGameModeOn = false
11-29 03:56:26.288 1491 1491 I GameModeConfig: isDisableVoice = true
11-29 03:56:26.299 1491 5277 D CompatibilityChangeReporter: Compat change id reported: 135634846; UID 10031; state: DISABLED
11-29 03:56:26.299 1491 5277 D CompatibilityChangeReporter: Compat change id reported: 177438394; UID 10031; state: DISABLED
11-29 03:56:26.299 1491 5277 D CompatibilityChangeReporter: Compat change id reported: 135772972; UID 10031; state: DISABLED
11-29 03:56:26.299 1491 5277 D CompatibilityChangeReporter: Compat change id reported: 135754954; UID 10031; state: ENABLED
11-29 03:56:26.299 1491 1609 D CompatibilityChangeReporter: Compat change id reported: 143937733; UID 10031; state: ENABLED
11-29 03:56:26.305 1491 1609 I ActivityManager: Start proc 11698:com.android.traceur/u0a31 for content provider {com.android.traceur/com.android.traceur.StorageProvider}
11-29 03:56:26.322 1491 5277 D CompatibilityChangeReporter: Compat change id reported: 168419799; UID 10031; state: DISABLED
11-29 03:56:26.509 1491 8592 D CompatibilityChangeReporter: Compat change id reported: 149924527; UID 10022; state: ENABLED
11-29 03:56:26.510 1491 8592 D CompatibilityChangeReporter: Compat change id reported: 132649864; UID 10022; state: DISABLED
11-29 03:56:26.510 1491 8592 D CompatibilityChangeReporter: Compat change id reported: 182734110; UID 10022; state: ENABLED
11-29 03:56:26.798 3714 3731 W ContextImpl: Calling a method in the system process without a qualified user: android.app.ContextImpl.startService:1816 android.content.ContextWrapper.startService:774 com.thundercomm.gamemode.ingame.services.GameModeActionUtils.startGameModeService:93 com.thundercomm.gamemode.ingame.services.GameModeActionUtils.startGameModeEntry:21 com.thundercomm.gamemode.ingame.services.ActivityMonitoringService$1.onActivityLaunch:127
11-29 03:56:26.809 1491 1491 I GameModeConfig: Current uri is uri = content://com.thundercomm.gamemode.api/gamemode_settings/gamemode_isgaming
11-29 03:56:26.811 1491 1491 I GameModeConfig: isGameModeOn = false
11-29 03:56:26.811 1491 1491 I GameModeConfig: isGameModeOn = false
11-29 03:56:26.811 1491 1491 I GameModeConfig: isDisableVoice = true
11-29 03:56:27.858 1491 5277 D CompatibilityChangeReporter: Compat change id reported: 149924527; UID 10025; state: ENABLED
11-29 03:56:27.858 1491 5277 D CompatibilityChangeReporter: Compat change id reported: 132649864; UID 10025; state: DISABLED
11-29 03:56:29.979 1491 2756 E TaskPersister: File error accessing recents directory (directory doesn't exist?).
11-29 03:56:30.838 1491 1491 W WindowManager: removeWindowToken: Attempted to remove non-existing token: android.os.Binder@60d9616
11-29 03:56:31.016 1161 11621 I iorapd : Perfetto TraceBuffer saved to file: /data/misc/iorapd/com.android.documentsui/31/com.android.documentsui.LauncherActivity/raw_traces/1669665391013235638.perfetto_trace.pb
11-29 03:56:44.539 1491 5277 I ActivityTaskManager: START u0 {act=android.intent.action.VIEW dat=content://com.android.externalstorage.documents/document/primary:t/Food.mp4 typ=video/mp4 flg=0x20000003 cmp=com.android.gallery3d/.app.MovieActivity} from uid 10023
11-29 03:56:44.544 1491 5277 D CompatibilityChangeReporter: Compat change id reported: 174042980; UID 10068; state: DISABLED
11-29 03:56:44.545 1491 5277 D CompatibilityChangeReporter: Compat change id reported: 184838306; UID 10068; state: DISABLED
11-29 03:56:44.546 1491 5277 D CompatibilityChangeReporter: Compat change id reported: 185004937; UID 10068; state: DISABLED
11-29 03:56:44.546 1491 5277 D CompatibilityChangeReporter: Compat change id reported: 181136395; UID 10068; state: DISABLED
11-29 03:56:44.546 1491 5277 D CompatibilityChangeReporter: Compat change id reported: 174042936; UID 10068; state: DISABLED
11-29 03:56:44.550 1491 5277 D CompatibilityChangeReporter: Compat change id reported: 168419799; UID 10068; state: DISABLED
11-29 03:56:44.560 1491 5277 I ActivityTaskManager: FOREGROUND_APPLICATION_CHANGED to com.android.gallery3d.app.MovieActivity
11-29 03:56:44.561 1491 5277 I ActivityTaskManager: The Process com.android.gallery3d Already Exists in BG. So sending its PID: 11368
11-29 03:56:44.588 3714 3731 W ContextImpl: Calling a method in the system process without a qualified user: android.app.ContextImpl.startService:1816 android.content.ContextWrapper.startService:774 com.thundercomm.gamemode.ingame.services.GameModeActionUtils.startGameModeService:93 com.thundercomm.gamemode.ingame.services.GameModeActionUtils.startGameModeEntry:21 com.thundercomm.gamemode.ingame.services.ActivityMonitoringService$1.onActivityLaunch:127
11-29 03:56:44.596 1491 1491 I GameModeConfig: Current uri is uri = content://com.thundercomm.gamemode.api/gamemode_settings/gamemode_isgaming
11-29 03:56:44.603 1491 1491 I GameModeConfig: isGameModeOn = false
11-29 03:56:44.603 1491 1491 I GameModeConfig: isGameModeOn = false
11-29 03:56:44.603 1491 1491 I GameModeConfig: isDisableVoice = true
11-29 03:56:44.626 1491 5277 W WindowManager: Failed looking up window session=Session{90d0fda 11368:u0a10068} callers=com.android.server.wm.WindowManagerService.windowForClientLocked:5628 com.android.server.wm.Session.insetsModified:629 android.view.IWindowSession$Stub.onTransact:1151
11-29 03:56:44.656 1491 1760 I GameModeConfig: isGameModeOn = false
11-29 03:56:44.656 1491 1760 I GameModeConfig: isGameModeOn = false
11-29 03:56:44.657 1491 1760 I GameModeConfig: isGameModeOn = false
11-29 03:56:44.657 1491 1760 I GameModeConfig: isGameModeOn = false
11-29 03:56:44.701 3714 3731 W ContextImpl: Calling a method in the system process without a qualified user: android.app.ContextImpl.startService:1816 android.content.ContextWrapper.startService:774 com.thundercomm.gamemode.ingame.services.GameModeActionUtils.startGameModeService:93 com.thundercomm.gamemode.ingame.services.GameModeActionUtils.startGameModeEntry:21 com.thundercomm.gamemode.ingame.services.ActivityMonitoringService$1.onActivityLaunch:127
11-29 03:56:44.704 1491 1491 I GameModeConfig: Current uri is uri = content://com.thundercomm.gamemode.api/gamemode_settings/gamemode_isgaming
11-29 03:56:44.706 1491 11109 D CompatibilityChangeReporter: Compat change id reported: 182734110; UID 10025; state: ENABLED
11-29 03:56:44.707 1491 1491 I GameModeConfig: isGameModeOn = false
11-29 03:56:44.708 1491 1491 I GameModeConfig: isGameModeOn = false
11-29 03:56:44.708 1491 1491 I GameModeConfig: isDisableVoice = true
11-29 03:56:44.856 1491 1491 I GameModeConfig: isGameModeOn = false
11-29 03:56:44.860 1491 1491 W NotificationHistory: Attempted to add notif for locked/gone/disabled user 0
11-29 03:56:45.226 3714 3731 W ContextImpl: Calling a method in the system process without a qualified user: android.app.ContextImpl.startService:1816 android.content.ContextWrapper.startService:774 com.thundercomm.gamemode.ingame.services.GameModeActionUtils.startGameModeService:93 com.thundercomm.gamemode.ingame.services.GameModeActionUtils.startGameModeEntry:21 com.thundercomm.gamemode.ingame.services.ActivityMonitoringService$1.onActivityLaunch:127
11-29 03:56:45.232 1491 1491 I GameModeConfig: Current uri is uri = content://com.thundercomm.gamemode.api/gamemode_settings/gamemode_isgaming
11-29 03:56:45.234 1491 1491 I GameModeConfig: isGameModeOn = false
11-29 03:56:45.234 1491 1491 I GameModeConfig: isGameModeOn = false
11-29 03:56:45.234 1491 1491 I GameModeConfig: isDisableVoice = true
11-29 03:56:47.184 1491 9315 I ActivityTaskManager: START u0 {cmp=com.android.gallery3d/.app.GalleryActivity} from uid 10068
11-29 03:56:47.279 1491 5277 I ActivityTaskManager: FOREGROUND_APPLICATION_CHANGED to com.android.gallery3d.app.GalleryActivity
11-29 03:56:47.279 1491 5277 I ActivityTaskManager: The Process com.android.gallery3d Already Exists in BG. So sending its PID: 11368
11-29 03:56:47.279 1491 5277 W ActivityTaskManager: Tried to set launchTime (0) < mLastActivityLaunchTime (2583042)
11-29 03:56:47.322 1491 5277 W WindowManager: Failed looking up window session=Session{90d0fda 11368:u0a10068} callers=com.android.server.wm.WindowManagerService.windowForClientLocked:5628 com.android.server.wm.Session.insetsModified:629 android.view.IWindowSession$Stub.onTransact:1151
11-29 03:56:47.410 3714 3731 W ContextImpl: Calling a method in the system process without a qualified user: android.app.ContextImpl.startService:1816 android.content.ContextWrapper.startService:774 com.thundercomm.gamemode.ingame.services.GameModeActionUtils.startGameModeService:93 com.thundercomm.gamemode.ingame.services.GameModeActionUtils.startGameModeEntry:21 com.thundercomm.gamemode.ingame.services.ActivityMonitoringService$1.onActivityLaunch:127
11-29 03:56:47.421 1491 1491 I GameModeConfig: Current uri is uri = content://com.thundercomm.gamemode.api/gamemode_settings/gamemode_isgaming
11-29 03:56:47.423 1491 1491 I GameModeConfig: isGameModeOn = false
11-29 03:56:47.423 1491 1491 I GameModeConfig: isGameModeOn = false
11-29 03:56:47.423 1491 1491 I GameModeConfig: isDisableVoice = true
11-29 03:56:48.572 1491 2756 E TaskPersister: File error accessing recents directory (directory doesn't exist?).
11-29 03:56:54.891 1491 1760 I GameModeConfig: isGameModeOn = false
11-29 03:56:57.944 3714 3731 W ContextImpl: Calling a method in the system process without a qualified user: android.app.ContextImpl.startService:1816 android.content.ContextWrapper.startService:774 com.thundercomm.gamemode.ingame.services.GameModeActionUtils.startGameModeService:93 com.thundercomm.gamemode.ingame.services.GameModeActionUtils.startGameModeEntry:21 com.thundercomm.gamemode.ingame.services.ActivityMonitoringService$1.onActivityLaunch:127
11-29 03:56:57.954 1491 1491 I GameModeConfig: Current uri is uri = content://com.thundercomm.gamemode.api/gamemode_settings/gamemode_isgaming
11-29 03:56:57.961 1491 1491 I GameModeConfig: isGameModeOn = false
11-29 03:56:57.961 1491 1491 I GameModeConfig: isGameModeOn = false
11-29 03:56:57.961 1491 1491 I GameModeConfig: isDisableVoice = true
11-29 03:56:57.995 1491 9682 W ActivityTaskManager: getTaskSnapshot: taskId=3076 not found
11-29 03:56:57.995 1491 9682 W ActivityTaskManager: getTaskSnapshot: taskId=2076 not found
11-29 03:56:57.995 1491 9682 W ActivityTaskManager: getTaskSnapshot: taskId=1076 not found
11-29 03:56:58.355 1491 11109 D CompatibilityChangeReporter: Compat change id reported: 172100307; UID 10068; state: DISABLED
11-29 03:56:58.393 1491 9682 I ActivityTaskManager: START u0 {act=android.intent.action.VIEW dat=content://media/external/video/media/25 typ=video/* cmp=com.android.gallery3d/.app.MovieActivity (has extras)} from uid 10068
11-29 03:56:58.419 1491 2770 I ActivityTaskManager: FOREGROUND_APPLICATION_CHANGED to com.android.gallery3d.app.MovieActivity
11-29 03:56:58.419 1491 2770 I ActivityTaskManager: The Process com.android.gallery3d Already Exists in BG. So sending its PID: 11368
11-29 03:56:58.420 1491 2770 W ActivityTaskManager: Tried to set launchTime (0) < mLastActivityLaunchTime (2585759)
11-29 03:56:58.538 3714 3731 W ContextImpl: Calling a method in the system process without a qualified user: android.app.ContextImpl.startService:1816 android.content.ContextWrapper.startService:774 com.thundercomm.gamemode.ingame.services.GameModeActionUtils.startGameModeService:93 com.thundercomm.gamemode.ingame.services.GameModeActionUtils.startGameModeEntry:21 com.thundercomm.gamemode.ingame.services.ActivityMonitoringService$1.onActivityLaunch:127
11-29 03:56:58.547 1491 1491 I GameModeConfig: Current uri is uri = content://com.thundercomm.gamemode.api/gamemode_settings/gamemode_isgaming
11-29 03:56:58.550 1491 1491 I GameModeConfig: isGameModeOn = false
11-29 03:56:58.550 1491 1491 I GameModeConfig: isGameModeOn = false
11-29 03:56:58.550 1491 1491 I GameModeConfig: isDisableVoice = true
11-29 03:56:58.731 1491 5277 I ActivityTaskManager: FOREGROUND_APPLICATION_CHANGED to com.android.launcher3.uioverrides.QuickstepLauncher
11-29 03:56:58.820 1491 9480 W ActivityTaskManager: getTaskSnapshot: taskId=3076 not found
11-29 03:56:58.820 1491 11109 W ActivityTaskManager: getTaskSnapshot: taskId=2076 not found
11-29 03:56:58.866 3714 3731 W ContextImpl: Calling a method in the system process without a qualified user: android.app.ContextImpl.startService:1816 android.content.ContextWrapper.startService:774 com.thundercomm.gamemode.ingame.services.GameModeActionUtils.startGameModeService:93 com.thundercomm.gamemode.ingame.services.GameModeActionUtils.startGameModeEntry:21 com.thundercomm.gamemode.ingame.services.ActivityMonitoringService$1.onActivityLaunch:127
11-29 03:56:58.869 1491 1491 I GameModeConfig: Current uri is uri = content://com.thundercomm.gamemode.api/gamemode_settings/gamemode_isgaming
11-29 03:56:58.871 1491 1491 I GameModeConfig: isGameModeOn = false
11-29 03:56:58.871 1491 1491 I GameModeConfig: isGameModeOn = false
11-29 03:56:58.871 1491 1491 I GameModeConfig: isDisableVoice = true
11-29 03:56:58.992 3714 3731 W ContextImpl: Calling a method in the system process without a qualified user: android.app.ContextImpl.startService:1816 android.content.ContextWrapper.startService:774 com.thundercomm.gamemode.ingame.services.GameModeActionUtils.startGameModeService:93 com.thundercomm.gamemode.ingame.services.GameModeActionUtils.startGameModeEntry:21 com.thundercomm.gamemode.ingame.services.ActivityMonitoringService$1.onActivityLaunch:127
11-29 03:56:58.996 1491 1491 I GameModeConfig: Current uri is uri = content://com.thundercomm.gamemode.api/gamemode_settings/gamemode_isgaming
11-29 03:56:58.998 1491 1491 I GameModeConfig: isGameModeOn = false
11-29 03:56:58.999 1491 1491 I GameModeConfig: isGameModeOn = false
11-29 03:56:58.999 1491 1491 I GameModeConfig: isDisableVoice = true
11-29 03:56:59.723 1491 5277 W ActivityTaskManager: getTaskSnapshot: taskId=3076 not found
11-29 03:56:59.730 1491 5277 W ActivityTaskManager: getTaskSnapshot: taskId=2076 not found
11-29 03:56:59.730 1491 5277 W ActivityTaskManager: getTaskSnapshot: taskId=1076 not found
11-29 03:57:00.388 1491 9480 W NotificationService: Toast already killed. pkg=com.android.gallery3d token=android.os.BinderProxy@a8c9dd5
11-29 03:57:01.406 1491 2756 E TaskPersister: File error accessing recents directory (directory doesn't exist?).
11-29 03:57:02.406 1491 1599 W WindowManager: Unable to start animation, surface is null or no children.
11-29 03:57:03.310 1491 1599 I ActivityManager: Killing 10787:com.android.settings/1000 (adj 920): remove task
11-29 03:57:03.333 1491 1599 I ActivityManager: Killing 11351:com.android.music/u0a89 (adj 910): remove task
11-29 03:57:03.338 1491 9480 W ActivityTaskManager: Can't find TaskDisplayArea to determine support for multi window. Task id=77 attached=false
11-29 03:57:03.338 1491 9480 W ActivityTaskManager: Can't find TaskDisplayArea to determine support for multi window. Task id=77 attached=false
11-29 03:57:03.341 1491 1599 I ActivityManager: Killing 11625:com.android.documentsui/u0a23 (adj 900): remove task
11-29 03:57:03.354 1491 1607 W UsageStatsService: Unexpected activity event reported! (com.android.music/com.android.music.VideoBrowserActivity event : 23 instanceId : 44998277)
11-29 03:57:03.356 1491 1607 W UsageStatsService: Unexpected activity event reported! (com.android.gallery3d/com.android.gallery3d.app.MovieActivity event : 23 instanceId : 41800867)
11-29 03:57:03.357 1491 1607 W UsageStatsService: Unexpected activity event reported! (com.android.gallery3d/com.android.gallery3d.app.GalleryActivity event : 23 instanceId : 214813611)
11-29 03:57:03.361 1491 2756 E TaskPersister: File error accessing recents directory (directory doesn't exist?).
11-29 03:57:03.386 1491 1599 W ActivityManager: setHasOverlayUi called on unknown pid: 11351
11-29 03:57:03.390 1491 1599 W ActivityManager: ProcessRecord{ecad915 10787:com.android.settings/1000} is attached to a previous process
11-29 03:57:03.390 1491 1599 W ActivityManager: Existing proc ProcessRecord{ecad915 10787:com.android.settings/1000} was killed 75ms ago when adding ProcessRecord{16b019a 0:com.android.settings/1000}
11-29 03:57:03.391 1491 1599 D CompatibilityChangeReporter: Compat change id reported: 135634846; UID 1000; state: DISABLED
11-29 03:57:03.391 1491 1599 D CompatibilityChangeReporter: Compat change id reported: 177438394; UID 1000; state: DISABLED
11-29 03:57:03.391 1491 1599 D CompatibilityChangeReporter: Compat change id reported: 135772972; UID 1000; state: DISABLED
11-29 03:57:03.391 1491 1599 D CompatibilityChangeReporter: Compat change id reported: 135754954; UID 1000; state: ENABLED
11-29 03:57:03.392 1491 1599 D CompatibilityChangeReporter: Compat change id reported: 135634846; UID 10089; state: DISABLED
11-29 03:57:03.392 1491 1599 D CompatibilityChangeReporter: Compat change id reported: 177438394; UID 10089; state: DISABLED
11-29 03:57:03.392 1491 1599 D CompatibilityChangeReporter: Compat change id reported: 135772972; UID 10089; state: DISABLED
11-29 03:57:03.392 1491 1599 D CompatibilityChangeReporter: Compat change id reported: 135754954; UID 10089; state: ENABLED
11-29 03:57:03.414 1491 1599 W ActivityManager: setHasOverlayUi called on unknown pid: 11625
11-29 03:57:03.415 1491 1607 W UsageStatsService: Unexpected activity event reported! (com.android.documentsui/com.android.documentsui.files.FilesActivity event : 23 instanceId : 34347388)
11-29 03:57:03.415 1491 1600 W ActivityTaskManager: Can't find TaskDisplayArea to determine support for multi window. Task id=79 attached=false
11-29 03:57:03.415 1491 1600 W ActivityTaskManager: Can't find TaskDisplayArea to determine support for multi window. Task id=79 attached=false
11-29 03:57:03.424 1491 1525 I WindowManager: WIN DEATH: Window{bec5550 u0 com.android.settings/com.android.settings.homepage.SettingsHomepageActivity}
11-29 03:57:03.434 1491 1599 W ActivityManager: setHasOverlayUi called on unknown pid: 10787
11-29 03:57:03.434 1491 1607 W UsageStatsService: Unexpected activity event reported! (com.android.settings/com.android.settings.homepage.SettingsHomepageActivity event : 23 instanceId : 54132667)
11-29 03:57:03.434 1491 1600 W ActivityTaskManager: Can't find TaskDisplayArea to determine support for multi window. Task id=76 attached=false
11-29 03:57:03.434 1491 1600 W ActivityTaskManager: Can't find TaskDisplayArea to determine support for multi window. Task id=76 attached=false
11-29 03:57:03.435 3714 3731 W ContextImpl: Calling a method in the system process without a qualified user: android.app.ContextImpl.startService:1816 android.content.ContextWrapper.startService:774 com.thundercomm.gamemode.ingame.services.GameModeActionUtils.startGameModeService:93 com.thundercomm.gamemode.ingame.services.GameModeActionUtils.startGameModeEntry:21 com.thundercomm.gamemode.ingame.services.ActivityMonitoringService$1.onActivityLaunch:127
11-29 03:57:03.435 1491 1609 I ActivityManager: Start proc 11889:com.android.settings/1000 for null
11-29 03:57:03.435 1491 1609 D CompatibilityChangeReporter: Compat change id reported: 143937733; UID 10089; state: ENABLED
11-29 03:57:03.442 1491 1491 I GameModeConfig: Current uri is uri = content://com.thundercomm.gamemode.api/gamemode_settings/gamemode_isgaming
11-29 03:57:03.445 1491 1491 I GameModeConfig: isGameModeOn = false
11-29 03:57:03.445 1491 1491 I GameModeConfig: isGameModeOn = false
11-29 03:57:03.445 1491 1491 I GameModeConfig: isDisableVoice = true
11-29 03:57:03.446 1491 1609 W ActivityManager: Slow operation: 54ms so far, now at startProcess: returned from zygote!
11-29 03:57:03.446 1491 1609 W ActivityManager: Slow operation: 54ms so far, now at startProcess: done updating battery stats
11-29 03:57:03.446 1491 1609 W ActivityManager: Slow operation: 54ms so far, now at startProcess: building log message
11-29 03:57:03.446 1491 1609 I ActivityManager: Start proc 11890:com.android.music/u0a89 for null
11-29 03:57:03.446 1491 1609 W ActivityManager: Slow operation: 54ms so far, now at startProcess: starting to update pids map
11-29 03:57:03.446 1491 1609 W ActivityManager: Slow operation: 55ms so far, now at startProcess: done updating pids map
11-29 03:57:05.009 1491 1607 I ActivityManager: Killing 3447:com.android.managedprovisioning/u0a33 (adj 975): empty for 2588s
11-29 03:57:06.110 1491 8786 I ActivityTaskManager: START u0 {act=android.intent.action.MAIN cat=[android.intent.category.LAUNCHER] flg=0x10200000 cmp=com.android.deskclock/.DeskClock bnds=[680,252][980,550]} from uid 10077
11-29 03:57:06.118 1491 8786 W ActivityTaskManager: Can't find TaskDisplayArea to determine support for multi window. Task id=80 attached=false
11-29 03:57:06.126 1491 8786 D CompatibilityChangeReporter: Compat change id reported: 168419799; UID 10067; state: DISABLED
11-29 03:57:06.143 1491 5277 I ActivityTaskManager: FOREGROUND_APPLICATION_CHANGED to com.android.deskclock.DeskClock
11-29 03:57:06.143 1491 5277 I ActivityTaskManager: The Process com.android.deskclock Already Exists in BG. So sending its PID: 10817
11-29 03:57:06.144 1491 5277 W ActivityTaskManager: Tried to set launchTime (0) < mLastActivityLaunchTime (2232722)
11-29 03:57:06.171 3714 3731 W ContextImpl: Calling a method in the system process without a qualified user: android.app.ContextImpl.startService:1816 android.content.ContextWrapper.startService:774 com.thundercomm.gamemode.ingame.services.GameModeActionUtils.startGameModeService:93 com.thundercomm.gamemode.ingame.services.GameModeActionUtils.startGameModeEntry:21 com.thundercomm.gamemode.ingame.services.ActivityMonitoringService$1.onActivityLaunch:127
11-29 03:57:06.181 1491 5277 I ActivityTaskManager: START u0 {act=android.content.pm.action.REQUEST_PERMISSIONS pkg=com.android.permissioncontroller cmp=com.android.permissioncontroller/.permission.ui.GrantPermissionsActivity (has extras)} from uid 10067
11-29 03:57:06.185 1491 1491 I GameModeConfig: Current uri is uri = content://com.thundercomm.gamemode.api/gamemode_settings/gamemode_isgaming
11-29 03:57:06.191 1491 1491 I GameModeConfig: isGameModeOn = false
11-29 03:57:06.191 1491 1491 I GameModeConfig: isGameModeOn = false
11-29 03:57:06.191 1491 1491 I GameModeConfig: isDisableVoice = true
11-29 03:57:06.214 1491 8786 I ActivityTaskManager: FOREGROUND_APPLICATION_CHANGED to com.android.permissioncontroller.permission.ui.GrantPermissionsActivity
11-29 03:57:06.214 1491 8786 I ActivityTaskManager: The Process com.android.permissioncontroller Already Exists in BG. So sending its PID: 10614
11-29 03:57:06.215 1491 8786 W ActivityTaskManager: Tried to set launchTime (0) < mLastActivityLaunchTime (2310062)
11-29 03:57:06.232 3714 3731 W ContextImpl: Calling a method in the system process without a qualified user: android.app.ContextImpl.startService:1816 android.content.ContextWrapper.startService:774 com.thundercomm.gamemode.ingame.services.GameModeActionUtils.startGameModeService:93 com.thundercomm.gamemode.ingame.services.GameModeActionUtils.startGameModeEntry:21 com.thundercomm.gamemode.ingame.services.ActivityMonitoringService$1.onActivityLaunch:127
11-29 03:57:06.237 1491 1491 I GameModeConfig: Current uri is uri = content://com.thundercomm.gamemode.api/gamemode_settings/gamemode_isgaming
11-29 03:57:06.242 1491 1491 I GameModeConfig: isGameModeOn = false
11-29 03:57:06.243 1491 1491 I GameModeConfig: isGameModeOn = false
11-29 03:57:06.243 1491 1491 I GameModeConfig: isDisableVoice = true
11-29 03:57:06.298 1491 1525 I ActivityTaskManager: FOREGROUND_APPLICATION_CHANGED to com.android.deskclock.DeskClock
11-29 03:57:06.417 3714 3731 W ContextImpl: Calling a method in the system process without a qualified user: android.app.ContextImpl.startService:1816 android.content.ContextWrapper.startService:774 com.thundercomm.gamemode.ingame.services.GameModeActionUtils.startGameModeService:93 com.thundercomm.gamemode.ingame.services.GameModeActionUtils.startGameModeEntry:21 com.thundercomm.gamemode.ingame.services.ActivityMonitoringService$1.onActivityLaunch:127
11-29 03:57:06.421 1491 1491 I GameModeConfig: Current uri is uri = content://com.thundercomm.gamemode.api/gamemode_settings/gamemode_isgaming
11-29 03:57:06.424 1491 1491 I GameModeConfig: isGameModeOn = false
11-29 03:57:06.425 1491 1491 I GameModeConfig: isGameModeOn = false
11-29 03:57:06.425 1491 1491 I GameModeConfig: isDisableVoice = true
11-29 03:57:06.768 3714 3731 W ContextImpl: Calling a method in the system process without a qualified user: android.app.ContextImpl.startService:1816 android.content.ContextWrapper.startService:774 com.thundercomm.gamemode.ingame.services.GameModeActionUtils.startGameModeService:93 com.thundercomm.gamemode.ingame.services.GameModeActionUtils.startGameModeEntry:21 com.thundercomm.gamemode.ingame.services.ActivityMonitoringService$1.onActivityLaunch:127
11-29 03:57:06.774 1491 1491 I GameModeConfig: Current uri is uri = content://com.thundercomm.gamemode.api/gamemode_settings/gamemode_isgaming
11-29 03:57:06.776 1491 1491 I GameModeConfig: isGameModeOn = false
11-29 03:57:06.776 1491 1491 I GameModeConfig: isGameModeOn = false
11-29 03:57:06.776 1491 1491 I GameModeConfig: isDisableVoice = true
11-29 03:57:06.789 1491 8943 I ActivityTaskManager: Activity reported stop, but no longer stopping: ActivityRecord{f2941d3 u0 com.android.launcher3/.uioverrides.QuickstepLauncher t41} STARTED
11-29 03:57:06.809 1491 1525 W ActivityTaskManager: getTaskSnapshot: taskId=1080 not found
11-29 03:57:06.814 1491 9316 W ActivityTaskManager: getTaskSnapshot: taskId=2080 not found
11-29 03:57:06.815 1491 1525 W ActivityTaskManager: getTaskSnapshot: taskId=3080 not found
11-29 03:57:06.816 1491 1525 W ActivityTaskManager: getTaskSnapshot: taskId=4080 not found
11-29 03:57:06.817 1491 1525 W ActivityTaskManager: getTaskSnapshot: taskId=5080 not found
11-29 03:57:06.823 1491 1525 W ActivityTaskManager: getTaskSnapshot: taskId=5080 not found
11-29 03:57:06.823 1491 1525 W ActivityTaskManager: getTaskSnapshot: taskId=4080 not found
11-29 03:57:06.824 1491 1525 W ActivityTaskManager: getTaskSnapshot: taskId=3080 not found
11-29 03:57:06.824 1491 1525 W ActivityTaskManager: getTaskSnapshot: taskId=2080 not found
11-29 03:57:06.824 1491 1525 W ActivityTaskManager: getTaskSnapshot: taskId=1080 not found
11-29 03:57:07.445 1491 2756 E TaskPersister: File error accessing recents directory (directory doesn't exist?).
11-29 03:57:08.412 1491 7158 I ActivityTaskManager: FOREGROUND_APPLICATION_CHANGED to com.android.launcher3.uioverrides.QuickstepLauncher
11-29 03:57:08.432 1491 7158 I ActivityTaskManager: START u0 {act=android.intent.action.MAIN cat=[android.intent.category.LAUNCHER] flg=0x10200000 cmp=com.android.music/.MusicBrowserActivity bnds=[2308,340][2494,540]} from uid 10077
11-29 03:57:08.435 1491 7158 W ActivityTaskManager: Can't find TaskDisplayArea to determine support for multi window. Task id=81 attached=false
11-29 03:57:08.437 1491 7158 D CompatibilityChangeReporter: Compat change id reported: 174042980; UID 10089; state: DISABLED
11-29 03:57:08.438 1491 7158 D CompatibilityChangeReporter: Compat change id reported: 184838306; UID 10089; state: DISABLED
11-29 03:57:08.439 1491 7158 D CompatibilityChangeReporter: Compat change id reported: 185004937; UID 10089; state: DISABLED
11-29 03:57:08.441 1491 7158 D CompatibilityChangeReporter: Compat change id reported: 181136395; UID 10089; state: DISABLED
11-29 03:57:08.441 1491 7158 D CompatibilityChangeReporter: Compat change id reported: 174042936; UID 10089; state: DISABLED
11-29 03:57:08.443 1491 7158 D CompatibilityChangeReporter: Compat change id reported: 168419799; UID 10089; state: DISABLED
11-29 03:57:08.456 1491 1525 I ActivityTaskManager: FOREGROUND_APPLICATION_CHANGED to com.android.music.MusicBrowserActivity
11-29 03:57:08.457 1491 1525 I ActivityTaskManager: The Process com.android.music Already Exists in BG. So sending its PID: 11890
11-29 03:57:08.483 3714 3731 W ContextImpl: Calling a method in the system process without a qualified user: android.app.ContextImpl.startService:1816 android.content.ContextWrapper.startService:774 com.thundercomm.gamemode.ingame.services.GameModeActionUtils.startGameModeService:93 com.thundercomm.gamemode.ingame.services.GameModeActionUtils.startGameModeEntry:21 com.thundercomm.gamemode.ingame.services.ActivityMonitoringService$1.onActivityLaunch:127
11-29 03:57:08.487 1491 1491 I GameModeConfig: Current uri is uri = content://com.thundercomm.gamemode.api/gamemode_settings/gamemode_isgaming
11-29 03:57:08.490 1491 8943 D CompatibilityChangeReporter: Compat change id reported: 149924527; UID 10089; state: ENABLED
11-29 03:57:08.490 1491 8943 D CompatibilityChangeReporter: Compat change id reported: 132649864; UID 10089; state: DISABLED
11-29 03:57:08.491 1491 8943 D CompatibilityChangeReporter: Compat change id reported: 182734110; UID 10089; state: ENABLED
11-29 03:57:08.493 1491 1491 I GameModeConfig: isGameModeOn = false
11-29 03:57:08.493 1491 1491 I GameModeConfig: isGameModeOn = false
11-29 03:57:08.493 1491 1491 I GameModeConfig: isDisableVoice = true
11-29 03:57:08.505 3714 3731 W ContextImpl: Calling a method in the system process without a qualified user: android.app.ContextImpl.startService:1816 android.content.ContextWrapper.startService:774 com.thundercomm.gamemode.ingame.services.GameModeActionUtils.startGameModeService:93 com.thundercomm.gamemode.ingame.services.GameModeActionUtils.startGameModeEntry:21 com.thundercomm.gamemode.ingame.services.ActivityMonitoringService$1.onActivityLaunch:127
11-29 03:57:08.516 1491 1491 I GameModeConfig: Current uri is uri = content://com.thundercomm.gamemode.api/gamemode_settings/gamemode_isgaming
11-29 03:57:08.526 1491 1491 I GameModeConfig: isGameModeOn = false
11-29 03:57:08.526 1491 1491 I GameModeConfig: isGameModeOn = false
11-29 03:57:08.526 1491 1491 I GameModeConfig: isDisableVoice = true
11-29 03:57:08.567 1491 1760 I GameModeConfig: isGameModeOn = false
11-29 03:57:08.567 1491 1760 I GameModeConfig: isGameModeOn = false
11-29 03:57:08.567 1491 1760 I GameModeConfig: isGameModeOn = false
11-29 03:57:08.567 1491 1760 I GameModeConfig: isGameModeOn = false
11-29 03:57:08.575 3714 3731 W ContextImpl: Calling a method in the system process without a qualified user: android.app.ContextImpl.startService:1816 android.content.ContextWrapper.startService:774 com.thundercomm.gamemode.ingame.services.GameModeActionUtils.startGameModeService:93 com.thundercomm.gamemode.ingame.services.GameModeActionUtils.startGameModeEntry:21 com.thundercomm.gamemode.ingame.services.ActivityMonitoringService$1.onActivityLaunch:127
11-29 03:57:08.578 1491 1760 I GameModeConfig: isGameModeOn = false
11-29 03:57:08.578 1491 1760 I GameModeConfig: isGameModeOn = false
11-29 03:57:08.578 1491 1760 I GameModeConfig: isGameModeOn = false
11-29 03:57:08.578 1491 1760 I GameModeConfig: isGameModeOn = false
11-29 03:57:08.581 1491 1760 I GameModeConfig: isGameModeOn = false
11-29 03:57:08.581 1491 1760 I GameModeConfig: isGameModeOn = false
11-29 03:57:08.581 1491 1760 I GameModeConfig: isGameModeOn = false
11-29 03:57:08.582 1491 1760 I GameModeConfig: isGameModeOn = false
11-29 03:57:08.584 1491 1491 I GameModeConfig: Current uri is uri = content://com.thundercomm.gamemode.api/gamemode_settings/gamemode_isgaming
11-29 03:57:08.586 1491 1491 I GameModeConfig: isGameModeOn = false
11-29 03:57:08.586 1491 1491 I GameModeConfig: isGameModeOn = false
