11-29 03:57:08.586 1491 1491 I GameModeConfig: isDisableVoice = true
11-29 03:57:08.619 1491 9316 D CompatibilityChangeReporter: Compat change id reported: 157233955; UID 10089; state: ENABLED
11-29 03:57:08.777 1491 1491 I NotificationService: Cannot find enqueued record for key: 0|com.android.music|1|null|10089
11-29 03:57:08.779 1491 1491 I NotificationService: Cannot find enqueued record for key: 0|com.android.music|1|null|10089
11-29 03:57:08.780 1491 1491 I NotificationService: Cannot find enqueued record for key: 0|com.android.music|1|null|10089
11-29 03:57:08.786 1491 1491 I NotificationService: Cannot find enqueued record for key: 0|com.android.music|1|null|10089
11-29 03:57:08.787 1491 1491 I NotificationService: Cannot find enqueued record for key: 0|com.android.music|1|null|10089
11-29 03:57:08.787 1491 1491 I NotificationService: Cannot find enqueued record for key: 0|com.android.music|1|null|10089
11-29 03:57:09.131 3714 3731 W ContextImpl: Calling a method in the system process without a qualified user: android.app.ContextImpl.startService:1816 android.content.ContextWrapper.startService:774 com.thundercomm.gamemode.ingame.services.GameModeActionUtils.startGameModeService:93 com.thundercomm.gamemode.ingame.services.GameModeActionUtils.startGameModeEntry:21 com.thundercomm.gamemode.ingame.services.ActivityMonitoringService$1.onActivityLaunch:127
11-29 03:57:09.135 1491 1491 I GameModeConfig: Current uri is uri = content://com.thundercomm.gamemode.api/gamemode_settings/gamemode_isgaming
11-29 03:57:09.138 1491 1491 I GameModeConfig: isGameModeOn = false
11-29 03:57:09.139 1491 1491 I GameModeConfig: isGameModeOn = false
11-29 03:57:09.139 1491 1491 I GameModeConfig: isDisableVoice = true
11-29 03:57:09.248 3714 3731 W ContextImpl: Calling a method in the system process without a qualified user: android.app.ContextImpl.startService:1816 android.content.ContextWrapper.startService:774 com.thundercomm.gamemode.ingame.services.GameModeActionUtils.startGameModeService:93 com.thundercomm.gamemode.ingame.services.GameModeActionUtils.startGameModeEntry:21 com.thundercomm.gamemode.ingame.services.ActivityMonitoringService$1.onActivityLaunch:127
11-29 03:57:09.258 1491 1491 I GameModeConfig: Current uri is uri = content://com.thundercomm.gamemode.api/gamemode_settings/gamemode_isgaming
11-29 03:57:09.262 1491 1491 I GameModeConfig: isGameModeOn = false
11-29 03:57:09.262 1491 1491 I GameModeConfig: isGameModeOn = false
11-29 03:57:09.262 1491 1491 I GameModeConfig: isDisableVoice = true
11-29 03:57:09.271 1491 9316 W ActivityTaskManager: getTaskSnapshot: taskId=4080 not found
11-29 03:57:09.276 1491 9316 W ActivityTaskManager: getTaskSnapshot: taskId=3080 not found
11-29 03:57:09.279 1491 8943 W ActivityTaskManager: getTaskSnapshot: taskId=2080 not found
11-29 03:57:09.281 1491 9316 W ActivityTaskManager: getTaskSnapshot: taskId=1080 not found
11-29 03:57:09.310 1491 8943 W ActivityTaskManager: getTaskSnapshot: taskId=4080 not found
11-29 03:57:10.703 1491 8943 I ActivityTaskManager: FOREGROUND_APPLICATION_CHANGED to com.android.launcher3.uioverrides.QuickstepLauncher
11-29 03:57:10.729 1491 7658 I ActivityTaskManager: START u0 {act=android.intent.action.MAIN cat=[android.intent.category.LAUNCHER] flg=0x10200000 cmp=com.android.music/.VideoBrowserActivity bnds=[2308,540][2494,740]} from uid 10077
11-29 03:57:10.733 1491 7658 W ActivityTaskManager: Can't find TaskDisplayArea to determine support for multi window. Task id=82 attached=false
11-29 03:57:10.761 1491 9316 I ActivityTaskManager: FOREGROUND_APPLICATION_CHANGED to com.android.music.VideoBrowserActivity
11-29 03:57:10.763 1491 9316 I ActivityTaskManager: The Process com.android.music Already Exists in BG. So sending its PID: 11890
11-29 03:57:10.763 1491 9316 W ActivityTaskManager: Tried to set launchTime (0) < mLastActivityLaunchTime (2606938)
11-29 03:57:10.873 3714 3731 W ContextImpl: Calling a method in the system process without a qualified user: android.app.ContextImpl.startService:1816 android.content.ContextWrapper.startService:774 com.thundercomm.gamemode.ingame.services.GameModeActionUtils.startGameModeService:93 com.thundercomm.gamemode.ingame.services.GameModeActionUtils.startGameModeEntry:21 com.thundercomm.gamemode.ingame.services.ActivityMonitoringService$1.onActivityLaunch:127
11-29 03:57:10.877 1491 1491 I GameModeConfig: Current uri is uri = content://com.thundercomm.gamemode.api/gamemode_settings/gamemode_isgaming
11-29 03:57:10.882 1491 1491 I GameModeConfig: isGameModeOn = false
11-29 03:57:10.882 1491 1491 I GameModeConfig: isGameModeOn = false
11-29 03:57:10.882 1491 1491 I GameModeConfig: isDisableVoice = true
11-29 03:57:11.383 1491 1491 W WindowManager: removeWindowToken: Attempted to remove non-existing token: android.os.Binder@b68ab88
11-29 03:57:11.448 3714 3731 W ContextImpl: Calling a method in the system process without a qualified user: android.app.ContextImpl.startService:1816 android.content.ContextWrapper.startService:774 com.thundercomm.gamemode.ingame.services.GameModeActionUtils.startGameModeService:93 com.thundercomm.gamemode.ingame.services.GameModeActionUtils.startGameModeEntry:21 com.thundercomm.gamemode.ingame.services.ActivityMonitoringService$1.onActivityLaunch:127
11-29 03:57:11.452 1491 1491 I GameModeConfig: Current uri is uri = content://com.thundercomm.gamemode.api/gamemode_settings/gamemode_isgaming
11-29 03:57:11.455 1491 1491 I GameModeConfig: isGameModeOn = false
11-29 03:57:11.455 1491 1491 I GameModeConfig: isGameModeOn = false
11-29 03:57:11.455 1491 1491 I GameModeConfig: isDisableVoice = true
11-29 03:57:11.962 1491 2756 E TaskPersister: File error accessing recents directory (directory doesn't exist?).
11-29 03:57:12.242 1491 8943 I ActivityTaskManager: START u0 {act=android.intent.action.VIEW dat=content://media/external/video/media/25 typ=video/mp4 cmp=com.android.gallery3d/.app.MovieActivity (has extras)} from uid 10089
11-29 03:57:12.257 1491 7658 I ActivityTaskManager: FOREGROUND_APPLICATION_CHANGED to com.android.gallery3d.app.MovieActivity
11-29 03:57:12.259 1491 7658 I ActivityTaskManager: The Process com.android.gallery3d Already Exists in BG. So sending its PID: 11368
11-29 03:57:12.259 1491 7658 W ActivityTaskManager: Tried to set launchTime (0) < mLastActivityLaunchTime (2596902)
11-29 03:57:12.279 3714 3731 W ContextImpl: Calling a method in the system process without a qualified user: android.app.ContextImpl.startService:1816 android.content.ContextWrapper.startService:774 com.thundercomm.gamemode.ingame.services.GameModeActionUtils.startGameModeService:93 com.thundercomm.gamemode.ingame.services.GameModeActionUtils.startGameModeEntry:21 com.thundercomm.gamemode.ingame.services.ActivityMonitoringService$1.onActivityLaunch:127
11-29 03:57:12.284 1491 1491 I GameModeConfig: Current uri is uri = content://com.thundercomm.gamemode.api/gamemode_settings/gamemode_isgaming
11-29 03:57:12.286 1491 1491 I GameModeConfig: isGameModeOn = false
11-29 03:57:12.288 1491 1491 I GameModeConfig: isGameModeOn = false
11-29 03:57:12.288 1491 1491 I GameModeConfig: isDisableVoice = true
11-29 03:57:12.288 1491 8943 W WindowManager: Failed looking up window session=Session{90d0fda 11368:u0a10068} callers=com.android.server.wm.WindowManagerService.windowForClientLocked:5628 com.android.server.wm.Session.insetsModified:629 android.view.IWindowSession$Stub.onTransact:1151
11-29 03:57:12.303 1491 1760 I GameModeConfig: isGameModeOn = false
11-29 03:57:12.303 1491 1760 I GameModeConfig: isGameModeOn = false
11-29 03:57:12.303 1491 1760 I GameModeConfig: isGameModeOn = false
11-29 03:57:12.303 1491 1760 I GameModeConfig: isGameModeOn = false
11-29 03:57:12.371 3714 3731 W ContextImpl: Calling a method in the system process without a qualified user: android.app.ContextImpl.startService:1816 android.content.ContextWrapper.startService:774 com.thundercomm.gamemode.ingame.services.GameModeActionUtils.startGameModeService:93 com.thundercomm.gamemode.ingame.services.GameModeActionUtils.startGameModeEntry:21 com.thundercomm.gamemode.ingame.services.ActivityMonitoringService$1.onActivityLaunch:127
11-29 03:57:12.384 1491 1491 I GameModeConfig: Current uri is uri = content://com.thundercomm.gamemode.api/gamemode_settings/gamemode_isgaming
11-29 03:57:12.387 1491 1491 I GameModeConfig: isGameModeOn = false
11-29 03:57:12.387 1491 1491 I GameModeConfig: isGameModeOn = false
11-29 03:57:12.387 1491 1491 I GameModeConfig: isDisableVoice = true
11-29 03:57:12.506 1491 1491 I GameModeConfig: isGameModeOn = false
11-29 03:57:12.510 1491 1491 W NotificationHistory: Attempted to add notif for locked/gone/disabled user 0
11-29 03:57:12.795 3714 3731 W ContextImpl: Calling a method in the system process without a qualified user: android.app.ContextImpl.startService:1816 android.content.ContextWrapper.startService:774 com.thundercomm.gamemode.ingame.services.GameModeActionUtils.startGameModeService:93 com.thundercomm.gamemode.ingame.services.GameModeActionUtils.startGameModeEntry:21 com.thundercomm.gamemode.ingame.services.ActivityMonitoringService$1.onActivityLaunch:127
11-29 03:57:12.800 1491 1491 I GameModeConfig: Current uri is uri = content://com.thundercomm.gamemode.api/gamemode_settings/gamemode_isgaming
11-29 03:57:12.802 1491 1491 I GameModeConfig: isGameModeOn = false
11-29 03:57:12.802 1491 1491 I GameModeConfig: isGameModeOn = false
11-29 03:57:12.802 1491 1491 I GameModeConfig: isDisableVoice = true
11-29 03:57:13.429 1491 10067 W ActivityTaskManager: getTaskSnapshot: taskId=3080 not found
11-29 03:57:13.432 1491 8786 W ActivityTaskManager: getTaskSnapshot: taskId=2080 not found
11-29 03:57:13.440 3714 3731 W ContextImpl: Calling a method in the system process without a qualified user: android.app.ContextImpl.startService:1816 android.content.ContextWrapper.startService:774 com.thundercomm.gamemode.ingame.services.GameModeActionUtils.startGameModeService:93 com.thundercomm.gamemode.ingame.services.GameModeActionUtils.startGameModeEntry:21 com.thundercomm.gamemode.ingame.services.ActivityMonitoringService$1.onActivityLaunch:127
11-29 03:57:13.445 1491 1491 I GameModeConfig: Current uri is uri = content://com.thundercomm.gamemode.api/gamemode_settings/gamemode_isgaming
11-29 03:57:13.446 1491 1491 I GameModeConfig: isGameModeOn = false
11-29 03:57:13.446 1491 1491 I GameModeConfig: isGameModeOn = false
11-29 03:57:13.446 1491 1491 I GameModeConfig: isDisableVoice = true
11-29 03:57:13.458 1491 7658 W ActivityTaskManager: getTaskSnapshot: taskId=1080 not found
11-29 03:57:13.466 1491 9316 W ActivityTaskManager: getTaskSnapshot: taskId=2080 not found
11-29 03:57:13.469 1491 9316 W ActivityTaskManager: getTaskSnapshot: taskId=3080 not found
11-29 03:57:15.258 1491 2756 E TaskPersister: File error accessing recents directory (directory doesn't exist?).
11-29 03:57:15.911 1491 1760 I GameModeConfig: isGameModeOn = false
11-29 03:57:15.912 1491 1760 I GameModeConfig: isGameModeOn = false
11-29 03:57:15.912 1491 1760 I GameModeConfig: isGameModeOn = false
11-29 03:57:15.912 1491 1760 I GameModeConfig: isGameModeOn = false
11-29 03:57:15.988 1491 1607 W UsageStatsService: Unexpected activity event reported! (com.android.launcher3/com.android.launcher3.uioverrides.QuickstepLauncher event : 23 instanceId : 49472091)
11-29 03:57:16.002 3714 3731 W ContextImpl: Calling a method in the system process without a qualified user: android.app.ContextImpl.startService:1816 android.content.ContextWrapper.startService:774 com.thundercomm.gamemode.ingame.services.GameModeActionUtils.startGameModeService:93 com.thundercomm.gamemode.ingame.services.GameModeActionUtils.startGameModeEntry:21 com.thundercomm.gamemode.ingame.services.ActivityMonitoringService$1.onActivityLaunch:127
11-29 03:57:16.011 1491 1491 I GameModeConfig: Current uri is uri = content://com.thundercomm.gamemode.api/gamemode_settings/gamemode_isgaming
11-29 03:57:16.013 1491 1491 I GameModeConfig: isGameModeOn = false
11-29 03:57:16.014 1491 1491 I GameModeConfig: isGameModeOn = false
11-29 03:57:16.014 1491 1491 I GameModeConfig: isDisableVoice = true
11-29 03:57:16.120 1491 1491 I GameModeConfig: isGameModeOn = false
11-29 03:57:16.123 1491 1491 W NotificationHistory: Attempted to add notif for locked/gone/disabled user 0
11-29 03:57:19.040 1491 7658 D CompatibilityChangeReporter: Compat change id reported: 149924527; UID 1002; state: ENABLED
11-29 03:57:19.041 1491 7658 D CompatibilityChangeReporter: Compat change id reported: 132649864; UID 1002; state: DISABLED
11-29 03:57:19.042 1491 7658 D CompatibilityChangeReporter: Compat change id reported: 182734110; UID 1000; state: ENABLED
11-29 03:57:19.043 1491 7658 D CompatibilityChangeReporter: Compat change id reported: 182734110; UID 1000; state: DISABLED
11-29 03:57:19.050 1491 7658 I ActivityTaskManager: START u0 {act=android.intent.action.SEND typ=video/* flg=0x8080001 cmp=com.android.bluetooth/.opp.BluetoothOppLauncherActivity clip={video/* {U(content)}} (has extras)} from uid 10068
11-29 03:57:19.054 1491 7658 W ActivityTaskManager: Can't find TaskDisplayArea to determine support for multi window. Task id=83 attached=false
11-29 03:57:19.059 1491 7658 D CompatibilityChangeReporter: Compat change id reported: 174042980; UID 1002; state: DISABLED
11-29 03:57:19.060 1491 7658 D CompatibilityChangeReporter: Compat change id reported: 184838306; UID 1002; state: DISABLED
11-29 03:57:19.060 1491 7658 D CompatibilityChangeReporter: Compat change id reported: 185004937; UID 1002; state: DISABLED
11-29 03:57:19.061 1491 7658 D CompatibilityChangeReporter: Compat change id reported: 181136395; UID 1002; state: DISABLED
11-29 03:57:19.061 1491 7658 D CompatibilityChangeReporter: Compat change id reported: 174042936; UID 1002; state: DISABLED
11-29 03:57:19.066 1491 7658 D CompatibilityChangeReporter: Compat change id reported: 168419799; UID 1002; state: DISABLED
11-29 03:57:19.111 1491 9316 I ActivityTaskManager: FOREGROUND_APPLICATION_CHANGED to com.android.bluetooth.opp.BluetoothOppLauncherActivity
11-29 03:57:19.112 1491 9316 I ActivityTaskManager: The Process com.android.bluetooth Already Exists in BG. So sending its PID: 9089
11-29 03:57:19.142 3714 3731 W ContextImpl: Calling a method in the system process without a qualified user: android.app.ContextImpl.startService:1816 android.content.ContextWrapper.startService:774 com.thundercomm.gamemode.ingame.services.GameModeActionUtils.startGameModeService:93 com.thundercomm.gamemode.ingame.services.GameModeActionUtils.startGameModeEntry:21 com.thundercomm.gamemode.ingame.services.ActivityMonitoringService$1.onActivityLaunch:127
11-29 03:57:19.149 1491 1491 I GameModeConfig: Current uri is uri = content://com.thundercomm.gamemode.api/gamemode_settings/gamemode_isgaming
11-29 03:57:19.151 1491 9316 D CompatibilityChangeReporter: Compat change id reported: 182734110; UID 1002; state: ENABLED
11-29 03:57:19.153 1491 1491 I GameModeConfig: isGameModeOn = false
11-29 03:57:19.153 1491 1491 I GameModeConfig: isGameModeOn = false
11-29 03:57:19.153 1491 1491 I GameModeConfig: isDisableVoice = true
11-29 03:57:19.168 1491 7658 I ActivityTaskManager: START u0 {act=android.bluetooth.devicepicker.action.LAUNCH flg=0x800000 cmp=com.android.settings/.bluetooth.DevicePickerActivity (has extras)} from uid 1002
11-29 03:57:19.179 1491 7658 D CompatibilityChangeReporter: Compat change id reported: 174042980; UID 1000; state: DISABLED
11-29 03:57:19.182 1491 7658 D CompatibilityChangeReporter: Compat change id reported: 168419799; UID 1000; state: DISABLED
11-29 03:57:19.226 3714 3731 W ContextImpl: Calling a method in the system process without a qualified user: android.app.ContextImpl.startService:1816 android.content.ContextWrapper.startService:774 com.thundercomm.gamemode.ingame.services.GameModeActionUtils.startGameModeService:93 com.thundercomm.gamemode.ingame.services.GameModeActionUtils.startGameModeEntry:21 com.thundercomm.gamemode.ingame.services.ActivityMonitoringService$1.onActivityLaunch:127
11-29 03:57:19.230 1491 1491 I GameModeConfig: Current uri is uri = content://com.thundercomm.gamemode.api/gamemode_settings/gamemode_isgaming
11-29 03:57:19.232 1491 1525 I ActivityTaskManager: FOREGROUND_APPLICATION_CHANGED to com.android.settings.bluetooth.DevicePickerActivity
11-29 03:57:19.232 1491 1525 I ActivityTaskManager: The Process com.android.settings Already Exists in BG. So sending its PID: 11889
11-29 03:57:19.232 1491 1491 I GameModeConfig: isGameModeOn = false
11-29 03:57:19.232 1491 1491 I GameModeConfig: isGameModeOn = false
11-29 03:57:19.232 1491 1491 I GameModeConfig: isDisableVoice = true
11-29 03:57:19.233 1491 1525 D CompatibilityChangeReporter: Compat change id reported: 181136395; UID 1000; state: DISABLED
11-29 03:57:19.233 1491 1525 D CompatibilityChangeReporter: Compat change id reported: 174042936; UID 1000; state: DISABLED
11-29 03:57:19.258 3714 3731 W ContextImpl: Calling a method in the system process without a qualified user: android.app.ContextImpl.startService:1816 android.content.ContextWrapper.startService:774 com.thundercomm.gamemode.ingame.services.GameModeActionUtils.startGameModeService:93 com.thundercomm.gamemode.ingame.services.GameModeActionUtils.startGameModeEntry:21 com.thundercomm.gamemode.ingame.services.ActivityMonitoringService$1.onActivityLaunch:127
11-29 03:57:19.263 1491 1491 I GameModeConfig: Current uri is uri = content://com.thundercomm.gamemode.api/gamemode_settings/gamemode_isgaming
11-29 03:57:19.266 1491 1491 I GameModeConfig: isGameModeOn = false
11-29 03:57:19.266 1491 1491 I GameModeConfig: isGameModeOn = false
11-29 03:57:19.266 1491 1491 I GameModeConfig: isDisableVoice = true
11-29 03:57:19.283 3714 3731 W ContextImpl: Calling a method in the system process without a qualified user: android.app.ContextImpl.startService:1816 android.content.ContextWrapper.startService:774 com.thundercomm.gamemode.ingame.services.GameModeActionUtils.startGameModeService:93 com.thundercomm.gamemode.ingame.services.GameModeActionUtils.startGameModeEntry:21 com.thundercomm.gamemode.ingame.services.ActivityMonitoringService$1.onActivityLaunch:127
11-29 03:57:19.290 1491 1525 W BluetoothManagerService: psc is not null in bindBluetoothProfileService
11-29 03:57:19.291 1491 1491 I GameModeConfig: Current uri is uri = content://com.thundercomm.gamemode.api/gamemode_settings/gamemode_isgaming
11-29 03:57:19.298 1491 1491 I GameModeConfig: isGameModeOn = false
11-29 03:57:19.298 1491 1491 I GameModeConfig: isGameModeOn = false
11-29 03:57:19.298 1491 1491 I GameModeConfig: isDisableVoice = true
11-29 03:57:19.347 3714 3731 W ContextImpl: Calling a method in the system process without a qualified user: android.app.ContextImpl.startService:1816 android.content.ContextWrapper.startService:774 com.thundercomm.gamemode.ingame.services.GameModeActionUtils.startGameModeService:93 com.thundercomm.gamemode.ingame.services.GameModeActionUtils.startGameModeEntry:21 com.thundercomm.gamemode.ingame.services.ActivityMonitoringService$1.onActivityLaunch:127
11-29 03:57:19.351 1491 1491 I GameModeConfig: Current uri is uri = content://com.thundercomm.gamemode.api/gamemode_settings/gamemode_isgaming
11-29 03:57:19.353 1491 1491 I GameModeConfig: isGameModeOn = false
11-29 03:57:19.353 1491 1491 I GameModeConfig: isGameModeOn = false
11-29 03:57:19.353 1491 1491 I GameModeConfig: isDisableVoice = true
11-29 03:57:19.966 3714 3731 W ContextImpl: Calling a method in the system process without a qualified user: android.app.ContextImpl.startService:1816 android.content.ContextWrapper.startService:774 com.thundercomm.gamemode.ingame.services.GameModeActionUtils.startGameModeService:93 com.thundercomm.gamemode.ingame.services.GameModeActionUtils.startGameModeEntry:21 com.thundercomm.gamemode.ingame.services.ActivityMonitoringService$1.onActivityLaunch:127
11-29 03:57:19.972 1491 1491 I GameModeConfig: Current uri is uri = content://com.thundercomm.gamemode.api/gamemode_settings/gamemode_isgaming
11-29 03:57:19.974 1491 1491 I GameModeConfig: isGameModeOn = false
11-29 03:57:19.974 1491 1491 I GameModeConfig: isGameModeOn = false
11-29 03:57:19.974 1491 1491 I GameModeConfig: isDisableVoice = true
11-29 03:57:21.126 3714 3731 W ContextImpl: Calling a method in the system process without a qualified user: android.app.ContextImpl.startService:1816 android.content.ContextWrapper.startService:774 com.thundercomm.gamemode.ingame.services.GameModeActionUtils.startGameModeService:93 com.thundercomm.gamemode.ingame.services.GameModeActionUtils.startGameModeEntry:21 com.thundercomm.gamemode.ingame.services.ActivityMonitoringService$1.onActivityLaunch:127
11-29 03:57:21.136 1491 1491 I GameModeConfig: Current uri is uri = content://com.thundercomm.gamemode.api/gamemode_settings/gamemode_isgaming
11-29 03:57:21.140 1491 1491 I GameModeConfig: isGameModeOn = false
11-29 03:57:21.140 1491 1491 I GameModeConfig: isGameModeOn = false
11-29 03:57:21.140 1491 1491 I GameModeConfig: isDisableVoice = true
11-29 03:57:22.531 1491 1760 I GameModeConfig: isGameModeOn = false
11-29 03:57:22.582 1491 2756 E TaskPersister: File error accessing recents directory (directory doesn't exist?).
11-29 03:57:23.179 1491 1607 W UsageStatsService: Unexpected activity event reported! (com.android.launcher3/com.android.launcher3.uioverrides.QuickstepLauncher event : 23 instanceId : 49472091)
11-29 03:57:23.190 3714 3731 W ContextImpl: Calling a method in the system process without a qualified user: android.app.ContextImpl.startService:1816 android.content.ContextWrapper.startService:774 com.thundercomm.gamemode.ingame.services.GameModeActionUtils.startGameModeService:93 com.thundercomm.gamemode.ingame.services.GameModeActionUtils.startGameModeEntry:21 com.thundercomm.gamemode.ingame.services.ActivityMonitoringService$1.onActivityLaunch:127
11-29 03:57:23.194 1491 1491 I GameModeConfig: Current uri is uri = content://com.thundercomm.gamemode.api/gamemode_settings/gamemode_isgaming
11-29 03:57:23.199 1491 1491 I GameModeConfig: isGameModeOn = false
11-29 03:57:23.200 1491 1491 I GameModeConfig: isGameModeOn = false
11-29 03:57:23.200 1491 1491 I GameModeConfig: isDisableVoice = true
11-29 03:57:23.528 1491 1525 W ActivityTaskManager: getTaskSnapshot: taskId=2080 not found
11-29 03:57:23.528 1491 1525 W ActivityTaskManager: getTaskSnapshot: taskId=1080 not found
11-29 03:57:23.530 3714 3731 W ContextImpl: Calling a method in the system process without a qualified user: android.app.ContextImpl.startService:1816 android.content.ContextWrapper.startService:774 com.thundercomm.gamemode.ingame.services.GameModeActionUtils.startGameModeService:93 com.thundercomm.gamemode.ingame.services.GameModeActionUtils.startGameModeEntry:21 com.thundercomm.gamemode.ingame.services.ActivityMonitoringService$1.onActivityLaunch:127
11-29 03:57:23.534 1491 1491 I GameModeConfig: Current uri is uri = content://com.thundercomm.gamemode.api/gamemode_settings/gamemode_isgaming
11-29 03:57:23.536 1491 1491 I GameModeConfig: isGameModeOn = false
11-29 03:57:23.537 1491 1491 I GameModeConfig: isGameModeOn = false
11-29 03:57:23.537 1491 1491 I GameModeConfig: isDisableVoice = true
11-29 03:57:23.569 1491 1525 W ActivityTaskManager: getTaskSnapshot: taskId=1080 not found
11-29 03:57:23.575 1491 1525 W ActivityTaskManager: getTaskSnapshot: taskId=1080 not found
11-29 03:57:25.871 1491 8786 I ActivityTaskManager: FOREGROUND_APPLICATION_CHANGED to com.android.launcher3.uioverrides.QuickstepLauncher
11-29 03:57:25.927 1491 1760 I GameModeConfig: isGameModeOn = false
11-29 03:57:25.969 3714 3731 W ContextImpl: Calling a method in the system process without a qualified user: android.app.ContextImpl.startService:1816 android.content.ContextWrapper.startService:774 com.thundercomm.gamemode.ingame.services.GameModeActionUtils.startGameModeService:93 com.thundercomm.gamemode.ingame.services.GameModeActionUtils.startGameModeEntry:21 com.thundercomm.gamemode.ingame.services.ActivityMonitoringService$1.onActivityLaunch:127
11-29 03:57:25.973 1491 1491 I GameModeConfig: Current uri is uri = content://com.thundercomm.gamemode.api/gamemode_settings/gamemode_isgaming
11-29 03:57:25.974 1491 1491 I GameModeConfig: isGameModeOn = false
11-29 03:57:25.975 1491 1491 I GameModeConfig: isGameModeOn = false
11-29 03:57:25.975 1491 1491 I GameModeConfig: isDisableVoice = true
11-29 03:57:25.986 1491 1599 I ActivityManager: Killing 10817:com.android.deskclock/u0a67 (adj 910): remove task
11-29 03:57:26.005 11889 11889 W ContextImpl: Calling a method in the system process without a qualified user: android.app.ContextImpl.sendBroadcast:1188 android.content.ContextWrapper.sendBroadcast:484 com.android.settings.bluetooth.DevicePickerFragment.sendDevicePickedIntent:217 com.android.settings.bluetooth.DevicePickerFragment.onDestroy:132 androidx.fragment.app.Fragment.performDestroy:3209
11-29 03:57:26.019 1491 7658 W ActivityTaskManager: Can't find TaskDisplayArea to determine support for multi window. Task id=81 attached=false
11-29 03:57:26.019 1491 7658 W ActivityTaskManager: Can't find TaskDisplayArea to determine support for multi window. Task id=81 attached=false
11-29 03:57:26.022 1491 9316 W ActivityManager: stopServiceToken startId 2 is last, but have 2 remaining args
11-29 03:57:26.026 1491 1600 W ActivityTaskManager: Can't find TaskDisplayArea to determine support for multi window. Task id=83 attached=false
11-29 03:57:26.026 1491 1600 W ActivityTaskManager: Can't find TaskDisplayArea to determine support for multi window. Task id=83 attached=false
11-29 03:57:26.027 1491 1607 W UsageStatsService: Unexpected activity event reported! (com.android.gallery3d/com.android.gallery3d.app.MovieActivity event : 23 instanceId : 147197569)
11-29 03:57:26.028 1491 1607 W UsageStatsService: Unexpected activity event reported! (com.android.music/com.android.music.MusicBrowserActivity event : 23 instanceId : 32849461)
11-29 03:57:26.029 1491 1607 W UsageStatsService: Unexpected activity event reported! (com.android.settings/com.android.settings.bluetooth.DevicePickerActivity event : 23 instanceId : 157799420)
11-29 03:57:26.034 1491 1600 W ActivityTaskManager: Can't find TaskDisplayArea to determine support for multi window. Task id=82 attached=false
11-29 03:57:26.034 1491 1600 W ActivityTaskManager: Can't find TaskDisplayArea to determine support for multi window. Task id=82 attached=false
11-29 03:57:26.036 1491 1607 W UsageStatsService: Unexpected activity event reported! (com.android.music/com.android.music.VideoBrowserActivity event : 23 instanceId : 164090293)
11-29 03:57:26.040 1491 9316 W BroadcastQueue: Background execution not allowed: receiving Intent { act=com.android.music.updatewidget flg=0x10 } to com.android.music/.MediaAppWidgetProvider
11-29 03:57:26.040 1491 2756 E TaskPersister: File error accessing recents directory (directory doesn't exist?).
11-29 03:57:26.040 1491 1608 W BroadcastQueue: Background execution not allowed: receiving Intent { act=com.android.music.updatewidget flg=0x10 } to com.android.music/.MediaAppWidgetProviderLarge
11-29 03:57:26.041 1491 1525 W NotificationHistory: Attempted to remove channel for locked/gone/disabled user 0
11-29 03:57:26.061 1491 2059 I WindowManager: WIN DEATH: Window{ece89e u0 com.android.deskclock/com.android.deskclock.DeskClock}
11-29 03:57:26.068 1491 1600 W ActivityTaskManager: Can't find TaskDisplayArea to determine support for multi window. Task id=80 attached=false
11-29 03:57:26.068 1491 1600 W ActivityTaskManager: Can't find TaskDisplayArea to determine support for multi window. Task id=80 attached=false
11-29 03:57:26.068 1491 1599 W ActivityManager: setHasOverlayUi called on unknown pid: 10817
11-29 03:57:26.070 1491 1607 W UsageStatsService: Unexpected activity event reported! (com.android.deskclock/com.android.deskclock.DeskClock event : 23 instanceId : 252656945)
11-29 03:57:26.072 1491 1599 D CompatibilityChangeReporter: Compat change id reported: 135634846; UID 10067; state: DISABLED
11-29 03:57:26.072 1491 1599 D CompatibilityChangeReporter: Compat change id reported: 177438394; UID 10067; state: DISABLED
11-29 03:57:26.072 1491 1599 D CompatibilityChangeReporter: Compat change id reported: 135772972; UID 10067; state: DISABLED
11-29 03:57:26.072 1491 1599 D CompatibilityChangeReporter: Compat change id reported: 135754954; UID 10067; state: DISABLED
11-29 03:57:26.072 1491 1609 D CompatibilityChangeReporter: Compat change id reported: 143937733; UID 10067; state: DISABLED
11-29 03:57:26.081 1491 1609 I ActivityManager: Start proc 12095:com.android.deskclock/u0a67 for null
11-29 03:57:26.097 3714 3731 W ContextImpl: Calling a method in the system process without a qualified user: android.app.ContextImpl.startService:1816 android.content.ContextWrapper.startService:774 com.thundercomm.gamemode.ingame.services.GameModeActionUtils.startGameModeService:93 com.thundercomm.gamemode.ingame.services.GameModeActionUtils.startGameModeEntry:21 com.thundercomm.gamemode.ingame.services.ActivityMonitoringService$1.onActivityLaunch:127
11-29 03:57:26.101 1491 1491 I GameModeConfig: Current uri is uri = content://com.thundercomm.gamemode.api/gamemode_settings/gamemode_isgaming
11-29 03:57:26.104 1491 1491 I GameModeConfig: isGameModeOn = false
11-29 03:57:26.104 1491 1491 I GameModeConfig: isGameModeOn = false
11-29 03:57:26.104 1491 1491 I GameModeConfig: isDisableVoice = true
11-29 03:57:26.120 1491 1760 I GameModeConfig: isGameModeOn = false
11-29 03:57:26.687 1491 2059 I ActivityTaskManager: START u0 {act=android.intent.action.MAIN cat=[android.intent.category.LAUNCHER] flg=0x10200000 cmp=com.android.gallery3d/.app.GalleryActivity bnds=[2308,140][2494,340]} from uid 10077
11-29 03:57:26.691 1491 2059 W ActivityTaskManager: Can't find TaskDisplayArea to determine support for multi window. Task id=84 attached=false
11-29 03:57:26.716 1491 2059 I ActivityTaskManager: FOREGROUND_APPLICATION_CHANGED to com.android.gallery3d.app.GalleryActivity
11-29 03:57:26.717 1491 2059 I ActivityTaskManager: The Process com.android.gallery3d Already Exists in BG. So sending its PID: 11368
11-29 03:57:26.717 1491 2059 W ActivityTaskManager: Tried to set launchTime (0) < mLastActivityLaunchTime (2610740)
11-29 03:57:26.739 3714 3731 W ContextImpl: Calling a method in the system process without a qualified user: android.app.ContextImpl.startService:1816 android.content.ContextWrapper.startService:774 com.thundercomm.gamemode.ingame.services.GameModeActionUtils.startGameModeService:93 com.thundercomm.gamemode.ingame.services.GameModeActionUtils.startGameModeEntry:21 com.thundercomm.gamemode.ingame.services.ActivityMonitoringService$1.onActivityLaunch:127
11-29 03:57:26.742 1491 1491 I GameModeConfig: Current uri is uri = content://com.thundercomm.gamemode.api/gamemode_settings/gamemode_isgaming
11-29 03:57:26.744 1491 1491 I GameModeConfig: isGameModeOn = false
11-29 03:57:26.744 1491 1491 I GameModeConfig: isGameModeOn = false
11-29 03:57:26.744 1491 1491 I GameModeConfig: isDisableVoice = true
11-29 03:57:26.762 1491 8854 W WindowManager: Failed looking up window session=Session{90d0fda 11368:u0a10068} callers=com.android.server.wm.WindowManagerService.windowForClientLocked:5628 com.android.server.wm.Session.insetsModified:629 android.view.IWindowSession$Stub.onTransact:1151
11-29 03:57:26.787 1491 1760 I GameModeConfig: isGameModeOn = false
11-29 03:57:26.787 1491 1760 I GameModeConfig: isGameModeOn = false
11-29 03:57:26.788 1491 1760 I GameModeConfig: isGameModeOn = false
11-29 03:57:26.788 1491 1760 I GameModeConfig: isGameModeOn = false
11-29 03:57:26.834 3714 3731 W ContextImpl: Calling a method in the system process without a qualified user: android.app.ContextImpl.startService:1816 android.content.ContextWrapper.startService:774 com.thundercomm.gamemode.ingame.services.GameModeActionUtils.startGameModeService:93 com.thundercomm.gamemode.ingame.services.GameModeActionUtils.startGameModeEntry:21 com.thundercomm.gamemode.ingame.services.ActivityMonitoringService$1.onActivityLaunch:127
11-29 03:57:26.839 1491 1491 I GameModeConfig: Current uri is uri = content://com.thundercomm.gamemode.api/gamemode_settings/gamemode_isgaming
11-29 03:57:26.840 1491 1491 I GameModeConfig: isGameModeOn = false
11-29 03:57:26.840 1491 1491 I GameModeConfig: isGameModeOn = false
11-29 03:57:26.840 1491 1491 I GameModeConfig: isDisableVoice = true
11-29 03:57:26.992 1491 1491 I GameModeConfig: isGameModeOn = false
11-29 03:57:26.994 1491 1491 W NotificationHistory: Attempted to add notif for locked/gone/disabled user 0
11-29 03:57:27.409 3714 3731 W ContextImpl: Calling a method in the system process without a qualified user: android.app.ContextImpl.startService:1816 android.content.ContextWrapper.startService:774 com.thundercomm.gamemode.ingame.services.GameModeActionUtils.startGameModeService:93 com.thundercomm.gamemode.ingame.services.GameModeActionUtils.startGameModeEntry:21 com.thundercomm.gamemode.ingame.services.ActivityMonitoringService$1.onActivityLaunch:127
11-29 03:57:27.411 1491 1491 I GameModeConfig: Current uri is uri = content://com.thundercomm.gamemode.api/gamemode_settings/gamemode_isgaming
11-29 03:57:27.413 1491 1491 I GameModeConfig: isGameModeOn = false
11-29 03:57:27.413 1491 1491 I GameModeConfig: isGameModeOn = false
11-29 03:57:27.413 1491 1491 I GameModeConfig: isDisableVoice = true
11-29 03:57:27.541 3714 3731 W ContextImpl: Calling a method in the system process without a qualified user: android.app.ContextImpl.startService:1816 android.content.ContextWrapper.startService:774 com.thundercomm.gamemode.ingame.services.GameModeActionUtils.startGameModeService:93 com.thundercomm.gamemode.ingame.services.GameModeActionUtils.startGameModeEntry:21 com.thundercomm.gamemode.ingame.services.ActivityMonitoringService$1.onActivityLaunch:127
11-29 03:57:27.548 1491 1491 I GameModeConfig: Current uri is uri = content://com.thundercomm.gamemode.api/gamemode_settings/gamemode_isgaming
11-29 03:57:27.550 1491 1491 I GameModeConfig: isGameModeOn = false
11-29 03:57:27.551 1491 1491 I GameModeConfig: isGameModeOn = false
11-29 03:57:27.551 1491 1491 I GameModeConfig: isDisableVoice = true
11-29 03:57:27.556 1491 7158 W ActivityTaskManager: getTaskSnapshot: taskId=5084 not found
11-29 03:57:27.557 1491 7158 W ActivityTaskManager: getTaskSnapshot: taskId=5084 not found
11-29 03:57:27.559 1491 7158 W ActivityTaskManager: getTaskSnapshot: taskId=4084 not found
11-29 03:57:27.563 1491 10067 W ActivityTaskManager: getTaskSnapshot: taskId=3084 not found
11-29 03:57:27.565 1491 7158 W ActivityTaskManager: getTaskSnapshot: taskId=2084 not found
11-29 03:57:27.568 1491 7158 W ActivityTaskManager: getTaskSnapshot: taskId=1084 not found
11-29 03:57:27.570 1491 7158 W ActivityTaskManager: getTaskSnapshot: taskId=2084 not found
11-29 03:57:27.570 1491 7158 W ActivityTaskManager: getTaskSnapshot: taskId=3084 not found
11-29 03:57:27.570 1491 10067 W ActivityTaskManager: getTaskSnapshot: taskId=4084 not found
11-29 03:57:27.575 1491 7158 W ActivityTaskManager: getTaskSnapshot: taskId=5084 not found
11-29 03:57:28.363 1491 1524 I ActivityTaskManager: FOREGROUND_APPLICATION_CHANGED to com.android.launcher3.uioverrides.QuickstepLauncher
11-29 03:57:28.427 3714 3731 W ContextImpl: Calling a method in the system process without a qualified user: android.app.ContextImpl.startService:1816 android.content.ContextWrapper.startService:774 com.thundercomm.gamemode.ingame.services.GameModeActionUtils.startGameModeService:93 com.thundercomm.gamemode.ingame.services.GameModeActionUtils.startGameModeEntry:21 com.thundercomm.gamemode.ingame.services.ActivityMonitoringService$1.onActivityLaunch:127
11-29 03:57:28.432 1491 1491 I GameModeConfig: Current uri is uri = content://com.thundercomm.gamemode.api/gamemode_settings/gamemode_isgaming
11-29 03:57:28.434 1491 1491 I GameModeConfig: isGameModeOn = false
11-29 03:57:28.435 1491 1491 I GameModeConfig: isGameModeOn = false
11-29 03:57:28.435 1491 1491 I GameModeConfig: isDisableVoice = true
11-29 03:57:28.481 3714 3731 W ContextImpl: Calling a method in the system process without a qualified user: android.app.ContextImpl.startService:1816 android.content.ContextWrapper.startService:774 com.thundercomm.gamemode.ingame.services.GameModeActionUtils.startGameModeService:93 com.thundercomm.gamemode.ingame.services.GameModeActionUtils.startGameModeEntry:21 com.thundercomm.gamemode.ingame.services.ActivityMonitoringService$1.onActivityLaunch:127
11-29 03:57:28.486 1491 1491 I GameModeConfig: Current uri is uri = content://com.thundercomm.gamemode.api/gamemode_settings/gamemode_isgaming
11-29 03:57:28.487 1491 1491 I GameModeConfig: isGameModeOn = false
11-29 03:57:28.487 1491 1491 I GameModeConfig: isGameModeOn = false
11-29 03:57:28.487 1491 1491 I GameModeConfig: isDisableVoice = true
11-29 03:57:29.576 1491 2756 E TaskPersister: File error accessing recents directory (directory doesn't exist?).
11-29 03:57:37.027 1491 1760 I GameModeConfig: isGameModeOn = false
11-29 03:57:39.738 1491 1760 I GameModeConfig: isGameModeOn = false
11-29 03:57:39.738 1491 1760 I GameModeConfig: isGameModeOn = false
11-29 03:57:39.738 1491 1760 I GameModeConfig: isGameModeOn = false
11-29 03:57:39.738 1491 1760 I GameModeConfig: isGameModeOn = false
11-29 03:57:39.772 1491 1760 I GameModeConfig: isGameModeOn = false
11-29 03:57:39.772 1491 1760 I GameModeConfig: isGameModeOn = false
11-29 03:57:39.772 1491 1760 I GameModeConfig: isGameModeOn = false
11-29 03:57:39.772 1491 1760 I GameModeConfig: isGameModeOn = false
11-29 03:57:39.943 1491 1491 I GameModeConfig: isGameModeOn = false
11-29 03:57:39.947 1491 1491 W NotificationHistory: Attempted to add notif for locked/gone/disabled user 0
11-29 03:57:39.976 1491 1491 I GameModeConfig: isGameModeOn = false
11-29 03:57:39.977 1491 1491 E NotificationService: Muting recently noisy 0|com.android.systemui|2048|null|10082
11-29 03:57:44.145 1491 2059 D TelephonyRegistry: listen oscl: mHasNotifySubscriptionInfoChangedOccurred==false no callback
11-29 03:57:44.147 1951 1951 W CarrierConfigManager: Error getting config for subId -1 ICarrierConfigLoader is null
11-29 03:57:47.749 1491 1760 I GameModeConfig: isGameModeOn = false
11-29 03:57:47.749 1491 1760 I GameModeConfig: isGameModeOn = false
11-29 03:57:47.749 1491 1760 I GameModeConfig: isGameModeOn = false
11-29 03:57:47.749 1491 1760 I GameModeConfig: isGameModeOn = false
11-29 03:57:47.774 1491 1760 I GameModeConfig: isGameModeOn = false
11-29 03:57:47.774 1491 1760 I GameModeConfig: isGameModeOn = false
11-29 03:57:47.774 1491 1760 I GameModeConfig: isGameModeOn = false
11-29 03:57:47.774 1491 1760 I GameModeConfig: isGameModeOn = false
11-29 03:57:47.788 1491 1760 I GameModeConfig: isGameModeOn = false
11-29 03:57:47.788 1491 1760 I GameModeConfig: isGameModeOn = false
11-29 03:57:47.788 1491 1760 I GameModeConfig: isGameModeOn = false
11-29 03:57:47.788 1491 1760 I GameModeConfig: isGameModeOn = false
11-29 03:57:47.804 1491 1760 I GameModeConfig: isGameModeOn = false
11-29 03:57:47.804 1491 1760 I GameModeConfig: isGameModeOn = false
11-29 03:57:47.804 1491 1760 I GameModeConfig: isGameModeOn = false
11-29 03:57:47.804 1491 1760 I GameModeConfig: isGameModeOn = false
11-29 03:57:47.817 1491 1760 I GameModeConfig: isGameModeOn = false
11-29 03:57:47.818 1491 1760 I GameModeConfig: isGameModeOn = false
11-29 03:57:47.818 1491 1760 I GameModeConfig: isGameModeOn = false
11-29 03:57:47.818 1491 1760 I GameModeConfig: isGameModeOn = false
11-29 03:57:47.831 1491 1760 I GameModeConfig: isGameModeOn = false
11-29 03:57:47.831 1491 1760 I GameModeConfig: isGameModeOn = false
11-29 03:57:47.831 1491 1760 I GameModeConfig: isGameModeOn = false
11-29 03:57:47.831 1491 1760 I GameModeConfig: isGameModeOn = false
11-29 03:57:47.842 1491 1760 I GameModeConfig: isGameModeOn = false
11-29 03:57:47.842 1491 1760 I GameModeConfig: isGameModeOn = false
11-29 03:57:47.842 1491 1760 I GameModeConfig: isGameModeOn = false
11-29 03:57:47.842 1491 1760 I GameModeConfig: isGameModeOn = false
11-29 03:57:47.858 1491 1760 I GameModeConfig: isGameModeOn = false
11-29 03:57:47.858 1491 1760 I GameModeConfig: isGameModeOn = false
11-29 03:57:47.858 1491 1760 I GameModeConfig: isGameModeOn = false
11-29 03:57:47.858 1491 1760 I GameModeConfig: isGameModeOn = false
11-29 03:57:47.875 1491 1760 I GameModeConfig: isGameModeOn = false
11-29 03:57:47.875 1491 1760 I GameModeConfig: isGameModeOn = false
11-29 03:57:47.875 1491 1760 I GameModeConfig: isGameModeOn = false
11-29 03:57:47.875 1491 1760 I GameModeConfig: isGameModeOn = false
11-29 03:57:47.892 1491 1760 I GameModeConfig: isGameModeOn = false
11-29 03:57:47.892 1491 1760 I GameModeConfig: isGameModeOn = false
11-29 03:57:47.892 1491 1760 I GameModeConfig: isGameModeOn = false
11-29 03:57:47.892 1491 1760 I GameModeConfig: isGameModeOn = false
11-29 03:57:47.914 1491 1760 I GameModeConfig: isGameModeOn = false
11-29 03:57:47.915 1491 1760 I GameModeConfig: isGameModeOn = false
11-29 03:57:47.915 1491 1760 I GameModeConfig: isGameModeOn = false
11-29 03:57:47.915 1491 1760 I GameModeConfig: isGameModeOn = false
11-29 03:57:47.929 1491 1760 I GameModeConfig: isGameModeOn = false
11-29 03:57:47.929 1491 1760 I GameModeConfig: isGameModeOn = false
11-29 03:57:47.929 1491 1760 I GameModeConfig: isGameModeOn = false
11-29 03:57:47.930 1491 1760 I GameModeConfig: isGameModeOn = false
11-29 03:57:47.943 1491 1760 I GameModeConfig: isGameModeOn = false
11-29 03:57:47.943 1491 1760 I GameModeConfig: isGameModeOn = false
11-29 03:57:47.943 1491 1760 I GameModeConfig: isGameModeOn = false
11-29 03:57:47.943 1491 1760 I GameModeConfig: isGameModeOn = false
11-29 03:57:47.952 1491 1491 I GameModeConfig: isGameModeOn = false
11-29 03:57:47.954 1491 1491 W NotificationHistory: Attempted to add notif for locked/gone/disabled user 0
11-29 03:57:47.960 1491 1760 I GameModeConfig: isGameModeOn = false
11-29 03:57:47.961 1491 1760 I GameModeConfig: isGameModeOn = false
11-29 03:57:47.961 1491 1760 I GameModeConfig: isGameModeOn = false
11-29 03:57:47.961 1491 1760 I GameModeConfig: isGameModeOn = false
11-29 03:57:47.974 1491 1760 I GameModeConfig: isGameModeOn = false
11-29 03:57:47.974 1491 1760 I GameModeConfig: isGameModeOn = false
11-29 03:57:47.974 1491 1760 I GameModeConfig: isGameModeOn = false
11-29 03:57:47.975 1491 1760 I GameModeConfig: isGameModeOn = false
11-29 03:57:47.976 1491 1491 I GameModeConfig: isGameModeOn = false
11-29 03:57:47.976 1491 1491 E NotificationService: Muting recently noisy 0|com.android.systemui|2048|null|10082
11-29 03:57:47.992 1491 1491 I GameModeConfig: isGameModeOn = false
11-29 03:57:47.993 1491 1491 E NotificationService: Muting recently noisy 0|com.android.systemui|2048|null|10082
11-29 03:57:47.995 1491 1760 I GameModeConfig: isGameModeOn = false
11-29 03:57:47.996 1491 1760 I GameModeConfig: isGameModeOn = false
11-29 03:57:47.996 1491 1760 I GameModeConfig: isGameModeOn = false
11-29 03:57:47.996 1491 1760 I GameModeConfig: isGameModeOn = false
11-29 03:57:48.008 1491 1491 I GameModeConfig: isGameModeOn = false
11-29 03:57:48.008 1491 1491 E NotificationService: Muting recently noisy 0|com.android.systemui|2048|null|10082
11-29 03:57:48.021 1491 1491 I GameModeConfig: isGameModeOn = false
11-29 03:57:48.021 1491 1491 E NotificationService: Muting recently noisy 0|com.android.systemui|2048|null|10082
11-29 03:57:48.030 1491 1491 I GameModeConfig: isGameModeOn = false
11-29 03:57:48.031 1491 1491 E NotificationService: Muting recently noisy 0|com.android.systemui|2048|null|10082
11-29 03:57:48.033 1491 1760 I GameModeConfig: isGameModeOn = false
11-29 03:57:48.033 1491 1760 I GameModeConfig: isGameModeOn = false
11-29 03:57:48.033 1491 1760 I GameModeConfig: isGameModeOn = false
11-29 03:57:48.034 1491 1760 I GameModeConfig: isGameModeOn = false
11-29 03:57:48.044 1491 1491 I GameModeConfig: isGameModeOn = false
11-29 03:57:48.044 1491 1491 E NotificationService: Muting recently noisy 0|com.android.systemui|2048|null|10082
11-29 03:57:48.061 1491 1491 I GameModeConfig: isGameModeOn = false
11-29 03:57:48.061 1491 1491 E NotificationService: Muting recently noisy 0|com.android.systemui|2048|null|10082
11-29 03:57:48.077 1491 1491 I GameModeConfig: isGameModeOn = false
11-29 03:57:48.077 1491 1491 E NotificationService: Muting recently noisy 0|com.android.systemui|2048|null|10082
11-29 03:57:48.095 1491 1491 I GameModeConfig: isGameModeOn = false
11-29 03:57:48.095 1491 1491 E NotificationService: Muting recently noisy 0|com.android.systemui|2048|null|10082
11-29 03:57:48.115 1491 1491 I GameModeConfig: isGameModeOn = false
11-29 03:57:48.115 1491 1491 E NotificationService: Muting recently noisy 0|com.android.systemui|2048|null|10082
11-29 03:57:48.136 1491 1491 I GameModeConfig: isGameModeOn = false
11-29 03:57:48.137 1491 1491 E NotificationService: Muting recently noisy 0|com.android.systemui|2048|null|10082
11-29 03:57:48.146 1491 1491 I GameModeConfig: isGameModeOn = false
11-29 03:57:48.147 1491 1491 E NotificationService: Muting recently noisy 0|com.android.systemui|2048|null|10082
11-29 03:57:48.167 1491 1491 I GameModeConfig: isGameModeOn = false
11-29 03:57:48.168 1491 1491 E NotificationService: Muting recently noisy 0|com.android.systemui|2048|null|10082
11-29 03:57:48.181 1491 1491 I GameModeConfig: isGameModeOn = false
11-29 03:57:48.182 1491 1491 E NotificationService: Muting recently noisy 0|com.android.systemui|2048|null|10082
11-29 03:57:48.206 1491 1491 I GameModeConfig: isGameModeOn = false
11-29 03:57:48.206 1491 1491 E NotificationService: Muting recently noisy 0|com.android.systemui|2048|null|10082
11-29 03:57:48.236 1491 1491 I GameModeConfig: isGameModeOn = false
11-29 03:57:48.237 1491 1491 E NotificationService: Muting recently noisy 0|com.android.systemui|2048|null|10082
11-29 03:57:48.503 1491 2059 I ActivityTaskManager: START u0 {act=android.intent.action.MAIN cat=[android.intent.category.LAUNCHER] flg=0x10200000 cmp=com.android.settings/.Settings bnds=[2308,740][2494,940]} from uid 10077
11-29 03:57:48.507 1491 2059 W ActivityTaskManager: Can't find TaskDisplayArea to determine support for multi window. Task id=85 attached=false
11-29 03:57:48.528 1491 8854 I ActivityTaskManager: FOREGROUND_APPLICATION_CHANGED to com.android.settings.homepage.SettingsHomepageActivity
11-29 03:57:48.528 1491 8854 I ActivityTaskManager: The Process com.android.settings Already Exists in BG. So sending its PID: 11889
11-29 03:57:48.531 1491 8854 W ActivityTaskManager: Tried to set launchTime (0) < mLastActivityLaunchTime (2617712)
11-29 03:57:48.570 3714 3731 W ContextImpl: Calling a method in the system process without a qualified user: android.app.ContextImpl.startService:1816 android.content.ContextWrapper.startService:774 com.thundercomm.gamemode.ingame.services.GameModeActionUtils.startGameModeService:93 com.thundercomm.gamemode.ingame.services.GameModeActionUtils.startGameModeEntry:21 com.thundercomm.gamemode.ingame.services.ActivityMonitoringService$1.onActivityLaunch:127
11-29 03:57:48.578 1491 1491 I GameModeConfig: Current uri is uri = content://com.thundercomm.gamemode.api/gamemode_settings/gamemode_isgaming
11-29 03:57:48.583 1491 1491 I GameModeConfig: isGameModeOn = false
11-29 03:57:48.584 1491 1491 I GameModeConfig: isGameModeOn = false
11-29 03:57:48.584 1491 1491 I GameModeConfig: isDisableVoice = true
11-29 03:57:48.606 1491 9682 E UserRestrictionsUtils: Unknown restriction queried by uid 1000 (com.qualcomm.qti.qdma et al): null
11-29 03:57:48.607 1491 9682 E UserRestrictionsUtils: Unknown restriction queried by uid 1000 (com.qualcomm.qti.qdma et al): null
11-29 03:57:48.607 1491 9682 E UserRestrictionsUtils: Unknown restriction queried by uid 1000 (com.qualcomm.qti.qdma et al): null
11-29 03:57:48.608 1491 9682 E UserRestrictionsUtils: Unknown restriction queried by uid 1000 (com.qualcomm.qti.qdma et al): null
11-29 03:57:48.608 1491 9682 E UserRestrictionsUtils: Unknown restriction queried by uid 1000 (com.qualcomm.qti.qdma et al): null
11-29 03:57:48.608 1491 9682 E UserRestrictionsUtils: Unknown restriction queried by uid 1000 (com.qualcomm.qti.qdma et al): null
11-29 03:57:48.608 1491 9682 E UserRestrictionsUtils: Unknown restriction queried by uid 1000 (com.qualcomm.qti.qdma et al): null
11-29 03:57:48.608 1491 9682 E UserRestrictionsUtils: Unknown restriction queried by uid 1000 (com.qualcomm.qti.qdma et al): null
11-29 03:57:48.609 1491 9682 E UserRestrictionsUtils: Unknown restriction queried by uid 1000 (com.qualcomm.qti.qdma et al): null
11-29 03:57:48.609 1491 9682 E UserRestrictionsUtils: Unknown restriction queried by uid 1000 (com.qualcomm.qti.qdma et al): null
11-29 03:57:48.609 1491 9682 E UserRestrictionsUtils: Unknown restriction queried by uid 1000 (com.qualcomm.qti.qdma et al): null
11-29 03:57:48.609 1491 9682 E UserRestrictionsUtils: Unknown restriction queried by uid 1000 (com.qualcomm.qti.qdma et al): null
11-29 03:57:48.610 1491 9682 E UserRestrictionsUtils: Unknown restriction queried by uid 1000 (com.qualcomm.qti.qdma et al): null
11-29 03:57:48.610 1491 9682 E UserRestrictionsUtils: Unknown restriction queried by uid 1000 (com.qualcomm.qti.qdma et al): null
11-29 03:57:48.610 1491 9682 E UserRestrictionsUtils: Unknown restriction queried by uid 1000 (com.qualcomm.qti.qdma et al): null
11-29 03:57:48.610 1491 9682 E UserRestrictionsUtils: Unknown restriction queried by uid 1000 (com.qualcomm.qti.qdma et al): null
11-29 03:57:48.610 1491 9682 E UserRestrictionsUtils: Unknown restriction queried by uid 1000 (com.qualcomm.qti.qdma et al): null
11-29 03:57:48.611 1491 9682 E UserRestrictionsUtils: Unknown restriction queried by uid 1000 (com.qualcomm.qti.qdma et al): null
