11-29 03:52:11.485 3714 3731 W ContextImpl: Calling a method in the system process without a qualified user: android.app.ContextImpl.startService:1816 android.content.ContextWrapper.startService:774 com.thundercomm.gamemode.ingame.services.GameModeActionUtils.startGameModeService:93 com.thundercomm.gamemode.ingame.services.GameModeActionUtils.startGameModeEntry:21 com.thundercomm.gamemode.ingame.services.ActivityMonitoringService$1.onActivityLaunch:127
11-29 03:52:11.494 1491 1491 I GameModeConfig: Current uri is uri = content://com.thundercomm.gamemode.api/gamemode_settings/gamemode_isgaming
11-29 03:52:11.502 1491 1491 I GameModeConfig: isGameModeOn = false
11-29 03:52:11.503 1491 8786 I ActivityTaskManager: START u0 {cmp=com.android.soundrecorder/.util.PermissionUtils (has extras)} from uid 10061
11-29 03:52:11.503 1491 1491 I GameModeConfig: isGameModeOn = false
11-29 03:52:11.503 1491 1491 I GameModeConfig: isDisableVoice = true
11-29 03:52:11.536 1491 9315 I ActivityTaskManager: FOREGROUND_APPLICATION_CHANGED to com.android.soundrecorder.util.PermissionUtils
11-29 03:52:11.536 1491 9315 I ActivityTaskManager: The Process com.android.soundrecorder Already Exists in BG. So sending its PID: 11195
11-29 03:52:11.537 1491 9315 W ActivityTaskManager: Tried to set launchTime (0) < mLastActivityLaunchTime (2309947)
11-29 03:52:11.545 1491 9315 I ActivityTaskManager: START u0 {act=android.content.pm.action.REQUEST_PERMISSIONS pkg=com.android.permissioncontroller cmp=com.android.permissioncontroller/.permission.ui.GrantPermissionsActivity (has extras)} from uid 10061
11-29 03:52:11.582 1491 10785 I ActivityTaskManager: FOREGROUND_APPLICATION_CHANGED to com.android.permissioncontroller.permission.ui.GrantPermissionsActivity
11-29 03:52:11.582 1491 10785 I ActivityTaskManager: The Process com.android.permissioncontroller Already Exists in BG. So sending its PID: 10614
11-29 03:52:11.583 1491 10785 W ActivityTaskManager: Tried to set launchTime (0) < mLastActivityLaunchTime (2232837)
11-29 03:52:11.594 1491 10785 W WindowManager: updateScale0.7996942
11-29 03:52:11.609 3714 3731 W ContextImpl: Calling a method in the system process without a qualified user: android.app.ContextImpl.startService:1816 android.content.ContextWrapper.startService:774 com.thundercomm.gamemode.ingame.services.GameModeActionUtils.startGameModeService:93 com.thundercomm.gamemode.ingame.services.GameModeActionUtils.startGameModeEntry:21 com.thundercomm.gamemode.ingame.services.ActivityMonitoringService$1.onActivityLaunch:127
11-29 03:52:11.613 1491 1491 I GameModeConfig: Current uri is uri = content://com.thundercomm.gamemode.api/gamemode_settings/gamemode_isgaming
11-29 03:52:11.615 1491 1491 I GameModeConfig: isGameModeOn = false
11-29 03:52:11.615 1491 1491 I GameModeConfig: isGameModeOn = false
11-29 03:52:11.615 1491 1491 I GameModeConfig: isDisableVoice = true
11-29 03:52:11.619 1491 9315 W WindowManager: updateScale0.7996942
11-29 03:52:11.620 1491 9315 W WindowManager: updateScale0.7996942
11-29 03:52:11.633 1491 1600 W WindowManager: updateScale0.7996942
11-29 03:52:11.633 1491 1600 W WindowManager: updateScale0.7996942
11-29 03:52:11.635 1491 1600 W WindowManager: updateScale0.7996942
11-29 03:52:11.635 1491 1600 W WindowManager: updateScale0.7996942
11-29 03:52:11.646 1491 1600 W WindowManager: updateScale0.7996942
11-29 03:52:11.646 1491 1600 W WindowManager: updateScale0.7996942
11-29 03:52:11.655 1491 8943 W WindowManager: updateScale0.7996942
11-29 03:52:11.655 1491 8943 W WindowManager: updateScale0.7996942
11-29 03:52:11.659 1491 1600 W WindowManager: updateScale0.7996942
11-29 03:52:11.659 1491 1600 W WindowManager: updateScale0.7996942
11-29 03:52:11.661 1491 1600 W WindowManager: updateScale0.7996942
11-29 03:52:11.661 1491 1600 W WindowManager: updateScale0.7996942
11-29 03:52:11.662 1491 1600 W WindowManager: updateScale0.7996942
11-29 03:52:11.662 1491 1600 W WindowManager: updateScale0.7996942
11-29 03:52:11.694 3714 3731 W ContextImpl: Calling a method in the system process without a qualified user: android.app.ContextImpl.startService:1816 android.content.ContextWrapper.startService:774 com.thundercomm.gamemode.ingame.services.GameModeActionUtils.startGameModeService:93 com.thundercomm.gamemode.ingame.services.GameModeActionUtils.startGameModeEntry:21 com.thundercomm.gamemode.ingame.services.ActivityMonitoringService$1.onActivityLaunch:127
11-29 03:52:11.698 1491 1491 I GameModeConfig: Current uri is uri = content://com.thundercomm.gamemode.api/gamemode_settings/gamemode_isgaming
11-29 03:52:11.700 1491 1491 I GameModeConfig: isGameModeOn = false
11-29 03:52:11.700 1491 1491 I GameModeConfig: isGameModeOn = false
11-29 03:52:11.700 1491 1491 I GameModeConfig: isDisableVoice = true
11-29 03:52:11.939 1491 1600 W WindowManager: updateScale0.7996942
11-29 03:52:11.939 1491 1600 W WindowManager: updateScale0.7996942
11-29 03:52:12.838 1491 9315 W WindowManager: updateScale0.7996942
11-29 03:52:12.838 1491 9315 W WindowManager: updateScale0.7996942
11-29 03:52:13.583 1491 10783 W WindowManager: updateScale0.7996942
11-29 03:52:13.610 1491 10785 I ActivityTaskManager: FOREGROUND_APPLICATION_CHANGED to com.android.soundrecorder.util.PermissionUtils
11-29 03:52:13.625 1491 10785 W WindowManager: updateScale0.7996942
11-29 03:52:13.634 1491 10783 I ActivityTaskManager: START u0 {cmp=com.android.soundrecorder/.SoundRecorder} from uid 10061
11-29 03:52:13.638 1491 10783 W WindowManager: updateScale0.7996942
11-29 03:52:13.643 1491 2060 I ActivityTaskManager: FOREGROUND_APPLICATION_CHANGED to com.android.soundrecorder.SoundRecorder
11-29 03:52:13.643 1491 2060 I ActivityTaskManager: The Process com.android.soundrecorder Already Exists in BG. So sending its PID: 11195
11-29 03:52:13.643 1491 2060 W ActivityTaskManager: Tried to set launchTime (0) < mLastActivityLaunchTime (2310016)
11-29 03:52:13.674 1491 11109 W WindowManager: updateScale0.7996942
11-29 03:52:13.690 1491 1600 W WindowManager: updateScale0.7996942
11-29 03:52:13.699 1491 1600 W WindowManager: updateScale0.7996942
11-29 03:52:13.702 1491 1600 W WindowManager: updateScale0.7996942
11-29 03:52:13.724 3714 3731 W ContextImpl: Calling a method in the system process without a qualified user: android.app.ContextImpl.startService:1816 android.content.ContextWrapper.startService:774 com.thundercomm.gamemode.ingame.services.GameModeActionUtils.startGameModeService:93 com.thundercomm.gamemode.ingame.services.GameModeActionUtils.startGameModeEntry:21 com.thundercomm.gamemode.ingame.services.ActivityMonitoringService$1.onActivityLaunch:127
11-29 03:52:13.731 1491 1491 I GameModeConfig: Current uri is uri = content://com.thundercomm.gamemode.api/gamemode_settings/gamemode_isgaming
11-29 03:52:13.732 1491 1491 I GameModeConfig: isGameModeOn = false
11-29 03:52:13.732 1491 1491 I GameModeConfig: isGameModeOn = false
11-29 03:52:13.732 1491 1491 I GameModeConfig: isDisableVoice = true
11-29 03:52:13.753 3714 3731 W ContextImpl: Calling a method in the system process without a qualified user: android.app.ContextImpl.startService:1816 android.content.ContextWrapper.startService:774 com.thundercomm.gamemode.ingame.services.GameModeActionUtils.startGameModeService:93 com.thundercomm.gamemode.ingame.services.GameModeActionUtils.startGameModeEntry:21 com.thundercomm.gamemode.ingame.services.ActivityMonitoringService$1.onActivityLaunch:127
11-29 03:52:13.757 1491 1491 I GameModeConfig: Current uri is uri = content://com.thundercomm.gamemode.api/gamemode_settings/gamemode_isgaming
11-29 03:52:13.759 1491 1491 I GameModeConfig: isGameModeOn = false
11-29 03:52:13.759 1491 1491 I GameModeConfig: isGameModeOn = false
11-29 03:52:13.759 1491 1491 I GameModeConfig: isDisableVoice = true
11-29 03:52:13.771 1491 11109 W WindowManager: updateScale0.7996942
11-29 03:52:13.926 1491 1600 W WindowManager: updateScale0.7996942
11-29 03:52:13.942 1491 1600 W WindowManager: updateScale0.7996942
11-29 03:52:13.977 1491 1600 W WindowManager: updateScale0.7996942
11-29 03:52:13.993 1491 11109 W WindowManager: updateScale0.7996942
11-29 03:52:14.000 1491 11109 W WindowManager: updateScale0.7996942
11-29 03:52:14.438 1491 10785 W WindowManager: updateScale0.7996942
11-29 03:52:14.450 1491 1600 W WindowManager: updateScale0.7996942
11-29 03:52:14.530 1491 10785 D FreeFormWindowHelper: Remove freefrom task=Task{91681b8 #71 type=standard A=10061:com.android.soundrecorder U=0 visible=true mode=fullscreen translucent=false sz=1}
11-29 03:52:14.538 1491 11109 W WindowManager: Attempted to set replacing window on app token with no content Token{d228cf2 ActivityRecord{3d3ef43 u0 com.android.soundrecorder/.SoundRecorder t71}}
11-29 03:52:14.551 1491 10783 W AS.AudioService: Updated cached param hdr_record_on from false to false
11-29 03:52:14.552 3714 3731 W ContextImpl: Calling a method in the system process without a qualified user: android.app.ContextImpl.startService:1816 android.content.ContextWrapper.startService:774 com.thundercomm.gamemode.ingame.services.GameModeActionUtils.startGameModeService:93 com.thundercomm.gamemode.ingame.services.GameModeActionUtils.startGameModeEntry:21 com.thundercomm.gamemode.ingame.services.ActivityMonitoringService$1.onActivityLaunch:127
11-29 03:52:14.553 1491 2060 W AS.AudioService: Updated cached param hdr_audio_channel_count from 0 to 0
11-29 03:52:14.555 1491 2060 W AS.AudioService: Updated cached param hdr_audio_sampling_rate from 0 to 0
11-29 03:52:14.559 1491 1491 I GameModeConfig: Current uri is uri = content://com.thundercomm.gamemode.api/gamemode_settings/gamemode_isgaming
11-29 03:52:14.562 1491 1491 I GameModeConfig: isGameModeOn = false
11-29 03:52:14.562 1491 1491 I GameModeConfig: isGameModeOn = false
11-29 03:52:14.562 1491 1491 I GameModeConfig: isDisableVoice = true
11-29 03:52:14.596 1491 8943 I WindowManager: finishDrawing of relaunch: Window{21416a2 u0 com.android.soundrecorder/com.android.soundrecorder.SoundRecorder} 69ms
11-29 03:52:14.936 1491 2756 E TaskPersister: File error accessing recents directory (directory doesn't exist?).
11-29 03:52:14.955 3714 3731 W ContextImpl: Calling a method in the system process without a qualified user: android.app.ContextImpl.startService:1816 android.content.ContextWrapper.startService:774 com.thundercomm.gamemode.ingame.services.GameModeActionUtils.startGameModeService:93 com.thundercomm.gamemode.ingame.services.GameModeActionUtils.startGameModeEntry:21 com.thundercomm.gamemode.ingame.services.ActivityMonitoringService$1.onActivityLaunch:127
11-29 03:52:14.965 1491 1491 I GameModeConfig: Current uri is uri = content://com.thundercomm.gamemode.api/gamemode_settings/gamemode_isgaming
11-29 03:52:14.968 1491 1491 I GameModeConfig: isGameModeOn = false
11-29 03:52:14.968 1491 1491 I GameModeConfig: isGameModeOn = false
11-29 03:52:14.968 1491 1491 I GameModeConfig: isDisableVoice = true
11-29 03:52:15.007 3714 3731 W ContextImpl: Calling a method in the system process without a qualified user: android.app.ContextImpl.startService:1816 android.content.ContextWrapper.startService:774 com.thundercomm.gamemode.ingame.services.GameModeActionUtils.startGameModeService:93 com.thundercomm.gamemode.ingame.services.GameModeActionUtils.startGameModeEntry:21 com.thundercomm.gamemode.ingame.services.ActivityMonitoringService$1.onActivityLaunch:127
11-29 03:52:15.013 1491 1491 I GameModeConfig: Current uri is uri = content://com.thundercomm.gamemode.api/gamemode_settings/gamemode_isgaming
11-29 03:52:15.015 1491 1491 I GameModeConfig: isGameModeOn = false
11-29 03:52:15.015 1491 1491 I GameModeConfig: isGameModeOn = false
11-29 03:52:15.015 1491 1491 I GameModeConfig: isDisableVoice = true
11-29 03:52:15.533 3714 3731 W ContextImpl: Calling a method in the system process without a qualified user: android.app.ContextImpl.startService:1816 android.content.ContextWrapper.startService:774 com.thundercomm.gamemode.ingame.services.GameModeActionUtils.startGameModeService:93 com.thundercomm.gamemode.ingame.services.GameModeActionUtils.startGameModeEntry:21 com.thundercomm.gamemode.ingame.services.ActivityMonitoringService$1.onActivityLaunch:127
11-29 03:52:15.537 1491 1491 I GameModeConfig: Current uri is uri = content://com.thundercomm.gamemode.api/gamemode_settings/gamemode_isgaming
11-29 03:52:15.539 1491 1491 I GameModeConfig: isGameModeOn = false
11-29 03:52:15.539 1491 1491 I GameModeConfig: isGameModeOn = false
11-29 03:52:15.539 1491 1491 I GameModeConfig: isDisableVoice = true
11-29 03:52:15.555 1491 8943 W ActivityTaskManager: getTaskSnapshot: taskId=4070 not found
11-29 03:52:15.557 1491 8943 W ActivityTaskManager: getTaskSnapshot: taskId=4070 not found
11-29 03:52:15.558 1491 8943 W ActivityTaskManager: getTaskSnapshot: taskId=3070 not found
11-29 03:52:15.559 1491 8943 W ActivityTaskManager: getTaskSnapshot: taskId=2070 not found
11-29 03:52:15.564 1491 10785 W ActivityTaskManager: getTaskSnapshot: taskId=1070 not found
11-29 03:52:15.589 1491 10785 W ActivityTaskManager: getTaskSnapshot: taskId=1070 not found
11-29 03:52:15.590 1491 2060 W ActivityTaskManager: getTaskSnapshot: taskId=2070 not found
11-29 03:52:15.590 1491 2060 W ActivityTaskManager: getTaskSnapshot: taskId=3070 not found
11-29 03:52:15.591 1491 2060 W ActivityTaskManager: getTaskSnapshot: taskId=4070 not found
11-29 03:52:16.446 1161 11191 I iorapd : Perfetto TraceBuffer saved to file: /data/misc/iorapd/com.android.soundrecorder/31/com.android.soundrecorder.SoundRecorder/raw_traces/1669665136444949797.perfetto_trace.pb
11-29 03:52:17.221 1491 2060 D FreeFormWindowHelper: Add freeform task=Task{91681b8 #71 type=standard A=10061:com.android.soundrecorder U=0 visible=true mode=freeform translucent=false sz=1}
11-29 03:52:17.227 1491 2060 W WindowManager: updateScale0.7996942
11-29 03:52:17.231 1491 9315 W AS.AudioService: Updated cached param hdr_record_on from false to false
11-29 03:52:17.234 1491 9315 W AS.AudioService: Updated cached param hdr_audio_channel_count from 0 to 0
11-29 03:52:17.236 1491 8943 W AS.AudioService: Updated cached param hdr_audio_sampling_rate from 0 to 0
11-29 03:52:17.245 1491 10785 W WindowManager: Attempted to set replacing window on app token with no content Token{d228cf2 ActivityRecord{3d3ef43 u0 com.android.soundrecorder/.SoundRecorder t71}}
11-29 03:52:17.273 1491 8943 W WindowManager: updateScale0.7996942
11-29 03:52:17.291 1491 10783 I WindowManager: finishDrawing of relaunch: Window{21416a2 u0 com.android.soundrecorder/com.android.soundrecorder.SoundRecorder} 70ms
11-29 03:52:17.292 1491 1600 W WindowManager: updateScale0.7996942
11-29 03:52:17.295 1491 1600 W WindowManager: updateScale0.7996942
11-29 03:52:17.675 1491 8943 I ActivityTaskManager: FOREGROUND_APPLICATION_CHANGED to com.android.launcher3.uioverrides.QuickstepLauncher
11-29 03:52:17.679 1491 8943 W WindowManager: updateScale0.7996942
11-29 03:52:17.683 1491 8943 W WindowManager: updateScale0.7996942
11-29 03:52:17.795 3714 3731 W ContextImpl: Calling a method in the system process without a qualified user: android.app.ContextImpl.startService:1816 android.content.ContextWrapper.startService:774 com.thundercomm.gamemode.ingame.services.GameModeActionUtils.startGameModeService:93 com.thundercomm.gamemode.ingame.services.GameModeActionUtils.startGameModeEntry:21 com.thundercomm.gamemode.ingame.services.ActivityMonitoringService$1.onActivityLaunch:127
11-29 03:52:17.802 1491 1491 I GameModeConfig: Current uri is uri = content://com.thundercomm.gamemode.api/gamemode_settings/gamemode_isgaming
11-29 03:52:17.807 1491 1491 I GameModeConfig: isGameModeOn = false
11-29 03:52:17.808 1491 1491 I GameModeConfig: isGameModeOn = false
11-29 03:52:17.808 1491 1491 I GameModeConfig: isDisableVoice = true
11-29 03:52:18.631 1491 1599 W WindowManager: updateScale0.7996942
11-29 03:52:18.634 1491 1599 I ActivityTaskManager: FOREGROUND_APPLICATION_CHANGED to com.android.soundrecorder.SoundRecorder
11-29 03:52:19.415 1491 9315 W WindowManager: updateScale0.4617737
11-29 03:52:19.418 1491 9315 W WindowManager: updateScale0.4617737
11-29 03:52:19.434 1491 9315 W AS.AudioService: Updated cached param hdr_record_on from false to false
11-29 03:52:19.435 1491 9315 W AS.AudioService: Updated cached param hdr_audio_channel_count from 0 to 0
11-29 03:52:19.437 1491 9315 W AS.AudioService: Updated cached param hdr_audio_sampling_rate from 0 to 0
11-29 03:52:19.467 1491 9315 W WindowManager: updateScale0.4617737
11-29 03:52:19.470 1491 9315 W WindowManager: updateScale0.4617737
11-29 03:52:21.646 1491 9315 W WindowManager: updateScale0.7996942
11-29 03:52:21.650 1491 9315 W WindowManager: updateScale0.7996942
11-29 03:52:21.670 1491 10785 W AS.AudioService: Updated cached param hdr_record_on from false to false
11-29 03:52:21.671 1491 10785 W AS.AudioService: Updated cached param hdr_audio_channel_count from 0 to 0
11-29 03:52:21.673 1491 10785 W AS.AudioService: Updated cached param hdr_audio_sampling_rate from 0 to 0
11-29 03:52:21.696 1491 9315 W WindowManager: updateScale0.7996942
11-29 03:52:21.702 1491 9315 W WindowManager: updateScale0.7996942
11-29 03:52:22.876 1491 8943 W WindowManager: updateScale0.4617737
11-29 03:52:22.879 1491 8943 W WindowManager: updateScale0.4617737
11-29 03:52:22.895 1491 9315 W AS.AudioService: Updated cached param hdr_record_on from false to false
11-29 03:52:22.896 1491 9315 W AS.AudioService: Updated cached param hdr_audio_channel_count from 0 to 0
11-29 03:52:22.898 1491 9315 W AS.AudioService: Updated cached param hdr_audio_sampling_rate from 0 to 0
11-29 03:52:22.948 1491 8943 W WindowManager: updateScale0.4617737
11-29 03:52:22.950 1491 8943 W WindowManager: updateScale0.4617737
11-29 03:52:22.961 1491 8943 D CompatibilityChangeReporter: Compat change id reported: 181136395; UID 10061; state: DISABLED
11-29 03:52:22.962 1491 8943 D CompatibilityChangeReporter: Compat change id reported: 174042936; UID 10061; state: DISABLED
11-29 03:53:13.863 1491 9315 W WindowManager: updateScale0.7996942
11-29 03:53:13.864 1491 9315 D CompatibilityChangeReporter: Compat change id reported: 184838306; UID 10061; state: DISABLED
11-29 03:53:13.865 1491 9315 D CompatibilityChangeReporter: Compat change id reported: 185004937; UID 10061; state: DISABLED
11-29 03:53:13.868 1491 9315 W WindowManager: updateScale0.7996942
11-29 03:53:13.886 1491 8943 W AS.AudioService: Updated cached param hdr_record_on from false to false
11-29 03:53:13.888 1491 9315 W AS.AudioService: Updated cached param hdr_audio_channel_count from 0 to 0
11-29 03:53:13.889 1491 8943 W AS.AudioService: Updated cached param hdr_audio_sampling_rate from 0 to 0
11-29 03:53:13.910 1491 8943 W WindowManager: updateScale0.7996942
11-29 03:53:13.913 1491 8943 W WindowManager: updateScale0.7996942
11-29 03:53:15.340 1491 11109 W WindowManager: updateScale0.4617737
11-29 03:53:15.343 1491 11109 W WindowManager: updateScale0.4617737
11-29 03:53:15.362 1491 8943 W AS.AudioService: Updated cached param hdr_record_on from false to false
11-29 03:53:15.363 1491 8943 W AS.AudioService: Updated cached param hdr_audio_channel_count from 0 to 0
11-29 03:53:15.365 1491 8943 W AS.AudioService: Updated cached param hdr_audio_sampling_rate from 0 to 0
11-29 03:53:15.387 1491 8943 W WindowManager: updateScale0.4617737
11-29 03:53:15.389 1491 8943 W WindowManager: updateScale0.4617737
11-29 03:53:16.071 1491 8943 W WindowManager: updateScale0.7996942
11-29 03:53:16.075 1491 8943 W WindowManager: updateScale0.7996942
11-29 03:53:16.107 1491 11109 W AS.AudioService: Updated cached param hdr_record_on from false to false
11-29 03:53:16.109 1491 11109 W AS.AudioService: Updated cached param hdr_audio_channel_count from 0 to 0
11-29 03:53:16.111 1491 11109 W AS.AudioService: Updated cached param hdr_audio_sampling_rate from 0 to 0
11-29 03:53:16.132 1491 8943 W WindowManager: updateScale0.7996942
11-29 03:53:16.134 1491 8943 W WindowManager: updateScale0.7996942
11-29 03:53:16.936 1491 8943 W WindowManager: updateScale0.7996942
11-29 03:53:16.948 1491 1600 W WindowManager: updateScale0.7996942
11-29 03:53:17.013 1491 8943 W WindowManager: updateScale0.7996942
11-29 03:53:17.963 1491 11109 W WindowManager: updateScale0.7996942
11-29 03:53:17.973 1491 1600 W WindowManager: updateScale0.7996942
11-29 03:53:18.033 1491 11109 D CompatibilityChangeReporter: Compat change id reported: 174042980; UID 10061; state: DISABLED
11-29 03:53:18.048 1491 11109 D FreeFormWindowHelper: Remove freefrom task=Task{91681b8 #71 type=standard A=10061:com.android.soundrecorder U=0 visible=true mode=fullscreen translucent=false sz=1}
11-29 03:53:18.055 1491 11109 W WindowManager: Attempted to set replacing window on app token with no content Token{d228cf2 ActivityRecord{3d3ef43 u0 com.android.soundrecorder/.SoundRecorder t71}}
11-29 03:53:18.059 1491 9315 W AS.AudioService: Updated cached param hdr_record_on from false to false
11-29 03:53:18.061 1491 8943 W AS.AudioService: Updated cached param hdr_audio_channel_count from 0 to 0
11-29 03:53:18.062 1491 8943 W AS.AudioService: Updated cached param hdr_audio_sampling_rate from 0 to 0
11-29 03:53:18.081 3714 3731 W ContextImpl: Calling a method in the system process without a qualified user: android.app.ContextImpl.startService:1816 android.content.ContextWrapper.startService:774 com.thundercomm.gamemode.ingame.services.GameModeActionUtils.startGameModeService:93 com.thundercomm.gamemode.ingame.services.GameModeActionUtils.startGameModeEntry:21 com.thundercomm.gamemode.ingame.services.ActivityMonitoringService$1.onActivityLaunch:127
11-29 03:53:18.087 1491 1491 I GameModeConfig: Current uri is uri = content://com.thundercomm.gamemode.api/gamemode_settings/gamemode_isgaming
11-29 03:53:18.091 1491 1491 I GameModeConfig: isGameModeOn = false
11-29 03:53:18.092 1491 1491 I GameModeConfig: isGameModeOn = false
11-29 03:53:18.092 1491 1491 I GameModeConfig: isDisableVoice = true
11-29 03:53:18.104 1491 2060 I WindowManager: finishDrawing of relaunch: Window{21416a2 u0 com.android.soundrecorder/com.android.soundrecorder.SoundRecorder} 59ms
11-29 03:53:18.458 3714 3731 W ContextImpl: Calling a method in the system process without a qualified user: android.app.ContextImpl.startService:1816 android.content.ContextWrapper.startService:774 com.thundercomm.gamemode.ingame.services.GameModeActionUtils.startGameModeService:93 com.thundercomm.gamemode.ingame.services.GameModeActionUtils.startGameModeEntry:21 com.thundercomm.gamemode.ingame.services.ActivityMonitoringService$1.onActivityLaunch:127
11-29 03:53:18.470 1491 1491 I GameModeConfig: Current uri is uri = content://com.thundercomm.gamemode.api/gamemode_settings/gamemode_isgaming
11-29 03:53:18.475 1491 1491 I GameModeConfig: isGameModeOn = false
11-29 03:53:18.475 1491 1491 I GameModeConfig: isGameModeOn = false
11-29 03:53:18.475 1491 1491 I GameModeConfig: isDisableVoice = true
11-29 03:53:18.504 3714 3731 W ContextImpl: Calling a method in the system process without a qualified user: android.app.ContextImpl.startService:1816 android.content.ContextWrapper.startService:774 com.thundercomm.gamemode.ingame.services.GameModeActionUtils.startGameModeService:93 com.thundercomm.gamemode.ingame.services.GameModeActionUtils.startGameModeEntry:21 com.thundercomm.gamemode.ingame.services.ActivityMonitoringService$1.onActivityLaunch:127
11-29 03:53:18.508 1491 1491 I GameModeConfig: Current uri is uri = content://com.thundercomm.gamemode.api/gamemode_settings/gamemode_isgaming
11-29 03:53:18.510 1491 1491 I GameModeConfig: isGameModeOn = false
11-29 03:53:18.511 1491 1491 I GameModeConfig: isGameModeOn = false
11-29 03:53:18.511 1491 1491 I GameModeConfig: isDisableVoice = true
11-29 03:53:19.031 3714 3731 W ContextImpl: Calling a method in the system process without a qualified user: android.app.ContextImpl.startService:1816 android.content.ContextWrapper.startService:774 com.thundercomm.gamemode.ingame.services.GameModeActionUtils.startGameModeService:93 com.thundercomm.gamemode.ingame.services.GameModeActionUtils.startGameModeEntry:21 com.thundercomm.gamemode.ingame.services.ActivityMonitoringService$1.onActivityLaunch:127
11-29 03:53:19.036 1491 1491 I GameModeConfig: Current uri is uri = content://com.thundercomm.gamemode.api/gamemode_settings/gamemode_isgaming
11-29 03:53:19.038 1491 1491 I GameModeConfig: isGameModeOn = false
11-29 03:53:19.038 1491 1491 I GameModeConfig: isGameModeOn = false
11-29 03:53:19.038 1491 1491 I GameModeConfig: isDisableVoice = true
11-29 03:53:19.049 1491 2060 W ActivityTaskManager: getTaskSnapshot: taskId=2070 not found
11-29 03:53:19.050 1491 2060 W ActivityTaskManager: getTaskSnapshot: taskId=1070 not found
11-29 03:53:19.052 1491 2060 W ActivityTaskManager: getTaskSnapshot: taskId=1070 not found
11-29 03:53:19.052 1491 2060 W ActivityTaskManager: getTaskSnapshot: taskId=2070 not found
11-29 03:53:19.058 1491 2060 W ActivityTaskManager: getTaskSnapshot: taskId=2070 not found
11-29 03:53:19.060 1491 2060 W ActivityTaskManager: getTaskSnapshot: taskId=1070 not found
11-29 03:53:51.243 1491 1607 I UsageStatsService: User[0] Flushing usage stats to disk
11-29 03:54:07.077 1491 9315 I ActivityTaskManager: FOREGROUND_APPLICATION_CHANGED to com.android.launcher3.uioverrides.QuickstepLauncher
11-29 03:54:07.127 1491 10785 W AS.AudioService: Updated cached param hdr_record_on from false to false
11-29 03:54:07.129 1491 11109 W AS.AudioService: Updated cached param hdr_audio_channel_count from 0 to 0
11-29 03:54:07.136 1491 10785 W AS.AudioService: Updated cached param hdr_audio_sampling_rate from 0 to 0
11-29 03:54:07.157 3714 3731 W ContextImpl: Calling a method in the system process without a qualified user: android.app.ContextImpl.startService:1816 android.content.ContextWrapper.startService:774 com.thundercomm.gamemode.ingame.services.GameModeActionUtils.startGameModeService:93 com.thundercomm.gamemode.ingame.services.GameModeActionUtils.startGameModeEntry:21 com.thundercomm.gamemode.ingame.services.ActivityMonitoringService$1.onActivityLaunch:127
11-29 03:54:07.166 1491 1491 I GameModeConfig: Current uri is uri = content://com.thundercomm.gamemode.api/gamemode_settings/gamemode_isgaming
11-29 03:54:07.170 1491 1491 I GameModeConfig: isGameModeOn = false
11-29 03:54:07.171 1491 1491 I GameModeConfig: isGameModeOn = false
11-29 03:54:07.171 1491 1491 I GameModeConfig: isDisableVoice = true
11-29 03:54:07.202 3714 3731 W ContextImpl: Calling a method in the system process without a qualified user: android.app.ContextImpl.startService:1816 android.content.ContextWrapper.startService:774 com.thundercomm.gamemode.ingame.services.GameModeActionUtils.startGameModeService:93 com.thundercomm.gamemode.ingame.services.GameModeActionUtils.startGameModeEntry:21 com.thundercomm.gamemode.ingame.services.ActivityMonitoringService$1.onActivityLaunch:127
11-29 03:54:07.206 1491 1491 I GameModeConfig: Current uri is uri = content://com.thundercomm.gamemode.api/gamemode_settings/gamemode_isgaming
11-29 03:54:07.209 1491 1491 I GameModeConfig: isGameModeOn = false
11-29 03:54:07.210 1491 1491 I GameModeConfig: isGameModeOn = false
11-29 03:54:07.210 1491 1491 I GameModeConfig: isDisableVoice = true
11-29 03:54:07.213 1491 1599 I ActivityManager: Killing 11195:com.android.soundrecorder/u0a61 (adj 905): remove task
11-29 03:54:07.216 1491 2756 E TaskPersister: File error accessing recents directory (directory doesn't exist?).
11-29 03:54:07.218 1491 2756 E TaskPersister: File error accessing recents directory (directory doesn't exist?).
11-29 03:54:07.223 1491 1607 W UsageStatsService: Unexpected activity event reported! (com.android.music/com.android.music.MusicBrowserActivity event : 23 instanceId : 108097222)
11-29 03:54:07.226 1491 1600 W ActivityTaskManager: Can't find TaskDisplayArea to determine support for multi window. Task id=70 attached=false
11-29 03:54:07.226 1491 1600 W ActivityTaskManager: Can't find TaskDisplayArea to determine support for multi window. Task id=70 attached=false
11-29 03:54:07.237 1491 9315 W NotificationHistory: Attempted to remove channel for locked/gone/disabled user 0
11-29 03:54:07.240 1491 10785 W BroadcastQueue: Background execution not allowed: receiving Intent { act=com.android.music.updatewidget flg=0x10 } to com.android.music/.MediaAppWidgetProvider
11-29 03:54:07.242 1491 1608 W BroadcastQueue: Background execution not allowed: receiving Intent { act=com.android.music.updatewidget flg=0x10 } to com.android.music/.MediaAppWidgetProviderLarge
11-29 03:54:07.250 1491 2060 I WindowManager: WIN DEATH: Window{21416a2 u0 com.android.soundrecorder/com.android.soundrecorder.SoundRecorder}
11-29 03:54:07.256 1491 1600 W ActivityTaskManager: Can't find TaskDisplayArea to determine support for multi window. Task id=71 attached=false
11-29 03:54:07.256 1491 1600 W ActivityTaskManager: Can't find TaskDisplayArea to determine support for multi window. Task id=71 attached=false
11-29 03:54:07.256 1491 1599 W ActivityManager: setHasOverlayUi called on unknown pid: 11195
11-29 03:54:07.256 1491 1607 W UsageStatsService: Unexpected activity event reported! (com.android.soundrecorder/com.android.soundrecorder.SoundRecorder event : 23 instanceId : 220368114)
11-29 03:54:07.317 3714 3731 W ContextImpl: Calling a method in the system process without a qualified user: android.app.ContextImpl.startService:1816 android.content.ContextWrapper.startService:774 com.thundercomm.gamemode.ingame.services.GameModeActionUtils.startGameModeService:93 com.thundercomm.gamemode.ingame.services.GameModeActionUtils.startGameModeEntry:21 com.thundercomm.gamemode.ingame.services.ActivityMonitoringService$1.onActivityLaunch:127
11-29 03:54:07.324 1491 1491 I GameModeConfig: Current uri is uri = content://com.thundercomm.gamemode.api/gamemode_settings/gamemode_isgaming
11-29 03:54:07.327 1491 1491 I GameModeConfig: isGameModeOn = false
11-29 03:54:07.328 1491 1491 I GameModeConfig: isGameModeOn = false
11-29 03:54:07.328 1491 1491 I GameModeConfig: isDisableVoice = true
11-29 03:54:08.440 1491 2060 I ActivityTaskManager: START u0 {act=android.intent.action.MAIN cat=[android.intent.category.LAUNCHER] flg=0x10200000 cmp=com.android.music/.VideoBrowserActivity bnds=[2308,540][2494,740]} from uid 10077
11-29 03:54:08.443 1491 2060 W ActivityTaskManager: Can't find TaskDisplayArea to determine support for multi window. Task id=72 attached=false
11-29 03:54:08.446 1491 2060 D CompatibilityChangeReporter: Compat change id reported: 174042980; UID 10089; state: DISABLED
11-29 03:54:08.446 1491 2060 D CompatibilityChangeReporter: Compat change id reported: 184838306; UID 10089; state: DISABLED
11-29 03:54:08.447 1491 2060 D CompatibilityChangeReporter: Compat change id reported: 185004937; UID 10089; state: DISABLED
11-29 03:54:08.447 1491 2060 D CompatibilityChangeReporter: Compat change id reported: 181136395; UID 10089; state: DISABLED
11-29 03:54:08.448 1491 2060 D CompatibilityChangeReporter: Compat change id reported: 174042936; UID 10089; state: DISABLED
11-29 03:54:08.450 1491 2060 D CompatibilityChangeReporter: Compat change id reported: 168419799; UID 10089; state: DISABLED
11-29 03:54:08.464 1491 11109 I ActivityTaskManager: FOREGROUND_APPLICATION_CHANGED to com.android.music.VideoBrowserActivity
11-29 03:54:08.466 1491 11109 I ActivityTaskManager: The Process com.android.music Already Exists in BG. So sending its PID: 11110
11-29 03:54:08.467 1491 11109 W ActivityTaskManager: Tried to set launchTime (0) < mLastActivityLaunchTime (2289231)
11-29 03:54:08.492 3714 3731 W ContextImpl: Calling a method in the system process without a qualified user: android.app.ContextImpl.startService:1816 android.content.ContextWrapper.startService:774 com.thundercomm.gamemode.ingame.services.GameModeActionUtils.startGameModeService:93 com.thundercomm.gamemode.ingame.services.GameModeActionUtils.startGameModeEntry:21 com.thundercomm.gamemode.ingame.services.ActivityMonitoringService$1.onActivityLaunch:127
11-29 03:54:08.496 1491 1491 I GameModeConfig: Current uri is uri = content://com.thundercomm.gamemode.api/gamemode_settings/gamemode_isgaming
11-29 03:54:08.502 1491 1491 I GameModeConfig: isGameModeOn = false
11-29 03:54:08.503 1491 1491 I GameModeConfig: isGameModeOn = false
11-29 03:54:08.503 1491 1491 I GameModeConfig: isDisableVoice = true
11-29 03:54:08.515 1491 11109 D CompatibilityChangeReporter: Compat change id reported: 149924527; UID 10089; state: ENABLED
11-29 03:54:08.516 1491 11109 D CompatibilityChangeReporter: Compat change id reported: 132649864; UID 10089; state: DISABLED
11-29 03:54:08.516 1491 9316 D CompatibilityChangeReporter: Compat change id reported: 182734110; UID 10089; state: ENABLED
11-29 03:54:08.579 3714 3731 W ContextImpl: Calling a method in the system process without a qualified user: android.app.ContextImpl.startService:1816 android.content.ContextWrapper.startService:774 com.thundercomm.gamemode.ingame.services.GameModeActionUtils.startGameModeService:93 com.thundercomm.gamemode.ingame.services.GameModeActionUtils.startGameModeEntry:21 com.thundercomm.gamemode.ingame.services.ActivityMonitoringService$1.onActivityLaunch:127
11-29 03:54:08.588 1491 1491 I GameModeConfig: Current uri is uri = content://com.thundercomm.gamemode.api/gamemode_settings/gamemode_isgaming
11-29 03:54:08.590 1491 1491 I GameModeConfig: isGameModeOn = false
11-29 03:54:08.590 1491 1491 I GameModeConfig: isGameModeOn = false
11-29 03:54:08.590 1491 1491 I GameModeConfig: isDisableVoice = true
11-29 03:54:09.087 3714 3731 W ContextImpl: Calling a method in the system process without a qualified user: android.app.ContextImpl.startService:1816 android.content.ContextWrapper.startService:774 com.thundercomm.gamemode.ingame.services.GameModeActionUtils.startGameModeService:93 com.thundercomm.gamemode.ingame.services.GameModeActionUtils.startGameModeEntry:21 com.thundercomm.gamemode.ingame.services.ActivityMonitoringService$1.onActivityLaunch:127
11-29 03:54:09.093 1491 1491 I GameModeConfig: Current uri is uri = content://com.thundercomm.gamemode.api/gamemode_settings/gamemode_isgaming
11-29 03:54:09.095 1491 1491 I GameModeConfig: isGameModeOn = false
11-29 03:54:09.096 1491 1491 I GameModeConfig: isGameModeOn = false
11-29 03:54:09.096 1491 1491 I GameModeConfig: isDisableVoice = true
11-29 03:54:09.184 3714 3731 W ContextImpl: Calling a method in the system process without a qualified user: android.app.ContextImpl.startService:1816 android.content.ContextWrapper.startService:774 com.thundercomm.gamemode.ingame.services.GameModeActionUtils.startGameModeService:93 com.thundercomm.gamemode.ingame.services.GameModeActionUtils.startGameModeEntry:21 com.thundercomm.gamemode.ingame.services.ActivityMonitoringService$1.onActivityLaunch:127
11-29 03:54:09.189 1491 1491 I GameModeConfig: Current uri is uri = content://com.thundercomm.gamemode.api/gamemode_settings/gamemode_isgaming
11-29 03:54:09.191 1491 1491 I GameModeConfig: isGameModeOn = false
11-29 03:54:09.191 1491 1491 I GameModeConfig: isGameModeOn = false
11-29 03:54:09.191 1491 1491 I GameModeConfig: isDisableVoice = true
11-29 03:54:09.195 1491 11109 W ActivityTaskManager: getTaskSnapshot: taskId=5072 not found
11-29 03:54:09.203 1491 11109 W ActivityTaskManager: getTaskSnapshot: taskId=4072 not found
11-29 03:54:09.210 1491 10785 W ActivityTaskManager: getTaskSnapshot: taskId=1072 not found
11-29 03:54:09.212 1491 10785 W ActivityTaskManager: getTaskSnapshot: taskId=2072 not found
11-29 03:54:09.215 1491 10785 W ActivityTaskManager: getTaskSnapshot: taskId=3072 not found
11-29 03:54:09.218 1491 10785 W ActivityTaskManager: getTaskSnapshot: taskId=4072 not found
11-29 03:54:09.220 1491 11109 W ActivityTaskManager: getTaskSnapshot: taskId=4072 not found
11-29 03:54:09.220 1491 11109 W ActivityTaskManager: getTaskSnapshot: taskId=3072 not found
11-29 03:54:09.220 1491 11109 W ActivityTaskManager: getTaskSnapshot: taskId=2072 not found
11-29 03:54:09.220 1491 11109 W ActivityTaskManager: getTaskSnapshot: taskId=1072 not found
11-29 03:54:09.742 1491 1607 W UsageStatsService: Unexpected activity event reported! (com.android.launcher3/com.android.launcher3.uioverrides.QuickstepLauncher event : 23 instanceId : 49472091)
11-29 03:54:09.749 3714 3731 W ContextImpl: Calling a method in the system process without a qualified user: android.app.ContextImpl.startService:1816 android.content.ContextWrapper.startService:774 com.thundercomm.gamemode.ingame.services.GameModeActionUtils.startGameModeService:93 com.thundercomm.gamemode.ingame.services.GameModeActionUtils.startGameModeEntry:21 com.thundercomm.gamemode.ingame.services.ActivityMonitoringService$1.onActivityLaunch:127
11-29 03:54:09.753 1491 1491 I GameModeConfig: Current uri is uri = content://com.thundercomm.gamemode.api/gamemode_settings/gamemode_isgaming
11-29 03:54:09.754 1491 1491 I GameModeConfig: isGameModeOn = false
11-29 03:54:09.755 1491 1491 I GameModeConfig: isGameModeOn = false
11-29 03:54:09.755 1491 1491 I GameModeConfig: isDisableVoice = true
11-29 03:54:10.261 3714 3731 W ContextImpl: Calling a method in the system process without a qualified user: android.app.ContextImpl.startService:1816 android.content.ContextWrapper.startService:774 com.thundercomm.gamemode.ingame.services.GameModeActionUtils.startGameModeService:93 com.thundercomm.gamemode.ingame.services.GameModeActionUtils.startGameModeEntry:21 com.thundercomm.gamemode.ingame.services.ActivityMonitoringService$1.onActivityLaunch:127
11-29 03:54:10.265 1491 1491 I GameModeConfig: Current uri is uri = content://com.thundercomm.gamemode.api/gamemode_settings/gamemode_isgaming
11-29 03:54:10.267 1491 1525 W ActivityTaskManager: getTaskSnapshot: taskId=5072 not found
11-29 03:54:10.267 1491 1525 W ActivityTaskManager: getTaskSnapshot: taskId=4072 not found
11-29 03:54:10.267 1491 1491 I GameModeConfig: isGameModeOn = false
11-29 03:54:10.267 1491 1491 I GameModeConfig: isGameModeOn = false
11-29 03:54:10.267 1491 1491 I GameModeConfig: isDisableVoice = true
11-29 03:54:10.283 1491 1525 W ActivityTaskManager: getTaskSnapshot: taskId=4072 not found
11-29 03:54:10.283 1491 1525 W ActivityTaskManager: getTaskSnapshot: taskId=5072 not found
11-29 03:54:10.288 1491 10785 W ActivityTaskManager: getTaskSnapshot: taskId=5072 not found
11-29 03:54:10.293 1491 10785 W ActivityTaskManager: getTaskSnapshot: taskId=4072 not found
11-29 03:54:11.232 1491 2756 E TaskPersister: File error accessing recents directory (directory doesn't exist?).
11-29 03:54:11.973 1491 2060 D FreeFormWindowHelper: Add freeform task=Task{d81dcf7 #72 type=standard A=10089:android.task.video U=0 visible=true mode=freeform translucent=false sz=1}
11-29 03:54:11.978 1491 2060 W WindowManager: updateScale0.7996942
11-29 03:54:12.036 1491 1525 W WindowManager: Attempted to set replacing window on app token with no content Token{d041c1e ActivityRecord{a381115 u0 com.android.music/.VideoBrowserActivity t72}}
11-29 03:54:12.054 1491 9316 W WindowManager: updateScale0.7996942
11-29 03:54:12.061 1491 9316 I WindowManager: finishDrawing of relaunch: Window{d1b5efc u0 com.android.music/com.android.music.VideoBrowserActivity} 77ms
11-29 03:54:12.061 1491 1600 W WindowManager: updateScale0.7996942
11-29 03:54:12.062 1491 1600 W WindowManager: updateScale0.7996942
11-29 03:54:12.421 1491 1525 I ActivityTaskManager: FOREGROUND_APPLICATION_CHANGED to com.android.launcher3.uioverrides.QuickstepLauncher
11-29 03:54:12.428 1491 1525 W WindowManager: updateScale0.7996942
11-29 03:54:12.431 1491 1525 W WindowManager: updateScale0.7996942
11-29 03:54:12.543 3714 3731 W ContextImpl: Calling a method in the system process without a qualified user: android.app.ContextImpl.startService:1816 android.content.ContextWrapper.startService:774 com.thundercomm.gamemode.ingame.services.GameModeActionUtils.startGameModeService:93 com.thundercomm.gamemode.ingame.services.GameModeActionUtils.startGameModeEntry:21 com.thundercomm.gamemode.ingame.services.ActivityMonitoringService$1.onActivityLaunch:127
11-29 03:54:12.549 1491 1491 I GameModeConfig: Current uri is uri = content://com.thundercomm.gamemode.api/gamemode_settings/gamemode_isgaming
11-29 03:54:12.551 1491 1491 I GameModeConfig: isGameModeOn = false
11-29 03:54:12.554 1491 1491 I GameModeConfig: isGameModeOn = false
11-29 03:54:12.554 1491 1491 I GameModeConfig: isDisableVoice = true
11-29 03:54:13.185 1491 2060 I ActivityTaskManager: START u0 {act=android.intent.action.MAIN cat=[android.intent.category.LAUNCHER] flg=0x10200000 cmp=com.android.gallery3d/.app.GalleryActivity bnds=[2308,140][2494,340]} from uid 10077
11-29 03:54:13.190 1491 2060 W ActivityTaskManager: Can't find TaskDisplayArea to determine support for multi window. Task id=73 attached=false
11-29 03:54:13.192 1491 2060 D CompatibilityChangeReporter: Compat change id reported: 174042980; UID 10068; state: DISABLED
11-29 03:54:13.193 1491 2060 D CompatibilityChangeReporter: Compat change id reported: 184838306; UID 10068; state: DISABLED
11-29 03:54:13.194 1491 2060 D CompatibilityChangeReporter: Compat change id reported: 185004937; UID 10068; state: DISABLED
11-29 03:54:13.194 1491 2060 D CompatibilityChangeReporter: Compat change id reported: 181136395; UID 10068; state: DISABLED
11-29 03:54:13.195 1491 2060 D CompatibilityChangeReporter: Compat change id reported: 174042936; UID 10068; state: DISABLED
11-29 03:54:13.200 1491 2060 D CompatibilityChangeReporter: Compat change id reported: 168419799; UID 10068; state: DISABLED
11-29 03:54:13.203 1491 2060 W WindowManager: updateScale0.7996942
11-29 03:54:13.212 1491 10785 I ActivityTaskManager: FOREGROUND_APPLICATION_CHANGED to com.android.gallery3d.app.GalleryActivity
11-29 03:54:13.214 1491 10785 I ActivityTaskManager: The Process com.android.gallery3d Already Exists in BG. So sending its PID: 11111
11-29 03:54:13.222 1491 10785 W WindowManager: updateScale0.7996942
11-29 03:54:13.231 1491 1525 W WindowManager: updateScale0.7996942
11-29 03:54:13.242 3714 3731 W ContextImpl: Calling a method in the system process without a qualified user: android.app.ContextImpl.startService:1816 android.content.ContextWrapper.startService:774 com.thundercomm.gamemode.ingame.services.GameModeActionUtils.startGameModeService:93 com.thundercomm.gamemode.ingame.services.GameModeActionUtils.startGameModeEntry:21 com.thundercomm.gamemode.ingame.services.ActivityMonitoringService$1.onActivityLaunch:127
11-29 03:54:13.246 1491 1600 W WindowManager: updateScale0.7996942
11-29 03:54:13.248 1491 1491 I GameModeConfig: Current uri is uri = content://com.thundercomm.gamemode.api/gamemode_settings/gamemode_isgaming
11-29 03:54:13.248 1491 1600 W WindowManager: updateScale0.7996942
11-29 03:54:13.256 1491 1491 I GameModeConfig: isGameModeOn = false
11-29 03:54:13.256 1491 1491 I GameModeConfig: isGameModeOn = false
11-29 03:54:13.256 1491 1491 I GameModeConfig: isDisableVoice = true
11-29 03:54:13.270 1491 1525 D CompatibilityChangeReporter: Compat change id reported: 149924527; UID 10068; state: ENABLED
11-29 03:54:13.271 1491 1525 D CompatibilityChangeReporter: Compat change id reported: 132649864; UID 10068; state: DISABLED
11-29 03:54:13.271 1491 1525 D CompatibilityChangeReporter: Compat change id reported: 182734110; UID 10068; state: DISABLED
11-29 03:54:13.273 1491 9682 W WindowManager: Failed looking up window session=Session{37221a1 11111:u0a10068} callers=com.android.server.wm.WindowManagerService.windowForClientLocked:5628 com.android.server.wm.Session.insetsModified:629 android.view.IWindowSession$Stub.onTransact:1151
11-29 03:54:13.279 1491 9682 W WindowManager: updateScale0.7996942
11-29 03:54:13.317 1491 1600 W WindowManager: updateScale0.7996942
11-29 03:54:13.318 1491 1600 W WindowManager: updateScale0.7996942
11-29 03:54:13.335 3714 3731 W ContextImpl: Calling a method in the system process without a qualified user: android.app.ContextImpl.startService:1816 android.content.ContextWrapper.startService:774 com.thundercomm.gamemode.ingame.services.GameModeActionUtils.startGameModeService:93 com.thundercomm.gamemode.ingame.services.GameModeActionUtils.startGameModeEntry:21 com.thundercomm.gamemode.ingame.services.ActivityMonitoringService$1.onActivityLaunch:127
11-29 03:54:13.340 1491 1491 I GameModeConfig: Current uri is uri = content://com.thundercomm.gamemode.api/gamemode_settings/gamemode_isgaming
11-29 03:54:13.349 1491 1491 I GameModeConfig: isGameModeOn = false
11-29 03:54:13.350 1491 1491 I GameModeConfig: isGameModeOn = false
11-29 03:54:13.350 1491 1491 I GameModeConfig: isDisableVoice = true
11-29 03:54:13.362 1491 9682 W WindowManager: updateScale0.7996942
11-29 03:54:13.370 1491 1600 W WindowManager: updateScale0.7996942
11-29 03:54:13.687 1491 9682 W WindowManager: updateScale0.7996942
11-29 03:54:13.694 1491 9682 W WindowManager: updateScale0.7996942
11-29 03:54:13.796 1491 1600 W WindowManager: updateScale0.7996942
11-29 03:54:13.798 1491 1600 W WindowManager: updateScale0.7996942
11-29 03:54:13.800 1491 9682 W WindowManager: updateScale0.7996942
11-29 03:54:13.804 1491 9682 W WindowManager: updateScale0.7996942
11-29 03:54:13.822 3714 3731 W ContextImpl: Calling a method in the system process without a qualified user: android.app.ContextImpl.startService:1816 android.content.ContextWrapper.startService:774 com.thundercomm.gamemode.ingame.services.GameModeActionUtils.startGameModeService:93 com.thundercomm.gamemode.ingame.services.GameModeActionUtils.startGameModeEntry:21 com.thundercomm.gamemode.ingame.services.ActivityMonitoringService$1.onActivityLaunch:127
11-29 03:54:13.825 1491 1491 I GameModeConfig: Current uri is uri = content://com.thundercomm.gamemode.api/gamemode_settings/gamemode_isgaming
11-29 03:54:13.827 1491 1491 I GameModeConfig: isGameModeOn = false
11-29 03:54:13.828 1491 1491 I GameModeConfig: isGameModeOn = false
11-29 03:54:13.828 1491 1491 I GameModeConfig: isDisableVoice = true
11-29 03:54:13.848 1491 1600 W WindowManager: updateScale0.7996942
11-29 03:54:13.866 1491 1600 W WindowManager: updateScale0.7996942
11-29 03:54:15.036 1491 9682 W WindowManager: updateScale0.7996942
11-29 03:54:15.044 1491 9682 W WindowManager: updateScale0.7996942
11-29 03:54:15.075 1491 1760 I GameModeConfig: isGameModeOn = false
11-29 03:54:15.075 1491 1760 I GameModeConfig: isGameModeOn = false
11-29 03:54:15.075 1491 1760 I GameModeConfig: isGameModeOn = false
11-29 03:54:15.075 1491 1760 I GameModeConfig: isGameModeOn = false
11-29 03:54:15.085 3714 3731 W ContextImpl: Calling a method in the system process without a qualified user: android.app.ContextImpl.startService:1816 android.content.ContextWrapper.startService:774 com.thundercomm.gamemode.ingame.services.GameModeActionUtils.startGameModeService:93 com.thundercomm.gamemode.ingame.services.GameModeActionUtils.startGameModeEntry:21 com.thundercomm.gamemode.ingame.services.ActivityMonitoringService$1.onActivityLaunch:127
11-29 03:54:15.090 1491 1491 I GameModeConfig: Current uri is uri = content://com.thundercomm.gamemode.api/gamemode_settings/gamemode_isgaming
11-29 03:54:15.092 1491 1491 I GameModeConfig: isGameModeOn = false
11-29 03:54:15.092 1491 1491 I GameModeConfig: isGameModeOn = false
11-29 03:54:15.092 1491 1491 I GameModeConfig: isDisableVoice = true
11-29 03:54:15.103 1491 11109 D FreeFormWindowHelper: Remove freefrom task=Task{d81dcf7 #72 type=standard A=10089:android.task.video U=0 visible=false mode=freeform translucent=true sz=0}
11-29 03:54:15.109 3714 3731 W ContextImpl: Calling a method in the system process without a qualified user: android.app.ContextImpl.startService:1816 android.content.ContextWrapper.startService:774 com.thundercomm.gamemode.ingame.services.GameModeActionUtils.startGameModeService:93 com.thundercomm.gamemode.ingame.services.GameModeActionUtils.startGameModeEntry:21 com.thundercomm.gamemode.ingame.services.ActivityMonitoringService$1.onActivityLaunch:127
11-29 03:54:15.114 1491 1491 I GameModeConfig: Current uri is uri = content://com.thundercomm.gamemode.api/gamemode_settings/gamemode_isgaming
11-29 03:54:15.118 1491 1491 I GameModeConfig: isGameModeOn = false
11-29 03:54:15.118 1491 1491 I GameModeConfig: isGameModeOn = false
11-29 03:54:15.118 1491 1491 I GameModeConfig: isDisableVoice = true
11-29 03:54:15.135 1491 1525 W ActivityTaskManager: getTaskSnapshot: taskId=1073 not found
11-29 03:54:15.137 1491 1525 W ActivityTaskManager: getTaskSnapshot: taskId=2073 not found
11-29 03:54:15.139 1491 1525 W ActivityTaskManager: getTaskSnapshot: taskId=3073 not found
11-29 03:54:15.140 1491 1525 W ActivityTaskManager: getTaskSnapshot: taskId=4073 not found
11-29 03:54:15.142 1491 1525 W ActivityTaskManager: getTaskSnapshot: taskId=5073 not found
11-29 03:54:15.175 3714 3731 W ContextImpl: Calling a method in the system process without a qualified user: android.app.ContextImpl.startService:1816 android.content.ContextWrapper.startService:774 com.thundercomm.gamemode.ingame.services.GameModeActionUtils.startGameModeService:93 com.thundercomm.gamemode.ingame.services.GameModeActionUtils.startGameModeEntry:21 com.thundercomm.gamemode.ingame.services.ActivityMonitoringService$1.onActivityLaunch:127
11-29 03:54:15.180 1491 1491 I GameModeConfig: Current uri is uri = content://com.thundercomm.gamemode.api/gamemode_settings/gamemode_isgaming
11-29 03:54:15.183 1491 1491 I GameModeConfig: isGameModeOn = false
11-29 03:54:15.184 1491 1491 I GameModeConfig: isGameModeOn = false
11-29 03:54:15.184 1491 1491 I GameModeConfig: isDisableVoice = true
11-29 03:54:15.280 1491 1491 I GameModeConfig: isGameModeOn = false
11-29 03:54:15.285 1491 1491 W NotificationHistory: Attempted to add notif for locked/gone/disabled user 0
11-29 03:54:16.717 1491 2756 E TaskPersister: File error accessing recents directory (directory doesn't exist?).
11-29 03:54:16.861 1491 10785 W NotificationService: Toast already killed. pkg=com.android.gallery3d token=android.os.BinderProxy@d884c5e
