11-29 04:40:11.079 0 0 I auditd : type=1400 audit(0.0:6222): avc: denied { kill } for comm="swapper/2" capability=5 scontext=u:r:kernel:s0 tcontext=u:r:kernel:s0 tclass=capability permissive=0
11-29 04:40:12.079 0 0 I auditd : type=1400 audit(0.0:6223): avc: denied { kill } for comm="swapper/2" capability=5 scontext=u:r:kernel:s0 tcontext=u:r:kernel:s0 tclass=capability permissive=0
11-29 04:40:13.079 0 0 I auditd : type=1400 audit(0.0:6224): avc: denied { kill } for comm="swapper/2" capability=5 scontext=u:r:kernel:s0 tcontext=u:r:kernel:s0 tclass=capability permissive=0
11-29 04:40:14.079 0 0 I auditd : type=1400 audit(0.0:6225): avc: denied { kill } for comm="swapper/2" capability=5 scontext=u:r:kernel:s0 tcontext=u:r:kernel:s0 tclass=capability permissive=0
11-29 04:40:15.079 0 0 I auditd : type=1400 audit(0.0:6226): avc: denied { kill } for comm="swapper/2" capability=5 scontext=u:r:kernel:s0 tcontext=u:r:kernel:s0 tclass=capability permissive=0
11-29 04:40:16.079 0 0 I auditd : type=1400 audit(0.0:6227): avc: denied { kill } for comm="swapper/2" capability=5 scontext=u:r:kernel:s0 tcontext=u:r:kernel:s0 tclass=capability permissive=0
11-29 04:40:17.079 0 0 I auditd : type=1400 audit(0.0:6228): avc: denied { kill } for comm="swapper/2" capability=5 scontext=u:r:kernel:s0 tcontext=u:r:kernel:s0 tclass=capability permissive=0
11-29 04:40:19.079 0 0 I auditd : type=1400 audit(0.0:6229): avc: denied { kill } for comm="swapper/2" capability=5 scontext=u:r:kernel:s0 tcontext=u:r:kernel:s0 tclass=capability permissive=0
11-29 04:40:20.079 0 0 I auditd : type=1400 audit(0.0:6230): avc: denied { kill } for comm="swapper/2" capability=5 scontext=u:r:kernel:s0 tcontext=u:r:kernel:s0 tclass=capability permissive=0
11-29 04:40:21.079 0 0 I auditd : type=1400 audit(0.0:6231): avc: denied { kill } for comm="swapper/2" capability=5 scontext=u:r:kernel:s0 tcontext=u:r:kernel:s0 tclass=capability permissive=0
11-29 04:40:22.079 0 0 I auditd : type=1400 audit(0.0:6232): avc: denied { kill } for comm="swapper/2" capability=5 scontext=u:r:kernel:s0 tcontext=u:r:kernel:s0 tclass=capability permissive=0
11-29 04:40:23.079 0 0 I auditd : type=1400 audit(0.0:6233): avc: denied { kill } for comm="swapper/2" capability=5 scontext=u:r:kernel:s0 tcontext=u:r:kernel:s0 tclass=capability permissive=0
11-29 04:40:24.079 0 0 I auditd : type=1400 audit(0.0:6234): avc: denied { kill } for comm="swapper/2" capability=5 scontext=u:r:kernel:s0 tcontext=u:r:kernel:s0 tclass=capability permissive=0
11-29 04:40:25.079 0 0 I auditd : type=1400 audit(0.0:6235): avc: denied { kill } for comm="swapper/2" capability=5 scontext=u:r:kernel:s0 tcontext=u:r:kernel:s0 tclass=capability permissive=0
11-29 04:40:26.079 0 0 I auditd : type=1400 audit(0.0:6236): avc: denied { kill } for comm="swapper/2" capability=5 scontext=u:r:kernel:s0 tcontext=u:r:kernel:s0 tclass=capability permissive=0
11-29 04:40:27.079 0 0 I auditd : type=1400 audit(0.0:6237): avc: denied { kill } for comm="swapper/2" capability=5 scontext=u:r:kernel:s0 tcontext=u:r:kernel:s0 tclass=capability permissive=0
11-29 04:40:28.079 0 0 I auditd : type=1400 audit(0.0:6238): avc: denied { kill } for comm="swapper/2" capability=5 scontext=u:r:kernel:s0 tcontext=u:r:kernel:s0 tclass=capability permissive=0
11-29 04:40:29.079 0 0 I auditd : type=1400 audit(0.0:6239): avc: denied { kill } for comm="swapper/2" capability=5 scontext=u:r:kernel:s0 tcontext=u:r:kernel:s0 tclass=capability permissive=0
11-29 04:40:30.079 0 0 I auditd : type=1400 audit(0.0:6240): avc: denied { kill } for comm="swapper/2" capability=5 scontext=u:r:kernel:s0 tcontext=u:r:kernel:s0 tclass=capability permissive=0
11-29 04:40:31.079 0 0 I auditd : type=1400 audit(0.0:6241): avc: denied { kill } for comm="swapper/2" capability=5 scontext=u:r:kernel:s0 tcontext=u:r:kernel:s0 tclass=capability permissive=0
11-29 04:40:32.079 0 0 I auditd : type=1400 audit(0.0:6242): avc: denied { kill } for comm="swapper/2" capability=5 scontext=u:r:kernel:s0 tcontext=u:r:kernel:s0 tclass=capability permissive=0
11-29 04:40:33.079 0 0 I auditd : type=1400 audit(0.0:6243): avc: denied { kill } for comm="swapper/2" capability=5 scontext=u:r:kernel:s0 tcontext=u:r:kernel:s0 tclass=capability permissive=0
11-29 04:40:34.079 0 0 I auditd : type=1400 audit(0.0:6244): avc: denied { kill } for comm="swapper/2" capability=5 scontext=u:r:kernel:s0 tcontext=u:r:kernel:s0 tclass=capability permissive=0
11-29 04:40:35.079 0 0 I auditd : type=1400 audit(0.0:6245): avc: denied { kill } for comm="swapper/2" capability=5 scontext=u:r:kernel:s0 tcontext=u:r:kernel:s0 tclass=capability permissive=0
11-29 04:40:36.079 0 0 I auditd : type=1400 audit(0.0:6246): avc: denied { kill } for comm="swapper/2" capability=5 scontext=u:r:kernel:s0 tcontext=u:r:kernel:s0 tclass=capability permissive=0
11-29 04:40:37.079 0 0 I auditd : type=1400 audit(0.0:6247): avc: denied { kill } for comm="swapper/2" capability=5 scontext=u:r:kernel:s0 tcontext=u:r:kernel:s0 tclass=capability permissive=0
11-29 04:40:38.079 0 0 I auditd : type=1400 audit(0.0:6248): avc: denied { kill } for comm="swapper/2" capability=5 scontext=u:r:kernel:s0 tcontext=u:r:kernel:s0 tclass=capability permissive=0
11-29 04:40:39.079 0 0 I auditd : type=1400 audit(0.0:6249): avc: denied { kill } for comm="swapper/2" capability=5 scontext=u:r:kernel:s0 tcontext=u:r:kernel:s0 tclass=capability permissive=0
11-29 04:40:40.079 0 0 I auditd : type=1400 audit(0.0:6250): avc: denied { kill } for comm="swapper/2" capability=5 scontext=u:r:kernel:s0 tcontext=u:r:kernel:s0 tclass=capability permissive=0
11-29 04:40:41.079 0 0 I auditd : type=1400 audit(0.0:6251): avc: denied { kill } for comm="swapper/2" capability=5 scontext=u:r:kernel:s0 tcontext=u:r:kernel:s0 tclass=capability permissive=0
11-29 04:40:42.079 0 0 I auditd : type=1400 audit(0.0:6252): avc: denied { kill } for comm="swapper/2" capability=5 scontext=u:r:kernel:s0 tcontext=u:r:kernel:s0 tclass=capability permissive=0
11-29 04:40:43.079 0 0 I auditd : type=1400 audit(0.0:6253): avc: denied { kill } for comm="swapper/2" capability=5 scontext=u:r:kernel:s0 tcontext=u:r:kernel:s0 tclass=capability permissive=0
11-29 04:40:44.079 0 0 I auditd : type=1400 audit(0.0:6254): avc: denied { kill } for comm="swapper/2" capability=5 scontext=u:r:kernel:s0 tcontext=u:r:kernel:s0 tclass=capability permissive=0
11-29 04:40:45.079 0 0 I auditd : type=1400 audit(0.0:6255): avc: denied { kill } for comm="swapper/2" capability=5 scontext=u:r:kernel:s0 tcontext=u:r:kernel:s0 tclass=capability permissive=0
11-29 04:40:46.079 0 0 I auditd : type=1400 audit(0.0:6256): avc: denied { kill } for comm="swapper/2" capability=5 scontext=u:r:kernel:s0 tcontext=u:r:kernel:s0 tclass=capability permissive=0
11-29 04:40:47.079 0 0 I auditd : type=1400 audit(0.0:6257): avc: denied { kill } for comm="swapper/2" capability=5 scontext=u:r:kernel:s0 tcontext=u:r:kernel:s0 tclass=capability permissive=0
11-29 04:40:48.079 0 0 I auditd : type=1400 audit(0.0:6258): avc: denied { kill } for comm="swapper/2" capability=5 scontext=u:r:kernel:s0 tcontext=u:r:kernel:s0 tclass=capability permissive=0
11-29 04:40:49.079 0 0 I auditd : type=1400 audit(0.0:6259): avc: denied { kill } for comm="swapper/2" capability=5 scontext=u:r:kernel:s0 tcontext=u:r:kernel:s0 tclass=capability permissive=0
11-29 04:40:50.079 0 0 I auditd : type=1400 audit(0.0:6260): avc: denied { kill } for comm="swapper/2" capability=5 scontext=u:r:kernel:s0 tcontext=u:r:kernel:s0 tclass=capability permissive=0
11-29 04:40:51.079 0 0 I auditd : type=1400 audit(0.0:6261): avc: denied { kill } for comm="swapper/2" capability=5 scontext=u:r:kernel:s0 tcontext=u:r:kernel:s0 tclass=capability permissive=0
11-29 04:40:52.079 0 0 I auditd : type=1400 audit(0.0:6262): avc: denied { kill } for comm="swapper/2" capability=5 scontext=u:r:kernel:s0 tcontext=u:r:kernel:s0 tclass=capability permissive=0
11-29 04:40:53.079 0 0 I auditd : type=1400 audit(0.0:6263): avc: denied { kill } for comm="swapper/2" capability=5 scontext=u:r:kernel:s0 tcontext=u:r:kernel:s0 tclass=capability permissive=0
11-29 04:40:54.079 0 0 I auditd : type=1400 audit(0.0:6264): avc: denied { kill } for comm="swapper/2" capability=5 scontext=u:r:kernel:s0 tcontext=u:r:kernel:s0 tclass=capability permissive=0
11-29 04:40:55.079 0 0 I auditd : type=1400 audit(0.0:6265): avc: denied { kill } for comm="swapper/2" capability=5 scontext=u:r:kernel:s0 tcontext=u:r:kernel:s0 tclass=capability permissive=0
11-29 04:40:56.079 0 0 I auditd : type=1400 audit(0.0:6266): avc: denied { kill } for comm="swapper/2" capability=5 scontext=u:r:kernel:s0 tcontext=u:r:kernel:s0 tclass=capability permissive=0
11-29 04:40:57.079 0 0 I auditd : type=1400 audit(0.0:6267): avc: denied { kill } for comm="swapper/2" capability=5 scontext=u:r:kernel:s0 tcontext=u:r:kernel:s0 tclass=capability permissive=0
11-29 04:40:59.079 0 0 I auditd : type=1400 audit(0.0:6268): avc: denied { kill } for comm="swapper/2" capability=5 scontext=u:r:kernel:s0 tcontext=u:r:kernel:s0 tclass=capability permissive=0
11-29 04:41:00.079 0 0 I auditd : type=1400 audit(0.0:6269): avc: denied { kill } for comm="swapper/2" capability=5 scontext=u:r:kernel:s0 tcontext=u:r:kernel:s0 tclass=capability permissive=0
11-29 04:41:02.079 0 0 I auditd : type=1400 audit(0.0:6270): avc: denied { kill } for comm="swapper/2" capability=5 scontext=u:r:kernel:s0 tcontext=u:r:kernel:s0 tclass=capability permissive=0
11-29 04:41:03.079 0 0 I auditd : type=1400 audit(0.0:6271): avc: denied { kill } for comm="swapper/2" capability=5 scontext=u:r:kernel:s0 tcontext=u:r:kernel:s0 tclass=capability permissive=0
11-29 04:41:04.079 0 0 I auditd : type=1400 audit(0.0:6272): avc: denied { kill } for comm="swapper/2" capability=5 scontext=u:r:kernel:s0 tcontext=u:r:kernel:s0 tclass=capability permissive=0
11-29 04:41:05.079 0 0 I auditd : type=1400 audit(0.0:6273): avc: denied { kill } for comm="swapper/2" capability=5 scontext=u:r:kernel:s0 tcontext=u:r:kernel:s0 tclass=capability permissive=0
11-29 04:41:07.079 0 0 I auditd : type=1400 audit(0.0:6274): avc: denied { kill } for comm="swapper/2" capability=5 scontext=u:r:kernel:s0 tcontext=u:r:kernel:s0 tclass=capability permissive=0
11-29 04:41:08.079 0 0 I auditd : type=1400 audit(0.0:6275): avc: denied { kill } for comm="swapper/2" capability=5 scontext=u:r:kernel:s0 tcontext=u:r:kernel:s0 tclass=capability permissive=0
11-29 04:41:09.079 0 0 I auditd : type=1400 audit(0.0:6276): avc: denied { kill } for comm="swapper/2" capability=5 scontext=u:r:kernel:s0 tcontext=u:r:kernel:s0 tclass=capability permissive=0
11-29 04:41:09.367 1491 1723 I netstats_mobile_sample: [0,0,0,0,0,0,0,0,0,0,0,0,1669668069367]
11-29 04:41:09.368 1491 1723 I netstats_wifi_sample: [123932680,287201,55559871,130300,123932680,287201,55559871,130300,150350668,503560,28190288,67482,1669668069367]
11-29 04:41:10.079 0 0 I auditd : type=1400 audit(0.0:6277): avc: denied { kill } for comm="swapper/2" capability=5 scontext=u:r:kernel:s0 tcontext=u:r:kernel:s0 tclass=capability permissive=0
11-29 04:41:11.079 0 0 I auditd : type=1400 audit(0.0:6278): avc: denied { kill } for comm="swapper/2" capability=5 scontext=u:r:kernel:s0 tcontext=u:r:kernel:s0 tclass=capability permissive=0
11-29 04:41:12.079 0 0 I auditd : type=1400 audit(0.0:6279): avc: denied { kill } for comm="swapper/2" capability=5 scontext=u:r:kernel:s0 tcontext=u:r:kernel:s0 tclass=capability permissive=0
11-29 04:41:13.079 0 0 I auditd : type=1400 audit(0.0:6280): avc: denied { kill } for comm="swapper/2" capability=5 scontext=u:r:kernel:s0 tcontext=u:r:kernel:s0 tclass=capability permissive=0
11-29 04:41:14.079 0 0 I auditd : type=1400 audit(0.0:6281): avc: denied { kill } for comm="swapper/2" capability=5 scontext=u:r:kernel:s0 tcontext=u:r:kernel:s0 tclass=capability permissive=0
11-29 04:41:15.079 0 0 I auditd : type=1400 audit(0.0:6282): avc: denied { kill } for comm="swapper/2" capability=5 scontext=u:r:kernel:s0 tcontext=u:r:kernel:s0 tclass=capability permissive=0
11-29 04:41:16.079 0 0 I auditd : type=1400 audit(0.0:6283): avc: denied { kill } for comm="swapper/2" capability=5 scontext=u:r:kernel:s0 tcontext=u:r:kernel:s0 tclass=capability permissive=0
11-29 04:41:17.079 0 0 I auditd : type=1400 audit(0.0:6284): avc: denied { kill } for comm="swapper/2" capability=5 scontext=u:r:kernel:s0 tcontext=u:r:kernel:s0 tclass=capability permissive=0
11-29 04:41:18.079 0 0 I auditd : type=1400 audit(0.0:6285): avc: denied { kill } for comm="swapper/2" capability=5 scontext=u:r:kernel:s0 tcontext=u:r:kernel:s0 tclass=capability permissive=0
11-29 04:41:19.079 0 0 I auditd : type=1400 audit(0.0:6286): avc: denied { kill } for comm="swapper/2" capability=5 scontext=u:r:kernel:s0 tcontext=u:r:kernel:s0 tclass=capability permissive=0
11-29 04:41:20.079 0 0 I auditd : type=1400 audit(0.0:6287): avc: denied { kill } for comm="swapper/2" capability=5 scontext=u:r:kernel:s0 tcontext=u:r:kernel:s0 tclass=capability permissive=0
11-29 04:41:21.079 0 0 I auditd : type=1400 audit(0.0:6288): avc: denied { kill } for comm="swapper/2" capability=5 scontext=u:r:kernel:s0 tcontext=u:r:kernel:s0 tclass=capability permissive=0
11-29 04:41:23.079 0 0 I auditd : type=1400 audit(0.0:6289): avc: denied { kill } for comm="swapper/2" capability=5 scontext=u:r:kernel:s0 tcontext=u:r:kernel:s0 tclass=capability permissive=0
11-29 04:41:24.079 0 0 I auditd : type=1400 audit(0.0:6290): avc: denied { kill } for comm="swapper/2" capability=5 scontext=u:r:kernel:s0 tcontext=u:r:kernel:s0 tclass=capability permissive=0
11-29 04:41:25.079 0 0 I auditd : type=1400 audit(0.0:6291): avc: denied { kill } for comm="swapper/2" capability=5 scontext=u:r:kernel:s0 tcontext=u:r:kernel:s0 tclass=capability permissive=0
11-29 04:41:26.079 0 0 I auditd : type=1400 audit(0.0:6292): avc: denied { kill } for comm="swapper/2" capability=5 scontext=u:r:kernel:s0 tcontext=u:r:kernel:s0 tclass=capability permissive=0
11-29 04:41:27.079 0 0 I auditd : type=1400 audit(0.0:6293): avc: denied { kill } for comm="swapper/2" capability=5 scontext=u:r:kernel:s0 tcontext=u:r:kernel:s0 tclass=capability permissive=0
11-29 04:41:28.079 0 0 I auditd : type=1400 audit(0.0:6294): avc: denied { kill } for comm="swapper/2" capability=5 scontext=u:r:kernel:s0 tcontext=u:r:kernel:s0 tclass=capability permissive=0
11-29 04:41:29.079 0 0 I auditd : type=1400 audit(0.0:6295): avc: denied { kill } for comm="swapper/2" capability=5 scontext=u:r:kernel:s0 tcontext=u:r:kernel:s0 tclass=capability permissive=0
11-29 04:41:30.079 0 0 I auditd : type=1400 audit(0.0:6296): avc: denied { kill } for comm="swapper/2" capability=5 scontext=u:r:kernel:s0 tcontext=u:r:kernel:s0 tclass=capability permissive=0
11-29 04:41:31.079 0 0 I auditd : type=1400 audit(0.0:6297): avc: denied { kill } for comm="swapper/2" capability=5 scontext=u:r:kernel:s0 tcontext=u:r:kernel:s0 tclass=capability permissive=0
11-29 04:41:32.079 0 0 I auditd : type=1400 audit(0.0:6298): avc: denied { kill } for comm="swapper/2" capability=5 scontext=u:r:kernel:s0 tcontext=u:r:kernel:s0 tclass=capability permissive=0
11-29 04:41:33.079 0 0 I auditd : type=1400 audit(0.0:6299): avc: denied { kill } for comm="swapper/2" capability=5 scontext=u:r:kernel:s0 tcontext=u:r:kernel:s0 tclass=capability permissive=0
11-29 04:41:34.079 0 0 I auditd : type=1400 audit(0.0:6300): avc: denied { kill } for comm="swapper/2" capability=5 scontext=u:r:kernel:s0 tcontext=u:r:kernel:s0 tclass=capability permissive=0
11-29 04:41:35.079 0 0 I auditd : type=1400 audit(0.0:6301): avc: denied { kill } for comm="swapper/2" capability=5 scontext=u:r:kernel:s0 tcontext=u:r:kernel:s0 tclass=capability permissive=0
11-29 04:41:36.079 0 0 I auditd : type=1400 audit(0.0:6302): avc: denied { kill } for comm="swapper/2" capability=5 scontext=u:r:kernel:s0 tcontext=u:r:kernel:s0 tclass=capability permissive=0
11-29 04:41:37.079 0 0 I auditd : type=1400 audit(0.0:6303): avc: denied { kill } for comm="swapper/2" capability=5 scontext=u:r:kernel:s0 tcontext=u:r:kernel:s0 tclass=capability permissive=0
11-29 04:41:38.079 0 0 I auditd : type=1400 audit(0.0:6304): avc: denied { kill } for comm="swapper/2" capability=5 scontext=u:r:kernel:s0 tcontext=u:r:kernel:s0 tclass=capability permissive=0
11-29 04:41:39.079 0 0 I auditd : type=1400 audit(0.0:6305): avc: denied { kill } for comm="swapper/2" capability=5 scontext=u:r:kernel:s0 tcontext=u:r:kernel:s0 tclass=capability permissive=0
11-29 04:41:40.079 0 0 I auditd : type=1400 audit(0.0:6306): avc: denied { kill } for comm="swapper/2" capability=5 scontext=u:r:kernel:s0 tcontext=u:r:kernel:s0 tclass=capability permissive=0
11-29 04:41:41.079 0 0 I auditd : type=1400 audit(0.0:6307): avc: denied { kill } for comm="swapper/2" capability=5 scontext=u:r:kernel:s0 tcontext=u:r:kernel:s0 tclass=capability permissive=0
11-29 04:41:42.079 0 0 I auditd : type=1400 audit(0.0:6308): avc: denied { kill } for comm="swapper/2" capability=5 scontext=u:r:kernel:s0 tcontext=u:r:kernel:s0 tclass=capability permissive=0
11-29 04:41:43.079 0 0 I auditd : type=1400 audit(0.0:6309): avc: denied { kill } for comm="swapper/2" capability=5 scontext=u:r:kernel:s0 tcontext=u:r:kernel:s0 tclass=capability permissive=0
11-29 04:41:44.079 0 0 I auditd : type=1400 audit(0.0:6310): avc: denied { kill } for comm="swapper/2" capability=5 scontext=u:r:kernel:s0 tcontext=u:r:kernel:s0 tclass=capability permissive=0
11-29 04:41:46.079 0 0 I auditd : type=1400 audit(0.0:6311): avc: denied { kill } for comm="swapper/2" capability=5 scontext=u:r:kernel:s0 tcontext=u:r:kernel:s0 tclass=capability permissive=0
11-29 04:41:47.079 0 0 I auditd : type=1400 audit(0.0:6312): avc: denied { kill } for comm="swapper/2" capability=5 scontext=u:r:kernel:s0 tcontext=u:r:kernel:s0 tclass=capability permissive=0
11-29 04:41:48.079 0 0 I auditd : type=1400 audit(0.0:6313): avc: denied { kill } for comm="swapper/2" capability=5 scontext=u:r:kernel:s0 tcontext=u:r:kernel:s0 tclass=capability permissive=0
11-29 04:41:49.079 0 0 I auditd : type=1400 audit(0.0:6314): avc: denied { kill } for comm="swapper/2" capability=5 scontext=u:r:kernel:s0 tcontext=u:r:kernel:s0 tclass=capability permissive=0
11-29 04:41:49.115 1491 1674 D ActivityManager: freezing 11387 com.qti.diagservices
11-29 04:41:49.115 1491 1674 E ActivityManager: Unable to freeze binder for 11387 com.qti.diagservices
11-29 04:41:49.116 1491 1674 D ActivityManager: froze 11387 com.qti.diagservices
11-29 04:41:49.116 1491 1674 I am_freeze: [11387,com.qti.diagservices]
11-29 04:41:49.117 1491 1674 E ActivityManager: Unable to freeze binder for 11387 com.qti.diagservices
11-29 04:41:49.118 1491 1674 D ActivityManager: freezing 14597 com.android.calendar
11-29 04:41:49.118 1491 1674 E ActivityManager: Unable to freeze binder for 14597 com.android.calendar
11-29 04:41:49.118 1491 1674 D ActivityManager: froze 14597 com.android.calendar
11-29 04:41:49.118 1491 1674 I am_freeze: [14597,com.android.calendar]
11-29 04:41:49.119 1491 1674 E ActivityManager: Unable to freeze binder for 14597 com.android.calendar
11-29 04:41:49.119 1491 1674 D ActivityManager: freezing 14596 com.hryt.hiphishowfsecontrol
11-29 04:41:49.120 1491 1674 E ActivityManager: Unable to freeze binder for 14596 com.hryt.hiphishowfsecontrol
11-29 04:41:49.120 1491 1674 D ActivityManager: froze 14596 com.hryt.hiphishowfsecontrol
11-29 04:41:49.120 1491 1674 I am_freeze: [14596,com.hryt.hiphishowfsecontrol]
11-29 04:41:49.120 1491 1674 E ActivityManager: Unable to freeze binder for 14596 com.hryt.hiphishowfsecontrol
11-29 04:41:49.121 1491 1674 I ActivityManager: Killing 11387:com.qti.diagservices/1000 (adj 935): Unable to freeze binder interface
11-29 04:41:49.121 1491 1674 I am_kill : [0,11387,com.qti.diagservices,935,Unable to freeze binder interface]
11-29 04:41:49.124 1491 1674 I ActivityManager: Killing 14597:com.android.calendar/u0a64 (adj 915): Unable to freeze binder interface
11-29 04:41:49.124 1491 1674 I am_kill : [0,14597,com.android.calendar,915,Unable to freeze binder interface]
11-29 04:41:49.126 1491 1674 I ActivityManager: Killing 14596:com.hryt.hiphishowfsecontrol/u0a20 (adj 905): Unable to freeze binder interface
11-29 04:41:49.126 1491 1674 I am_kill : [0,14596,com.hryt.hiphishowfsecontrol,905,Unable to freeze binder interface]
11-29 04:41:49.159 1491 1772 I am_proc_died: [0,14596,com.hryt.hiphishowfsecontrol,905,19]
11-29 04:41:49.160 1491 1772 I am_uid_stopped: 10020
11-29 04:41:49.163 1491 9682 I am_proc_died: [0,11387,com.qti.diagservices,935,10]
11-29 04:41:49.164 1491 9682 W ActivityManager: Scheduling restart of crashed service com.qti.diagservices/.QTIDiagServices in 1000ms for start-requested
11-29 04:41:49.164 1491 9682 I am_schedule_service_restart: [0,com.qti.diagservices/.QTIDiagServices,1000]
11-29 04:41:49.166 1491 1772 I am_proc_died: [0,14597,com.android.calendar,915,19]
11-29 04:41:49.166 1491 1772 I am_uid_stopped: 10064
11-29 04:41:49.169 1491 1607 I am_pss : [14670,10022,android.process.media,10107904,7491584,0,100323328,0,19,6]
11-29 04:41:49.170 1491 1599 I am_uid_running: 10020
11-29 04:41:49.171 1491 1599 D CompatibilityChangeReporter: Compat change id reported: 135634846; UID 10020; state: DISABLED
11-29 04:41:49.171 1491 1599 D CompatibilityChangeReporter: Compat change id reported: 177438394; UID 10020; state: DISABLED
11-29 04:41:49.171 1491 1599 D CompatibilityChangeReporter: Compat change id reported: 135772972; UID 10020; state: DISABLED
11-29 04:41:49.171 1491 1599 D CompatibilityChangeReporter: Compat change id reported: 135754954; UID 10020; state: ENABLED
11-29 04:41:49.172 1491 1609 D CompatibilityChangeReporter: Compat change id reported: 143937733; UID 10020; state: ENABLED
11-29 04:41:49.172 1491 1599 I am_uid_running: 10064
11-29 04:41:49.172 1491 1599 D CompatibilityChangeReporter: Compat change id reported: 135634846; UID 10064; state: DISABLED
11-29 04:41:49.172 1491 1599 D CompatibilityChangeReporter: Compat change id reported: 177438394; UID 10064; state: DISABLED
11-29 04:41:49.172 1491 1599 D CompatibilityChangeReporter: Compat change id reported: 135772972; UID 10064; state: DISABLED
11-29 04:41:49.172 1491 1599 D CompatibilityChangeReporter: Compat change id reported: 135754954; UID 10064; state: DISABLED
11-29 04:41:49.175 1491 1607 I am_pss : [14639,10068,com.android.gallery3d,7780352,5140480,0,93306880,0,19,5]
11-29 04:41:49.180 1491 1607 I am_pss : [3512,10019,com.android.packageinstaller,7622656,5513216,0,90796032,0,19,4]
11-29 04:41:49.187 1491 1609 I am_proc_start: [0,15102,10020,com.hryt.hiphishowfsecontrol,NULL,]
11-29 04:41:49.187 1491 1609 I ActivityManager: Start proc 15102:com.hryt.hiphishowfsecontrol/u0a20 for null
11-29 04:41:49.187 1491 1609 D CompatibilityChangeReporter: Compat change id reported: 143937733; UID 10064; state: DISABLED
11-29 04:41:49.199 1491 1609 I am_proc_start: [0,15103,10064,com.android.calendar,NULL,]
11-29 04:41:49.200 1491 1609 I ActivityManager: Start proc 15103:com.android.calendar/u0a64 for null
11-29 04:41:49.230 1491 9682 I am_proc_bound: [0,15103,com.android.calendar]
11-29 04:41:49.239 1491 9682 I am_proc_bound: [0,15102,com.hryt.hiphishowfsecontrol]
11-29 04:41:50.079 0 0 I auditd : type=1400 audit(0.0:6315): avc: denied { kill } for comm="swapper/2" capability=5 scontext=u:r:kernel:s0 tcontext=u:r:kernel:s0 tclass=capability permissive=0
11-29 04:41:50.168 1491 1608 D CompatibilityChangeReporter: Compat change id reported: 135634846; UID 1000; state: DISABLED
11-29 04:41:50.169 1491 1608 D CompatibilityChangeReporter: Compat change id reported: 177438394; UID 1000; state: DISABLED
11-29 04:41:50.169 1491 1608 D CompatibilityChangeReporter: Compat change id reported: 135772972; UID 1000; state: DISABLED
11-29 04:41:50.169 1491 1608 D CompatibilityChangeReporter: Compat change id reported: 135754954; UID 1000; state: ENABLED
11-29 04:41:50.189 1491 1609 I am_proc_start: [0,15136,1000,com.qti.diagservices,service,{com.qti.diagservices/com.qti.diagservices.QTIDiagServices}]
11-29 04:41:50.189 1491 1609 I ActivityManager: Start proc 15136:com.qti.diagservices/1000 for service {com.qti.diagservices/com.qti.diagservices.QTIDiagServices}
11-29 04:41:50.228 1491 9682 I am_proc_bound: [0,15136,com.qti.diagservices]
11-29 04:41:50.259 15136 15136 I auditd : type=1400 audit(0.0:6316): avc: denied { read write } for comm="ti.diagservices" name="diag" dev="tmpfs" ino=12012 scontext=u:r:system_app:s0 tcontext=u:object_r:vendor_diag_device:s0 tclass=chr_file permissive=0
11-29 04:41:51.079 0 0 I auditd : type=1400 audit(0.0:6317): avc: denied { kill } for comm="swapper/2" capability=5 scontext=u:r:kernel:s0 tcontext=u:r:kernel:s0 tclass=capability permissive=0
11-29 04:41:52.079 0 0 I auditd : type=1400 audit(0.0:6318): avc: denied { kill } for comm="swapper/2" capability=5 scontext=u:r:kernel:s0 tcontext=u:r:kernel:s0 tclass=capability permissive=0
11-29 04:41:54.079 0 0 I auditd : type=1400 audit(0.0:6319): avc: denied { kill } for comm="swapper/2" capability=5 scontext=u:r:kernel:s0 tcontext=u:r:kernel:s0 tclass=capability permissive=0
11-29 04:41:55.079 0 0 I auditd : type=1400 audit(0.0:6320): avc: denied { kill } for comm="swapper/2" capability=5 scontext=u:r:kernel:s0 tcontext=u:r:kernel:s0 tclass=capability permissive=0
11-29 04:41:56.079 0 0 I auditd : type=1400 audit(0.0:6321): avc: denied { kill } for comm="swapper/2" capability=5 scontext=u:r:kernel:s0 tcontext=u:r:kernel:s0 tclass=capability permissive=0
11-29 04:41:57.079 0 0 I auditd : type=1400 audit(0.0:6322): avc: denied { kill } for comm="swapper/2" capability=5 scontext=u:r:kernel:s0 tcontext=u:r:kernel:s0 tclass=capability permissive=0
11-29 04:41:59.079 0 0 I auditd : type=1400 audit(0.0:6323): avc: denied { kill } for comm="swapper/2" capability=5 scontext=u:r:kernel:s0 tcontext=u:r:kernel:s0 tclass=capability permissive=0
11-29 04:42:01.079 0 0 I auditd : type=1400 audit(0.0:6324): avc: denied { kill } for comm="swapper/2" capability=5 scontext=u:r:kernel:s0 tcontext=u:r:kernel:s0 tclass=capability permissive=0
11-29 04:42:03.079 0 0 I auditd : type=1400 audit(0.0:6325): avc: denied { kill } for comm="swapper/2" capability=5 scontext=u:r:kernel:s0 tcontext=u:r:kernel:s0 tclass=capability permissive=0
11-29 04:42:04.079 0 0 I auditd : type=1400 audit(0.0:6326): avc: denied { kill } for comm="swapper/2" capability=5 scontext=u:r:kernel:s0 tcontext=u:r:kernel:s0 tclass=capability permissive=0
11-29 04:42:05.079 0 0 I auditd : type=1400 audit(0.0:6327): avc: denied { kill } for comm="swapper/2" capability=5 scontext=u:r:kernel:s0 tcontext=u:r:kernel:s0 tclass=capability permissive=0
11-29 04:42:06.079 0 0 I auditd : type=1400 audit(0.0:6328): avc: denied { kill } for comm="swapper/2" capability=5 scontext=u:r:kernel:s0 tcontext=u:r:kernel:s0 tclass=capability permissive=0
11-29 04:42:07.079 0 0 I auditd : type=1400 audit(0.0:6329): avc: denied { kill } for comm="swapper/2" capability=5 scontext=u:r:kernel:s0 tcontext=u:r:kernel:s0 tclass=capability permissive=0
11-29 04:42:08.079 0 0 I auditd : type=1400 audit(0.0:6330): avc: denied { kill } for comm="swapper/2" capability=5 scontext=u:r:kernel:s0 tcontext=u:r:kernel:s0 tclass=capability permissive=0
11-29 04:42:09.079 0 0 I auditd : type=1400 audit(0.0:6331): avc: denied { kill } for comm="swapper/2" capability=5 scontext=u:r:kernel:s0 tcontext=u:r:kernel:s0 tclass=capability permissive=0
11-29 04:42:10.079 0 0 I auditd : type=1400 audit(0.0:6332): avc: denied { kill } for comm="swapper/2" capability=5 scontext=u:r:kernel:s0 tcontext=u:r:kernel:s0 tclass=capability permissive=0
11-29 04:42:11.079 0 0 I auditd : type=1400 audit(0.0:6333): avc: denied { kill } for comm="swapper/2" capability=5 scontext=u:r:kernel:s0 tcontext=u:r:kernel:s0 tclass=capability permissive=0
11-29 04:42:13.079 0 0 I auditd : type=1400 audit(0.0:6334): avc: denied { kill } for comm="swapper/2" capability=5 scontext=u:r:kernel:s0 tcontext=u:r:kernel:s0 tclass=capability permissive=0
11-29 04:42:13.705 1491 1723 I netstats_mobile_sample: [0,0,0,0,0,0,0,0,0,0,0,0,1669668133705]
11-29 04:42:13.706 1491 1723 I netstats_wifi_sample: [125655340,291167,56274271,131924,125655340,291167,56274271,131924,152426966,510162,28548464,68306,1669668133705]
11-29 04:42:14.079 0 0 I auditd : type=1400 audit(0.0:6335): avc: denied { kill } for comm="swapper/2" capability=5 scontext=u:r:kernel:s0 tcontext=u:r:kernel:s0 tclass=capability permissive=0
11-29 04:42:15.079 0 0 I auditd : type=1400 audit(0.0:6336): avc: denied { kill } for comm="swapper/2" capability=5 scontext=u:r:kernel:s0 tcontext=u:r:kernel:s0 tclass=capability permissive=0
11-29 04:42:16.079 0 0 I auditd : type=1400 audit(0.0:6337): avc: denied { kill } for comm="swapper/2" capability=5 scontext=u:r:kernel:s0 tcontext=u:r:kernel:s0 tclass=capability permissive=0
11-29 04:42:17.079 0 0 I auditd : type=1400 audit(0.0:6338): avc: denied { kill } for comm="swapper/2" capability=5 scontext=u:r:kernel:s0 tcontext=u:r:kernel:s0 tclass=capability permissive=0
11-29 04:42:18.079 0 0 I auditd : type=1400 audit(0.0:6339): avc: denied { kill } for comm="swapper/2" capability=5 scontext=u:r:kernel:s0 tcontext=u:r:kernel:s0 tclass=capability permissive=0
11-29 04:42:19.079 0 0 I auditd : type=1400 audit(0.0:6340): avc: denied { kill } for comm="swapper/2" capability=5 scontext=u:r:kernel:s0 tcontext=u:r:kernel:s0 tclass=capability permissive=0
11-29 04:42:20.079 0 0 I auditd : type=1400 audit(0.0:6341): avc: denied { kill } for comm="swapper/2" capability=5 scontext=u:r:kernel:s0 tcontext=u:r:kernel:s0 tclass=capability permissive=0
11-29 04:42:21.079 0 0 I auditd : type=1400 audit(0.0:6342): avc: denied { kill } for comm="swapper/2" capability=5 scontext=u:r:kernel:s0 tcontext=u:r:kernel:s0 tclass=capability permissive=0
11-29 04:42:22.079 0 0 I auditd : type=1400 audit(0.0:6343): avc: denied { kill } for comm="swapper/2" capability=5 scontext=u:r:kernel:s0 tcontext=u:r:kernel:s0 tclass=capability permissive=0
11-29 04:42:23.079 0 0 I auditd : type=1400 audit(0.0:6344): avc: denied { kill } for comm="swapper/2" capability=5 scontext=u:r:kernel:s0 tcontext=u:r:kernel:s0 tclass=capability permissive=0
11-29 04:42:24.079 0 0 I auditd : type=1400 audit(0.0:6345): avc: denied { kill } for comm="swapper/2" capability=5 scontext=u:r:kernel:s0 tcontext=u:r:kernel:s0 tclass=capability permissive=0
11-29 04:42:25.079 0 0 I auditd : type=1400 audit(0.0:6346): avc: denied { kill } for comm="swapper/2" capability=5 scontext=u:r:kernel:s0 tcontext=u:r:kernel:s0 tclass=capability permissive=0
11-29 04:42:26.079 0 0 I auditd : type=1400 audit(0.0:6347): avc: denied { kill } for comm="swapper/2" capability=5 scontext=u:r:kernel:s0 tcontext=u:r:kernel:s0 tclass=capability permissive=0
11-29 04:42:27.079 0 0 I auditd : type=1400 audit(0.0:6348): avc: denied { kill } for comm="swapper/2" capability=5 scontext=u:r:kernel:s0 tcontext=u:r:kernel:s0 tclass=capability permissive=0
11-29 04:42:28.079 0 0 I auditd : type=1400 audit(0.0:6349): avc: denied { kill } for comm="swapper/2" capability=5 scontext=u:r:kernel:s0 tcontext=u:r:kernel:s0 tclass=capability permissive=0
11-29 04:42:29.079 0 0 I auditd : type=1400 audit(0.0:6350): avc: denied { kill } for comm="swapper/2" capability=5 scontext=u:r:kernel:s0 tcontext=u:r:kernel:s0 tclass=capability permissive=0
11-29 04:42:30.079 0 0 I auditd : type=1400 audit(0.0:6351): avc: denied { kill } for comm="swapper/2" capability=5 scontext=u:r:kernel:s0 tcontext=u:r:kernel:s0 tclass=capability permissive=0
11-29 04:42:31.079 0 0 I auditd : type=1400 audit(0.0:6352): avc: denied { kill } for comm="swapper/2" capability=5 scontext=u:r:kernel:s0 tcontext=u:r:kernel:s0 tclass=capability permissive=0
11-29 04:42:32.079 0 0 I auditd : type=1400 audit(0.0:6353): avc: denied { kill } for comm="swapper/2" capability=5 scontext=u:r:kernel:s0 tcontext=u:r:kernel:s0 tclass=capability permissive=0
11-29 04:42:33.079 0 0 I auditd : type=1400 audit(0.0:6354): avc: denied { kill } for comm="swapper/2" capability=5 scontext=u:r:kernel:s0 tcontext=u:r:kernel:s0 tclass=capability permissive=0
11-29 04:42:34.079 0 0 I auditd : type=1400 audit(0.0:6355): avc: denied { kill } for comm="swapper/2" capability=5 scontext=u:r:kernel:s0 tcontext=u:r:kernel:s0 tclass=capability permissive=0
11-29 04:42:35.079 0 0 I auditd : type=1400 audit(0.0:6356): avc: denied { kill } for comm="swapper/2" capability=5 scontext=u:r:kernel:s0 tcontext=u:r:kernel:s0 tclass=capability permissive=0
11-29 04:42:36.079 0 0 I auditd : type=1400 audit(0.0:6357): avc: denied { kill } for comm="swapper/2" capability=5 scontext=u:r:kernel:s0 tcontext=u:r:kernel:s0 tclass=capability permissive=0
11-29 04:42:37.079 0 0 I auditd : type=1400 audit(0.0:6358): avc: denied { kill } for comm="swapper/2" capability=5 scontext=u:r:kernel:s0 tcontext=u:r:kernel:s0 tclass=capability permissive=0
11-29 04:42:38.079 0 0 I auditd : type=1400 audit(0.0:6359): avc: denied { kill } for comm="swapper/2" capability=5 scontext=u:r:kernel:s0 tcontext=u:r:kernel:s0 tclass=capability permissive=0
11-29 04:42:39.079 0 0 I auditd : type=1400 audit(0.0:6360): avc: denied { kill } for comm="swapper/2" capability=5 scontext=u:r:kernel:s0 tcontext=u:r:kernel:s0 tclass=capability permissive=0
11-29 04:42:41.079 0 0 I auditd : type=1400 audit(0.0:6361): avc: denied { kill } for comm="swapper/2" capability=5 scontext=u:r:kernel:s0 tcontext=u:r:kernel:s0 tclass=capability permissive=0
11-29 04:42:42.079 0 0 I auditd : type=1400 audit(0.0:6362): avc: denied { kill } for comm="swapper/2" capability=5 scontext=u:r:kernel:s0 tcontext=u:r:kernel:s0 tclass=capability permissive=0
11-29 04:42:43.079 0 0 I auditd : type=1400 audit(0.0:6363): avc: denied { kill } for comm="swapper/2" capability=5 scontext=u:r:kernel:s0 tcontext=u:r:kernel:s0 tclass=capability permissive=0
11-29 04:42:44.079 0 0 I auditd : type=1400 audit(0.0:6364): avc: denied { kill } for comm="swapper/2" capability=5 scontext=u:r:kernel:s0 tcontext=u:r:kernel:s0 tclass=capability permissive=0
11-29 04:42:45.079 0 0 I auditd : type=1400 audit(0.0:6365): avc: denied { kill } for comm="swapper/2" capability=5 scontext=u:r:kernel:s0 tcontext=u:r:kernel:s0 tclass=capability permissive=0
11-29 04:42:47.079 0 0 I auditd : type=1400 audit(0.0:6366): avc: denied { kill } for comm="swapper/2" capability=5 scontext=u:r:kernel:s0 tcontext=u:r:kernel:s0 tclass=capability permissive=0
11-29 04:42:48.079 0 0 I auditd : type=1400 audit(0.0:6367): avc: denied { kill } for comm="swapper/2" capability=5 scontext=u:r:kernel:s0 tcontext=u:r:kernel:s0 tclass=capability permissive=0
11-29 04:42:49.079 0 0 I auditd : type=1400 audit(0.0:6368): avc: denied { kill } for comm="swapper/2" capability=5 scontext=u:r:kernel:s0 tcontext=u:r:kernel:s0 tclass=capability permissive=0
11-29 04:42:50.079 0 0 I auditd : type=1400 audit(0.0:6369): avc: denied { kill } for comm="swapper/2" capability=5 scontext=u:r:kernel:s0 tcontext=u:r:kernel:s0 tclass=capability permissive=0
11-29 04:42:51.079 0 0 I auditd : type=1400 audit(0.0:6370): avc: denied { kill } for comm="swapper/2" capability=5 scontext=u:r:kernel:s0 tcontext=u:r:kernel:s0 tclass=capability permissive=0
11-29 04:42:52.079 0 0 I auditd : type=1400 audit(0.0:6371): avc: denied { kill } for comm="swapper/2" capability=5 scontext=u:r:kernel:s0 tcontext=u:r:kernel:s0 tclass=capability permissive=0
11-29 04:42:53.079 0 0 I auditd : type=1400 audit(0.0:6372): avc: denied { kill } for comm="swapper/2" capability=5 scontext=u:r:kernel:s0 tcontext=u:r:kernel:s0 tclass=capability permissive=0
11-29 04:42:54.079 0 0 I auditd : type=1400 audit(0.0:6373): avc: denied { kill } for comm="swapper/2" capability=5 scontext=u:r:kernel:s0 tcontext=u:r:kernel:s0 tclass=capability permissive=0
11-29 04:42:55.079 0 0 I auditd : type=1400 audit(0.0:6374): avc: denied { kill } for comm="swapper/2" capability=5 scontext=u:r:kernel:s0 tcontext=u:r:kernel:s0 tclass=capability permissive=0
11-29 04:42:56.079 0 0 I auditd : type=1400 audit(0.0:6375): avc: denied { kill } for comm="swapper/2" capability=5 scontext=u:r:kernel:s0 tcontext=u:r:kernel:s0 tclass=capability permissive=0
11-29 04:42:57.079 0 0 I auditd : type=1400 audit(0.0:6376): avc: denied { kill } for comm="swapper/2" capability=5 scontext=u:r:kernel:s0 tcontext=u:r:kernel:s0 tclass=capability permissive=0
11-29 04:42:58.079 0 0 I auditd : type=1400 audit(0.0:6377): avc: denied { kill } for comm="swapper/2" capability=5 scontext=u:r:kernel:s0 tcontext=u:r:kernel:s0 tclass=capability permissive=0
11-29 04:43:00.079 0 0 I auditd : type=1400 audit(0.0:6378): avc: denied { kill } for comm="swapper/2" capability=5 scontext=u:r:kernel:s0 tcontext=u:r:kernel:s0 tclass=capability permissive=0
11-29 04:43:01.079 0 0 I auditd : type=1400 audit(0.0:6379): avc: denied { kill } for comm="swapper/1" capability=5 scontext=u:r:kernel:s0 tcontext=u:r:kernel:s0 tclass=capability permissive=0
11-29 04:43:03.079 0 0 I auditd : type=1400 audit(0.0:6380): avc: denied { kill } for comm="swapper/2" capability=5 scontext=u:r:kernel:s0 tcontext=u:r:kernel:s0 tclass=capability permissive=0
11-29 04:43:04.079 0 0 I auditd : type=1400 audit(0.0:6381): avc: denied { kill } for comm="swapper/2" capability=5 scontext=u:r:kernel:s0 tcontext=u:r:kernel:s0 tclass=capability permissive=0
11-29 04:43:05.079 0 0 I auditd : type=1400 audit(0.0:6382): avc: denied { kill } for comm="swapper/2" capability=5 scontext=u:r:kernel:s0 tcontext=u:r:kernel:s0 tclass=capability permissive=0
11-29 04:43:06.079 0 0 I auditd : type=1400 audit(0.0:6383): avc: denied { kill } for comm="swapper/2" capability=5 scontext=u:r:kernel:s0 tcontext=u:r:kernel:s0 tclass=capability permissive=0
11-29 04:43:07.079 0 0 I auditd : type=1400 audit(0.0:6384): avc: denied { kill } for comm="swapper/2" capability=5 scontext=u:r:kernel:s0 tcontext=u:r:kernel:s0 tclass=capability permissive=0
11-29 04:43:08.079 0 0 I auditd : type=1400 audit(0.0:6385): avc: denied { kill } for comm="swapper/2" capability=5 scontext=u:r:kernel:s0 tcontext=u:r:kernel:s0 tclass=capability permissive=0
11-29 04:43:09.079 0 0 I auditd : type=1400 audit(0.0:6386): avc: denied { kill } for comm="swapper/2" capability=5 scontext=u:r:kernel:s0 tcontext=u:r:kernel:s0 tclass=capability permissive=0
11-29 04:43:10.079 0 0 I auditd : type=1400 audit(0.0:6387): avc: denied { kill } for comm="swapper/2" capability=5 scontext=u:r:kernel:s0 tcontext=u:r:kernel:s0 tclass=capability permissive=0
11-29 04:43:11.079 0 0 I auditd : type=1400 audit(0.0:6388): avc: denied { kill } for comm="swapper/2" capability=5 scontext=u:r:kernel:s0 tcontext=u:r:kernel:s0 tclass=capability permissive=0
11-29 04:43:12.010 1491 1674 D ActivityManager: freezing 14639 com.android.gallery3d
11-29 04:43:12.010 1491 1674 E ActivityManager: Unable to freeze binder for 14639 com.android.gallery3d
11-29 04:43:12.012 1491 1674 D ActivityManager: froze 14639 com.android.gallery3d
11-29 04:43:12.012 1491 1674 I am_freeze: [14639,com.android.gallery3d]
11-29 04:43:12.012 1491 1674 E ActivityManager: Unable to freeze binder for 14639 com.android.gallery3d
11-29 04:43:12.013 1491 1674 I ActivityManager: Killing 14639:com.android.gallery3d/u0a68 (adj 915): Unable to freeze binder interface
11-29 04:43:12.013 1491 1674 I am_kill : [0,14639,com.android.gallery3d,915,Unable to freeze binder interface]
11-29 04:43:12.045 1491 1772 I am_proc_died: [0,14639,com.android.gallery3d,915,19]
11-29 04:43:12.045 1491 1772 I am_uid_stopped: 10068
11-29 04:43:12.052 1491 1599 I am_uid_running: 10068
11-29 04:43:12.053 1491 1599 D CompatibilityChangeReporter: Compat change id reported: 135634846; UID 10068; state: DISABLED
11-29 04:43:12.054 1491 1599 D CompatibilityChangeReporter: Compat change id reported: 177438394; UID 10068; state: DISABLED
11-29 04:43:12.054 1491 1599 D CompatibilityChangeReporter: Compat change id reported: 135772972; UID 10068; state: DISABLED
11-29 04:43:12.054 1491 1599 D CompatibilityChangeReporter: Compat change id reported: 135754954; UID 10068; state: DISABLED
11-29 04:43:12.055 1491 1609 D CompatibilityChangeReporter: Compat change id reported: 143937733; UID 10068; state: DISABLED
11-29 04:43:12.057 1491 1607 I am_pss : [15136,1000,com.qti.diagservices,6304768,3842048,0,93749248,0,10,6]
11-29 04:43:12.065 1491 1607 I am_pss : [15102,10020,com.hryt.hiphishowfsecontrol,18213888,14635008,0,106758144,0,19,6]
11-29 04:43:12.070 1491 1609 I am_proc_start: [0,15161,10068,com.android.gallery3d,NULL,]
11-29 04:43:12.070 1491 1609 I ActivityManager: Start proc 15161:com.android.gallery3d/u0a68 for null
11-29 04:43:12.072 1491 1607 I am_pss : [15103,10064,com.android.calendar,6549504,4079616,0,91525120,0,19,6]
11-29 04:43:12.079 1491 1607 I am_pss : [14670,10022,android.process.media,9972736,7491584,0,100323328,0,19,5]
11-29 04:43:12.107 1491 1772 I am_proc_bound: [0,15161,com.android.gallery3d]
11-29 04:43:13.079 0 0 I auditd : type=1400 audit(0.0:6389): avc: denied { kill } for comm="swapper/2" capability=5 scontext=u:r:kernel:s0 tcontext=u:r:kernel:s0 tclass=capability permissive=0
11-29 04:43:14.079 0 0 I auditd : type=1400 audit(0.0:6390): avc: denied { kill } for comm="swapper/2" capability=5 scontext=u:r:kernel:s0 tcontext=u:r:kernel:s0 tclass=capability permissive=0
11-29 04:43:15.079 0 0 I auditd : type=1400 audit(0.0:6391): avc: denied { kill } for comm="swapper/2" capability=5 scontext=u:r:kernel:s0 tcontext=u:r:kernel:s0 tclass=capability permissive=0
11-29 04:43:16.079 0 0 I auditd : type=1400 audit(0.0:6392): avc: denied { kill } for comm="swapper/2" capability=5 scontext=u:r:kernel:s0 tcontext=u:r:kernel:s0 tclass=capability permissive=0
11-29 04:43:16.913 1491 1723 I netstats_mobile_sample: [0,0,0,0,0,0,0,0,0,0,0,0,1669668196912]
11-29 04:43:16.913 1491 1723 I netstats_wifi_sample: [127378774,295130,56977751,133525,127378774,295130,56977751,133525,154494466,516701,28901210,69119,1669668196912]
11-29 04:43:17.079 0 0 I auditd : type=1400 audit(0.0:6393): avc: denied { kill } for comm="swapper/2" capability=5 scontext=u:r:kernel:s0 tcontext=u:r:kernel:s0 tclass=capability permissive=0
11-29 04:43:18.079 0 0 I auditd : type=1400 audit(0.0:6394): avc: denied { kill } for comm="swapper/2" capability=5 scontext=u:r:kernel:s0 tcontext=u:r:kernel:s0 tclass=capability permissive=0
11-29 04:43:19.079 0 0 I auditd : type=1400 audit(0.0:6395): avc: denied { kill } for comm="swapper/2" capability=5 scontext=u:r:kernel:s0 tcontext=u:r:kernel:s0 tclass=capability permissive=0
11-29 04:43:20.079 0 0 I auditd : type=1400 audit(0.0:6396): avc: denied { kill } for comm="swapper/2" capability=5 scontext=u:r:kernel:s0 tcontext=u:r:kernel:s0 tclass=capability permissive=0
11-29 04:43:21.079 0 0 I auditd : type=1400 audit(0.0:6397): avc: denied { kill } for comm="swapper/2" capability=5 scontext=u:r:kernel:s0 tcontext=u:r:kernel:s0 tclass=capability permissive=0
11-29 04:43:22.079 0 0 I auditd : type=1400 audit(0.0:6398): avc: denied { kill } for comm="swapper/2" capability=5 scontext=u:r:kernel:s0 tcontext=u:r:kernel:s0 tclass=capability permissive=0
11-29 04:43:23.079 0 0 I auditd : type=1400 audit(0.0:6399): avc: denied { kill } for comm="swapper/2" capability=5 scontext=u:r:kernel:s0 tcontext=u:r:kernel:s0 tclass=capability permissive=0
11-29 04:43:25.079 0 0 I auditd : type=1400 audit(0.0:6400): avc: denied { kill } for comm="swapper/2" capability=5 scontext=u:r:kernel:s0 tcontext=u:r:kernel:s0 tclass=capability permissive=0
11-29 04:43:26.079 0 0 I auditd : type=1400 audit(0.0:6401): avc: denied { kill } for comm="swapper/2" capability=5 scontext=u:r:kernel:s0 tcontext=u:r:kernel:s0 tclass=capability permissive=0
11-29 04:43:27.079 0 0 I auditd : type=1400 audit(0.0:6402): avc: denied { kill } for comm="swapper/2" capability=5 scontext=u:r:kernel:s0 tcontext=u:r:kernel:s0 tclass=capability permissive=0
11-29 04:43:28.079 0 0 I auditd : type=1400 audit(0.0:6403): avc: denied { kill } for comm="swapper/2" capability=5 scontext=u:r:kernel:s0 tcontext=u:r:kernel:s0 tclass=capability permissive=0
11-29 04:43:30.079 0 0 I auditd : type=1400 audit(0.0:6404): avc: denied { kill } for comm="swapper/2" capability=5 scontext=u:r:kernel:s0 tcontext=u:r:kernel:s0 tclass=capability permissive=0
11-29 04:43:31.079 0 0 I auditd : type=1400 audit(0.0:6405): avc: denied { kill } for comm="swapper/2" capability=5 scontext=u:r:kernel:s0 tcontext=u:r:kernel:s0 tclass=capability permissive=0
11-29 04:43:32.079 0 0 I auditd : type=1400 audit(0.0:6406): avc: denied { kill } for comm="swapper/2" capability=5 scontext=u:r:kernel:s0 tcontext=u:r:kernel:s0 tclass=capability permissive=0
11-29 04:43:33.079 0 0 I auditd : type=1400 audit(0.0:6407): avc: denied { kill } for comm="swapper/2" capability=5 scontext=u:r:kernel:s0 tcontext=u:r:kernel:s0 tclass=capability permissive=0
11-29 04:43:34.079 0 0 I auditd : type=1400 audit(0.0:6408): avc: denied { kill } for comm="swapper/2" capability=5 scontext=u:r:kernel:s0 tcontext=u:r:kernel:s0 tclass=capability permissive=0
11-29 04:43:35.079 0 0 I auditd : type=1400 audit(0.0:6409): avc: denied { kill } for comm="swapper/2" capability=5 scontext=u:r:kernel:s0 tcontext=u:r:kernel:s0 tclass=capability permissive=0
11-29 04:43:36.079 0 0 I auditd : type=1400 audit(0.0:6410): avc: denied { kill } for comm="swapper/2" capability=5 scontext=u:r:kernel:s0 tcontext=u:r:kernel:s0 tclass=capability permissive=0
11-29 04:43:37.079 0 0 I auditd : type=1400 audit(0.0:6411): avc: denied { kill } for comm="swapper/2" capability=5 scontext=u:r:kernel:s0 tcontext=u:r:kernel:s0 tclass=capability permissive=0
11-29 04:43:38.079 0 0 I auditd : type=1400 audit(0.0:6412): avc: denied { kill } for comm="swapper/2" capability=5 scontext=u:r:kernel:s0 tcontext=u:r:kernel:s0 tclass=capability permissive=0
11-29 04:43:39.079 0 0 I auditd : type=1400 audit(0.0:6413): avc: denied { kill } for comm="swapper/2" capability=5 scontext=u:r:kernel:s0 tcontext=u:r:kernel:s0 tclass=capability permissive=0
11-29 04:43:40.079 0 0 I auditd : type=1400 audit(0.0:6414): avc: denied { kill } for comm="swapper/2" capability=5 scontext=u:r:kernel:s0 tcontext=u:r:kernel:s0 tclass=capability permissive=0
11-29 04:43:41.079 0 0 I auditd : type=1400 audit(0.0:6415): avc: denied { kill } for comm="swapper/2" capability=5 scontext=u:r:kernel:s0 tcontext=u:r:kernel:s0 tclass=capability permissive=0
11-29 04:43:41.665 1491 1618 W BatteryExternalStatsWorker: error reading modem stats:ERROR_PHONE_NOT_AVAILABLE
11-29 04:43:41.708 1491 1618 E KernelCpuSpeedReader: Failed to read cpu-freq: /sys/devices/system/cpu/cpu4/cpufreq/stats/time_in_state: open failed: ENOENT (No such file or directory)
11-29 04:43:41.708 1491 1618 E KernelCpuSpeedReader: Failed to read cpu-freq: /sys/devices/system/cpu/cpu0/cpufreq/stats/time_in_state: open failed: ENOENT (No such file or directory)
11-29 04:43:41.707 568 568 I auditd : type=1400 audit(0.0:6416): avc: denied { read } for comm="Binder:568_2" name="wakeup58" dev="sysfs" ino=71848 scontext=u:r:system_suspend:s0 tcontext=u:object_r:sysfs:s0 tclass=dir permissive=0
11-29 04:43:41.707 568 568 I auditd : type=1400 audit(0.0:6417): avc: denied { read } for comm="Binder:568_2" name="wakeup48" dev="sysfs" ino=67173 scontext=u:r:system_suspend:s0 tcontext=u:object_r:sysfs:s0 tclass=dir permissive=0
11-29 04:43:41.707 568 568 I auditd : type=1400 audit(0.0:6418): avc: denied { read } for comm="Binder:568_2" name="wakeup4" dev="sysfs" ino=47032 scontext=u:r:system_suspend:s0 tcontext=u:object_r:sysfs:s0 tclass=dir permissive=0
11-29 04:43:41.707 568 568 I auditd : type=1400 audit(0.0:6419): avc: denied { read } for comm="Binder:568_2" name="wakeup76" dev="sysfs" ino=76854 scontext=u:r:system_suspend:s0 tcontext=u:object_r:sysfs:s0 tclass=dir permissive=0
11-29 04:43:41.747 1491 1607 I commit_sys_config_file: [batterystats,7]
11-29 04:43:41.749 1491 1607 I commit_sys_config_file: [batterystats,1]
11-29 04:43:43.079 0 0 I auditd : type=1400 audit(0.0:6465): avc: denied { kill } for comm="swapper/2" capability=5 scontext=u:r:kernel:s0 tcontext=u:r:kernel:s0 tclass=capability permissive=0
11-29 04:43:44.079 0 0 I auditd : type=1400 audit(0.0:6466): avc: denied { kill } for comm="swapper/2" capability=5 scontext=u:r:kernel:s0 tcontext=u:r:kernel:s0 tclass=capability permissive=0
11-29 04:43:46.079 0 0 I auditd : type=1400 audit(0.0:6467): avc: denied { kill } for comm="swapper/2" capability=5 scontext=u:r:kernel:s0 tcontext=u:r:kernel:s0 tclass=capability permissive=0
11-29 04:43:47.079 0 0 I auditd : type=1400 audit(0.0:6468): avc: denied { kill } for comm="swapper/2" capability=5 scontext=u:r:kernel:s0 tcontext=u:r:kernel:s0 tclass=capability permissive=0
11-29 04:43:48.079 0 0 I auditd : type=1400 audit(0.0:6469): avc: denied { kill } for comm="swapper/2" capability=5 scontext=u:r:kernel:s0 tcontext=u:r:kernel:s0 tclass=capability permissive=0
11-29 04:43:49.079 0 0 I auditd : type=1400 audit(0.0:6470): avc: denied { kill } for comm="swapper/2" capability=5 scontext=u:r:kernel:s0 tcontext=u:r:kernel:s0 tclass=capability permissive=0
11-29 04:43:50.079 0 0 I auditd : type=1400 audit(0.0:6471): avc: denied { kill } for comm="swapper/2" capability=5 scontext=u:r:kernel:s0 tcontext=u:r:kernel:s0 tclass=capability permissive=0
11-29 04:43:51.079 0 0 I auditd : type=1400 audit(0.0:6472): avc: denied { kill } for comm="swapper/2" capability=5 scontext=u:r:kernel:s0 tcontext=u:r:kernel:s0 tclass=capability permissive=0
11-29 04:43:52.079 0 0 I auditd : type=1400 audit(0.0:6473): avc: denied { kill } for comm="swapper/2" capability=5 scontext=u:r:kernel:s0 tcontext=u:r:kernel:s0 tclass=capability permissive=0
11-29 04:43:53.079 0 0 I auditd : type=1400 audit(0.0:6474): avc: denied { kill } for comm="swapper/2" capability=5 scontext=u:r:kernel:s0 tcontext=u:r:kernel:s0 tclass=capability permissive=0
