11-29 04:01:27.732 1491 1491 I GameModeConfig: isGameModeOn = false
11-29 04:01:27.732 1491 1491 I GameModeConfig: isDisableVoice = true
11-29 04:01:27.752 1491 8943 W ActivityTaskManager: getTaskSnapshot: taskId=4086 not found
11-29 04:01:27.753 1491 8943 W ActivityTaskManager: getTaskSnapshot: taskId=3086 not found
11-29 04:01:27.755 1491 8943 W ActivityTaskManager: getTaskSnapshot: taskId=1086 not found
11-29 04:01:27.835 1491 9682 W ActivityTaskManager: getTaskSnapshot: taskId=2086 not found
11-29 04:01:30.033 1491 8646 I ActivityTaskManager: START u0 {flg=0x10008000 cmp=com.android.music/.MusicBrowserActivity} from uid 10077
11-29 04:01:30.045 1491 8646 W ActivityTaskManager: Can't find TaskDisplayArea to determine support for multi window. Task id=90 attached=false
11-29 04:01:30.047 1491 8646 D FreeFormWindowHelper: Add freeform task=Task{317bf9d #90 type=standard ?? U=0 visible=false mode=freeform translucent=true sz=0}
11-29 04:01:30.059 1491 8646 I ActivityTaskManager: FOREGROUND_APPLICATION_CHANGED to com.android.music.MusicBrowserActivity
11-29 04:01:30.059 1491 8646 I ActivityTaskManager: The Process com.android.music Already Exists in BG. So sending its PID: 11890
11-29 04:01:30.060 1491 8646 W ActivityTaskManager: Tried to set launchTime (0) < mLastActivityLaunchTime (2609243)
11-29 04:01:30.091 3714 3731 W ContextImpl: Calling a method in the system process without a qualified user: android.app.ContextImpl.startService:1816 android.content.ContextWrapper.startService:774 com.thundercomm.gamemode.ingame.services.GameModeActionUtils.startGameModeService:93 com.thundercomm.gamemode.ingame.services.GameModeActionUtils.startGameModeEntry:21 com.thundercomm.gamemode.ingame.services.ActivityMonitoringService$1.onActivityLaunch:127
11-29 04:01:30.095 1491 1491 I GameModeConfig: Current uri is uri = content://com.thundercomm.gamemode.api/gamemode_settings/gamemode_isgaming
11-29 04:01:30.101 1491 1491 I GameModeConfig: isGameModeOn = false
11-29 04:01:30.101 1491 1491 I GameModeConfig: isGameModeOn = false
11-29 04:01:30.101 1491 1491 I GameModeConfig: isDisableVoice = true
11-29 04:01:30.150 1491 1760 I GameModeConfig: isGameModeOn = false
11-29 04:01:30.150 1491 1760 I GameModeConfig: isGameModeOn = false
11-29 04:01:30.151 1491 1760 I GameModeConfig: isGameModeOn = false
11-29 04:01:30.151 1491 1760 I GameModeConfig: isGameModeOn = false
11-29 04:01:30.156 1491 1760 I GameModeConfig: isGameModeOn = false
11-29 04:01:30.156 1491 1760 I GameModeConfig: isGameModeOn = false
11-29 04:01:30.156 1491 1760 I GameModeConfig: isGameModeOn = false
11-29 04:01:30.157 1491 1760 I GameModeConfig: isGameModeOn = false
11-29 04:01:30.174 1491 1760 I GameModeConfig: isGameModeOn = false
11-29 04:01:30.174 1491 1760 I GameModeConfig: isGameModeOn = false
11-29 04:01:30.174 1491 1760 I GameModeConfig: isGameModeOn = false
11-29 04:01:30.174 1491 1760 I GameModeConfig: isGameModeOn = false
11-29 04:01:30.185 1491 8592 W WindowManager: updateScale0.7996942
11-29 04:01:30.198 1491 1600 W WindowManager: updateScale0.7996942
11-29 04:01:30.200 1491 1600 W WindowManager: updateScale0.7996942
11-29 04:01:30.200 1491 1600 W WindowManager: updateScale0.7996942
11-29 04:01:30.202 1491 8646 W WindowManager: updateScale0.7996942
11-29 04:01:30.356 1491 1491 I NotificationService: Cannot find enqueued record for key: 0|com.android.music|1|null|10089
11-29 04:01:30.371 1491 1491 I NotificationService: Cannot find enqueued record for key: 0|com.android.music|1|null|10089
11-29 04:01:30.371 1491 1491 I NotificationService: Cannot find enqueued record for key: 0|com.android.music|1|null|10089
11-29 04:01:30.372 1491 1491 I NotificationService: Cannot find enqueued record for key: 0|com.android.music|1|null|10089
11-29 04:01:30.380 1491 1491 I NotificationService: Cannot find enqueued record for key: 0|com.android.music|1|null|10089
11-29 04:01:30.383 1491 1491 I NotificationService: Cannot find enqueued record for key: 0|com.android.music|1|null|10089
11-29 04:01:30.537 1491 8646 I ActivityTaskManager: FOREGROUND_APPLICATION_CHANGED to com.android.launcher3.uioverrides.QuickstepLauncher
11-29 04:01:30.545 1491 8646 W WindowManager: updateScale0.7996942
11-29 04:01:30.562 1491 8646 W WindowManager: updateScale0.7996942
11-29 04:01:30.568 1491 9480 W WindowManager: updateScale0.7996942
11-29 04:01:30.595 1491 8592 W WindowManager: updateScale0.7996942
11-29 04:01:30.622 3714 3731 W ContextImpl: Calling a method in the system process without a qualified user: android.app.ContextImpl.startService:1816 android.content.ContextWrapper.startService:774 com.thundercomm.gamemode.ingame.services.GameModeActionUtils.startGameModeService:93 com.thundercomm.gamemode.ingame.services.GameModeActionUtils.startGameModeEntry:21 com.thundercomm.gamemode.ingame.services.ActivityMonitoringService$1.onActivityLaunch:127
11-29 04:01:30.626 1491 1491 I GameModeConfig: Current uri is uri = content://com.thundercomm.gamemode.api/gamemode_settings/gamemode_isgaming
11-29 04:01:30.631 1491 1491 I GameModeConfig: isGameModeOn = false
11-29 04:01:30.632 1491 1491 I GameModeConfig: isGameModeOn = false
11-29 04:01:30.632 1491 1491 I GameModeConfig: isDisableVoice = true
11-29 04:01:30.676 3714 3731 W ContextImpl: Calling a method in the system process without a qualified user: android.app.ContextImpl.startService:1816 android.content.ContextWrapper.startService:774 com.thundercomm.gamemode.ingame.services.GameModeActionUtils.startGameModeService:93 com.thundercomm.gamemode.ingame.services.GameModeActionUtils.startGameModeEntry:21 com.thundercomm.gamemode.ingame.services.ActivityMonitoringService$1.onActivityLaunch:127
11-29 04:01:30.682 1491 1491 I GameModeConfig: Current uri is uri = content://com.thundercomm.gamemode.api/gamemode_settings/gamemode_isgaming
11-29 04:01:30.684 1491 1491 I GameModeConfig: isGameModeOn = false
11-29 04:01:30.685 1491 1491 I GameModeConfig: isGameModeOn = false
11-29 04:01:30.685 1491 1491 I GameModeConfig: isDisableVoice = true
11-29 04:01:31.369 1491 1599 W WindowManager: updateScale0.7996942
11-29 04:01:31.376 1491 1599 I ActivityTaskManager: FOREGROUND_APPLICATION_CHANGED to com.android.music.MusicBrowserActivity
11-29 04:01:31.539 1491 9480 D FreeFormWindowHelper: Remove freefrom task=Task{317bf9d #90 type=standard A=10089:android.task.music U=0 visible=true mode=fullscreen translucent=false sz=1}
11-29 04:01:31.555 1491 9480 W ActivityManager: Receiver with filter android.content.IntentFilter@ac0b818 already registered for pid 11890, callerPackage is com.android.music
11-29 04:01:31.557 1491 9480 W WindowManager: Attempted to set replacing window on app token with no content Token{e422dc8 ActivityRecord{8f4675e u0 com.android.music/.MusicBrowserActivity t90}}
11-29 04:01:31.566 3714 3731 W ContextImpl: Calling a method in the system process without a qualified user: android.app.ContextImpl.startService:1816 android.content.ContextWrapper.startService:774 com.thundercomm.gamemode.ingame.services.GameModeActionUtils.startGameModeService:93 com.thundercomm.gamemode.ingame.services.GameModeActionUtils.startGameModeEntry:21 com.thundercomm.gamemode.ingame.services.ActivityMonitoringService$1.onActivityLaunch:127
11-29 04:01:31.571 1491 1491 I GameModeConfig: Current uri is uri = content://com.thundercomm.gamemode.api/gamemode_settings/gamemode_isgaming
11-29 04:01:31.573 1491 1491 I GameModeConfig: isGameModeOn = false
11-29 04:01:31.574 1491 1491 I GameModeConfig: isGameModeOn = false
11-29 04:01:31.574 1491 1491 I GameModeConfig: isDisableVoice = true
11-29 04:01:31.628 1491 9480 I WindowManager: finishDrawing of relaunch: Window{8c426d4 u0 com.android.music/com.android.music.MusicBrowserActivity} 94ms
11-29 04:01:31.628 1491 1760 I GameModeConfig: isGameModeOn = false
11-29 04:01:31.629 1491 1760 I GameModeConfig: isGameModeOn = false
11-29 04:01:31.629 1491 1760 I GameModeConfig: isGameModeOn = false
11-29 04:01:31.630 1491 1760 I GameModeConfig: isGameModeOn = false
11-29 04:01:31.635 1491 1760 I GameModeConfig: isGameModeOn = false
11-29 04:01:31.635 1491 1760 I GameModeConfig: isGameModeOn = false
11-29 04:01:31.635 1491 1760 I GameModeConfig: isGameModeOn = false
11-29 04:01:31.636 1491 1760 I GameModeConfig: isGameModeOn = false
11-29 04:01:31.642 1491 1760 I GameModeConfig: isGameModeOn = false
11-29 04:01:31.642 1491 1760 I GameModeConfig: isGameModeOn = false
11-29 04:01:31.642 1491 1760 I GameModeConfig: isGameModeOn = false
11-29 04:01:31.643 1491 1760 I GameModeConfig: isGameModeOn = false
11-29 04:01:31.835 1491 1491 I GameModeConfig: isGameModeOn = false
11-29 04:01:31.838 1491 1491 W NotificationHistory: Attempted to add notif for locked/gone/disabled user 0
11-29 04:01:31.839 1491 1491 I GameModeConfig: isGameModeOn = false
11-29 04:01:31.841 1491 1491 I GameModeConfig: isGameModeOn = false
11-29 04:01:31.842 1491 1491 I GameModeConfig: isGameModeOn = false
11-29 04:01:31.853 1491 1491 I GameModeConfig: isGameModeOn = false
11-29 04:01:31.854 1491 1491 I GameModeConfig: isGameModeOn = false
11-29 04:01:31.913 1491 1491 D CompatibilityChangeReporter: Compat change id reported: 175319604; UID 1000; state: ENABLED
11-29 04:01:31.914 1491 1491 D CompatibilityChangeReporter: Compat change id reported: 175319604; UID 1000; state: DISABLED
11-29 04:01:31.991 3714 3731 W ContextImpl: Calling a method in the system process without a qualified user: android.app.ContextImpl.startService:1816 android.content.ContextWrapper.startService:774 com.thundercomm.gamemode.ingame.services.GameModeActionUtils.startGameModeService:93 com.thundercomm.gamemode.ingame.services.GameModeActionUtils.startGameModeEntry:21 com.thundercomm.gamemode.ingame.services.ActivityMonitoringService$1.onActivityLaunch:127
11-29 04:01:32.005 1491 1491 I GameModeConfig: Current uri is uri = content://com.thundercomm.gamemode.api/gamemode_settings/gamemode_isgaming
11-29 04:01:32.007 1491 1491 I GameModeConfig: isGameModeOn = false
11-29 04:01:32.008 1491 1491 I GameModeConfig: isGameModeOn = false
11-29 04:01:32.008 1491 1491 I GameModeConfig: isDisableVoice = true
11-29 04:01:32.041 3714 3731 W ContextImpl: Calling a method in the system process without a qualified user: android.app.ContextImpl.startService:1816 android.content.ContextWrapper.startService:774 com.thundercomm.gamemode.ingame.services.GameModeActionUtils.startGameModeService:93 com.thundercomm.gamemode.ingame.services.GameModeActionUtils.startGameModeEntry:21 com.thundercomm.gamemode.ingame.services.ActivityMonitoringService$1.onActivityLaunch:127
11-29 04:01:32.044 1491 1491 I GameModeConfig: Current uri is uri = content://com.thundercomm.gamemode.api/gamemode_settings/gamemode_isgaming
11-29 04:01:32.047 1491 1491 I GameModeConfig: isGameModeOn = false
11-29 04:01:32.047 1491 1491 I GameModeConfig: isGameModeOn = false
11-29 04:01:32.047 1491 1491 I GameModeConfig: isDisableVoice = true
11-29 04:01:33.069 3714 3731 W ContextImpl: Calling a method in the system process without a qualified user: android.app.ContextImpl.startService:1816 android.content.ContextWrapper.startService:774 com.thundercomm.gamemode.ingame.services.GameModeActionUtils.startGameModeService:93 com.thundercomm.gamemode.ingame.services.GameModeActionUtils.startGameModeEntry:21 com.thundercomm.gamemode.ingame.services.ActivityMonitoringService$1.onActivityLaunch:127
11-29 04:01:33.073 1491 1491 I GameModeConfig: Current uri is uri = content://com.thundercomm.gamemode.api/gamemode_settings/gamemode_isgaming
11-29 04:01:33.077 1491 2756 E TaskPersister: File error accessing recents directory (directory doesn't exist?).
11-29 04:01:33.077 1491 1491 I GameModeConfig: isGameModeOn = false
11-29 04:01:33.078 1491 1491 I GameModeConfig: isGameModeOn = false
11-29 04:01:33.078 1491 1491 I GameModeConfig: isDisableVoice = true
11-29 04:01:33.110 1491 1525 W ActivityTaskManager: getTaskSnapshot: taskId=3086 not found
11-29 04:01:33.111 1491 2058 W ActivityTaskManager: getTaskSnapshot: taskId=1086 not found
11-29 04:01:33.120 1491 8646 W ActivityTaskManager: getTaskSnapshot: taskId=1086 not found
11-29 04:01:33.121 1491 8646 W ActivityTaskManager: getTaskSnapshot: taskId=3086 not found
11-29 04:01:33.127 1491 8646 W ActivityTaskManager: getTaskSnapshot: taskId=3086 not found
11-29 04:01:33.129 1491 1525 W ActivityTaskManager: getTaskSnapshot: taskId=1086 not found
11-29 04:01:34.867 1491 8646 I ActivityTaskManager: START u0 {flg=0x10008000 cmp=com.android.calendar/.AllInOneActivity} from uid 10077
11-29 04:01:34.877 1491 8646 W ActivityTaskManager: Can't find TaskDisplayArea to determine support for multi window. Task id=91 attached=false
11-29 04:01:34.880 1491 8646 D FreeFormWindowHelper: Add freeform task=Task{a45d66d #91 type=standard ?? U=0 visible=false mode=freeform translucent=true sz=0}
11-29 04:01:34.883 1491 8646 D CompatibilityChangeReporter: Compat change id reported: 174042980; UID 10064; state: DISABLED
11-29 04:01:34.884 1491 8646 D CompatibilityChangeReporter: Compat change id reported: 184838306; UID 10064; state: DISABLED
11-29 04:01:34.884 1491 8646 D CompatibilityChangeReporter: Compat change id reported: 185004937; UID 10064; state: DISABLED
11-29 04:01:34.885 1491 8646 D CompatibilityChangeReporter: Compat change id reported: 181136395; UID 10064; state: DISABLED
11-29 04:01:34.886 1491 8646 D CompatibilityChangeReporter: Compat change id reported: 174042936; UID 10064; state: DISABLED
11-29 04:01:34.889 1491 8646 D CompatibilityChangeReporter: Compat change id reported: 168419799; UID 10064; state: DISABLED
11-29 04:01:34.890 1491 8646 I ActivityTaskManager: FOREGROUND_APPLICATION_CHANGED to com.android.calendar.AllInOneActivity
11-29 04:01:34.890 1491 8646 I ActivityTaskManager: The Process com.android.calendar Already Exists in BG. So sending its PID: 11119
11-29 04:01:34.919 3714 3731 W ContextImpl: Calling a method in the system process without a qualified user: android.app.ContextImpl.startService:1816 android.content.ContextWrapper.startService:774 com.thundercomm.gamemode.ingame.services.GameModeActionUtils.startGameModeService:93 com.thundercomm.gamemode.ingame.services.GameModeActionUtils.startGameModeEntry:21 com.thundercomm.gamemode.ingame.services.ActivityMonitoringService$1.onActivityLaunch:127
11-29 04:01:34.922 1491 1525 D CompatibilityChangeReporter: Compat change id reported: 135634846; UID 10028; state: DISABLED
11-29 04:01:34.922 1491 1525 D CompatibilityChangeReporter: Compat change id reported: 177438394; UID 10028; state: DISABLED
11-29 04:01:34.922 1491 1525 D CompatibilityChangeReporter: Compat change id reported: 135772972; UID 10028; state: DISABLED
11-29 04:01:34.922 1491 1525 D CompatibilityChangeReporter: Compat change id reported: 135754954; UID 10028; state: ENABLED
11-29 04:01:34.922 1491 1609 D CompatibilityChangeReporter: Compat change id reported: 143937733; UID 10028; state: ENABLED
11-29 04:01:34.929 1491 1491 I GameModeConfig: Current uri is uri = content://com.thundercomm.gamemode.api/gamemode_settings/gamemode_isgaming
11-29 04:01:34.932 1491 1491 I GameModeConfig: isGameModeOn = false
11-29 04:01:34.932 1491 1491 I GameModeConfig: isGameModeOn = false
11-29 04:01:34.932 1491 1491 I GameModeConfig: isDisableVoice = true
11-29 04:01:34.942 1491 1609 I ActivityManager: Start proc 13701:com.android.providers.calendar/u0a28 for content provider {com.android.providers.calendar/com.android.providers.calendar.CalendarProvider2}
11-29 04:01:34.964 1491 1525 D CompatibilityChangeReporter: Compat change id reported: 168419799; UID 10028; state: DISABLED
11-29 04:01:34.980 1491 1525 W WindowManager: updateScale0.7996942
11-29 04:01:34.993 1491 1525 D CompatibilityChangeReporter: Compat change id reported: 143231523; UID 10064; state: DISABLED
11-29 04:01:35.003 1491 1525 D CompatibilityChangeReporter: Compat change id reported: 143231523; UID 10028; state: DISABLED
11-29 04:01:35.023 1491 1600 W WindowManager: updateScale0.7996942
11-29 04:01:35.025 1491 1600 W WindowManager: updateScale0.7996942
11-29 04:01:35.025 1491 1600 W WindowManager: updateScale0.7996942
11-29 04:01:35.083 1491 9370 W WindowManager: updateScale0.7996942
11-29 04:01:35.088 1491 1607 W UsageStatsService: Unexpected activity event reported! (com.sohu.inputmethod.sogou.car/com.sohu.inputmethod.sogou.car.settingsui.SogouSettingsActivity event : 23 instanceId : 259704134)
11-29 04:01:35.092 1491 1600 W ActivityTaskManager: Can't find TaskDisplayArea to determine support for multi window. Task id=89 attached=false
11-29 04:01:35.092 1491 1600 W ActivityTaskManager: Can't find TaskDisplayArea to determine support for multi window. Task id=89 attached=false
11-29 04:01:35.193 3714 3731 W ContextImpl: Calling a method in the system process without a qualified user: android.app.ContextImpl.startService:1816 android.content.ContextWrapper.startService:774 com.thundercomm.gamemode.ingame.services.GameModeActionUtils.startGameModeService:93 com.thundercomm.gamemode.ingame.services.GameModeActionUtils.startGameModeEntry:21 com.thundercomm.gamemode.ingame.services.ActivityMonitoringService$1.onActivityLaunch:127
11-29 04:01:35.199 1491 1491 I GameModeConfig: Current uri is uri = content://com.thundercomm.gamemode.api/gamemode_settings/gamemode_isgaming
11-29 04:01:35.201 1491 1491 I GameModeConfig: isGameModeOn = false
11-29 04:01:35.201 1491 1491 I GameModeConfig: isGameModeOn = false
11-29 04:01:35.202 1491 1491 I GameModeConfig: isDisableVoice = true
11-29 04:01:35.339 1491 8943 I ActivityTaskManager: FOREGROUND_APPLICATION_CHANGED to com.android.launcher3.uioverrides.QuickstepLauncher
11-29 04:01:35.346 1491 8943 W WindowManager: updateScale0.7996942
11-29 04:01:35.355 1491 8943 W WindowManager: updateScale0.7996942
11-29 04:01:35.378 1491 8943 W WindowManager: updateScale0.7996942
11-29 04:01:35.406 3714 3731 W ContextImpl: Calling a method in the system process without a qualified user: android.app.ContextImpl.startService:1816 android.content.ContextWrapper.startService:774 com.thundercomm.gamemode.ingame.services.GameModeActionUtils.startGameModeService:93 com.thundercomm.gamemode.ingame.services.GameModeActionUtils.startGameModeEntry:21 com.thundercomm.gamemode.ingame.services.ActivityMonitoringService$1.onActivityLaunch:127
11-29 04:01:35.412 1491 1491 I GameModeConfig: Current uri is uri = content://com.thundercomm.gamemode.api/gamemode_settings/gamemode_isgaming
11-29 04:01:35.412 1491 1491 I GameModeConfig: isGameModeOn = false
11-29 04:01:35.413 1491 1491 I GameModeConfig: isGameModeOn = false
11-29 04:01:35.413 1491 1491 I GameModeConfig: isDisableVoice = true
11-29 04:01:35.466 3714 3731 W ContextImpl: Calling a method in the system process without a qualified user: android.app.ContextImpl.startService:1816 android.content.ContextWrapper.startService:774 com.thundercomm.gamemode.ingame.services.GameModeActionUtils.startGameModeService:93 com.thundercomm.gamemode.ingame.services.GameModeActionUtils.startGameModeEntry:21 com.thundercomm.gamemode.ingame.services.ActivityMonitoringService$1.onActivityLaunch:127
11-29 04:01:35.471 1491 1491 I GameModeConfig: Current uri is uri = content://com.thundercomm.gamemode.api/gamemode_settings/gamemode_isgaming
11-29 04:01:35.473 1491 1491 I GameModeConfig: isGameModeOn = false
11-29 04:01:35.474 1491 1491 I GameModeConfig: isGameModeOn = false
11-29 04:01:35.474 1491 1491 I GameModeConfig: isDisableVoice = true
11-29 04:01:35.888 1491 1599 W WindowManager: updateScale0.7996942
11-29 04:01:35.892 1491 1599 I ActivityTaskManager: FOREGROUND_APPLICATION_CHANGED to com.android.calendar.AllInOneActivity
11-29 04:01:35.984 1491 2058 D FreeFormWindowHelper: Remove freefrom task=Task{a45d66d #91 type=standard A=10064:android.task.calendar U=0 visible=true mode=fullscreen translucent=false sz=1}
11-29 04:01:36.003 1491 2058 W WindowManager: Attempted to set replacing window on app token with no content Token{176fb16 ActivityRecord{c5fb2a2 u0 com.android.calendar/.AllInOneActivity t91}}
11-29 04:01:36.055 1491 2058 I WindowManager: finishDrawing of relaunch: Window{57660b4 u0 com.android.calendar/com.android.calendar.AllInOneActivity} 73ms
11-29 04:01:36.419 3714 3731 W ContextImpl: Calling a method in the system process without a qualified user: android.app.ContextImpl.startService:1816 android.content.ContextWrapper.startService:774 com.thundercomm.gamemode.ingame.services.GameModeActionUtils.startGameModeService:93 com.thundercomm.gamemode.ingame.services.GameModeActionUtils.startGameModeEntry:21 com.thundercomm.gamemode.ingame.services.ActivityMonitoringService$1.onActivityLaunch:127
11-29 04:01:36.423 1491 1491 I GameModeConfig: Current uri is uri = content://com.thundercomm.gamemode.api/gamemode_settings/gamemode_isgaming
11-29 04:01:36.425 1491 1491 I GameModeConfig: isGameModeOn = false
11-29 04:01:36.426 1491 1491 I GameModeConfig: isGameModeOn = false
11-29 04:01:36.426 1491 1491 I GameModeConfig: isDisableVoice = true
11-29 04:01:36.467 3714 3731 W ContextImpl: Calling a method in the system process without a qualified user: android.app.ContextImpl.startService:1816 android.content.ContextWrapper.startService:774 com.thundercomm.gamemode.ingame.services.GameModeActionUtils.startGameModeService:93 com.thundercomm.gamemode.ingame.services.GameModeActionUtils.startGameModeEntry:21 com.thundercomm.gamemode.ingame.services.ActivityMonitoringService$1.onActivityLaunch:127
11-29 04:01:36.471 1491 1491 I GameModeConfig: Current uri is uri = content://com.thundercomm.gamemode.api/gamemode_settings/gamemode_isgaming
11-29 04:01:36.472 1491 1491 I GameModeConfig: isGameModeOn = false
11-29 04:01:36.472 1491 1491 I GameModeConfig: isGameModeOn = false
11-29 04:01:36.472 1491 1491 I GameModeConfig: isDisableVoice = true
11-29 04:01:37.902 1491 2756 E TaskPersister: File error accessing recents directory (directory doesn't exist?).
11-29 04:01:38.001 3714 3731 W ContextImpl: Calling a method in the system process without a qualified user: android.app.ContextImpl.startService:1816 android.content.ContextWrapper.startService:774 com.thundercomm.gamemode.ingame.services.GameModeActionUtils.startGameModeService:93 com.thundercomm.gamemode.ingame.services.GameModeActionUtils.startGameModeEntry:21 com.thundercomm.gamemode.ingame.services.ActivityMonitoringService$1.onActivityLaunch:127
11-29 04:01:38.008 1491 1491 I GameModeConfig: Current uri is uri = content://com.thundercomm.gamemode.api/gamemode_settings/gamemode_isgaming
11-29 04:01:38.010 1491 1491 I GameModeConfig: isGameModeOn = false
11-29 04:01:38.011 1491 1491 I GameModeConfig: isGameModeOn = false
11-29 04:01:38.011 1491 1491 I GameModeConfig: isDisableVoice = true
11-29 04:01:38.034 1491 1525 W ActivityTaskManager: getTaskSnapshot: taskId=2086 not found
11-29 04:01:38.034 1491 1525 W ActivityTaskManager: getTaskSnapshot: taskId=1086 not found
11-29 04:01:40.615 1491 1607 W UsageStatsService: Unexpected activity event reported! (com.android.launcher3/com.android.launcher3.uioverrides.QuickstepLauncher event : 23 instanceId : 49472091)
11-29 04:01:40.625 3714 3731 W ContextImpl: Calling a method in the system process without a qualified user: android.app.ContextImpl.startService:1816 android.content.ContextWrapper.startService:774 com.thundercomm.gamemode.ingame.services.GameModeActionUtils.startGameModeService:93 com.thundercomm.gamemode.ingame.services.GameModeActionUtils.startGameModeEntry:21 com.thundercomm.gamemode.ingame.services.ActivityMonitoringService$1.onActivityLaunch:127
11-29 04:01:40.630 1491 1491 I GameModeConfig: Current uri is uri = content://com.thundercomm.gamemode.api/gamemode_settings/gamemode_isgaming
11-29 04:01:40.632 1491 1491 I GameModeConfig: isGameModeOn = false
11-29 04:01:40.632 1491 1491 I GameModeConfig: isGameModeOn = false
11-29 04:01:40.632 1491 1491 I GameModeConfig: isDisableVoice = true
11-29 04:01:41.785 1491 9480 W ActivityTaskManager: getTaskSnapshot: taskId=2086 not found
11-29 04:01:41.800 3714 3731 W ContextImpl: Calling a method in the system process without a qualified user: android.app.ContextImpl.startService:1816 android.content.ContextWrapper.startService:774 com.thundercomm.gamemode.ingame.services.GameModeActionUtils.startGameModeService:93 com.thundercomm.gamemode.ingame.services.GameModeActionUtils.startGameModeEntry:21 com.thundercomm.gamemode.ingame.services.ActivityMonitoringService$1.onActivityLaunch:127
11-29 04:01:41.817 1491 1491 I GameModeConfig: Current uri is uri = content://com.thundercomm.gamemode.api/gamemode_settings/gamemode_isgaming
11-29 04:01:41.820 1491 1491 I GameModeConfig: isGameModeOn = false
11-29 04:01:41.821 1491 1491 I GameModeConfig: isGameModeOn = false
11-29 04:01:41.821 1491 1491 I GameModeConfig: isDisableVoice = true
11-29 04:01:43.457 1491 2058 I ActivityTaskManager: FOREGROUND_APPLICATION_CHANGED to com.android.launcher3.uioverrides.QuickstepLauncher
11-29 04:01:43.478 1491 1525 I ActivityTaskManager: START u0 {act=android.intent.action.MAIN cat=[android.intent.category.LAUNCHER] flg=0x10200000 cmp=com.android.settings/.Settings bnds=[2308,740][2494,940]} from uid 10077
11-29 04:01:43.528 1491 9370 I ActivityTaskManager: FOREGROUND_APPLICATION_CHANGED to com.android.settings.homepage.SettingsHomepageActivity
11-29 04:01:43.532 1491 9370 D CompatibilityChangeReporter: Compat change id reported: 174042980; UID 1000; state: DISABLED
11-29 04:01:43.532 1491 9370 D CompatibilityChangeReporter: Compat change id reported: 181136395; UID 1000; state: DISABLED
11-29 04:01:43.533 1491 9370 D CompatibilityChangeReporter: Compat change id reported: 174042936; UID 1000; state: DISABLED
11-29 04:01:43.583 3714 3731 W ContextImpl: Calling a method in the system process without a qualified user: android.app.ContextImpl.startService:1816 android.content.ContextWrapper.startService:774 com.thundercomm.gamemode.ingame.services.GameModeActionUtils.startGameModeService:93 com.thundercomm.gamemode.ingame.services.GameModeActionUtils.startGameModeEntry:21 com.thundercomm.gamemode.ingame.services.ActivityMonitoringService$1.onActivityLaunch:127
11-29 04:01:43.594 1491 1491 I GameModeConfig: Current uri is uri = content://com.thundercomm.gamemode.api/gamemode_settings/gamemode_isgaming
11-29 04:01:43.595 1491 2058 D TelephonyRegistry: listen oscl: mHasNotifySubscriptionInfoChangedOccurred==false no callback
11-29 04:01:43.598 1491 1491 I GameModeConfig: isGameModeOn = false
11-29 04:01:43.598 1491 1491 I GameModeConfig: isGameModeOn = false
11-29 04:01:43.598 1491 1491 I GameModeConfig: isDisableVoice = true
11-29 04:01:43.600 1491 9370 D TelephonyRegistry: listen oscl: mHasNotifySubscriptionInfoChangedOccurred==false no callback
11-29 04:01:43.606 3714 3731 W ContextImpl: Calling a method in the system process without a qualified user: android.app.ContextImpl.startService:1816 android.content.ContextWrapper.startService:774 com.thundercomm.gamemode.ingame.services.GameModeActionUtils.startGameModeService:93 com.thundercomm.gamemode.ingame.services.GameModeActionUtils.startGameModeEntry:21 com.thundercomm.gamemode.ingame.services.ActivityMonitoringService$1.onActivityLaunch:127
11-29 04:01:43.612 1491 1491 I GameModeConfig: Current uri is uri = content://com.thundercomm.gamemode.api/gamemode_settings/gamemode_isgaming
11-29 04:01:43.616 1491 1491 I GameModeConfig: isGameModeOn = false
11-29 04:01:43.617 1491 1491 I GameModeConfig: isGameModeOn = false
11-29 04:01:43.617 1491 1491 I GameModeConfig: isDisableVoice = true
11-29 04:01:43.653 3714 3731 W ContextImpl: Calling a method in the system process without a qualified user: android.app.ContextImpl.startService:1816 android.content.ContextWrapper.startService:774 com.thundercomm.gamemode.ingame.services.GameModeActionUtils.startGameModeService:93 com.thundercomm.gamemode.ingame.services.GameModeActionUtils.startGameModeEntry:21 com.thundercomm.gamemode.ingame.services.ActivityMonitoringService$1.onActivityLaunch:127
11-29 04:01:43.657 1491 1491 I GameModeConfig: Current uri is uri = content://com.thundercomm.gamemode.api/gamemode_settings/gamemode_isgaming
11-29 04:01:43.659 1491 1491 I GameModeConfig: isGameModeOn = false
11-29 04:01:43.661 1491 1491 I GameModeConfig: isGameModeOn = false
11-29 04:01:43.661 1491 1491 I GameModeConfig: isDisableVoice = true
11-29 04:01:43.987 3714 3731 W ContextImpl: Calling a method in the system process without a qualified user: android.app.ContextImpl.startService:1816 android.content.ContextWrapper.startService:774 com.thundercomm.gamemode.ingame.services.GameModeActionUtils.startGameModeService:93 com.thundercomm.gamemode.ingame.services.GameModeActionUtils.startGameModeEntry:21 com.thundercomm.gamemode.ingame.services.ActivityMonitoringService$1.onActivityLaunch:127
11-29 04:01:43.991 1491 1491 I GameModeConfig: Current uri is uri = content://com.thundercomm.gamemode.api/gamemode_settings/gamemode_isgaming
11-29 04:01:43.993 1491 1491 I GameModeConfig: isGameModeOn = false
11-29 04:01:43.994 1491 1491 I GameModeConfig: isGameModeOn = false
11-29 04:01:43.994 1491 1491 I GameModeConfig: isDisableVoice = true
11-29 04:01:46.541 1491 2756 E TaskPersister: File error accessing recents directory (directory doesn't exist?).
11-29 04:01:47.472 1491 9682 D TelephonyRegistry: listen oscl: mHasNotifySubscriptionInfoChangedOccurred==false no callback
11-29 04:01:47.477 1491 9682 D TelephonyRegistry: listen oscl: mHasNotifySubscriptionInfoChangedOccurred==false no callback
11-29 04:01:48.054 1491 1525 I ActivityTaskManager: moveTaskToBack: Task{e3ca446 #86 type=standard A=1000:com.android.settings.root U=0 visible=true mode=fullscreen translucent=false sz=1}
11-29 04:01:48.063 1491 1525 I ActivityTaskManager: FOREGROUND_APPLICATION_CHANGED to com.android.launcher3.uioverrides.QuickstepLauncher
11-29 04:01:48.103 3714 3731 W ContextImpl: Calling a method in the system process without a qualified user: android.app.ContextImpl.startService:1816 android.content.ContextWrapper.startService:774 com.thundercomm.gamemode.ingame.services.GameModeActionUtils.startGameModeService:93 com.thundercomm.gamemode.ingame.services.GameModeActionUtils.startGameModeEntry:21 com.thundercomm.gamemode.ingame.services.ActivityMonitoringService$1.onActivityLaunch:127
11-29 04:01:48.108 1491 1491 I GameModeConfig: Current uri is uri = content://com.thundercomm.gamemode.api/gamemode_settings/gamemode_isgaming
11-29 04:01:48.113 1491 1491 I GameModeConfig: isGameModeOn = false
11-29 04:01:48.113 1491 1491 I GameModeConfig: isGameModeOn = false
11-29 04:01:48.113 1491 1491 I GameModeConfig: isDisableVoice = true
11-29 04:01:48.181 3714 3731 W ContextImpl: Calling a method in the system process without a qualified user: android.app.ContextImpl.startService:1816 android.content.ContextWrapper.startService:774 com.thundercomm.gamemode.ingame.services.GameModeActionUtils.startGameModeService:93 com.thundercomm.gamemode.ingame.services.GameModeActionUtils.startGameModeEntry:21 com.thundercomm.gamemode.ingame.services.ActivityMonitoringService$1.onActivityLaunch:127
11-29 04:01:48.184 1491 1491 I GameModeConfig: Current uri is uri = content://com.thundercomm.gamemode.api/gamemode_settings/gamemode_isgaming
11-29 04:01:48.187 1491 1491 I GameModeConfig: isGameModeOn = false
11-29 04:01:48.187 1491 1491 I GameModeConfig: isGameModeOn = false
11-29 04:01:48.187 1491 1491 I GameModeConfig: isDisableVoice = true
11-29 04:01:48.568 3714 3731 W ContextImpl: Calling a method in the system process without a qualified user: android.app.ContextImpl.startService:1816 android.content.ContextWrapper.startService:774 com.thundercomm.gamemode.ingame.services.GameModeActionUtils.startGameModeService:93 com.thundercomm.gamemode.ingame.services.GameModeActionUtils.startGameModeEntry:21 com.thundercomm.gamemode.ingame.services.ActivityMonitoringService$1.onActivityLaunch:127
11-29 04:01:48.572 1491 1491 I GameModeConfig: Current uri is uri = content://com.thundercomm.gamemode.api/gamemode_settings/gamemode_isgaming
11-29 04:01:48.574 1491 1491 I GameModeConfig: isGameModeOn = false
11-29 04:01:48.574 1491 1491 I GameModeConfig: isGameModeOn = false
11-29 04:01:48.574 1491 1491 I GameModeConfig: isDisableVoice = true
11-29 04:01:49.521 1491 1760 I GameModeConfig: isGameModeOn = false
11-29 04:01:49.522 1491 1760 I GameModeConfig: isGameModeOn = false
11-29 04:01:49.523 1491 1760 I GameModeConfig: isGameModeOn = false
11-29 04:01:49.524 1491 1760 I GameModeConfig: isGameModeOn = false
11-29 04:01:49.569 1491 1760 I GameModeConfig: isGameModeOn = false
11-29 04:01:49.569 1491 1760 I GameModeConfig: isGameModeOn = false
11-29 04:01:49.569 1491 1760 I GameModeConfig: isGameModeOn = false
11-29 04:01:49.570 1491 1760 I GameModeConfig: isGameModeOn = false
11-29 04:01:49.609 1491 1760 I GameModeConfig: isGameModeOn = false
11-29 04:01:49.609 1491 1760 I GameModeConfig: isGameModeOn = false
11-29 04:01:49.610 1491 1760 I GameModeConfig: isGameModeOn = false
11-29 04:01:49.610 1491 1760 I GameModeConfig: isGameModeOn = false
11-29 04:01:49.639 1491 1760 I GameModeConfig: isGameModeOn = false
11-29 04:01:49.639 1491 1760 I GameModeConfig: isGameModeOn = false
11-29 04:01:49.639 1491 1760 I GameModeConfig: isGameModeOn = false
11-29 04:01:49.640 1491 1760 I GameModeConfig: isGameModeOn = false
11-29 04:01:49.730 1491 1491 I GameModeConfig: isGameModeOn = false
11-29 04:01:49.735 1491 1491 W NotificationHistory: Attempted to add notif for locked/gone/disabled user 0
11-29 04:01:49.773 1491 1491 I GameModeConfig: isGameModeOn = false
11-29 04:01:49.774 1491 1491 E NotificationService: Muting recently noisy 0|com.android.systemui|2048|null|10082
11-29 04:01:49.816 1491 1491 I GameModeConfig: isGameModeOn = false
11-29 04:01:49.817 1491 1491 E NotificationService: Muting recently noisy 0|com.android.systemui|2048|null|10082
11-29 04:01:49.842 1491 1491 I GameModeConfig: isGameModeOn = false
11-29 04:01:49.843 1491 1491 E NotificationService: Muting recently noisy 0|com.android.systemui|2048|null|10082
11-29 04:01:59.476 1491 9682 I ActivityTaskManager: START u0 {act=com.android.music.PLAYBACK_VIEWER flg=0x10000000 cmp=com.android.music/.MusicBrowserActivity} from uid 10089
11-29 04:01:59.491 1491 9682 I ActivityTaskManager: FOREGROUND_APPLICATION_CHANGED to com.android.music.MusicBrowserActivity
11-29 04:01:59.510 3714 3731 W ContextImpl: Calling a method in the system process without a qualified user: android.app.ContextImpl.startService:1816 android.content.ContextWrapper.startService:774 com.thundercomm.gamemode.ingame.services.GameModeActionUtils.startGameModeService:93 com.thundercomm.gamemode.ingame.services.GameModeActionUtils.startGameModeEntry:21 com.thundercomm.gamemode.ingame.services.ActivityMonitoringService$1.onActivityLaunch:127
11-29 04:01:59.516 1491 1491 I GameModeConfig: Current uri is uri = content://com.thundercomm.gamemode.api/gamemode_settings/gamemode_isgaming
11-29 04:01:59.519 1491 1491 I GameModeConfig: isGameModeOn = false
11-29 04:01:59.520 1491 1491 I GameModeConfig: isGameModeOn = false
11-29 04:01:59.520 1491 1491 I GameModeConfig: isDisableVoice = true
11-29 04:01:59.540 1491 1760 I GameModeConfig: isGameModeOn = false
11-29 04:01:59.541 1491 1760 I GameModeConfig: isGameModeOn = false
11-29 04:01:59.541 1491 1760 I GameModeConfig: isGameModeOn = false
11-29 04:01:59.541 1491 1760 I GameModeConfig: isGameModeOn = false
11-29 04:01:59.552 1951 1951 E AndroidRuntime: FATAL EXCEPTION: main
11-29 04:01:59.552 1951 1951 E AndroidRuntime: Process: com.android.systemui, PID: 1951
11-29 04:01:59.552 1951 1951 E AndroidRuntime: java.lang.ClassCastException: android.graphics.drawable.NinePatchDrawable cannot be cast to com.android.systemui.media.IlluminationDrawable
11-29 04:01:59.552 1951 1951 E AndroidRuntime: at com.android.systemui.media.MediaControlPanel$1.getCurrentTopCornerRadius(MediaControlPanel.java:535)
11-29 04:01:59.552 1951 1951 E AndroidRuntime: at com.android.systemui.animation.GhostedViewLaunchAnimatorController.createAnimatorState(GhostedViewLaunchAnimatorController.kt:113)
11-29 04:01:59.552 1951 1951 E AndroidRuntime: at com.android.systemui.statusbar.phone.StatusBarLaunchAnimatorController.createAnimatorState(Unknown Source:2)
11-29 04:01:59.552 1951 1951 E AndroidRuntime: at com.android.systemui.animation.ActivityLaunchAnimator$Runner.startAnimation(ActivityLaunchAnimator.kt:445)
11-29 04:01:59.552 1951 1951 E AndroidRuntime: at com.android.systemui.animation.ActivityLaunchAnimator$Runner.access$startAnimation(ActivityLaunchAnimator.kt:365)
11-29 04:01:59.552 1951 1951 E AndroidRuntime: at com.android.systemui.animation.ActivityLaunchAnimator$Runner$onAnimationStart$1.run(ActivityLaunchAnimator.kt:418)
11-29 04:01:59.552 1951 1951 E AndroidRuntime: at android.os.Handler.handleCallback(Handler.java:938)
11-29 04:01:59.552 1951 1951 E AndroidRuntime: at android.os.Handler.dispatchMessage(Handler.java:99)
11-29 04:01:59.552 1951 1951 E AndroidRuntime: at android.os.Looper.loopOnce(Looper.java:201)
11-29 04:01:59.552 1951 1951 E AndroidRuntime: at android.os.Looper.loop(Looper.java:288)
11-29 04:01:59.552 1951 1951 E AndroidRuntime: at android.app.ActivityThread.main(ActivityThread.java:7880)
11-29 04:01:59.552 1951 1951 E AndroidRuntime: at java.lang.reflect.Method.invoke(Native Method)
11-29 04:01:59.552 1951 1951 E AndroidRuntime: at com.android.internal.os.RuntimeInit$MethodAndArgsCaller.run(RuntimeInit.java:548)
11-29 04:01:59.552 1951 1951 E AndroidRuntime: at com.android.internal.os.ZygoteInit.main(ZygoteInit.java:1009)
11-29 04:01:59.556 1491 13983 I DropBoxManagerService: add tag=system_app_crash isTagEnabled=true flags=0x2
11-29 04:01:59.606 3714 3731 W ContextImpl: Calling a method in the system process without a qualified user: android.app.ContextImpl.startService:1816 android.content.ContextWrapper.startService:774 com.thundercomm.gamemode.ingame.services.GameModeActionUtils.startGameModeService:93 com.thundercomm.gamemode.ingame.services.GameModeActionUtils.startGameModeEntry:21 com.thundercomm.gamemode.ingame.services.ActivityMonitoringService$1.onActivityLaunch:127
11-29 04:01:59.609 1491 1491 I GameModeConfig: Current uri is uri = content://com.thundercomm.gamemode.api/gamemode_settings/gamemode_isgaming
11-29 04:01:59.611 1491 1491 I GameModeConfig: isGameModeOn = false
11-29 04:01:59.611 1491 1491 I GameModeConfig: isGameModeOn = false
11-29 04:01:59.611 1491 1491 I GameModeConfig: isDisableVoice = true
11-29 04:01:59.669 1491 9370 I ActivityManager: Process com.android.systemui (pid 1951) has died: pers PERU
11-29 04:01:59.671 1491 9950 E LockoutResetTracker: Callback binder died: android.os.BinderProxy@86f1958
11-29 04:01:59.671 1491 9950 E LockoutResetTracker: Removing dead callback for: com.android.systemui
11-29 04:01:59.672 1491 1491 W WallpaperManagerService: Wallpaper service gone: ComponentInfo{com.android.systemui/com.android.systemui.ImageWallpaper}
11-29 04:01:59.673 1491 2059 D NotificationListeners: Removing active service ComponentInfo{com.android.systemui/com.android.systemui.statusbar.NotificationListener}
11-29 04:01:59.673 1491 1772 E BiometricService: Enabled callback binder died
11-29 04:01:59.674 1491 1491 W WallpaperManagerService: Wallpaper service gone: ComponentInfo{com.android.systemui/com.android.systemui.ImageWallpaper}
11-29 04:01:59.687 1491 1597 D ActivityTaskManager: Top Process State changed to PROCESS_STATE_TOP_SLEEPING
11-29 04:01:59.705 1491 9370 W ActivityManager: Scheduling restart of crashed service com.android.systemui/.SystemUIService in 0ms for persistent
11-29 04:01:59.705 1491 11109 I WindowManager: WIN DEATH: Window{244bee5 u0 ShellDropTarget}
11-29 04:01:59.708 1491 1524 I WindowManager: WIN DEATH: Window{405817 u0 NotificationShade}
11-29 04:01:59.710 1491 2770 I WindowManager: WIN DEATH: Window{fb6d5e6 u0 NavigationBar0}
11-29 04:01:59.713 1491 2770 W WindowManager: Failed to deliver inset state change w=Window{93d0c70 u0 StatusBar}
11-29 04:01:59.713 1491 2770 W WindowManager: android.os.DeadObjectException
11-29 04:01:59.713 1491 2770 W WindowManager: at android.os.BinderProxy.transactNative(Native Method)
11-29 04:01:59.713 1491 2770 W WindowManager: at android.os.BinderProxy.transact(BinderProxy.java:571)
11-29 04:01:59.713 1491 2770 W WindowManager: at android.view.IWindow$Stub$Proxy.insetsChanged(IWindow.java:654)
11-29 04:01:59.713 1491 2770 W WindowManager: at com.android.server.wm.WindowState.notifyInsetsChanged(WindowState.java:3966)
11-29 04:01:59.713 1491 2770 W WindowManager: at com.android.server.wm.InsetsStateController.lambda$new$0(InsetsStateController.java:82)
11-29 04:01:59.713 1491 2770 W WindowManager: at com.android.server.wm.InsetsStateController$$ExternalSyntheticLambda3.accept(Unknown Source:2)
11-29 04:01:59.713 1491 2770 W WindowManager: at com.android.server.wm.WindowContainer$ForAllWindowsConsumerWrapper.apply(WindowContainer.java:2404)
11-29 04:01:59.713 1491 2770 W WindowManager: at com.android.server.wm.WindowContainer$ForAllWindowsConsumerWrapper.apply(WindowContainer.java:2394)
11-29 04:01:59.713 1491 2770 W WindowManager: at com.android.server.wm.WindowState.applyInOrderWithImeWindows(WindowState.java:4935)
11-29 04:01:59.713 1491 2770 W WindowManager: at com.android.server.wm.WindowState.forAllWindows(WindowState.java:4830)
11-29 04:01:59.713 1491 2770 W WindowManager: at com.android.server.wm.WindowContainer.forAllWindows(WindowContainer.java:1409)
11-29 04:01:59.713 1491 2770 W WindowManager: at com.android.server.wm.WindowContainer.forAllWindows(WindowContainer.java:1409)
11-29 04:01:59.713 1491 2770 W WindowManager: at com.android.server.wm.WindowContainer.forAllWindows(WindowContainer.java:1409)
11-29 04:01:59.713 1491 2770 W WindowManager: at com.android.server.wm.WindowContainer.forAllWindows(WindowContainer.java:1409)
11-29 04:01:59.713 1491 2770 W WindowManager: at com.android.server.wm.WindowContainer.forAllWindows(WindowContainer.java:1409)
11-29 04:01:59.713 1491 2770 W WindowManager: at com.android.server.wm.WindowContainer.forAllWindows(WindowContainer.java:1409)
11-29 04:01:59.713 1491 2770 W WindowManager: at com.android.server.wm.WindowContainer.forAllWindows(WindowContainer.java:1426)
11-29 04:01:59.713 1491 2770 W WindowManager: at com.android.server.wm.DisplayContent.notifyInsetsChanged(DisplayContent.java:1847)
11-29 04:01:59.713 1491 2770 W WindowManager: at com.android.server.wm.InsetsStateController.notifyInsetsChanged(InsetsStateController.java:571)
11-29 04:01:59.713 1491 2770 W WindowManager: at com.android.server.wm.InsetsStateController.onPostLayout(InsetsStateController.java:297)
11-29 04:01:59.713 1491 2770 W WindowManager: at com.android.server.wm.DisplayContent.applySurfaceChangesTransaction(DisplayContent.java:4324)
11-29 04:01:59.713 1491 2770 W WindowManager: at com.android.server.wm.RootWindowContainer.applySurfaceChangesTransaction(RootWindowContainer.java:1076)
11-29 04:01:59.713 1491 2770 W WindowManager: at com.android.server.wm.RootWindowContainer.performSurfacePlacementNoTrace(RootWindowContainer.java:852)
11-29 04:01:59.713 1491 2770 W WindowManager: at com.android.server.wm.RootWindowContainer.performSurfacePlacement(RootWindowContainer.java:805)
11-29 04:01:59.713 1491 2770 W WindowManager: at com.android.server.wm.WindowSurfacePlacer.performSurfacePlacementLoop(WindowSurfacePlacer.java:177)
11-29 04:01:59.713 1491 2770 W WindowManager: at com.android.server.wm.WindowSurfacePlacer.performSurfacePlacement(WindowSurfacePlacer.java:126)
11-29 04:01:59.713 1491 2770 W WindowManager: at com.android.server.wm.WindowSurfacePlacer.performSurfacePlacement(WindowSurfacePlacer.java:115)
11-29 04:01:59.713 1491 2770 W WindowManager: at com.android.server.wm.WindowManagerService.postWindowRemoveCleanupLocked(WindowManagerService.java:2107)
11-29 04:01:59.713 1491 2770 W WindowManager: at com.android.server.wm.WindowState.removeImmediately(WindowState.java:2426)
11-29 04:01:59.713 1491 2770 W WindowManager: at com.android.server.wm.WindowState.removeIfPossible(WindowState.java:2562)
11-29 04:01:59.713 1491 2770 W WindowManager: at com.android.server.wm.WindowState.access$300(WindowState.java:276)
11-29 04:01:59.713 1491 2770 W WindowManager: at com.android.server.wm.WindowState$DeathRecipient.binderDied(WindowState.java:3072)
11-29 04:01:59.713 1491 2770 W WindowManager: at android.os.IBinder$DeathRecipient.binderDied(IBinder.java:314)
11-29 04:01:59.713 1491 2770 W WindowManager: at android.os.BinderProxy.sendDeathNotice(BinderProxy.java:685)
11-29 04:01:59.713 1491 2770 W WindowManager: Failed to deliver inset state change w=Window{20f0aa1 u0 com.android.systemui.ImageWallpaper}
11-29 04:01:59.713 1491 2770 W WindowManager: android.os.DeadObjectException
11-29 04:01:59.713 1491 2770 W WindowManager: at android.os.BinderProxy.transactNative(Native Method)
11-29 04:01:59.713 1491 2770 W WindowManager: at android.os.BinderProxy.transact(BinderProxy.java:571)
11-29 04:01:59.713 1491 2770 W WindowManager: at android.view.IWindow$Stub$Proxy.insetsChanged(IWindow.java:654)
11-29 04:01:59.713 1491 2770 W WindowManager: at com.android.server.wm.WindowState.notifyInsetsChanged(WindowState.java:3966)
11-29 04:01:59.713 1491 2770 W WindowManager: at com.android.server.wm.InsetsStateController.lambda$new$0(InsetsStateController.java:82)
11-29 04:01:59.713 1491 2770 W WindowManager: at com.android.server.wm.InsetsStateController$$ExternalSyntheticLambda3.accept(Unknown Source:2)
11-29 04:01:59.713 1491 2770 W WindowManager: at com.android.server.wm.WindowContainer$ForAllWindowsConsumerWrapper.apply(WindowContainer.java:2404)
11-29 04:01:59.713 1491 2770 W WindowManager: at com.android.server.wm.WindowContainer$ForAllWindowsConsumerWrapper.apply(WindowContainer.java:2394)
11-29 04:01:59.713 1491 2770 W WindowManager: at com.android.server.wm.WindowState.applyInOrderWithImeWindows(WindowState.java:4935)
11-29 04:01:59.713 1491 2770 W WindowManager: at com.android.server.wm.WindowState.forAllWindows(WindowState.java:4830)
11-29 04:01:59.713 1491 2770 W WindowManager: at com.android.server.wm.WindowContainer.forAllWindows(WindowContainer.java:1409)
11-29 04:01:59.713 1491 2770 W WindowManager: at com.android.server.wm.WindowContainer.forAllWindows(WindowContainer.java:1409)
11-29 04:01:59.713 1491 2770 W WindowManager: at com.android.server.wm.WindowContainer.forAllWindows(WindowContainer.java:1409)
11-29 04:01:59.713 1491 2770 W WindowManager: at com.android.server.wm.WindowContainer.forAllWindows(WindowContainer.java:1409)
11-29 04:01:59.713 1491 2770 W WindowManager: at com.android.server.wm.WindowContainer.forAllWindows(WindowContainer.java:1409)
11-29 04:01:59.713 1491 2770 W WindowManager: at com.android.server.wm.WindowContainer.forAllWindows(WindowContainer.java:1409)
11-29 04:01:59.713 1491 2770 W WindowManager: at com.android.server.wm.WindowContainer.forAllWindows(WindowContainer.java:1409)
11-29 04:01:59.713 1491 2770 W WindowManager: at com.android.server.wm.WindowContainer.forAllWindows(WindowContainer.java:1409)
11-29 04:01:59.713 1491 2770 W WindowManager: at com.android.server.wm.WindowContainer.forAllWindows(WindowContainer.java:1426)
11-29 04:01:59.713 1491 2770 W WindowManager: at com.android.server.wm.DisplayContent.notifyInsetsChanged(DisplayContent.java:1847)
11-29 04:01:59.713 1491 2770 W WindowManager: at com.android.server.wm.InsetsStateController.notifyInsetsChanged(InsetsStateController.java:571)
11-29 04:01:59.713 1491 2770 W WindowManager: at com.android.server.wm.InsetsStateController.onPostLayout(InsetsStateController.java:297)
11-29 04:01:59.713 1491 2770 W WindowManager: at com.android.server.wm.DisplayContent.applySurfaceChangesTransaction(DisplayContent.java:4324)
11-29 04:01:59.713 1491 2770 W WindowManager: at com.android.server.wm.RootWindowContainer.applySurfaceChangesTransaction(RootWindowContainer.java:1076)
11-29 04:01:59.713 1491 2770 W WindowManager: at com.android.server.wm.RootWindowContainer.performSurfacePlacementNoTrace(RootWindowContainer.java:852)
11-29 04:01:59.713 1491 2770 W WindowManager: at com.android.server.wm.RootWindowContainer.performSurfacePlacement(RootWindowContainer.java:805)
11-29 04:01:59.713 1491 2770 W WindowManager: at com.android.server.wm.WindowSurfacePlacer.performSurfacePlacementLoop(WindowSurfacePlacer.java:177)
11-29 04:01:59.713 1491 2770 W WindowManager: at com.android.server.wm.WindowSurfacePlacer.performSurfacePlacement(WindowSurfacePlacer.java:126)
11-29 04:01:59.713 1491 2770 W WindowManager: at com.android.server.wm.WindowSurfacePlacer.performSurfacePlacement(WindowSurfacePlacer.java:115)
11-29 04:01:59.713 1491 2770 W WindowManager: at com.android.server.wm.WindowManagerService.postWindowRemoveCleanupLocked(WindowManagerService.java:2107)
11-29 04:01:59.713 1491 2770 W WindowManager: at com.android.server.wm.WindowState.removeImmediately(WindowState.java:2426)
11-29 04:01:59.713 1491 2770 W WindowManager: at com.android.server.wm.WindowState.removeIfPossible(WindowState.java:2562)
11-29 04:01:59.713 1491 2770 W WindowManager: at com.android.server.wm.WindowState.access$300(WindowState.java:276)
11-29 04:01:59.713 1491 2770 W WindowManager: at com.android.server.wm.WindowState$DeathRecipient.binderDied(WindowState.java:3072)
11-29 04:01:59.713 1491 2770 W WindowManager: at android.os.IBinder$DeathRecipient.binderDied(IBinder.java:314)
11-29 04:01:59.713 1491 2770 W WindowManager: at android.os.BinderProxy.sendDeathNotice(BinderProxy.java:685)
11-29 04:01:59.714 1491 2106 I WindowManager: WIN DEATH: Window{93d0c70 u0 StatusBar}
11-29 04:01:59.716 1491 2106 W WindowManager: Failed to deliver inset state change w=Window{20f0aa1 u0 com.android.systemui.ImageWallpaper}
11-29 04:01:59.716 1491 2106 W WindowManager: android.os.DeadObjectException
11-29 04:01:59.716 1491 2106 W WindowManager: at android.os.BinderProxy.transactNative(Native Method)
