11-29 04:04:09.079 0 0 I auditd : type=1400 audit(0.0:3770): avc: denied { kill } for comm="swapper/2" capability=5 scontext=u:r:kernel:s0 tcontext=u:r:kernel:s0 tclass=capability permissive=0
11-29 04:04:10.079 0 0 I auditd : type=1400 audit(0.0:3771): avc: denied { kill } for comm="swapper/2" capability=5 scontext=u:r:kernel:s0 tcontext=u:r:kernel:s0 tclass=capability permissive=0
11-29 04:04:10.119 1197 1197 W wificond: Scan aborted
11-29 04:04:11.079 0 0 I auditd : type=1400 audit(0.0:3772): avc: denied { kill } for comm="swapper/2" capability=5 scontext=u:r:kernel:s0 tcontext=u:r:kernel:s0 tclass=capability permissive=0
11-29 04:04:11.473 1491 1608 I am_uid_idle: 10068
11-29 04:04:12.079 0 0 I auditd : type=1400 audit(0.0:3773): avc: denied { kill } for comm="swapper/2" capability=5 scontext=u:r:kernel:s0 tcontext=u:r:kernel:s0 tclass=capability permissive=0
11-29 04:04:12.492 1491 1626 V DisplayPowerController[0]: Brightness [0.05] reason changing to: 'manual [ dim ]', previous reason: 'manual'.
11-29 04:04:12.492 1491 1626 I sysui_multi_action: [757,1696,758,6,759,2]
11-29 04:04:12.494 1491 1626 W PowerManagerService: Screen on took 216933 ms
11-29 04:04:12.501 1491 1874 E DisplayDeviceConfig: requesting nits when no mapping exists.
11-29 04:04:12.502 1491 1874 E DisplayDeviceConfig: requesting nits when no mapping exists.
11-29 04:04:12.502 1491 1608 I am_wtf : [0,1491,system_server,-1,DisplayDeviceConfig,requesting nits when no mapping exists.]
11-29 04:04:12.503 1491 1608 I service_manager_stats: [100,92,148971]
11-29 04:04:12.504 1491 1608 I DropBoxManagerService: add tag=system_server_wtf isTagEnabled=true flags=0x2
11-29 04:04:12.505 1491 1608 I am_wtf : [0,1491,system_server,-1,DisplayDeviceConfig,requesting nits when no mapping exists.]
11-29 04:04:12.506 1491 1608 I DropBoxManagerService: add tag=system_server_wtf isTagEnabled=true flags=0x2
11-29 04:04:12.517 1491 1874 E DisplayDeviceConfig: requesting nits when no mapping exists.
11-29 04:04:12.517 1491 1874 E DisplayDeviceConfig: requesting nits when no mapping exists.
11-29 04:04:12.517 1491 1608 I am_wtf : [0,1491,system_server,-1,DisplayDeviceConfig,requesting nits when no mapping exists.]
11-29 04:04:12.518 1491 1608 I DropBoxManagerService: add tag=system_server_wtf isTagEnabled=true flags=0x2
11-29 04:04:12.519 1491 1608 I am_wtf : [0,1491,system_server,-1,DisplayDeviceConfig,requesting nits when no mapping exists.]
11-29 04:04:12.519 1491 1608 I DropBoxManagerService: add tag=system_server_wtf isTagEnabled=true flags=0x2
11-29 04:04:12.530 1491 1874 E DisplayDeviceConfig: requesting nits when no mapping exists.
11-29 04:04:12.530 1491 1608 I am_wtf : [0,1491,system_server,-1,DisplayDeviceConfig,requesting nits when no mapping exists.]
11-29 04:04:12.531 1491 1874 E DisplayDeviceConfig: requesting nits when no mapping exists.
11-29 04:04:12.531 1491 1608 I DropBoxManagerService: add tag=system_server_wtf isTagEnabled=true flags=0x2
11-29 04:04:12.532 1491 1608 I am_wtf : [0,1491,system_server,-1,DisplayDeviceConfig,requesting nits when no mapping exists.]
11-29 04:04:12.547 1491 1874 E DisplayDeviceConfig: requesting nits when no mapping exists.
11-29 04:04:12.547 1491 1608 I am_wtf : [0,1491,system_server,-1,DisplayDeviceConfig,requesting nits when no mapping exists.]
11-29 04:04:12.547 1491 1874 E DisplayDeviceConfig: requesting nits when no mapping exists.
11-29 04:04:12.548 1491 1608 I am_wtf : [0,1491,system_server,-1,DisplayDeviceConfig,requesting nits when no mapping exists.]
11-29 04:04:12.564 1491 1874 E DisplayDeviceConfig: requesting nits when no mapping exists.
11-29 04:04:12.564 1491 1608 I am_wtf : [0,1491,system_server,-1,DisplayDeviceConfig,requesting nits when no mapping exists.]
11-29 04:04:12.564 1491 1874 E DisplayDeviceConfig: requesting nits when no mapping exists.
11-29 04:04:12.566 1491 1608 I am_wtf : [0,1491,system_server,-1,DisplayDeviceConfig,requesting nits when no mapping exists.]
11-29 04:04:12.580 1491 1874 E DisplayDeviceConfig: requesting nits when no mapping exists.
11-29 04:04:12.581 1491 1608 I am_wtf : [0,1491,system_server,-1,DisplayDeviceConfig,requesting nits when no mapping exists.]
11-29 04:04:12.581 1491 1874 E DisplayDeviceConfig: requesting nits when no mapping exists.
11-29 04:04:12.582 1491 1608 I am_wtf : [0,1491,system_server,-1,DisplayDeviceConfig,requesting nits when no mapping exists.]
11-29 04:04:12.597 1491 1874 E DisplayDeviceConfig: requesting nits when no mapping exists.
11-29 04:04:12.598 1491 1608 I am_wtf : [0,1491,system_server,-1,DisplayDeviceConfig,requesting nits when no mapping exists.]
11-29 04:04:12.598 1491 1874 E DisplayDeviceConfig: requesting nits when no mapping exists.
11-29 04:04:12.599 1491 1608 I am_wtf : [0,1491,system_server,-1,DisplayDeviceConfig,requesting nits when no mapping exists.]
11-29 04:04:12.614 1491 1874 E DisplayDeviceConfig: requesting nits when no mapping exists.
11-29 04:04:12.615 1491 1608 I am_wtf : [0,1491,system_server,-1,DisplayDeviceConfig,requesting nits when no mapping exists.]
11-29 04:04:12.616 1491 1874 E DisplayDeviceConfig: requesting nits when no mapping exists.
11-29 04:04:12.616 1491 1608 I am_wtf : [0,1491,system_server,-1,DisplayDeviceConfig,requesting nits when no mapping exists.]
11-29 04:04:12.631 1491 1874 E DisplayDeviceConfig: requesting nits when no mapping exists.
11-29 04:04:12.631 1491 1608 I am_wtf : [0,1491,system_server,-1,DisplayDeviceConfig,requesting nits when no mapping exists.]
11-29 04:04:12.631 1491 1874 E DisplayDeviceConfig: requesting nits when no mapping exists.
11-29 04:04:12.632 1491 1608 I am_wtf : [0,1491,system_server,-1,DisplayDeviceConfig,requesting nits when no mapping exists.]
11-29 04:04:12.648 1491 1874 E DisplayDeviceConfig: requesting nits when no mapping exists.
11-29 04:04:12.648 1491 1874 E DisplayDeviceConfig: requesting nits when no mapping exists.
11-29 04:04:12.648 1491 1608 I am_wtf : [0,1491,system_server,-1,DisplayDeviceConfig,requesting nits when no mapping exists.]
11-29 04:04:12.649 1491 1608 I am_wtf : [0,1491,system_server,-1,DisplayDeviceConfig,requesting nits when no mapping exists.]
11-29 04:04:12.664 1491 1874 E DisplayDeviceConfig: requesting nits when no mapping exists.
11-29 04:04:12.665 1491 1874 E DisplayDeviceConfig: requesting nits when no mapping exists.
11-29 04:04:12.665 1491 1608 I am_wtf : [0,1491,system_server,-1,DisplayDeviceConfig,requesting nits when no mapping exists.]
11-29 04:04:12.666 1491 1608 I am_wtf : [0,1491,system_server,-1,DisplayDeviceConfig,requesting nits when no mapping exists.]
11-29 04:04:12.681 1491 1874 E DisplayDeviceConfig: requesting nits when no mapping exists.
11-29 04:04:12.682 1491 1874 E DisplayDeviceConfig: requesting nits when no mapping exists.
11-29 04:04:12.682 1491 1608 I am_wtf : [0,1491,system_server,-1,DisplayDeviceConfig,requesting nits when no mapping exists.]
11-29 04:04:12.689 1491 1608 I am_wtf : [0,1491,system_server,-1,DisplayDeviceConfig,requesting nits when no mapping exists.]
11-29 04:04:12.698 1491 1874 E DisplayDeviceConfig: requesting nits when no mapping exists.
11-29 04:04:12.698 1491 1608 I am_wtf : [0,1491,system_server,-1,DisplayDeviceConfig,requesting nits when no mapping exists.]
11-29 04:04:12.698 1491 1874 E DisplayDeviceConfig: requesting nits when no mapping exists.
11-29 04:04:12.699 1491 1608 I am_wtf : [0,1491,system_server,-1,DisplayDeviceConfig,requesting nits when no mapping exists.]
11-29 04:04:12.714 1491 1874 E DisplayDeviceConfig: requesting nits when no mapping exists.
11-29 04:04:12.715 1491 1608 I am_wtf : [0,1491,system_server,-1,DisplayDeviceConfig,requesting nits when no mapping exists.]
11-29 04:04:12.715 1491 1874 E DisplayDeviceConfig: requesting nits when no mapping exists.
11-29 04:04:12.716 1491 1608 I am_wtf : [0,1491,system_server,-1,DisplayDeviceConfig,requesting nits when no mapping exists.]
11-29 04:04:12.731 1491 1874 E DisplayDeviceConfig: requesting nits when no mapping exists.
11-29 04:04:12.732 1491 1608 I am_wtf : [0,1491,system_server,-1,DisplayDeviceConfig,requesting nits when no mapping exists.]
11-29 04:04:12.732 1491 1874 E DisplayDeviceConfig: requesting nits when no mapping exists.
11-29 04:04:12.733 1491 1608 I am_wtf : [0,1491,system_server,-1,DisplayDeviceConfig,requesting nits when no mapping exists.]
11-29 04:04:12.748 1491 1874 E DisplayDeviceConfig: requesting nits when no mapping exists.
11-29 04:04:12.748 1491 1608 I am_wtf : [0,1491,system_server,-1,DisplayDeviceConfig,requesting nits when no mapping exists.]
11-29 04:04:12.748 1491 1874 E DisplayDeviceConfig: requesting nits when no mapping exists.
11-29 04:04:12.749 1491 1608 I am_wtf : [0,1491,system_server,-1,DisplayDeviceConfig,requesting nits when no mapping exists.]
11-29 04:04:12.764 1491 1874 E DisplayDeviceConfig: requesting nits when no mapping exists.
11-29 04:04:12.765 1491 1608 I am_wtf : [0,1491,system_server,-1,DisplayDeviceConfig,requesting nits when no mapping exists.]
11-29 04:04:12.765 1491 1874 E DisplayDeviceConfig: requesting nits when no mapping exists.
11-29 04:04:12.766 1491 1608 I am_wtf : [0,1491,system_server,-1,DisplayDeviceConfig,requesting nits when no mapping exists.]
11-29 04:04:12.781 1491 1874 E DisplayDeviceConfig: requesting nits when no mapping exists.
11-29 04:04:12.782 1491 1874 E DisplayDeviceConfig: requesting nits when no mapping exists.
11-29 04:04:12.782 1491 1608 I am_wtf : [0,1491,system_server,-1,DisplayDeviceConfig,requesting nits when no mapping exists.]
11-29 04:04:12.783 1491 1608 I am_wtf : [0,1491,system_server,-1,DisplayDeviceConfig,requesting nits when no mapping exists.]
11-29 04:04:12.798 1491 1874 E DisplayDeviceConfig: requesting nits when no mapping exists.
11-29 04:04:12.799 1491 1874 E DisplayDeviceConfig: requesting nits when no mapping exists.
11-29 04:04:12.799 1491 1608 I am_wtf : [0,1491,system_server,-1,DisplayDeviceConfig,requesting nits when no mapping exists.]
11-29 04:04:12.800 1491 1608 I am_wtf : [0,1491,system_server,-1,DisplayDeviceConfig,requesting nits when no mapping exists.]
11-29 04:04:12.815 1491 1874 E DisplayDeviceConfig: requesting nits when no mapping exists.
11-29 04:04:12.815 1491 1874 E DisplayDeviceConfig: requesting nits when no mapping exists.
11-29 04:04:12.815 1491 1608 I am_wtf : [0,1491,system_server,-1,DisplayDeviceConfig,requesting nits when no mapping exists.]
11-29 04:04:12.816 1491 1608 I am_wtf : [0,1491,system_server,-1,DisplayDeviceConfig,requesting nits when no mapping exists.]
11-29 04:04:12.832 1491 1874 E DisplayDeviceConfig: requesting nits when no mapping exists.
11-29 04:04:12.832 1491 1874 E DisplayDeviceConfig: requesting nits when no mapping exists.
11-29 04:04:12.832 1491 1608 I am_wtf : [0,1491,system_server,-1,DisplayDeviceConfig,requesting nits when no mapping exists.]
11-29 04:04:12.833 1491 1608 I am_wtf : [0,1491,system_server,-1,DisplayDeviceConfig,requesting nits when no mapping exists.]
11-29 04:04:12.848 1491 1874 E DisplayDeviceConfig: requesting nits when no mapping exists.
11-29 04:04:12.848 1491 1874 E DisplayDeviceConfig: requesting nits when no mapping exists.
11-29 04:04:12.848 1491 1608 I am_wtf : [0,1491,system_server,-1,DisplayDeviceConfig,requesting nits when no mapping exists.]
11-29 04:04:12.850 1491 1608 I am_wtf : [0,1491,system_server,-1,DisplayDeviceConfig,requesting nits when no mapping exists.]
11-29 04:04:12.865 1491 1874 E DisplayDeviceConfig: requesting nits when no mapping exists.
11-29 04:04:12.866 1491 1608 I am_wtf : [0,1491,system_server,-1,DisplayDeviceConfig,requesting nits when no mapping exists.]
11-29 04:04:12.866 1491 1874 E DisplayDeviceConfig: requesting nits when no mapping exists.
11-29 04:04:12.867 1491 1608 I am_wtf : [0,1491,system_server,-1,DisplayDeviceConfig,requesting nits when no mapping exists.]
11-29 04:04:12.882 1491 1874 E DisplayDeviceConfig: requesting nits when no mapping exists.
11-29 04:04:12.882 1491 1608 I am_wtf : [0,1491,system_server,-1,DisplayDeviceConfig,requesting nits when no mapping exists.]
11-29 04:04:12.883 1491 1874 E DisplayDeviceConfig: requesting nits when no mapping exists.
11-29 04:04:12.883 1491 1608 I am_wtf : [0,1491,system_server,-1,DisplayDeviceConfig,requesting nits when no mapping exists.]
11-29 04:04:12.898 1491 1874 E DisplayDeviceConfig: requesting nits when no mapping exists.
11-29 04:04:12.899 1491 1874 E DisplayDeviceConfig: requesting nits when no mapping exists.
11-29 04:04:12.899 1491 1608 I am_wtf : [0,1491,system_server,-1,DisplayDeviceConfig,requesting nits when no mapping exists.]
11-29 04:04:12.900 1491 1608 I am_wtf : [0,1491,system_server,-1,DisplayDeviceConfig,requesting nits when no mapping exists.]
11-29 04:04:12.915 1491 1874 E DisplayDeviceConfig: requesting nits when no mapping exists.
11-29 04:04:12.915 1491 1874 E DisplayDeviceConfig: requesting nits when no mapping exists.
11-29 04:04:12.915 1491 1608 I am_wtf : [0,1491,system_server,-1,DisplayDeviceConfig,requesting nits when no mapping exists.]
11-29 04:04:12.916 1491 1608 I am_wtf : [0,1491,system_server,-1,DisplayDeviceConfig,requesting nits when no mapping exists.]
11-29 04:04:12.931 1491 1874 E DisplayDeviceConfig: requesting nits when no mapping exists.
11-29 04:04:12.932 1491 1874 E DisplayDeviceConfig: requesting nits when no mapping exists.
11-29 04:04:12.932 1491 1608 I am_wtf : [0,1491,system_server,-1,DisplayDeviceConfig,requesting nits when no mapping exists.]
11-29 04:04:12.933 1491 1608 I am_wtf : [0,1491,system_server,-1,DisplayDeviceConfig,requesting nits when no mapping exists.]
11-29 04:04:12.948 1491 1874 E DisplayDeviceConfig: requesting nits when no mapping exists.
11-29 04:04:12.949 1491 1874 E DisplayDeviceConfig: requesting nits when no mapping exists.
11-29 04:04:12.949 1491 1608 I am_wtf : [0,1491,system_server,-1,DisplayDeviceConfig,requesting nits when no mapping exists.]
11-29 04:04:12.950 1491 1608 I am_wtf : [0,1491,system_server,-1,DisplayDeviceConfig,requesting nits when no mapping exists.]
11-29 04:04:12.965 1491 1874 E DisplayDeviceConfig: requesting nits when no mapping exists.
11-29 04:04:12.966 1491 1608 I am_wtf : [0,1491,system_server,-1,DisplayDeviceConfig,requesting nits when no mapping exists.]
11-29 04:04:12.966 1491 1874 E DisplayDeviceConfig: requesting nits when no mapping exists.
11-29 04:04:12.967 1491 1608 I am_wtf : [0,1491,system_server,-1,DisplayDeviceConfig,requesting nits when no mapping exists.]
11-29 04:04:12.982 1491 1874 E DisplayDeviceConfig: requesting nits when no mapping exists.
11-29 04:04:12.983 1491 1608 I am_wtf : [0,1491,system_server,-1,DisplayDeviceConfig,requesting nits when no mapping exists.]
11-29 04:04:12.984 1491 1874 E DisplayDeviceConfig: requesting nits when no mapping exists.
11-29 04:04:12.985 1491 1608 I am_wtf : [0,1491,system_server,-1,DisplayDeviceConfig,requesting nits when no mapping exists.]
11-29 04:04:12.998 1491 1874 E DisplayDeviceConfig: requesting nits when no mapping exists.
11-29 04:04:12.999 1491 1608 I am_wtf : [0,1491,system_server,-1,DisplayDeviceConfig,requesting nits when no mapping exists.]
11-29 04:04:12.999 1491 1874 E DisplayDeviceConfig: requesting nits when no mapping exists.
11-29 04:04:13.005 1491 1608 I am_wtf : [0,1491,system_server,-1,DisplayDeviceConfig,requesting nits when no mapping exists.]
11-29 04:04:13.015 1491 1874 E DisplayDeviceConfig: requesting nits when no mapping exists.
11-29 04:04:13.015 1491 1608 I am_wtf : [0,1491,system_server,-1,DisplayDeviceConfig,requesting nits when no mapping exists.]
11-29 04:04:13.015 1491 1874 E DisplayDeviceConfig: requesting nits when no mapping exists.
11-29 04:04:13.016 1491 1608 I am_wtf : [0,1491,system_server,-1,DisplayDeviceConfig,requesting nits when no mapping exists.]
11-29 04:04:13.032 1491 1874 E DisplayDeviceConfig: requesting nits when no mapping exists.
11-29 04:04:13.033 1491 1608 I am_wtf : [0,1491,system_server,-1,DisplayDeviceConfig,requesting nits when no mapping exists.]
11-29 04:04:13.034 1491 1874 E DisplayDeviceConfig: requesting nits when no mapping exists.
11-29 04:04:13.035 1491 1608 I am_wtf : [0,1491,system_server,-1,DisplayDeviceConfig,requesting nits when no mapping exists.]
11-29 04:04:13.048 1491 1874 E DisplayDeviceConfig: requesting nits when no mapping exists.
11-29 04:04:13.049 1491 1874 E DisplayDeviceConfig: requesting nits when no mapping exists.
11-29 04:04:13.049 1491 1608 I am_wtf : [0,1491,system_server,-1,DisplayDeviceConfig,requesting nits when no mapping exists.]
11-29 04:04:13.050 1491 1608 I am_wtf : [0,1491,system_server,-1,DisplayDeviceConfig,requesting nits when no mapping exists.]
11-29 04:04:13.065 1491 1874 E DisplayDeviceConfig: requesting nits when no mapping exists.
11-29 04:04:13.066 1491 1874 E DisplayDeviceConfig: requesting nits when no mapping exists.
11-29 04:04:13.066 1491 1608 I am_wtf : [0,1491,system_server,-1,DisplayDeviceConfig,requesting nits when no mapping exists.]
11-29 04:04:13.067 1491 1608 I am_wtf : [0,1491,system_server,-1,DisplayDeviceConfig,requesting nits when no mapping exists.]
11-29 04:04:13.082 1491 1874 E DisplayDeviceConfig: requesting nits when no mapping exists.
11-29 04:04:13.083 1491 1608 I am_wtf : [0,1491,system_server,-1,DisplayDeviceConfig,requesting nits when no mapping exists.]
11-29 04:04:13.083 1491 1874 E DisplayDeviceConfig: requesting nits when no mapping exists.
11-29 04:04:13.084 1491 1608 I am_wtf : [0,1491,system_server,-1,DisplayDeviceConfig,requesting nits when no mapping exists.]
11-29 04:04:13.098 1491 1874 E DisplayDeviceConfig: requesting nits when no mapping exists.
11-29 04:04:13.099 1491 1874 E DisplayDeviceConfig: requesting nits when no mapping exists.
11-29 04:04:13.099 1491 1608 I am_wtf : [0,1491,system_server,-1,DisplayDeviceConfig,requesting nits when no mapping exists.]
11-29 04:04:13.100 1491 1608 I am_wtf : [0,1491,system_server,-1,DisplayDeviceConfig,requesting nits when no mapping exists.]
11-29 04:04:13.115 1491 1874 E DisplayDeviceConfig: requesting nits when no mapping exists.
11-29 04:04:13.116 1491 1608 I am_wtf : [0,1491,system_server,-1,DisplayDeviceConfig,requesting nits when no mapping exists.]
11-29 04:04:13.116 1491 1874 E DisplayDeviceConfig: requesting nits when no mapping exists.
11-29 04:04:13.117 1491 1608 I am_wtf : [0,1491,system_server,-1,DisplayDeviceConfig,requesting nits when no mapping exists.]
11-29 04:04:13.132 1491 1874 E DisplayDeviceConfig: requesting nits when no mapping exists.
11-29 04:04:13.132 1491 1608 I am_wtf : [0,1491,system_server,-1,DisplayDeviceConfig,requesting nits when no mapping exists.]
11-29 04:04:13.132 1491 1874 E DisplayDeviceConfig: requesting nits when no mapping exists.
11-29 04:04:13.134 1491 1608 I am_wtf : [0,1491,system_server,-1,DisplayDeviceConfig,requesting nits when no mapping exists.]
11-29 04:04:13.149 1491 1874 E DisplayDeviceConfig: requesting nits when no mapping exists.
11-29 04:04:13.149 1491 1874 E DisplayDeviceConfig: requesting nits when no mapping exists.
11-29 04:04:13.149 1491 1608 I am_wtf : [0,1491,system_server,-1,DisplayDeviceConfig,requesting nits when no mapping exists.]
11-29 04:04:13.150 1491 1608 I am_wtf : [0,1491,system_server,-1,DisplayDeviceConfig,requesting nits when no mapping exists.]
11-29 04:04:13.165 1491 1874 E DisplayDeviceConfig: requesting nits when no mapping exists.
11-29 04:04:13.166 1491 1874 E DisplayDeviceConfig: requesting nits when no mapping exists.
11-29 04:04:13.166 1491 1608 I am_wtf : [0,1491,system_server,-1,DisplayDeviceConfig,requesting nits when no mapping exists.]
11-29 04:04:13.169 1491 1608 I am_wtf : [0,1491,system_server,-1,DisplayDeviceConfig,requesting nits when no mapping exists.]
11-29 04:04:13.182 1491 1874 E DisplayDeviceConfig: requesting nits when no mapping exists.
11-29 04:04:13.183 1491 1874 E DisplayDeviceConfig: requesting nits when no mapping exists.
11-29 04:04:13.183 1491 1608 I am_wtf : [0,1491,system_server,-1,DisplayDeviceConfig,requesting nits when no mapping exists.]
11-29 04:04:13.184 1491 1608 I am_wtf : [0,1491,system_server,-1,DisplayDeviceConfig,requesting nits when no mapping exists.]
11-29 04:04:13.199 1491 1874 E DisplayDeviceConfig: requesting nits when no mapping exists.
11-29 04:04:13.199 1491 1874 E DisplayDeviceConfig: requesting nits when no mapping exists.
11-29 04:04:13.199 1491 1608 I am_wtf : [0,1491,system_server,-1,DisplayDeviceConfig,requesting nits when no mapping exists.]
11-29 04:04:13.200 1491 1608 I am_wtf : [0,1491,system_server,-1,DisplayDeviceConfig,requesting nits when no mapping exists.]
11-29 04:04:13.216 1491 1874 E DisplayDeviceConfig: requesting nits when no mapping exists.
11-29 04:04:13.216 1491 1608 I am_wtf : [0,1491,system_server,-1,DisplayDeviceConfig,requesting nits when no mapping exists.]
11-29 04:04:13.217 1491 1874 E DisplayDeviceConfig: requesting nits when no mapping exists.
11-29 04:04:13.217 1491 1608 I am_wtf : [0,1491,system_server,-1,DisplayDeviceConfig,requesting nits when no mapping exists.]
11-29 04:04:13.233 1491 1874 E DisplayDeviceConfig: requesting nits when no mapping exists.
11-29 04:04:13.233 1491 1608 I am_wtf : [0,1491,system_server,-1,DisplayDeviceConfig,requesting nits when no mapping exists.]
11-29 04:04:13.233 1491 1874 E DisplayDeviceConfig: requesting nits when no mapping exists.
11-29 04:04:13.234 1491 1608 I am_wtf : [0,1491,system_server,-1,DisplayDeviceConfig,requesting nits when no mapping exists.]
11-29 04:04:13.249 1491 1874 E DisplayDeviceConfig: requesting nits when no mapping exists.
11-29 04:04:13.250 1491 1874 E DisplayDeviceConfig: requesting nits when no mapping exists.
11-29 04:04:13.250 1491 1608 I am_wtf : [0,1491,system_server,-1,DisplayDeviceConfig,requesting nits when no mapping exists.]
11-29 04:04:13.250 1491 1608 I am_wtf : [0,1491,system_server,-1,DisplayDeviceConfig,requesting nits when no mapping exists.]
11-29 04:04:13.267 1491 1874 E DisplayDeviceConfig: requesting nits when no mapping exists.
11-29 04:04:13.268 1491 1874 E DisplayDeviceConfig: requesting nits when no mapping exists.
11-29 04:04:13.268 1491 1608 I am_wtf : [0,1491,system_server,-1,DisplayDeviceConfig,requesting nits when no mapping exists.]
11-29 04:04:13.269 1491 1608 I am_wtf : [0,1491,system_server,-1,DisplayDeviceConfig,requesting nits when no mapping exists.]
11-29 04:04:13.282 1491 1874 E DisplayDeviceConfig: requesting nits when no mapping exists.
11-29 04:04:13.283 1491 1608 I am_wtf : [0,1491,system_server,-1,DisplayDeviceConfig,requesting nits when no mapping exists.]
11-29 04:04:13.283 1491 1874 E DisplayDeviceConfig: requesting nits when no mapping exists.
11-29 04:04:13.284 1491 1608 I am_wtf : [0,1491,system_server,-1,DisplayDeviceConfig,requesting nits when no mapping exists.]
11-29 04:04:13.300 1491 1874 E DisplayDeviceConfig: requesting nits when no mapping exists.
11-29 04:04:13.300 1491 1608 I am_wtf : [0,1491,system_server,-1,DisplayDeviceConfig,requesting nits when no mapping exists.]
11-29 04:04:13.300 1491 1874 E DisplayDeviceConfig: requesting nits when no mapping exists.
11-29 04:04:13.302 1491 1608 I am_wtf : [0,1491,system_server,-1,DisplayDeviceConfig,requesting nits when no mapping exists.]
11-29 04:04:13.316 1491 1874 E DisplayDeviceConfig: requesting nits when no mapping exists.
11-29 04:04:13.317 1491 1608 I am_wtf : [0,1491,system_server,-1,DisplayDeviceConfig,requesting nits when no mapping exists.]
11-29 04:04:13.317 1491 1874 E DisplayDeviceConfig: requesting nits when no mapping exists.
11-29 04:04:13.318 1491 1608 I am_wtf : [0,1491,system_server,-1,DisplayDeviceConfig,requesting nits when no mapping exists.]
11-29 04:04:13.332 1491 1874 E DisplayDeviceConfig: requesting nits when no mapping exists.
11-29 04:04:13.333 1491 1608 I am_wtf : [0,1491,system_server,-1,DisplayDeviceConfig,requesting nits when no mapping exists.]
11-29 04:04:13.333 1491 1874 E DisplayDeviceConfig: requesting nits when no mapping exists.
11-29 04:04:13.334 1491 1608 I am_wtf : [0,1491,system_server,-1,DisplayDeviceConfig,requesting nits when no mapping exists.]
11-29 04:04:13.350 1491 1874 E DisplayDeviceConfig: requesting nits when no mapping exists.
11-29 04:04:13.350 1491 1874 E DisplayDeviceConfig: requesting nits when no mapping exists.
11-29 04:04:13.350 1491 1608 I am_wtf : [0,1491,system_server,-1,DisplayDeviceConfig,requesting nits when no mapping exists.]
11-29 04:04:13.351 1491 1608 I am_wtf : [0,1491,system_server,-1,DisplayDeviceConfig,requesting nits when no mapping exists.]
11-29 04:04:13.366 1491 1874 E DisplayDeviceConfig: requesting nits when no mapping exists.
11-29 04:04:13.367 1491 1608 I am_wtf : [0,1491,system_server,-1,DisplayDeviceConfig,requesting nits when no mapping exists.]
11-29 04:04:13.367 1491 1874 E DisplayDeviceConfig: requesting nits when no mapping exists.
11-29 04:04:13.368 1491 1608 I am_wtf : [0,1491,system_server,-1,DisplayDeviceConfig,requesting nits when no mapping exists.]
11-29 04:04:13.383 1491 1874 E DisplayDeviceConfig: requesting nits when no mapping exists.
11-29 04:04:13.384 1491 1874 E DisplayDeviceConfig: requesting nits when no mapping exists.
11-29 04:04:13.384 1491 1608 I am_wtf : [0,1491,system_server,-1,DisplayDeviceConfig,requesting nits when no mapping exists.]
11-29 04:04:13.387 1491 1608 I am_wtf : [0,1491,system_server,-1,DisplayDeviceConfig,requesting nits when no mapping exists.]
11-29 04:04:13.403 1491 1874 E DisplayDeviceConfig: requesting nits when no mapping exists.
11-29 04:04:13.404 1491 1874 E DisplayDeviceConfig: requesting nits when no mapping exists.
11-29 04:04:13.404 1491 1608 I am_wtf : [0,1491,system_server,-1,DisplayDeviceConfig,requesting nits when no mapping exists.]
11-29 04:04:13.405 1491 1608 I am_wtf : [0,1491,system_server,-1,DisplayDeviceConfig,requesting nits when no mapping exists.]
11-29 04:04:13.416 1491 1874 E DisplayDeviceConfig: requesting nits when no mapping exists.
11-29 04:04:13.417 1491 1874 E DisplayDeviceConfig: requesting nits when no mapping exists.
11-29 04:04:13.417 1491 1608 I am_wtf : [0,1491,system_server,-1,DisplayDeviceConfig,requesting nits when no mapping exists.]
11-29 04:04:13.418 1491 1608 I am_wtf : [0,1491,system_server,-1,DisplayDeviceConfig,requesting nits when no mapping exists.]
11-29 04:04:13.433 1491 1874 E DisplayDeviceConfig: requesting nits when no mapping exists.
11-29 04:04:13.434 1491 1874 E DisplayDeviceConfig: requesting nits when no mapping exists.
11-29 04:04:13.434 1491 1608 I am_wtf : [0,1491,system_server,-1,DisplayDeviceConfig,requesting nits when no mapping exists.]
11-29 04:04:13.435 1491 1608 I am_wtf : [0,1491,system_server,-1,DisplayDeviceConfig,requesting nits when no mapping exists.]
11-29 04:04:13.449 1491 1874 E DisplayDeviceConfig: requesting nits when no mapping exists.
11-29 04:04:13.450 1491 1608 I am_wtf : [0,1491,system_server,-1,DisplayDeviceConfig,requesting nits when no mapping exists.]
11-29 04:04:13.450 1491 1874 E DisplayDeviceConfig: requesting nits when no mapping exists.
11-29 04:04:13.452 1491 1608 I am_wtf : [0,1491,system_server,-1,DisplayDeviceConfig,requesting nits when no mapping exists.]
11-29 04:04:14.079 0 0 I auditd : type=1400 audit(0.0:3774): avc: denied { kill } for comm="swapper/2" capability=5 scontext=u:r:kernel:s0 tcontext=u:r:kernel:s0 tclass=capability permissive=0
11-29 04:04:15.079 0 0 I auditd : type=1400 audit(0.0:3775): avc: denied { kill } for comm="swapper/2" capability=5 scontext=u:r:kernel:s0 tcontext=u:r:kernel:s0 tclass=capability permissive=0
11-29 04:04:16.079 0 0 I auditd : type=1400 audit(0.0:3776): avc: denied { kill } for comm="swapper/2" capability=5 scontext=u:r:kernel:s0 tcontext=u:r:kernel:s0 tclass=capability permissive=0
11-29 04:04:17.079 0 0 I auditd : type=1400 audit(0.0:3777): avc: denied { kill } for comm="swapper/2" capability=5 scontext=u:r:kernel:s0 tcontext=u:r:kernel:s0 tclass=capability permissive=0
11-29 04:04:19.079 0 0 I auditd : type=1400 audit(0.0:3778): avc: denied { kill } for comm="swapper/2" capability=5 scontext=u:r:kernel:s0 tcontext=u:r:kernel:s0 tclass=capability permissive=0
11-29 04:04:19.491 1491 1626 I PowerManagerService: Napping display group (groupId=0, uid=1000)...
11-29 04:04:19.491 1491 1626 I PowerManagerService: Nap time (uid 1000)...
11-29 04:04:19.494 1491 1626 I DreamManagerService: Entering dreamland.
11-29 04:04:19.499 1491 1626 I PowerManagerService: Dreaming...
11-29 04:04:19.509 1491 1596 I DreamController: Starting dream: name=ComponentInfo{com.thundercomm.screensaver/com.thundercomm.saverclock.service.ClockScreensaver}, isTest=false, canDoze=false, userId=0
11-29 04:04:19.510 1491 1596 I sysui_multi_action: [757,222,758,1]
11-29 04:04:19.513 1491 1596 I am_uid_active: 10052
11-29 04:04:19.519 1491 1596 I service_manager_stats: [116,67,7016]
11-29 04:04:19.520 1491 1607 I am_pss : [12458,10068,com.android.gallery3d,25671680,21155840,0,143286272,0,18,14]
11-29 04:04:19.525 1491 8592 I ActivityTaskManager: START u0 {flg=0x10000000 pkg=com.thundercomm.screensaver cmp=com.thundercomm.screensaver/android.service.dreams.DreamActivity (has extras)} from uid 10052
11-29 04:04:19.535 1491 1607 I am_pss : [11890,10089,com.android.music,28562432,22323200,0,156835840,0,4,11]
11-29 04:04:19.535 1491 8592 I wm_task_created: [98,-1]
11-29 04:04:19.535 1491 8592 W ActivityTaskManager: Can't find TaskDisplayArea to determine support for multi window. Task id=98 attached=false
11-29 04:04:19.538 1491 8592 I wm_task_moved: [98,1,10]
11-29 04:04:19.538 1491 8592 I wm_task_to_front: [0,98]
11-29 04:04:19.539 1491 8592 I wm_create_task: [0,98]
11-29 04:04:19.539 1491 8592 I wm_create_activity: [0,218322529,98,com.thundercomm.screensaver/android.service.dreams.DreamActivity,NULL,NULL,NULL,276824064]
11-29 04:04:19.539 1491 8592 I wm_task_moved: [98,1,10]
11-29 04:04:19.539 12457 12457 I wm_on_top_resumed_lost_called: [239228137,com.android.settings.Settings,topStateChangedWhenResumed]
11-29 04:04:19.541 1491 8592 I wm_pause_activity: [0,239228137,com.android.settings/.Settings,userLeaving=true,pauseBackTasks]
11-29 04:04:19.549 12457 12457 I sysui_multi_action: [757,35,758,2,1089,59991]
11-29 04:04:19.556 12457 12457 I sysui_multi_action: [757,746,758,2,1089,59984]
11-29 04:04:19.563 12457 12457 I wm_on_paused_called: [239228137,com.android.settings.Settings,performPause]
11-29 04:04:19.564 1491 2060 I ActivityTaskManager: FOREGROUND_APPLICATION_CHANGED to android.service.dreams.DreamActivity
11-29 04:04:19.567 1491 2060 I ActivityTaskManager: The Process com.thundercomm.screensaver Already Exists in BG. So sending its PID: 5601
11-29 04:04:19.567 1491 2060 W ActivityTaskManager: Tried to set launchTime (0) < mLastActivityLaunchTime (2758871)
11-29 04:04:19.567 1491 2060 I wm_add_to_stopping: [0,239228137,com.android.settings/.Settings,makeInvisible]
11-29 04:04:19.568 1491 2060 I wm_restart_activity: [0,218322529,98,com.thundercomm.screensaver/android.service.dreams.DreamActivity]
11-29 04:04:19.570 1491 2060 I wm_set_resumed_activity: [0,com.thundercomm.screensaver/android.service.dreams.DreamActivity,minimalResumeActivityLocked]
11-29 04:04:19.576 1491 1599 I sysui_multi_action: [757,803,799,window_time_0,802,60]
11-29 04:04:19.581 5601 5601 I wm_on_create_called: [218322529,android.service.dreams.DreamActivity,performCreate]
11-29 04:04:19.582 5601 5601 I wm_on_start_called: [218322529,android.service.dreams.DreamActivity,handleStartActivity]
11-29 04:04:19.583 5601 5601 I wm_on_resume_called: [218322529,android.service.dreams.DreamActivity,RESUME_ACTIVITY]
11-29 04:04:19.586 1491 8943 W WindowManager: Failed looking up window session=Session{82b36f9 5601:u0a10052} callers=com.android.server.wm.WindowManagerService.windowForClientLocked:5628 com.android.server.wm.Session.insetsModified:629 android.view.IWindowSession$Stub.onTransact:1151
11-29 04:04:19.586 3714 3731 W ContextImpl: Calling a method in the system process without a qualified user: android.app.ContextImpl.startService:1816 android.content.ContextWrapper.startService:774 com.thundercomm.gamemode.ingame.services.GameModeActionUtils.startGameModeService:93 com.thundercomm.gamemode.ingame.services.GameModeActionUtils.startGameModeEntry:21 com.thundercomm.gamemode.ingame.services.ActivityMonitoringService$1.onActivityLaunch:127
11-29 04:04:19.589 5601 5601 I wm_on_top_resumed_gained_called: [218322529,android.service.dreams.DreamActivity,topStateChangedWhenResumed]
11-29 04:04:19.593 1491 1491 I GameModeConfig: Current uri is uri = content://com.thundercomm.gamemode.api/gamemode_settings/gamemode_isgaming
11-29 04:04:19.598 1491 1491 I GameModeConfig: isGameModeOn = false
11-29 04:04:19.599 1491 1491 I GameModeConfig: isGameModeOn = false
11-29 04:04:19.599 1491 1491 I GameModeConfig: isDisableVoice = true
11-29 04:04:19.600 1491 1693 I input_focus: [Focus leaving e8fc5ef com.android.settings/com.android.settings.Settings (server),reason=NO_WINDOW]
11-29 04:04:19.630 1491 1600 I input_focus: [Focus request fbdf79d com.thundercomm.screensaver/android.service.dreams.DreamActivity,reason=UpdateInputWindows]
11-29 04:04:19.634 1491 1760 I GameModeConfig: isGameModeOn = false
11-29 04:04:19.634 1491 1760 I GameModeConfig: isGameModeOn = false
11-29 04:04:19.634 1491 1760 I GameModeConfig: isGameModeOn = false
11-29 04:04:19.634 1491 1760 I GameModeConfig: isGameModeOn = false
11-29 04:04:19.639 1491 1491 I notification_enqueue: [10082,13988,com.android.systemui,2048,NULL,0,Notification(channel=updateNotification shortcut=null contentView=null vibrate=null sound=null defaults=0x0 flags=0x0 color=0x00000000 vis=PRIVATE),1]
11-29 04:04:19.639 13988 13988 I sysui_multi_action: [757,111,758,2]
11-29 04:04:19.642 13988 13988 I sysui_multi_action: [757,111,758,2]
11-29 04:04:19.652 1491 8943 I am_wtf : [0,13988,com.android.systemui,818462221,KeyguardBouncer,onFullyShown when view was null]
11-29 04:04:19.653 1491 1596 I sysui_multi_action: [319,123,322,118,325,3038,757,761,758,8,759,2,806,com.thundercomm.screensaver,871,android.service.dreams.DreamActivity,904,com.thundercomm.screensaver,905,0,1320,4,1321,2]
11-29 04:04:19.654 1491 1626 V DisplayPowerController[0]: Brightness [1.0] reason changing to: 'manual', previous reason: 'manual [ dim ]'.
11-29 04:04:19.655 1491 1626 I sysui_multi_action: [757,1696,758,6,759,3]
11-29 04:04:19.657 1491 1596 I wm_activity_launch_time: [0,218322529,com.thundercomm.screensaver/android.service.dreams.DreamActivity,118]
11-29 04:04:19.664 13988 13988 I sysui_multi_action: [757,196,758,2,759,0]
11-29 04:04:19.664 13988 13988 I sysui_status_bar_state: [0,0,1,0,0,1]
11-29 04:04:19.667 1491 1874 E DisplayDeviceConfig: requesting nits when no mapping exists.
11-29 04:04:19.668 1491 1608 I am_wtf : [0,1491,system_server,-1,DisplayDeviceConfig,requesting nits when no mapping exists.]
11-29 04:04:19.668 1491 1874 E DisplayDeviceConfig: requesting nits when no mapping exists.
11-29 04:04:19.669 1491 1608 I am_wtf : [0,1491,system_server,-1,DisplayDeviceConfig,requesting nits when no mapping exists.]
11-29 04:04:19.669 13988 13988 I sysui_multi_action: [757,111,758,1]
11-29 04:04:19.669 13988 13988 I sysui_multi_action: [757,126,758,1,759,126,927,0,928,1,1593,0]
11-29 04:04:19.669 13988 13988 I sysui_multi_action: [757,113,758,1,759,113,927,1,928,1,1593,0]
11-29 04:04:19.669 13988 13988 I sysui_multi_action: [757,0,758,1,759,0,927,2,928,0,1593,0]
11-29 04:04:19.669 13988 13988 I sysui_multi_action: [757,0,758,1,759,0,927,3,928,0,1593,0]
11-29 04:04:19.670 13988 13988 I sysui_multi_action: [757,491,758,1,759,491,927,4,928,0,1311,-1,1593,0]
11-29 04:04:19.670 13988 13988 I sysui_multi_action: [757,0,758,1,759,0,927,5,928,0,1593,0]
11-29 04:04:19.670 13988 13988 I sysui_multi_action: [757,111,758,1]
11-29 04:04:19.670 13988 13988 I sysui_multi_action: [757,126,758,1,759,126,927,0,928,1,1593,0]
11-29 04:04:19.670 13988 13988 I sysui_multi_action: [757,113,758,1,759,113,927,1,928,1,1593,0]
11-29 04:04:19.670 13988 13988 I sysui_multi_action: [757,0,758,1,759,0,927,2,928,0,1593,0]
11-29 04:04:19.670 13988 13988 I sysui_multi_action: [757,0,758,1,759,0,927,3,928,0,1593,0]
11-29 04:04:19.684 1491 1874 E DisplayDeviceConfig: requesting nits when no mapping exists.
11-29 04:04:19.685 1491 1874 E DisplayDeviceConfig: requesting nits when no mapping exists.
11-29 04:04:19.685 1491 1693 I input_focus: [Focus entering fbdf79d com.thundercomm.screensaver/android.service.dreams.DreamActivity (server),reason=Window became focusable. Previous reason: NOT_VISIBLE]
11-29 04:04:19.685 1491 1608 I am_wtf : [0,1491,system_server,-1,DisplayDeviceConfig,requesting nits when no mapping exists.]
11-29 04:04:19.687 1491 1608 I am_wtf : [0,1491,system_server,-1,DisplayDeviceConfig,requesting nits when no mapping exists.]
11-29 04:04:19.689 3714 3731 W ContextImpl: Calling a method in the system process without a qualified user: android.app.ContextImpl.startService:1816 android.content.ContextWrapper.startService:774 com.thundercomm.gamemode.ingame.services.GameModeActionUtils.startGameModeService:93 com.thundercomm.gamemode.ingame.services.GameModeActionUtils.startGameModeEntry:21 com.thundercomm.gamemode.ingame.services.ActivityMonitoringService$1.onActivityLaunch:127
11-29 04:04:19.698 1491 1491 I GameModeConfig: Current uri is uri = content://com.thundercomm.gamemode.api/gamemode_settings/gamemode_isgaming
11-29 04:04:19.701 1491 1874 E DisplayDeviceConfig: requesting nits when no mapping exists.
11-29 04:04:19.701 1491 1491 I GameModeConfig: isGameModeOn = false
11-29 04:04:19.702 1491 1874 E DisplayDeviceConfig: requesting nits when no mapping exists.
11-29 04:04:19.702 1491 1608 I am_wtf : [0,1491,system_server,-1,DisplayDeviceConfig,requesting nits when no mapping exists.]
11-29 04:04:19.702 1491 1491 I GameModeConfig: isGameModeOn = false
11-29 04:04:19.702 1491 1491 I GameModeConfig: isDisableVoice = true
11-29 04:04:19.706 1491 1608 I am_wtf : [0,1491,system_server,-1,DisplayDeviceConfig,requesting nits when no mapping exists.]
11-29 04:04:19.717 1491 1874 E DisplayDeviceConfig: requesting nits when no mapping exists.
11-29 04:04:19.717 1491 1874 E DisplayDeviceConfig: requesting nits when no mapping exists.
11-29 04:04:19.717 1491 1608 I am_wtf : [0,1491,system_server,-1,DisplayDeviceConfig,requesting nits when no mapping exists.]
11-29 04:04:19.721 1491 1608 I am_wtf : [0,1491,system_server,-1,DisplayDeviceConfig,requesting nits when no mapping exists.]
11-29 04:04:19.735 1491 1874 E DisplayDeviceConfig: requesting nits when no mapping exists.
11-29 04:04:19.735 1491 1874 E DisplayDeviceConfig: requesting nits when no mapping exists.
11-29 04:04:19.735 1491 1608 I am_wtf : [0,1491,system_server,-1,DisplayDeviceConfig,requesting nits when no mapping exists.]
11-29 04:04:19.736 1491 1608 I am_wtf : [0,1491,system_server,-1,DisplayDeviceConfig,requesting nits when no mapping exists.]
11-29 04:04:19.750 1491 1874 E DisplayDeviceConfig: requesting nits when no mapping exists.
11-29 04:04:19.753 1491 1874 E DisplayDeviceConfig: requesting nits when no mapping exists.
11-29 04:04:19.753 1491 1608 I am_wtf : [0,1491,system_server,-1,DisplayDeviceConfig,requesting nits when no mapping exists.]
11-29 04:04:19.754 1491 1608 I am_wtf : [0,1491,system_server,-1,DisplayDeviceConfig,requesting nits when no mapping exists.]
11-29 04:04:19.767 1491 1874 E DisplayDeviceConfig: requesting nits when no mapping exists.
11-29 04:04:19.768 1491 1874 E DisplayDeviceConfig: requesting nits when no mapping exists.
11-29 04:04:19.768 1491 1608 I am_wtf : [0,1491,system_server,-1,DisplayDeviceConfig,requesting nits when no mapping exists.]
11-29 04:04:19.769 1491 1608 I am_wtf : [0,1491,system_server,-1,DisplayDeviceConfig,requesting nits when no mapping exists.]
11-29 04:04:19.783 1491 1874 E DisplayDeviceConfig: requesting nits when no mapping exists.
11-29 04:04:19.783 1491 1874 E DisplayDeviceConfig: requesting nits when no mapping exists.
11-29 04:04:19.783 1491 1608 I am_wtf : [0,1491,system_server,-1,DisplayDeviceConfig,requesting nits when no mapping exists.]
11-29 04:04:19.789 1491 1608 I am_wtf : [0,1491,system_server,-1,DisplayDeviceConfig,requesting nits when no mapping exists.]
11-29 04:04:19.800 1491 1874 E DisplayDeviceConfig: requesting nits when no mapping exists.
11-29 04:04:19.801 1491 1874 E DisplayDeviceConfig: requesting nits when no mapping exists.
11-29 04:04:19.801 1491 1608 I am_wtf : [0,1491,system_server,-1,DisplayDeviceConfig,requesting nits when no mapping exists.]
11-29 04:04:19.802 1491 1608 I am_wtf : [0,1491,system_server,-1,DisplayDeviceConfig,requesting nits when no mapping exists.]
11-29 04:04:19.817 1491 1874 E DisplayDeviceConfig: requesting nits when no mapping exists.
11-29 04:04:19.817 1491 1874 E DisplayDeviceConfig: requesting nits when no mapping exists.
11-29 04:04:19.817 1491 1608 I am_wtf : [0,1491,system_server,-1,DisplayDeviceConfig,requesting nits when no mapping exists.]
11-29 04:04:19.818 1491 1608 I am_wtf : [0,1491,system_server,-1,DisplayDeviceConfig,requesting nits when no mapping exists.]
11-29 04:04:19.834 1491 1874 E DisplayDeviceConfig: requesting nits when no mapping exists.
11-29 04:04:19.834 1491 1874 E DisplayDeviceConfig: requesting nits when no mapping exists.
11-29 04:04:19.834 1491 1608 I am_wtf : [0,1491,system_server,-1,DisplayDeviceConfig,requesting nits when no mapping exists.]
11-29 04:04:19.836 1491 1608 I am_wtf : [0,1491,system_server,-1,DisplayDeviceConfig,requesting nits when no mapping exists.]
11-29 04:04:19.841 1491 1491 I GameModeConfig: isGameModeOn = false
11-29 04:04:19.842 1491 1491 I sysui_multi_action: [757,1501,758,1,793,3017103,794,0,795,206,796,2048,806,com.android.systemui,857,updateNotification,858,3,947,0,1500,0,1688,1]
11-29 04:04:19.842 1491 1491 I sysui_multi_action: [757,804,799,note_interruptive,801,0,802,1]
11-29 04:04:19.843 1491 1491 I sysui_multi_action: [757,199,758,1,759,2,793,3017104,794,0,795,207,796,2048,806,com.android.systemui,857,updateNotification,858,3,947,0,1500,1,1688,1]
11-29 04:04:19.843 1491 1491 I notification_alert: [0|com.android.systemui|2048|null|10082,0,1,0]
11-29 04:04:19.844 1491 1491 W NotificationHistory: Attempted to add notif for locked/gone/disabled user 0
11-29 04:04:19.852 1491 1874 E DisplayDeviceConfig: requesting nits when no mapping exists.
11-29 04:04:19.852 1491 1874 E DisplayDeviceConfig: requesting nits when no mapping exists.
11-29 04:04:19.853 1491 1608 I am_wtf : [0,1491,system_server,-1,DisplayDeviceConfig,requesting nits when no mapping exists.]
11-29 04:04:19.853 1491 1608 I am_wtf : [0,1491,system_server,-1,DisplayDeviceConfig,requesting nits when no mapping exists.]
11-29 04:04:19.867 1491 1874 E DisplayDeviceConfig: requesting nits when no mapping exists.
11-29 04:04:19.867 1491 1874 E DisplayDeviceConfig: requesting nits when no mapping exists.
11-29 04:04:19.867 1491 1608 I am_wtf : [0,1491,system_server,-1,DisplayDeviceConfig,requesting nits when no mapping exists.]
11-29 04:04:19.869 1491 1608 I am_wtf : [0,1491,system_server,-1,DisplayDeviceConfig,requesting nits when no mapping exists.]
11-29 04:04:19.885 1491 1874 E DisplayDeviceConfig: requesting nits when no mapping exists.
11-29 04:04:19.886 1491 1874 E DisplayDeviceConfig: requesting nits when no mapping exists.
11-29 04:04:19.889 1491 1608 I am_wtf : [0,1491,system_server,-1,DisplayDeviceConfig,requesting nits when no mapping exists.]
11-29 04:04:19.892 1491 1608 I am_wtf : [0,1491,system_server,-1,DisplayDeviceConfig,requesting nits when no mapping exists.]
11-29 04:04:19.900 1491 1874 E DisplayDeviceConfig: requesting nits when no mapping exists.
11-29 04:04:19.900 1491 1874 E DisplayDeviceConfig: requesting nits when no mapping exists.
11-29 04:04:19.901 1491 1608 I am_wtf : [0,1491,system_server,-1,DisplayDeviceConfig,requesting nits when no mapping exists.]
11-29 04:04:19.902 1491 1608 I am_wtf : [0,1491,system_server,-1,DisplayDeviceConfig,requesting nits when no mapping exists.]
11-29 04:04:19.917 1491 1874 E DisplayDeviceConfig: requesting nits when no mapping exists.
11-29 04:04:19.917 1491 1874 E DisplayDeviceConfig: requesting nits when no mapping exists.
11-29 04:04:19.917 1491 1608 I am_wtf : [0,1491,system_server,-1,DisplayDeviceConfig,requesting nits when no mapping exists.]
11-29 04:04:19.918 1491 1608 I am_wtf : [0,1491,system_server,-1,DisplayDeviceConfig,requesting nits when no mapping exists.]
11-29 04:04:19.934 1491 1874 E DisplayDeviceConfig: requesting nits when no mapping exists.
11-29 04:04:19.934 1491 1874 E DisplayDeviceConfig: requesting nits when no mapping exists.
11-29 04:04:19.935 1491 1608 I am_wtf : [0,1491,system_server,-1,DisplayDeviceConfig,requesting nits when no mapping exists.]
11-29 04:04:19.935 1491 1608 I am_wtf : [0,1491,system_server,-1,DisplayDeviceConfig,requesting nits when no mapping exists.]
11-29 04:04:19.950 1491 1874 E DisplayDeviceConfig: requesting nits when no mapping exists.
11-29 04:04:19.951 1491 1874 E DisplayDeviceConfig: requesting nits when no mapping exists.
11-29 04:04:19.951 1491 1608 I am_wtf : [0,1491,system_server,-1,DisplayDeviceConfig,requesting nits when no mapping exists.]
11-29 04:04:19.952 1491 1608 I am_wtf : [0,1491,system_server,-1,DisplayDeviceConfig,requesting nits when no mapping exists.]
11-29 04:04:19.967 1491 1874 E DisplayDeviceConfig: requesting nits when no mapping exists.
11-29 04:04:19.968 1491 1874 E DisplayDeviceConfig: requesting nits when no mapping exists.
11-29 04:04:19.968 1491 1608 I am_wtf : [0,1491,system_server,-1,DisplayDeviceConfig,requesting nits when no mapping exists.]
11-29 04:04:19.970 1491 1608 I am_wtf : [0,1491,system_server,-1,DisplayDeviceConfig,requesting nits when no mapping exists.]
11-29 04:04:19.985 1491 1874 E DisplayDeviceConfig: requesting nits when no mapping exists.
11-29 04:04:19.986 1491 1874 E DisplayDeviceConfig: requesting nits when no mapping exists.
11-29 04:04:19.986 1491 1608 I am_wtf : [0,1491,system_server,-1,DisplayDeviceConfig,requesting nits when no mapping exists.]
11-29 04:04:19.987 1491 1608 I am_wtf : [0,1491,system_server,-1,DisplayDeviceConfig,requesting nits when no mapping exists.]
11-29 04:04:20.003 1491 1874 E DisplayDeviceConfig: requesting nits when no mapping exists.
11-29 04:04:20.003 1491 1874 E DisplayDeviceConfig: requesting nits when no mapping exists.
11-29 04:04:20.004 1491 1608 I am_wtf : [0,1491,system_server,-1,DisplayDeviceConfig,requesting nits when no mapping exists.]
11-29 04:04:20.004 1491 1608 I am_wtf : [0,1491,system_server,-1,DisplayDeviceConfig,requesting nits when no mapping exists.]
11-29 04:04:20.019 1491 1874 E DisplayDeviceConfig: requesting nits when no mapping exists.
11-29 04:04:20.020 1491 1608 I am_wtf : [0,1491,system_server,-1,DisplayDeviceConfig,requesting nits when no mapping exists.]
11-29 04:04:20.023 1491 1874 E DisplayDeviceConfig: requesting nits when no mapping exists.
11-29 04:04:20.023 1491 1608 I am_wtf : [0,1491,system_server,-1,DisplayDeviceConfig,requesting nits when no mapping exists.]
11-29 04:04:20.035 1491 1874 E DisplayDeviceConfig: requesting nits when no mapping exists.
11-29 04:04:20.036 1491 1874 E DisplayDeviceConfig: requesting nits when no mapping exists.
11-29 04:04:20.039 1491 1608 I am_wtf : [0,1491,system_server,-1,DisplayDeviceConfig,requesting nits when no mapping exists.]
11-29 04:04:20.039 1491 1608 I am_wtf : [0,1491,system_server,-1,DisplayDeviceConfig,requesting nits when no mapping exists.]
11-29 04:04:20.051 1491 1874 E DisplayDeviceConfig: requesting nits when no mapping exists.
11-29 04:04:20.051 1491 1874 E DisplayDeviceConfig: requesting nits when no mapping exists.
11-29 04:04:20.052 1491 1608 I am_wtf : [0,1491,system_server,-1,DisplayDeviceConfig,requesting nits when no mapping exists.]
11-29 04:04:20.052 1491 1608 I am_wtf : [0,1491,system_server,-1,DisplayDeviceConfig,requesting nits when no mapping exists.]
11-29 04:04:20.069 1491 1874 E DisplayDeviceConfig: requesting nits when no mapping exists.
11-29 04:04:20.069 1491 1874 E DisplayDeviceConfig: requesting nits when no mapping exists.
11-29 04:04:20.072 1491 1608 I am_wtf : [0,1491,system_server,-1,DisplayDeviceConfig,requesting nits when no mapping exists.]
11-29 04:04:20.074 1491 1608 I am_wtf : [0,1491,system_server,-1,DisplayDeviceConfig,requesting nits when no mapping exists.]
11-29 04:04:20.079 0 0 I auditd : type=1400 audit(0.0:3779): avc: denied { kill } for comm="swapper/2" capability=5 scontext=u:r:kernel:s0 tcontext=u:r:kernel:s0 tclass=capability permissive=0
11-29 04:04:20.090 1491 1874 E DisplayDeviceConfig: requesting nits when no mapping exists.
11-29 04:04:20.090 1491 1874 E DisplayDeviceConfig: requesting nits when no mapping exists.
11-29 04:04:20.090 1491 1608 I am_wtf : [0,1491,system_server,-1,DisplayDeviceConfig,requesting nits when no mapping exists.]
11-29 04:04:20.091 1491 1608 I am_wtf : [0,1491,system_server,-1,DisplayDeviceConfig,requesting nits when no mapping exists.]
11-29 04:04:20.101 1491 1874 E DisplayDeviceConfig: requesting nits when no mapping exists.
11-29 04:04:20.101 1491 1608 I am_wtf : [0,1491,system_server,-1,DisplayDeviceConfig,requesting nits when no mapping exists.]
11-29 04:04:20.103 1491 1874 E DisplayDeviceConfig: requesting nits when no mapping exists.
11-29 04:04:20.103 1491 1608 I am_wtf : [0,1491,system_server,-1,DisplayDeviceConfig,requesting nits when no mapping exists.]
11-29 04:04:20.117 1491 1874 E DisplayDeviceConfig: requesting nits when no mapping exists.
11-29 04:04:20.118 1491 1874 E DisplayDeviceConfig: requesting nits when no mapping exists.
11-29 04:04:20.118 1491 1608 I am_wtf : [0,1491,system_server,-1,DisplayDeviceConfig,requesting nits when no mapping exists.]
11-29 04:04:20.119 1491 1608 I am_wtf : [0,1491,system_server,-1,DisplayDeviceConfig,requesting nits when no mapping exists.]
11-29 04:04:20.134 1491 1874 E DisplayDeviceConfig: requesting nits when no mapping exists.
11-29 04:04:20.135 1491 1874 E DisplayDeviceConfig: requesting nits when no mapping exists.
