11-29 03:50:25.242 3714 3731 W ContextImpl: Calling a method in the system process without a qualified user: android.app.ContextImpl.startService:1816 android.content.ContextWrapper.startService:774 com.thundercomm.gamemode.ingame.services.GameModeActionUtils.startGameModeService:93 com.thundercomm.gamemode.ingame.services.GameModeActionUtils.startGameModeEntry:21 com.thundercomm.gamemode.ingame.services.ActivityMonitoringService$1.onActivityLaunch:127
11-29 03:50:25.247 1491 1874 E DisplayDeviceConfig: requesting nits when no mapping exists.
11-29 03:50:25.247 1491 1874 E DisplayDeviceConfig: requesting nits when no mapping exists.
11-29 03:50:25.248 1491 1491 I GameModeConfig: Current uri is uri = content://com.thundercomm.gamemode.api/gamemode_settings/gamemode_isgaming
11-29 03:50:25.251 1491 1491 I GameModeConfig: isGameModeOn = false
11-29 03:50:25.251 1491 1491 I GameModeConfig: isGameModeOn = false
11-29 03:50:25.251 1491 1491 I GameModeConfig: isDisableVoice = true
11-29 03:50:25.264 1491 1874 E DisplayDeviceConfig: requesting nits when no mapping exists.
11-29 03:50:25.265 1491 1874 E DisplayDeviceConfig: requesting nits when no mapping exists.
11-29 03:50:25.285 1491 1874 E DisplayDeviceConfig: requesting nits when no mapping exists.
11-29 03:50:25.285 1491 1874 E DisplayDeviceConfig: requesting nits when no mapping exists.
11-29 03:50:25.296 1491 1874 E DisplayDeviceConfig: requesting nits when no mapping exists.
11-29 03:50:25.296 1491 1874 E DisplayDeviceConfig: requesting nits when no mapping exists.
11-29 03:50:25.313 1491 1874 E DisplayDeviceConfig: requesting nits when no mapping exists.
11-29 03:50:25.314 1491 1874 E DisplayDeviceConfig: requesting nits when no mapping exists.
11-29 03:50:25.330 1491 1874 E DisplayDeviceConfig: requesting nits when no mapping exists.
11-29 03:50:25.331 1491 1874 E DisplayDeviceConfig: requesting nits when no mapping exists.
11-29 03:50:25.346 1491 1874 E DisplayDeviceConfig: requesting nits when no mapping exists.
11-29 03:50:25.346 1491 1874 E DisplayDeviceConfig: requesting nits when no mapping exists.
11-29 03:50:25.363 1491 1874 E DisplayDeviceConfig: requesting nits when no mapping exists.
11-29 03:50:25.363 1491 1874 E DisplayDeviceConfig: requesting nits when no mapping exists.
11-29 03:50:25.381 1491 1874 E DisplayDeviceConfig: requesting nits when no mapping exists.
11-29 03:50:25.382 1491 1874 E DisplayDeviceConfig: requesting nits when no mapping exists.
11-29 03:50:25.390 1491 1491 I GameModeConfig: isGameModeOn = false
11-29 03:50:25.392 1491 1491 W NotificationHistory: Attempted to add notif for locked/gone/disabled user 0
11-29 03:50:25.396 1491 1874 E DisplayDeviceConfig: requesting nits when no mapping exists.
11-29 03:50:25.398 1491 1874 E DisplayDeviceConfig: requesting nits when no mapping exists.
11-29 03:50:25.414 1491 1874 E DisplayDeviceConfig: requesting nits when no mapping exists.
11-29 03:50:25.414 1491 1874 E DisplayDeviceConfig: requesting nits when no mapping exists.
11-29 03:50:25.429 1491 1874 E DisplayDeviceConfig: requesting nits when no mapping exists.
11-29 03:50:25.430 1491 1874 E DisplayDeviceConfig: requesting nits when no mapping exists.
11-29 03:50:25.447 1491 1874 E DisplayDeviceConfig: requesting nits when no mapping exists.
11-29 03:50:25.448 1491 1874 E DisplayDeviceConfig: requesting nits when no mapping exists.
11-29 03:50:25.463 1491 1874 E DisplayDeviceConfig: requesting nits when no mapping exists.
11-29 03:50:25.464 1491 1874 E DisplayDeviceConfig: requesting nits when no mapping exists.
11-29 03:50:25.480 1491 1874 E DisplayDeviceConfig: requesting nits when no mapping exists.
11-29 03:50:25.481 1491 1874 E DisplayDeviceConfig: requesting nits when no mapping exists.
11-29 03:50:25.497 1491 1874 E DisplayDeviceConfig: requesting nits when no mapping exists.
11-29 03:50:25.498 1491 1874 E DisplayDeviceConfig: requesting nits when no mapping exists.
11-29 03:50:25.514 1491 1874 E DisplayDeviceConfig: requesting nits when no mapping exists.
11-29 03:50:25.514 1491 1874 E DisplayDeviceConfig: requesting nits when no mapping exists.
11-29 03:50:25.531 1491 1874 E DisplayDeviceConfig: requesting nits when no mapping exists.
11-29 03:50:25.531 1491 1874 E DisplayDeviceConfig: requesting nits when no mapping exists.
11-29 03:50:25.548 1491 1874 E DisplayDeviceConfig: requesting nits when no mapping exists.
11-29 03:50:25.550 1491 1874 E DisplayDeviceConfig: requesting nits when no mapping exists.
11-29 03:50:25.563 1491 1874 E DisplayDeviceConfig: requesting nits when no mapping exists.
11-29 03:50:25.564 1491 1874 E DisplayDeviceConfig: requesting nits when no mapping exists.
11-29 03:50:25.569 3714 3731 W ContextImpl: Calling a method in the system process without a qualified user: android.app.ContextImpl.startService:1816 android.content.ContextWrapper.startService:774 com.thundercomm.gamemode.ingame.services.GameModeActionUtils.startGameModeService:93 com.thundercomm.gamemode.ingame.services.GameModeActionUtils.startGameModeEntry:21 com.thundercomm.gamemode.ingame.services.ActivityMonitoringService$1.onActivityLaunch:127
11-29 03:50:25.573 1491 1491 I GameModeConfig: Current uri is uri = content://com.thundercomm.gamemode.api/gamemode_settings/gamemode_isgaming
11-29 03:50:25.575 1491 1491 I GameModeConfig: isGameModeOn = false
11-29 03:50:25.575 1491 1491 I GameModeConfig: isGameModeOn = false
11-29 03:50:25.575 1491 1491 I GameModeConfig: isDisableVoice = true
11-29 03:50:25.580 1491 1874 E DisplayDeviceConfig: requesting nits when no mapping exists.
11-29 03:50:25.581 1491 1874 E DisplayDeviceConfig: requesting nits when no mapping exists.
11-29 03:50:25.597 1491 1874 E DisplayDeviceConfig: requesting nits when no mapping exists.
11-29 03:50:25.597 1491 1874 E DisplayDeviceConfig: requesting nits when no mapping exists.
11-29 03:50:25.614 1491 1874 E DisplayDeviceConfig: requesting nits when no mapping exists.
11-29 03:50:25.614 1491 1874 E DisplayDeviceConfig: requesting nits when no mapping exists.
11-29 03:50:25.635 1491 1874 E DisplayDeviceConfig: requesting nits when no mapping exists.
11-29 03:50:25.636 1491 1874 E DisplayDeviceConfig: requesting nits when no mapping exists.
11-29 03:50:25.647 1491 1874 E DisplayDeviceConfig: requesting nits when no mapping exists.
11-29 03:50:25.648 1491 1874 E DisplayDeviceConfig: requesting nits when no mapping exists.
11-29 03:50:25.664 1491 1874 E DisplayDeviceConfig: requesting nits when no mapping exists.
11-29 03:50:25.664 1491 1874 E DisplayDeviceConfig: requesting nits when no mapping exists.
11-29 03:50:25.681 1491 1874 E DisplayDeviceConfig: requesting nits when no mapping exists.
11-29 03:50:25.681 1491 1874 E DisplayDeviceConfig: requesting nits when no mapping exists.
11-29 03:50:25.698 1491 1874 E DisplayDeviceConfig: requesting nits when no mapping exists.
11-29 03:50:25.699 1491 1874 E DisplayDeviceConfig: requesting nits when no mapping exists.
11-29 03:50:25.714 1491 1874 E DisplayDeviceConfig: requesting nits when no mapping exists.
11-29 03:50:25.715 1491 1874 E DisplayDeviceConfig: requesting nits when no mapping exists.
11-29 03:50:25.735 1491 1874 E DisplayDeviceConfig: requesting nits when no mapping exists.
11-29 03:50:25.735 1491 1874 E DisplayDeviceConfig: requesting nits when no mapping exists.
11-29 03:50:25.748 1491 1874 E DisplayDeviceConfig: requesting nits when no mapping exists.
11-29 03:50:25.750 1491 1874 E DisplayDeviceConfig: requesting nits when no mapping exists.
11-29 03:50:25.766 1491 1874 E DisplayDeviceConfig: requesting nits when no mapping exists.
11-29 03:50:25.767 1491 1874 E DisplayDeviceConfig: requesting nits when no mapping exists.
11-29 03:50:25.783 1491 1874 E DisplayDeviceConfig: requesting nits when no mapping exists.
11-29 03:50:25.784 1491 1874 E DisplayDeviceConfig: requesting nits when no mapping exists.
11-29 03:50:25.798 1491 1874 E DisplayDeviceConfig: requesting nits when no mapping exists.
11-29 03:50:25.798 1491 1874 E DisplayDeviceConfig: requesting nits when no mapping exists.
11-29 03:50:25.818 1491 1874 E DisplayDeviceConfig: requesting nits when no mapping exists.
11-29 03:50:25.819 1491 1874 E DisplayDeviceConfig: requesting nits when no mapping exists.
11-29 03:50:25.831 1491 1874 E DisplayDeviceConfig: requesting nits when no mapping exists.
11-29 03:50:25.832 1491 1874 E DisplayDeviceConfig: requesting nits when no mapping exists.
11-29 03:50:25.853 1491 1874 E DisplayDeviceConfig: requesting nits when no mapping exists.
11-29 03:50:25.853 1491 1874 E DisplayDeviceConfig: requesting nits when no mapping exists.
11-29 03:50:25.864 1491 1874 E DisplayDeviceConfig: requesting nits when no mapping exists.
11-29 03:50:25.865 1491 1874 E DisplayDeviceConfig: requesting nits when no mapping exists.
11-29 03:50:25.882 1491 1874 E DisplayDeviceConfig: requesting nits when no mapping exists.
11-29 03:50:25.884 1491 1874 E DisplayDeviceConfig: requesting nits when no mapping exists.
11-29 03:50:25.898 1491 1874 E DisplayDeviceConfig: requesting nits when no mapping exists.
11-29 03:50:25.899 1491 1874 E DisplayDeviceConfig: requesting nits when no mapping exists.
11-29 03:50:25.915 1491 1874 E DisplayDeviceConfig: requesting nits when no mapping exists.
11-29 03:50:25.916 1491 1874 E DisplayDeviceConfig: requesting nits when no mapping exists.
11-29 03:50:25.932 1491 1874 E DisplayDeviceConfig: requesting nits when no mapping exists.
11-29 03:50:25.933 1491 1874 E DisplayDeviceConfig: requesting nits when no mapping exists.
11-29 03:50:25.948 1491 1874 E DisplayDeviceConfig: requesting nits when no mapping exists.
11-29 03:50:25.948 1491 1874 E DisplayDeviceConfig: requesting nits when no mapping exists.
11-29 03:50:25.965 1491 1874 E DisplayDeviceConfig: requesting nits when no mapping exists.
11-29 03:50:25.965 1491 1874 E DisplayDeviceConfig: requesting nits when no mapping exists.
11-29 03:50:25.981 1491 1874 E DisplayDeviceConfig: requesting nits when no mapping exists.
11-29 03:50:25.982 1491 1874 E DisplayDeviceConfig: requesting nits when no mapping exists.
11-29 03:50:26.006 1491 1874 E DisplayDeviceConfig: requesting nits when no mapping exists.
11-29 03:50:26.007 1491 1874 E DisplayDeviceConfig: requesting nits when no mapping exists.
11-29 03:50:26.016 1491 1874 E DisplayDeviceConfig: requesting nits when no mapping exists.
11-29 03:50:26.016 1491 1874 E DisplayDeviceConfig: requesting nits when no mapping exists.
11-29 03:50:26.032 1491 1874 E DisplayDeviceConfig: requesting nits when no mapping exists.
11-29 03:50:26.032 1491 1874 E DisplayDeviceConfig: requesting nits when no mapping exists.
11-29 03:50:26.049 1491 1874 E DisplayDeviceConfig: requesting nits when no mapping exists.
11-29 03:50:26.049 1491 1874 E DisplayDeviceConfig: requesting nits when no mapping exists.
11-29 03:50:26.067 1491 1874 E DisplayDeviceConfig: requesting nits when no mapping exists.
11-29 03:50:26.070 1491 1874 E DisplayDeviceConfig: requesting nits when no mapping exists.
11-29 03:50:26.084 1491 1874 E DisplayDeviceConfig: requesting nits when no mapping exists.
11-29 03:50:26.084 1491 1874 E DisplayDeviceConfig: requesting nits when no mapping exists.
11-29 03:50:26.099 1491 1874 E DisplayDeviceConfig: requesting nits when no mapping exists.
11-29 03:50:26.099 1491 1874 E DisplayDeviceConfig: requesting nits when no mapping exists.
11-29 03:50:26.117 1491 1874 E DisplayDeviceConfig: requesting nits when no mapping exists.
11-29 03:50:26.118 1491 1874 E DisplayDeviceConfig: requesting nits when no mapping exists.
11-29 03:50:26.132 1491 1874 E DisplayDeviceConfig: requesting nits when no mapping exists.
11-29 03:50:26.133 1491 1874 E DisplayDeviceConfig: requesting nits when no mapping exists.
11-29 03:50:26.153 1491 1874 E DisplayDeviceConfig: requesting nits when no mapping exists.
11-29 03:50:26.155 1491 1874 E DisplayDeviceConfig: requesting nits when no mapping exists.
11-29 03:50:26.169 1491 1874 E DisplayDeviceConfig: requesting nits when no mapping exists.
11-29 03:50:26.170 1491 1874 E DisplayDeviceConfig: requesting nits when no mapping exists.
11-29 03:50:35.408 1491 1760 I GameModeConfig: isGameModeOn = false
11-29 03:50:45.681 1491 8701 I DreamManagerService: Gently waking up from dream.
11-29 03:50:45.683 1491 1596 I DreamManagerService: Performing gentle wake from dream.
11-29 03:50:45.685 1491 8701 I ActivityTaskManager: FOREGROUND_APPLICATION_CHANGED to com.android.launcher3.uioverrides.QuickstepLauncher
11-29 03:50:45.722 3714 3731 W ContextImpl: Calling a method in the system process without a qualified user: android.app.ContextImpl.startService:1816 android.content.ContextWrapper.startService:774 com.thundercomm.gamemode.ingame.services.GameModeActionUtils.startGameModeService:93 com.thundercomm.gamemode.ingame.services.GameModeActionUtils.startGameModeEntry:21 com.thundercomm.gamemode.ingame.services.ActivityMonitoringService$1.onActivityLaunch:127
11-29 03:50:45.728 1491 1491 I GameModeConfig: Current uri is uri = content://com.thundercomm.gamemode.api/gamemode_settings/gamemode_isgaming
11-29 03:50:45.731 1491 1626 I PowerManagerService: Powering on display group fromDreaming (groupId=0, uid=1000, reason=WAKE_REASON_UNKNOWN, details=android.server.power:DREAM_FINISHED)...
11-29 03:50:45.731 1491 1626 I PowerManagerService: Waking up from Dreaming (uid=1000, reason=WAKE_REASON_UNKNOWN, details=android.server.power:DREAM_FINISHED)...
11-29 03:50:45.735 1491 1491 I GameModeConfig: isGameModeOn = false
11-29 03:50:45.736 1491 1491 I GameModeConfig: isGameModeOn = false
11-29 03:50:45.736 1491 1491 I GameModeConfig: isDisableVoice = true
11-29 03:50:45.795 3714 3731 W ContextImpl: Calling a method in the system process without a qualified user: android.app.ContextImpl.startService:1816 android.content.ContextWrapper.startService:774 com.thundercomm.gamemode.ingame.services.GameModeActionUtils.startGameModeService:93 com.thundercomm.gamemode.ingame.services.GameModeActionUtils.startGameModeEntry:21 com.thundercomm.gamemode.ingame.services.ActivityMonitoringService$1.onActivityLaunch:127
11-29 03:50:45.801 1491 1491 I GameModeConfig: Current uri is uri = content://com.thundercomm.gamemode.api/gamemode_settings/gamemode_isgaming
11-29 03:50:45.804 1491 1491 I GameModeConfig: isGameModeOn = false
11-29 03:50:45.804 1491 1491 I GameModeConfig: isGameModeOn = false
11-29 03:50:45.804 1491 1491 I GameModeConfig: isDisableVoice = true
11-29 03:50:45.997 3714 3731 W ContextImpl: Calling a method in the system process without a qualified user: android.app.ContextImpl.startService:1816 android.content.ContextWrapper.startService:774 com.thundercomm.gamemode.ingame.services.GameModeActionUtils.startGameModeService:93 com.thundercomm.gamemode.ingame.services.GameModeActionUtils.startGameModeEntry:21 com.thundercomm.gamemode.ingame.services.ActivityMonitoringService$1.onActivityLaunch:127
11-29 03:50:46.014 1491 1491 I GameModeConfig: Current uri is uri = content://com.thundercomm.gamemode.api/gamemode_settings/gamemode_isgaming
11-29 03:50:46.016 1491 1491 I GameModeConfig: isGameModeOn = false
11-29 03:50:46.016 1491 1491 I GameModeConfig: isGameModeOn = false
11-29 03:50:46.016 1491 1491 I GameModeConfig: isDisableVoice = true
11-29 03:50:46.021 1491 10783 I DreamManagerService: Leaving dreamland.
11-29 03:50:46.022 1491 1596 I DreamManagerService: Performing gentle wake from dream.
11-29 03:50:46.022 1491 1596 I DreamController: Stopping dream: name=ComponentInfo{com.thundercomm.screensaver/com.thundercomm.saverclock.service.ClockScreensaver}, isTest=false, canDoze=false, userId=0, reason='finished self'(from 'finished self')
11-29 03:50:46.040 1491 1600 W ActivityTaskManager: Can't find TaskDisplayArea to determine support for multi window. Task id=61 attached=false
11-29 03:50:46.858 1491 1760 I GameModeConfig: isGameModeOn = false
11-29 03:50:46.858 1491 1760 I GameModeConfig: isGameModeOn = false
11-29 03:50:46.858 1491 1760 I GameModeConfig: isGameModeOn = false
11-29 03:50:46.858 1491 1760 I GameModeConfig: isGameModeOn = false
11-29 03:50:46.905 1491 1760 I GameModeConfig: isGameModeOn = false
11-29 03:50:46.905 1491 1760 I GameModeConfig: isGameModeOn = false
11-29 03:50:46.905 1491 1760 I GameModeConfig: isGameModeOn = false
11-29 03:50:46.905 1491 1760 I GameModeConfig: isGameModeOn = false
11-29 03:50:46.942 1491 1760 I GameModeConfig: isGameModeOn = false
11-29 03:50:46.942 1491 1760 I GameModeConfig: isGameModeOn = false
11-29 03:50:46.943 1491 1760 I GameModeConfig: isGameModeOn = false
11-29 03:50:46.943 1491 1760 I GameModeConfig: isGameModeOn = false
11-29 03:50:46.961 1491 1760 I GameModeConfig: isGameModeOn = false
11-29 03:50:46.961 1491 1760 I GameModeConfig: isGameModeOn = false
11-29 03:50:46.961 1491 1760 I GameModeConfig: isGameModeOn = false
11-29 03:50:46.961 1491 1760 I GameModeConfig: isGameModeOn = false
11-29 03:50:46.977 1491 1760 I GameModeConfig: isGameModeOn = false
11-29 03:50:46.977 1491 1760 I GameModeConfig: isGameModeOn = false
11-29 03:50:46.977 1491 1760 I GameModeConfig: isGameModeOn = false
11-29 03:50:46.978 1491 1760 I GameModeConfig: isGameModeOn = false
11-29 03:50:47.060 1491 1491 I GameModeConfig: isGameModeOn = false
11-29 03:50:47.063 1491 1491 W NotificationHistory: Attempted to add notif for locked/gone/disabled user 0
11-29 03:50:47.109 1491 1491 I GameModeConfig: isGameModeOn = false
11-29 03:50:47.109 1491 1491 E NotificationService: Muting recently noisy 0|com.android.systemui|2048|null|10082
11-29 03:50:47.146 1491 1491 I GameModeConfig: isGameModeOn = false
11-29 03:50:47.146 1491 1491 E NotificationService: Muting recently noisy 0|com.android.systemui|2048|null|10082
11-29 03:50:47.165 1491 1491 I GameModeConfig: isGameModeOn = false
11-29 03:50:47.166 1491 1491 E NotificationService: Muting recently noisy 0|com.android.systemui|2048|null|10082
11-29 03:50:47.181 1491 1491 I GameModeConfig: isGameModeOn = false
11-29 03:50:47.182 1491 1491 E NotificationService: Muting recently noisy 0|com.android.systemui|2048|null|10082
11-29 03:50:48.144 1491 10783 I ActivityTaskManager: START u0 {act=android.intent.action.MAIN cat=[android.intent.category.HOME] flg=0x10000000 cmp=com.android.launcher3/.uioverrides.QuickstepLauncher} from uid 10077
11-29 03:50:48.438 1491 1760 I GameModeConfig: isGameModeOn = false
11-29 03:50:48.438 1491 1760 I GameModeConfig: isGameModeOn = false
11-29 03:50:48.438 1491 1760 I GameModeConfig: isGameModeOn = false
11-29 03:50:48.438 1491 1760 I GameModeConfig: isGameModeOn = false
11-29 03:50:48.461 1491 1760 I GameModeConfig: isGameModeOn = false
11-29 03:50:48.461 1491 1760 I GameModeConfig: isGameModeOn = false
11-29 03:50:48.461 1491 1760 I GameModeConfig: isGameModeOn = false
11-29 03:50:48.462 1491 1760 I GameModeConfig: isGameModeOn = false
11-29 03:50:48.476 1491 1760 I GameModeConfig: isGameModeOn = false
11-29 03:50:48.477 1491 1760 I GameModeConfig: isGameModeOn = false
11-29 03:50:48.477 1491 1760 I GameModeConfig: isGameModeOn = false
11-29 03:50:48.477 1491 1760 I GameModeConfig: isGameModeOn = false
11-29 03:50:48.487 1491 1760 I GameModeConfig: isGameModeOn = false
11-29 03:50:48.487 1491 1760 I GameModeConfig: isGameModeOn = false
11-29 03:50:48.487 1491 1760 I GameModeConfig: isGameModeOn = false
11-29 03:50:48.487 1491 1760 I GameModeConfig: isGameModeOn = false
11-29 03:50:48.506 1491 1760 I GameModeConfig: isGameModeOn = false
11-29 03:50:48.506 1491 1760 I GameModeConfig: isGameModeOn = false
11-29 03:50:48.506 1491 1760 I GameModeConfig: isGameModeOn = false
11-29 03:50:48.506 1491 1760 I GameModeConfig: isGameModeOn = false
11-29 03:50:48.519 1491 1760 I GameModeConfig: isGameModeOn = false
11-29 03:50:48.520 1491 1760 I GameModeConfig: isGameModeOn = false
11-29 03:50:48.520 1491 1760 I GameModeConfig: isGameModeOn = false
11-29 03:50:48.520 1491 1760 I GameModeConfig: isGameModeOn = false
11-29 03:50:48.535 1491 1760 I GameModeConfig: isGameModeOn = false
11-29 03:50:48.536 1491 1760 I GameModeConfig: isGameModeOn = false
11-29 03:50:48.536 1491 1760 I GameModeConfig: isGameModeOn = false
11-29 03:50:48.536 1491 1760 I GameModeConfig: isGameModeOn = false
11-29 03:50:48.642 1491 1491 I GameModeConfig: isGameModeOn = false
11-29 03:50:48.646 1491 1491 W NotificationHistory: Attempted to add notif for locked/gone/disabled user 0
11-29 03:50:48.661 1491 1491 I GameModeConfig: isGameModeOn = false
11-29 03:50:48.662 1491 1491 E NotificationService: Muting recently noisy 0|com.android.systemui|2048|null|10082
11-29 03:50:48.676 1491 1491 I GameModeConfig: isGameModeOn = false
11-29 03:50:48.677 1491 1491 E NotificationService: Muting recently noisy 0|com.android.systemui|2048|null|10082
11-29 03:50:48.690 1491 1491 I GameModeConfig: isGameModeOn = false
11-29 03:50:48.690 1491 1491 E NotificationService: Muting recently noisy 0|com.android.systemui|2048|null|10082
11-29 03:50:48.706 1491 1491 I GameModeConfig: isGameModeOn = false
11-29 03:50:48.706 1491 1491 E NotificationService: Muting recently noisy 0|com.android.systemui|2048|null|10082
11-29 03:50:48.723 1491 1491 I GameModeConfig: isGameModeOn = false
11-29 03:50:48.724 1491 1491 E NotificationService: Muting recently noisy 0|com.android.systemui|2048|null|10082
11-29 03:50:48.739 1491 1491 I GameModeConfig: isGameModeOn = false
11-29 03:50:48.740 1491 1491 E NotificationService: Muting recently noisy 0|com.android.systemui|2048|null|10082
11-29 03:50:48.855 1491 1760 I GameModeConfig: isGameModeOn = false
11-29 03:50:48.856 1491 1760 I GameModeConfig: isGameModeOn = false
11-29 03:50:48.856 1491 1760 I GameModeConfig: isGameModeOn = false
11-29 03:50:48.856 1491 1760 I GameModeConfig: isGameModeOn = false
11-29 03:50:48.875 1491 1760 I GameModeConfig: isGameModeOn = false
11-29 03:50:48.875 1491 1760 I GameModeConfig: isGameModeOn = false
11-29 03:50:48.875 1491 1760 I GameModeConfig: isGameModeOn = false
11-29 03:50:48.875 1491 1760 I GameModeConfig: isGameModeOn = false
11-29 03:50:48.896 1491 1760 I GameModeConfig: isGameModeOn = false
11-29 03:50:48.897 1491 1760 I GameModeConfig: isGameModeOn = false
11-29 03:50:48.897 1491 1760 I GameModeConfig: isGameModeOn = false
11-29 03:50:48.897 1491 1760 I GameModeConfig: isGameModeOn = false
11-29 03:50:48.906 1491 1760 I GameModeConfig: isGameModeOn = false
11-29 03:50:48.907 1491 1760 I GameModeConfig: isGameModeOn = false
11-29 03:50:48.907 1491 1760 I GameModeConfig: isGameModeOn = false
11-29 03:50:48.907 1491 1760 I GameModeConfig: isGameModeOn = false
11-29 03:50:48.921 1491 1760 I GameModeConfig: isGameModeOn = false
11-29 03:50:48.922 1491 1760 I GameModeConfig: isGameModeOn = false
11-29 03:50:48.922 1491 1760 I GameModeConfig: isGameModeOn = false
11-29 03:50:48.922 1491 1760 I GameModeConfig: isGameModeOn = false
11-29 03:50:48.937 1491 1760 I GameModeConfig: isGameModeOn = false
11-29 03:50:48.938 1491 1760 I GameModeConfig: isGameModeOn = false
11-29 03:50:48.938 1491 1760 I GameModeConfig: isGameModeOn = false
11-29 03:50:48.938 1491 1760 I GameModeConfig: isGameModeOn = false
11-29 03:50:48.953 1491 1760 I GameModeConfig: isGameModeOn = false
11-29 03:50:48.953 1491 1760 I GameModeConfig: isGameModeOn = false
11-29 03:50:48.953 1491 1760 I GameModeConfig: isGameModeOn = false
11-29 03:50:48.954 1491 1760 I GameModeConfig: isGameModeOn = false
11-29 03:50:48.970 1491 1760 I GameModeConfig: isGameModeOn = false
11-29 03:50:48.970 1491 1760 I GameModeConfig: isGameModeOn = false
11-29 03:50:48.970 1491 1760 I GameModeConfig: isGameModeOn = false
11-29 03:50:48.970 1491 1760 I GameModeConfig: isGameModeOn = false
11-29 03:50:48.986 1491 1760 I GameModeConfig: isGameModeOn = false
11-29 03:50:48.987 1491 1760 I GameModeConfig: isGameModeOn = false
11-29 03:50:48.987 1491 1760 I GameModeConfig: isGameModeOn = false
11-29 03:50:48.987 1491 1760 I GameModeConfig: isGameModeOn = false
11-29 03:50:49.003 1491 1760 I GameModeConfig: isGameModeOn = false
11-29 03:50:49.004 1491 1760 I GameModeConfig: isGameModeOn = false
11-29 03:50:49.004 1491 1760 I GameModeConfig: isGameModeOn = false
11-29 03:50:49.004 1491 1760 I GameModeConfig: isGameModeOn = false
11-29 03:50:49.020 1491 1760 I GameModeConfig: isGameModeOn = false
11-29 03:50:49.021 1491 1760 I GameModeConfig: isGameModeOn = false
11-29 03:50:49.021 1491 1760 I GameModeConfig: isGameModeOn = false
11-29 03:50:49.021 1491 1760 I GameModeConfig: isGameModeOn = false
11-29 03:50:49.037 1491 1760 I GameModeConfig: isGameModeOn = false
11-29 03:50:49.038 1491 1760 I GameModeConfig: isGameModeOn = false
11-29 03:50:49.038 1491 1760 I GameModeConfig: isGameModeOn = false
11-29 03:50:49.038 1491 1760 I GameModeConfig: isGameModeOn = false
11-29 03:50:49.054 1491 1760 I GameModeConfig: isGameModeOn = false
11-29 03:50:49.054 1491 1760 I GameModeConfig: isGameModeOn = false
11-29 03:50:49.054 1491 1760 I GameModeConfig: isGameModeOn = false
11-29 03:50:49.054 1491 1760 I GameModeConfig: isGameModeOn = false
11-29 03:50:49.060 1491 1491 I GameModeConfig: isGameModeOn = false
11-29 03:50:49.060 1491 1491 E NotificationService: Muting recently noisy 0|com.android.systemui|2048|null|10082
11-29 03:50:49.070 1491 1760 I GameModeConfig: isGameModeOn = false
11-29 03:50:49.070 1491 1760 I GameModeConfig: isGameModeOn = false
11-29 03:50:49.070 1491 1760 I GameModeConfig: isGameModeOn = false
11-29 03:50:49.070 1491 1760 I GameModeConfig: isGameModeOn = false
11-29 03:50:49.082 1491 1491 I GameModeConfig: isGameModeOn = false
11-29 03:50:49.082 1491 1491 E NotificationService: Muting recently noisy 0|com.android.systemui|2048|null|10082
11-29 03:50:49.090 1491 1760 I GameModeConfig: isGameModeOn = false
11-29 03:50:49.090 1491 1760 I GameModeConfig: isGameModeOn = false
11-29 03:50:49.090 1491 1760 I GameModeConfig: isGameModeOn = false
11-29 03:50:49.091 1491 1760 I GameModeConfig: isGameModeOn = false
11-29 03:50:49.096 1491 1491 I GameModeConfig: isGameModeOn = false
11-29 03:50:49.097 1491 1491 E NotificationService: Muting recently noisy 0|com.android.systemui|2048|null|10082
11-29 03:50:49.105 1491 1760 I GameModeConfig: isGameModeOn = false
11-29 03:50:49.105 1491 1760 I GameModeConfig: isGameModeOn = false
11-29 03:50:49.105 1491 1760 I GameModeConfig: isGameModeOn = false
11-29 03:50:49.106 1491 1760 I GameModeConfig: isGameModeOn = false
11-29 03:50:49.110 1491 1491 I GameModeConfig: isGameModeOn = false
11-29 03:50:49.110 1491 1491 E NotificationService: Muting recently noisy 0|com.android.systemui|2048|null|10082
11-29 03:50:49.125 1491 1491 I GameModeConfig: isGameModeOn = false
11-29 03:50:49.126 1491 1491 E NotificationService: Muting recently noisy 0|com.android.systemui|2048|null|10082
11-29 03:50:49.130 1491 1760 I GameModeConfig: isGameModeOn = false
11-29 03:50:49.130 1491 1760 I GameModeConfig: isGameModeOn = false
11-29 03:50:49.131 1491 1760 I GameModeConfig: isGameModeOn = false
11-29 03:50:49.132 1491 1760 I GameModeConfig: isGameModeOn = false
11-29 03:50:49.141 1491 1491 I GameModeConfig: isGameModeOn = false
11-29 03:50:49.143 1491 1491 E NotificationService: Muting recently noisy 0|com.android.systemui|2048|null|10082
11-29 03:50:49.156 1491 1491 I GameModeConfig: isGameModeOn = false
11-29 03:50:49.157 1491 1491 E NotificationService: Muting recently noisy 0|com.android.systemui|2048|null|10082
11-29 03:50:49.172 1491 1491 I GameModeConfig: isGameModeOn = false
11-29 03:50:49.173 1491 1491 E NotificationService: Muting recently noisy 0|com.android.systemui|2048|null|10082
11-29 03:50:49.190 1491 1491 I GameModeConfig: isGameModeOn = false
11-29 03:50:49.190 1491 1491 E NotificationService: Muting recently noisy 0|com.android.systemui|2048|null|10082
11-29 03:50:49.211 1491 1491 I GameModeConfig: isGameModeOn = false
11-29 03:50:49.211 1491 1491 E NotificationService: Muting recently noisy 0|com.android.systemui|2048|null|10082
11-29 03:50:49.223 1491 1491 I GameModeConfig: isGameModeOn = false
11-29 03:50:49.224 1491 1491 E NotificationService: Muting recently noisy 0|com.android.systemui|2048|null|10082
11-29 03:50:49.241 1491 1491 I GameModeConfig: isGameModeOn = false
11-29 03:50:49.241 1491 1491 E NotificationService: Muting recently noisy 0|com.android.systemui|2048|null|10082
11-29 03:50:49.257 1491 1491 I GameModeConfig: isGameModeOn = false
11-29 03:50:49.257 1491 1491 E NotificationService: Muting recently noisy 0|com.android.systemui|2048|null|10082
11-29 03:50:49.273 1491 1491 I GameModeConfig: isGameModeOn = false
11-29 03:50:49.273 1491 1491 E NotificationService: Muting recently noisy 0|com.android.systemui|2048|null|10082
11-29 03:50:49.290 1491 1491 I GameModeConfig: isGameModeOn = false
11-29 03:50:49.291 1491 1491 E NotificationService: Muting recently noisy 0|com.android.systemui|2048|null|10082
11-29 03:50:49.306 1491 1491 I GameModeConfig: isGameModeOn = false
11-29 03:50:49.306 1491 1491 E NotificationService: Muting recently noisy 0|com.android.systemui|2048|null|10082
11-29 03:50:49.331 1491 1491 I GameModeConfig: isGameModeOn = false
11-29 03:50:49.332 1491 1491 E NotificationService: Muting recently noisy 0|com.android.systemui|2048|null|10082
11-29 03:50:49.450 1491 9682 I ActivityTaskManager: START u0 {act=android.intent.action.MAIN cat=[android.intent.category.HOME] flg=0x10000000 cmp=com.android.launcher3/.uioverrides.QuickstepLauncher} from uid 10077
11-29 03:50:54.230 1491 8701 I ActivityTaskManager: START u0 {flg=0x10008000 cmp=com.android.deskclock/.DeskClock} from uid 10077
11-29 03:50:54.234 1491 8701 W ActivityTaskManager: Can't find TaskDisplayArea to determine support for multi window. Task id=62 attached=false
11-29 03:50:54.236 1491 8701 D FreeFormWindowHelper: Add freeform task=Task{3152e6d #62 type=standard ?? U=0 visible=false mode=freeform translucent=true sz=0}
11-29 03:50:54.238 1491 8701 D CompatibilityChangeReporter: Compat change id reported: 174042980; UID 10067; state: DISABLED
11-29 03:50:54.238 1491 8701 D CompatibilityChangeReporter: Compat change id reported: 184838306; UID 10067; state: DISABLED
11-29 03:50:54.239 1491 8701 D CompatibilityChangeReporter: Compat change id reported: 185004937; UID 10067; state: DISABLED
11-29 03:50:54.239 1491 8701 D CompatibilityChangeReporter: Compat change id reported: 181136395; UID 10067; state: DISABLED
11-29 03:50:54.240 1491 8701 D CompatibilityChangeReporter: Compat change id reported: 174042936; UID 10067; state: DISABLED
11-29 03:50:54.242 1491 8701 I ActivityTaskManager: FOREGROUND_APPLICATION_CHANGED to com.android.deskclock.DeskClock
11-29 03:50:54.242 1491 8701 I ActivityTaskManager: The Process com.android.deskclock Already Exists in BG. So sending its PID: 10817
11-29 03:50:54.268 3714 3731 W ContextImpl: Calling a method in the system process without a qualified user: android.app.ContextImpl.startService:1816 android.content.ContextWrapper.startService:774 com.thundercomm.gamemode.ingame.services.GameModeActionUtils.startGameModeService:93 com.thundercomm.gamemode.ingame.services.GameModeActionUtils.startGameModeEntry:21 com.thundercomm.gamemode.ingame.services.ActivityMonitoringService$1.onActivityLaunch:127
11-29 03:50:54.273 1491 1491 I GameModeConfig: Current uri is uri = content://com.thundercomm.gamemode.api/gamemode_settings/gamemode_isgaming
11-29 03:50:54.278 1491 1491 I GameModeConfig: isGameModeOn = false
11-29 03:50:54.278 1491 1491 I GameModeConfig: isGameModeOn = false
11-29 03:50:54.278 1491 1491 I GameModeConfig: isDisableVoice = true
11-29 03:50:54.315 1491 8701 I ActivityTaskManager: START u0 {act=android.content.pm.action.REQUEST_PERMISSIONS pkg=com.android.permissioncontroller cmp=com.android.permissioncontroller/.permission.ui.GrantPermissionsActivity (has extras)} from uid 10067
11-29 03:50:54.355 1491 9682 I ActivityTaskManager: FOREGROUND_APPLICATION_CHANGED to com.android.permissioncontroller.permission.ui.GrantPermissionsActivity
11-29 03:50:54.355 1491 9682 I ActivityTaskManager: The Process com.android.permissioncontroller Already Exists in BG. So sending its PID: 10614
11-29 03:50:54.356 1491 9682 W ActivityTaskManager: Tried to set launchTime (0) < mLastActivityLaunchTime (2139555)
11-29 03:50:54.379 3714 3731 W ContextImpl: Calling a method in the system process without a qualified user: android.app.ContextImpl.startService:1816 android.content.ContextWrapper.startService:774 com.thundercomm.gamemode.ingame.services.GameModeActionUtils.startGameModeService:93 com.thundercomm.gamemode.ingame.services.GameModeActionUtils.startGameModeEntry:21 com.thundercomm.gamemode.ingame.services.ActivityMonitoringService$1.onActivityLaunch:127
11-29 03:50:54.384 1491 1491 I GameModeConfig: Current uri is uri = content://com.thundercomm.gamemode.api/gamemode_settings/gamemode_isgaming
11-29 03:50:54.388 1491 1491 I GameModeConfig: isGameModeOn = false
11-29 03:50:54.389 1491 1491 I GameModeConfig: isGameModeOn = false
11-29 03:50:54.389 1491 1491 I GameModeConfig: isDisableVoice = true
11-29 03:50:54.395 1491 8943 D CompatibilityChangeReporter: Compat change id reported: 149924527; UID 10067; state: ENABLED
11-29 03:50:54.396 1491 8943 D CompatibilityChangeReporter: Compat change id reported: 132649864; UID 10067; state: DISABLED
11-29 03:50:54.396 1491 8943 D CompatibilityChangeReporter: Compat change id reported: 182734110; UID 10067; state: DISABLED
11-29 03:50:54.400 1491 8701 W WindowManager: updateScale0.7996942
11-29 03:50:54.401 1491 8701 W WindowManager: updateScale0.7996942
11-29 03:50:54.410 1491 9682 I ActivityTaskManager: FOREGROUND_APPLICATION_CHANGED to com.android.deskclock.DeskClock
11-29 03:50:54.429 1491 9682 W WindowManager: updateScale0.7996942
11-29 03:50:54.504 1491 1600 W WindowManager: updateScale0.7996942
11-29 03:50:54.507 1491 1600 W WindowManager: updateScale0.7996942
11-29 03:50:54.508 1491 1600 W WindowManager: updateScale0.7996942
11-29 03:50:54.529 3714 3731 W ContextImpl: Calling a method in the system process without a qualified user: android.app.ContextImpl.startService:1816 android.content.ContextWrapper.startService:774 com.thundercomm.gamemode.ingame.services.GameModeActionUtils.startGameModeService:93 com.thundercomm.gamemode.ingame.services.GameModeActionUtils.startGameModeEntry:21 com.thundercomm.gamemode.ingame.services.ActivityMonitoringService$1.onActivityLaunch:127
11-29 03:50:54.539 1491 1491 I GameModeConfig: Current uri is uri = content://com.thundercomm.gamemode.api/gamemode_settings/gamemode_isgaming
11-29 03:50:54.546 1491 1491 I GameModeConfig: isGameModeOn = false
11-29 03:50:54.546 1491 1491 I GameModeConfig: isGameModeOn = false
11-29 03:50:54.546 1491 1491 I GameModeConfig: isDisableVoice = true
11-29 03:50:54.786 1491 1600 W WindowManager: updateScale0.7996942
11-29 03:50:54.794 1491 2106 W WindowManager: updateScale0.7996942
11-29 03:50:54.796 3714 3731 W ContextImpl: Calling a method in the system process without a qualified user: android.app.ContextImpl.startService:1816 android.content.ContextWrapper.startService:774 com.thundercomm.gamemode.ingame.services.GameModeActionUtils.startGameModeService:93 com.thundercomm.gamemode.ingame.services.GameModeActionUtils.startGameModeEntry:21 com.thundercomm.gamemode.ingame.services.ActivityMonitoringService$1.onActivityLaunch:127
11-29 03:50:54.800 1491 1491 I GameModeConfig: Current uri is uri = content://com.thundercomm.gamemode.api/gamemode_settings/gamemode_isgaming
11-29 03:50:54.803 1491 1491 I GameModeConfig: isGameModeOn = false
11-29 03:50:54.805 1491 1491 I GameModeConfig: isGameModeOn = false
11-29 03:50:54.805 1491 1491 I GameModeConfig: isDisableVoice = true
11-29 03:50:55.263 1491 1700 I ActivityTaskManager: START u0 {act=android.intent.action.MAIN cat=[android.intent.category.HOME] flg=0x10000000 cmp=com.android.launcher3/.uioverrides.QuickstepLauncher} from uid 10077
11-29 03:50:55.272 1491 1700 I ActivityTaskManager: FOREGROUND_APPLICATION_CHANGED to com.android.launcher3.uioverrides.QuickstepLauncher
11-29 03:50:55.272 1491 1700 W WindowManager: updateScale0.7996942
11-29 03:50:55.277 1491 1700 W WindowManager: updateScale0.7996942
11-29 03:50:56.183 3714 3731 W ContextImpl: Calling a method in the system process without a qualified user: android.app.ContextImpl.startService:1816 android.content.ContextWrapper.startService:774 com.thundercomm.gamemode.ingame.services.GameModeActionUtils.startGameModeService:93 com.thundercomm.gamemode.ingame.services.GameModeActionUtils.startGameModeEntry:21 com.thundercomm.gamemode.ingame.services.ActivityMonitoringService$1.onActivityLaunch:127
11-29 03:50:56.189 1491 1491 I GameModeConfig: Current uri is uri = content://com.thundercomm.gamemode.api/gamemode_settings/gamemode_isgaming
11-29 03:50:56.194 1491 1491 I GameModeConfig: isGameModeOn = false
11-29 03:50:56.195 1491 1491 I GameModeConfig: isGameModeOn = false
11-29 03:50:56.195 1491 1491 I GameModeConfig: isDisableVoice = true
11-29 03:50:56.257 3714 3731 W ContextImpl: Calling a method in the system process without a qualified user: android.app.ContextImpl.startService:1816 android.content.ContextWrapper.startService:774 com.thundercomm.gamemode.ingame.services.GameModeActionUtils.startGameModeService:93 com.thundercomm.gamemode.ingame.services.GameModeActionUtils.startGameModeEntry:21 com.thundercomm.gamemode.ingame.services.ActivityMonitoringService$1.onActivityLaunch:127
11-29 03:50:56.262 1491 1491 I GameModeConfig: Current uri is uri = content://com.thundercomm.gamemode.api/gamemode_settings/gamemode_isgaming
11-29 03:50:56.265 1491 1491 I GameModeConfig: isGameModeOn = false
11-29 03:50:56.266 1491 1491 I GameModeConfig: isGameModeOn = false
11-29 03:50:56.266 1491 1491 I GameModeConfig: isDisableVoice = true
11-29 03:50:56.455 1491 1600 D FreeFormWindowHelper: Remove freefrom task=Task{3152e6d #62 type=standard A=10067:com.android.deskclock U=0 visible=false mode=freeform translucent=true sz=0}
11-29 03:50:57.101 1491 1760 I GameModeConfig: isGameModeOn = false
11-29 03:50:57.109 1491 1760 I GameModeConfig: isGameModeOn = false
11-29 03:50:57.146 1491 1760 I GameModeConfig: isGameModeOn = false
11-29 03:50:57.165 1491 1760 I GameModeConfig: isGameModeOn = false
11-29 03:50:57.181 1491 1760 I GameModeConfig: isGameModeOn = false
11-29 03:50:57.761 1491 2756 E TaskPersister: File error accessing recents directory (directory doesn't exist?).
11-29 03:50:58.296 1491 7072 I ActivityTaskManager: START u0 {flg=0x10008000 cmp=com.android.music/.MusicBrowserActivity} from uid 10077
11-29 03:50:58.309 1491 7072 W ActivityTaskManager: Can't find TaskDisplayArea to determine support for multi window. Task id=63 attached=false
11-29 03:50:58.311 1491 7072 D FreeFormWindowHelper: Add freeform task=Task{d189041 #63 type=standard ?? U=0 visible=false mode=freeform translucent=true sz=0}
11-29 03:50:58.319 1491 7072 I ActivityTaskManager: FOREGROUND_APPLICATION_CHANGED to com.android.music.MusicBrowserActivity
11-29 03:50:58.320 1491 7072 I ActivityTaskManager: The Process com.android.music Already Exists in BG. So sending its PID: 10142
11-29 03:50:58.320 1491 7072 W ActivityTaskManager: Tried to set launchTime (0) < mLastActivityLaunchTime (2037144)
11-29 03:50:58.351 1491 1700 D CompatibilityChangeReporter: Compat change id reported: 149924527; UID 10089; state: ENABLED
11-29 03:50:58.352 1491 1700 D CompatibilityChangeReporter: Compat change id reported: 132649864; UID 10089; state: DISABLED
11-29 03:50:58.353 1491 9682 D CompatibilityChangeReporter: Compat change id reported: 182734110; UID 10089; state: ENABLED
11-29 03:50:58.356 3714 3731 W ContextImpl: Calling a method in the system process without a qualified user: android.app.ContextImpl.startService:1816 android.content.ContextWrapper.startService:774 com.thundercomm.gamemode.ingame.services.GameModeActionUtils.startGameModeService:93 com.thundercomm.gamemode.ingame.services.GameModeActionUtils.startGameModeEntry:21 com.thundercomm.gamemode.ingame.services.ActivityMonitoringService$1.onActivityLaunch:127
11-29 03:50:58.361 1491 1491 I GameModeConfig: Current uri is uri = content://com.thundercomm.gamemode.api/gamemode_settings/gamemode_isgaming
11-29 03:50:58.366 1491 1491 I GameModeConfig: isGameModeOn = false
11-29 03:50:58.367 1491 1491 I GameModeConfig: isGameModeOn = false
11-29 03:50:58.367 1491 1491 I GameModeConfig: isDisableVoice = true
11-29 03:50:58.407 1491 1760 I GameModeConfig: isGameModeOn = false
11-29 03:50:58.408 1491 1760 I GameModeConfig: isGameModeOn = false
11-29 03:50:58.408 1491 1760 I GameModeConfig: isGameModeOn = false
11-29 03:50:58.408 1491 1760 I GameModeConfig: isGameModeOn = false
11-29 03:50:58.418 1491 1760 I GameModeConfig: isGameModeOn = false
11-29 03:50:58.420 1491 1760 I GameModeConfig: isGameModeOn = false
11-29 03:50:58.420 1491 1760 I GameModeConfig: isGameModeOn = false
11-29 03:50:58.420 1491 1760 I GameModeConfig: isGameModeOn = false
11-29 03:50:58.436 1491 1760 I GameModeConfig: isGameModeOn = false
11-29 03:50:58.436 1491 1760 I GameModeConfig: isGameModeOn = false
11-29 03:50:58.436 1491 1760 I GameModeConfig: isGameModeOn = false
11-29 03:50:58.436 1491 1760 I GameModeConfig: isGameModeOn = false
11-29 03:50:58.438 1491 1760 I GameModeConfig: isGameModeOn = false
11-29 03:50:58.444 1491 7072 W WindowManager: updateScale0.7996942
11-29 03:50:58.456 1491 1600 W WindowManager: updateScale0.7996942
11-29 03:50:58.459 1491 1600 W WindowManager: updateScale0.7996942
11-29 03:50:58.459 1491 1600 W WindowManager: updateScale0.7996942
11-29 03:50:58.461 1491 1760 I GameModeConfig: isGameModeOn = false
11-29 03:50:58.463 1491 7072 W WindowManager: updateScale0.7996942
11-29 03:50:58.478 1491 1760 I GameModeConfig: isGameModeOn = false
11-29 03:50:58.487 1491 1760 I GameModeConfig: isGameModeOn = false
11-29 03:50:58.505 1491 1760 I GameModeConfig: isGameModeOn = false
11-29 03:50:58.520 1491 1760 I GameModeConfig: isGameModeOn = false
11-29 03:50:58.536 1491 1760 I GameModeConfig: isGameModeOn = false
11-29 03:50:58.618 1491 1491 I NotificationService: Cannot find enqueued record for key: 0|com.android.music|1|null|10089
11-29 03:50:58.623 1491 1491 I NotificationService: Cannot find enqueued record for key: 0|com.android.music|1|null|10089
11-29 03:50:58.624 1491 1491 I NotificationService: Cannot find enqueued record for key: 0|com.android.music|1|null|10089
11-29 03:50:58.624 1491 1491 I NotificationService: Cannot find enqueued record for key: 0|com.android.music|1|null|10089
11-29 03:50:58.640 1491 1491 I NotificationService: Cannot find enqueued record for key: 0|com.android.music|1|null|10089
11-29 03:50:58.643 1491 1760 I GameModeConfig: isGameModeOn = false
11-29 03:50:58.645 1491 1491 I NotificationService: Cannot find enqueued record for key: 0|com.android.music|1|null|10089
11-29 03:50:58.664 1491 1760 I GameModeConfig: isGameModeOn = false
11-29 03:50:58.677 1491 1760 I GameModeConfig: isGameModeOn = false
11-29 03:50:58.690 1491 1760 I GameModeConfig: isGameModeOn = false
11-29 03:50:58.707 1491 1760 I GameModeConfig: isGameModeOn = false
11-29 03:50:58.724 1491 1760 I GameModeConfig: isGameModeOn = false
11-29 03:50:58.740 1491 1760 I GameModeConfig: isGameModeOn = false
11-29 03:50:58.749 1491 1600 W WindowManager: updateScale0.7996942
11-29 03:50:58.856 1491 1760 I GameModeConfig: isGameModeOn = false
11-29 03:50:58.875 1491 1760 I GameModeConfig: isGameModeOn = false
11-29 03:50:58.897 1491 1760 I GameModeConfig: isGameModeOn = false
11-29 03:50:58.906 1491 1760 I GameModeConfig: isGameModeOn = false
11-29 03:50:58.922 1491 1760 I GameModeConfig: isGameModeOn = false
11-29 03:50:58.937 1491 1760 I GameModeConfig: isGameModeOn = false
11-29 03:50:58.953 1491 1760 I GameModeConfig: isGameModeOn = false
11-29 03:50:58.970 1491 1760 I GameModeConfig: isGameModeOn = false
11-29 03:50:58.987 1491 1760 I GameModeConfig: isGameModeOn = false
11-29 03:50:59.003 1491 1760 I GameModeConfig: isGameModeOn = false
11-29 03:50:59.021 1491 1760 I GameModeConfig: isGameModeOn = false
11-29 03:50:59.038 1491 1760 I GameModeConfig: isGameModeOn = false
11-29 03:50:59.054 1491 1760 I GameModeConfig: isGameModeOn = false
11-29 03:50:59.060 1491 1760 I GameModeConfig: isGameModeOn = false
11-29 03:50:59.070 1491 1760 I GameModeConfig: isGameModeOn = false
11-29 03:50:59.082 1491 1760 I GameModeConfig: isGameModeOn = false
11-29 03:50:59.090 1491 1760 I GameModeConfig: isGameModeOn = false
11-29 03:50:59.097 1491 1760 I GameModeConfig: isGameModeOn = false
11-29 03:50:59.106 1491 1760 I GameModeConfig: isGameModeOn = false
11-29 03:50:59.110 1491 1760 I GameModeConfig: isGameModeOn = false
11-29 03:50:59.126 1491 1760 I GameModeConfig: isGameModeOn = false
11-29 03:50:59.131 1491 1760 I GameModeConfig: isGameModeOn = false
11-29 03:50:59.140 1491 1760 I GameModeConfig: isGameModeOn = false
11-29 03:50:59.157 1491 1760 I GameModeConfig: isGameModeOn = false
11-29 03:50:59.172 1491 1760 I GameModeConfig: isGameModeOn = false
11-29 03:50:59.190 1491 1760 I GameModeConfig: isGameModeOn = false
11-29 03:50:59.210 1491 1760 I GameModeConfig: isGameModeOn = false
11-29 03:50:59.224 1491 1760 I GameModeConfig: isGameModeOn = false
11-29 03:50:59.241 1491 1760 I GameModeConfig: isGameModeOn = false
11-29 03:50:59.257 1491 1760 I GameModeConfig: isGameModeOn = false
11-29 03:50:59.273 1491 1760 I GameModeConfig: isGameModeOn = false
11-29 03:50:59.295 1491 1760 I GameModeConfig: isGameModeOn = false
11-29 03:50:59.306 1491 1760 I GameModeConfig: isGameModeOn = false
11-29 03:50:59.332 1491 1760 I GameModeConfig: isGameModeOn = false
11-29 03:50:59.414 1491 8701 I ActivityTaskManager: START u0 {act=android.intent.action.MAIN cat=[android.intent.category.HOME] flg=0x10000000 cmp=com.android.launcher3/.uioverrides.QuickstepLauncher} from uid 10077
11-29 03:50:59.422 1491 8701 I ActivityTaskManager: FOREGROUND_APPLICATION_CHANGED to com.android.launcher3.uioverrides.QuickstepLauncher
11-29 03:50:59.423 1491 8701 W WindowManager: updateScale0.7996942
11-29 03:50:59.427 1491 8701 W WindowManager: updateScale0.7996942
11-29 03:50:59.446 1491 9950 W WindowManager: updateScale0.7996942
11-29 03:50:59.645 1491 1700 W ActivityTaskManager: getTaskSnapshot: taskId=5062 not found
11-29 03:50:59.648 1491 8701 W ActivityTaskManager: getTaskSnapshot: taskId=4062 not found
11-29 03:50:59.650 1491 1700 W ActivityTaskManager: getTaskSnapshot: taskId=3062 not found
11-29 03:50:59.652 1491 1700 W ActivityTaskManager: getTaskSnapshot: taskId=2062 not found
11-29 03:50:59.654 1491 8701 W ActivityTaskManager: getTaskSnapshot: taskId=1062 not found
11-29 03:51:00.545 1491 9950 W ActivityTaskManager: getTaskSnapshot: taskId=5062 not found
11-29 03:51:00.545 1491 9950 W ActivityTaskManager: getTaskSnapshot: taskId=4062 not found
11-29 03:51:00.546 1491 9950 W ActivityTaskManager: getTaskSnapshot: taskId=3062 not found
11-29 03:51:01.146 1491 2106 W ActivityManager: Receiver with filter android.content.IntentFilter@1b35c5c already registered for pid 10142, callerPackage is com.android.music
11-29 03:51:01.167 3714 3731 W ContextImpl: Calling a method in the system process without a qualified user: android.app.ContextImpl.startService:1816 android.content.ContextWrapper.startService:774 com.thundercomm.gamemode.ingame.services.GameModeActionUtils.startGameModeService:93 com.thundercomm.gamemode.ingame.services.GameModeActionUtils.startGameModeEntry:21 com.thundercomm.gamemode.ingame.services.ActivityMonitoringService$1.onActivityLaunch:127
11-29 03:51:01.177 1491 1491 I GameModeConfig: Current uri is uri = content://com.thundercomm.gamemode.api/gamemode_settings/gamemode_isgaming
11-29 03:51:01.187 1491 1491 I GameModeConfig: isGameModeOn = false
11-29 03:51:01.187 1491 1491 I GameModeConfig: isGameModeOn = false
11-29 03:51:01.187 1491 1491 I GameModeConfig: isDisableVoice = true
11-29 03:51:01.207 1491 1608 D CompatibilityChangeReporter: Compat change id reported: 168419799; UID 10021; state: DISABLED
11-29 03:51:01.211 1491 8943 W NotificationHistory: Attempted to remove channel for locked/gone/disabled user 0
11-29 03:51:01.211 1491 8943 W BroadcastQueue: Background execution not allowed: receiving Intent { act=com.android.music.updatewidget flg=0x10 } to com.android.music/.MediaAppWidgetProvider
11-29 03:51:01.212 1491 1608 W BroadcastQueue: Background execution not allowed: receiving Intent { act=com.android.music.updatewidget flg=0x10 } to com.android.music/.MediaAppWidgetProviderLarge
11-29 03:51:01.242 3714 3731 W ContextImpl: Calling a method in the system process without a qualified user: android.app.ContextImpl.startService:1816 android.content.ContextWrapper.startService:774 com.thundercomm.gamemode.ingame.services.GameModeActionUtils.startGameModeService:93 com.thundercomm.gamemode.ingame.services.GameModeActionUtils.startGameModeEntry:21 com.thundercomm.gamemode.ingame.services.ActivityMonitoringService$1.onActivityLaunch:127
11-29 03:51:01.246 1491 1491 I GameModeConfig: Current uri is uri = content://com.thundercomm.gamemode.api/gamemode_settings/gamemode_isgaming
11-29 03:51:01.250 1491 1491 I GameModeConfig: isGameModeOn = false
11-29 03:51:01.251 1491 1491 I GameModeConfig: isGameModeOn = false
11-29 03:51:01.251 1491 1491 I GameModeConfig: isDisableVoice = true
11-29 03:51:01.328 1491 2756 E TaskPersister: File error accessing recents directory (directory doesn't exist?).
11-29 03:51:01.433 1491 1600 D FreeFormWindowHelper: Remove freefrom task=Task{d189041 #63 type=standard A=10089:android.task.music U=0 visible=false mode=freeform translucent=true sz=0}
11-29 03:51:02.146 1491 2106 I ActivityTaskManager: START u0 {flg=0x10008000 cmp=com.android.gallery3d/.app.GalleryActivity} from uid 10077
11-29 03:51:02.154 1491 2106 W ActivityTaskManager: Can't find TaskDisplayArea to determine support for multi window. Task id=64 attached=false
11-29 03:51:02.156 1491 2106 D FreeFormWindowHelper: Add freeform task=Task{fa3fedb #64 type=standard ?? U=0 visible=false mode=freeform translucent=true sz=0}
