11-29 04:02:25.668 1491 1607 I am_pss : [13701,10028,com.android.providers.calendar,7108608,5111808,0,98172928,0,19,6]
11-29 04:02:25.684 12458 12458 I wm_on_create_called: [122656546,com.android.gallery3d.app.GalleryActivity,performCreate]
11-29 04:02:25.686 12458 12458 I wm_on_start_called: [122656546,com.android.gallery3d.app.GalleryActivity,handleStartActivity]
11-29 04:02:25.695 12458 12458 I wm_on_resume_called: [122656546,com.android.gallery3d.app.GalleryActivity,RESUME_ACTIVITY]
11-29 04:02:25.695 12458 12458 I wm_on_top_resumed_gained_called: [122656546,com.android.gallery3d.app.GalleryActivity,topWhenResuming]
11-29 04:02:25.714 1491 1760 I GameModeConfig: isGameModeOn = false
11-29 04:02:25.714 1491 1760 I GameModeConfig: isGameModeOn = false
11-29 04:02:25.714 1491 1760 I GameModeConfig: isGameModeOn = false
11-29 04:02:25.714 1491 1760 I GameModeConfig: isGameModeOn = false
11-29 04:02:25.718 1491 1491 I notification_enqueue: [10082,13988,com.android.systemui,2048,NULL,0,Notification(channel=updateNotification shortcut=null contentView=null vibrate=null sound=null defaults=0x0 flags=0x0 color=0x00000000 vis=PRIVATE),1]
11-29 04:02:25.719 1491 9682 I WindowManager: finishDrawing of relaunch: Window{e6baca0 u0 com.android.gallery3d/com.android.gallery3d.app.GalleryActivity} 97ms
11-29 04:02:25.720 13988 13988 I sysui_multi_action: [757,111,758,2]
11-29 04:02:25.722 13988 13988 I sysui_multi_action: [757,111,758,2]
11-29 04:02:25.750 13988 13988 I sysui_multi_action: [757,111,758,1]
11-29 04:02:25.751 13988 13988 I sysui_multi_action: [757,126,758,1,759,126,927,0,928,1,1593,0]
11-29 04:02:25.751 13988 13988 I sysui_multi_action: [757,113,758,1,759,113,927,1,928,1,1593,0]
11-29 04:02:25.751 13988 13988 I sysui_multi_action: [757,0,758,1,759,0,927,2,928,0,1593,0]
11-29 04:02:25.752 13988 13988 I sysui_multi_action: [757,0,758,1,759,0,927,3,928,0,1593,0]
11-29 04:02:25.752 13988 13988 I sysui_multi_action: [757,491,758,1,759,491,927,4,928,0,1311,-1,1593,0]
11-29 04:02:25.752 13988 13988 I sysui_multi_action: [757,0,758,1,759,0,927,5,928,0,1593,0]
11-29 04:02:25.753 13988 13988 I sysui_multi_action: [757,111,758,1]
11-29 04:02:25.753 13988 13988 I sysui_multi_action: [757,126,758,1,759,126,927,0,928,1,1593,0]
11-29 04:02:25.753 13988 13988 I sysui_multi_action: [757,113,758,1,759,113,927,1,928,1,1593,0]
11-29 04:02:25.753 13988 13988 I sysui_multi_action: [757,0,758,1,759,0,927,2,928,0,1593,0]
11-29 04:02:25.753 13988 13988 I sysui_multi_action: [757,0,758,1,759,0,927,3,928,0,1593,0]
11-29 04:02:25.923 1491 1491 I GameModeConfig: isGameModeOn = false
11-29 04:02:25.924 1491 1491 I sysui_multi_action: [757,1501,758,1,793,2903185,794,0,795,208,796,2048,806,com.android.systemui,857,updateNotification,858,3,947,0,1500,0,1688,1]
11-29 04:02:25.925 1491 1491 I sysui_multi_action: [757,804,799,note_interruptive,801,0,802,1]
11-29 04:02:25.925 1491 1491 I sysui_multi_action: [757,199,758,1,759,2,793,2903186,794,0,795,209,796,2048,806,com.android.systemui,857,updateNotification,858,3,947,0,1500,1,1688,1]
11-29 04:02:25.925 1491 1491 I notification_alert: [0|com.android.systemui|2048|null|10082,0,1,0]
11-29 04:02:25.926 1491 1491 W NotificationHistory: Attempted to add notif for locked/gone/disabled user 0
11-29 04:02:26.066 1491 1599 I wm_stop_activity: [0,254362067,com.android.launcher3/.uioverrides.QuickstepLauncher]
11-29 04:02:26.077 3714 3731 W ContextImpl: Calling a method in the system process without a qualified user: android.app.ContextImpl.startService:1816 android.content.ContextWrapper.startService:774 com.thundercomm.gamemode.ingame.services.GameModeActionUtils.startGameModeService:93 com.thundercomm.gamemode.ingame.services.GameModeActionUtils.startGameModeEntry:21 com.thundercomm.gamemode.ingame.services.ActivityMonitoringService$1.onActivityLaunch:127
11-29 04:02:26.081 1491 1491 I GameModeConfig: Current uri is uri = content://com.thundercomm.gamemode.api/gamemode_settings/gamemode_isgaming
11-29 04:02:26.083 1491 1491 I GameModeConfig: isGameModeOn = false
11-29 04:02:26.083 1491 1491 I GameModeConfig: isGameModeOn = false
11-29 04:02:26.083 1491 1491 I GameModeConfig: isDisableVoice = true
11-29 04:02:26.096 9956 9956 I wm_on_paused_called: [254362067,com.android.launcher3.uioverrides.QuickstepLauncher,performPause]
11-29 04:02:26.099 9956 9956 I wm_on_stop_called: [254362067,com.android.launcher3.uioverrides.QuickstepLauncher,STOP_ACTIVITY_ITEM]
11-29 04:02:26.121 3714 3731 W ContextImpl: Calling a method in the system process without a qualified user: android.app.ContextImpl.startService:1816 android.content.ContextWrapper.startService:774 com.thundercomm.gamemode.ingame.services.GameModeActionUtils.startGameModeService:93 com.thundercomm.gamemode.ingame.services.GameModeActionUtils.startGameModeEntry:21 com.thundercomm.gamemode.ingame.services.ActivityMonitoringService$1.onActivityLaunch:127
11-29 04:02:26.125 1491 1491 I GameModeConfig: Current uri is uri = content://com.thundercomm.gamemode.api/gamemode_settings/gamemode_isgaming
11-29 04:02:26.129 1491 1491 I GameModeConfig: isGameModeOn = false
11-29 04:02:26.129 1491 1491 I GameModeConfig: isGameModeOn = false
11-29 04:02:26.129 1491 1491 I GameModeConfig: isDisableVoice = true
11-29 04:02:27.079 0 0 I auditd : type=1400 audit(0.0:3676): avc: denied { kill } for comm="swapper/3" capability=5 scontext=u:r:kernel:s0 tcontext=u:r:kernel:s0 tclass=capability permissive=0
11-29 04:02:27.391 1491 8592 I wm_task_moved: [32,0,0]
11-29 04:02:27.392 1491 8592 I wm_task_moved: [32,0,9]
11-29 04:02:27.406 12458 12458 I view_enqueue_input_event: [Motion - Cancel,com.android.gallery3d/com.android.gallery3d.app.GalleryActivity]
11-29 04:02:27.425 9956 9956 I wm_on_restart_called: [254362067,com.android.launcher3.uioverrides.QuickstepLauncher,performRestartActivity]
11-29 04:02:27.425 1491 1693 I input_interaction: Interaction with: edge-swipe (server), swipe-up (server), PointerEventDispatcher0 (server),
11-29 04:02:27.430 3714 3731 W ContextImpl: Calling a method in the system process without a qualified user: android.app.ContextImpl.startService:1816 android.content.ContextWrapper.startService:774 com.thundercomm.gamemode.ingame.services.GameModeActionUtils.startGameModeService:93 com.thundercomm.gamemode.ingame.services.GameModeActionUtils.startGameModeEntry:21 com.thundercomm.gamemode.ingame.services.ActivityMonitoringService$1.onActivityLaunch:127
11-29 04:02:27.435 1491 1491 I GameModeConfig: Current uri is uri = content://com.thundercomm.gamemode.api/gamemode_settings/gamemode_isgaming
11-29 04:02:27.437 1491 1491 I GameModeConfig: isGameModeOn = false
11-29 04:02:27.437 1491 1491 I GameModeConfig: isGameModeOn = false
11-29 04:02:27.437 1491 1491 I GameModeConfig: isDisableVoice = true
11-29 04:02:27.442 9956 9956 I wm_on_start_called: [254362067,com.android.launcher3.uioverrides.QuickstepLauncher,handleStartActivity]
11-29 04:02:27.445 1491 1600 I input_focus: [Focus request recents_animation_input_consumer,reason=UpdateInputWindows]
11-29 04:02:27.455 9956 9956 I sysui_latency: [1,92]
11-29 04:02:27.471 1491 1693 I input_focus: [Focus leaving e6baca0 com.android.gallery3d/com.android.gallery3d.app.GalleryActivity (server),reason=NOT_FOCUSABLE]
11-29 04:02:27.471 1491 1596 I sysui_multi_action: [319,13,322,69,325,2925,757,761,758,9,759,5,806,com.android.launcher3,871,com.android.launcher3.uioverrides.QuickstepLauncher,905,0,1320,4,1321,1]
11-29 04:02:27.471 1491 1693 I input_focus: [Focus entering recents_animation_input_consumer (server),reason=setFocusedWindow]
11-29 04:02:27.643 1491 1673 I commit_sys_config_file: [settings-1-0,4]
11-29 04:02:27.762 1491 1607 I sysui_latency: [8,90]
11-29 04:02:28.341 1491 8646 I wm_task_moved: [32,1,10]
11-29 04:02:28.342 1491 8646 I wm_task_moved: [41,1,2147483647]
11-29 04:02:28.342 1491 8646 I wm_task_to_front: [0,41]
11-29 04:02:28.342 1491 8646 I wm_focused_root_task: [0,0,32,97,RecentsAnimation.onAnimationFinished()]
11-29 04:02:28.342 12458 12458 I wm_on_top_resumed_lost_called: [122656546,com.android.gallery3d.app.GalleryActivity,topStateChangedWhenResumed]
11-29 04:02:28.343 1491 8646 I wm_set_resumed_activity: [0,com.android.launcher3/.uioverrides.QuickstepLauncher,RecentsAnimation.onAnimationFinished()]
11-29 04:02:28.346 1491 8646 I wm_pause_activity: [0,122656546,com.android.gallery3d/.app.GalleryActivity,userLeaving=true,pauseBackTasks]
11-29 04:02:28.349 1491 8646 I wm_add_to_stopping: [0,122656546,com.android.gallery3d/.app.GalleryActivity,makeInvisible]
11-29 04:02:28.349 1491 8646 I ActivityTaskManager: FOREGROUND_APPLICATION_CHANGED to com.android.launcher3.uioverrides.QuickstepLauncher
11-29 04:02:28.351 1491 8646 I wm_set_resumed_activity: [0,com.android.launcher3/.uioverrides.QuickstepLauncher,resumeTopActivityInnerLocked]
11-29 04:02:28.357 1491 8646 I wm_resume_activity: [0,254362067,41,com.android.launcher3/.uioverrides.QuickstepLauncher]
11-29 04:02:28.359 9956 9956 I wm_on_resume_called: [254362067,com.android.launcher3.uioverrides.QuickstepLauncher,RESUME_ACTIVITY]
11-29 04:02:28.366 1491 1600 I input_focus: [Focus request cd0514f com.android.launcher3/com.android.launcher3.uioverrides.QuickstepLauncher,reason=UpdateInputWindows]
11-29 04:02:28.368 1491 1693 I input_focus: [Focus leaving recents_animation_input_consumer (server),reason=NOT_VISIBLE]
11-29 04:02:28.377 1491 1599 I wm_stop_activity: [0,122656546,com.android.gallery3d/.app.GalleryActivity]
11-29 04:02:28.378 1491 1599 I sysui_multi_action: [757,803,799,window_time_0,802,24]
11-29 04:02:28.384 1491 1693 I input_focus: [Focus entering cd0514f com.android.launcher3/com.android.launcher3.uioverrides.QuickstepLauncher (server),reason=setFocusedWindow]
11-29 04:02:28.386 1491 1599 I sysui_multi_action: [757,803,799,window_time_0,802,0]
11-29 04:02:28.387 12458 12458 I wm_on_paused_called: [122656546,com.android.gallery3d.app.GalleryActivity,performPause]
11-29 04:02:28.389 9956 9956 I wm_on_top_resumed_gained_called: [254362067,com.android.launcher3.uioverrides.QuickstepLauncher,topStateChangedWhenResumed]
11-29 04:02:28.397 12458 12458 I wm_on_stop_called: [122656546,com.android.gallery3d.app.GalleryActivity,STOP_ACTIVITY_ITEM]
11-29 04:02:28.412 1491 1607 I am_pss : [14061,10032,android.process.acore,12728320,9441280,0,116686848,0,19,7]
11-29 04:02:28.429 3714 3731 W ContextImpl: Calling a method in the system process without a qualified user: android.app.ContextImpl.startService:1816 android.content.ContextWrapper.startService:774 com.thundercomm.gamemode.ingame.services.GameModeActionUtils.startGameModeService:93 com.thundercomm.gamemode.ingame.services.GameModeActionUtils.startGameModeEntry:21 com.thundercomm.gamemode.ingame.services.ActivityMonitoringService$1.onActivityLaunch:127
11-29 04:02:28.432 1491 1491 I GameModeConfig: Current uri is uri = content://com.thundercomm.gamemode.api/gamemode_settings/gamemode_isgaming
11-29 04:02:28.433 1491 1491 I GameModeConfig: isGameModeOn = false
11-29 04:02:28.434 1491 1491 I GameModeConfig: isGameModeOn = false
11-29 04:02:28.434 1491 1491 I GameModeConfig: isDisableVoice = true
11-29 04:02:28.473 3714 3731 W ContextImpl: Calling a method in the system process without a qualified user: android.app.ContextImpl.startService:1816 android.content.ContextWrapper.startService:774 com.thundercomm.gamemode.ingame.services.GameModeActionUtils.startGameModeService:93 com.thundercomm.gamemode.ingame.services.GameModeActionUtils.startGameModeEntry:21 com.thundercomm.gamemode.ingame.services.ActivityMonitoringService$1.onActivityLaunch:127
11-29 04:02:28.477 1491 1491 I GameModeConfig: Current uri is uri = content://com.thundercomm.gamemode.api/gamemode_settings/gamemode_isgaming
11-29 04:02:28.479 1491 1491 I GameModeConfig: isGameModeOn = false
11-29 04:02:28.479 1491 1491 I GameModeConfig: isGameModeOn = false
11-29 04:02:28.479 1491 1491 I GameModeConfig: isDisableVoice = true
11-29 04:02:29.079 0 0 I auditd : type=1400 audit(0.0:3677): avc: denied { kill } for comm="swapper/3" capability=5 scontext=u:r:kernel:s0 tcontext=u:r:kernel:s0 tclass=capability permissive=0
11-29 04:02:30.079 0 0 I auditd : type=1400 audit(0.0:3678): avc: denied { kill } for comm="swapper/3" capability=5 scontext=u:r:kernel:s0 tcontext=u:r:kernel:s0 tclass=capability permissive=0
11-29 04:02:30.582 1491 1608 I am_uid_idle: 10027
11-29 04:02:31.079 0 0 I auditd : type=1400 audit(0.0:3679): avc: denied { kill } for comm="swapper/3" capability=5 scontext=u:r:kernel:s0 tcontext=u:r:kernel:s0 tclass=capability permissive=0
11-29 04:02:32.079 0 0 I auditd : type=1400 audit(0.0:3680): avc: denied { kill } for comm="swapper/3" capability=5 scontext=u:r:kernel:s0 tcontext=u:r:kernel:s0 tclass=capability permissive=0
11-29 04:02:33.079 0 0 I auditd : type=1400 audit(0.0:3681): avc: denied { kill } for comm="swapper/3" capability=5 scontext=u:r:kernel:s0 tcontext=u:r:kernel:s0 tclass=capability permissive=0
11-29 04:02:34.079 0 0 I auditd : type=1400 audit(0.0:3682): avc: denied { kill } for comm="swapper/3" capability=5 scontext=u:r:kernel:s0 tcontext=u:r:kernel:s0 tclass=capability permissive=0
11-29 04:02:35.079 0 0 I auditd : type=1400 audit(0.0:3683): avc: denied { kill } for comm="swapper/3" capability=5 scontext=u:r:kernel:s0 tcontext=u:r:kernel:s0 tclass=capability permissive=0
11-29 04:02:35.929 1491 1760 I GameModeConfig: isGameModeOn = false
11-29 04:02:36.079 0 0 I auditd : type=1400 audit(0.0:3684): avc: denied { kill } for comm="swapper/3" capability=5 scontext=u:r:kernel:s0 tcontext=u:r:kernel:s0 tclass=capability permissive=0
11-29 04:02:37.079 0 0 I auditd : type=1400 audit(0.0:3685): avc: denied { kill } for comm="swapper/3" capability=5 scontext=u:r:kernel:s0 tcontext=u:r:kernel:s0 tclass=capability permissive=0
11-29 04:02:37.167 1491 1693 I input_interaction: Interaction with: cd0514f com.android.launcher3/com.android.launcher3.uioverrides.QuickstepLauncher (server), bf4d694 com.android.systemui.ImageWallpaper (server), edge-swipe (server), swipe-up (server), PointerEventDispatcher0 (server),
11-29 04:02:38.079 0 0 I auditd : type=1400 audit(0.0:3686): avc: denied { kill } for comm="swapper/3" capability=5 scontext=u:r:kernel:s0 tcontext=u:r:kernel:s0 tclass=capability permissive=0
11-29 04:02:38.977 1491 1525 I ActivityTaskManager: START u0 {flg=0x10008000 cmp=com.android.gallery3d/.app.GalleryActivity} from uid 10077
11-29 04:02:38.979 1491 1525 I wm_task_moved: [97,1,10]
11-29 04:02:38.979 1491 1525 I wm_task_to_front: [0,97]
11-29 04:02:38.982 1491 1525 I wm_focused_root_task: [0,0,97,32,bringingFoundTaskToFront]
11-29 04:02:38.982 1491 1525 I wm_set_resumed_activity: [0,com.android.gallery3d/.app.GalleryActivity,bringingFoundTaskToFront]
11-29 04:02:38.984 1491 1525 D FreeFormWindowHelper: Add freeform task=Task{22c7ced #97 type=standard A=10068:com.android.gallery3d U=0 visible=true mode=freeform translucent=true sz=1}
11-29 04:02:38.984 1491 1525 I wm_relaunch_resume_activity: [0,122656546,97,com.android.gallery3d/.app.GalleryActivity]
11-29 04:02:38.985 1491 1525 I ActivityTaskManager: FOREGROUND_APPLICATION_CHANGED to com.android.gallery3d.app.GalleryActivity
11-29 04:02:38.986 1491 1525 I wm_set_resumed_activity: [0,com.android.gallery3d/.app.GalleryActivity,resumeTopActivityInnerLocked]
11-29 04:02:38.987 1491 1525 I wm_resume_activity: [0,122656546,97,com.android.gallery3d/.app.GalleryActivity]
11-29 04:02:38.989 1491 1525 I wm_finish_activity: [0,122656546,97,com.android.gallery3d/.app.GalleryActivity,clear-task-all]
11-29 04:02:38.990 1491 1525 I wm_pause_activity: [0,122656546,com.android.gallery3d/.app.GalleryActivity,userLeaving=false,finish]
11-29 04:02:38.992 1491 1525 I wm_task_moved: [97,1,10]
11-29 04:02:38.993 1491 1525 I wm_create_activity: [0,206640451,97,com.android.gallery3d/.app.GalleryActivity,NULL,NULL,NULL,272662528]
11-29 04:02:38.999 9956 9956 I wm_on_top_resumed_lost_called: [254362067,com.android.launcher3.uioverrides.QuickstepLauncher,topStateChangedWhenResumed]
11-29 04:02:39.011 12458 12458 I wm_on_destroy_called: [122656546,com.android.gallery3d.app.GalleryActivity,performDestroy]
11-29 04:02:39.013 1491 1525 W WindowManager: Attempted to set replacing window on app token with no content Token{3999796 ActivityRecord{74f9722 u0 com.android.gallery3d/.app.GalleryActivity t97 f}}}
11-29 04:02:39.021 3714 3731 W ContextImpl: Calling a method in the system process without a qualified user: android.app.ContextImpl.startService:1816 android.content.ContextWrapper.startService:774 com.thundercomm.gamemode.ingame.services.GameModeActionUtils.startGameModeService:93 com.thundercomm.gamemode.ingame.services.GameModeActionUtils.startGameModeEntry:21 com.thundercomm.gamemode.ingame.services.ActivityMonitoringService$1.onActivityLaunch:127
11-29 04:02:39.028 1491 1491 I GameModeConfig: Current uri is uri = content://com.thundercomm.gamemode.api/gamemode_settings/gamemode_isgaming
11-29 04:02:39.032 1491 1491 I GameModeConfig: isGameModeOn = false
11-29 04:02:39.032 1491 1491 I GameModeConfig: isGameModeOn = false
11-29 04:02:39.032 1491 1491 I GameModeConfig: isDisableVoice = true
11-29 04:02:39.045 12458 12458 I wm_on_create_called: [122656546,com.android.gallery3d.app.GalleryActivity,performCreate]
11-29 04:02:39.046 12458 12458 I wm_on_start_called: [122656546,com.android.gallery3d.app.GalleryActivity,handleStartActivity]
11-29 04:02:39.053 12458 12458 I wm_on_resume_called: [122656546,com.android.gallery3d.app.GalleryActivity,RESUME_ACTIVITY]
11-29 04:02:39.053 12458 12458 I wm_on_paused_called: [122656546,com.android.gallery3d.app.GalleryActivity,performPause]
11-29 04:02:39.054 1491 8943 I wm_add_to_stopping: [0,122656546,com.android.gallery3d/.app.GalleryActivity,completeFinishing]
11-29 04:02:39.054 1491 8943 I ActivityTaskManager: The Process com.android.gallery3d Already Exists in BG. So sending its PID: 12458
11-29 04:02:39.054 1491 8943 W ActivityTaskManager: Tried to set launchTime (0) < mLastActivityLaunchTime (2913369)
11-29 04:02:39.055 1491 8943 I wm_restart_activity: [0,206640451,97,com.android.gallery3d/.app.GalleryActivity]
11-29 04:02:39.056 1491 8943 I wm_set_resumed_activity: [0,com.android.gallery3d/.app.GalleryActivity,minimalResumeActivityLocked]
11-29 04:02:39.058 1491 1599 I sysui_multi_action: [757,803,799,window_time_0,802,11]
11-29 04:02:39.084 12458 12458 I wm_on_create_called: [206640451,com.android.gallery3d.app.GalleryActivity,performCreate]
11-29 04:02:39.086 12458 12458 I wm_on_start_called: [206640451,com.android.gallery3d.app.GalleryActivity,handleStartActivity]
11-29 04:02:39.088 12458 12458 I wm_on_resume_called: [206640451,com.android.gallery3d.app.GalleryActivity,RESUME_ACTIVITY]
11-29 04:02:39.090 12458 12458 I wm_on_top_resumed_gained_called: [206640451,com.android.gallery3d.app.GalleryActivity,topStateChangedWhenResumed]
11-29 04:02:39.090 1491 9480 W WindowManager: updateScale0.7996942
11-29 04:02:39.099 1491 9480 W WindowManager: updateScale0.7996942
11-29 04:02:39.106 1491 1600 I input_focus: [Focus request 25aed8 com.android.gallery3d/com.android.gallery3d.app.GalleryActivity,reason=UpdateInputWindows]
11-29 04:02:39.116 1491 9480 I WindowManager: finishDrawing of relaunch: Window{e6baca0 u0 com.android.gallery3d/com.android.gallery3d.app.GalleryActivity} 131ms
11-29 04:02:39.116 1491 1600 W WindowManager: updateScale0.7996942
11-29 04:02:39.127 1491 1693 I input_focus: [Focus leaving cd0514f com.android.launcher3/com.android.launcher3.uioverrides.QuickstepLauncher (server),reason=Waiting for window because NOT_VISIBLE]
11-29 04:02:39.128 1491 1600 W WindowManager: updateScale0.7996942
11-29 04:02:39.129 1491 1596 I wm_activity_launch_time: [0,206640451,com.android.gallery3d/.app.GalleryActivity,152]
11-29 04:02:39.129 1491 1600 W WindowManager: updateScale0.7996942
11-29 04:02:39.130 1491 1600 W WindowManager: updateScale0.7996942
11-29 04:02:39.143 1491 1693 I input_focus: [Focus entering 25aed8 com.android.gallery3d/com.android.gallery3d.app.GalleryActivity (server),reason=Window became focusable. Previous reason: NOT_VISIBLE]
11-29 04:02:39.169 3714 3731 W ContextImpl: Calling a method in the system process without a qualified user: android.app.ContextImpl.startService:1816 android.content.ContextWrapper.startService:774 com.thundercomm.gamemode.ingame.services.GameModeActionUtils.startGameModeService:93 com.thundercomm.gamemode.ingame.services.GameModeActionUtils.startGameModeEntry:21 com.thundercomm.gamemode.ingame.services.ActivityMonitoringService$1.onActivityLaunch:127
11-29 04:02:39.174 1491 1491 I GameModeConfig: Current uri is uri = content://com.thundercomm.gamemode.api/gamemode_settings/gamemode_isgaming
11-29 04:02:39.178 1491 1491 I GameModeConfig: isGameModeOn = false
11-29 04:02:39.178 1491 1491 I GameModeConfig: isGameModeOn = false
11-29 04:02:39.180 1491 1491 I GameModeConfig: isDisableVoice = true
11-29 04:02:39.184 1491 1607 I am_pss : [11890,10089,com.android.music,28567552,22323200,0,156835840,0,4,8]
11-29 04:02:39.413 1491 1600 W WindowManager: updateScale0.7996942
11-29 04:02:39.416 1491 1599 I wm_destroy_activity: [0,122656546,97,com.android.gallery3d/.app.GalleryActivity,finish-imm:idle]
11-29 04:02:39.419 12458 12458 I wm_on_stop_called: [122656546,com.android.gallery3d.app.GalleryActivity,LIFECYCLER_STOP_ACTIVITY]
11-29 04:02:39.420 12458 12458 I wm_on_destroy_called: [122656546,com.android.gallery3d.app.GalleryActivity,performDestroy]
11-29 04:02:39.428 1491 8943 W WindowManager: updateScale0.7996942
11-29 04:02:39.429 1491 8943 W WindowManager: updateScale0.7996942
11-29 04:02:40.079 287 287 I auditd : type=1400 audit(0.0:3687): avc: denied { kill } for comm="kgsl_worker_thr" capability=5 scontext=u:r:kernel:s0 tcontext=u:r:kernel:s0 tclass=capability permissive=0
11-29 04:02:41.079 0 0 I auditd : type=1400 audit(0.0:3688): avc: denied { kill } for comm="swapper/3" capability=5 scontext=u:r:kernel:s0 tcontext=u:r:kernel:s0 tclass=capability permissive=0
11-29 04:02:42.064 1491 1608 I am_uid_idle: 10028
11-29 04:02:42.079 0 0 I auditd : type=1400 audit(0.0:3689): avc: denied { kill } for comm="swapper/3" capability=5 scontext=u:r:kernel:s0 tcontext=u:r:kernel:s0 tclass=capability permissive=0
11-29 04:02:42.503 1491 2756 E TaskPersister: File error accessing recents directory (directory doesn't exist?).
11-29 04:02:43.079 0 0 I auditd : type=1400 audit(0.0:3690): avc: denied { kill } for comm="swapper/3" capability=5 scontext=u:r:kernel:s0 tcontext=u:r:kernel:s0 tclass=capability permissive=0
11-29 04:02:43.558 1491 1608 I am_uid_idle: 10064
11-29 04:02:44.079 0 0 I auditd : type=1400 audit(0.0:3691): avc: denied { kill } for comm="swapper/3" capability=5 scontext=u:r:kernel:s0 tcontext=u:r:kernel:s0 tclass=capability permissive=0
11-29 04:02:45.079 0 0 I auditd : type=1400 audit(0.0:3692): avc: denied { kill } for comm="swapper/3" capability=5 scontext=u:r:kernel:s0 tcontext=u:r:kernel:s0 tclass=capability permissive=0
11-29 04:02:46.079 0 0 I auditd : type=1400 audit(0.0:3693): avc: denied { kill } for comm="swapper/3" capability=5 scontext=u:r:kernel:s0 tcontext=u:r:kernel:s0 tclass=capability permissive=0
11-29 04:02:47.079 0 0 I auditd : type=1400 audit(0.0:3694): avc: denied { kill } for comm="swapper/3" capability=5 scontext=u:r:kernel:s0 tcontext=u:r:kernel:s0 tclass=capability permissive=0
11-29 04:02:48.079 0 0 I auditd : type=1400 audit(0.0:3695): avc: denied { kill } for comm="swapper/3" capability=5 scontext=u:r:kernel:s0 tcontext=u:r:kernel:s0 tclass=capability permissive=0
11-29 04:02:49.079 0 0 I auditd : type=1400 audit(0.0:3696): avc: denied { kill } for comm="swapper/3" capability=5 scontext=u:r:kernel:s0 tcontext=u:r:kernel:s0 tclass=capability permissive=0
11-29 04:02:50.079 0 0 I auditd : type=1400 audit(0.0:3697): avc: denied { kill } for comm="swapper/3" capability=5 scontext=u:r:kernel:s0 tcontext=u:r:kernel:s0 tclass=capability permissive=0
11-29 04:02:51.079 0 0 I auditd : type=1400 audit(0.0:3698): avc: denied { kill } for comm="swapper/3" capability=5 scontext=u:r:kernel:s0 tcontext=u:r:kernel:s0 tclass=capability permissive=0
11-29 04:02:52.079 0 0 I auditd : type=1400 audit(0.0:3699): avc: denied { kill } for comm="swapper/3" capability=5 scontext=u:r:kernel:s0 tcontext=u:r:kernel:s0 tclass=capability permissive=0
11-29 04:02:53.079 0 0 I auditd : type=1400 audit(0.0:3700): avc: denied { kill } for comm="swapper/3" capability=5 scontext=u:r:kernel:s0 tcontext=u:r:kernel:s0 tclass=capability permissive=0
11-29 04:02:54.079 0 0 I auditd : type=1400 audit(0.0:3701): avc: denied { kill } for comm="swapper/3" capability=5 scontext=u:r:kernel:s0 tcontext=u:r:kernel:s0 tclass=capability permissive=0
11-29 04:02:55.079 0 0 I auditd : type=1400 audit(0.0:3702): avc: denied { kill } for comm="swapper/3" capability=5 scontext=u:r:kernel:s0 tcontext=u:r:kernel:s0 tclass=capability permissive=0
11-29 04:02:56.079 0 0 I auditd : type=1400 audit(0.0:3703): avc: denied { kill } for comm="swapper/3" capability=5 scontext=u:r:kernel:s0 tcontext=u:r:kernel:s0 tclass=capability permissive=0
11-29 04:02:57.079 0 0 I auditd : type=1400 audit(0.0:3704): avc: denied { kill } for comm="swapper/3" capability=5 scontext=u:r:kernel:s0 tcontext=u:r:kernel:s0 tclass=capability permissive=0
11-29 04:02:58.079 0 0 I auditd : type=1400 audit(0.0:3705): avc: denied { kill } for comm="swapper/3" capability=5 scontext=u:r:kernel:s0 tcontext=u:r:kernel:s0 tclass=capability permissive=0
11-29 04:02:59.079 0 0 I auditd : type=1400 audit(0.0:3706): avc: denied { kill } for comm="swapper/3" capability=5 scontext=u:r:kernel:s0 tcontext=u:r:kernel:s0 tclass=capability permissive=0
11-29 04:03:00.079 0 0 I auditd : type=1400 audit(0.0:3707): avc: denied { kill } for comm="swapper/3" capability=5 scontext=u:r:kernel:s0 tcontext=u:r:kernel:s0 tclass=capability permissive=0
11-29 04:03:01.079 0 0 I auditd : type=1400 audit(0.0:3708): avc: denied { kill } for comm="swapper/3" capability=5 scontext=u:r:kernel:s0 tcontext=u:r:kernel:s0 tclass=capability permissive=0
11-29 04:03:02.079 0 0 I auditd : type=1400 audit(0.0:3709): avc: denied { kill } for comm="swapper/3" capability=5 scontext=u:r:kernel:s0 tcontext=u:r:kernel:s0 tclass=capability permissive=0
11-29 04:03:03.079 0 0 I auditd : type=1400 audit(0.0:3710): avc: denied { kill } for comm="swapper/3" capability=5 scontext=u:r:kernel:s0 tcontext=u:r:kernel:s0 tclass=capability permissive=0
11-29 04:03:04.079 0 0 I auditd : type=1400 audit(0.0:3711): avc: denied { kill } for comm="swapper/3" capability=5 scontext=u:r:kernel:s0 tcontext=u:r:kernel:s0 tclass=capability permissive=0
11-29 04:03:05.079 0 0 I auditd : type=1400 audit(0.0:3712): avc: denied { kill } for comm="swapper/3" capability=5 scontext=u:r:kernel:s0 tcontext=u:r:kernel:s0 tclass=capability permissive=0
11-29 04:03:06.079 0 0 I auditd : type=1400 audit(0.0:3713): avc: denied { kill } for comm="swapper/3" capability=5 scontext=u:r:kernel:s0 tcontext=u:r:kernel:s0 tclass=capability permissive=0
11-29 04:03:06.517 1491 1608 I am_uid_idle: 10032
11-29 04:03:07.079 0 0 I auditd : type=1400 audit(0.0:3714): avc: denied { kill } for comm="swapper/3" capability=5 scontext=u:r:kernel:s0 tcontext=u:r:kernel:s0 tclass=capability permissive=0
11-29 04:03:08.079 0 0 I auditd : type=1400 audit(0.0:3715): avc: denied { kill } for comm="swapper/3" capability=5 scontext=u:r:kernel:s0 tcontext=u:r:kernel:s0 tclass=capability permissive=0
11-29 04:03:09.079 0 0 I auditd : type=1400 audit(0.0:3716): avc: denied { kill } for comm="swapper/3" capability=5 scontext=u:r:kernel:s0 tcontext=u:r:kernel:s0 tclass=capability permissive=0
11-29 04:03:10.079 0 0 I auditd : type=1400 audit(0.0:3717): avc: denied { kill } for comm="swapper/3" capability=5 scontext=u:r:kernel:s0 tcontext=u:r:kernel:s0 tclass=capability permissive=0
11-29 04:03:11.079 0 0 I auditd : type=1400 audit(0.0:3718): avc: denied { kill } for comm="swapper/3" capability=5 scontext=u:r:kernel:s0 tcontext=u:r:kernel:s0 tclass=capability permissive=0
11-29 04:03:11.331 1491 1693 I input_interaction: Interaction with: 25aed8 com.android.gallery3d/com.android.gallery3d.app.GalleryActivity (server), edge-swipe (server), swipe-up (server), PointerEventDispatcher0 (server),
11-29 04:03:11.427 1491 1525 I wm_finish_activity: [0,206640451,97,com.android.gallery3d/.app.GalleryActivity,finish-activity]
11-29 04:03:11.427 1491 1525 I wm_task_moved: [32,1,10]
11-29 04:03:11.433 1491 1525 I wm_set_resumed_activity: [0,com.android.launcher3/.uioverrides.QuickstepLauncher,positionChildAt]
11-29 04:03:11.433 1491 1525 I wm_task_moved: [41,1,2147483647]
11-29 04:03:11.433 1491 1525 I wm_task_to_front: [0,41]
11-29 04:03:11.434 1491 1525 I wm_focused_root_task: [0,0,32,-1,finish-top adjustFocusToNextFocusableTask]
11-29 04:03:11.434 1491 1525 I wm_set_resumed_activity: [0,com.android.launcher3/.uioverrides.QuickstepLauncher,finish-top]
11-29 04:03:11.443 1491 1525 I wm_pause_activity: [0,206640451,com.android.gallery3d/.app.GalleryActivity,userLeaving=false,finish]
11-29 04:03:11.451 12458 12458 I wm_on_top_resumed_lost_called: [206640451,com.android.gallery3d.app.GalleryActivity,topStateChangedWhenResumed]
11-29 04:03:11.452 1491 1600 I input_focus: [Focus request cd0514f com.android.launcher3/com.android.launcher3.uioverrides.QuickstepLauncher,reason=UpdateInputWindows]
11-29 04:03:11.458 9956 9956 I wm_on_top_resumed_gained_called: [254362067,com.android.launcher3.uioverrides.QuickstepLauncher,topStateChangedWhenResumed]
11-29 04:03:11.463 1491 1599 I sysui_multi_action: [757,803,799,window_time_2,802,32]
11-29 04:03:11.464 1491 2756 E TaskPersister: File error accessing recents directory (directory doesn't exist?).
11-29 04:03:11.469 12458 12458 I wm_on_paused_called: [206640451,com.android.gallery3d.app.GalleryActivity,performPause]
11-29 04:03:11.470 1491 9370 I ActivityTaskManager: FOREGROUND_APPLICATION_CHANGED to com.android.launcher3.uioverrides.QuickstepLauncher
11-29 04:03:11.470 1491 9370 I wm_destroy_activity: [0,206640451,97,com.android.gallery3d/.app.GalleryActivity,finish-imm:completePausedLocked]
11-29 04:03:11.480 1491 1599 I sysui_multi_action: [757,803,799,window_time_0,802,0]
11-29 04:03:11.490 1491 1693 I input_focus: [Focus leaving 25aed8 com.android.gallery3d/com.android.gallery3d.app.GalleryActivity (server),reason=NO_WINDOW]
11-29 04:03:11.490 1491 1693 I input_focus: [Focus entering cd0514f com.android.launcher3/com.android.launcher3.uioverrides.QuickstepLauncher (server),reason=setFocusedWindow]
11-29 04:03:11.495 12458 12458 I wm_on_stop_called: [206640451,com.android.gallery3d.app.GalleryActivity,LIFECYCLER_STOP_ACTIVITY]
11-29 04:03:11.499 12458 12458 I wm_on_destroy_called: [206640451,com.android.gallery3d.app.GalleryActivity,performDestroy]
11-29 04:03:11.500 3714 3731 W ContextImpl: Calling a method in the system process without a qualified user: android.app.ContextImpl.startService:1816 android.content.ContextWrapper.startService:774 com.thundercomm.gamemode.ingame.services.GameModeActionUtils.startGameModeService:93 com.thundercomm.gamemode.ingame.services.GameModeActionUtils.startGameModeEntry:21 com.thundercomm.gamemode.ingame.services.ActivityMonitoringService$1.onActivityLaunch:127
11-29 04:03:11.509 1491 1491 I GameModeConfig: Current uri is uri = content://com.thundercomm.gamemode.api/gamemode_settings/gamemode_isgaming
11-29 04:03:11.512 1491 1491 I GameModeConfig: isGameModeOn = false
11-29 04:03:11.513 1491 1491 I GameModeConfig: isGameModeOn = false
11-29 04:03:11.513 1491 1491 I GameModeConfig: isDisableVoice = true
11-29 04:03:11.581 3714 3731 W ContextImpl: Calling a method in the system process without a qualified user: android.app.ContextImpl.startService:1816 android.content.ContextWrapper.startService:774 com.thundercomm.gamemode.ingame.services.GameModeActionUtils.startGameModeService:93 com.thundercomm.gamemode.ingame.services.GameModeActionUtils.startGameModeEntry:21 com.thundercomm.gamemode.ingame.services.ActivityMonitoringService$1.onActivityLaunch:127
11-29 04:03:11.591 1491 1491 I GameModeConfig: Current uri is uri = content://com.thundercomm.gamemode.api/gamemode_settings/gamemode_isgaming
11-29 04:03:11.593 1491 1491 I GameModeConfig: isGameModeOn = false
11-29 04:03:11.595 1491 1491 I GameModeConfig: isGameModeOn = false
11-29 04:03:11.595 1491 1491 I GameModeConfig: isDisableVoice = true
11-29 04:03:11.770 1491 1600 I wm_task_removed: [97,removeChild:removeChild last r=ActivityRecord{c511543 u0 com.android.gallery3d/.app.GalleryActivity t-1 f}} in t=Task{22c7ced #97 type=standard A=10068:com.android.gallery3d U=0 visible=false mode=freeform translucent=true sz=0}]
11-29 04:03:11.770 1491 1600 I wm_task_removed: [97,removeChild]
11-29 04:03:11.770 1491 1600 D FreeFormWindowHelper: Remove freefrom task=Task{22c7ced #97 type=standard A=10068:com.android.gallery3d U=0 visible=false mode=freeform translucent=true sz=0}
11-29 04:03:11.979 1491 1693 I input_interaction: Interaction with: cd0514f com.android.launcher3/com.android.launcher3.uioverrides.QuickstepLauncher (server), bf4d694 com.android.systemui.ImageWallpaper (server), edge-swipe (server), swipe-up (server), PointerEventDispatcher0 (server),
11-29 04:03:12.079 0 0 I auditd : type=1400 audit(0.0:3719): avc: denied { kill } for comm="swapper/3" capability=5 scontext=u:r:kernel:s0 tcontext=u:r:kernel:s0 tclass=capability permissive=0
11-29 04:03:14.079 0 0 I auditd : type=1400 audit(0.0:3720): avc: denied { kill } for comm="swapper/3" capability=5 scontext=u:r:kernel:s0 tcontext=u:r:kernel:s0 tclass=capability permissive=0
11-29 04:03:14.780 1491 2756 E TaskPersister: File error accessing recents directory (directory doesn't exist?).
11-29 04:03:15.079 0 0 I auditd : type=1400 audit(0.0:3721): avc: denied { kill } for comm="swapper/3" capability=5 scontext=u:r:kernel:s0 tcontext=u:r:kernel:s0 tclass=capability permissive=0
11-29 04:03:16.079 0 0 I auditd : type=1400 audit(0.0:3722): avc: denied { kill } for comm="swapper/3" capability=5 scontext=u:r:kernel:s0 tcontext=u:r:kernel:s0 tclass=capability permissive=0
11-29 04:03:17.079 0 0 I auditd : type=1400 audit(0.0:3723): avc: denied { kill } for comm="swapper/3" capability=5 scontext=u:r:kernel:s0 tcontext=u:r:kernel:s0 tclass=capability permissive=0
11-29 04:03:18.079 0 0 I auditd : type=1400 audit(0.0:3724): avc: denied { kill } for comm="swapper/3" capability=5 scontext=u:r:kernel:s0 tcontext=u:r:kernel:s0 tclass=capability permissive=0
11-29 04:03:19.079 0 0 I auditd : type=1400 audit(0.0:3725): avc: denied { kill } for comm="swapper/3" capability=5 scontext=u:r:kernel:s0 tcontext=u:r:kernel:s0 tclass=capability permissive=0
11-29 04:03:19.492 1491 8943 I ActivityTaskManager: START u0 {act=android.intent.action.MAIN cat=[android.intent.category.LAUNCHER] flg=0x10200000 cmp=com.android.settings/.Settings bnds=[2308,740][2494,940]} from uid 10077
11-29 04:03:19.495 1491 8943 I wm_task_moved: [86,1,9]
11-29 04:03:19.495 1491 8943 I wm_task_to_front: [0,86]
11-29 04:03:19.495 1491 8943 I wm_focused_root_task: [0,0,86,32,bringingFoundTaskToFront]
11-29 04:03:19.496 1491 8943 I wm_set_resumed_activity: [0,com.android.settings/.Settings,bringingFoundTaskToFront]
11-29 04:03:19.496 1491 8943 I wm_new_intent: [0,239228137,86,com.android.settings/.Settings,android.intent.action.MAIN,NULL,NULL,270532608]
11-29 04:03:19.500 1491 8943 I wm_pause_activity: [0,254362067,com.android.launcher3/.uioverrides.QuickstepLauncher,userLeaving=true,pauseBackTasks]
11-29 04:03:19.505 9956 9956 I wm_on_top_resumed_lost_called: [254362067,com.android.launcher3.uioverrides.QuickstepLauncher,topStateChangedWhenResumed]
11-29 04:03:19.505 9956 9956 I wm_on_paused_called: [254362067,com.android.launcher3.uioverrides.QuickstepLauncher,performPause]
11-29 04:03:19.506 1491 9480 I ActivityTaskManager: FOREGROUND_APPLICATION_CHANGED to com.android.settings.homepage.SettingsHomepageActivity
11-29 04:03:19.507 1491 9480 I wm_set_resumed_activity: [0,com.android.settings/.Settings,resumeTopActivityInnerLocked]
11-29 04:03:19.508 1491 9480 I wm_add_to_stopping: [0,254362067,com.android.launcher3/.uioverrides.QuickstepLauncher,makeInvisible]
11-29 04:03:19.510 1491 9480 I wm_resume_activity: [0,239228137,86,com.android.settings/.Settings]
11-29 04:03:19.534 12457 12457 I wm_on_restart_called: [239228137,com.android.settings.Settings,performRestartActivity]
11-29 04:03:19.538 1491 1599 I sysui_multi_action: [757,803,799,window_time_0,802,9]
11-29 04:03:19.540 1491 1693 I input_focus: [Focus leaving cd0514f com.android.launcher3/com.android.launcher3.uioverrides.QuickstepLauncher (server),reason=NO_WINDOW]
11-29 04:03:19.556 12457 12457 I wm_on_start_called: [239228137,com.android.settings.Settings,handleStartActivity]
11-29 04:03:19.557 12457 12457 I snet_event_log: [120484087,-1,]
11-29 04:03:19.558 12457 12457 I wm_on_resume_called: [239228137,com.android.settings.Settings,RESUME_ACTIVITY]
11-29 04:03:19.558 12457 12457 I sysui_multi_action: [757,35,758,1,833,0,1089,0]
11-29 04:03:19.562 3714 3731 W ContextImpl: Calling a method in the system process without a qualified user: android.app.ContextImpl.startService:1816 android.content.ContextWrapper.startService:774 com.thundercomm.gamemode.ingame.services.GameModeActionUtils.startGameModeService:93 com.thundercomm.gamemode.ingame.services.GameModeActionUtils.startGameModeEntry:21 com.thundercomm.gamemode.ingame.services.ActivityMonitoringService$1.onActivityLaunch:127
11-29 04:03:19.568 1491 1491 I GameModeConfig: Current uri is uri = content://com.thundercomm.gamemode.api/gamemode_settings/gamemode_isgaming
11-29 04:03:19.572 12457 12457 I sysui_multi_action: [757,746,758,1,833,0,1089,0]
11-29 04:03:19.573 1491 1525 D TelephonyRegistry: listen oscl: mHasNotifySubscriptionInfoChangedOccurred==false no callback
11-29 04:03:19.573 1491 1491 I GameModeConfig: isGameModeOn = false
11-29 04:03:19.573 1491 1491 I GameModeConfig: isGameModeOn = false
11-29 04:03:19.573 1491 1491 I GameModeConfig: isDisableVoice = true
11-29 04:03:19.574 1491 1607 I am_pss : [14061,10032,android.process.acore,12489728,9203712,0,116445184,0,19,7]
11-29 04:03:19.580 1491 9370 D TelephonyRegistry: listen oscl: mHasNotifySubscriptionInfoChangedOccurred==false no callback
11-29 04:03:19.586 12457 12457 I wm_on_top_resumed_gained_called: [239228137,com.android.settings.Settings,topWhenResuming]
11-29 04:03:19.594 1491 1600 I input_focus: [Focus request e8fc5ef com.android.settings/com.android.settings.Settings,reason=UpdateInputWindows]
11-29 04:03:19.619 1491 1596 I sysui_multi_action: [319,51,321,48,322,113,325,2977,757,761,758,9,759,4,806,com.android.settings,871,com.android.settings.Settings,904,com.android.launcher3,905,0,1320,4,1321,1]
11-29 04:03:19.621 3714 3731 W ContextImpl: Calling a method in the system process without a qualified user: android.app.ContextImpl.startService:1816 android.content.ContextWrapper.startService:774 com.thundercomm.gamemode.ingame.services.GameModeActionUtils.startGameModeService:93 com.thundercomm.gamemode.ingame.services.GameModeActionUtils.startGameModeEntry:21 com.thundercomm.gamemode.ingame.services.ActivityMonitoringService$1.onActivityLaunch:127
11-29 04:03:19.624 1491 1693 I input_focus: [Focus entering e8fc5ef com.android.settings/com.android.settings.Settings (server),reason=Window became focusable. Previous reason: NOT_VISIBLE]
11-29 04:03:19.627 1491 1491 I GameModeConfig: Current uri is uri = content://com.thundercomm.gamemode.api/gamemode_settings/gamemode_isgaming
11-29 04:03:19.628 1491 1491 I GameModeConfig: isGameModeOn = false
11-29 04:03:19.628 1491 1491 I GameModeConfig: isGameModeOn = false
11-29 04:03:19.628 1491 1491 I GameModeConfig: isDisableVoice = true
11-29 04:03:20.095 1491 1599 I wm_stop_activity: [0,254362067,com.android.launcher3/.uioverrides.QuickstepLauncher]
11-29 04:03:20.124 9956 9956 I wm_on_stop_called: [254362067,com.android.launcher3.uioverrides.QuickstepLauncher,STOP_ACTIVITY_ITEM]
11-29 04:03:20.138 3714 3731 W ContextImpl: Calling a method in the system process without a qualified user: android.app.ContextImpl.startService:1816 android.content.ContextWrapper.startService:774 com.thundercomm.gamemode.ingame.services.GameModeActionUtils.startGameModeService:93 com.thundercomm.gamemode.ingame.services.GameModeActionUtils.startGameModeEntry:21 com.thundercomm.gamemode.ingame.services.ActivityMonitoringService$1.onActivityLaunch:127
11-29 04:03:20.144 1491 1491 I GameModeConfig: Current uri is uri = content://com.thundercomm.gamemode.api/gamemode_settings/gamemode_isgaming
11-29 04:03:20.146 1491 1491 I GameModeConfig: isGameModeOn = false
11-29 04:03:20.147 1491 1491 I GameModeConfig: isGameModeOn = false
11-29 04:03:20.147 1491 1491 I GameModeConfig: isDisableVoice = true
11-29 04:03:21.079 0 0 I auditd : type=1400 audit(0.0:3726): avc: denied { kill } for comm="swapper/3" capability=5 scontext=u:r:kernel:s0 tcontext=u:r:kernel:s0 tclass=capability permissive=0
11-29 04:03:22.079 0 0 I auditd : type=1400 audit(0.0:3727): avc: denied { kill } for comm="swapper/3" capability=5 scontext=u:r:kernel:s0 tcontext=u:r:kernel:s0 tclass=capability permissive=0
11-29 04:03:22.517 1491 2756 E TaskPersister: File error accessing recents directory (directory doesn't exist?).
11-29 04:03:23.079 0 0 I auditd : type=1400 audit(0.0:3728): avc: denied { kill } for comm="swapper/3" capability=5 scontext=u:r:kernel:s0 tcontext=u:r:kernel:s0 tclass=capability permissive=0
11-29 04:03:24.079 0 0 I auditd : type=1400 audit(0.0:3729): avc: denied { kill } for comm="swapper/3" capability=5 scontext=u:r:kernel:s0 tcontext=u:r:kernel:s0 tclass=capability permissive=0
11-29 04:03:25.084 1491 1723 I netstats_mobile_sample: [0,0,0,0,0,0,0,0,0,0,0,0,1669665805084]
11-29 04:03:25.085 1491 1723 I netstats_wifi_sample: [65694997,152694,30279211,72785,65694997,152694,30279211,72785,79644791,271899,15511052,38267,1669665805084]
11-29 04:03:26.079 0 0 I auditd : type=1400 audit(0.0:3730): avc: denied { kill } for comm="swapper/3" capability=5 scontext=u:r:kernel:s0 tcontext=u:r:kernel:s0 tclass=capability permissive=0
11-29 04:03:27.079 0 0 I auditd : type=1400 audit(0.0:3731): avc: denied { kill } for comm="swapper/3" capability=5 scontext=u:r:kernel:s0 tcontext=u:r:kernel:s0 tclass=capability permissive=0
11-29 04:03:28.079 0 0 I auditd : type=1400 audit(0.0:3732): avc: denied { kill } for comm="swapper/3" capability=5 scontext=u:r:kernel:s0 tcontext=u:r:kernel:s0 tclass=capability permissive=0
11-29 04:03:30.079 0 0 I auditd : type=1400 audit(0.0:3733): avc: denied { kill } for comm="swapper/3" capability=5 scontext=u:r:kernel:s0 tcontext=u:r:kernel:s0 tclass=capability permissive=0
11-29 04:03:31.079 0 0 I auditd : type=1400 audit(0.0:3734): avc: denied { kill } for comm="swapper/3" capability=5 scontext=u:r:kernel:s0 tcontext=u:r:kernel:s0 tclass=capability permissive=0
11-29 04:03:31.817 1381 12439 I liblog : 20
11-29 04:03:31.822 1381 12439 I liblog : 29
11-29 04:03:32.079 0 0 I auditd : type=1400 audit(0.0:3735): avc: denied { kill } for comm="swapper/3" capability=5 scontext=u:r:kernel:s0 tcontext=u:r:kernel:s0 tclass=capability permissive=0
11-29 04:03:33.079 0 0 I auditd : type=1400 audit(0.0:3736): avc: denied { kill } for comm="swapper/3" capability=5 scontext=u:r:kernel:s0 tcontext=u:r:kernel:s0 tclass=capability permissive=0
11-29 04:03:34.079 9788 9788 I auditd : type=1400 audit(0.0:3737): avc: denied { kill } for comm="kworker/u17:0" capability=5 scontext=u:r:kernel:s0 tcontext=u:r:kernel:s0 tclass=capability permissive=0
11-29 04:03:35.079 0 0 I auditd : type=1400 audit(0.0:3738): avc: denied { kill } for comm="swapper/2" capability=5 scontext=u:r:kernel:s0 tcontext=u:r:kernel:s0 tclass=capability permissive=0
11-29 04:03:36.079 0 0 I auditd : type=1400 audit(0.0:3739): avc: denied { kill } for comm="swapper/2" capability=5 scontext=u:r:kernel:s0 tcontext=u:r:kernel:s0 tclass=capability permissive=0
11-29 04:03:37.079 0 0 I auditd : type=1400 audit(0.0:3740): avc: denied { kill } for comm="swapper/2" capability=5 scontext=u:r:kernel:s0 tcontext=u:r:kernel:s0 tclass=capability permissive=0
11-29 04:03:38.079 0 0 I auditd : type=1400 audit(0.0:3741): avc: denied { kill } for comm="swapper/2" capability=5 scontext=u:r:kernel:s0 tcontext=u:r:kernel:s0 tclass=capability permissive=0
11-29 04:03:39.079 0 0 I auditd : type=1400 audit(0.0:3742): avc: denied { kill } for comm="swapper/2" capability=5 scontext=u:r:kernel:s0 tcontext=u:r:kernel:s0 tclass=capability permissive=0
11-29 04:03:39.926 1197 1197 W wificond: Scan aborted
11-29 04:03:41.079 0 0 I auditd : type=1400 audit(0.0:3743): avc: denied { kill } for comm="swapper/2" capability=5 scontext=u:r:kernel:s0 tcontext=u:r:kernel:s0 tclass=capability permissive=0
11-29 04:03:42.079 0 0 I auditd : type=1400 audit(0.0:3744): avc: denied { kill } for comm="swapper/2" capability=5 scontext=u:r:kernel:s0 tcontext=u:r:kernel:s0 tclass=capability permissive=0
11-29 04:03:43.079 0 0 I auditd : type=1400 audit(0.0:3745): avc: denied { kill } for comm="swapper/2" capability=5 scontext=u:r:kernel:s0 tcontext=u:r:kernel:s0 tclass=capability permissive=0
11-29 04:03:44.079 0 0 I auditd : type=1400 audit(0.0:3746): avc: denied { kill } for comm="swapper/2" capability=5 scontext=u:r:kernel:s0 tcontext=u:r:kernel:s0 tclass=capability permissive=0
11-29 04:03:45.079 0 0 I auditd : type=1400 audit(0.0:3747): avc: denied { kill } for comm="swapper/2" capability=5 scontext=u:r:kernel:s0 tcontext=u:r:kernel:s0 tclass=capability permissive=0
11-29 04:03:46.079 0 0 I auditd : type=1400 audit(0.0:3748): avc: denied { kill } for comm="swapper/2" capability=5 scontext=u:r:kernel:s0 tcontext=u:r:kernel:s0 tclass=capability permissive=0
11-29 04:03:47.079 0 0 I auditd : type=1400 audit(0.0:3749): avc: denied { kill } for comm="swapper/2" capability=5 scontext=u:r:kernel:s0 tcontext=u:r:kernel:s0 tclass=capability permissive=0
11-29 04:03:48.079 0 0 I auditd : type=1400 audit(0.0:3750): avc: denied { kill } for comm="swapper/2" capability=5 scontext=u:r:kernel:s0 tcontext=u:r:kernel:s0 tclass=capability permissive=0
11-29 04:03:49.079 0 0 I auditd : type=1400 audit(0.0:3751): avc: denied { kill } for comm="swapper/2" capability=5 scontext=u:r:kernel:s0 tcontext=u:r:kernel:s0 tclass=capability permissive=0
11-29 04:03:50.079 0 0 I auditd : type=1400 audit(0.0:3752): avc: denied { kill } for comm="swapper/2" capability=5 scontext=u:r:kernel:s0 tcontext=u:r:kernel:s0 tclass=capability permissive=0
11-29 04:03:51.079 0 0 I auditd : type=1400 audit(0.0:3753): avc: denied { kill } for comm="swapper/2" capability=5 scontext=u:r:kernel:s0 tcontext=u:r:kernel:s0 tclass=capability permissive=0
11-29 04:03:52.079 0 0 I auditd : type=1400 audit(0.0:3754): avc: denied { kill } for comm="swapper/2" capability=5 scontext=u:r:kernel:s0 tcontext=u:r:kernel:s0 tclass=capability permissive=0
11-29 04:03:53.079 0 0 I auditd : type=1400 audit(0.0:3755): avc: denied { kill } for comm="swapper/2" capability=5 scontext=u:r:kernel:s0 tcontext=u:r:kernel:s0 tclass=capability permissive=0
11-29 04:03:54.079 0 0 I auditd : type=1400 audit(0.0:3756): avc: denied { kill } for comm="swapper/2" capability=5 scontext=u:r:kernel:s0 tcontext=u:r:kernel:s0 tclass=capability permissive=0
11-29 04:03:55.079 0 0 I auditd : type=1400 audit(0.0:3757): avc: denied { kill } for comm="swapper/2" capability=5 scontext=u:r:kernel:s0 tcontext=u:r:kernel:s0 tclass=capability permissive=0
11-29 04:03:56.079 0 0 I auditd : type=1400 audit(0.0:3758): avc: denied { kill } for comm="swapper/2" capability=5 scontext=u:r:kernel:s0 tcontext=u:r:kernel:s0 tclass=capability permissive=0
11-29 04:03:57.079 0 0 I auditd : type=1400 audit(0.0:3759): avc: denied { kill } for comm="swapper/2" capability=5 scontext=u:r:kernel:s0 tcontext=u:r:kernel:s0 tclass=capability permissive=0
11-29 04:03:58.079 0 0 I auditd : type=1400 audit(0.0:3760): avc: denied { kill } for comm="swapper/2" capability=5 scontext=u:r:kernel:s0 tcontext=u:r:kernel:s0 tclass=capability permissive=0
11-29 04:03:59.079 0 0 I auditd : type=1400 audit(0.0:3761): avc: denied { kill } for comm="swapper/2" capability=5 scontext=u:r:kernel:s0 tcontext=u:r:kernel:s0 tclass=capability permissive=0
11-29 04:04:00.079 0 0 I auditd : type=1400 audit(0.0:3762): avc: denied { kill } for comm="swapper/2" capability=5 scontext=u:r:kernel:s0 tcontext=u:r:kernel:s0 tclass=capability permissive=0
11-29 04:04:01.079 0 0 I auditd : type=1400 audit(0.0:3763): avc: denied { kill } for comm="swapper/2" capability=5 scontext=u:r:kernel:s0 tcontext=u:r:kernel:s0 tclass=capability permissive=0
11-29 04:04:02.081 1381 12439 I liblog : 96
11-29 04:04:03.079 0 0 I auditd : type=1400 audit(0.0:3764): avc: denied { kill } for comm="swapper/2" capability=5 scontext=u:r:kernel:s0 tcontext=u:r:kernel:s0 tclass=capability permissive=0
11-29 04:04:04.079 0 0 I auditd : type=1400 audit(0.0:3765): avc: denied { kill } for comm="swapper/2" capability=5 scontext=u:r:kernel:s0 tcontext=u:r:kernel:s0 tclass=capability permissive=0
11-29 04:04:05.079 0 0 I auditd : type=1400 audit(0.0:3766): avc: denied { kill } for comm="swapper/2" capability=5 scontext=u:r:kernel:s0 tcontext=u:r:kernel:s0 tclass=capability permissive=0
11-29 04:04:06.079 0 0 I auditd : type=1400 audit(0.0:3767): avc: denied { kill } for comm="swapper/2" capability=5 scontext=u:r:kernel:s0 tcontext=u:r:kernel:s0 tclass=capability permissive=0
11-29 04:04:07.079 0 0 I auditd : type=1400 audit(0.0:3768): avc: denied { kill } for comm="swapper/2" capability=5 scontext=u:r:kernel:s0 tcontext=u:r:kernel:s0 tclass=capability permissive=0
11-29 04:04:08.079 0 0 I auditd : type=1400 audit(0.0:3769): avc: denied { kill } for comm="swapper/2" capability=5 scontext=u:r:kernel:s0 tcontext=u:r:kernel:s0 tclass=capability permissive=0
