11-29 03:51:02.158 1491 2106 D CompatibilityChangeReporter: Compat change id reported: 174042980; UID 10068; state: DISABLED
11-29 03:51:02.158 1491 2106 D CompatibilityChangeReporter: Compat change id reported: 184838306; UID 10068; state: DISABLED
11-29 03:51:02.159 1491 2106 D CompatibilityChangeReporter: Compat change id reported: 185004937; UID 10068; state: DISABLED
11-29 03:51:02.160 1491 2106 D CompatibilityChangeReporter: Compat change id reported: 181136395; UID 10068; state: DISABLED
11-29 03:51:02.160 1491 2106 D CompatibilityChangeReporter: Compat change id reported: 174042936; UID 10068; state: DISABLED
11-29 03:51:02.162 1491 2106 D CompatibilityChangeReporter: Compat change id reported: 168419799; UID 10068; state: DISABLED
11-29 03:51:02.163 1491 2106 I ActivityTaskManager: FOREGROUND_APPLICATION_CHANGED to com.android.gallery3d.app.GalleryActivity
11-29 03:51:02.163 1491 2106 I ActivityTaskManager: The Process com.android.gallery3d Already Exists in BG. So sending its PID: 10788
11-29 03:51:02.184 3714 3731 W ContextImpl: Calling a method in the system process without a qualified user: android.app.ContextImpl.startService:1816 android.content.ContextWrapper.startService:774 com.thundercomm.gamemode.ingame.services.GameModeActionUtils.startGameModeService:93 com.thundercomm.gamemode.ingame.services.GameModeActionUtils.startGameModeEntry:21 com.thundercomm.gamemode.ingame.services.ActivityMonitoringService$1.onActivityLaunch:127
11-29 03:51:02.189 1491 1491 I GameModeConfig: Current uri is uri = content://com.thundercomm.gamemode.api/gamemode_settings/gamemode_isgaming
11-29 03:51:02.191 1491 1491 I GameModeConfig: isGameModeOn = false
11-29 03:51:02.192 1491 1491 I GameModeConfig: isGameModeOn = false
11-29 03:51:02.192 1491 1491 I GameModeConfig: isDisableVoice = true
11-29 03:51:02.217 1491 9950 D CompatibilityChangeReporter: Compat change id reported: 149924527; UID 10068; state: ENABLED
11-29 03:51:02.217 1491 9950 D CompatibilityChangeReporter: Compat change id reported: 132649864; UID 10068; state: DISABLED
11-29 03:51:02.217 1491 9950 D CompatibilityChangeReporter: Compat change id reported: 182734110; UID 10068; state: DISABLED
11-29 03:51:02.238 1491 9950 W WindowManager: updateScale0.7996942
11-29 03:51:02.303 1491 1600 W WindowManager: updateScale0.7996942
11-29 03:51:02.306 1491 1600 W WindowManager: updateScale0.7996942
11-29 03:51:02.306 1491 1600 W WindowManager: updateScale0.7996942
11-29 03:51:02.353 1491 8943 W WindowManager: updateScale0.7996942
11-29 03:51:02.362 1491 1600 W WindowManager: updateScale0.7996942
11-29 03:51:02.591 1491 1600 W WindowManager: updateScale0.7996942
11-29 03:51:03.188 1491 2106 I ActivityTaskManager: START u0 {act=android.intent.action.MAIN cat=[android.intent.category.HOME] flg=0x10000000 cmp=com.android.launcher3/.uioverrides.QuickstepLauncher} from uid 10077
11-29 03:51:03.198 1491 2106 I ActivityTaskManager: FOREGROUND_APPLICATION_CHANGED to com.android.launcher3.uioverrides.QuickstepLauncher
11-29 03:51:03.199 1491 2106 W WindowManager: updateScale0.7996942
11-29 03:51:03.205 1491 2106 W WindowManager: updateScale0.7996942
11-29 03:51:03.221 1491 2106 W WindowManager: updateScale0.7996942
11-29 03:51:03.516 1491 2106 W ActivityTaskManager: getTaskSnapshot: taskId=4062 not found
11-29 03:51:03.517 1491 8943 W ActivityTaskManager: getTaskSnapshot: taskId=2062 not found
11-29 03:51:03.518 1491 8943 W ActivityTaskManager: getTaskSnapshot: taskId=1062 not found
11-29 03:51:04.057 3714 3731 W ContextImpl: Calling a method in the system process without a qualified user: android.app.ContextImpl.startService:1816 android.content.ContextWrapper.startService:774 com.thundercomm.gamemode.ingame.services.GameModeActionUtils.startGameModeService:93 com.thundercomm.gamemode.ingame.services.GameModeActionUtils.startGameModeEntry:21 com.thundercomm.gamemode.ingame.services.ActivityMonitoringService$1.onActivityLaunch:127
11-29 03:51:04.064 1491 1491 I GameModeConfig: Current uri is uri = content://com.thundercomm.gamemode.api/gamemode_settings/gamemode_isgaming
11-29 03:51:04.068 1491 1491 I GameModeConfig: isGameModeOn = false
11-29 03:51:04.068 1491 1491 I GameModeConfig: isGameModeOn = false
11-29 03:51:04.068 1491 1491 I GameModeConfig: isDisableVoice = true
11-29 03:51:04.144 3714 3731 W ContextImpl: Calling a method in the system process without a qualified user: android.app.ContextImpl.startService:1816 android.content.ContextWrapper.startService:774 com.thundercomm.gamemode.ingame.services.GameModeActionUtils.startGameModeService:93 com.thundercomm.gamemode.ingame.services.GameModeActionUtils.startGameModeEntry:21 com.thundercomm.gamemode.ingame.services.ActivityMonitoringService$1.onActivityLaunch:127
11-29 03:51:04.150 1491 1491 I GameModeConfig: Current uri is uri = content://com.thundercomm.gamemode.api/gamemode_settings/gamemode_isgaming
11-29 03:51:04.155 1491 1491 I GameModeConfig: isGameModeOn = false
11-29 03:51:04.155 1491 1491 I GameModeConfig: isGameModeOn = false
11-29 03:51:04.155 1491 1491 I GameModeConfig: isDisableVoice = true
11-29 03:51:04.340 1491 1600 D FreeFormWindowHelper: Remove freefrom task=Task{fa3fedb #64 type=standard A=10068:com.android.gallery3d U=0 visible=false mode=freeform translucent=true sz=0}
11-29 03:51:04.947 1491 2756 E TaskPersister: File error accessing recents directory (directory doesn't exist?).
11-29 03:51:05.859 1491 2106 W NotificationService: Toast already killed. pkg=com.android.gallery3d token=android.os.BinderProxy@179a05
11-29 03:51:08.449 1491 1760 I GameModeConfig: isGameModeOn = false
11-29 03:51:08.451 1491 1760 I GameModeConfig: isGameModeOn = false
11-29 03:51:08.452 1491 1760 I GameModeConfig: isGameModeOn = false
11-29 03:51:09.750 1491 7072 I ActivityTaskManager: START u0 {flg=0x10008000 cmp=com.android.calendar/.AllInOneActivity} from uid 10077
11-29 03:51:09.757 1491 7072 W ActivityTaskManager: Can't find TaskDisplayArea to determine support for multi window. Task id=65 attached=false
11-29 03:51:09.759 1491 7072 D FreeFormWindowHelper: Add freeform task=Task{ebe7a40 #65 type=standard ?? U=0 visible=false mode=freeform translucent=true sz=0}
11-29 03:51:09.761 1491 7072 D CompatibilityChangeReporter: Compat change id reported: 174042980; UID 10064; state: DISABLED
11-29 03:51:09.761 1491 7072 D CompatibilityChangeReporter: Compat change id reported: 184838306; UID 10064; state: DISABLED
11-29 03:51:09.762 1491 7072 D CompatibilityChangeReporter: Compat change id reported: 185004937; UID 10064; state: DISABLED
11-29 03:51:09.762 1491 7072 D CompatibilityChangeReporter: Compat change id reported: 181136395; UID 10064; state: DISABLED
11-29 03:51:09.763 1491 7072 D CompatibilityChangeReporter: Compat change id reported: 174042936; UID 10064; state: DISABLED
11-29 03:51:09.765 1491 7072 D CompatibilityChangeReporter: Compat change id reported: 168419799; UID 10064; state: DISABLED
11-29 03:51:09.766 1491 7072 I ActivityTaskManager: FOREGROUND_APPLICATION_CHANGED to com.android.calendar.AllInOneActivity
11-29 03:51:09.774 1491 1599 D CompatibilityChangeReporter: Compat change id reported: 135634846; UID 10064; state: DISABLED
11-29 03:51:09.774 1491 1599 D CompatibilityChangeReporter: Compat change id reported: 177438394; UID 10064; state: DISABLED
11-29 03:51:09.774 1491 1599 D CompatibilityChangeReporter: Compat change id reported: 135772972; UID 10064; state: DISABLED
11-29 03:51:09.774 1491 1599 D CompatibilityChangeReporter: Compat change id reported: 135754954; UID 10064; state: DISABLED
11-29 03:51:09.775 1491 1609 D CompatibilityChangeReporter: Compat change id reported: 143937733; UID 10064; state: DISABLED
11-29 03:51:09.796 1491 1609 I ActivityManager: Start proc 10985:com.android.calendar/u0a64 for top-activity {com.android.calendar/com.android.calendar.AllInOneActivity}
11-29 03:51:09.834 1491 8943 I ActivityTaskManager: The Process com.android.calendar Already Exists in BG. So sending its PID: 10985
11-29 03:51:09.861 1491 8701 D CompatibilityChangeReporter: Compat change id reported: 135634846; UID 10028; state: DISABLED
11-29 03:51:09.861 1491 8701 D CompatibilityChangeReporter: Compat change id reported: 177438394; UID 10028; state: DISABLED
11-29 03:51:09.861 1491 8701 D CompatibilityChangeReporter: Compat change id reported: 135772972; UID 10028; state: DISABLED
11-29 03:51:09.861 1491 8701 D CompatibilityChangeReporter: Compat change id reported: 135754954; UID 10028; state: ENABLED
11-29 03:51:09.862 1491 1609 D CompatibilityChangeReporter: Compat change id reported: 143937733; UID 10028; state: ENABLED
11-29 03:51:09.868 1491 1609 I ActivityManager: Start proc 11007:com.android.providers.calendar/u0a28 for content provider {com.android.providers.calendar/com.android.providers.calendar.CalendarProvider2}
11-29 03:51:09.913 1491 2106 W WindowManager: updateScale0.7996942
11-29 03:51:09.924 1491 8943 D CompatibilityChangeReporter: Compat change id reported: 143231523; UID 10064; state: DISABLED
11-29 03:51:09.940 1491 1700 D CompatibilityChangeReporter: Compat change id reported: 143231523; UID 10028; state: DISABLED
11-29 03:51:09.981 1491 1600 W WindowManager: updateScale0.7996942
11-29 03:51:09.983 1491 1600 W WindowManager: updateScale0.7996942
11-29 03:51:09.983 1491 1600 W WindowManager: updateScale0.7996942
11-29 03:51:10.257 1491 1600 W WindowManager: updateScale0.7996942
11-29 03:51:11.610 1491 8701 I ActivityTaskManager: START u0 {act=android.intent.action.MAIN cat=[android.intent.category.HOME] flg=0x10000000 cmp=com.android.launcher3/.uioverrides.QuickstepLauncher} from uid 10077
11-29 03:51:11.617 1491 8701 I ActivityTaskManager: FOREGROUND_APPLICATION_CHANGED to com.android.launcher3.uioverrides.QuickstepLauncher
11-29 03:51:11.618 1491 8701 W WindowManager: updateScale0.7996942
11-29 03:51:11.621 1491 8701 W WindowManager: updateScale0.7996942
11-29 03:51:11.639 1491 2106 W WindowManager: updateScale0.7996942
11-29 03:51:12.105 1491 8701 W ActivityTaskManager: getTaskSnapshot: taskId=3062 not found
11-29 03:51:12.105 1491 2106 W ActivityTaskManager: getTaskSnapshot: taskId=2062 not found
11-29 03:51:12.106 1491 2106 W ActivityTaskManager: getTaskSnapshot: taskId=1062 not found
11-29 03:51:12.772 1491 2756 E TaskPersister: File error accessing recents directory (directory doesn't exist?).
11-29 03:51:13.035 1491 2106 W ActivityTaskManager: getTaskSnapshot: taskId=3062 not found
11-29 03:51:13.618 3714 3731 W ContextImpl: Calling a method in the system process without a qualified user: android.app.ContextImpl.startService:1816 android.content.ContextWrapper.startService:774 com.thundercomm.gamemode.ingame.services.GameModeActionUtils.startGameModeService:93 com.thundercomm.gamemode.ingame.services.GameModeActionUtils.startGameModeEntry:21 com.thundercomm.gamemode.ingame.services.ActivityMonitoringService$1.onActivityLaunch:127
11-29 03:51:13.623 1491 1491 I GameModeConfig: Current uri is uri = content://com.thundercomm.gamemode.api/gamemode_settings/gamemode_isgaming
11-29 03:51:13.630 1491 1491 I GameModeConfig: isGameModeOn = false
11-29 03:51:13.630 1491 1491 I GameModeConfig: isGameModeOn = false
11-29 03:51:13.630 1491 1491 I GameModeConfig: isDisableVoice = true
11-29 03:51:13.705 3714 3731 W ContextImpl: Calling a method in the system process without a qualified user: android.app.ContextImpl.startService:1816 android.content.ContextWrapper.startService:774 com.thundercomm.gamemode.ingame.services.GameModeActionUtils.startGameModeService:93 com.thundercomm.gamemode.ingame.services.GameModeActionUtils.startGameModeEntry:21 com.thundercomm.gamemode.ingame.services.ActivityMonitoringService$1.onActivityLaunch:127
11-29 03:51:13.709 1491 1491 I GameModeConfig: Current uri is uri = content://com.thundercomm.gamemode.api/gamemode_settings/gamemode_isgaming
11-29 03:51:13.712 1491 1491 I GameModeConfig: isGameModeOn = false
11-29 03:51:13.712 1491 1491 I GameModeConfig: isGameModeOn = false
11-29 03:51:13.712 1491 1491 I GameModeConfig: isDisableVoice = true
11-29 03:51:13.896 1491 1600 D FreeFormWindowHelper: Remove freefrom task=Task{ebe7a40 #65 type=standard A=10064:android.task.calendar U=0 visible=false mode=freeform translucent=true sz=0}
11-29 03:51:14.811 1161 10981 I iorapd : Perfetto TraceBuffer saved to file: /data/misc/iorapd/com.android.calendar/31/com.android.calendar.AllInOneActivity/raw_traces/1669665074810015185.perfetto_trace.pb
11-29 03:51:16.854 1491 1491 W WindowManager: removeWindowToken: Attempted to remove non-existing token: android.os.Binder@5a35731
11-29 03:51:16.904 1491 2756 E TaskPersister: File error accessing recents directory (directory doesn't exist?).
11-29 03:51:17.451 1491 2106 I ActivityTaskManager: START u0 {act=android.intent.action.MAIN cat=[android.intent.category.LAUNCHER] flg=0x10200000 cmp=com.android.gallery3d/.app.GalleryActivity bnds=[2308,140][2494,340]} from uid 10077
11-29 03:51:17.457 1491 2106 W ActivityTaskManager: Can't find TaskDisplayArea to determine support for multi window. Task id=66 attached=false
11-29 03:51:17.478 1491 2106 I ActivityTaskManager: FOREGROUND_APPLICATION_CHANGED to com.android.gallery3d.app.GalleryActivity
11-29 03:51:17.479 1491 2106 I ActivityTaskManager: The Process com.android.gallery3d Already Exists in BG. So sending its PID: 10788
11-29 03:51:17.479 1491 2106 W ActivityTaskManager: Tried to set launchTime (0) < mLastActivityLaunchTime (2240643)
11-29 03:51:17.495 3714 3731 W ContextImpl: Calling a method in the system process without a qualified user: android.app.ContextImpl.startService:1816 android.content.ContextWrapper.startService:774 com.thundercomm.gamemode.ingame.services.GameModeActionUtils.startGameModeService:93 com.thundercomm.gamemode.ingame.services.GameModeActionUtils.startGameModeEntry:21 com.thundercomm.gamemode.ingame.services.ActivityMonitoringService$1.onActivityLaunch:127
11-29 03:51:17.499 1491 1491 I GameModeConfig: Current uri is uri = content://com.thundercomm.gamemode.api/gamemode_settings/gamemode_isgaming
11-29 03:51:17.501 1491 1491 I GameModeConfig: isGameModeOn = false
11-29 03:51:17.502 1491 1491 I GameModeConfig: isGameModeOn = false
11-29 03:51:17.502 1491 1491 I GameModeConfig: isDisableVoice = true
11-29 03:51:17.529 1491 1760 I GameModeConfig: isGameModeOn = false
11-29 03:51:17.530 1491 1760 I GameModeConfig: isGameModeOn = false
11-29 03:51:17.530 1491 1760 I GameModeConfig: isGameModeOn = false
11-29 03:51:17.530 1491 1760 I GameModeConfig: isGameModeOn = false
11-29 03:51:17.602 3714 3731 W ContextImpl: Calling a method in the system process without a qualified user: android.app.ContextImpl.startService:1816 android.content.ContextWrapper.startService:774 com.thundercomm.gamemode.ingame.services.GameModeActionUtils.startGameModeService:93 com.thundercomm.gamemode.ingame.services.GameModeActionUtils.startGameModeEntry:21 com.thundercomm.gamemode.ingame.services.ActivityMonitoringService$1.onActivityLaunch:127
11-29 03:51:17.609 1491 1491 I GameModeConfig: Current uri is uri = content://com.thundercomm.gamemode.api/gamemode_settings/gamemode_isgaming
11-29 03:51:17.614 1491 1491 I GameModeConfig: isGameModeOn = false
11-29 03:51:17.615 1491 1491 I GameModeConfig: isGameModeOn = false
11-29 03:51:17.615 1491 1491 I GameModeConfig: isDisableVoice = true
11-29 03:51:17.737 1491 1491 I GameModeConfig: isGameModeOn = false
11-29 03:51:17.742 1491 1491 W NotificationHistory: Attempted to add notif for locked/gone/disabled user 0
11-29 03:51:17.887 1491 1700 W ContextImpl: Calling a method in the system process without a qualified user: android.app.ContextImpl.startActivity:1067 com.android.server.wm.FreeFormWindowHelper.exitRecentTasks:423 com.android.server.wm.ActivityTaskManagerService.exitRecentTasks:3795 android.app.IActivityTaskManager$Stub.onTransact:2307 com.android.server.wm.ActivityTaskManagerService.onTransact:5046
11-29 03:51:17.888 1491 1700 I ActivityTaskManager: START u0 {flg=0x10008000 cmp=com.android.calendar/.AllInOneActivity} from uid 1000
11-29 03:51:17.893 1491 1700 W ActivityTaskManager: Can't find TaskDisplayArea to determine support for multi window. Task id=67 attached=false
11-29 03:51:17.894 1491 1700 D FreeFormWindowHelper: Add freeform task=Task{735587f #67 type=standard ?? U=0 visible=false mode=freeform translucent=true sz=0}
11-29 03:51:17.899 1491 1700 I ActivityTaskManager: FOREGROUND_APPLICATION_CHANGED to com.android.calendar.AllInOneActivity
11-29 03:51:17.899 1491 1700 I ActivityTaskManager: The Process com.android.calendar Already Exists in BG. So sending its PID: 10985
11-29 03:51:17.899 1491 1700 W ActivityTaskManager: Tried to set launchTime (0) < mLastActivityLaunchTime (2248313)
11-29 03:51:17.928 3714 3731 W ContextImpl: Calling a method in the system process without a qualified user: android.app.ContextImpl.startService:1816 android.content.ContextWrapper.startService:774 com.thundercomm.gamemode.ingame.services.GameModeActionUtils.startGameModeService:93 com.thundercomm.gamemode.ingame.services.GameModeActionUtils.startGameModeEntry:21 com.thundercomm.gamemode.ingame.services.ActivityMonitoringService$1.onActivityLaunch:127
11-29 03:51:17.933 1491 1491 I GameModeConfig: Current uri is uri = content://com.thundercomm.gamemode.api/gamemode_settings/gamemode_isgaming
11-29 03:51:17.934 1491 1491 I GameModeConfig: isGameModeOn = false
11-29 03:51:17.934 1491 1491 I GameModeConfig: isGameModeOn = false
11-29 03:51:17.934 1491 1491 I GameModeConfig: isDisableVoice = true
11-29 03:51:17.943 1491 2106 W WindowManager: updateScale0.7996942
11-29 03:51:17.952 1491 1600 W WindowManager: updateScale0.7996942
11-29 03:51:17.956 1491 1600 W WindowManager: updateScale0.7996942
11-29 03:51:17.956 1491 1600 W WindowManager: updateScale0.7996942
11-29 03:51:17.970 1491 7072 W WindowManager: updateScale0.7996942
11-29 03:51:17.974 1491 2106 W WindowManager: updateScale0.7996942
11-29 03:51:18.003 3714 3731 W ContextImpl: Calling a method in the system process without a qualified user: android.app.ContextImpl.startService:1816 android.content.ContextWrapper.startService:774 com.thundercomm.gamemode.ingame.services.GameModeActionUtils.startGameModeService:93 com.thundercomm.gamemode.ingame.services.GameModeActionUtils.startGameModeEntry:21 com.thundercomm.gamemode.ingame.services.ActivityMonitoringService$1.onActivityLaunch:127
11-29 03:51:18.011 1491 1491 I GameModeConfig: Current uri is uri = content://com.thundercomm.gamemode.api/gamemode_settings/gamemode_isgaming
11-29 03:51:18.015 1491 1491 I GameModeConfig: isGameModeOn = false
11-29 03:51:18.015 1491 1491 I GameModeConfig: isGameModeOn = false
11-29 03:51:18.015 1491 1491 I GameModeConfig: isDisableVoice = true
11-29 03:51:18.089 1491 1600 W WindowManager: updateScale0.7996942
11-29 03:51:18.124 1491 1600 W WindowManager: updateScale0.7996942
11-29 03:51:18.140 1491 1600 W WindowManager: updateScale0.7996942
11-29 03:51:18.258 1491 1599 W WindowManager: updateScale0.7996942
11-29 03:51:18.261 1491 1599 I ActivityTaskManager: FOREGROUND_APPLICATION_CHANGED to com.android.gallery3d.app.GalleryActivity
11-29 03:51:18.297 1491 8701 W WindowManager: updateScale0.7996942
11-29 03:51:18.304 1491 8943 W WindowManager: updateScale0.7996942
11-29 03:51:18.309 1491 2106 W WindowManager: updateScale0.7996942
11-29 03:51:18.352 1491 1760 I GameModeConfig: isGameModeOn = false
11-29 03:51:18.352 1491 1760 I GameModeConfig: isGameModeOn = false
11-29 03:51:18.352 1491 1760 I GameModeConfig: isGameModeOn = false
11-29 03:51:18.352 1491 1760 I GameModeConfig: isGameModeOn = false
11-29 03:51:18.371 1491 8943 W ActivityTaskManager: getTaskSnapshot: taskId=3062 not found
11-29 03:51:18.371 1491 8943 W ActivityTaskManager: getTaskSnapshot: taskId=2062 not found
11-29 03:51:18.371 1491 8943 W ActivityTaskManager: getTaskSnapshot: taskId=1062 not found
11-29 03:51:18.441 3714 3731 W ContextImpl: Calling a method in the system process without a qualified user: android.app.ContextImpl.startService:1816 android.content.ContextWrapper.startService:774 com.thundercomm.gamemode.ingame.services.GameModeActionUtils.startGameModeService:93 com.thundercomm.gamemode.ingame.services.GameModeActionUtils.startGameModeEntry:21 com.thundercomm.gamemode.ingame.services.ActivityMonitoringService$1.onActivityLaunch:127
11-29 03:51:18.450 1491 1491 I GameModeConfig: Current uri is uri = content://com.thundercomm.gamemode.api/gamemode_settings/gamemode_isgaming
11-29 03:51:18.454 1491 1491 I GameModeConfig: isGameModeOn = false
11-29 03:51:18.454 1491 1491 I GameModeConfig: isGameModeOn = false
11-29 03:51:18.454 1491 1491 I GameModeConfig: isDisableVoice = true
11-29 03:51:18.473 1491 1600 D FreeFormWindowHelper: Remove freefrom task=Task{735587f #67 type=standard A=10064:android.task.calendar U=0 visible=false mode=freeform translucent=true sz=0}
11-29 03:51:18.556 1491 1491 I GameModeConfig: isGameModeOn = false
11-29 03:51:18.557 1491 1491 E NotificationService: Muting recently noisy 0|com.android.systemui|2048|null|10082
11-29 03:51:20.274 1491 8701 I ActivityTaskManager: FOREGROUND_APPLICATION_CHANGED to com.android.launcher3.uioverrides.QuickstepLauncher
11-29 03:51:20.296 1491 7072 I ActivityTaskManager: START u0 {act=android.intent.action.MAIN cat=[android.intent.category.LAUNCHER] flg=0x10200000 cmp=com.android.music/.VideoBrowserActivity bnds=[2308,540][2494,740]} from uid 10077
11-29 03:51:20.301 1491 7072 W ActivityTaskManager: Can't find TaskDisplayArea to determine support for multi window. Task id=68 attached=false
11-29 03:51:20.320 1491 8943 I ActivityTaskManager: FOREGROUND_APPLICATION_CHANGED to com.android.music.VideoBrowserActivity
11-29 03:51:20.320 1491 8943 I ActivityTaskManager: The Process com.android.music Already Exists in BG. So sending its PID: 10142
11-29 03:51:20.321 1491 8943 W ActivityTaskManager: Tried to set launchTime (0) < mLastActivityLaunchTime (2236800)
11-29 03:51:20.347 3714 3731 W ContextImpl: Calling a method in the system process without a qualified user: android.app.ContextImpl.startService:1816 android.content.ContextWrapper.startService:774 com.thundercomm.gamemode.ingame.services.GameModeActionUtils.startGameModeService:93 com.thundercomm.gamemode.ingame.services.GameModeActionUtils.startGameModeEntry:21 com.thundercomm.gamemode.ingame.services.ActivityMonitoringService$1.onActivityLaunch:127
11-29 03:51:20.354 1491 1491 I GameModeConfig: Current uri is uri = content://com.thundercomm.gamemode.api/gamemode_settings/gamemode_isgaming
11-29 03:51:20.360 1491 1491 I GameModeConfig: isGameModeOn = false
11-29 03:51:20.360 1491 1491 I GameModeConfig: isGameModeOn = false
11-29 03:51:20.360 1491 1491 I GameModeConfig: isDisableVoice = true
11-29 03:51:20.360 3714 3731 W ContextImpl: Calling a method in the system process without a qualified user: android.app.ContextImpl.startService:1816 android.content.ContextWrapper.startService:774 com.thundercomm.gamemode.ingame.services.GameModeActionUtils.startGameModeService:93 com.thundercomm.gamemode.ingame.services.GameModeActionUtils.startGameModeEntry:21 com.thundercomm.gamemode.ingame.services.ActivityMonitoringService$1.onActivityLaunch:127
11-29 03:51:20.368 1491 1491 I GameModeConfig: Current uri is uri = content://com.thundercomm.gamemode.api/gamemode_settings/gamemode_isgaming
11-29 03:51:20.369 1491 1491 I GameModeConfig: isGameModeOn = false
11-29 03:51:20.369 1491 1491 I GameModeConfig: isGameModeOn = false
11-29 03:51:20.369 1491 1491 I GameModeConfig: isDisableVoice = true
11-29 03:51:20.434 3714 3731 W ContextImpl: Calling a method in the system process without a qualified user: android.app.ContextImpl.startService:1816 android.content.ContextWrapper.startService:774 com.thundercomm.gamemode.ingame.services.GameModeActionUtils.startGameModeService:93 com.thundercomm.gamemode.ingame.services.GameModeActionUtils.startGameModeEntry:21 com.thundercomm.gamemode.ingame.services.ActivityMonitoringService$1.onActivityLaunch:127
11-29 03:51:20.441 1491 1491 I GameModeConfig: Current uri is uri = content://com.thundercomm.gamemode.api/gamemode_settings/gamemode_isgaming
11-29 03:51:20.443 1491 1491 I GameModeConfig: isGameModeOn = false
11-29 03:51:20.443 1491 1491 I GameModeConfig: isGameModeOn = false
11-29 03:51:20.443 1491 1491 I GameModeConfig: isDisableVoice = true
11-29 03:51:20.945 1491 8943 W ContextImpl: Calling a method in the system process without a qualified user: android.app.ContextImpl.startActivity:1067 com.android.server.wm.FreeFormWindowHelper.exitRecentTasks:423 com.android.server.wm.ActivityTaskManagerService.exitRecentTasks:3795 android.app.IActivityTaskManager$Stub.onTransact:2307 com.android.server.wm.ActivityTaskManagerService.onTransact:5046
11-29 03:51:20.954 1491 8943 I ActivityTaskManager: START u0 {flg=0x10008000 cmp=com.android.calendar/.AllInOneActivity} from uid 1000
11-29 03:51:20.958 1491 8943 W ActivityTaskManager: Can't find TaskDisplayArea to determine support for multi window. Task id=69 attached=false
11-29 03:51:20.959 1491 8943 D FreeFormWindowHelper: Add freeform task=Task{f65b8cd #69 type=standard ?? U=0 visible=false mode=freeform translucent=true sz=0}
11-29 03:51:20.963 1491 8943 I ActivityTaskManager: FOREGROUND_APPLICATION_CHANGED to com.android.calendar.AllInOneActivity
11-29 03:51:20.963 1491 8943 I ActivityTaskManager: The Process com.android.calendar Already Exists in BG. So sending its PID: 10985
11-29 03:51:20.963 1491 8943 W ActivityTaskManager: Tried to set launchTime (0) < mLastActivityLaunchTime (2256379)
11-29 03:51:20.989 3714 3731 W ContextImpl: Calling a method in the system process without a qualified user: android.app.ContextImpl.startService:1816 android.content.ContextWrapper.startService:774 com.thundercomm.gamemode.ingame.services.GameModeActionUtils.startGameModeService:93 com.thundercomm.gamemode.ingame.services.GameModeActionUtils.startGameModeEntry:21 com.thundercomm.gamemode.ingame.services.ActivityMonitoringService$1.onActivityLaunch:127
11-29 03:51:20.998 1491 1491 I GameModeConfig: Current uri is uri = content://com.thundercomm.gamemode.api/gamemode_settings/gamemode_isgaming
11-29 03:51:21.000 1491 1491 I GameModeConfig: isGameModeOn = false
11-29 03:51:21.001 1491 1491 I GameModeConfig: isGameModeOn = false
11-29 03:51:21.001 1491 1491 I GameModeConfig: isDisableVoice = true
11-29 03:51:21.004 1491 9682 W WindowManager: updateScale0.7996942
11-29 03:51:21.018 1491 1600 W WindowManager: updateScale0.7996942
11-29 03:51:21.020 1491 1600 W WindowManager: updateScale0.7996942
11-29 03:51:21.020 1491 1600 W WindowManager: updateScale0.7996942
11-29 03:51:21.043 1491 1600 W WindowManager: updateScale0.7996942
11-29 03:51:21.045 1491 1599 W WindowManager: updateScale0.7996942
11-29 03:51:21.046 1491 1599 I ActivityTaskManager: FOREGROUND_APPLICATION_CHANGED to com.android.music.VideoBrowserActivity
11-29 03:51:21.053 1491 1700 W WindowManager: updateScale0.7996942
11-29 03:51:21.059 1491 1491 W WindowManager: updateScale0.7996942
11-29 03:51:21.062 1491 1700 W WindowManager: updateScale0.7996942
11-29 03:51:21.064 3714 3731 W ContextImpl: Calling a method in the system process without a qualified user: android.app.ContextImpl.startService:1816 android.content.ContextWrapper.startService:774 com.thundercomm.gamemode.ingame.services.GameModeActionUtils.startGameModeService:93 com.thundercomm.gamemode.ingame.services.GameModeActionUtils.startGameModeEntry:21 com.thundercomm.gamemode.ingame.services.ActivityMonitoringService$1.onActivityLaunch:127
11-29 03:51:21.064 1491 1700 W WindowManager: updateScale0.7996942
11-29 03:51:21.064 1491 9950 W NotificationService: Toast already killed. pkg=com.android.gallery3d token=android.os.BinderProxy@6bdc52e
11-29 03:51:21.069 1491 1491 I GameModeConfig: Current uri is uri = content://com.thundercomm.gamemode.api/gamemode_settings/gamemode_isgaming
11-29 03:51:21.070 1491 1491 I GameModeConfig: isGameModeOn = false
11-29 03:51:21.070 1491 1491 I GameModeConfig: isGameModeOn = false
11-29 03:51:21.070 1491 1491 I GameModeConfig: isDisableVoice = true
11-29 03:51:21.095 3714 3731 W ContextImpl: Calling a method in the system process without a qualified user: android.app.ContextImpl.startService:1816 android.content.ContextWrapper.startService:774 com.thundercomm.gamemode.ingame.services.GameModeActionUtils.startGameModeService:93 com.thundercomm.gamemode.ingame.services.GameModeActionUtils.startGameModeEntry:21 com.thundercomm.gamemode.ingame.services.ActivityMonitoringService$1.onActivityLaunch:127
11-29 03:51:21.103 1491 1491 I GameModeConfig: Current uri is uri = content://com.thundercomm.gamemode.api/gamemode_settings/gamemode_isgaming
11-29 03:51:21.104 1491 1491 I GameModeConfig: isGameModeOn = false
11-29 03:51:21.104 1491 1491 I GameModeConfig: isGameModeOn = false
11-29 03:51:21.104 1491 1491 I GameModeConfig: isDisableVoice = true
11-29 03:51:21.109 1491 5277 W ActivityTaskManager: getTaskSnapshot: taskId=3062 not found
11-29 03:51:21.109 1491 5277 W ActivityTaskManager: getTaskSnapshot: taskId=2062 not found
11-29 03:51:21.110 3714 3731 W ContextImpl: Calling a method in the system process without a qualified user: android.app.ContextImpl.startService:1816 android.content.ContextWrapper.startService:774 com.thundercomm.gamemode.ingame.services.GameModeActionUtils.startGameModeService:93 com.thundercomm.gamemode.ingame.services.GameModeActionUtils.startGameModeEntry:21 com.thundercomm.gamemode.ingame.services.ActivityMonitoringService$1.onActivityLaunch:127
11-29 03:51:21.114 1491 5277 W ActivityTaskManager: getTaskSnapshot: taskId=1062 not found
11-29 03:51:21.127 1491 1491 I GameModeConfig: Current uri is uri = content://com.thundercomm.gamemode.api/gamemode_settings/gamemode_isgaming
11-29 03:51:21.129 1491 1491 I GameModeConfig: isGameModeOn = false
11-29 03:51:21.130 1491 1491 I GameModeConfig: isGameModeOn = false
11-29 03:51:21.130 1491 1491 I GameModeConfig: isDisableVoice = true
11-29 03:51:21.201 3714 3731 W ContextImpl: Calling a method in the system process without a qualified user: android.app.ContextImpl.startService:1816 android.content.ContextWrapper.startService:774 com.thundercomm.gamemode.ingame.services.GameModeActionUtils.startGameModeService:93 com.thundercomm.gamemode.ingame.services.GameModeActionUtils.startGameModeEntry:21 com.thundercomm.gamemode.ingame.services.ActivityMonitoringService$1.onActivityLaunch:127
11-29 03:51:21.208 1491 1491 I GameModeConfig: Current uri is uri = content://com.thundercomm.gamemode.api/gamemode_settings/gamemode_isgaming
11-29 03:51:21.210 1491 1491 I GameModeConfig: isGameModeOn = false
11-29 03:51:21.210 1491 1491 I GameModeConfig: isGameModeOn = false
11-29 03:51:21.210 1491 1491 I GameModeConfig: isDisableVoice = true
11-29 03:51:21.531 1491 1600 D FreeFormWindowHelper: Remove freefrom task=Task{f65b8cd #69 type=standard A=10064:android.task.calendar U=0 visible=false mode=freeform translucent=true sz=0}
11-29 03:51:22.524 1491 2756 E TaskPersister: File error accessing recents directory (directory doesn't exist?).
11-29 03:51:27.785 1491 1760 I GameModeConfig: isGameModeOn = false
11-29 03:51:28.355 1491 1760 I GameModeConfig: isGameModeOn = false
11-29 03:51:28.557 1491 1760 I GameModeConfig: isGameModeOn = false
11-29 03:51:31.087 1491 1599 W ActivityTaskManager: Launch timeout has expired, giving up wake lock!
11-29 03:51:32.063 1491 1491 W WindowManager: removeWindowToken: Attempted to remove non-existing token: android.os.Binder@61ab03e
11-29 03:51:49.545 1491 5277 I ActivityTaskManager: FOREGROUND_APPLICATION_CHANGED to com.android.launcher3.uioverrides.QuickstepLauncher
11-29 03:51:49.601 3714 3731 W ContextImpl: Calling a method in the system process without a qualified user: android.app.ContextImpl.startService:1816 android.content.ContextWrapper.startService:774 com.thundercomm.gamemode.ingame.services.GameModeActionUtils.startGameModeService:93 com.thundercomm.gamemode.ingame.services.GameModeActionUtils.startGameModeEntry:21 com.thundercomm.gamemode.ingame.services.ActivityMonitoringService$1.onActivityLaunch:127
11-29 03:51:49.606 1491 1491 I GameModeConfig: Current uri is uri = content://com.thundercomm.gamemode.api/gamemode_settings/gamemode_isgaming
11-29 03:51:49.608 1491 1491 I GameModeConfig: isGameModeOn = false
11-29 03:51:49.608 1491 1491 I GameModeConfig: isGameModeOn = false
11-29 03:51:49.608 1491 1491 I GameModeConfig: isDisableVoice = true
11-29 03:51:49.636 1491 1599 I ActivityManager: Killing 10985:com.android.calendar/u0a64 (adj 900): remove task
11-29 03:51:49.638 1491 2756 E TaskPersister: File error accessing recents directory (directory doesn't exist?).
11-29 03:51:49.672 1491 9950 W ActivityTaskManager: Request to remove task ignored for non-existent task 62
11-29 03:51:49.684 1491 1599 I ActivityManager: Killing 10788:com.android.gallery3d/u0a68 (adj 0): remove task
11-29 03:51:49.695 1491 1599 I ActivityManager: Killing 10142:com.android.music/u0a89 (adj 900): remove task
11-29 03:51:49.697 1491 1600 W ActivityTaskManager: Can't find TaskDisplayArea to determine support for multi window. Task id=68 attached=false
11-29 03:51:49.697 1491 1600 W ActivityTaskManager: Can't find TaskDisplayArea to determine support for multi window. Task id=68 attached=false
11-29 03:51:49.699 1491 1607 W UsageStatsService: Unexpected activity event reported! (com.android.music/com.android.music.VideoBrowserActivity event : 23 instanceId : 140360389)
11-29 03:51:49.704 1491 1599 W ActivityManager: setHasOverlayUi called on unknown pid: 10985
11-29 03:51:49.706 1491 2756 E TaskPersister: File error accessing recents directory (directory doesn't exist?).
11-29 03:51:49.707 1491 1599 W ActivityManager: ProcessRecord{df07df7 10142:com.android.music/u0a89} is attached to a previous process
11-29 03:51:49.707 1491 1599 W ActivityManager: Existing proc ProcessRecord{df07df7 10142:com.android.music/u0a89} was killed 12ms ago when adding ProcessRecord{f922d9f 0:com.android.music/u0a89}
11-29 03:51:49.708 1491 1599 D CompatibilityChangeReporter: Compat change id reported: 135634846; UID 10089; state: DISABLED
11-29 03:51:49.708 1491 1599 D CompatibilityChangeReporter: Compat change id reported: 177438394; UID 10089; state: DISABLED
11-29 03:51:49.708 1491 1599 D CompatibilityChangeReporter: Compat change id reported: 135772972; UID 10089; state: DISABLED
11-29 03:51:49.708 1491 1599 D CompatibilityChangeReporter: Compat change id reported: 135754954; UID 10089; state: ENABLED
11-29 03:51:49.709 1491 1599 W ActivityManager: ProcessRecord{5c1042a 10788:com.android.gallery3d/u0a68} is attached to a previous process
11-29 03:51:49.709 1491 1599 W ActivityManager: Existing proc ProcessRecord{5c1042a 10788:com.android.gallery3d/u0a68} was killed 24ms ago when adding ProcessRecord{2e072b5 0:com.android.gallery3d/u0a68}
11-29 03:51:49.709 1491 1599 D CompatibilityChangeReporter: Compat change id reported: 135634846; UID 10068; state: DISABLED
11-29 03:51:49.709 1491 1599 D CompatibilityChangeReporter: Compat change id reported: 177438394; UID 10068; state: DISABLED
11-29 03:51:49.709 1491 1599 D CompatibilityChangeReporter: Compat change id reported: 135772972; UID 10068; state: DISABLED
11-29 03:51:49.709 1491 1599 D CompatibilityChangeReporter: Compat change id reported: 135754954; UID 10068; state: DISABLED
11-29 03:51:49.710 1491 1599 D CompatibilityChangeReporter: Compat change id reported: 135634846; UID 10064; state: DISABLED
11-29 03:51:49.710 1491 1599 D CompatibilityChangeReporter: Compat change id reported: 177438394; UID 10064; state: DISABLED
11-29 03:51:49.710 1491 1599 D CompatibilityChangeReporter: Compat change id reported: 135772972; UID 10064; state: DISABLED
11-29 03:51:49.710 1491 1599 D CompatibilityChangeReporter: Compat change id reported: 135754954; UID 10064; state: DISABLED
11-29 03:51:49.727 1491 8592 I WindowManager: WIN DEATH: Window{90de654 u0 com.android.gallery3d/com.android.gallery3d.app.GalleryActivity}
11-29 03:51:49.734 1491 1600 W ActivityTaskManager: Can't find TaskDisplayArea to determine support for multi window. Task id=66 attached=false
11-29 03:51:49.734 1491 1600 W ActivityTaskManager: Can't find TaskDisplayArea to determine support for multi window. Task id=66 attached=false
11-29 03:51:49.735 1491 1599 W ActivityManager: setHasOverlayUi called on unknown pid: 10788
11-29 03:51:49.735 1491 1607 W UsageStatsService: Unexpected activity event reported! (com.android.gallery3d/com.android.gallery3d.app.GalleryActivity event : 23 instanceId : 45577041)
11-29 03:51:49.744 1491 1609 D CompatibilityChangeReporter: Compat change id reported: 143937733; UID 10089; state: ENABLED
11-29 03:51:49.745 1491 1599 W ActivityManager: setHasOverlayUi called on unknown pid: 10142
11-29 03:51:49.752 1491 1609 I ActivityManager: Start proc 11110:com.android.music/u0a89 for null
11-29 03:51:49.752 1491 1609 D CompatibilityChangeReporter: Compat change id reported: 143937733; UID 10068; state: DISABLED
11-29 03:51:49.761 1491 1609 W ActivityManager: Slow operation: 53ms so far, now at startProcess: returned from zygote!
11-29 03:51:49.762 1491 1609 W ActivityManager: Slow operation: 53ms so far, now at startProcess: done updating battery stats
11-29 03:51:49.762 1491 1609 W ActivityManager: Slow operation: 53ms so far, now at startProcess: building log message
11-29 03:51:49.762 1491 1609 I ActivityManager: Start proc 11111:com.android.gallery3d/u0a68 for null
11-29 03:51:49.762 1491 1609 W ActivityManager: Slow operation: 53ms so far, now at startProcess: starting to update pids map
11-29 03:51:49.762 1491 1609 W ActivityManager: Slow operation: 53ms so far, now at startProcess: done updating pids map
11-29 03:51:49.762 1491 1609 W ActivityManager: Slow operation: 52ms so far, now at startProcess: asking zygote to start proc
11-29 03:51:49.762 1491 1609 D CompatibilityChangeReporter: Compat change id reported: 143937733; UID 10064; state: DISABLED
11-29 03:51:49.770 1491 1609 W ActivityManager: Slow operation: 60ms so far, now at startProcess: returned from zygote!
11-29 03:51:49.770 1491 1609 W ActivityManager: Slow operation: 61ms so far, now at startProcess: done updating battery stats
11-29 03:51:49.770 1491 1609 W ActivityManager: Slow operation: 61ms so far, now at startProcess: building log message
11-29 03:51:49.770 1491 1609 I ActivityManager: Start proc 11119:com.android.calendar/u0a64 for null
11-29 03:51:49.770 1491 1609 W ActivityManager: Slow operation: 61ms so far, now at startProcess: starting to update pids map
11-29 03:51:49.770 1491 1609 W ActivityManager: Slow operation: 61ms so far, now at startProcess: done updating pids map
11-29 03:51:49.785 3714 3731 W ContextImpl: Calling a method in the system process without a qualified user: android.app.ContextImpl.startService:1816 android.content.ContextWrapper.startService:774 com.thundercomm.gamemode.ingame.services.GameModeActionUtils.startGameModeService:93 com.thundercomm.gamemode.ingame.services.GameModeActionUtils.startGameModeEntry:21 com.thundercomm.gamemode.ingame.services.ActivityMonitoringService$1.onActivityLaunch:127
11-29 03:51:49.791 1491 1491 I GameModeConfig: Current uri is uri = content://com.thundercomm.gamemode.api/gamemode_settings/gamemode_isgaming
11-29 03:51:49.799 1491 1491 I GameModeConfig: isGameModeOn = false
11-29 03:51:49.800 1491 1491 I GameModeConfig: isGameModeOn = false
11-29 03:51:49.800 1491 1491 I GameModeConfig: isDisableVoice = true
11-29 03:51:50.724 1491 10785 I ActivityTaskManager: START u0 {act=android.intent.action.MAIN cat=[android.intent.category.LAUNCHER] flg=0x10200000 cmp=com.android.music/.MusicBrowserActivity bnds=[2308,340][2494,540]} from uid 10077
11-29 03:51:50.730 1491 10785 W ActivityTaskManager: Can't find TaskDisplayArea to determine support for multi window. Task id=70 attached=false
11-29 03:51:50.751 1491 10783 I ActivityTaskManager: FOREGROUND_APPLICATION_CHANGED to com.android.music.MusicBrowserActivity
11-29 03:51:50.751 1491 10783 I ActivityTaskManager: The Process com.android.music Already Exists in BG. So sending its PID: 11110
11-29 03:51:50.779 3714 3731 W ContextImpl: Calling a method in the system process without a qualified user: android.app.ContextImpl.startService:1816 android.content.ContextWrapper.startService:774 com.thundercomm.gamemode.ingame.services.GameModeActionUtils.startGameModeService:93 com.thundercomm.gamemode.ingame.services.GameModeActionUtils.startGameModeEntry:21 com.thundercomm.gamemode.ingame.services.ActivityMonitoringService$1.onActivityLaunch:127
11-29 03:51:50.783 1491 1491 I GameModeConfig: Current uri is uri = content://com.thundercomm.gamemode.api/gamemode_settings/gamemode_isgaming
11-29 03:51:50.786 1491 1491 I GameModeConfig: isGameModeOn = false
11-29 03:51:50.786 1491 1491 I GameModeConfig: isGameModeOn = false
11-29 03:51:50.786 1491 1491 I GameModeConfig: isDisableVoice = true
11-29 03:51:50.863 1491 1760 I GameModeConfig: isGameModeOn = false
11-29 03:51:50.863 1491 1760 I GameModeConfig: isGameModeOn = false
11-29 03:51:50.863 1491 1760 I GameModeConfig: isGameModeOn = false
11-29 03:51:50.863 1491 1760 I GameModeConfig: isGameModeOn = false
11-29 03:51:50.867 1491 1760 I GameModeConfig: isGameModeOn = false
11-29 03:51:50.867 1491 1760 I GameModeConfig: isGameModeOn = false
11-29 03:51:50.867 1491 1760 I GameModeConfig: isGameModeOn = false
11-29 03:51:50.867 1491 1760 I GameModeConfig: isGameModeOn = false
11-29 03:51:50.867 3714 3731 W ContextImpl: Calling a method in the system process without a qualified user: android.app.ContextImpl.startService:1816 android.content.ContextWrapper.startService:774 com.thundercomm.gamemode.ingame.services.GameModeActionUtils.startGameModeService:93 com.thundercomm.gamemode.ingame.services.GameModeActionUtils.startGameModeEntry:21 com.thundercomm.gamemode.ingame.services.ActivityMonitoringService$1.onActivityLaunch:127
11-29 03:51:50.878 1491 1491 I GameModeConfig: Current uri is uri = content://com.thundercomm.gamemode.api/gamemode_settings/gamemode_isgaming
11-29 03:51:50.879 1491 1491 I GameModeConfig: isGameModeOn = false
11-29 03:51:50.879 1491 1491 I GameModeConfig: isGameModeOn = false
11-29 03:51:50.879 1491 1491 I GameModeConfig: isDisableVoice = true
11-29 03:51:50.895 1491 1760 I GameModeConfig: isGameModeOn = false
11-29 03:51:50.895 1491 1760 I GameModeConfig: isGameModeOn = false
11-29 03:51:50.895 1491 1760 I GameModeConfig: isGameModeOn = false
11-29 03:51:50.895 1491 1760 I GameModeConfig: isGameModeOn = false
11-29 03:51:50.935 1491 10783 D CompatibilityChangeReporter: Compat change id reported: 157233955; UID 10089; state: ENABLED
11-29 03:51:51.066 1491 1491 I NotificationService: Cannot find enqueued record for key: 0|com.android.music|1|null|10089
11-29 03:51:51.069 1491 1491 I NotificationService: Cannot find enqueued record for key: 0|com.android.music|1|null|10089
11-29 03:51:51.072 1491 1491 I NotificationService: Cannot find enqueued record for key: 0|com.android.music|1|null|10089
11-29 03:51:51.074 1491 1491 I NotificationService: Cannot find enqueued record for key: 0|com.android.music|1|null|10089
11-29 03:51:51.101 1491 1491 I NotificationService: Cannot find enqueued record for key: 0|com.android.music|1|null|10089
11-29 03:51:51.104 1491 1491 I NotificationService: Cannot find enqueued record for key: 0|com.android.music|1|null|10089
11-29 03:51:51.363 3714 3731 W ContextImpl: Calling a method in the system process without a qualified user: android.app.ContextImpl.startService:1816 android.content.ContextWrapper.startService:774 com.thundercomm.gamemode.ingame.services.GameModeActionUtils.startGameModeService:93 com.thundercomm.gamemode.ingame.services.GameModeActionUtils.startGameModeEntry:21 com.thundercomm.gamemode.ingame.services.ActivityMonitoringService$1.onActivityLaunch:127
11-29 03:51:51.367 1491 1491 I GameModeConfig: Current uri is uri = content://com.thundercomm.gamemode.api/gamemode_settings/gamemode_isgaming
11-29 03:51:51.368 1491 1491 I GameModeConfig: isGameModeOn = false
11-29 03:51:51.371 1491 1491 I GameModeConfig: isGameModeOn = false
11-29 03:51:51.371 1491 1491 I GameModeConfig: isDisableVoice = true
11-29 03:51:51.401 3714 3731 W ContextImpl: Calling a method in the system process without a qualified user: android.app.ContextImpl.startService:1816 android.content.ContextWrapper.startService:774 com.thundercomm.gamemode.ingame.services.GameModeActionUtils.startGameModeService:93 com.thundercomm.gamemode.ingame.services.GameModeActionUtils.startGameModeEntry:21 com.thundercomm.gamemode.ingame.services.ActivityMonitoringService$1.onActivityLaunch:127
11-29 03:51:51.405 1491 1491 I GameModeConfig: Current uri is uri = content://com.thundercomm.gamemode.api/gamemode_settings/gamemode_isgaming
11-29 03:51:51.409 1491 1491 I GameModeConfig: isGameModeOn = false
11-29 03:51:51.409 1491 1491 I GameModeConfig: isGameModeOn = false
11-29 03:51:51.409 1491 1491 I GameModeConfig: isDisableVoice = true
11-29 03:51:51.411 1491 10783 W ActivityTaskManager: getTaskSnapshot: taskId=5070 not found
11-29 03:51:51.412 1491 10783 W ActivityTaskManager: getTaskSnapshot: taskId=1070 not found
11-29 03:51:51.414 1491 10783 W ActivityTaskManager: getTaskSnapshot: taskId=2070 not found
11-29 03:51:51.419 1491 2106 W ActivityTaskManager: getTaskSnapshot: taskId=3070 not found
11-29 03:51:51.425 1491 10783 W ActivityTaskManager: getTaskSnapshot: taskId=4070 not found
11-29 03:51:51.429 1491 9315 W ActivityTaskManager: getTaskSnapshot: taskId=5070 not found
11-29 03:51:52.222 1491 9315 I ActivityTaskManager: FOREGROUND_APPLICATION_CHANGED to com.android.launcher3.uioverrides.QuickstepLauncher
11-29 03:51:52.272 3714 3731 W ContextImpl: Calling a method in the system process without a qualified user: android.app.ContextImpl.startService:1816 android.content.ContextWrapper.startService:774 com.thundercomm.gamemode.ingame.services.GameModeActionUtils.startGameModeService:93 com.thundercomm.gamemode.ingame.services.GameModeActionUtils.startGameModeEntry:21 com.thundercomm.gamemode.ingame.services.ActivityMonitoringService$1.onActivityLaunch:127
11-29 03:51:52.277 1491 1491 I GameModeConfig: Current uri is uri = content://com.thundercomm.gamemode.api/gamemode_settings/gamemode_isgaming
11-29 03:51:52.279 1491 1491 I GameModeConfig: isGameModeOn = false
11-29 03:51:52.279 1491 1491 I GameModeConfig: isGameModeOn = false
11-29 03:51:52.279 1491 1491 I GameModeConfig: isDisableVoice = true
11-29 03:51:52.345 3714 3731 W ContextImpl: Calling a method in the system process without a qualified user: android.app.ContextImpl.startService:1816 android.content.ContextWrapper.startService:774 com.thundercomm.gamemode.ingame.services.GameModeActionUtils.startGameModeService:93 com.thundercomm.gamemode.ingame.services.GameModeActionUtils.startGameModeEntry:21 com.thundercomm.gamemode.ingame.services.ActivityMonitoringService$1.onActivityLaunch:127
11-29 03:51:52.349 1491 1491 I GameModeConfig: Current uri is uri = content://com.thundercomm.gamemode.api/gamemode_settings/gamemode_isgaming
11-29 03:51:52.352 1491 1491 I GameModeConfig: isGameModeOn = false
11-29 03:51:52.352 1491 1491 I GameModeConfig: isGameModeOn = false
11-29 03:51:52.352 1491 1491 I GameModeConfig: isDisableVoice = true
11-29 03:51:53.242 1491 2756 E TaskPersister: File error accessing recents directory (directory doesn't exist?).
11-29 03:52:11.407 1491 10785 I ActivityTaskManager: START u0 {flg=0x10008000 cmp=com.android.soundrecorder/.SoundRecorder} from uid 10077
11-29 03:52:11.412 1491 10785 W ActivityTaskManager: Can't find TaskDisplayArea to determine support for multi window. Task id=71 attached=false
11-29 03:52:11.414 1491 10785 D FreeFormWindowHelper: Add freeform task=Task{91681b8 #71 type=standard ?? U=0 visible=false mode=freeform translucent=true sz=0}
11-29 03:52:11.415 1491 10785 D CompatibilityChangeReporter: Compat change id reported: 174042980; UID 10061; state: DISABLED
11-29 03:52:11.416 1491 10785 D CompatibilityChangeReporter: Compat change id reported: 184838306; UID 10061; state: DISABLED
11-29 03:52:11.417 1491 10785 D CompatibilityChangeReporter: Compat change id reported: 185004937; UID 10061; state: DISABLED
11-29 03:52:11.417 1491 10785 D CompatibilityChangeReporter: Compat change id reported: 181136395; UID 10061; state: DISABLED
11-29 03:52:11.417 1491 10785 D CompatibilityChangeReporter: Compat change id reported: 174042936; UID 10061; state: DISABLED
11-29 03:52:11.419 1491 10785 D CompatibilityChangeReporter: Compat change id reported: 168419799; UID 10061; state: DISABLED
11-29 03:52:11.420 1491 10785 I ActivityTaskManager: FOREGROUND_APPLICATION_CHANGED to com.android.soundrecorder.SoundRecorder
11-29 03:52:11.426 1491 1599 D CompatibilityChangeReporter: Compat change id reported: 135634846; UID 10061; state: DISABLED
11-29 03:52:11.426 1491 1599 D CompatibilityChangeReporter: Compat change id reported: 177438394; UID 10061; state: DISABLED
11-29 03:52:11.426 1491 1599 D CompatibilityChangeReporter: Compat change id reported: 135772972; UID 10061; state: DISABLED
11-29 03:52:11.426 1491 1599 D CompatibilityChangeReporter: Compat change id reported: 135754954; UID 10061; state: ENABLED
11-29 03:52:11.427 1491 1609 D CompatibilityChangeReporter: Compat change id reported: 143937733; UID 10061; state: ENABLED
11-29 03:52:11.444 1491 1609 I ActivityManager: Start proc 11195:com.android.soundrecorder/u0a61 for top-activity {com.android.soundrecorder/com.android.soundrecorder.SoundRecorder}
11-29 03:52:11.467 1491 10785 I ActivityTaskManager: The Process com.android.soundrecorder Already Exists in BG. So sending its PID: 11195
