11-29 04:01:59.716 1491 2106 W WindowManager: at android.os.BinderProxy.transact(BinderProxy.java:571)
11-29 04:01:59.716 1491 2106 W WindowManager: at android.view.IWindow$Stub$Proxy.insetsChanged(IWindow.java:654)
11-29 04:01:59.716 1491 2106 W WindowManager: at com.android.server.wm.WindowState.notifyInsetsChanged(WindowState.java:3966)
11-29 04:01:59.716 1491 2106 W WindowManager: at com.android.server.wm.InsetsStateController.lambda$new$0(InsetsStateController.java:82)
11-29 04:01:59.716 1491 2106 W WindowManager: at com.android.server.wm.InsetsStateController$$ExternalSyntheticLambda3.accept(Unknown Source:2)
11-29 04:01:59.716 1491 2106 W WindowManager: at com.android.server.wm.WindowContainer$ForAllWindowsConsumerWrapper.apply(WindowContainer.java:2404)
11-29 04:01:59.716 1491 2106 W WindowManager: at com.android.server.wm.WindowContainer$ForAllWindowsConsumerWrapper.apply(WindowContainer.java:2394)
11-29 04:01:59.716 1491 2106 W WindowManager: at com.android.server.wm.WindowState.applyInOrderWithImeWindows(WindowState.java:4935)
11-29 04:01:59.716 1491 2106 W WindowManager: at com.android.server.wm.WindowState.forAllWindows(WindowState.java:4830)
11-29 04:01:59.716 1491 2106 W WindowManager: at com.android.server.wm.WindowContainer.forAllWindows(WindowContainer.java:1409)
11-29 04:01:59.716 1491 2106 W WindowManager: at com.android.server.wm.WindowContainer.forAllWindows(WindowContainer.java:1409)
11-29 04:01:59.716 1491 2106 W WindowManager: at com.android.server.wm.WindowContainer.forAllWindows(WindowContainer.java:1409)
11-29 04:01:59.716 1491 2106 W WindowManager: at com.android.server.wm.WindowContainer.forAllWindows(WindowContainer.java:1409)
11-29 04:01:59.716 1491 2106 W WindowManager: at com.android.server.wm.WindowContainer.forAllWindows(WindowContainer.java:1409)
11-29 04:01:59.716 1491 2106 W WindowManager: at com.android.server.wm.WindowContainer.forAllWindows(WindowContainer.java:1409)
11-29 04:01:59.716 1491 2106 W WindowManager: at com.android.server.wm.WindowContainer.forAllWindows(WindowContainer.java:1409)
11-29 04:01:59.716 1491 2106 W WindowManager: at com.android.server.wm.WindowContainer.forAllWindows(WindowContainer.java:1409)
11-29 04:01:59.716 1491 2106 W WindowManager: at com.android.server.wm.WindowContainer.forAllWindows(WindowContainer.java:1426)
11-29 04:01:59.716 1491 2106 W WindowManager: at com.android.server.wm.DisplayContent.notifyInsetsChanged(DisplayContent.java:1847)
11-29 04:01:59.716 1491 2106 W WindowManager: at com.android.server.wm.InsetsStateController.notifyInsetsChanged(InsetsStateController.java:571)
11-29 04:01:59.716 1491 2106 W WindowManager: at com.android.server.wm.InsetsStateController.onPostLayout(InsetsStateController.java:297)
11-29 04:01:59.716 1491 2106 W WindowManager: at com.android.server.wm.DisplayContent.applySurfaceChangesTransaction(DisplayContent.java:4324)
11-29 04:01:59.716 1491 2106 W WindowManager: at com.android.server.wm.RootWindowContainer.applySurfaceChangesTransaction(RootWindowContainer.java:1076)
11-29 04:01:59.716 1491 2106 W WindowManager: at com.android.server.wm.RootWindowContainer.performSurfacePlacementNoTrace(RootWindowContainer.java:852)
11-29 04:01:59.716 1491 2106 W WindowManager: at com.android.server.wm.RootWindowContainer.performSurfacePlacement(RootWindowContainer.java:805)
11-29 04:01:59.716 1491 2106 W WindowManager: at com.android.server.wm.WindowSurfacePlacer.performSurfacePlacementLoop(WindowSurfacePlacer.java:177)
11-29 04:01:59.716 1491 2106 W WindowManager: at com.android.server.wm.WindowSurfacePlacer.performSurfacePlacement(WindowSurfacePlacer.java:126)
11-29 04:01:59.716 1491 2106 W WindowManager: at com.android.server.wm.WindowSurfacePlacer.performSurfacePlacement(WindowSurfacePlacer.java:115)
11-29 04:01:59.716 1491 2106 W WindowManager: at com.android.server.wm.WindowManagerService.postWindowRemoveCleanupLocked(WindowManagerService.java:2107)
11-29 04:01:59.716 1491 2106 W WindowManager: at com.android.server.wm.WindowState.removeImmediately(WindowState.java:2426)
11-29 04:01:59.716 1491 2106 W WindowManager: at com.android.server.wm.WindowState.removeIfPossible(WindowState.java:2562)
11-29 04:01:59.716 1491 2106 W WindowManager: at com.android.server.wm.WindowState.access$300(WindowState.java:276)
11-29 04:01:59.716 1491 2106 W WindowManager: at com.android.server.wm.WindowState$DeathRecipient.binderDied(WindowState.java:3072)
11-29 04:01:59.716 1491 2106 W WindowManager: at android.os.IBinder$DeathRecipient.binderDied(IBinder.java:314)
11-29 04:01:59.716 1491 2106 W WindowManager: at android.os.BinderProxy.sendDeathNotice(BinderProxy.java:685)
11-29 04:01:59.716 1491 2059 I WindowManager: WIN DEATH: Window{aa7d8a6 u0 freeform_top_left_tip_window}
11-29 04:01:59.719 1491 9950 I WindowManager: WIN DEATH: Window{7e8d932 u0 freeform_top_right_tip_window}
11-29 04:01:59.720 1491 2923 I WindowManager: WIN DEATH: Window{3c7567e u0 freeform_bottom_left_tip_window}
11-29 04:01:59.723 1491 7072 I WindowManager: WIN DEATH: Window{57e5c8a u0 freeform_bottom_right_tip_window}
11-29 04:01:59.724 1491 2061 I WindowManager: WIN DEATH: Window{f3740eb u0 SecondaryHomeHandle0}
11-29 04:01:59.726 1491 10783 I WindowManager: WIN DEATH: Window{c74be60 u0 EdgeBackGestureHandler0}
11-29 04:01:59.727 1491 8646 I WindowManager: WIN DEATH: Window{20f0aa1 u0 com.android.systemui.ImageWallpaper}
11-29 04:01:59.731 1491 9682 E WindowManager: Failed to notify cancel
11-29 04:01:59.731 1491 9682 E WindowManager: android.os.DeadObjectException
11-29 04:01:59.731 1491 9682 E WindowManager: at android.os.BinderProxy.transactNative(Native Method)
11-29 04:01:59.731 1491 9682 E WindowManager: at android.os.BinderProxy.transact(BinderProxy.java:571)
11-29 04:01:59.731 1491 9682 E WindowManager: at android.view.IRemoteAnimationRunner$Stub$Proxy.onAnimationCancelled(IRemoteAnimationRunner.java:187)
11-29 04:01:59.731 1491 9682 E WindowManager: at com.android.server.wm.RemoteAnimationController.invokeAnimationCancelled(RemoteAnimationController.java:301)
11-29 04:01:59.731 1491 9682 E WindowManager: at com.android.server.wm.RemoteAnimationController.cancelAnimation(RemoteAnimationController.java:172)
11-29 04:01:59.731 1491 9682 E WindowManager: at com.android.server.wm.RemoteAnimationController.binderDied(RemoteAnimationController.java:345)
11-29 04:01:59.731 1491 9682 E WindowManager: at android.os.IBinder$DeathRecipient.binderDied(IBinder.java:314)
11-29 04:01:59.731 1491 9682 E WindowManager: at android.os.BinderProxy.sendDeathNotice(BinderProxy.java:685)
11-29 04:01:59.732 1491 1760 I GameModeConfig: isGameModeOn = false
11-29 04:01:59.734 1491 9370 W ActivityManager: Scheduling restart of crashed service com.android.systemui/.dump.SystemUIAuxiliaryDumpService in 0ms for persistent
11-29 04:01:59.734 1491 1525 D DisplayAreaOrganizerController: Organizer died before sending onDisplayAreaVanished
11-29 04:01:59.740 1491 9370 W ActivityManager: Scheduling restart of crashed service com.android.systemui/.keyguard.KeyguardService in 0ms for persistent
11-29 04:01:59.740 1491 9370 W ActivityManager: Scheduling restart of crashed service com.android.systemui/.ImageWallpaper in 0ms for persistent
11-29 04:01:59.743 1491 9370 W ActivityManager: Re-adding persistent process ProcessRecord{f94d6b6 1951:com.android.systemui/u0a82}
11-29 04:01:59.744 1491 9370 D CompatibilityChangeReporter: Compat change id reported: 135634846; UID 10082; state: DISABLED
11-29 04:01:59.745 1491 9370 D CompatibilityChangeReporter: Compat change id reported: 177438394; UID 10082; state: DISABLED
11-29 04:01:59.745 1491 9370 D CompatibilityChangeReporter: Compat change id reported: 135772972; UID 10082; state: DISABLED
11-29 04:01:59.745 1491 9370 D CompatibilityChangeReporter: Compat change id reported: 135754954; UID 10082; state: ENABLED
11-29 04:01:59.745 1491 1609 D CompatibilityChangeReporter: Compat change id reported: 143937733; UID 10082; state: ENABLED
11-29 04:01:59.750 1491 1491 I GameModeConfig: isGameModeOn = false
11-29 04:01:59.751 1491 1491 I GameModeConfig: isGameModeOn = false
11-29 04:01:59.766 1491 1609 I ActivityManager: Start proc 13988:com.android.systemui/u0a82 for restart com.android.systemui
11-29 04:01:59.774 1491 1760 I GameModeConfig: isGameModeOn = false
11-29 04:01:59.816 1491 1760 I GameModeConfig: isGameModeOn = false
11-29 04:01:59.843 1491 1760 I GameModeConfig: isGameModeOn = false
11-29 04:01:59.845 3714 3731 W ContextImpl: Calling a method in the system process without a qualified user: android.app.ContextImpl.startService:1816 android.content.ContextWrapper.startService:774 com.thundercomm.gamemode.ingame.services.GameModeActionUtils.startGameModeService:93 com.thundercomm.gamemode.ingame.services.GameModeActionUtils.startGameModeEntry:21 com.thundercomm.gamemode.ingame.services.ActivityMonitoringService$1.onActivityLaunch:127
11-29 04:01:59.852 1491 1491 I GameModeConfig: Current uri is uri = content://com.thundercomm.gamemode.api/gamemode_settings/gamemode_isgaming
11-29 04:01:59.852 1491 1491 I GameModeConfig: isGameModeOn = false
11-29 04:01:59.852 1491 1491 I GameModeConfig: isGameModeOn = false
11-29 04:01:59.852 1491 1491 I GameModeConfig: isDisableVoice = true
11-29 04:01:59.872 13988 13988 W OneHandedController: Device doesn't support OneHanded feature
11-29 04:01:59.905 1491 9682 D TelephonyRegistry: listen oscl: mHasNotifySubscriptionInfoChangedOccurred==false no callback
11-29 04:01:59.906 1491 1491 D TrustManagerService: Removing dead TrustListener.
11-29 04:01:59.911 1491 9370 D CompatibilityChangeReporter: Compat change id reported: 157233955; UID 10082; state: ENABLED
11-29 04:01:59.928 1491 9682 W BluetoothManagerService: psc is not null in bindBluetoothProfileService
11-29 04:01:59.958 1491 1760 I GameModeConfig: isGameModeOn = false
11-29 04:01:59.959 1491 1760 I GameModeConfig: isGameModeOn = false
11-29 04:01:59.959 1491 1760 I GameModeConfig: isGameModeOn = false
11-29 04:01:59.959 1491 1760 I GameModeConfig: isGameModeOn = false
11-29 04:01:59.969 1491 1760 I GameModeConfig: isGameModeOn = false
11-29 04:01:59.970 1491 1760 I GameModeConfig: isGameModeOn = false
11-29 04:01:59.970 1491 1760 I GameModeConfig: isGameModeOn = false
11-29 04:01:59.975 1491 1760 I GameModeConfig: isGameModeOn = false
11-29 04:01:59.987 1491 8592 D ActivityTaskManager: Top Process State changed to PROCESS_STATE_TOP
11-29 04:01:59.993 1491 8592 D CompatibilityChangeReporter: Compat change id reported: 168419799; UID 10077; state: DISABLED
11-29 04:02:00.023 1491 1760 I GameModeConfig: isGameModeOn = false
11-29 04:02:00.023 1491 1760 I GameModeConfig: isGameModeOn = false
11-29 04:02:00.023 1491 1760 I GameModeConfig: isGameModeOn = false
11-29 04:02:00.023 1491 1760 I GameModeConfig: isGameModeOn = false
11-29 04:02:00.054 13988 13988 W CarrierConfigManager: Error getting config for subId -1 ICarrierConfigLoader is null
11-29 04:02:00.062 1491 8943 D TelephonyRegistry: listen oscl: mHasNotifySubscriptionInfoChangedOccurred==false no callback
11-29 04:02:00.103 1491 2060 W ActivityManager: Receiver with filter android.content.IntentFilter@58adb9d already registered for pid 13988, callerPackage is com.android.systemui
11-29 04:02:00.114 1491 2060 I StatusBarManagerService: registerStatusBar bar=com.android.internal.statusbar.IStatusBar$Stub$Proxy@498076a
11-29 04:02:00.162 1491 1491 I GameModeConfig: isGameModeOn = false
11-29 04:02:00.178 1491 1491 W NotificationHistory: Attempted to add notif for locked/gone/disabled user 0
11-29 04:02:00.232 1491 1491 I GameModeConfig: isGameModeOn = false
11-29 04:02:00.233 1491 1491 I GameModeConfig: isGameModeOn = false
11-29 04:02:00.235 1491 1599 W ActivityManager: setHasOverlayUi called on unknown pid: 1951
11-29 04:02:00.333 1491 8943 D CompatibilityChangeReporter: Compat change id reported: 135634846; UID 10032; state: DISABLED
11-29 04:02:00.333 1491 8943 D CompatibilityChangeReporter: Compat change id reported: 177438394; UID 10032; state: DISABLED
11-29 04:02:00.333 1491 8943 D CompatibilityChangeReporter: Compat change id reported: 135772972; UID 10032; state: DISABLED
11-29 04:02:00.333 1491 8943 D CompatibilityChangeReporter: Compat change id reported: 135754954; UID 10032; state: ENABLED
11-29 04:02:00.334 1491 1609 D CompatibilityChangeReporter: Compat change id reported: 143937733; UID 10032; state: ENABLED
11-29 04:02:00.342 1491 1609 I ActivityManager: Start proc 14061:android.process.acore/u0a32 for content provider {com.android.providers.contacts/com.android.providers.contacts.ContactsProvider2}
11-29 04:02:00.372 1491 9682 D CompatibilityChangeReporter: Compat change id reported: 168419799; UID 10032; state: DISABLED
11-29 04:02:00.388 1491 1491 W WindowManager: addWindowToken: Attempted to add binder token: android.os.Binder@a213996 for already created window token: WallpaperWindowToken{fb56917 token=android.os.Binder@a213996} displayId=0
11-29 04:02:00.428 1491 9682 D CountryDetector: The first listener is added
11-29 04:02:00.741 1491 1608 W BroadcastQueue: Background execution not allowed: receiving Intent { act=android.intent.action.USER_PRESENT flg=0x24200010 } to com.microsoft.emmx/org.chromium.chrome.browser.sharing.click_to_call.ClickToCallMessageHandler$PhoneUnlockedReceiver
11-29 04:02:00.993 1491 1491 D CompatibilityChangeReporter: Compat change id reported: 175319604; UID 10082; state: ENABLED
11-29 04:02:02.502 1491 2756 E TaskPersister: File error accessing recents directory (directory doesn't exist?).
11-29 04:02:03.908 3714 3731 W ContextImpl: Calling a method in the system process without a qualified user: android.app.ContextImpl.startService:1816 android.content.ContextWrapper.startService:774 com.thundercomm.gamemode.ingame.services.GameModeActionUtils.startGameModeService:93 com.thundercomm.gamemode.ingame.services.GameModeActionUtils.startGameModeEntry:21 com.thundercomm.gamemode.ingame.services.ActivityMonitoringService$1.onActivityLaunch:127
11-29 04:02:03.914 1491 1491 I GameModeConfig: Current uri is uri = content://com.thundercomm.gamemode.api/gamemode_settings/gamemode_isgaming
11-29 04:02:03.918 1491 1491 I GameModeConfig: isGameModeOn = false
11-29 04:02:03.918 1491 1491 I GameModeConfig: isGameModeOn = false
11-29 04:02:03.918 1491 1491 I GameModeConfig: isDisableVoice = true
11-29 04:02:03.960 1491 8592 W ActivityTaskManager: getTaskSnapshot: taskId=2088 not found
11-29 04:02:03.970 1491 8592 W ActivityTaskManager: getTaskSnapshot: taskId=1088 not found
11-29 04:02:04.461 1491 9370 I ActivityTaskManager: FOREGROUND_APPLICATION_CHANGED to com.android.launcher3.uioverrides.QuickstepLauncher
11-29 04:02:04.522 3714 3731 W ContextImpl: Calling a method in the system process without a qualified user: android.app.ContextImpl.startService:1816 android.content.ContextWrapper.startService:774 com.thundercomm.gamemode.ingame.services.GameModeActionUtils.startGameModeService:93 com.thundercomm.gamemode.ingame.services.GameModeActionUtils.startGameModeEntry:21 com.thundercomm.gamemode.ingame.services.ActivityMonitoringService$1.onActivityLaunch:127
11-29 04:02:04.526 1491 1491 I GameModeConfig: Current uri is uri = content://com.thundercomm.gamemode.api/gamemode_settings/gamemode_isgaming
11-29 04:02:04.529 1491 1491 I GameModeConfig: isGameModeOn = false
11-29 04:02:04.529 1491 1491 I GameModeConfig: isGameModeOn = false
11-29 04:02:04.529 1491 1491 I GameModeConfig: isDisableVoice = true
11-29 04:02:04.584 3714 3731 W ContextImpl: Calling a method in the system process without a qualified user: android.app.ContextImpl.startService:1816 android.content.ContextWrapper.startService:774 com.thundercomm.gamemode.ingame.services.GameModeActionUtils.startGameModeService:93 com.thundercomm.gamemode.ingame.services.GameModeActionUtils.startGameModeEntry:21 com.thundercomm.gamemode.ingame.services.ActivityMonitoringService$1.onActivityLaunch:127
11-29 04:02:04.587 1491 1491 I GameModeConfig: Current uri is uri = content://com.thundercomm.gamemode.api/gamemode_settings/gamemode_isgaming
11-29 04:02:04.588 1491 1491 I GameModeConfig: isGameModeOn = false
11-29 04:02:04.589 1491 1491 I GameModeConfig: isGameModeOn = false
11-29 04:02:04.589 1491 1491 I GameModeConfig: isDisableVoice = true
11-29 04:02:04.819 1491 1525 W ActivityTaskManager: getTaskSnapshot: taskId=2088 not found
11-29 04:02:04.821 1491 1525 W ActivityTaskManager: getTaskSnapshot: taskId=1088 not found
11-29 04:02:05.881 1491 1760 I GameModeConfig: isGameModeOn = false
11-29 04:02:05.882 1491 1760 I GameModeConfig: isGameModeOn = false
11-29 04:02:05.882 1491 1760 I GameModeConfig: isGameModeOn = false
11-29 04:02:05.882 1491 1760 I GameModeConfig: isGameModeOn = false
11-29 04:02:05.980 1491 1760 I GameModeConfig: isGameModeOn = false
11-29 04:02:05.981 1491 1760 I GameModeConfig: isGameModeOn = false
11-29 04:02:05.981 1491 1760 I GameModeConfig: isGameModeOn = false
11-29 04:02:05.981 1491 1760 I GameModeConfig: isGameModeOn = false
11-29 04:02:06.074 1491 1760 I GameModeConfig: isGameModeOn = false
11-29 04:02:06.074 1491 1760 I GameModeConfig: isGameModeOn = false
11-29 04:02:06.075 1491 1760 I GameModeConfig: isGameModeOn = false
11-29 04:02:06.075 1491 1760 I GameModeConfig: isGameModeOn = false
11-29 04:02:06.095 1491 1491 I GameModeConfig: isGameModeOn = false
11-29 04:02:06.106 1491 1491 W NotificationHistory: Attempted to add notif for locked/gone/disabled user 0
11-29 04:02:06.187 1491 1491 I GameModeConfig: isGameModeOn = false
11-29 04:02:06.187 1491 1491 E NotificationService: Muting recently noisy 0|com.android.systemui|2048|null|10082
11-29 04:02:06.276 1491 1491 I GameModeConfig: isGameModeOn = false
11-29 04:02:06.276 1491 1491 E NotificationService: Muting recently noisy 0|com.android.systemui|2048|null|10082
11-29 04:02:06.651 1491 9682 I ActivityTaskManager: START u0 {act=android.intent.action.MAIN cat=[android.intent.category.HOME] flg=0x10000000 cmp=com.android.launcher3/.uioverrides.QuickstepLauncher} from uid 10077
11-29 04:02:06.847 1491 1760 I GameModeConfig: isGameModeOn = false
11-29 04:02:06.847 1491 1760 I GameModeConfig: isGameModeOn = false
11-29 04:02:06.847 1491 1760 I GameModeConfig: isGameModeOn = false
11-29 04:02:06.847 1491 1760 I GameModeConfig: isGameModeOn = false
11-29 04:02:06.894 1491 1760 I GameModeConfig: isGameModeOn = false
11-29 04:02:06.895 1491 1760 I GameModeConfig: isGameModeOn = false
11-29 04:02:06.895 1491 1760 I GameModeConfig: isGameModeOn = false
11-29 04:02:06.896 1491 1760 I GameModeConfig: isGameModeOn = false
11-29 04:02:06.922 1491 1760 I GameModeConfig: isGameModeOn = false
11-29 04:02:06.923 1491 1760 I GameModeConfig: isGameModeOn = false
11-29 04:02:06.923 1491 1760 I GameModeConfig: isGameModeOn = false
11-29 04:02:06.923 1491 1760 I GameModeConfig: isGameModeOn = false
11-29 04:02:06.943 1491 1760 I GameModeConfig: isGameModeOn = false
11-29 04:02:06.943 1491 1760 I GameModeConfig: isGameModeOn = false
11-29 04:02:06.943 1491 1760 I GameModeConfig: isGameModeOn = false
11-29 04:02:06.943 1491 1760 I GameModeConfig: isGameModeOn = false
11-29 04:02:06.964 1491 1760 I GameModeConfig: isGameModeOn = false
11-29 04:02:06.964 1491 1760 I GameModeConfig: isGameModeOn = false
11-29 04:02:06.964 1491 1760 I GameModeConfig: isGameModeOn = false
11-29 04:02:06.964 1491 1760 I GameModeConfig: isGameModeOn = false
11-29 04:02:06.984 1491 1760 I GameModeConfig: isGameModeOn = false
11-29 04:02:06.984 1491 1760 I GameModeConfig: isGameModeOn = false
11-29 04:02:06.985 1491 1760 I GameModeConfig: isGameModeOn = false
11-29 04:02:06.985 1491 1760 I GameModeConfig: isGameModeOn = false
11-29 04:02:07.004 1491 1760 I GameModeConfig: isGameModeOn = false
11-29 04:02:07.004 1491 1760 I GameModeConfig: isGameModeOn = false
11-29 04:02:07.004 1491 1760 I GameModeConfig: isGameModeOn = false
11-29 04:02:07.004 1491 1760 I GameModeConfig: isGameModeOn = false
11-29 04:02:07.027 1491 1760 I GameModeConfig: isGameModeOn = false
11-29 04:02:07.027 1491 1760 I GameModeConfig: isGameModeOn = false
11-29 04:02:07.027 1491 1760 I GameModeConfig: isGameModeOn = false
11-29 04:02:07.027 1491 1760 I GameModeConfig: isGameModeOn = false
11-29 04:02:07.045 1491 1760 I GameModeConfig: isGameModeOn = false
11-29 04:02:07.046 1491 1760 I GameModeConfig: isGameModeOn = false
11-29 04:02:07.046 1491 1760 I GameModeConfig: isGameModeOn = false
11-29 04:02:07.046 1491 1760 I GameModeConfig: isGameModeOn = false
11-29 04:02:07.050 1491 1491 I GameModeConfig: isGameModeOn = false
11-29 04:02:07.050 1491 1491 E NotificationService: Muting recently noisy 0|com.android.systemui|2048|null|10082
11-29 04:02:07.055 1491 1760 I GameModeConfig: isGameModeOn = false
11-29 04:02:07.056 1491 1760 I GameModeConfig: isGameModeOn = false
11-29 04:02:07.056 1491 1760 I GameModeConfig: isGameModeOn = false
11-29 04:02:07.056 1491 1760 I GameModeConfig: isGameModeOn = false
11-29 04:02:07.073 1491 1760 I GameModeConfig: isGameModeOn = false
11-29 04:02:07.074 1491 1760 I GameModeConfig: isGameModeOn = false
11-29 04:02:07.074 1491 1760 I GameModeConfig: isGameModeOn = false
11-29 04:02:07.074 1491 1760 I GameModeConfig: isGameModeOn = false
11-29 04:02:07.095 1491 1760 I GameModeConfig: isGameModeOn = false
11-29 04:02:07.095 1491 1760 I GameModeConfig: isGameModeOn = false
11-29 04:02:07.095 1491 1760 I GameModeConfig: isGameModeOn = false
11-29 04:02:07.095 1491 1760 I GameModeConfig: isGameModeOn = false
11-29 04:02:07.099 1491 1491 I GameModeConfig: isGameModeOn = false
11-29 04:02:07.101 1491 1491 W NotificationHistory: Attempted to add notif for locked/gone/disabled user 0
11-29 04:02:07.113 1491 1760 I GameModeConfig: isGameModeOn = false
11-29 04:02:07.113 1491 1760 I GameModeConfig: isGameModeOn = false
11-29 04:02:07.113 1491 1760 I GameModeConfig: isGameModeOn = false
11-29 04:02:07.114 1491 1760 I GameModeConfig: isGameModeOn = false
11-29 04:02:07.126 1491 1491 I GameModeConfig: isGameModeOn = false
11-29 04:02:07.126 1491 1491 E NotificationService: Muting recently noisy 0|com.android.systemui|2048|null|10082
11-29 04:02:07.131 1491 1760 I GameModeConfig: isGameModeOn = false
11-29 04:02:07.131 1491 1760 I GameModeConfig: isGameModeOn = false
11-29 04:02:07.131 1491 1760 I GameModeConfig: isGameModeOn = false
11-29 04:02:07.131 1491 1760 I GameModeConfig: isGameModeOn = false
11-29 04:02:07.147 1491 1491 I GameModeConfig: isGameModeOn = false
11-29 04:02:07.148 1491 1491 E NotificationService: Muting recently noisy 0|com.android.systemui|2048|null|10082
11-29 04:02:07.151 1491 1760 I GameModeConfig: isGameModeOn = false
11-29 04:02:07.151 1491 1760 I GameModeConfig: isGameModeOn = false
11-29 04:02:07.151 1491 1760 I GameModeConfig: isGameModeOn = false
11-29 04:02:07.151 1491 1760 I GameModeConfig: isGameModeOn = false --------- beginning of events
11-29 04:02:07.158 13988 13988 I sysui_multi_action: [757,113,758,1,759,113,927,1,928,1,1593,1]
11-29 04:02:07.158 13988 13988 I sysui_multi_action: [757,0,758,1,759,0,927,2,928,0,1593,1]
11-29 04:02:07.158 13988 13988 I sysui_multi_action: [757,0,758,1,759,0,927,3,928,0,1593,1]
11-29 04:02:07.168 1491 1491 I GameModeConfig: isGameModeOn = false
11-29 04:02:07.168 1491 1491 E NotificationService: Muting recently noisy 0|com.android.systemui|2048|null|10082
11-29 04:02:07.171 1491 1760 I GameModeConfig: isGameModeOn = false
11-29 04:02:07.172 1491 1760 I GameModeConfig: isGameModeOn = false
11-29 04:02:07.172 1491 1760 I GameModeConfig: isGameModeOn = false
11-29 04:02:07.173 1491 1760 I GameModeConfig: isGameModeOn = false
11-29 04:02:07.174 1491 1491 I notification_enqueue: [10082,13988,com.android.systemui,2048,NULL,0,Notification(channel=updateNotification shortcut=null contentView=null vibrate=null sound=null defaults=0x0 flags=0x0 color=0x00000000 vis=PRIVATE),1]
11-29 04:02:07.177 13988 13988 I sysui_multi_action: [757,111,758,2]
11-29 04:02:07.177 13988 13988 I sysui_multi_action: [757,111,758,2]
11-29 04:02:07.183 13988 13988 I sysui_multi_action: [757,111,758,1]
11-29 04:02:07.183 13988 13988 I sysui_multi_action: [757,126,758,1,759,126,927,0,928,1,1593,1]
11-29 04:02:07.183 13988 13988 I sysui_multi_action: [757,113,758,1,759,113,927,1,928,1,1593,1]
11-29 04:02:07.183 13988 13988 I sysui_multi_action: [757,0,758,1,759,0,927,2,928,0,1593,1]
11-29 04:02:07.183 13988 13988 I sysui_multi_action: [757,0,758,1,759,0,927,3,928,0,1593,1]
11-29 04:02:07.184 13988 13988 I sysui_multi_action: [757,491,758,1,759,491,927,4,928,0,1311,-1,1593,0]
11-29 04:02:07.184 13988 13988 I sysui_multi_action: [757,0,758,1,759,0,927,5,928,0,1593,0]
11-29 04:02:07.184 13988 13988 I sysui_multi_action: [757,111,758,1]
11-29 04:02:07.184 13988 13988 I sysui_multi_action: [757,126,758,1,759,126,927,0,928,1,1593,1]
11-29 04:02:07.184 13988 13988 I sysui_multi_action: [757,113,758,1,759,113,927,1,928,1,1593,1]
11-29 04:02:07.184 13988 13988 I sysui_multi_action: [757,0,758,1,759,0,927,2,928,0,1593,1]
11-29 04:02:07.184 13988 13988 I sysui_multi_action: [757,0,758,1,759,0,927,3,928,0,1593,1]
11-29 04:02:07.188 1491 1491 I GameModeConfig: isGameModeOn = false
11-29 04:02:07.188 1491 1491 E NotificationService: Muting recently noisy 0|com.android.systemui|2048|null|10082
11-29 04:02:07.197 1491 1760 I GameModeConfig: isGameModeOn = false
11-29 04:02:07.197 1491 1760 I GameModeConfig: isGameModeOn = false
11-29 04:02:07.197 1491 1760 I GameModeConfig: isGameModeOn = false
11-29 04:02:07.197 1491 1760 I GameModeConfig: isGameModeOn = false
11-29 04:02:07.198 1491 1491 I notification_enqueue: [10082,13988,com.android.systemui,2048,NULL,0,Notification(channel=updateNotification shortcut=null contentView=null vibrate=null sound=null defaults=0x0 flags=0x0 color=0x00000000 vis=PRIVATE),1]
11-29 04:02:07.198 13988 13988 I sysui_multi_action: [757,111,758,2]
11-29 04:02:07.199 13988 13988 I sysui_multi_action: [757,111,758,2]
11-29 04:02:07.207 1491 1491 I GameModeConfig: isGameModeOn = false
11-29 04:02:07.207 1491 1491 E NotificationService: Muting recently noisy 0|com.android.systemui|2048|null|10082
11-29 04:02:07.218 13988 13988 I sysui_multi_action: [757,111,758,1]
11-29 04:02:07.218 13988 13988 I sysui_multi_action: [757,126,758,1,759,126,927,0,928,1,1593,1]
11-29 04:02:07.218 13988 13988 I sysui_multi_action: [757,113,758,1,759,113,927,1,928,1,1593,1]
11-29 04:02:07.218 13988 13988 I sysui_multi_action: [757,0,758,1,759,0,927,2,928,0,1593,1]
11-29 04:02:07.218 13988 13988 I sysui_multi_action: [757,0,758,1,759,0,927,3,928,0,1593,1]
11-29 04:02:07.218 13988 13988 I sysui_multi_action: [757,491,758,1,759,491,927,4,928,0,1311,-1,1593,0]
11-29 04:02:07.218 13988 13988 I sysui_multi_action: [757,0,758,1,759,0,927,5,928,0,1593,0]
11-29 04:02:07.219 13988 13988 I sysui_multi_action: [757,111,758,1]
11-29 04:02:07.219 13988 13988 I sysui_multi_action: [757,126,758,1,759,126,927,0,928,1,1593,1]
11-29 04:02:07.219 13988 13988 I sysui_multi_action: [757,113,758,1,759,113,927,1,928,1,1593,1]
11-29 04:02:07.219 13988 13988 I sysui_multi_action: [757,0,758,1,759,0,927,2,928,0,1593,1]
11-29 04:02:07.219 13988 13988 I sysui_multi_action: [757,0,758,1,759,0,927,3,928,0,1593,1]
11-29 04:02:07.227 1491 1491 I GameModeConfig: isGameModeOn = false
11-29 04:02:07.228 1491 1491 E NotificationService: Muting recently noisy 0|com.android.systemui|2048|null|10082
11-29 04:02:07.232 13988 13988 I sysui_multi_action: [757,111,758,2]
11-29 04:02:07.232 1491 1491 I notification_enqueue: [10082,13988,com.android.systemui,2048,NULL,0,Notification(channel=updateNotification shortcut=null contentView=null vibrate=null sound=null defaults=0x0 flags=0x0 color=0x00000000 vis=PRIVATE),1]
11-29 04:02:07.232 13988 13988 I sysui_multi_action: [757,111,758,2]
11-29 04:02:07.235 1491 1525 I sysui_multi_action: [757,127,758,2]
11-29 04:02:07.236 1491 1525 I notification_panel_hidden:
11-29 04:02:07.242 1491 1491 I GameModeConfig: isGameModeOn = false
11-29 04:02:07.243 1491 1491 E NotificationService: Muting recently noisy 0|com.android.systemui|2048|null|10082
11-29 04:02:07.243 1491 1760 I GameModeConfig: isGameModeOn = false
11-29 04:02:07.244 1491 1760 I GameModeConfig: isGameModeOn = false
11-29 04:02:07.244 1491 1760 I GameModeConfig: isGameModeOn = false
11-29 04:02:07.244 1491 1760 I GameModeConfig: isGameModeOn = false
11-29 04:02:07.245 13988 13988 I sysui_multi_action: [757,111,758,1]
11-29 04:02:07.246 13988 13988 I sysui_multi_action: [757,126,758,1,759,126,927,0,928,1,1593,1]
11-29 04:02:07.246 13988 13988 I sysui_multi_action: [757,113,758,1,759,113,927,1,928,1,1593,1]
11-29 04:02:07.246 13988 13988 I sysui_multi_action: [757,0,758,1,759,0,927,2,928,0,1593,1]
11-29 04:02:07.246 13988 13988 I sysui_multi_action: [757,0,758,1,759,0,927,3,928,0,1593,1]
11-29 04:02:07.246 13988 13988 I sysui_multi_action: [757,491,758,1,759,491,927,4,928,0,1311,-1,1593,0]
11-29 04:02:07.246 13988 13988 I sysui_multi_action: [757,0,758,1,759,0,927,5,928,0,1593,0]
11-29 04:02:07.246 13988 13988 I sysui_multi_action: [757,111,758,1]
11-29 04:02:07.246 13988 13988 I sysui_multi_action: [757,126,758,1,759,126,927,0,928,1,1593,1]
11-29 04:02:07.246 13988 13988 I sysui_multi_action: [757,113,758,1,759,113,927,1,928,1,1593,1]
11-29 04:02:07.246 13988 13988 I sysui_multi_action: [757,0,758,1,759,0,927,2,928,0,1593,1]
11-29 04:02:07.246 13988 13988 I sysui_multi_action: [757,0,758,1,759,0,927,3,928,0,1593,1]
11-29 04:02:07.259 1491 1491 I GameModeConfig: isGameModeOn = false
11-29 04:02:07.260 1491 1491 E NotificationService: Muting recently noisy 0|com.android.systemui|2048|null|10082
11-29 04:02:07.277 1491 1491 I GameModeConfig: isGameModeOn = false
11-29 04:02:07.278 1491 1491 E NotificationService: Muting recently noisy 0|com.android.systemui|2048|null|10082
11-29 04:02:07.299 1491 1491 I GameModeConfig: isGameModeOn = false
11-29 04:02:07.299 1491 1491 E NotificationService: Muting recently noisy 0|com.android.systemui|2048|null|10082
11-29 04:02:07.316 1491 1491 I GameModeConfig: isGameModeOn = false
11-29 04:02:07.317 1491 1491 E NotificationService: Muting recently noisy 0|com.android.systemui|2048|null|10082
11-29 04:02:07.335 1491 1491 I GameModeConfig: isGameModeOn = false
11-29 04:02:07.336 1491 1491 E NotificationService: Muting recently noisy 0|com.android.systemui|2048|null|10082
11-29 04:02:07.355 1491 1491 I GameModeConfig: isGameModeOn = false
11-29 04:02:07.356 1491 1491 E NotificationService: Muting recently noisy 0|com.android.systemui|2048|null|10082
11-29 04:02:07.376 1491 1491 I GameModeConfig: isGameModeOn = false
11-29 04:02:07.377 1491 1491 E NotificationService: Muting recently noisy 0|com.android.systemui|2048|null|10082
11-29 04:02:07.406 1491 1491 I GameModeConfig: isGameModeOn = false
11-29 04:02:07.406 1491 1491 E NotificationService: Muting recently noisy 0|com.android.systemui|2048|null|10082
11-29 04:02:07.435 1491 1491 I GameModeConfig: isGameModeOn = false
11-29 04:02:07.435 1491 1491 E NotificationService: Muting recently noisy 0|com.android.systemui|2048|null|10082
11-29 04:02:07.932 13988 13988 I sysui_heads_up_status: [-1|android|26|null|1000,0]
11-29 04:02:08.079 0 0 I auditd : type=1400 audit(0.0:3661): avc: denied { kill } for comm="swapper/3" capability=5 scontext=u:r:kernel:s0 tcontext=u:r:kernel:s0 tclass=capability permissive=0
11-29 04:02:09.551 1491 1760 I GameModeConfig: isGameModeOn = false
11-29 04:02:09.960 1491 1760 I GameModeConfig: isGameModeOn = false
11-29 04:02:09.970 1491 1760 I GameModeConfig: isGameModeOn = false
11-29 04:02:10.023 1491 1760 I GameModeConfig: isGameModeOn = false
11-29 04:02:10.079 0 0 I auditd : type=1400 audit(0.0:3662): avc: denied { kill } for comm="swapper/3" capability=5 scontext=u:r:kernel:s0 tcontext=u:r:kernel:s0 tclass=capability permissive=0
11-29 04:02:11.079 0 0 I auditd : type=1400 audit(0.0:3663): avc: denied { kill } for comm="swapper/3" capability=5 scontext=u:r:kernel:s0 tcontext=u:r:kernel:s0 tclass=capability permissive=0
11-29 04:02:12.079 0 0 I auditd : type=1400 audit(0.0:3664): avc: denied { kill } for comm="swapper/3" capability=5 scontext=u:r:kernel:s0 tcontext=u:r:kernel:s0 tclass=capability permissive=0
11-29 04:02:13.079 0 0 I auditd : type=1400 audit(0.0:3665): avc: denied { kill } for comm="swapper/3" capability=5 scontext=u:r:kernel:s0 tcontext=u:r:kernel:s0 tclass=capability permissive=0
11-29 04:02:13.450 1491 1693 I input_interaction: Interaction with: cd0514f com.android.launcher3/com.android.launcher3.uioverrides.QuickstepLauncher (server), bf4d694 com.android.systemui.ImageWallpaper (server), edge-swipe (server), swipe-up (server), PointerEventDispatcher0 (server),
11-29 04:02:14.079 0 0 I auditd : type=1400 audit(0.0:3666): avc: denied { kill } for comm="swapper/3" capability=5 scontext=u:r:kernel:s0 tcontext=u:r:kernel:s0 tclass=capability permissive=0
11-29 04:02:14.864 1491 1525 I ActivityTaskManager: START u0 {flg=0x10008000 cmp=com.android.gallery3d/.app.GalleryActivity} from uid 10077
11-29 04:02:14.878 1491 1525 I wm_task_created: [97,-1]
11-29 04:02:14.878 1491 1525 W ActivityTaskManager: Can't find TaskDisplayArea to determine support for multi window. Task id=97 attached=false
11-29 04:02:14.879 1491 1525 D FreeFormWindowHelper: Add freeform task=Task{22c7ced #97 type=standard ?? U=0 visible=false mode=freeform translucent=true sz=0}
11-29 04:02:14.882 1491 1525 D CompatibilityChangeReporter: Compat change id reported: 174042980; UID 10068; state: DISABLED
11-29 04:02:14.882 1491 1525 D CompatibilityChangeReporter: Compat change id reported: 184838306; UID 10068; state: DISABLED
11-29 04:02:14.883 1491 1525 D CompatibilityChangeReporter: Compat change id reported: 185004937; UID 10068; state: DISABLED
11-29 04:02:14.884 1491 1525 D CompatibilityChangeReporter: Compat change id reported: 181136395; UID 10068; state: DISABLED
11-29 04:02:14.884 1491 1525 D CompatibilityChangeReporter: Compat change id reported: 174042936; UID 10068; state: DISABLED
11-29 04:02:14.885 1491 1525 I wm_task_moved: [97,1,10]
11-29 04:02:14.885 1491 1525 I wm_task_to_front: [0,97]
11-29 04:02:14.886 1491 1525 I wm_create_task: [0,97]
11-29 04:02:14.886 1491 1525 I wm_create_activity: [0,122656546,97,com.android.gallery3d/.app.GalleryActivity,NULL,NULL,NULL,268468224]
11-29 04:02:14.886 1491 1525 I wm_task_moved: [97,1,10]
11-29 04:02:14.887 1491 1525 D CompatibilityChangeReporter: Compat change id reported: 168419799; UID 10068; state: DISABLED
11-29 04:02:14.888 1491 1525 I ActivityTaskManager: FOREGROUND_APPLICATION_CHANGED to com.android.gallery3d.app.GalleryActivity
11-29 04:02:14.889 1491 1525 I ActivityTaskManager: The Process com.android.gallery3d Already Exists in BG. So sending its PID: 12458
11-29 04:02:14.891 1491 1525 I wm_restart_activity: [0,122656546,97,com.android.gallery3d/.app.GalleryActivity]
11-29 04:02:14.893 1491 1525 I wm_set_resumed_activity: [0,com.android.gallery3d/.app.GalleryActivity,minimalResumeActivityLocked]
11-29 04:02:14.898 1491 1599 I am_uid_active: 10068
11-29 04:02:14.901 9956 9956 I wm_on_top_resumed_lost_called: [254362067,com.android.launcher3.uioverrides.QuickstepLauncher,topStateChangedWhenResumed]
11-29 04:02:14.917 3714 3731 W ContextImpl: Calling a method in the system process without a qualified user: android.app.ContextImpl.startService:1816 android.content.ContextWrapper.startService:774 com.thundercomm.gamemode.ingame.services.GameModeActionUtils.startGameModeService:93 com.thundercomm.gamemode.ingame.services.GameModeActionUtils.startGameModeEntry:21 com.thundercomm.gamemode.ingame.services.ActivityMonitoringService$1.onActivityLaunch:127
11-29 04:02:14.922 1491 1491 I GameModeConfig: Current uri is uri = content://com.thundercomm.gamemode.api/gamemode_settings/gamemode_isgaming
11-29 04:02:14.925 1491 1491 I GameModeConfig: isGameModeOn = false
11-29 04:02:14.926 1491 1491 I GameModeConfig: isGameModeOn = false
11-29 04:02:14.926 1491 1491 I GameModeConfig: isDisableVoice = true
11-29 04:02:14.940 12458 12458 I wm_on_create_called: [122656546,com.android.gallery3d.app.GalleryActivity,performCreate]
11-29 04:02:14.941 12458 12458 I wm_on_start_called: [122656546,com.android.gallery3d.app.GalleryActivity,handleStartActivity]
11-29 04:02:14.946 12458 12458 I wm_on_resume_called: [122656546,com.android.gallery3d.app.GalleryActivity,RESUME_ACTIVITY]
11-29 04:02:14.951 12458 12458 I wm_on_top_resumed_gained_called: [122656546,com.android.gallery3d.app.GalleryActivity,topStateChangedWhenResumed]
11-29 04:02:14.954 1491 1525 W WindowManager: updateScale0.7996942
11-29 04:02:14.961 1491 1600 I input_focus: [Focus request e6baca0 com.android.gallery3d/com.android.gallery3d.app.GalleryActivity,reason=UpdateInputWindows]
11-29 04:02:14.985 1491 1693 I input_focus: [Focus leaving cd0514f com.android.launcher3/com.android.launcher3.uioverrides.QuickstepLauncher (server),reason=Waiting for window because NOT_VISIBLE]
11-29 04:02:15.018 1491 1600 W WindowManager: updateScale0.7996942
11-29 04:02:15.020 1491 1600 W WindowManager: updateScale0.7996942
11-29 04:02:15.021 1491 1600 W WindowManager: updateScale0.7996942
11-29 04:02:15.026 1491 1596 I sysui_multi_action: [319,156,322,156,325,2913,757,761,758,8,759,2,806,com.android.gallery3d,871,com.android.gallery3d.app.GalleryActivity,904,com.android.launcher3,905,0,1320,4,1321,1]
11-29 04:02:15.029 1491 1596 I wm_activity_launch_time: [0,122656546,com.android.gallery3d/.app.GalleryActivity,156]
11-29 04:02:15.036 1491 1693 I input_focus: [Focus entering e6baca0 com.android.gallery3d/com.android.gallery3d.app.GalleryActivity (server),reason=Window became focusable. Previous reason: NOT_VISIBLE]
11-29 04:02:15.305 1491 1600 W WindowManager: updateScale0.7996942
11-29 04:02:15.910 1491 1760 I GameModeConfig: isGameModeOn = false
11-29 04:02:15.981 1491 1760 I GameModeConfig: isGameModeOn = false
11-29 04:02:16.075 1491 1760 I GameModeConfig: isGameModeOn = false
11-29 04:02:16.079 0 0 I auditd : type=1400 audit(0.0:3667): avc: denied { kill } for comm="swapper/1" capability=5 scontext=u:r:kernel:s0 tcontext=u:r:kernel:s0 tclass=capability permissive=0
11-29 04:02:16.096 1491 1760 I GameModeConfig: isGameModeOn = false
11-29 04:02:16.187 1491 1760 I GameModeConfig: isGameModeOn = false
11-29 04:02:16.277 1491 1760 I GameModeConfig: isGameModeOn = false
11-29 04:02:16.850 1491 1760 I GameModeConfig: isGameModeOn = false
11-29 04:02:16.895 1491 1760 I GameModeConfig: isGameModeOn = false
11-29 04:02:16.923 1491 1760 I GameModeConfig: isGameModeOn = false
11-29 04:02:16.944 1491 1760 I GameModeConfig: isGameModeOn = false
11-29 04:02:16.964 1491 1760 I GameModeConfig: isGameModeOn = false
11-29 04:02:16.985 1491 1760 I GameModeConfig: isGameModeOn = false
11-29 04:02:17.004 1491 1760 I GameModeConfig: isGameModeOn = false
11-29 04:02:17.027 1491 1760 I GameModeConfig: isGameModeOn = false
11-29 04:02:17.045 1491 1760 I GameModeConfig: isGameModeOn = false
11-29 04:02:17.050 1491 1760 I GameModeConfig: isGameModeOn = false
11-29 04:02:17.056 1491 1760 I GameModeConfig: isGameModeOn = false
11-29 04:02:17.073 1491 1760 I GameModeConfig: isGameModeOn = false
11-29 04:02:17.075 1491 1608 I am_uid_idle: 10020
11-29 04:02:17.079 0 0 I auditd : type=1400 audit(0.0:3668): avc: denied { kill } for comm="swapper/1" capability=5 scontext=u:r:kernel:s0 tcontext=u:r:kernel:s0 tclass=capability permissive=0
11-29 04:02:17.095 1491 1760 I GameModeConfig: isGameModeOn = false
11-29 04:02:17.098 1491 1760 I GameModeConfig: isGameModeOn = false
11-29 04:02:17.113 1491 1760 I GameModeConfig: isGameModeOn = false
11-29 04:02:17.128 1491 1760 I GameModeConfig: isGameModeOn = false
11-29 04:02:17.132 1491 1760 I GameModeConfig: isGameModeOn = false
11-29 04:02:17.148 1491 1760 I GameModeConfig: isGameModeOn = false
11-29 04:02:17.151 1491 1760 I GameModeConfig: isGameModeOn = false
11-29 04:02:17.168 1491 1760 I GameModeConfig: isGameModeOn = false
11-29 04:02:17.171 1491 1760 I GameModeConfig: isGameModeOn = false
11-29 04:02:17.188 1491 1760 I GameModeConfig: isGameModeOn = false
11-29 04:02:17.196 1491 1760 I GameModeConfig: isGameModeOn = false
11-29 04:02:17.208 1491 1760 I GameModeConfig: isGameModeOn = false
11-29 04:02:17.227 1491 1760 I GameModeConfig: isGameModeOn = false
11-29 04:02:17.243 1491 1760 I GameModeConfig: isGameModeOn = false
11-29 04:02:17.243 1491 1760 I GameModeConfig: isGameModeOn = false
11-29 04:02:17.260 1491 1760 I GameModeConfig: isGameModeOn = false
11-29 04:02:17.278 1491 1760 I GameModeConfig: isGameModeOn = false
11-29 04:02:17.299 1491 1760 I GameModeConfig: isGameModeOn = false
11-29 04:02:17.317 1491 1760 I GameModeConfig: isGameModeOn = false
11-29 04:02:17.336 1491 1760 I GameModeConfig: isGameModeOn = false
11-29 04:02:17.355 1491 1760 I GameModeConfig: isGameModeOn = false
11-29 04:02:17.376 1491 1760 I GameModeConfig: isGameModeOn = false
11-29 04:02:17.407 1491 1760 I GameModeConfig: isGameModeOn = false
11-29 04:02:17.435 1491 1760 I GameModeConfig: isGameModeOn = false
11-29 04:02:17.901 1491 2756 E TaskPersister: File error accessing recents directory (directory doesn't exist?).
11-29 04:02:18.079 0 0 I auditd : type=1400 audit(0.0:3669): avc: denied { kill } for comm="swapper/1" capability=5 scontext=u:r:kernel:s0 tcontext=u:r:kernel:s0 tclass=capability permissive=0
11-29 04:02:19.079 0 0 I auditd : type=1400 audit(0.0:3670): avc: denied { kill } for comm="swapper/1" capability=5 scontext=u:r:kernel:s0 tcontext=u:r:kernel:s0 tclass=capability permissive=0
11-29 04:02:19.198 1491 1693 I input_interaction: Interaction with: e6baca0 com.android.gallery3d/com.android.gallery3d.app.GalleryActivity (server), edge-swipe (server), swipe-up (server), PointerEventDispatcher0 (server),
11-29 04:02:19.371 1491 1525 W WindowManager: updateScale0.4617737
11-29 04:02:19.372 1491 1525 I wm_relaunch_resume_activity: [0,122656546,97,com.android.gallery3d/.app.GalleryActivity]
11-29 04:02:19.374 1491 1525 W WindowManager: updateScale0.4617737
11-29 04:02:19.385 12458 12458 I wm_on_top_resumed_lost_called: [122656546,com.android.gallery3d.app.GalleryActivity,pausing]
11-29 04:02:19.395 12458 12458 I wm_on_paused_called: [122656546,com.android.gallery3d.app.GalleryActivity,performPause]
11-29 04:02:19.395 12458 12458 I wm_on_stop_called: [122656546,com.android.gallery3d.app.GalleryActivity,handleRelaunchActivity]
11-29 04:02:19.398 12458 12458 I wm_on_destroy_called: [122656546,com.android.gallery3d.app.GalleryActivity,performDestroy]
11-29 04:02:19.399 1491 9682 I WindowManager: finishDrawing of relaunch: Window{e6baca0 u0 com.android.gallery3d/com.android.gallery3d.app.GalleryActivity} 26ms
11-29 04:02:19.421 12458 12458 I wm_on_create_called: [122656546,com.android.gallery3d.app.GalleryActivity,performCreate]
11-29 04:02:19.422 12458 12458 I wm_on_start_called: [122656546,com.android.gallery3d.app.GalleryActivity,handleStartActivity]
11-29 04:02:19.431 12458 12458 I wm_on_resume_called: [122656546,com.android.gallery3d.app.GalleryActivity,RESUME_ACTIVITY]
11-29 04:02:19.431 12458 12458 I wm_on_top_resumed_gained_called: [122656546,com.android.gallery3d.app.GalleryActivity,topWhenResuming]
11-29 04:02:19.437 1491 1525 W WindowManager: updateScale0.4617737
11-29 04:02:19.440 1491 1525 W WindowManager: updateScale0.4617737
11-29 04:02:19.492 1491 1607 I am_pss : [13450,10027,com.sohu.inputmethod.sogou.car,46477312,24080384,0,128036864,0,19,7]
11-29 04:02:20.079 0 0 I auditd : type=1400 audit(0.0:3671): avc: denied { kill } for comm="swapper/1" capability=5 scontext=u:r:kernel:s0 tcontext=u:r:kernel:s0 tclass=capability permissive=0
11-29 04:02:21.079 0 0 I auditd : type=1400 audit(0.0:3672): avc: denied { kill } for comm="swapper/1" capability=5 scontext=u:r:kernel:s0 tcontext=u:r:kernel:s0 tclass=capability permissive=0
11-29 04:02:22.079 0 0 I auditd : type=1400 audit(0.0:3673): avc: denied { kill } for comm="swapper/1" capability=5 scontext=u:r:kernel:s0 tcontext=u:r:kernel:s0 tclass=capability permissive=0
11-29 04:02:22.465 1491 9682 W WindowManager: updateScale0.7996942
11-29 04:02:22.468 1491 9682 I wm_relaunch_resume_activity: [0,122656546,97,com.android.gallery3d/.app.GalleryActivity]
11-29 04:02:22.470 1491 9682 W WindowManager: updateScale0.7996942
11-29 04:02:22.488 12458 12458 I wm_on_top_resumed_lost_called: [122656546,com.android.gallery3d.app.GalleryActivity,pausing]
11-29 04:02:22.501 12458 12458 I wm_on_paused_called: [122656546,com.android.gallery3d.app.GalleryActivity,performPause]
11-29 04:02:22.501 12458 12458 I wm_on_stop_called: [122656546,com.android.gallery3d.app.GalleryActivity,handleRelaunchActivity]
11-29 04:02:22.506 12458 12458 I wm_on_destroy_called: [122656546,com.android.gallery3d.app.GalleryActivity,performDestroy]
11-29 04:02:22.513 1491 8592 I WindowManager: finishDrawing of relaunch: Window{e6baca0 u0 com.android.gallery3d/com.android.gallery3d.app.GalleryActivity} 45ms
11-29 04:02:22.529 12458 12458 I wm_on_create_called: [122656546,com.android.gallery3d.app.GalleryActivity,performCreate]
11-29 04:02:22.531 12458 12458 I wm_on_start_called: [122656546,com.android.gallery3d.app.GalleryActivity,handleStartActivity]
11-29 04:02:22.539 12458 12458 I wm_on_resume_called: [122656546,com.android.gallery3d.app.GalleryActivity,RESUME_ACTIVITY]
11-29 04:02:22.539 12458 12458 I wm_on_top_resumed_gained_called: [122656546,com.android.gallery3d.app.GalleryActivity,topWhenResuming]
11-29 04:02:22.543 1491 8592 W WindowManager: updateScale0.7996942
11-29 04:02:22.545 1491 8592 W WindowManager: updateScale0.7996942
11-29 04:02:23.036 1491 1723 I netstats_mobile_sample: [0,0,0,0,0,0,0,0,0,0,0,0,1669665743036]
11-29 04:02:23.038 1491 1723 I netstats_wifi_sample: [63960254,148705,29581953,71202,63960254,148705,29581953,71202,77585420,265322,15161479,37464,1669665743036]
11-29 04:02:23.659 1491 2002 I ntp_failure: [time.android.com,java.net.UnknownHostException: Unable to resolve host "time.android.com": No address associated with hostname]
11-29 04:02:24.079 0 0 I auditd : type=1400 audit(0.0:3674): avc: denied { kill } for comm="swapper/1" capability=5 scontext=u:r:kernel:s0 tcontext=u:r:kernel:s0 tclass=capability permissive=0
11-29 04:02:24.175 1491 8592 W WindowManager: updateScale0.4617737
11-29 04:02:24.178 1491 8592 I wm_relaunch_resume_activity: [0,122656546,97,com.android.gallery3d/.app.GalleryActivity]
11-29 04:02:24.180 1491 8592 W WindowManager: updateScale0.4617737
11-29 04:02:24.198 12458 12458 I wm_on_top_resumed_lost_called: [122656546,com.android.gallery3d.app.GalleryActivity,pausing]
11-29 04:02:24.211 12458 12458 I wm_on_paused_called: [122656546,com.android.gallery3d.app.GalleryActivity,performPause]
11-29 04:02:24.211 12458 12458 I wm_on_stop_called: [122656546,com.android.gallery3d.app.GalleryActivity,handleRelaunchActivity]
11-29 04:02:24.214 12458 12458 I wm_on_destroy_called: [122656546,com.android.gallery3d.app.GalleryActivity,performDestroy]
11-29 04:02:24.216 1491 8592 I WindowManager: finishDrawing of relaunch: Window{e6baca0 u0 com.android.gallery3d/com.android.gallery3d.app.GalleryActivity} 38ms
11-29 04:02:24.238 12458 12458 I wm_on_create_called: [122656546,com.android.gallery3d.app.GalleryActivity,performCreate]
11-29 04:02:24.239 12458 12458 I wm_on_start_called: [122656546,com.android.gallery3d.app.GalleryActivity,handleStartActivity]
11-29 04:02:24.243 12458 12458 I wm_on_resume_called: [122656546,com.android.gallery3d.app.GalleryActivity,RESUME_ACTIVITY]
11-29 04:02:24.243 12458 12458 I wm_on_top_resumed_gained_called: [122656546,com.android.gallery3d.app.GalleryActivity,topWhenResuming]
11-29 04:02:24.247 1491 8592 W WindowManager: updateScale0.4617737
11-29 04:02:24.249 1491 8592 W WindowManager: updateScale0.4617737
11-29 04:02:25.079 0 0 I auditd : type=1400 audit(0.0:3675): avc: denied { kill } for comm="swapper/1" capability=5 scontext=u:r:kernel:s0 tcontext=u:r:kernel:s0 tclass=capability permissive=0
11-29 04:02:25.622 1491 9682 I wm_relaunch_resume_activity: [0,122656546,97,com.android.gallery3d/.app.GalleryActivity]
11-29 04:02:25.623 1491 9682 I wm_add_to_stopping: [0,254362067,com.android.launcher3/.uioverrides.QuickstepLauncher,makeInvisible]
11-29 04:02:25.626 1491 9682 D FreeFormWindowHelper: Remove freefrom task=Task{22c7ced #97 type=standard A=10068:com.android.gallery3d U=0 visible=true mode=fullscreen translucent=false sz=1}
11-29 04:02:25.636 12458 12458 I wm_on_top_resumed_lost_called: [122656546,com.android.gallery3d.app.GalleryActivity,pausing]
11-29 04:02:25.641 1491 1525 W WindowManager: Attempted to set replacing window on app token with no content Token{3999796 ActivityRecord{74f9722 u0 com.android.gallery3d/.app.GalleryActivity t97}}
11-29 04:02:25.649 1491 1607 I am_pss : [12458,10068,com.android.gallery3d,37409792,32976896,0,153354240,0,2,8]
11-29 04:02:25.652 3714 3731 W ContextImpl: Calling a method in the system process without a qualified user: android.app.ContextImpl.startService:1816 android.content.ContextWrapper.startService:774 com.thundercomm.gamemode.ingame.services.GameModeActionUtils.startGameModeService:93 com.thundercomm.gamemode.ingame.services.GameModeActionUtils.startGameModeEntry:21 com.thundercomm.gamemode.ingame.services.ActivityMonitoringService$1.onActivityLaunch:127
11-29 04:02:25.655 12458 12458 I wm_on_paused_called: [122656546,com.android.gallery3d.app.GalleryActivity,performPause]
11-29 04:02:25.655 12458 12458 I wm_on_stop_called: [122656546,com.android.gallery3d.app.GalleryActivity,handleRelaunchActivity]
11-29 04:02:25.659 12458 12458 I wm_on_destroy_called: [122656546,com.android.gallery3d.app.GalleryActivity,performDestroy]
11-29 04:02:25.659 1491 1491 I GameModeConfig: Current uri is uri = content://com.thundercomm.gamemode.api/gamemode_settings/gamemode_isgaming
11-29 04:02:25.663 1491 1491 I GameModeConfig: isGameModeOn = false
11-29 04:02:25.663 1491 1491 I GameModeConfig: isGameModeOn = false
11-29 04:02:25.663 1491 1491 I GameModeConfig: isDisableVoice = true
