11-29 04:11:30.609 1491 1674 D ActivityManager: froze 13397 com.hryt.hiphishowfsecontrol
11-29 04:11:30.609 1491 1674 I am_freeze: [13397,com.hryt.hiphishowfsecontrol]
11-29 04:11:30.609 1491 1674 E ActivityManager: Unable to freeze binder for 13397 com.hryt.hiphishowfsecontrol
11-29 04:11:30.610 1491 1674 I ActivityManager: Killing 13397:com.hryt.hiphishowfsecontrol/u0a20 (adj 920): Unable to freeze binder interface
11-29 04:11:30.611 1491 1674 I am_kill : [0,13397,com.hryt.hiphishowfsecontrol,920,Unable to freeze binder interface]
11-29 04:11:30.671 1491 1525 I am_proc_died: [0,13397,com.hryt.hiphishowfsecontrol,920,16]
11-29 04:11:30.672 1491 1525 I am_uid_stopped: 10020
11-29 04:11:30.674 1491 11109 I WindowManager: WIN DEATH: Window{faa483f u0 com.hryt.hiphishowfsecontrol/com.hryt.hiphishowfsecontrol.mce_app.MainActivity}
11-29 04:11:30.679 1491 1599 W ActivityManager: setHasOverlayUi called on unknown pid: 13397
11-29 04:11:30.689 1491 1607 I am_pss : [5601,10052,com.thundercomm.screensaver,63352832,57896960,0,179113984,0,2,9]
11-29 04:11:30.702 1491 1607 I am_pss : [11890,10089,com.android.music,29390848,22323200,0,156835840,0,4,8]
11-29 04:11:30.702 1491 1607 W UsageStatsService: Unexpected activity event reported! (com.hryt.hiphishowfsecontrol/com.hryt.hiphishowfsecontrol.mce_app.MainActivity event : 23 instanceId : 229651129)
11-29 04:11:31.079 0 0 I auditd : type=1400 audit(0.0:4177): avc: denied { kill } for comm="swapper/1" capability=5 scontext=u:r:kernel:s0 tcontext=u:r:kernel:s0 tclass=capability permissive=0
11-29 04:11:32.079 0 0 I auditd : type=1400 audit(0.0:4178): avc: denied { kill } for comm="swapper/1" capability=5 scontext=u:r:kernel:s0 tcontext=u:r:kernel:s0 tclass=capability permissive=0
11-29 04:11:33.079 0 0 I auditd : type=1400 audit(0.0:4179): avc: denied { kill } for comm="swapper/1" capability=5 scontext=u:r:kernel:s0 tcontext=u:r:kernel:s0 tclass=capability permissive=0
11-29 04:11:34.079 0 0 I auditd : type=1400 audit(0.0:4180): avc: denied { kill } for comm="swapper/1" capability=5 scontext=u:r:kernel:s0 tcontext=u:r:kernel:s0 tclass=capability permissive=0
11-29 04:11:35.079 0 0 I auditd : type=1400 audit(0.0:4181): avc: denied { kill } for comm="swapper/1" capability=5 scontext=u:r:kernel:s0 tcontext=u:r:kernel:s0 tclass=capability permissive=0
11-29 04:11:35.085 1491 1674 D ActivityManager: freezing 13450 com.sohu.inputmethod.sogou.car
11-29 04:11:35.085 1491 1674 E ActivityManager: Unable to freeze binder for 13450 com.sohu.inputmethod.sogou.car
11-29 04:11:35.087 1491 1674 D ActivityManager: froze 13450 com.sohu.inputmethod.sogou.car
11-29 04:11:35.087 1491 1674 I am_freeze: [13450,com.sohu.inputmethod.sogou.car]
11-29 04:11:35.087 1491 1674 E ActivityManager: Unable to freeze binder for 13450 com.sohu.inputmethod.sogou.car
11-29 04:11:35.088 1491 1674 I ActivityManager: Killing 13450:com.sohu.inputmethod.sogou.car/u0a27 (adj 925): Unable to freeze binder interface
11-29 04:11:35.088 1491 1674 I am_kill : [0,13450,com.sohu.inputmethod.sogou.car,925,Unable to freeze binder interface]
11-29 04:11:35.132 1491 10785 I am_proc_died: [0,13450,com.sohu.inputmethod.sogou.car,925,19]
11-29 04:11:35.132 1491 10785 I am_uid_stopped: 10027
11-29 04:11:35.138 1491 1599 W ActivityManager: setHasOverlayUi called on unknown pid: 13450
11-29 04:11:36.079 0 0 I auditd : type=1400 audit(0.0:4182): avc: denied { kill } for comm="swapper/1" capability=5 scontext=u:r:kernel:s0 tcontext=u:r:kernel:s0 tclass=capability permissive=0
11-29 04:11:37.079 0 0 I auditd : type=1400 audit(0.0:4183): avc: denied { kill } for comm="swapper/1" capability=5 scontext=u:r:kernel:s0 tcontext=u:r:kernel:s0 tclass=capability permissive=0
11-29 04:11:38.079 0 0 I auditd : type=1400 audit(0.0:4184): avc: denied { kill } for comm="swapper/1" capability=5 scontext=u:r:kernel:s0 tcontext=u:r:kernel:s0 tclass=capability permissive=0
11-29 04:11:39.079 0 0 I auditd : type=1400 audit(0.0:4185): avc: denied { kill } for comm="swapper/1" capability=5 scontext=u:r:kernel:s0 tcontext=u:r:kernel:s0 tclass=capability permissive=0
11-29 04:11:41.079 0 0 I auditd : type=1400 audit(0.0:4186): avc: denied { kill } for comm="swapper/1" capability=5 scontext=u:r:kernel:s0 tcontext=u:r:kernel:s0 tclass=capability permissive=0
11-29 04:11:42.079 0 0 I auditd : type=1400 audit(0.0:4187): avc: denied { kill } for comm="swapper/1" capability=5 scontext=u:r:kernel:s0 tcontext=u:r:kernel:s0 tclass=capability permissive=0
11-29 04:11:43.079 0 0 I auditd : type=1400 audit(0.0:4188): avc: denied { kill } for comm="swapper/1" capability=5 scontext=u:r:kernel:s0 tcontext=u:r:kernel:s0 tclass=capability permissive=0
11-29 04:11:44.079 0 0 I auditd : type=1400 audit(0.0:4189): avc: denied { kill } for comm="swapper/1" capability=5 scontext=u:r:kernel:s0 tcontext=u:r:kernel:s0 tclass=capability permissive=0
11-29 04:11:45.079 0 0 I auditd : type=1400 audit(0.0:4190): avc: denied { kill } for comm="swapper/1" capability=5 scontext=u:r:kernel:s0 tcontext=u:r:kernel:s0 tclass=capability permissive=0
11-29 04:11:46.079 0 0 I auditd : type=1400 audit(0.0:4191): avc: denied { kill } for comm="swapper/1" capability=5 scontext=u:r:kernel:s0 tcontext=u:r:kernel:s0 tclass=capability permissive=0
11-29 04:11:47.079 7660 7660 I auditd : type=1400 audit(0.0:4192): avc: denied { kill } for comm="kworker/u16:13" capability=5 scontext=u:r:kernel:s0 tcontext=u:r:kernel:s0 tclass=capability permissive=0
11-29 04:11:48.079 0 0 I auditd : type=1400 audit(0.0:4193): avc: denied { kill } for comm="swapper/1" capability=5 scontext=u:r:kernel:s0 tcontext=u:r:kernel:s0 tclass=capability permissive=0
11-29 04:11:48.594 1491 1674 D ActivityManager: freezing 11119 com.android.calendar
11-29 04:11:48.594 1491 1674 E ActivityManager: Unable to freeze binder for 11119 com.android.calendar
11-29 04:11:48.596 1491 1674 D ActivityManager: froze 11119 com.android.calendar
11-29 04:11:48.596 1491 1674 I am_freeze: [11119,com.android.calendar]
11-29 04:11:48.596 1491 1674 E ActivityManager: Unable to freeze binder for 11119 com.android.calendar
11-29 04:11:48.598 1491 1674 I ActivityManager: Killing 11119:com.android.calendar/u0a64 (adj 910): Unable to freeze binder interface
11-29 04:11:48.598 1491 1674 I am_kill : [0,11119,com.android.calendar,910,Unable to freeze binder interface]
11-29 04:11:48.658 1491 5277 I WindowManager: WIN DEATH: Window{57660b4 u0 com.android.calendar/com.android.calendar.AllInOneActivity}
11-29 04:11:48.659 1491 10785 I am_proc_died: [0,11119,com.android.calendar,910,16]
11-29 04:11:48.665 1491 10785 I am_uid_stopped: 10064
11-29 04:11:48.668 1491 1599 W ActivityManager: setHasOverlayUi called on unknown pid: 11119
11-29 04:11:48.668 1491 1607 W UsageStatsService: Unexpected activity event reported! (com.android.calendar/com.android.calendar.AllInOneActivity event : 23 instanceId : 24574742)
11-29 04:11:48.670 1491 1599 I am_uid_running: 10020
11-29 04:11:48.671 1491 1599 D CompatibilityChangeReporter: Compat change id reported: 135634846; UID 10020; state: DISABLED
11-29 04:11:48.672 1491 1599 D CompatibilityChangeReporter: Compat change id reported: 177438394; UID 10020; state: DISABLED
11-29 04:11:48.672 1491 1599 D CompatibilityChangeReporter: Compat change id reported: 135772972; UID 10020; state: DISABLED
11-29 04:11:48.672 1491 1599 D CompatibilityChangeReporter: Compat change id reported: 135754954; UID 10020; state: ENABLED
11-29 04:11:48.672 1491 1609 D CompatibilityChangeReporter: Compat change id reported: 143937733; UID 10020; state: ENABLED
11-29 04:11:48.673 1491 1599 I am_uid_running: 10064
11-29 04:11:48.673 1491 1599 D CompatibilityChangeReporter: Compat change id reported: 135634846; UID 10064; state: DISABLED
11-29 04:11:48.673 1491 1599 D CompatibilityChangeReporter: Compat change id reported: 177438394; UID 10064; state: DISABLED
11-29 04:11:48.673 1491 1599 D CompatibilityChangeReporter: Compat change id reported: 135772972; UID 10064; state: DISABLED
11-29 04:11:48.673 1491 1599 D CompatibilityChangeReporter: Compat change id reported: 135754954; UID 10064; state: DISABLED
11-29 04:11:48.688 1491 1609 I am_proc_start: [0,14307,10020,com.hryt.hiphishowfsecontrol,NULL,]
11-29 04:11:48.688 1491 1609 I ActivityManager: Start proc 14307:com.hryt.hiphishowfsecontrol/u0a20 for null
11-29 04:11:48.688 1491 1609 D CompatibilityChangeReporter: Compat change id reported: 143937733; UID 10064; state: DISABLED
11-29 04:11:48.703 1491 1609 I am_proc_start: [0,14308,10064,com.android.calendar,NULL,]
11-29 04:11:48.703 1491 1609 I ActivityManager: Start proc 14308:com.android.calendar/u0a64 for null
11-29 04:11:48.734 1491 10785 I am_proc_bound: [0,14308,com.android.calendar]
11-29 04:11:48.760 1491 10785 I am_proc_bound: [0,14307,com.hryt.hiphishowfsecontrol]
11-29 04:11:48.761 1491 10785 D CompatibilityChangeReporter: Compat change id reported: 168419799; UID 10020; state: DISABLED
11-29 04:11:50.079 0 0 I auditd : type=1400 audit(0.0:4194): avc: denied { kill } for comm="swapper/1" capability=5 scontext=u:r:kernel:s0 tcontext=u:r:kernel:s0 tclass=capability permissive=0
11-29 04:11:51.079 0 0 I auditd : type=1400 audit(0.0:4195): avc: denied { kill } for comm="swapper/1" capability=5 scontext=u:r:kernel:s0 tcontext=u:r:kernel:s0 tclass=capability permissive=0
11-29 04:11:52.079 0 0 I auditd : type=1400 audit(0.0:4196): avc: denied { kill } for comm="swapper/1" capability=5 scontext=u:r:kernel:s0 tcontext=u:r:kernel:s0 tclass=capability permissive=0
11-29 04:11:52.492 1491 1723 I netstats_mobile_sample: [0,0,0,0,0,0,0,0,0,0,0,0,1669666312491]
11-29 04:11:52.493 1491 1723 I netstats_wifi_sample: [79522218,184416,35940343,85660,79522218,184416,35940343,85660,95964704,323322,18350146,44804,1669666312491]
11-29 04:11:53.079 0 0 I auditd : type=1400 audit(0.0:4197): avc: denied { kill } for comm="swapper/1" capability=5 scontext=u:r:kernel:s0 tcontext=u:r:kernel:s0 tclass=capability permissive=0
11-29 04:11:54.079 0 0 I auditd : type=1400 audit(0.0:4198): avc: denied { kill } for comm="swapper/1" capability=5 scontext=u:r:kernel:s0 tcontext=u:r:kernel:s0 tclass=capability permissive=0
11-29 04:11:55.079 0 0 I auditd : type=1400 audit(0.0:4199): avc: denied { kill } for comm="swapper/1" capability=5 scontext=u:r:kernel:s0 tcontext=u:r:kernel:s0 tclass=capability permissive=0
11-29 04:11:56.079 0 0 I auditd : type=1400 audit(0.0:4200): avc: denied { kill } for comm="swapper/1" capability=5 scontext=u:r:kernel:s0 tcontext=u:r:kernel:s0 tclass=capability permissive=0
11-29 04:11:57.079 0 0 I auditd : type=1400 audit(0.0:4201): avc: denied { kill } for comm="swapper/1" capability=5 scontext=u:r:kernel:s0 tcontext=u:r:kernel:s0 tclass=capability permissive=0
11-29 04:11:58.079 0 0 I auditd : type=1400 audit(0.0:4202): avc: denied { kill } for comm="swapper/1" capability=5 scontext=u:r:kernel:s0 tcontext=u:r:kernel:s0 tclass=capability permissive=0
11-29 04:12:00.079 0 0 I auditd : type=1400 audit(0.0:4203): avc: denied { kill } for comm="swapper/2" capability=5 scontext=u:r:kernel:s0 tcontext=u:r:kernel:s0 tclass=capability permissive=0
11-29 04:12:01.079 0 0 I auditd : type=1400 audit(0.0:4204): avc: denied { kill } for comm="swapper/2" capability=5 scontext=u:r:kernel:s0 tcontext=u:r:kernel:s0 tclass=capability permissive=0
11-29 04:12:02.079 0 0 I auditd : type=1400 audit(0.0:4205): avc: denied { kill } for comm="swapper/2" capability=5 scontext=u:r:kernel:s0 tcontext=u:r:kernel:s0 tclass=capability permissive=0
11-29 04:12:04.079 0 0 I auditd : type=1400 audit(0.0:4206): avc: denied { kill } for comm="swapper/2" capability=5 scontext=u:r:kernel:s0 tcontext=u:r:kernel:s0 tclass=capability permissive=0
11-29 04:12:04.500 1491 1674 D ActivityManager: freezing 13701 com.android.providers.calendar
11-29 04:12:04.500 1491 1674 E ActivityManager: Unable to freeze binder for 13701 com.android.providers.calendar
11-29 04:12:04.502 1491 1674 D ActivityManager: froze 13701 com.android.providers.calendar
11-29 04:12:04.502 1491 1674 I am_freeze: [13701,com.android.providers.calendar]
11-29 04:12:04.503 1491 1674 E ActivityManager: Unable to freeze binder for 13701 com.android.providers.calendar
11-29 04:12:04.504 1491 1674 I ActivityManager: Killing 13701:com.android.providers.calendar/u0a28 (adj 925): Unable to freeze binder interface
11-29 04:12:04.505 1491 1674 I am_kill : [0,13701,com.android.providers.calendar,925,Unable to freeze binder interface]
11-29 04:12:04.536 1491 5277 I am_proc_died: [0,13701,com.android.providers.calendar,925,19]
11-29 04:12:04.537 1491 5277 I am_uid_stopped: 10028
11-29 04:12:05.079 0 0 I auditd : type=1400 audit(0.0:4207): avc: denied { kill } for comm="swapper/2" capability=5 scontext=u:r:kernel:s0 tcontext=u:r:kernel:s0 tclass=capability permissive=0
11-29 04:12:06.079 0 0 I auditd : type=1400 audit(0.0:4208): avc: denied { kill } for comm="swapper/2" capability=5 scontext=u:r:kernel:s0 tcontext=u:r:kernel:s0 tclass=capability permissive=0
11-29 04:12:07.079 0 0 I auditd : type=1400 audit(0.0:4209): avc: denied { kill } for comm="swapper/2" capability=5 scontext=u:r:kernel:s0 tcontext=u:r:kernel:s0 tclass=capability permissive=0
11-29 04:12:08.079 0 0 I auditd : type=1400 audit(0.0:4210): avc: denied { kill } for comm="swapper/2" capability=5 scontext=u:r:kernel:s0 tcontext=u:r:kernel:s0 tclass=capability permissive=0
11-29 04:12:09.079 0 0 I auditd : type=1400 audit(0.0:4211): avc: denied { kill } for comm="swapper/2" capability=5 scontext=u:r:kernel:s0 tcontext=u:r:kernel:s0 tclass=capability permissive=0
11-29 04:12:10.079 0 0 I auditd : type=1400 audit(0.0:4212): avc: denied { kill } for comm="swapper/2" capability=5 scontext=u:r:kernel:s0 tcontext=u:r:kernel:s0 tclass=capability permissive=0
11-29 04:12:11.079 0 0 I auditd : type=1400 audit(0.0:4213): avc: denied { kill } for comm="swapper/2" capability=5 scontext=u:r:kernel:s0 tcontext=u:r:kernel:s0 tclass=capability permissive=0
11-29 04:12:12.079 0 0 I auditd : type=1400 audit(0.0:4214): avc: denied { kill } for comm="swapper/2" capability=5 scontext=u:r:kernel:s0 tcontext=u:r:kernel:s0 tclass=capability permissive=0
11-29 04:12:13.079 0 0 I auditd : type=1400 audit(0.0:4215): avc: denied { kill } for comm="swapper/2" capability=5 scontext=u:r:kernel:s0 tcontext=u:r:kernel:s0 tclass=capability permissive=0
11-29 04:12:14.079 0 0 I auditd : type=1400 audit(0.0:4216): avc: denied { kill } for comm="swapper/2" capability=5 scontext=u:r:kernel:s0 tcontext=u:r:kernel:s0 tclass=capability permissive=0
11-29 04:12:15.079 0 0 I auditd : type=1400 audit(0.0:4217): avc: denied { kill } for comm="swapper/2" capability=5 scontext=u:r:kernel:s0 tcontext=u:r:kernel:s0 tclass=capability permissive=0
11-29 04:12:16.079 0 0 I auditd : type=1400 audit(0.0:4218): avc: denied { kill } for comm="swapper/2" capability=5 scontext=u:r:kernel:s0 tcontext=u:r:kernel:s0 tclass=capability permissive=0
11-29 04:12:17.079 0 0 I auditd : type=1400 audit(0.0:4219): avc: denied { kill } for comm="swapper/2" capability=5 scontext=u:r:kernel:s0 tcontext=u:r:kernel:s0 tclass=capability permissive=0
11-29 04:12:18.079 0 0 I auditd : type=1400 audit(0.0:4220): avc: denied { kill } for comm="swapper/2" capability=5 scontext=u:r:kernel:s0 tcontext=u:r:kernel:s0 tclass=capability permissive=0
11-29 04:12:19.079 0 0 I auditd : type=1400 audit(0.0:4221): avc: denied { kill } for comm="swapper/2" capability=5 scontext=u:r:kernel:s0 tcontext=u:r:kernel:s0 tclass=capability permissive=0
11-29 04:12:20.079 0 0 I auditd : type=1400 audit(0.0:4222): avc: denied { kill } for comm="swapper/2" capability=5 scontext=u:r:kernel:s0 tcontext=u:r:kernel:s0 tclass=capability permissive=0
11-29 04:12:21.079 0 0 I auditd : type=1400 audit(0.0:4223): avc: denied { kill } for comm="swapper/2" capability=5 scontext=u:r:kernel:s0 tcontext=u:r:kernel:s0 tclass=capability permissive=0
11-29 04:12:22.079 0 0 I auditd : type=1400 audit(0.0:4224): avc: denied { kill } for comm="swapper/2" capability=5 scontext=u:r:kernel:s0 tcontext=u:r:kernel:s0 tclass=capability permissive=0
11-29 04:12:23.079 0 0 I auditd : type=1400 audit(0.0:4225): avc: denied { kill } for comm="swapper/2" capability=5 scontext=u:r:kernel:s0 tcontext=u:r:kernel:s0 tclass=capability permissive=0
11-29 04:12:24.079 0 0 I auditd : type=1400 audit(0.0:4226): avc: denied { kill } for comm="swapper/2" capability=5 scontext=u:r:kernel:s0 tcontext=u:r:kernel:s0 tclass=capability permissive=0
11-29 04:12:25.079 0 0 I auditd : type=1400 audit(0.0:4227): avc: denied { kill } for comm="swapper/2" capability=5 scontext=u:r:kernel:s0 tcontext=u:r:kernel:s0 tclass=capability permissive=0
11-29 04:12:26.079 0 0 I auditd : type=1400 audit(0.0:4228): avc: denied { kill } for comm="swapper/2" capability=5 scontext=u:r:kernel:s0 tcontext=u:r:kernel:s0 tclass=capability permissive=0
11-29 04:12:27.079 0 0 I auditd : type=1400 audit(0.0:4229): avc: denied { kill } for comm="swapper/2" capability=5 scontext=u:r:kernel:s0 tcontext=u:r:kernel:s0 tclass=capability permissive=0
11-29 04:12:28.079 0 0 I auditd : type=1400 audit(0.0:4230): avc: denied { kill } for comm="swapper/2" capability=5 scontext=u:r:kernel:s0 tcontext=u:r:kernel:s0 tclass=capability permissive=0
11-29 04:12:28.430 1491 1674 D ActivityManager: freezing 14061 android.process.acore
11-29 04:12:28.430 1491 1674 E ActivityManager: Unable to freeze binder for 14061 android.process.acore
11-29 04:12:28.431 1491 1674 D ActivityManager: froze 14061 android.process.acore
11-29 04:12:28.431 1491 1674 I am_freeze: [14061,android.process.acore]
11-29 04:12:28.431 1491 1674 E ActivityManager: Unable to freeze binder for 14061 android.process.acore
11-29 04:12:28.433 1491 1674 I ActivityManager: Killing 14061:android.process.acore/u0a32 (adj 935): Unable to freeze binder interface
11-29 04:12:28.433 1491 1674 I am_kill : [0,14061,android.process.acore,935,Unable to freeze binder interface]
11-29 04:12:28.470 1491 1525 D CountryDetector: No listener is left
11-29 04:12:28.470 1491 8646 I am_proc_died: [0,14061,android.process.acore,935,19]
11-29 04:12:28.472 1491 8646 I am_uid_stopped: 10032
11-29 04:12:28.480 1491 1607 I am_pss : [14307,10020,com.hryt.hiphishowfsecontrol,18319360,14757888,0,106921984,0,19,6]
11-29 04:12:28.486 1491 1607 I am_pss : [14308,10064,com.android.calendar,6505472,4030464,0,91553792,0,19,5]
11-29 04:12:29.079 0 0 I auditd : type=1400 audit(0.0:4231): avc: denied { kill } for comm="swapper/2" capability=5 scontext=u:r:kernel:s0 tcontext=u:r:kernel:s0 tclass=capability permissive=0
11-29 04:12:30.079 0 0 I auditd : type=1400 audit(0.0:4232): avc: denied { kill } for comm="swapper/2" capability=5 scontext=u:r:kernel:s0 tcontext=u:r:kernel:s0 tclass=capability permissive=0
11-29 04:12:31.079 0 0 I auditd : type=1400 audit(0.0:4233): avc: denied { kill } for comm="swapper/2" capability=5 scontext=u:r:kernel:s0 tcontext=u:r:kernel:s0 tclass=capability permissive=0
11-29 04:12:33.079 0 0 I auditd : type=1400 audit(0.0:4234): avc: denied { kill } for comm="swapper/2" capability=5 scontext=u:r:kernel:s0 tcontext=u:r:kernel:s0 tclass=capability permissive=0
11-29 04:12:34.079 0 0 I auditd : type=1400 audit(0.0:4235): avc: denied { kill } for comm="swapper/2" capability=5 scontext=u:r:kernel:s0 tcontext=u:r:kernel:s0 tclass=capability permissive=0
11-29 04:12:35.079 0 0 I auditd : type=1400 audit(0.0:4236): avc: denied { kill } for comm="swapper/2" capability=5 scontext=u:r:kernel:s0 tcontext=u:r:kernel:s0 tclass=capability permissive=0
11-29 04:12:36.079 0 0 I auditd : type=1400 audit(0.0:4237): avc: denied { kill } for comm="swapper/2" capability=5 scontext=u:r:kernel:s0 tcontext=u:r:kernel:s0 tclass=capability permissive=0
11-29 04:12:37.079 0 0 I auditd : type=1400 audit(0.0:4238): avc: denied { kill } for comm="swapper/2" capability=5 scontext=u:r:kernel:s0 tcontext=u:r:kernel:s0 tclass=capability permissive=0
11-29 04:12:38.079 0 0 I auditd : type=1400 audit(0.0:4239): avc: denied { kill } for comm="swapper/2" capability=5 scontext=u:r:kernel:s0 tcontext=u:r:kernel:s0 tclass=capability permissive=0
11-29 04:12:39.079 0 0 I auditd : type=1400 audit(0.0:4240): avc: denied { kill } for comm="swapper/2" capability=5 scontext=u:r:kernel:s0 tcontext=u:r:kernel:s0 tclass=capability permissive=0
11-29 04:12:40.079 0 0 I auditd : type=1400 audit(0.0:4241): avc: denied { kill } for comm="swapper/2" capability=5 scontext=u:r:kernel:s0 tcontext=u:r:kernel:s0 tclass=capability permissive=0
11-29 04:12:41.079 0 0 I auditd : type=1400 audit(0.0:4242): avc: denied { kill } for comm="swapper/2" capability=5 scontext=u:r:kernel:s0 tcontext=u:r:kernel:s0 tclass=capability permissive=0
11-29 04:12:42.079 0 0 I auditd : type=1400 audit(0.0:4243): avc: denied { kill } for comm="swapper/2" capability=5 scontext=u:r:kernel:s0 tcontext=u:r:kernel:s0 tclass=capability permissive=0
11-29 04:12:43.079 0 0 I auditd : type=1400 audit(0.0:4244): avc: denied { kill } for comm="swapper/2" capability=5 scontext=u:r:kernel:s0 tcontext=u:r:kernel:s0 tclass=capability permissive=0
11-29 04:12:45.079 0 0 I auditd : type=1400 audit(0.0:4245): avc: denied { kill } for comm="swapper/2" capability=5 scontext=u:r:kernel:s0 tcontext=u:r:kernel:s0 tclass=capability permissive=0
11-29 04:12:46.079 0 0 I auditd : type=1400 audit(0.0:4246): avc: denied { kill } for comm="swapper/2" capability=5 scontext=u:r:kernel:s0 tcontext=u:r:kernel:s0 tclass=capability permissive=0
11-29 04:12:47.079 0 0 I auditd : type=1400 audit(0.0:4247): avc: denied { kill } for comm="swapper/2" capability=5 scontext=u:r:kernel:s0 tcontext=u:r:kernel:s0 tclass=capability permissive=0
11-29 04:12:48.079 0 0 I auditd : type=1400 audit(0.0:4248): avc: denied { kill } for comm="swapper/2" capability=5 scontext=u:r:kernel:s0 tcontext=u:r:kernel:s0 tclass=capability permissive=0
11-29 04:12:49.079 0 0 I auditd : type=1400 audit(0.0:4249): avc: denied { kill } for comm="swapper/2" capability=5 scontext=u:r:kernel:s0 tcontext=u:r:kernel:s0 tclass=capability permissive=0
11-29 04:12:50.079 0 0 I auditd : type=1400 audit(0.0:4250): avc: denied { kill } for comm="swapper/2" capability=5 scontext=u:r:kernel:s0 tcontext=u:r:kernel:s0 tclass=capability permissive=0
11-29 04:12:51.079 0 0 I auditd : type=1400 audit(0.0:4251): avc: denied { kill } for comm="swapper/2" capability=5 scontext=u:r:kernel:s0 tcontext=u:r:kernel:s0 tclass=capability permissive=0
11-29 04:12:52.079 0 0 I auditd : type=1400 audit(0.0:4252): avc: denied { kill } for comm="swapper/2" capability=5 scontext=u:r:kernel:s0 tcontext=u:r:kernel:s0 tclass=capability permissive=0
11-29 04:12:53.079 0 0 I auditd : type=1400 audit(0.0:4253): avc: denied { kill } for comm="swapper/2" capability=5 scontext=u:r:kernel:s0 tcontext=u:r:kernel:s0 tclass=capability permissive=0
11-29 04:12:54.079 0 0 I auditd : type=1400 audit(0.0:4254): avc: denied { kill } for comm="swapper/2" capability=5 scontext=u:r:kernel:s0 tcontext=u:r:kernel:s0 tclass=capability permissive=0
11-29 04:12:55.079 0 0 I auditd : type=1400 audit(0.0:4255): avc: denied { kill } for comm="swapper/2" capability=5 scontext=u:r:kernel:s0 tcontext=u:r:kernel:s0 tclass=capability permissive=0
11-29 04:12:56.079 0 0 I auditd : type=1400 audit(0.0:4256): avc: denied { kill } for comm="swapper/2" capability=5 scontext=u:r:kernel:s0 tcontext=u:r:kernel:s0 tclass=capability permissive=0
11-29 04:12:57.079 0 0 I auditd : type=1400 audit(0.0:4257): avc: denied { kill } for comm="swapper/2" capability=5 scontext=u:r:kernel:s0 tcontext=u:r:kernel:s0 tclass=capability permissive=0
11-29 04:12:57.944 1491 1723 I netstats_mobile_sample: [0,0,0,0,0,0,0,0,0,0,0,0,1669666377944]
11-29 04:12:57.944 1491 1723 I netstats_wifi_sample: [81229172,188341,36665723,87308,81229172,188341,36665723,87308,98015710,329858,18713812,45640,1669666377944]
11-29 04:12:59.079 0 0 I auditd : type=1400 audit(0.0:4258): avc: denied { kill } for comm="swapper/1" capability=5 scontext=u:r:kernel:s0 tcontext=u:r:kernel:s0 tclass=capability permissive=0
11-29 04:13:00.079 0 0 I auditd : type=1400 audit(0.0:4259): avc: denied { kill } for comm="swapper/1" capability=5 scontext=u:r:kernel:s0 tcontext=u:r:kernel:s0 tclass=capability permissive=0
11-29 04:13:02.079 0 0 I auditd : type=1400 audit(0.0:4260): avc: denied { kill } for comm="swapper/1" capability=5 scontext=u:r:kernel:s0 tcontext=u:r:kernel:s0 tclass=capability permissive=0
11-29 04:13:04.079 0 0 I auditd : type=1400 audit(0.0:4261): avc: denied { kill } for comm="swapper/1" capability=5 scontext=u:r:kernel:s0 tcontext=u:r:kernel:s0 tclass=capability permissive=0
11-29 04:13:05.079 0 0 I auditd : type=1400 audit(0.0:4262): avc: denied { kill } for comm="swapper/1" capability=5 scontext=u:r:kernel:s0 tcontext=u:r:kernel:s0 tclass=capability permissive=0
11-29 04:13:06.079 0 0 I auditd : type=1400 audit(0.0:4263): avc: denied { kill } for comm="swapper/1" capability=5 scontext=u:r:kernel:s0 tcontext=u:r:kernel:s0 tclass=capability permissive=0
11-29 04:13:07.079 0 0 I auditd : type=1400 audit(0.0:4264): avc: denied { kill } for comm="swapper/1" capability=5 scontext=u:r:kernel:s0 tcontext=u:r:kernel:s0 tclass=capability permissive=0
11-29 04:13:08.079 0 0 I auditd : type=1400 audit(0.0:4265): avc: denied { kill } for comm="swapper/1" capability=5 scontext=u:r:kernel:s0 tcontext=u:r:kernel:s0 tclass=capability permissive=0
11-29 04:13:09.079 0 0 I auditd : type=1400 audit(0.0:4266): avc: denied { kill } for comm="swapper/1" capability=5 scontext=u:r:kernel:s0 tcontext=u:r:kernel:s0 tclass=capability permissive=0
11-29 04:13:10.079 592 592 I auditd : type=1400 audit(0.0:4267): avc: denied { kill } for comm="kworker/u17:3" capability=5 scontext=u:r:kernel:s0 tcontext=u:r:kernel:s0 tclass=capability permissive=0
11-29 04:13:11.079 0 0 I auditd : type=1400 audit(0.0:4268): avc: denied { kill } for comm="swapper/1" capability=5 scontext=u:r:kernel:s0 tcontext=u:r:kernel:s0 tclass=capability permissive=0
11-29 04:13:11.556 1491 1674 D ActivityManager: freezing 12458 com.android.gallery3d
11-29 04:13:11.556 1491 1674 E ActivityManager: Unable to freeze binder for 12458 com.android.gallery3d
11-29 04:13:11.559 1491 1674 D ActivityManager: froze 12458 com.android.gallery3d
11-29 04:13:11.559 1491 1674 I am_freeze: [12458,com.android.gallery3d]
11-29 04:13:11.559 1491 1674 E ActivityManager: Unable to freeze binder for 12458 com.android.gallery3d
11-29 04:13:11.561 1491 1674 I ActivityManager: Killing 12458:com.android.gallery3d/u0a68 (adj 900): Unable to freeze binder interface
11-29 04:13:11.562 1491 1674 I am_kill : [0,12458,com.android.gallery3d,900,Unable to freeze binder interface]
11-29 04:13:11.617 1491 9370 I am_proc_died: [0,12458,com.android.gallery3d,900,18]
11-29 04:13:11.618 1491 9370 I am_uid_stopped: 10068
11-29 04:13:11.619 1491 1599 W ActivityManager: setHasOverlayUi called on unknown pid: 12458
11-29 04:13:11.625 1491 1599 I am_uid_running: 10068
11-29 04:13:11.625 1491 1599 D CompatibilityChangeReporter: Compat change id reported: 135634846; UID 10068; state: DISABLED
11-29 04:13:11.626 1491 1599 D CompatibilityChangeReporter: Compat change id reported: 177438394; UID 10068; state: DISABLED
11-29 04:13:11.626 1491 1599 D CompatibilityChangeReporter: Compat change id reported: 135772972; UID 10068; state: DISABLED
11-29 04:13:11.626 1491 1599 D CompatibilityChangeReporter: Compat change id reported: 135754954; UID 10068; state: DISABLED
11-29 04:13:11.626 1491 1609 D CompatibilityChangeReporter: Compat change id reported: 143937733; UID 10068; state: DISABLED
11-29 04:13:11.631 1491 1607 I am_pss : [14307,10020,com.hryt.hiphishowfsecontrol,18380800,14757888,0,106921984,0,19,7]
11-29 04:13:11.637 1491 1607 I am_pss : [14308,10064,com.android.calendar,6528000,4030464,0,91553792,0,19,4]
11-29 04:13:11.638 1491 1609 I am_proc_start: [0,14350,10068,com.android.gallery3d,NULL,]
11-29 04:13:11.639 1491 1609 I ActivityManager: Start proc 14350:com.android.gallery3d/u0a68 for null
11-29 04:13:11.678 1491 9370 I am_proc_bound: [0,14350,com.android.gallery3d]
11-29 04:13:12.079 0 0 I auditd : type=1400 audit(0.0:4269): avc: denied { kill } for comm="swapper/1" capability=5 scontext=u:r:kernel:s0 tcontext=u:r:kernel:s0 tclass=capability permissive=0
11-29 04:13:13.079 0 0 I auditd : type=1400 audit(0.0:4270): avc: denied { kill } for comm="swapper/1" capability=5 scontext=u:r:kernel:s0 tcontext=u:r:kernel:s0 tclass=capability permissive=0
11-29 04:13:14.079 0 0 I auditd : type=1400 audit(0.0:4271): avc: denied { kill } for comm="swapper/1" capability=5 scontext=u:r:kernel:s0 tcontext=u:r:kernel:s0 tclass=capability permissive=0
11-29 04:13:15.079 0 0 I auditd : type=1400 audit(0.0:4272): avc: denied { kill } for comm="swapper/1" capability=5 scontext=u:r:kernel:s0 tcontext=u:r:kernel:s0 tclass=capability permissive=0
11-29 04:13:16.079 0 0 I auditd : type=1400 audit(0.0:4273): avc: denied { kill } for comm="swapper/1" capability=5 scontext=u:r:kernel:s0 tcontext=u:r:kernel:s0 tclass=capability permissive=0
11-29 04:13:17.079 0 0 I auditd : type=1400 audit(0.0:4274): avc: denied { kill } for comm="swapper/1" capability=5 scontext=u:r:kernel:s0 tcontext=u:r:kernel:s0 tclass=capability permissive=0
11-29 04:13:18.079 0 0 I auditd : type=1400 audit(0.0:4275): avc: denied { kill } for comm="swapper/1" capability=5 scontext=u:r:kernel:s0 tcontext=u:r:kernel:s0 tclass=capability permissive=0
11-29 04:13:19.079 0 0 I auditd : type=1400 audit(0.0:4276): avc: denied { kill } for comm="swapper/1" capability=5 scontext=u:r:kernel:s0 tcontext=u:r:kernel:s0 tclass=capability permissive=0
11-29 04:13:20.079 0 0 I auditd : type=1400 audit(0.0:4277): avc: denied { kill } for comm="swapper/1" capability=5 scontext=u:r:kernel:s0 tcontext=u:r:kernel:s0 tclass=capability permissive=0
11-29 04:13:21.079 0 0 I auditd : type=1400 audit(0.0:4278): avc: denied { kill } for comm="swapper/1" capability=5 scontext=u:r:kernel:s0 tcontext=u:r:kernel:s0 tclass=capability permissive=0
11-29 04:13:22.079 0 0 I auditd : type=1400 audit(0.0:4279): avc: denied { kill } for comm="swapper/1" capability=5 scontext=u:r:kernel:s0 tcontext=u:r:kernel:s0 tclass=capability permissive=0
11-29 04:13:23.079 0 0 I auditd : type=1400 audit(0.0:4280): avc: denied { kill } for comm="swapper/1" capability=5 scontext=u:r:kernel:s0 tcontext=u:r:kernel:s0 tclass=capability permissive=0
11-29 04:13:24.079 0 0 I auditd : type=1400 audit(0.0:4281): avc: denied { kill } for comm="swapper/1" capability=5 scontext=u:r:kernel:s0 tcontext=u:r:kernel:s0 tclass=capability permissive=0
11-29 04:13:25.079 0 0 I auditd : type=1400 audit(0.0:4282): avc: denied { kill } for comm="swapper/1" capability=5 scontext=u:r:kernel:s0 tcontext=u:r:kernel:s0 tclass=capability permissive=0
11-29 04:13:26.079 0 0 I auditd : type=1400 audit(0.0:4283): avc: denied { kill } for comm="swapper/1" capability=5 scontext=u:r:kernel:s0 tcontext=u:r:kernel:s0 tclass=capability permissive=0
11-29 04:13:27.079 0 0 I auditd : type=1400 audit(0.0:4284): avc: denied { kill } for comm="swapper/1" capability=5 scontext=u:r:kernel:s0 tcontext=u:r:kernel:s0 tclass=capability permissive=0
11-29 04:13:28.079 0 0 I auditd : type=1400 audit(0.0:4285): avc: denied { kill } for comm="swapper/1" capability=5 scontext=u:r:kernel:s0 tcontext=u:r:kernel:s0 tclass=capability permissive=0
11-29 04:13:29.079 0 0 I auditd : type=1400 audit(0.0:4286): avc: denied { kill } for comm="swapper/1" capability=5 scontext=u:r:kernel:s0 tcontext=u:r:kernel:s0 tclass=capability permissive=0
11-29 04:13:30.079 0 0 I auditd : type=1400 audit(0.0:4287): avc: denied { kill } for comm="swapper/1" capability=5 scontext=u:r:kernel:s0 tcontext=u:r:kernel:s0 tclass=capability permissive=0
11-29 04:13:31.079 0 0 I auditd : type=1400 audit(0.0:4288): avc: denied { kill } for comm="swapper/1" capability=5 scontext=u:r:kernel:s0 tcontext=u:r:kernel:s0 tclass=capability permissive=0
11-29 04:13:32.079 0 0 I auditd : type=1400 audit(0.0:4289): avc: denied { kill } for comm="swapper/1" capability=5 scontext=u:r:kernel:s0 tcontext=u:r:kernel:s0 tclass=capability permissive=0
11-29 04:13:33.079 0 0 I auditd : type=1400 audit(0.0:4290): avc: denied { kill } for comm="swapper/1" capability=5 scontext=u:r:kernel:s0 tcontext=u:r:kernel:s0 tclass=capability permissive=0
11-29 04:13:34.079 0 0 I auditd : type=1400 audit(0.0:4291): avc: denied { kill } for comm="swapper/1" capability=5 scontext=u:r:kernel:s0 tcontext=u:r:kernel:s0 tclass=capability permissive=0
11-29 04:13:35.079 0 0 I auditd : type=1400 audit(0.0:4292): avc: denied { kill } for comm="swapper/1" capability=5 scontext=u:r:kernel:s0 tcontext=u:r:kernel:s0 tclass=capability permissive=0
11-29 04:13:36.079 0 0 I auditd : type=1400 audit(0.0:4293): avc: denied { kill } for comm="swapper/1" capability=5 scontext=u:r:kernel:s0 tcontext=u:r:kernel:s0 tclass=capability permissive=0
11-29 04:13:37.079 0 0 I auditd : type=1400 audit(0.0:4294): avc: denied { kill } for comm="swapper/1" capability=5 scontext=u:r:kernel:s0 tcontext=u:r:kernel:s0 tclass=capability permissive=0
11-29 04:13:38.079 0 0 I auditd : type=1400 audit(0.0:4295): avc: denied { kill } for comm="swapper/1" capability=5 scontext=u:r:kernel:s0 tcontext=u:r:kernel:s0 tclass=capability permissive=0
11-29 04:13:39.079 0 0 I auditd : type=1400 audit(0.0:4296): avc: denied { kill } for comm="swapper/1" capability=5 scontext=u:r:kernel:s0 tcontext=u:r:kernel:s0 tclass=capability permissive=0
11-29 04:13:40.079 0 0 I auditd : type=1400 audit(0.0:4297): avc: denied { kill } for comm="swapper/1" capability=5 scontext=u:r:kernel:s0 tcontext=u:r:kernel:s0 tclass=capability permissive=0
11-29 04:13:41.079 0 0 I auditd : type=1400 audit(0.0:4298): avc: denied { kill } for comm="swapper/1" capability=5 scontext=u:r:kernel:s0 tcontext=u:r:kernel:s0 tclass=capability permissive=0
11-29 04:13:41.606 1491 1618 W BatteryExternalStatsWorker: error reading modem stats:ERROR_PHONE_NOT_AVAILABLE
11-29 04:13:41.639 1491 1618 E KernelCpuSpeedReader: Failed to read cpu-freq: /sys/devices/system/cpu/cpu4/cpufreq/stats/time_in_state: open failed: ENOENT (No such file or directory)
11-29 04:13:41.639 1491 1618 E KernelCpuSpeedReader: Failed to read cpu-freq: /sys/devices/system/cpu/cpu0/cpufreq/stats/time_in_state: open failed: ENOENT (No such file or directory)
11-29 04:13:41.639 568 568 I auditd : type=1400 audit(0.0:4299): avc: denied { read } for comm="Binder:568_2" name="wakeup58" dev="sysfs" ino=71848 scontext=u:r:system_suspend:s0 tcontext=u:object_r:sysfs:s0 tclass=dir permissive=0
11-29 04:13:41.639 568 568 I auditd : type=1400 audit(0.0:4300): avc: denied { read } for comm="Binder:568_2" name="wakeup48" dev="sysfs" ino=67173 scontext=u:r:system_suspend:s0 tcontext=u:object_r:sysfs:s0 tclass=dir permissive=0
11-29 04:13:41.639 568 568 I auditd : type=1400 audit(0.0:4301): avc: denied { read } for comm="Binder:568_2" name="wakeup4" dev="sysfs" ino=47032 scontext=u:r:system_suspend:s0 tcontext=u:object_r:sysfs:s0 tclass=dir permissive=0
11-29 04:13:41.639 568 568 I auditd : type=1400 audit(0.0:4302): avc: denied { read } for comm="Binder:568_2" name="wakeup76" dev="sysfs" ino=76854 scontext=u:r:system_suspend:s0 tcontext=u:object_r:sysfs:s0 tclass=dir permissive=0
11-29 04:13:41.677 1491 1618 D KernelCpuUidUserSysTimeReader: Removing uids 90000-90000
11-29 04:13:41.686 1491 1607 I commit_sys_config_file: [batterystats,6]
11-29 04:13:41.687 1491 1607 I commit_sys_config_file: [batterystats,1]
11-29 04:13:43.079 0 0 I auditd : type=1400 audit(0.0:4349): avc: denied { kill } for comm="swapper/1" capability=5 scontext=u:r:kernel:s0 tcontext=u:r:kernel:s0 tclass=capability permissive=0
11-29 04:13:44.079 0 0 I auditd : type=1400 audit(0.0:4350): avc: denied { kill } for comm="swapper/1" capability=5 scontext=u:r:kernel:s0 tcontext=u:r:kernel:s0 tclass=capability permissive=0
11-29 04:13:45.079 0 0 I auditd : type=1400 audit(0.0:4351): avc: denied { kill } for comm="swapper/1" capability=5 scontext=u:r:kernel:s0 tcontext=u:r:kernel:s0 tclass=capability permissive=0
11-29 04:13:46.079 0 0 I auditd : type=1400 audit(0.0:4352): avc: denied { kill } for comm="swapper/1" capability=5 scontext=u:r:kernel:s0 tcontext=u:r:kernel:s0 tclass=capability permissive=0
11-29 04:13:47.079 0 0 I auditd : type=1400 audit(0.0:4353): avc: denied { kill } for comm="swapper/1" capability=5 scontext=u:r:kernel:s0 tcontext=u:r:kernel:s0 tclass=capability permissive=0
11-29 04:13:48.079 0 0 I auditd : type=1400 audit(0.0:4354): avc: denied { kill } for comm="swapper/1" capability=5 scontext=u:r:kernel:s0 tcontext=u:r:kernel:s0 tclass=capability permissive=0
11-29 04:13:49.079 0 0 I auditd : type=1400 audit(0.0:4355): avc: denied { kill } for comm="swapper/1" capability=5 scontext=u:r:kernel:s0 tcontext=u:r:kernel:s0 tclass=capability permissive=0
11-29 04:13:50.079 0 0 I auditd : type=1400 audit(0.0:4356): avc: denied { kill } for comm="swapper/1" capability=5 scontext=u:r:kernel:s0 tcontext=u:r:kernel:s0 tclass=capability permissive=0
11-29 04:13:51.079 0 0 I auditd : type=1400 audit(0.0:4357): avc: denied { kill } for comm="swapper/1" capability=5 scontext=u:r:kernel:s0 tcontext=u:r:kernel:s0 tclass=capability permissive=0
11-29 04:13:51.301 1491 1607 I UsageStatsService: User[0] Flushing usage stats to disk
11-29 04:13:52.079 0 0 I auditd : type=1400 audit(0.0:4358): avc: denied { kill } for comm="swapper/1" capability=5 scontext=u:r:kernel:s0 tcontext=u:r:kernel:s0 tclass=capability permissive=0
11-29 04:13:53.079 0 0 I auditd : type=1400 audit(0.0:4359): avc: denied { kill } for comm="swapper/1" capability=5 scontext=u:r:kernel:s0 tcontext=u:r:kernel:s0 tclass=capability permissive=0
11-29 04:13:55.079 0 0 I auditd : type=1400 audit(0.0:4360): avc: denied { kill } for comm="swapper/1" capability=5 scontext=u:r:kernel:s0 tcontext=u:r:kernel:s0 tclass=capability permissive=0
11-29 04:13:56.079 0 0 I auditd : type=1400 audit(0.0:4361): avc: denied { kill } for comm="swapper/1" capability=5 scontext=u:r:kernel:s0 tcontext=u:r:kernel:s0 tclass=capability permissive=0
11-29 04:13:57.079 0 0 I auditd : type=1400 audit(0.0:4362): avc: denied { kill } for comm="swapper/1" capability=5 scontext=u:r:kernel:s0 tcontext=u:r:kernel:s0 tclass=capability permissive=0
11-29 04:13:58.079 13986 13986 I auditd : type=1400 audit(0.0:4363): avc: denied { kill } for comm="kworker/u16:15" capability=5 scontext=u:r:kernel:s0 tcontext=u:r:kernel:s0 tclass=capability permissive=0
11-29 04:14:00.079 0 0 I auditd : type=1400 audit(0.0:4364): avc: denied { kill } for comm="swapper/1" capability=5 scontext=u:r:kernel:s0 tcontext=u:r:kernel:s0 tclass=capability permissive=0
11-29 04:14:02.079 0 0 I auditd : type=1400 audit(0.0:4365): avc: denied { kill } for comm="swapper/1" capability=5 scontext=u:r:kernel:s0 tcontext=u:r:kernel:s0 tclass=capability permissive=0
11-29 04:14:02.939 501 512 I auditd : type=1401 audit(0.0:4366): op=security_compute_sid invalid_context=u:r:np_thundercomm_tlog_pstore:s0 scontext=u:r:init:s0 tcontext=u:object_r:np_thundercomm_tlog_pstore_exec:s0 tclass=process
11-29 04:14:05.079 0 0 I auditd : type=1400 audit(0.0:4367): avc: denied { kill } for comm="swapper/0" capability=5 scontext=u:r:kernel:s0 tcontext=u:r:kernel:s0 tclass=capability permissive=0
11-29 04:14:05.363 14399 14399 I auditd : type=1400 audit(0.0:4368): avc: denied { read } for comm="ls" name="/" dev="dm-5" ino=2 scontext=u:r:system_app:s0 tcontext=u:object_r:rootfs:s0 tclass=dir permissive=0
11-29 04:14:05.407 14403 14403 I auditd : type=1400 audit(0.0:4369): avc: denied { read } for comm="ls" name="/" dev="dm-5" ino=2 scontext=u:r:system_app:s0 tcontext=u:object_r:rootfs:s0 tclass=dir permissive=0
11-29 04:14:06.079 0 0 I auditd : type=1400 audit(0.0:4370): avc: denied { kill } for comm="swapper/0" capability=5 scontext=u:r:kernel:s0 tcontext=u:r:kernel:s0 tclass=capability permissive=0
11-29 04:14:07.079 0 0 I auditd : type=1400 audit(0.0:4371): avc: denied { kill } for comm="swapper/0" capability=5 scontext=u:r:kernel:s0 tcontext=u:r:kernel:s0 tclass=capability permissive=0
11-29 04:14:08.079 0 0 I auditd : type=1400 audit(0.0:4372): avc: denied { kill } for comm="swapper/0" capability=5 scontext=u:r:kernel:s0 tcontext=u:r:kernel:s0 tclass=capability permissive=0
11-29 04:14:09.079 0 0 I auditd : type=1400 audit(0.0:4373): avc: denied { kill } for comm="swapper/0" capability=5 scontext=u:r:kernel:s0 tcontext=u:r:kernel:s0 tclass=capability permissive=0
11-29 04:14:10.079 0 0 I auditd : type=1400 audit(0.0:4374): avc: denied { kill } for comm="swapper/0" capability=5 scontext=u:r:kernel:s0 tcontext=u:r:kernel:s0 tclass=capability permissive=0
11-29 04:14:11.079 0 0 I auditd : type=1400 audit(0.0:4375): avc: denied { kill } for comm="swapper/0" capability=5 scontext=u:r:kernel:s0 tcontext=u:r:kernel:s0 tclass=capability permissive=0
11-29 04:14:12.006 1491 1723 I netstats_mobile_sample: [0,0,0,0,0,0,0,0,0,0,0,0,1669666452006]
11-29 04:14:12.007 1491 1723 I netstats_wifi_sample: [82880390,192134,37492243,89188,82880390,192134,37492243,89188,99985366,336051,19128296,46594,1669666452006]
11-29 04:14:12.079 0 0 I auditd : type=1400 audit(0.0:4376): avc: denied { kill } for comm="swapper/0" capability=5 scontext=u:r:kernel:s0 tcontext=u:r:kernel:s0 tclass=capability permissive=0
11-29 04:14:13.079 0 0 I auditd : type=1400 audit(0.0:4377): avc: denied { kill } for comm="swapper/0" capability=5 scontext=u:r:kernel:s0 tcontext=u:r:kernel:s0 tclass=capability permissive=0
11-29 04:14:15.079 0 0 I auditd : type=1400 audit(0.0:4378): avc: denied { kill } for comm="swapper/0" capability=5 scontext=u:r:kernel:s0 tcontext=u:r:kernel:s0 tclass=capability permissive=0
11-29 04:14:17.079 0 0 I auditd : type=1400 audit(0.0:4379): avc: denied { kill } for comm="swapper/2" capability=5 scontext=u:r:kernel:s0 tcontext=u:r:kernel:s0 tclass=capability permissive=0
11-29 04:14:18.079 0 0 I auditd : type=1400 audit(0.0:4380): avc: denied { kill } for comm="swapper/2" capability=5 scontext=u:r:kernel:s0 tcontext=u:r:kernel:s0 tclass=capability permissive=0
11-29 04:14:18.697 1491 1723 I netstats_mobile_sample: [0,0,0,0,0,0,0,0,0,0,0,0,1669666458697]
11-29 04:14:18.698 1491 1723 I netstats_wifi_sample: [83025465,192462,37570207,89364,83025465,192462,37570207,89364,100148081,336518,19167526,46684,1669666458697]
11-29 04:14:18.699 1491 1607 I commit_sys_config_file: [procstats,16]
11-29 04:14:19.079 0 0 I auditd : type=1400 audit(0.0:4381): avc: denied { kill } for comm="swapper/2" capability=5 scontext=u:r:kernel:s0 tcontext=u:r:kernel:s0 tclass=capability permissive=0
11-29 04:14:20.079 0 0 I auditd : type=1400 audit(0.0:4382): avc: denied { kill } for comm="swapper/2" capability=5 scontext=u:r:kernel:s0 tcontext=u:r:kernel:s0 tclass=capability permissive=0
11-29 04:14:21.079 0 0 I auditd : type=1400 audit(0.0:4383): avc: denied { kill } for comm="swapper/2" capability=5 scontext=u:r:kernel:s0 tcontext=u:r:kernel:s0 tclass=capability permissive=0
11-29 04:14:22.079 0 0 I auditd : type=1400 audit(0.0:4384): avc: denied { kill } for comm="swapper/2" capability=5 scontext=u:r:kernel:s0 tcontext=u:r:kernel:s0 tclass=capability permissive=0
11-29 04:14:23.079 0 0 I auditd : type=1400 audit(0.0:4385): avc: denied { kill } for comm="swapper/2" capability=5 scontext=u:r:kernel:s0 tcontext=u:r:kernel:s0 tclass=capability permissive=0
11-29 04:14:24.079 0 0 I auditd : type=1400 audit(0.0:4386): avc: denied { kill } for comm="swapper/2" capability=5 scontext=u:r:kernel:s0 tcontext=u:r:kernel:s0 tclass=capability permissive=0
11-29 04:14:25.079 0 0 I auditd : type=1400 audit(0.0:4387): avc: denied { kill } for comm="swapper/2" capability=5 scontext=u:r:kernel:s0 tcontext=u:r:kernel:s0 tclass=capability permissive=0
11-29 04:14:26.079 0 0 I auditd : type=1400 audit(0.0:4388): avc: denied { kill } for comm="swapper/2" capability=5 scontext=u:r:kernel:s0 tcontext=u:r:kernel:s0 tclass=capability permissive=0
11-29 04:14:27.079 0 0 I auditd : type=1400 audit(0.0:4389): avc: denied { kill } for comm="swapper/2" capability=5 scontext=u:r:kernel:s0 tcontext=u:r:kernel:s0 tclass=capability permissive=0
11-29 04:14:28.079 0 0 I auditd : type=1400 audit(0.0:4390): avc: denied { kill } for comm="swapper/2" capability=5 scontext=u:r:kernel:s0 tcontext=u:r:kernel:s0 tclass=capability permissive=0
11-29 04:14:29.079 0 0 I auditd : type=1400 audit(0.0:4391): avc: denied { kill } for comm="swapper/2" capability=5 scontext=u:r:kernel:s0 tcontext=u:r:kernel:s0 tclass=capability permissive=0
11-29 04:14:30.079 0 0 I auditd : type=1400 audit(0.0:4392): avc: denied { kill } for comm="swapper/2" capability=5 scontext=u:r:kernel:s0 tcontext=u:r:kernel:s0 tclass=capability permissive=0
11-29 04:14:31.079 0 0 I auditd : type=1400 audit(0.0:4393): avc: denied { kill } for comm="swapper/2" capability=5 scontext=u:r:kernel:s0 tcontext=u:r:kernel:s0 tclass=capability permissive=0
11-29 04:14:32.079 0 0 I auditd : type=1400 audit(0.0:4394): avc: denied { kill } for comm="swapper/2" capability=5 scontext=u:r:kernel:s0 tcontext=u:r:kernel:s0 tclass=capability permissive=0
11-29 04:14:33.079 0 0 I auditd : type=1400 audit(0.0:4395): avc: denied { kill } for comm="swapper/2" capability=5 scontext=u:r:kernel:s0 tcontext=u:r:kernel:s0 tclass=capability permissive=0
11-29 04:14:34.079 0 0 I auditd : type=1400 audit(0.0:4396): avc: denied { kill } for comm="swapper/2" capability=5 scontext=u:r:kernel:s0 tcontext=u:r:kernel:s0 tclass=capability permissive=0
11-29 04:14:35.079 0 0 I auditd : type=1400 audit(0.0:4397): avc: denied { kill } for comm="swapper/2" capability=5 scontext=u:r:kernel:s0 tcontext=u:r:kernel:s0 tclass=capability permissive=0
11-29 04:14:36.079 0 0 I auditd : type=1400 audit(0.0:4398): avc: denied { kill } for comm="swapper/2" capability=5 scontext=u:r:kernel:s0 tcontext=u:r:kernel:s0 tclass=capability permissive=0
11-29 04:14:37.079 0 0 I auditd : type=1400 audit(0.0:4399): avc: denied { kill } for comm="swapper/2" capability=5 scontext=u:r:kernel:s0 tcontext=u:r:kernel:s0 tclass=capability permissive=0
11-29 04:14:38.079 0 0 I auditd : type=1400 audit(0.0:4400): avc: denied { kill } for comm="swapper/2" capability=5 scontext=u:r:kernel:s0 tcontext=u:r:kernel:s0 tclass=capability permissive=0
11-29 04:14:39.079 0 0 I auditd : type=1400 audit(0.0:4401): avc: denied { kill } for comm="swapper/2" capability=5 scontext=u:r:kernel:s0 tcontext=u:r:kernel:s0 tclass=capability permissive=0
11-29 04:14:40.079 0 0 I auditd : type=1400 audit(0.0:4402): avc: denied { kill } for comm="swapper/2" capability=5 scontext=u:r:kernel:s0 tcontext=u:r:kernel:s0 tclass=capability permissive=0
11-29 04:14:41.079 0 0 I auditd : type=1400 audit(0.0:4403): avc: denied { kill } for comm="swapper/2" capability=5 scontext=u:r:kernel:s0 tcontext=u:r:kernel:s0 tclass=capability permissive=0
11-29 04:14:42.079 0 0 I auditd : type=1400 audit(0.0:4404): avc: denied { kill } for comm="swapper/2" capability=5 scontext=u:r:kernel:s0 tcontext=u:r:kernel:s0 tclass=capability permissive=0
11-29 04:14:43.079 0 0 I auditd : type=1400 audit(0.0:4405): avc: denied { kill } for comm="swapper/2" capability=5 scontext=u:r:kernel:s0 tcontext=u:r:kernel:s0 tclass=capability permissive=0
11-29 04:14:45.079 0 0 I auditd : type=1400 audit(0.0:4406): avc: denied { kill } for comm="swapper/2" capability=5 scontext=u:r:kernel:s0 tcontext=u:r:kernel:s0 tclass=capability permissive=0
11-29 04:14:46.079 0 0 I auditd : type=1400 audit(0.0:4407): avc: denied { kill } for comm="swapper/2" capability=5 scontext=u:r:kernel:s0 tcontext=u:r:kernel:s0 tclass=capability permissive=0
11-29 04:14:47.079 0 0 I auditd : type=1400 audit(0.0:4408): avc: denied { kill } for comm="swapper/2" capability=5 scontext=u:r:kernel:s0 tcontext=u:r:kernel:s0 tclass=capability permissive=0
11-29 04:14:48.079 0 0 I auditd : type=1400 audit(0.0:4409): avc: denied { kill } for comm="swapper/2" capability=5 scontext=u:r:kernel:s0 tcontext=u:r:kernel:s0 tclass=capability permissive=0
11-29 04:14:49.079 0 0 I auditd : type=1400 audit(0.0:4410): avc: denied { kill } for comm="swapper/2" capability=5 scontext=u:r:kernel:s0 tcontext=u:r:kernel:s0 tclass=capability permissive=0
11-29 04:14:50.079 0 0 I auditd : type=1400 audit(0.0:4411): avc: denied { kill } for comm="swapper/2" capability=5 scontext=u:r:kernel:s0 tcontext=u:r:kernel:s0 tclass=capability permissive=0
11-29 04:14:51.079 0 0 I auditd : type=1400 audit(0.0:4412): avc: denied { kill } for comm="swapper/2" capability=5 scontext=u:r:kernel:s0 tcontext=u:r:kernel:s0 tclass=capability permissive=0
11-29 04:14:52.079 0 0 I auditd : type=1400 audit(0.0:4413): avc: denied { kill } for comm="swapper/2" capability=5 scontext=u:r:kernel:s0 tcontext=u:r:kernel:s0 tclass=capability permissive=0
11-29 04:14:53.079 0 0 I auditd : type=1400 audit(0.0:4414): avc: denied { kill } for comm="swapper/2" capability=5 scontext=u:r:kernel:s0 tcontext=u:r:kernel:s0 tclass=capability permissive=0
11-29 04:14:55.079 0 0 I auditd : type=1400 audit(0.0:4415): avc: denied { kill } for comm="swapper/2" capability=5 scontext=u:r:kernel:s0 tcontext=u:r:kernel:s0 tclass=capability permissive=0
11-29 04:14:56.079 0 0 I auditd : type=1400 audit(0.0:4416): avc: denied { kill } for comm="swapper/2" capability=5 scontext=u:r:kernel:s0 tcontext=u:r:kernel:s0 tclass=capability permissive=0
11-29 04:14:57.079 0 0 I auditd : type=1400 audit(0.0:4417): avc: denied { kill } for comm="swapper/2" capability=5 scontext=u:r:kernel:s0 tcontext=u:r:kernel:s0 tclass=capability permissive=0
11-29 04:14:58.079 0 0 I auditd : type=1400 audit(0.0:4418): avc: denied { kill } for comm="swapper/2" capability=5 scontext=u:r:kernel:s0 tcontext=u:r:kernel:s0 tclass=capability permissive=0
11-29 04:14:59.079 9788 9788 I auditd : type=1400 audit(0.0:4419): avc: denied { kill } for comm="kworker/u17:0" capability=5 scontext=u:r:kernel:s0 tcontext=u:r:kernel:s0 tclass=capability permissive=0
