11-29 03:59:40.964 1491 1874 E DisplayDeviceConfig: requesting nits when no mapping exists.
11-29 03:59:40.964 1491 1874 E DisplayDeviceConfig: requesting nits when no mapping exists.
11-29 03:59:40.980 1491 1874 E DisplayDeviceConfig: requesting nits when no mapping exists.
11-29 03:59:40.981 1491 1874 E DisplayDeviceConfig: requesting nits when no mapping exists.
11-29 03:59:41.003 1491 1874 E DisplayDeviceConfig: requesting nits when no mapping exists.
11-29 03:59:41.005 1491 1874 E DisplayDeviceConfig: requesting nits when no mapping exists.
11-29 03:59:41.014 1491 1874 E DisplayDeviceConfig: requesting nits when no mapping exists.
11-29 03:59:41.015 1491 1874 E DisplayDeviceConfig: requesting nits when no mapping exists.
11-29 03:59:41.028 1491 1874 E DisplayDeviceConfig: requesting nits when no mapping exists.
11-29 03:59:41.032 1491 1874 E DisplayDeviceConfig: requesting nits when no mapping exists.
11-29 03:59:41.045 1491 1874 E DisplayDeviceConfig: requesting nits when no mapping exists.
11-29 03:59:41.045 1491 1874 E DisplayDeviceConfig: requesting nits when no mapping exists.
11-29 03:59:41.057 3714 3731 W ContextImpl: Calling a method in the system process without a qualified user: android.app.ContextImpl.startService:1816 android.content.ContextWrapper.startService:774 com.thundercomm.gamemode.ingame.services.GameModeActionUtils.startGameModeService:93 com.thundercomm.gamemode.ingame.services.GameModeActionUtils.startGameModeEntry:21 com.thundercomm.gamemode.ingame.services.ActivityMonitoringService$1.onActivityLaunch:127
11-29 03:59:41.061 1491 1874 E DisplayDeviceConfig: requesting nits when no mapping exists.
11-29 03:59:41.062 1491 1874 E DisplayDeviceConfig: requesting nits when no mapping exists.
11-29 03:59:41.063 1491 1491 I GameModeConfig: Current uri is uri = content://com.thundercomm.gamemode.api/gamemode_settings/gamemode_isgaming
11-29 03:59:41.071 1491 1491 I GameModeConfig: isGameModeOn = false
11-29 03:59:41.071 1491 1491 I GameModeConfig: isGameModeOn = false
11-29 03:59:41.071 1491 1491 I GameModeConfig: isDisableVoice = true
11-29 03:59:41.079 1491 1874 E DisplayDeviceConfig: requesting nits when no mapping exists.
11-29 03:59:41.079 1491 1874 E DisplayDeviceConfig: requesting nits when no mapping exists.
11-29 03:59:41.095 1491 1874 E DisplayDeviceConfig: requesting nits when no mapping exists.
11-29 03:59:41.096 1491 1874 E DisplayDeviceConfig: requesting nits when no mapping exists.
11-29 03:59:41.112 1491 1874 E DisplayDeviceConfig: requesting nits when no mapping exists.
11-29 03:59:41.113 1491 1874 E DisplayDeviceConfig: requesting nits when no mapping exists.
11-29 03:59:41.128 1491 1874 E DisplayDeviceConfig: requesting nits when no mapping exists.
11-29 03:59:41.129 1491 1874 E DisplayDeviceConfig: requesting nits when no mapping exists.
11-29 03:59:41.145 1491 1874 E DisplayDeviceConfig: requesting nits when no mapping exists.
11-29 03:59:41.145 1491 1874 E DisplayDeviceConfig: requesting nits when no mapping exists.
11-29 03:59:41.162 1491 1874 E DisplayDeviceConfig: requesting nits when no mapping exists.
11-29 03:59:41.162 1491 1874 E DisplayDeviceConfig: requesting nits when no mapping exists.
11-29 03:59:41.179 1491 1874 E DisplayDeviceConfig: requesting nits when no mapping exists.
11-29 03:59:41.179 1491 1874 E DisplayDeviceConfig: requesting nits when no mapping exists.
11-29 03:59:41.195 1491 1874 E DisplayDeviceConfig: requesting nits when no mapping exists.
11-29 03:59:41.196 1491 1874 E DisplayDeviceConfig: requesting nits when no mapping exists.
11-29 03:59:41.212 1491 1874 E DisplayDeviceConfig: requesting nits when no mapping exists.
11-29 03:59:41.214 1491 1874 E DisplayDeviceConfig: requesting nits when no mapping exists.
11-29 03:59:41.229 1491 1874 E DisplayDeviceConfig: requesting nits when no mapping exists.
11-29 03:59:41.230 1491 1874 E DisplayDeviceConfig: requesting nits when no mapping exists.
11-29 03:59:41.249 1491 1874 E DisplayDeviceConfig: requesting nits when no mapping exists.
11-29 03:59:41.250 1491 1874 E DisplayDeviceConfig: requesting nits when no mapping exists.
11-29 03:59:41.262 1491 1874 E DisplayDeviceConfig: requesting nits when no mapping exists.
11-29 03:59:41.263 1491 1874 E DisplayDeviceConfig: requesting nits when no mapping exists.
11-29 03:59:41.279 1491 1874 E DisplayDeviceConfig: requesting nits when no mapping exists.
11-29 03:59:41.279 1491 1874 E DisplayDeviceConfig: requesting nits when no mapping exists.
11-29 03:59:41.297 1491 1874 E DisplayDeviceConfig: requesting nits when no mapping exists.
11-29 03:59:41.298 1491 1874 E DisplayDeviceConfig: requesting nits when no mapping exists.
11-29 03:59:41.314 1491 1874 E DisplayDeviceConfig: requesting nits when no mapping exists.
11-29 03:59:41.314 1491 1874 E DisplayDeviceConfig: requesting nits when no mapping exists.
11-29 03:59:41.331 1491 1874 E DisplayDeviceConfig: requesting nits when no mapping exists.
11-29 03:59:41.331 1491 1874 E DisplayDeviceConfig: requesting nits when no mapping exists.
11-29 03:59:41.346 1491 1874 E DisplayDeviceConfig: requesting nits when no mapping exists.
11-29 03:59:41.347 1491 1874 E DisplayDeviceConfig: requesting nits when no mapping exists.
11-29 03:59:41.363 1491 1874 E DisplayDeviceConfig: requesting nits when no mapping exists.
11-29 03:59:41.363 1491 1874 E DisplayDeviceConfig: requesting nits when no mapping exists.
11-29 03:59:41.380 1491 1874 E DisplayDeviceConfig: requesting nits when no mapping exists.
11-29 03:59:41.382 1491 1874 E DisplayDeviceConfig: requesting nits when no mapping exists.
11-29 03:59:41.400 1491 1874 E DisplayDeviceConfig: requesting nits when no mapping exists.
11-29 03:59:41.402 1491 1874 E DisplayDeviceConfig: requesting nits when no mapping exists.
11-29 03:59:41.417 1491 1874 E DisplayDeviceConfig: requesting nits when no mapping exists.
11-29 03:59:41.418 1491 1874 E DisplayDeviceConfig: requesting nits when no mapping exists.
11-29 03:59:50.662 1491 1760 I GameModeConfig: isGameModeOn = false
11-29 03:59:53.189 834 834 E android.hardware.wifi@1.0-service: Failed to open directory: Permission denied
11-29 03:59:53.190 834 834 E android.hardware.wifi@1.0-service: Error occurred while deleting old tombstone files
11-29 03:59:53.190 834 834 E android.hardware.wifi@1.0-service: Error writing files to flash
11-29 04:00:35.444 1491 1525 I DreamManagerService: Gently waking up from dream.
11-29 04:00:35.446 1491 1596 I DreamManagerService: Performing gentle wake from dream.
11-29 04:00:35.448 1491 9682 I ActivityTaskManager: FOREGROUND_APPLICATION_CHANGED to com.android.settings.homepage.SettingsHomepageActivity
11-29 04:00:35.469 3714 3731 W ContextImpl: Calling a method in the system process without a qualified user: android.app.ContextImpl.startService:1816 android.content.ContextWrapper.startService:774 com.thundercomm.gamemode.ingame.services.GameModeActionUtils.startGameModeService:93 com.thundercomm.gamemode.ingame.services.GameModeActionUtils.startGameModeEntry:21 com.thundercomm.gamemode.ingame.services.ActivityMonitoringService$1.onActivityLaunch:127
11-29 04:00:35.476 1491 1491 I GameModeConfig: Current uri is uri = content://com.thundercomm.gamemode.api/gamemode_settings/gamemode_isgaming
11-29 04:00:35.482 1491 1491 I GameModeConfig: isGameModeOn = false
11-29 04:00:35.483 1491 1491 I GameModeConfig: isGameModeOn = false
11-29 04:00:35.483 1491 1491 I GameModeConfig: isDisableVoice = true
11-29 04:00:35.490 1491 1618 W BatteryExternalStatsWorker: error reading modem stats:ERROR_PHONE_NOT_AVAILABLE
11-29 04:00:35.506 1491 9682 D TelephonyRegistry: listen oscl: mHasNotifySubscriptionInfoChangedOccurred==false no callback
11-29 04:00:35.508 1491 9370 D TelephonyRegistry: listen oscl: mHasNotifySubscriptionInfoChangedOccurred==false no callback
11-29 04:00:35.511 1491 1618 E KernelCpuSpeedReader: Failed to read cpu-freq: /sys/devices/system/cpu/cpu4/cpufreq/stats/time_in_state: open failed: ENOENT (No such file or directory)
11-29 04:00:35.511 1491 1618 E KernelCpuSpeedReader: Failed to read cpu-freq: /sys/devices/system/cpu/cpu0/cpufreq/stats/time_in_state: open failed: ENOENT (No such file or directory)
11-29 04:00:35.560 1491 1626 I PowerManagerService: Powering on display group fromDreaming (groupId=0, uid=1000, reason=WAKE_REASON_UNKNOWN, details=android.server.power:DREAM_FINISHED)...
11-29 04:00:35.560 1491 1626 I PowerManagerService: Waking up from Dreaming (uid=1000, reason=WAKE_REASON_UNKNOWN, details=android.server.power:DREAM_FINISHED)...
11-29 04:00:35.568 3714 3731 W ContextImpl: Calling a method in the system process without a qualified user: android.app.ContextImpl.startService:1816 android.content.ContextWrapper.startService:774 com.thundercomm.gamemode.ingame.services.GameModeActionUtils.startGameModeService:93 com.thundercomm.gamemode.ingame.services.GameModeActionUtils.startGameModeEntry:21 com.thundercomm.gamemode.ingame.services.ActivityMonitoringService$1.onActivityLaunch:127
11-29 04:00:35.575 1491 1491 I GameModeConfig: Current uri is uri = content://com.thundercomm.gamemode.api/gamemode_settings/gamemode_isgaming
11-29 04:00:35.576 1491 1491 I GameModeConfig: isGameModeOn = false
11-29 04:00:35.580 1491 1491 I GameModeConfig: isGameModeOn = false
11-29 04:00:35.580 1491 1491 I GameModeConfig: isDisableVoice = true
11-29 04:00:36.080 3714 3731 W ContextImpl: Calling a method in the system process without a qualified user: android.app.ContextImpl.startService:1816 android.content.ContextWrapper.startService:774 com.thundercomm.gamemode.ingame.services.GameModeActionUtils.startGameModeService:93 com.thundercomm.gamemode.ingame.services.GameModeActionUtils.startGameModeEntry:21 com.thundercomm.gamemode.ingame.services.ActivityMonitoringService$1.onActivityLaunch:127
11-29 04:00:36.087 1491 1491 I GameModeConfig: Current uri is uri = content://com.thundercomm.gamemode.api/gamemode_settings/gamemode_isgaming
11-29 04:00:36.090 1491 1491 I GameModeConfig: isGameModeOn = false
11-29 04:00:36.090 1491 1491 I GameModeConfig: isGameModeOn = false
11-29 04:00:36.090 1491 1491 I GameModeConfig: isDisableVoice = true
11-29 04:00:36.105 1491 9682 I DreamManagerService: Leaving dreamland.
11-29 04:00:36.106 1491 1596 I DreamManagerService: Performing gentle wake from dream.
11-29 04:00:36.106 1491 1596 I DreamController: Stopping dream: name=ComponentInfo{com.thundercomm.screensaver/com.thundercomm.saverclock.service.ClockScreensaver}, isTest=false, canDoze=false, userId=0, reason='finished self'(from 'finished self')
11-29 04:00:36.117 1491 1600 W ActivityTaskManager: Can't find TaskDisplayArea to determine support for multi window. Task id=87 attached=false
11-29 04:01:13.379 3714 3731 W ContextImpl: Calling a method in the system process without a qualified user: android.app.ContextImpl.startService:1816 android.content.ContextWrapper.startService:774 com.thundercomm.gamemode.ingame.services.GameModeActionUtils.startGameModeService:93 com.thundercomm.gamemode.ingame.services.GameModeActionUtils.startGameModeEntry:21 com.thundercomm.gamemode.ingame.services.ActivityMonitoringService$1.onActivityLaunch:127
11-29 04:01:13.386 1491 1491 I GameModeConfig: Current uri is uri = content://com.thundercomm.gamemode.api/gamemode_settings/gamemode_isgaming
11-29 04:01:13.392 1491 1491 I GameModeConfig: isGameModeOn = false
11-29 04:01:13.392 1491 1491 I GameModeConfig: isGameModeOn = false
11-29 04:01:13.392 1491 1491 I GameModeConfig: isDisableVoice = true
11-29 04:01:13.407 1491 8943 W ActivityTaskManager: getTaskSnapshot: taskId=5086 not found
11-29 04:01:13.417 1491 9682 W ActivityTaskManager: getTaskSnapshot: taskId=4086 not found
11-29 04:01:13.428 1491 9480 W ActivityTaskManager: getTaskSnapshot: taskId=1086 not found
11-29 04:01:13.429 1491 9480 W ActivityTaskManager: getTaskSnapshot: taskId=5086 not found
11-29 04:01:13.429 1491 9480 W ActivityTaskManager: getTaskSnapshot: taskId=4086 not found
11-29 04:01:13.430 1491 9480 W ActivityTaskManager: getTaskSnapshot: taskId=3086 not found
11-29 04:01:13.433 1491 9682 W ActivityTaskManager: getTaskSnapshot: taskId=2086 not found
11-29 04:01:13.442 1491 8943 W ActivityTaskManager: getTaskSnapshot: taskId=1086 not found
11-29 04:01:14.166 1491 8646 I ActivityTaskManager: FOREGROUND_APPLICATION_CHANGED to com.android.launcher3.uioverrides.QuickstepLauncher
11-29 04:01:14.241 3714 3731 W ContextImpl: Calling a method in the system process without a qualified user: android.app.ContextImpl.startService:1816 android.content.ContextWrapper.startService:774 com.thundercomm.gamemode.ingame.services.GameModeActionUtils.startGameModeService:93 com.thundercomm.gamemode.ingame.services.GameModeActionUtils.startGameModeEntry:21 com.thundercomm.gamemode.ingame.services.ActivityMonitoringService$1.onActivityLaunch:127
11-29 04:01:14.244 1491 1491 I GameModeConfig: Current uri is uri = content://com.thundercomm.gamemode.api/gamemode_settings/gamemode_isgaming
11-29 04:01:14.246 1491 1491 I GameModeConfig: isGameModeOn = false
11-29 04:01:14.247 1491 1491 I GameModeConfig: isGameModeOn = false
11-29 04:01:14.247 1491 1491 I GameModeConfig: isDisableVoice = true
11-29 04:01:14.282 3714 3731 W ContextImpl: Calling a method in the system process without a qualified user: android.app.ContextImpl.startService:1816 android.content.ContextWrapper.startService:774 com.thundercomm.gamemode.ingame.services.GameModeActionUtils.startGameModeService:93 com.thundercomm.gamemode.ingame.services.GameModeActionUtils.startGameModeEntry:21 com.thundercomm.gamemode.ingame.services.ActivityMonitoringService$1.onActivityLaunch:127
11-29 04:01:14.286 1491 1491 I GameModeConfig: Current uri is uri = content://com.thundercomm.gamemode.api/gamemode_settings/gamemode_isgaming
11-29 04:01:14.288 1491 1491 I GameModeConfig: isGameModeOn = false
11-29 04:01:14.288 1491 1491 I GameModeConfig: isGameModeOn = false
11-29 04:01:14.288 1491 1491 I GameModeConfig: isDisableVoice = true
11-29 04:01:14.944 1491 9370 I ActivityTaskManager: START u0 {act=android.intent.action.MAIN cat=[android.intent.category.LAUNCHER] flg=0x10200000 cmp=com.hryt.hiphishowfsecontrol/.mce_app.MainActivity bnds=[1621,120][1923,400]} from uid 10077
11-29 04:01:14.949 1491 9370 W ActivityTaskManager: Can't find TaskDisplayArea to determine support for multi window. Task id=88 attached=false
11-29 04:01:14.952 1491 9370 D CompatibilityChangeReporter: Compat change id reported: 174042980; UID 10020; state: DISABLED
11-29 04:01:14.954 1491 9370 D CompatibilityChangeReporter: Compat change id reported: 184838306; UID 10020; state: DISABLED
11-29 04:01:14.954 1491 9370 D CompatibilityChangeReporter: Compat change id reported: 185004937; UID 10020; state: DISABLED
11-29 04:01:14.955 1491 9370 D CompatibilityChangeReporter: Compat change id reported: 181136395; UID 10020; state: DISABLED
11-29 04:01:14.956 1491 9370 D CompatibilityChangeReporter: Compat change id reported: 174042936; UID 10020; state: DISABLED
11-29 04:01:14.961 1491 9370 D CompatibilityChangeReporter: Compat change id reported: 168419799; UID 10020; state: DISABLED
11-29 04:01:14.972 1491 9370 I ActivityTaskManager: FOREGROUND_APPLICATION_CHANGED to com.hryt.hiphishowfsecontrol.mce_app.MainActivity
11-29 04:01:14.985 1491 1599 D CompatibilityChangeReporter: Compat change id reported: 135634846; UID 10020; state: DISABLED
11-29 04:01:14.985 1491 1599 D CompatibilityChangeReporter: Compat change id reported: 177438394; UID 10020; state: DISABLED
11-29 04:01:14.986 1491 1599 D CompatibilityChangeReporter: Compat change id reported: 135772972; UID 10020; state: DISABLED
11-29 04:01:14.986 1491 1599 D CompatibilityChangeReporter: Compat change id reported: 135754954; UID 10020; state: ENABLED
11-29 04:01:14.986 1491 1609 D CompatibilityChangeReporter: Compat change id reported: 143937733; UID 10020; state: ENABLED
11-29 04:01:14.999 1491 1609 I ActivityManager: Start proc 13397:com.hryt.hiphishowfsecontrol/u0a20 for pre-top-activity {com.hryt.hiphishowfsecontrol/com.hryt.hiphishowfsecontrol.mce_app.MainActivity}
11-29 04:01:14.999 1491 13400 W ContextImpl: Calling a method in the system process without a qualified user: android.app.ContextImpl.sendBroadcast:1173 com.qualcomm.qti.Performance$SendGameLaunchBroadcast.run:217 java.lang.Thread.run:920
11-29 04:01:15.052 3714 3731 W ContextImpl: Calling a method in the system process without a qualified user: android.app.ContextImpl.startService:1816 android.content.ContextWrapper.startService:774 com.thundercomm.gamemode.ingame.services.GameModeActionUtils.startGameModeService:93 com.thundercomm.gamemode.ingame.services.GameModeActionUtils.startGameModeEntry:21 com.thundercomm.gamemode.ingame.services.ActivityMonitoringService$1.onActivityLaunch:127
11-29 04:01:15.059 1491 1491 I GameModeConfig: Current uri is uri = content://com.thundercomm.gamemode.api/gamemode_settings/gamemode_isgaming
11-29 04:01:15.062 1491 1491 I GameModeConfig: isGameModeOn = false
11-29 04:01:15.062 1491 1491 I GameModeConfig: isGameModeOn = false
11-29 04:01:15.062 1491 1491 I GameModeConfig: isDisableVoice = true
11-29 04:01:15.082 3714 3731 W ContextImpl: Calling a method in the system process without a qualified user: android.app.ContextImpl.startService:1816 android.content.ContextWrapper.startService:774 com.thundercomm.gamemode.ingame.services.GameModeActionUtils.startGameModeService:93 com.thundercomm.gamemode.ingame.services.GameModeActionUtils.startGameModeEntry:21 com.thundercomm.gamemode.ingame.services.ActivityMonitoringService$1.onActivityLaunch:127
11-29 04:01:15.087 1491 1491 I GameModeConfig: Current uri is uri = content://com.thundercomm.gamemode.api/gamemode_settings/gamemode_isgaming
11-29 04:01:15.092 1491 1491 I GameModeConfig: isGameModeOn = false
11-29 04:01:15.093 1491 1491 I GameModeConfig: isGameModeOn = false
11-29 04:01:15.093 1491 1491 I GameModeConfig: isDisableVoice = true
11-29 04:01:15.617 3714 3731 W ContextImpl: Calling a method in the system process without a qualified user: android.app.ContextImpl.startService:1816 android.content.ContextWrapper.startService:774 com.thundercomm.gamemode.ingame.services.GameModeActionUtils.startGameModeService:93 com.thundercomm.gamemode.ingame.services.GameModeActionUtils.startGameModeEntry:21 com.thundercomm.gamemode.ingame.services.ActivityMonitoringService$1.onActivityLaunch:127
11-29 04:01:15.622 1491 1491 I GameModeConfig: Current uri is uri = content://com.thundercomm.gamemode.api/gamemode_settings/gamemode_isgaming
11-29 04:01:15.624 1491 1491 I GameModeConfig: isGameModeOn = false
11-29 04:01:15.624 1491 1491 I GameModeConfig: isGameModeOn = false
11-29 04:01:15.624 1491 1491 I GameModeConfig: isDisableVoice = true
11-29 04:01:16.316 3714 3731 W ContextImpl: Calling a method in the system process without a qualified user: android.app.ContextImpl.startService:1816 android.content.ContextWrapper.startService:774 com.thundercomm.gamemode.ingame.services.GameModeActionUtils.startGameModeService:93 com.thundercomm.gamemode.ingame.services.GameModeActionUtils.startGameModeEntry:21 com.thundercomm.gamemode.ingame.services.ActivityMonitoringService$1.onActivityLaunch:127
11-29 04:01:16.321 1491 1491 I GameModeConfig: Current uri is uri = content://com.thundercomm.gamemode.api/gamemode_settings/gamemode_isgaming
11-29 04:01:16.324 1491 1491 I GameModeConfig: isGameModeOn = false
11-29 04:01:16.324 1491 1491 I GameModeConfig: isGameModeOn = false
11-29 04:01:16.324 1491 1491 I GameModeConfig: isDisableVoice = true
11-29 04:01:16.345 1491 8646 W ActivityTaskManager: getTaskSnapshot: taskId=1086 not found
11-29 04:01:16.348 1491 8646 W ActivityTaskManager: getTaskSnapshot: taskId=2086 not found
11-29 04:01:16.349 1491 8646 W ActivityTaskManager: getTaskSnapshot: taskId=3086 not found
11-29 04:01:16.351 1491 9370 W ActivityTaskManager: getTaskSnapshot: taskId=4086 not found
11-29 04:01:16.357 1491 9370 W ActivityTaskManager: getTaskSnapshot: taskId=4086 not found
11-29 04:01:16.362 1491 8646 W ActivityTaskManager: getTaskSnapshot: taskId=3086 not found
11-29 04:01:16.366 1491 9480 W ActivityTaskManager: getTaskSnapshot: taskId=2086 not found
11-29 04:01:16.366 1491 9480 W ActivityTaskManager: getTaskSnapshot: taskId=1086 not found
11-29 04:01:17.037 1491 9370 I ActivityTaskManager: FOREGROUND_APPLICATION_CHANGED to com.android.launcher3.uioverrides.QuickstepLauncher
11-29 04:01:17.100 3714 3731 W ContextImpl: Calling a method in the system process without a qualified user: android.app.ContextImpl.startService:1816 android.content.ContextWrapper.startService:774 com.thundercomm.gamemode.ingame.services.GameModeActionUtils.startGameModeService:93 com.thundercomm.gamemode.ingame.services.GameModeActionUtils.startGameModeEntry:21 com.thundercomm.gamemode.ingame.services.ActivityMonitoringService$1.onActivityLaunch:127
11-29 04:01:17.104 1491 1491 I GameModeConfig: Current uri is uri = content://com.thundercomm.gamemode.api/gamemode_settings/gamemode_isgaming
11-29 04:01:17.107 1491 1491 I GameModeConfig: isGameModeOn = false
11-29 04:01:17.107 1491 1491 I GameModeConfig: isGameModeOn = false
11-29 04:01:17.107 1491 1491 I GameModeConfig: isDisableVoice = true
11-29 04:01:17.158 3714 3731 W ContextImpl: Calling a method in the system process without a qualified user: android.app.ContextImpl.startService:1816 android.content.ContextWrapper.startService:774 com.thundercomm.gamemode.ingame.services.GameModeActionUtils.startGameModeService:93 com.thundercomm.gamemode.ingame.services.GameModeActionUtils.startGameModeEntry:21 com.thundercomm.gamemode.ingame.services.ActivityMonitoringService$1.onActivityLaunch:127
11-29 04:01:17.162 1491 1491 I GameModeConfig: Current uri is uri = content://com.thundercomm.gamemode.api/gamemode_settings/gamemode_isgaming
11-29 04:01:17.164 1491 1491 I GameModeConfig: isGameModeOn = false
11-29 04:01:17.164 1491 1491 I GameModeConfig: isGameModeOn = false
11-29 04:01:17.164 1491 1491 I GameModeConfig: isDisableVoice = true
11-29 04:01:17.759 1491 8646 I ActivityTaskManager: START u0 {act=android.intent.action.MAIN cat=[android.intent.category.LAUNCHER] flg=0x10200000 cmp=com.sohu.inputmethod.sogou.car/.settingsui.SogouSettingsActivity bnds=[1923,120][2225,400]} from uid 10077
11-29 04:01:17.764 1491 8646 W ActivityTaskManager: Can't find TaskDisplayArea to determine support for multi window. Task id=89 attached=false
11-29 04:01:17.767 1491 8646 D CompatibilityChangeReporter: Compat change id reported: 174042980; UID 10027; state: DISABLED
11-29 04:01:17.768 1491 8646 D CompatibilityChangeReporter: Compat change id reported: 184838306; UID 10027; state: DISABLED
11-29 04:01:17.769 1491 8646 D CompatibilityChangeReporter: Compat change id reported: 185004937; UID 10027; state: DISABLED
11-29 04:01:17.769 1491 8646 D CompatibilityChangeReporter: Compat change id reported: 181136395; UID 10027; state: DISABLED
11-29 04:01:17.770 1491 8646 D CompatibilityChangeReporter: Compat change id reported: 174042936; UID 10027; state: DISABLED
11-29 04:01:17.772 1491 8646 D CompatibilityChangeReporter: Compat change id reported: 168419799; UID 10027; state: DISABLED
11-29 04:01:17.785 1491 8646 I ActivityTaskManager: FOREGROUND_APPLICATION_CHANGED to com.sohu.inputmethod.sogou.car.settingsui.SogouSettingsActivity
11-29 04:01:17.798 1491 1599 D CompatibilityChangeReporter: Compat change id reported: 135634846; UID 10027; state: DISABLED
11-29 04:01:17.798 1491 1609 D CompatibilityChangeReporter: Compat change id reported: 143937733; UID 10027; state: DISABLED
11-29 04:01:17.805 1491 1609 I ActivityManager: Start proc 13450:com.sohu.inputmethod.sogou.car/u0a27 for pre-top-activity {com.sohu.inputmethod.sogou.car/com.sohu.inputmethod.sogou.car.settingsui.SogouSettingsActivity}
11-29 04:01:17.808 1491 13451 W ContextImpl: Calling a method in the system process without a qualified user: android.app.ContextImpl.sendBroadcast:1173 com.qualcomm.qti.Performance$SendGameLaunchBroadcast.run:217 java.lang.Thread.run:920
11-29 04:01:17.838 1491 1597 D CompatibilityChangeReporter: Compat change id reported: 168419799; UID 1000; state: DISABLED
11-29 04:01:17.848 13450 13450 E SystemConfig: SystemConfig is being accessed by a process other than system_server.
11-29 04:01:17.849 13450 13450 I SystemConfig: Reading permissions from /system/etc/sysconfig/qti_whitelist.xml
11-29 04:01:17.850 13450 13450 I SystemConfig: Reading permissions from /system/etc/sysconfig/preinstalled-packages-platform.xml
11-29 04:01:17.851 13450 13450 I SystemConfig: Reading permissions from /system/etc/sysconfig/framework-sysconfig.xml
11-29 04:01:17.851 13450 13450 I SystemConfig: Reading permissions from /system/etc/sysconfig/preinstalled-packages-com.android.providers.media.module.xml
11-29 04:01:17.851 13450 13450 I SystemConfig: Reading permissions from /system/etc/sysconfig/hiddenapi-package-whitelist.xml
11-29 04:01:17.852 13450 13450 I SystemConfig: Reading permissions from /system/etc/sysconfig/preinstalled-packages-platform-full-base.xml
11-29 04:01:17.852 13450 13450 I SystemConfig: Reading permissions from /system/etc/permissions/android.software.freeform_window_management.xml
11-29 04:01:17.852 13450 13450 I SystemConfig: Reading permissions from /system/etc/permissions/com.baidu.input.xml
11-29 04:01:17.852 13450 13450 I SystemConfig: Reading permissions from /system/etc/permissions/android.software.webview.xml
11-29 04:01:17.853 13450 13450 I SystemConfig: Reading permissions from /system/etc/permissions/com.android.future.usb.accessory.xml
11-29 04:01:17.853 13450 13450 I SystemConfig: Reading permissions from /system/etc/permissions/android.test.mock.xml
11-29 04:01:17.853 13450 13450 I SystemConfig: Reading permissions from /system/etc/permissions/com.thundercomm.mcuupgrade.xml
11-29 04:01:17.853 13450 13450 I SystemConfig: Reading permissions from /system/etc/permissions/com.android.location.provider.xml
11-29 04:01:17.853 13450 13450 I SystemConfig: Reading permissions from /system/etc/permissions/android.test.base.xml
11-29 04:01:17.853 1491 13468 I DropBoxManagerService: add tag=system_app_wtf isTagEnabled=true flags=0x2
11-29 04:01:17.853 13450 13450 I SystemConfig: Reading permissions from /system/etc/permissions/com.android.networkstack.tethering.xml
11-29 04:01:17.854 13450 13450 I SystemConfig: Reading permissions from /system/etc/permissions/android.test.runner.xml
11-29 04:01:17.854 13450 13450 I SystemConfig: Reading permissions from /system/etc/permissions/privapp-permissions-qti.xml
11-29 04:01:17.855 13450 13450 I SystemConfig: Reading permissions from /system/etc/permissions/com.thundercomm.tcservice.xml
11-29 04:01:17.855 13450 13450 I SystemConfig: Reading permissions from /system/etc/permissions/com.android.media.remotedisplay.xml
11-29 04:01:17.855 13450 13450 I SystemConfig: Reading permissions from /system/etc/permissions/android.software.live_wallpaper.xml
11-29 04:01:17.855 13450 13450 I SystemConfig: Reading permissions from /system/etc/permissions/com.android.nfc_extras.xml
11-29 04:01:17.855 13450 13450 I SystemConfig: Reading permissions from /system/etc/permissions/privapp-permissions-platform.xml
11-29 04:01:17.857 13450 13450 I SystemConfig: Reading permissions from /system/etc/permissions/com.android.networkstack.xml
11-29 04:01:17.858 13450 13450 I SystemConfig: Reading permissions from /system/etc/permissions/com.android.mediadrm.signer.xml
11-29 04:01:17.858 13450 13450 I SystemConfig: Reading permissions from /system/etc/permissions/javax.obex.xml
11-29 04:01:17.858 13450 13450 I SystemConfig: Reading permissions from /system/etc/permissions/org.apache.http.legacy.xml
11-29 04:01:17.858 3714 3731 W ContextImpl: Calling a method in the system process without a qualified user: android.app.ContextImpl.startService:1816 android.content.ContextWrapper.startService:774 com.thundercomm.gamemode.ingame.services.GameModeActionUtils.startGameModeService:93 com.thundercomm.gamemode.ingame.services.GameModeActionUtils.startGameModeEntry:21 com.thundercomm.gamemode.ingame.services.ActivityMonitoringService$1.onActivityLaunch:127
11-29 04:01:17.858 13450 13450 I SystemConfig: Reading permissions from /system/etc/permissions/com.android.documentsui.xml
11-29 04:01:17.858 13450 13450 I SystemConfig: Reading permissions from /system/etc/permissions/platform.xml
11-29 04:01:17.860 13450 13450 I SystemConfig: Reading permissions from /vendor/etc/permissions/android.hardware.usb.accessory.xml
11-29 04:01:17.860 13450 13450 I SystemConfig: Reading permissions from /vendor/etc/permissions/android.hardware.se.omapi.uicc.xml
11-29 04:01:17.860 13450 13450 I SystemConfig: Reading permissions from /vendor/etc/permissions/vendor.qti.hardware.factory.xml
11-29 04:01:17.860 13450 13450 I SystemConfig: Reading permissions from /vendor/etc/permissions/android.hardware.wifi.passpoint.xml
11-29 04:01:17.860 13450 13450 I SystemConfig: Reading permissions from /vendor/etc/permissions/android.hardware.vulkan.compute-0.xml
11-29 04:01:17.860 13450 13450 I SystemConfig: Reading permissions from /vendor/etc/permissions/android.software.device_id_attestation.xml
11-29 04:01:17.860 13450 13450 I SystemConfig: Reading permissions from /vendor/etc/permissions/android.hardware.sensor.compass.xml
11-29 04:01:17.861 13450 13450 I SystemConfig: Reading permissions from /vendor/etc/permissions/qti_fingerprint_interface.xml
11-29 04:01:17.861 13450 13450 I SystemConfig: Reading permissions from /vendor/etc/permissions/android.hardware.light.xml
11-29 04:01:17.861 13450 13450 I SystemConfig: Reading permissions from /vendor/etc/permissions/android.hardware.sensor.hifi_sensors.xml
11-29 04:01:17.861 13450 13450 I SystemConfig: Reading permissions from /vendor/etc/permissions/android.hardware.wifi.aware.xml
11-29 04:01:17.861 13450 13450 I SystemConfig: Reading permissions from /vendor/etc/permissions/android.hardware.audio.pro.xml
11-29 04:01:17.861 13450 13450 I SystemConfig: Reading permissions from /vendor/etc/permissions/android.hardware.wifi.rtt.xml
11-29 04:01:17.861 13450 13450 I SystemConfig: Reading permissions from /vendor/etc/permissions/android.hardware.sensor.relative_humidity.xml
11-29 04:01:17.862 13450 13450 I SystemConfig: Reading permissions from /vendor/etc/permissions/android.hardware.bluetooth.xml
11-29 04:01:17.862 13450 13450 I SystemConfig: Reading permissions from /vendor/etc/permissions/android.software.ipsec_tunnels.xml
11-29 04:01:17.862 13450 13450 I SystemConfig: Reading permissions from /vendor/etc/permissions/android.hardware.usb.host.xml
11-29 04:01:17.862 13450 13450 I SystemConfig: Reading permissions from /vendor/etc/permissions/android.software.vulkan.deqp.level.xml
11-29 04:01:17.862 13450 13450 I SystemConfig: Reading permissions from /vendor/etc/permissions/android.hardware.opengles.aep.xml
11-29 04:01:17.862 13450 13450 I SystemConfig: Reading permissions from /vendor/etc/permissions/android.hardware.sensor.ambient_temperature.xml
11-29 04:01:17.862 13450 13450 I SystemConfig: Reading permissions from /vendor/etc/permissions/android.hardware.wifi.xml
11-29 04:01:17.863 13450 13450 I SystemConfig: Reading permissions from /vendor/etc/permissions/android.hardware.fingerprint.xml
11-29 04:01:17.863 13450 13450 I SystemConfig: Reading permissions from /vendor/etc/permissions/handheld_core_hardware.xml
11-29 04:01:17.863 1491 1491 I GameModeConfig: Current uri is uri = content://com.thundercomm.gamemode.api/gamemode_settings/gamemode_isgaming
11-29 04:01:17.863 13450 13450 I SystemConfig: Reading permissions from /vendor/etc/permissions/android.hardware.bluetooth_le.xml
11-29 04:01:17.863 13450 13450 I SystemConfig: Reading permissions from /vendor/etc/permissions/android.hardware.vulkan.version-1_1.xml
11-29 04:01:17.863 13450 13450 I SystemConfig: Reading permissions from /vendor/etc/permissions/android.hardware.vulkan.level-1.xml
11-29 04:01:17.863 13450 13450 I SystemConfig: Reading permissions from /vendor/etc/permissions/android.software.verified_boot.xml
11-29 04:01:17.863 13450 13450 I SystemConfig: Reading permissions from /vendor/etc/permissions/android.hardware.se.omapi.ese.xml
11-29 04:01:17.864 13450 13450 I SystemConfig: Reading permissions from /vendor/etc/permissions/android.hardware.audio.low_latency.xml
11-29 04:01:17.864 13450 13450 I SystemConfig: Reading permissions from /vendor/etc/permissions/android.software.midi.xml
11-29 04:01:17.864 13450 13450 I SystemConfig: Reading permissions from /vendor/etc/permissions/android.hardware.touchscreen.multitouch.jazzhand.xml
11-29 04:01:17.864 13450 13450 I SystemConfig: Reading permissions from /vendor/etc/permissions/android.hardware.location.gps.xml
11-29 04:01:17.864 13450 13450 I SystemConfig: Reading permissions from /vendor/etc/permissions/android.hardware.wifi.direct.xml
11-29 04:01:17.864 13450 13450 I SystemConfig: Reading permissions from /vendor/etc/permissions/android.hardware.sensor.barometer.xml
11-29 04:01:17.864 1491 1491 I GameModeConfig: isGameModeOn = false
11-29 04:01:17.864 13450 13450 I SystemConfig: Reading permissions from /vendor/etc/permissions/android.hardware.sensor.accelerometer.xml
11-29 04:01:17.865 13450 13450 I SystemConfig: Reading permissions from /vendor/etc/permissions/android.hardware.sensor.gyroscope.xml
11-29 04:01:17.865 1491 1491 I GameModeConfig: isGameModeOn = false
11-29 04:01:17.865 1491 1491 I GameModeConfig: isDisableVoice = true
11-29 04:01:17.865 13450 13450 I SystemConfig: Reading permissions from /vendor/etc/permissions/vendor-qti-hardware-sensorscalibrate.xml
11-29 04:01:17.865 13450 13450 I SystemConfig: Reading permissions from /product/etc/sysconfig/preinstalled-packages-platform-overlays.xml
11-29 04:01:17.866 13450 13450 I SystemConfig: Reading permissions from /product/etc/sysconfig/preinstalled-packages-platform-handheld-product.xml
11-29 04:01:17.866 13450 13450 I SystemConfig: Reading permissions from /product/etc/permissions/com.android.settings.intelligence.xml
11-29 04:01:17.866 13450 13450 I SystemConfig: Reading permissions from /product/etc/permissions/UimService.xml
11-29 04:01:17.866 13450 13450 I SystemConfig: Reading permissions from /product/etc/permissions/telephony_product_privapp-permissions-qti.xml
11-29 04:01:17.867 13450 13450 I SystemConfig: Reading permissions from /product/etc/permissions/privapp-permissions-soundrecorder.xml
11-29 04:01:17.867 13450 13450 I SystemConfig: Reading permissions from /product/etc/permissions/vendor.qti.hardware.data.connection-V1.0-java.xml
11-29 04:01:17.867 13450 13450 I SystemConfig: Reading permissions from /product/etc/permissions/vendor.qti.hardware.data.connection-V1.1-java.xml
11-29 04:01:17.867 13450 13450 I SystemConfig: Reading permissions from /product/etc/permissions/ims_ext_common.xml
11-29 04:01:17.867 13450 13450 I SystemConfig: Reading permissions from /product/etc/permissions/com.qti.snapdragon.sdk.display.xml
11-29 04:01:17.868 13450 13450 I SystemConfig: Reading permissions from /system_ext/etc/sysconfig/qti_whitelist_system_ext.xml
11-29 04:01:17.868 13450 13450 I SystemConfig: Reading permissions from /system_ext/etc/sysconfig/qti_telephony_system_packages_config.xml
11-29 04:01:17.868 13450 13450 I SystemConfig: Reading permissions from /system_ext/etc/permissions/qti_permissions.xml
11-29 04:01:17.868 13450 13450 I SystemConfig: Reading permissions from /system_ext/etc/permissions/com.qualcomm.location.xml
11-29 04:01:17.868 13450 13450 I SystemConfig: Reading permissions from /system_ext/etc/permissions/com.android.provision.xml
11-29 04:01:17.869 13450 13450 I SystemConfig: Reading permissions from /system_ext/etc/permissions/com.android.emergency.xml
11-29 04:01:17.869 13450 13450 I SystemConfig: Reading permissions from /system_ext/etc/permissions/embms.xml
11-29 04:01:17.869 13450 13450 I SystemConfig: Reading permissions from /system_ext/etc/permissions/embms-noship_product_privapp_permissions_qti.xml
11-29 04:01:17.869 13450 13450 I SystemConfig: Reading permissions from /system_ext/etc/permissions/com.android.storagemanager.xml
11-29 04:01:17.869 13450 13450 I SystemConfig: Reading permissions from /system_ext/etc/permissions/vendor.qti.ims.rcsservice.xml
11-29 04:01:17.870 13450 13450 I SystemConfig: Reading permissions from /system_ext/etc/permissions/com.qualcomm.qti.imscmservice-V2.2-java.xml
11-29 04:01:17.870 13450 13450 I SystemConfig: Reading permissions from /system_ext/etc/permissions/qti_libpermissions.xml
11-29 04:01:17.870 13450 13450 I SystemConfig: Reading permissions from /system_ext/etc/permissions/wfd-system-ext-privapp-permissions-qti.xml
11-29 04:01:17.870 13450 13450 I SystemConfig: Reading permissions from /system_ext/etc/permissions/com.qualcomm.qti.imscmservice-V2.0-java.xml
11-29 04:01:17.870 13450 13450 I SystemConfig: Reading permissions from /system_ext/etc/permissions/privapp-permissions-qti-system-ext.xml
11-29 04:01:17.871 13450 13450 I SystemConfig: Reading permissions from /system_ext/etc/permissions/com.android.launcher3.xml
11-29 04:01:17.871 13450 13450 I SystemConfig: Reading permissions from /system_ext/etc/permissions/telephony_system-ext_privapp-permissions-qti.xml
11-29 04:01:17.871 13450 13450 I SystemConfig: Reading permissions from /system_ext/etc/permissions/com.qualcomm.qti.imscmservice.xml
11-29 04:01:17.871 13450 13450 I SystemConfig: Reading permissions from /system_ext/etc/permissions/dpmapi.xml
11-29 04:01:17.871 13450 13450 I SystemConfig: Reading permissions from /system_ext/etc/permissions/izat.xt.srv.xml
11-29 04:01:17.872 13450 13450 I SystemConfig: Reading permissions from /system_ext/etc/permissions/com.hht.lebocast.xml
11-29 04:01:17.872 13450 13450 I SystemConfig: Reading permissions from /system_ext/etc/permissions/com.thundercomm.microsettings.xml
11-29 04:01:17.872 13450 13450 I SystemConfig: Reading permissions from /system_ext/etc/permissions/com.qualcomm.qmapbridge.xml
11-29 04:01:17.872 13450 13450 I SystemConfig: Reading permissions from /system_ext/etc/permissions/com.qti.location.sdk.xml
11-29 04:01:17.872 13450 13450 I SystemConfig: Reading permissions from /system_ext/etc/permissions/audiosphere.xml
11-29 04:01:17.872 13450 13450 I SystemConfig: Reading permissions from /system_ext/etc/permissions/com.qti.media.secureprocessor.xml
11-29 04:01:17.873 13450 13450 I SystemConfig: Reading permissions from /system_ext/etc/permissions/com.qualcomm.qti.imscmservice-V2.1-java.xml
11-29 04:01:17.873 13450 13450 I SystemConfig: Reading permissions from /system_ext/etc/permissions/qti_supplicant_interface.xml
11-29 04:01:17.873 13450 13450 I SystemConfig: Reading permissions from /system_ext/etc/permissions/privapp-permissions-com.qualcomm.location.xml
11-29 04:01:17.873 13450 13450 I SystemConfig: Reading permissions from /system_ext/etc/permissions/com.qti.dpmframework.xml
11-29 04:01:17.873 13450 13450 I SystemConfig: Reading permissions from /system_ext/etc/permissions/com.android.systemui.xml
11-29 04:01:17.874 13450 13450 I SystemConfig: Reading permissions from /system_ext/etc/permissions/android.software.verified_boot.xml
11-29 04:01:17.874 13450 13450 I SystemConfig: Reading permissions from /system_ext/etc/permissions/com.qualcomm.qti.izattools.xml
11-29 04:01:17.874 13450 13450 I SystemConfig: Reading permissions from /system_ext/etc/permissions/privapp-permissions-aptxals.xml
11-29 04:01:17.874 13450 13450 I SystemConfig: Reading permissions from /system_ext/etc/permissions/com.nxp.nfc.nq.xml
11-29 04:01:17.874 13450 13450 I SystemConfig: Reading permissions from /system_ext/etc/permissions/com.android.settings.xml
11-29 04:01:17.879 1491 8646 D CompatibilityChangeReporter: Compat change id reported: 149924527; UID 10027; state: ENABLED
11-29 04:01:17.879 1491 8646 D CompatibilityChangeReporter: Compat change id reported: 132649864; UID 10027; state: DISABLED
11-29 04:01:17.898 3714 3731 W ContextImpl: Calling a method in the system process without a qualified user: android.app.ContextImpl.startService:1816 android.content.ContextWrapper.startService:774 com.thundercomm.gamemode.ingame.services.GameModeActionUtils.startGameModeService:93 com.thundercomm.gamemode.ingame.services.GameModeActionUtils.startGameModeEntry:21 com.thundercomm.gamemode.ingame.services.ActivityMonitoringService$1.onActivityLaunch:127
11-29 04:01:17.904 1491 1491 I GameModeConfig: Current uri is uri = content://com.thundercomm.gamemode.api/gamemode_settings/gamemode_isgaming
11-29 04:01:17.906 1491 1491 I GameModeConfig: isGameModeOn = false
11-29 04:01:17.906 1491 1491 I GameModeConfig: isGameModeOn = false
11-29 04:01:17.906 1491 1491 I GameModeConfig: isDisableVoice = true
11-29 04:01:17.978 1491 2756 E TaskPersister: File error accessing recents directory (directory doesn't exist?).
11-29 04:01:18.460 3714 3731 W ContextImpl: Calling a method in the system process without a qualified user: android.app.ContextImpl.startService:1816 android.content.ContextWrapper.startService:774 com.thundercomm.gamemode.ingame.services.GameModeActionUtils.startGameModeService:93 com.thundercomm.gamemode.ingame.services.GameModeActionUtils.startGameModeEntry:21 com.thundercomm.gamemode.ingame.services.ActivityMonitoringService$1.onActivityLaunch:127
11-29 04:01:18.469 1491 1491 I GameModeConfig: Current uri is uri = content://com.thundercomm.gamemode.api/gamemode_settings/gamemode_isgaming
11-29 04:01:18.470 1491 1491 I GameModeConfig: isGameModeOn = false
11-29 04:01:18.471 1491 1491 I GameModeConfig: isGameModeOn = false
11-29 04:01:18.471 1491 1491 I GameModeConfig: isDisableVoice = true
11-29 04:01:20.024 1161 13395 I iorapd : Perfetto TraceBuffer saved to file: /data/misc/iorapd/com.hryt.hiphishowfsecontrol/10/com.hryt.hiphishowfsecontrol.mce_app.MainActivity/raw_traces/1669665680022843392.perfetto_trace.pb
11-29 04:01:21.190 1491 1674 D ActivityManager: freezing 11007 com.android.providers.calendar
11-29 04:01:21.191 1491 1674 E ActivityManager: Unable to freeze binder for 11007 com.android.providers.calendar
11-29 04:01:21.192 1491 1674 D ActivityManager: froze 11007 com.android.providers.calendar
11-29 04:01:21.192 1491 1674 E ActivityManager: Unable to freeze binder for 11007 com.android.providers.calendar
11-29 04:01:21.194 1491 1674 I ActivityManager: Killing 11007:com.android.providers.calendar/u0a28 (adj 965): Unable to freeze binder interface
11-29 04:01:21.271 3714 3731 W ContextImpl: Calling a method in the system process without a qualified user: android.app.ContextImpl.startService:1816 android.content.ContextWrapper.startService:774 com.thundercomm.gamemode.ingame.services.GameModeActionUtils.startGameModeService:93 com.thundercomm.gamemode.ingame.services.GameModeActionUtils.startGameModeEntry:21 com.thundercomm.gamemode.ingame.services.ActivityMonitoringService$1.onActivityLaunch:127
11-29 04:01:21.276 1491 1491 I GameModeConfig: Current uri is uri = content://com.thundercomm.gamemode.api/gamemode_settings/gamemode_isgaming
11-29 04:01:21.277 1491 1491 I GameModeConfig: isGameModeOn = false
11-29 04:01:21.278 1491 1491 I GameModeConfig: isGameModeOn = false
11-29 04:01:21.278 1491 1491 I GameModeConfig: isDisableVoice = true
11-29 04:01:21.295 1491 8592 W ActivityTaskManager: getTaskSnapshot: taskId=3086 not found
11-29 04:01:21.295 1491 8592 W ActivityTaskManager: getTaskSnapshot: taskId=2086 not found
11-29 04:01:21.297 1491 8592 W ActivityTaskManager: getTaskSnapshot: taskId=2086 not found
11-29 04:01:21.297 1491 8592 W ActivityTaskManager: getTaskSnapshot: taskId=3086 not found
11-29 04:01:21.303 1491 9370 W ActivityTaskManager: getTaskSnapshot: taskId=3086 not found
11-29 04:01:21.305 1491 9370 W ActivityTaskManager: getTaskSnapshot: taskId=2086 not found
11-29 04:01:22.815 1161 13446 I iorapd : Perfetto TraceBuffer saved to file: /data/misc/iorapd/com.sohu.inputmethod.sogou.car/1/com.sohu.inputmethod.sogou.car.settingsui.SogouSettingsActivity/raw_traces/1669665682813134224.perfetto_trace.pb
11-29 04:01:24.299 1491 9480 D FreeFormWindowHelper: Add freeform task=Task{2d63091 #89 type=standard A=10027:com.sohu.inputmethod.sogou.car U=0 visible=true mode=freeform translucent=false sz=1}
11-29 04:01:24.305 1491 9480 W WindowManager: updateScale0.7996942
11-29 04:01:24.331 1491 8646 D CompatibilityChangeReporter: Compat change id reported: 157929241; UID 1000; state: LOGGED
11-29 04:01:24.368 1491 8646 W WindowManager: Attempted to set replacing window on app token with no content Token{f7ac546 ActivityRecord{a2f1c34 u0 com.sohu.inputmethod.sogou.car/.settingsui.SogouSettingsActivity t89}}
11-29 04:01:24.382 1491 8646 W WindowManager: updateScale0.7996942
11-29 04:01:24.396 1491 8646 I WindowManager: finishDrawing of relaunch: Window{ae81d19 u0 com.sohu.inputmethod.sogou.car/com.sohu.inputmethod.sogou.car.settingsui.SogouSettingsActivity} 70ms
11-29 04:01:24.397 1491 1600 W WindowManager: updateScale0.7996942
11-29 04:01:24.398 1491 1600 W WindowManager: updateScale0.7996942
11-29 04:01:24.769 1491 9682 I ActivityTaskManager: FOREGROUND_APPLICATION_CHANGED to com.android.launcher3.uioverrides.QuickstepLauncher
11-29 04:01:24.778 1491 9682 W WindowManager: updateScale0.7996942
11-29 04:01:24.784 1491 9682 W WindowManager: updateScale0.7996942
11-29 04:01:24.895 3714 3731 W ContextImpl: Calling a method in the system process without a qualified user: android.app.ContextImpl.startService:1816 android.content.ContextWrapper.startService:774 com.thundercomm.gamemode.ingame.services.GameModeActionUtils.startGameModeService:93 com.thundercomm.gamemode.ingame.services.GameModeActionUtils.startGameModeEntry:21 com.thundercomm.gamemode.ingame.services.ActivityMonitoringService$1.onActivityLaunch:127
11-29 04:01:24.900 1491 1491 I GameModeConfig: Current uri is uri = content://com.thundercomm.gamemode.api/gamemode_settings/gamemode_isgaming
11-29 04:01:24.904 1491 1491 I GameModeConfig: isGameModeOn = false
11-29 04:01:24.905 1491 1491 I GameModeConfig: isGameModeOn = false
11-29 04:01:24.905 1491 1491 I GameModeConfig: isDisableVoice = true
11-29 04:01:26.044 1491 1599 W WindowManager: updateScale0.7996942
11-29 04:01:26.052 1491 1599 I ActivityTaskManager: FOREGROUND_APPLICATION_CHANGED to com.sohu.inputmethod.sogou.car.settingsui.SogouSettingsActivity
11-29 04:01:26.161 1491 8592 D FreeFormWindowHelper: Remove freefrom task=Task{2d63091 #89 type=standard A=10027:com.sohu.inputmethod.sogou.car U=0 visible=true mode=fullscreen translucent=false sz=1}
11-29 04:01:26.179 1491 9682 W WindowManager: Attempted to set replacing window on app token with no content Token{f7ac546 ActivityRecord{a2f1c34 u0 com.sohu.inputmethod.sogou.car/.settingsui.SogouSettingsActivity t89}}
11-29 04:01:26.183 3714 3731 W ContextImpl: Calling a method in the system process without a qualified user: android.app.ContextImpl.startService:1816 android.content.ContextWrapper.startService:774 com.thundercomm.gamemode.ingame.services.GameModeActionUtils.startGameModeService:93 com.thundercomm.gamemode.ingame.services.GameModeActionUtils.startGameModeEntry:21 com.thundercomm.gamemode.ingame.services.ActivityMonitoringService$1.onActivityLaunch:127
11-29 04:01:26.194 1491 1491 I GameModeConfig: Current uri is uri = content://com.thundercomm.gamemode.api/gamemode_settings/gamemode_isgaming
11-29 04:01:26.197 1491 1491 I GameModeConfig: isGameModeOn = false
11-29 04:01:26.197 1491 1491 I GameModeConfig: isGameModeOn = false
11-29 04:01:26.197 1491 1491 I GameModeConfig: isDisableVoice = true
11-29 04:01:26.210 1491 9682 I WindowManager: finishDrawing of relaunch: Window{ae81d19 u0 com.sohu.inputmethod.sogou.car/com.sohu.inputmethod.sogou.car.settingsui.SogouSettingsActivity} 56ms
11-29 04:01:26.564 3714 3731 W ContextImpl: Calling a method in the system process without a qualified user: android.app.ContextImpl.startService:1816 android.content.ContextWrapper.startService:774 com.thundercomm.gamemode.ingame.services.GameModeActionUtils.startGameModeService:93 com.thundercomm.gamemode.ingame.services.GameModeActionUtils.startGameModeEntry:21 com.thundercomm.gamemode.ingame.services.ActivityMonitoringService$1.onActivityLaunch:127
11-29 04:01:26.578 1491 1491 I GameModeConfig: Current uri is uri = content://com.thundercomm.gamemode.api/gamemode_settings/gamemode_isgaming
11-29 04:01:26.580 1491 1491 I GameModeConfig: isGameModeOn = false
11-29 04:01:26.581 1491 1491 I GameModeConfig: isGameModeOn = false
11-29 04:01:26.581 1491 1491 I GameModeConfig: isDisableVoice = true
11-29 04:01:26.611 3714 3731 W ContextImpl: Calling a method in the system process without a qualified user: android.app.ContextImpl.startService:1816 android.content.ContextWrapper.startService:774 com.thundercomm.gamemode.ingame.services.GameModeActionUtils.startGameModeService:93 com.thundercomm.gamemode.ingame.services.GameModeActionUtils.startGameModeEntry:21 com.thundercomm.gamemode.ingame.services.ActivityMonitoringService$1.onActivityLaunch:127
11-29 04:01:26.614 1491 1491 I GameModeConfig: Current uri is uri = content://com.thundercomm.gamemode.api/gamemode_settings/gamemode_isgaming
11-29 04:01:26.616 1491 1491 I GameModeConfig: isGameModeOn = false
11-29 04:01:26.617 1491 1491 I GameModeConfig: isGameModeOn = false
11-29 04:01:26.617 1491 1491 I GameModeConfig: isDisableVoice = true
11-29 04:01:27.725 3714 3731 W ContextImpl: Calling a method in the system process without a qualified user: android.app.ContextImpl.startService:1816 android.content.ContextWrapper.startService:774 com.thundercomm.gamemode.ingame.services.GameModeActionUtils.startGameModeService:93 com.thundercomm.gamemode.ingame.services.GameModeActionUtils.startGameModeEntry:21 com.thundercomm.gamemode.ingame.services.ActivityMonitoringService$1.onActivityLaunch:127
11-29 04:01:27.730 1491 1491 I GameModeConfig: Current uri is uri = content://com.thundercomm.gamemode.api/gamemode_settings/gamemode_isgaming
11-29 04:01:27.732 1491 1491 I GameModeConfig: isGameModeOn = false
