11-29 04:04:20.135 1491 1608 I am_wtf : [0,1491,system_server,-1,DisplayDeviceConfig,requesting nits when no mapping exists.]
11-29 04:04:20.140 1491 1608 I am_wtf : [0,1491,system_server,-1,DisplayDeviceConfig,requesting nits when no mapping exists.]
11-29 04:04:20.151 1491 1874 E DisplayDeviceConfig: requesting nits when no mapping exists.
11-29 04:04:20.151 1491 1874 E DisplayDeviceConfig: requesting nits when no mapping exists.
11-29 04:04:20.151 1491 1608 I am_wtf : [0,1491,system_server,-1,DisplayDeviceConfig,requesting nits when no mapping exists.]
11-29 04:04:20.153 1491 1608 I am_wtf : [0,1491,system_server,-1,DisplayDeviceConfig,requesting nits when no mapping exists.]
11-29 04:04:20.153 1491 1599 I wm_stop_activity: [0,239228137,com.android.settings/.Settings]
11-29 04:04:20.168 1491 1874 E DisplayDeviceConfig: requesting nits when no mapping exists.
11-29 04:04:20.175 1491 1608 I am_wtf : [0,1491,system_server,-1,DisplayDeviceConfig,requesting nits when no mapping exists.]
11-29 04:04:20.175 1491 1874 E DisplayDeviceConfig: requesting nits when no mapping exists.
11-29 04:04:20.175 1491 1608 I am_wtf : [0,1491,system_server,-1,DisplayDeviceConfig,requesting nits when no mapping exists.]
11-29 04:04:20.186 1491 1874 E DisplayDeviceConfig: requesting nits when no mapping exists.
11-29 04:04:20.187 1491 1608 I am_wtf : [0,1491,system_server,-1,DisplayDeviceConfig,requesting nits when no mapping exists.]
11-29 04:04:20.188 1491 1874 E DisplayDeviceConfig: requesting nits when no mapping exists.
11-29 04:04:20.191 1491 1608 I am_wtf : [0,1491,system_server,-1,DisplayDeviceConfig,requesting nits when no mapping exists.]
11-29 04:04:20.197 12457 12457 I wm_on_stop_called: [239228137,com.android.settings.Settings,STOP_ACTIVITY_ITEM]
11-29 04:04:20.202 1491 1874 E DisplayDeviceConfig: requesting nits when no mapping exists.
11-29 04:04:20.202 1491 1874 E DisplayDeviceConfig: requesting nits when no mapping exists.
11-29 04:04:20.202 1491 1608 I am_wtf : [0,1491,system_server,-1,DisplayDeviceConfig,requesting nits when no mapping exists.]
11-29 04:04:20.203 1491 1608 I am_wtf : [0,1491,system_server,-1,DisplayDeviceConfig,requesting nits when no mapping exists.]
11-29 04:04:20.216 1491 1874 E DisplayDeviceConfig: requesting nits when no mapping exists.
11-29 04:04:20.217 1491 1608 I am_wtf : [0,1491,system_server,-1,DisplayDeviceConfig,requesting nits when no mapping exists.]
11-29 04:04:20.217 1491 1874 E DisplayDeviceConfig: requesting nits when no mapping exists.
11-29 04:04:20.218 1491 1608 I am_wtf : [0,1491,system_server,-1,DisplayDeviceConfig,requesting nits when no mapping exists.]
11-29 04:04:20.219 3714 3731 W ContextImpl: Calling a method in the system process without a qualified user: android.app.ContextImpl.startService:1816 android.content.ContextWrapper.startService:774 com.thundercomm.gamemode.ingame.services.GameModeActionUtils.startGameModeService:93 com.thundercomm.gamemode.ingame.services.GameModeActionUtils.startGameModeEntry:21 com.thundercomm.gamemode.ingame.services.ActivityMonitoringService$1.onActivityLaunch:127
11-29 04:04:20.225 1491 1491 I GameModeConfig: Current uri is uri = content://com.thundercomm.gamemode.api/gamemode_settings/gamemode_isgaming
11-29 04:04:20.227 1491 1491 I GameModeConfig: isGameModeOn = false
11-29 04:04:20.228 1491 1491 I GameModeConfig: isGameModeOn = false
11-29 04:04:20.228 1491 1491 I GameModeConfig: isDisableVoice = true
11-29 04:04:20.232 1491 1874 E DisplayDeviceConfig: requesting nits when no mapping exists.
11-29 04:04:20.233 1491 1874 E DisplayDeviceConfig: requesting nits when no mapping exists.
11-29 04:04:20.233 1491 1608 I am_wtf : [0,1491,system_server,-1,DisplayDeviceConfig,requesting nits when no mapping exists.]
11-29 04:04:20.234 1491 1608 I am_wtf : [0,1491,system_server,-1,DisplayDeviceConfig,requesting nits when no mapping exists.]
11-29 04:04:20.249 1491 1874 E DisplayDeviceConfig: requesting nits when no mapping exists.
11-29 04:04:20.250 1491 1874 E DisplayDeviceConfig: requesting nits when no mapping exists.
11-29 04:04:20.250 1491 1608 I am_wtf : [0,1491,system_server,-1,DisplayDeviceConfig,requesting nits when no mapping exists.]
11-29 04:04:20.252 1491 1608 I am_wtf : [0,1491,system_server,-1,DisplayDeviceConfig,requesting nits when no mapping exists.]
11-29 04:04:20.266 1491 1874 E DisplayDeviceConfig: requesting nits when no mapping exists.
11-29 04:04:20.269 1491 1874 E DisplayDeviceConfig: requesting nits when no mapping exists.
11-29 04:04:20.268 1491 1608 I am_wtf : [0,1491,system_server,-1,DisplayDeviceConfig,requesting nits when no mapping exists.]
11-29 04:04:20.270 1491 1608 I am_wtf : [0,1491,system_server,-1,DisplayDeviceConfig,requesting nits when no mapping exists.]
11-29 04:04:20.282 1491 1874 E DisplayDeviceConfig: requesting nits when no mapping exists.
11-29 04:04:20.283 1491 1874 E DisplayDeviceConfig: requesting nits when no mapping exists.
11-29 04:04:20.284 1491 1608 I am_wtf : [0,1491,system_server,-1,DisplayDeviceConfig,requesting nits when no mapping exists.]
11-29 04:04:20.286 1491 1608 I am_wtf : [0,1491,system_server,-1,DisplayDeviceConfig,requesting nits when no mapping exists.]
11-29 04:04:20.301 1491 1874 E DisplayDeviceConfig: requesting nits when no mapping exists.
11-29 04:04:20.302 1491 1874 E DisplayDeviceConfig: requesting nits when no mapping exists.
11-29 04:04:20.304 1491 1608 I am_wtf : [0,1491,system_server,-1,DisplayDeviceConfig,requesting nits when no mapping exists.]
11-29 04:04:20.305 1491 1608 I am_wtf : [0,1491,system_server,-1,DisplayDeviceConfig,requesting nits when no mapping exists.]
11-29 04:04:20.316 1491 1874 E DisplayDeviceConfig: requesting nits when no mapping exists.
11-29 04:04:20.317 1491 1608 I am_wtf : [0,1491,system_server,-1,DisplayDeviceConfig,requesting nits when no mapping exists.]
11-29 04:04:20.317 1491 1874 E DisplayDeviceConfig: requesting nits when no mapping exists.
11-29 04:04:20.318 1491 1608 I am_wtf : [0,1491,system_server,-1,DisplayDeviceConfig,requesting nits when no mapping exists.]
11-29 04:04:20.334 1491 1874 E DisplayDeviceConfig: requesting nits when no mapping exists.
11-29 04:04:20.334 1491 1874 E DisplayDeviceConfig: requesting nits when no mapping exists.
11-29 04:04:20.335 1491 1608 I am_wtf : [0,1491,system_server,-1,DisplayDeviceConfig,requesting nits when no mapping exists.]
11-29 04:04:20.335 1491 1608 I am_wtf : [0,1491,system_server,-1,DisplayDeviceConfig,requesting nits when no mapping exists.]
11-29 04:04:20.349 1491 1874 E DisplayDeviceConfig: requesting nits when no mapping exists.
11-29 04:04:20.350 1491 1874 E DisplayDeviceConfig: requesting nits when no mapping exists.
11-29 04:04:20.350 1491 1608 I am_wtf : [0,1491,system_server,-1,DisplayDeviceConfig,requesting nits when no mapping exists.]
11-29 04:04:20.351 1491 1608 I am_wtf : [0,1491,system_server,-1,DisplayDeviceConfig,requesting nits when no mapping exists.]
11-29 04:04:20.366 1491 1874 E DisplayDeviceConfig: requesting nits when no mapping exists.
11-29 04:04:20.366 1491 1874 E DisplayDeviceConfig: requesting nits when no mapping exists.
11-29 04:04:20.367 1491 1608 I am_wtf : [0,1491,system_server,-1,DisplayDeviceConfig,requesting nits when no mapping exists.]
11-29 04:04:20.368 1491 1608 I am_wtf : [0,1491,system_server,-1,DisplayDeviceConfig,requesting nits when no mapping exists.]
11-29 04:04:20.383 1491 1874 E DisplayDeviceConfig: requesting nits when no mapping exists.
11-29 04:04:20.383 1491 1608 I am_wtf : [0,1491,system_server,-1,DisplayDeviceConfig,requesting nits when no mapping exists.]
11-29 04:04:20.384 1491 1874 E DisplayDeviceConfig: requesting nits when no mapping exists.
11-29 04:04:20.385 1491 1608 I am_wtf : [0,1491,system_server,-1,DisplayDeviceConfig,requesting nits when no mapping exists.]
11-29 04:04:20.399 1491 1874 E DisplayDeviceConfig: requesting nits when no mapping exists.
11-29 04:04:20.400 1491 1608 I am_wtf : [0,1491,system_server,-1,DisplayDeviceConfig,requesting nits when no mapping exists.]
11-29 04:04:20.401 1491 1874 E DisplayDeviceConfig: requesting nits when no mapping exists.
11-29 04:04:20.402 1491 1608 I am_wtf : [0,1491,system_server,-1,DisplayDeviceConfig,requesting nits when no mapping exists.]
11-29 04:04:20.420 1491 1874 E DisplayDeviceConfig: requesting nits when no mapping exists.
11-29 04:04:20.421 1491 1608 I am_wtf : [0,1491,system_server,-1,DisplayDeviceConfig,requesting nits when no mapping exists.]
11-29 04:04:20.421 1491 1874 E DisplayDeviceConfig: requesting nits when no mapping exists.
11-29 04:04:20.425 1491 1608 I am_wtf : [0,1491,system_server,-1,DisplayDeviceConfig,requesting nits when no mapping exists.]
11-29 04:04:20.433 1491 1874 E DisplayDeviceConfig: requesting nits when no mapping exists.
11-29 04:04:20.434 1491 1874 E DisplayDeviceConfig: requesting nits when no mapping exists.
11-29 04:04:20.434 1491 1608 I am_wtf : [0,1491,system_server,-1,DisplayDeviceConfig,requesting nits when no mapping exists.]
11-29 04:04:20.435 1491 1608 I am_wtf : [0,1491,system_server,-1,DisplayDeviceConfig,requesting nits when no mapping exists.]
11-29 04:04:20.450 1491 1874 E DisplayDeviceConfig: requesting nits when no mapping exists.
11-29 04:04:20.451 1491 1608 I am_wtf : [0,1491,system_server,-1,DisplayDeviceConfig,requesting nits when no mapping exists.]
11-29 04:04:20.451 1491 1874 E DisplayDeviceConfig: requesting nits when no mapping exists.
11-29 04:04:20.452 1491 1608 I am_wtf : [0,1491,system_server,-1,DisplayDeviceConfig,requesting nits when no mapping exists.]
11-29 04:04:20.466 1491 1874 E DisplayDeviceConfig: requesting nits when no mapping exists.
11-29 04:04:20.467 1491 1874 E DisplayDeviceConfig: requesting nits when no mapping exists.
11-29 04:04:20.467 1491 1608 I am_wtf : [0,1491,system_server,-1,DisplayDeviceConfig,requesting nits when no mapping exists.]
11-29 04:04:20.468 1491 1608 I am_wtf : [0,1491,system_server,-1,DisplayDeviceConfig,requesting nits when no mapping exists.]
11-29 04:04:20.488 1491 1874 E DisplayDeviceConfig: requesting nits when no mapping exists.
11-29 04:04:20.488 1491 1608 I am_wtf : [0,1491,system_server,-1,DisplayDeviceConfig,requesting nits when no mapping exists.]
11-29 04:04:20.489 1491 1874 E DisplayDeviceConfig: requesting nits when no mapping exists.
11-29 04:04:20.491 1491 1608 I am_wtf : [0,1491,system_server,-1,DisplayDeviceConfig,requesting nits when no mapping exists.]
11-29 04:04:20.502 1491 1874 E DisplayDeviceConfig: requesting nits when no mapping exists.
11-29 04:04:20.502 1491 1874 E DisplayDeviceConfig: requesting nits when no mapping exists.
11-29 04:04:20.502 1491 1608 I am_wtf : [0,1491,system_server,-1,DisplayDeviceConfig,requesting nits when no mapping exists.]
11-29 04:04:20.503 1491 1608 I am_wtf : [0,1491,system_server,-1,DisplayDeviceConfig,requesting nits when no mapping exists.]
11-29 04:04:20.519 1491 1874 E DisplayDeviceConfig: requesting nits when no mapping exists.
11-29 04:04:20.519 1491 1874 E DisplayDeviceConfig: requesting nits when no mapping exists.
11-29 04:04:20.519 1491 1608 I am_wtf : [0,1491,system_server,-1,DisplayDeviceConfig,requesting nits when no mapping exists.]
11-29 04:04:20.521 1491 1608 I am_wtf : [0,1491,system_server,-1,DisplayDeviceConfig,requesting nits when no mapping exists.]
11-29 04:04:20.533 1491 1874 E DisplayDeviceConfig: requesting nits when no mapping exists.
11-29 04:04:20.533 1491 1874 E DisplayDeviceConfig: requesting nits when no mapping exists.
11-29 04:04:20.533 1491 1608 I am_wtf : [0,1491,system_server,-1,DisplayDeviceConfig,requesting nits when no mapping exists.]
11-29 04:04:20.534 1491 1608 I am_wtf : [0,1491,system_server,-1,DisplayDeviceConfig,requesting nits when no mapping exists.]
11-29 04:04:20.550 1491 1874 E DisplayDeviceConfig: requesting nits when no mapping exists.
11-29 04:04:20.550 1491 1874 E DisplayDeviceConfig: requesting nits when no mapping exists.
11-29 04:04:20.550 1491 1608 I am_wtf : [0,1491,system_server,-1,DisplayDeviceConfig,requesting nits when no mapping exists.]
11-29 04:04:20.552 1491 1608 I am_wtf : [0,1491,system_server,-1,DisplayDeviceConfig,requesting nits when no mapping exists.]
11-29 04:04:20.566 1491 1874 E DisplayDeviceConfig: requesting nits when no mapping exists.
11-29 04:04:20.567 1491 1874 E DisplayDeviceConfig: requesting nits when no mapping exists.
11-29 04:04:20.567 1491 1608 I am_wtf : [0,1491,system_server,-1,DisplayDeviceConfig,requesting nits when no mapping exists.]
11-29 04:04:20.568 1491 1608 I am_wtf : [0,1491,system_server,-1,DisplayDeviceConfig,requesting nits when no mapping exists.]
11-29 04:04:20.583 1491 1874 E DisplayDeviceConfig: requesting nits when no mapping exists.
11-29 04:04:20.584 1491 1874 E DisplayDeviceConfig: requesting nits when no mapping exists.
11-29 04:04:20.584 1491 1608 I am_wtf : [0,1491,system_server,-1,DisplayDeviceConfig,requesting nits when no mapping exists.]
11-29 04:04:20.585 1491 1608 I am_wtf : [0,1491,system_server,-1,DisplayDeviceConfig,requesting nits when no mapping exists.]
11-29 04:04:20.601 1491 1874 E DisplayDeviceConfig: requesting nits when no mapping exists.
11-29 04:04:20.603 1491 1608 I am_wtf : [0,1491,system_server,-1,DisplayDeviceConfig,requesting nits when no mapping exists.]
11-29 04:04:20.604 1491 1874 E DisplayDeviceConfig: requesting nits when no mapping exists.
11-29 04:04:20.605 1491 1608 I am_wtf : [0,1491,system_server,-1,DisplayDeviceConfig,requesting nits when no mapping exists.]
11-29 04:04:20.619 1491 1874 E DisplayDeviceConfig: requesting nits when no mapping exists.
11-29 04:04:20.620 1491 1608 I am_wtf : [0,1491,system_server,-1,DisplayDeviceConfig,requesting nits when no mapping exists.]
11-29 04:04:20.620 1491 1874 E DisplayDeviceConfig: requesting nits when no mapping exists.
11-29 04:04:20.622 1491 1608 I am_wtf : [0,1491,system_server,-1,DisplayDeviceConfig,requesting nits when no mapping exists.]
11-29 04:04:21.079 0 0 I auditd : type=1400 audit(0.0:3780): avc: denied { kill } for comm="swapper/2" capability=5 scontext=u:r:kernel:s0 tcontext=u:r:kernel:s0 tclass=capability permissive=0
11-29 04:04:22.075 1381 12439 I liblog : 129
11-29 04:04:22.079 0 0 I auditd : type=1400 audit(0.0:3781): avc: denied { kill } for comm="swapper/2" capability=5 scontext=u:r:kernel:s0 tcontext=u:r:kernel:s0 tclass=capability permissive=0
11-29 04:04:23.079 0 0 I auditd : type=1400 audit(0.0:3782): avc: denied { kill } for comm="swapper/2" capability=5 scontext=u:r:kernel:s0 tcontext=u:r:kernel:s0 tclass=capability permissive=0
11-29 04:04:24.079 0 0 I auditd : type=1400 audit(0.0:3783): avc: denied { kill } for comm="swapper/2" capability=5 scontext=u:r:kernel:s0 tcontext=u:r:kernel:s0 tclass=capability permissive=0
11-29 04:04:25.079 0 0 I auditd : type=1400 audit(0.0:3784): avc: denied { kill } for comm="swapper/2" capability=5 scontext=u:r:kernel:s0 tcontext=u:r:kernel:s0 tclass=capability permissive=0
11-29 04:04:26.079 0 0 I auditd : type=1400 audit(0.0:3785): avc: denied { kill } for comm="swapper/2" capability=5 scontext=u:r:kernel:s0 tcontext=u:r:kernel:s0 tclass=capability permissive=0
11-29 04:04:27.079 0 0 I auditd : type=1400 audit(0.0:3786): avc: denied { kill } for comm="swapper/2" capability=5 scontext=u:r:kernel:s0 tcontext=u:r:kernel:s0 tclass=capability permissive=0
11-29 04:04:28.079 0 0 I auditd : type=1400 audit(0.0:3787): avc: denied { kill } for comm="swapper/2" capability=5 scontext=u:r:kernel:s0 tcontext=u:r:kernel:s0 tclass=capability permissive=0
11-29 04:04:29.079 0 0 I auditd : type=1400 audit(0.0:3788): avc: denied { kill } for comm="swapper/2" capability=5 scontext=u:r:kernel:s0 tcontext=u:r:kernel:s0 tclass=capability permissive=0
11-29 04:04:29.885 1491 1760 I GameModeConfig: isGameModeOn = false
11-29 04:04:30.079 0 0 I auditd : type=1400 audit(0.0:3789): avc: denied { kill } for comm="swapper/2" capability=5 scontext=u:r:kernel:s0 tcontext=u:r:kernel:s0 tclass=capability permissive=0
11-29 04:04:31.079 0 0 I auditd : type=1400 audit(0.0:3790): avc: denied { kill } for comm="swapper/2" capability=5 scontext=u:r:kernel:s0 tcontext=u:r:kernel:s0 tclass=capability permissive=0
11-29 04:04:32.079 0 0 I auditd : type=1400 audit(0.0:3791): avc: denied { kill } for comm="swapper/2" capability=5 scontext=u:r:kernel:s0 tcontext=u:r:kernel:s0 tclass=capability permissive=0
11-29 04:04:32.499 1491 1723 I service_manager_stats: [124,113,12980]
11-29 04:04:32.522 1491 1723 I netstats_mobile_sample: [0,0,0,0,0,0,0,0,0,0,0,0,1669665872522]
11-29 04:04:32.523 1491 1723 I netstats_wifi_sample: [67397035,156592,31027339,74488,67397035,156592,31027339,74488,81629908,278099,15886182,39132,1669665872522]
11-29 04:04:33.079 0 0 I auditd : type=1400 audit(0.0:3792): avc: denied { kill } for comm="swapper/2" capability=5 scontext=u:r:kernel:s0 tcontext=u:r:kernel:s0 tclass=capability permissive=0
11-29 04:04:34.079 0 0 I auditd : type=1400 audit(0.0:3793): avc: denied { kill } for comm="swapper/2" capability=5 scontext=u:r:kernel:s0 tcontext=u:r:kernel:s0 tclass=capability permissive=0
11-29 04:04:35.079 0 0 I auditd : type=1400 audit(0.0:3794): avc: denied { kill } for comm="swapper/2" capability=5 scontext=u:r:kernel:s0 tcontext=u:r:kernel:s0 tclass=capability permissive=0
11-29 04:04:37.079 0 0 I auditd : type=1400 audit(0.0:3795): avc: denied { kill } for comm="swapper/2" capability=5 scontext=u:r:kernel:s0 tcontext=u:r:kernel:s0 tclass=capability permissive=0
11-29 04:04:38.079 0 0 I auditd : type=1400 audit(0.0:3796): avc: denied { kill } for comm="swapper/2" capability=5 scontext=u:r:kernel:s0 tcontext=u:r:kernel:s0 tclass=capability permissive=0
11-29 04:04:39.079 0 0 I auditd : type=1400 audit(0.0:3797): avc: denied { kill } for comm="swapper/2" capability=5 scontext=u:r:kernel:s0 tcontext=u:r:kernel:s0 tclass=capability permissive=0
11-29 04:04:40.079 0 0 I auditd : type=1400 audit(0.0:3798): avc: denied { kill } for comm="swapper/2" capability=5 scontext=u:r:kernel:s0 tcontext=u:r:kernel:s0 tclass=capability permissive=0
11-29 04:04:41.079 0 0 I auditd : type=1400 audit(0.0:3799): avc: denied { kill } for comm="swapper/2" capability=5 scontext=u:r:kernel:s0 tcontext=u:r:kernel:s0 tclass=capability permissive=0
11-29 04:04:43.079 0 0 I auditd : type=1400 audit(0.0:3800): avc: denied { kill } for comm="swapper/2" capability=5 scontext=u:r:kernel:s0 tcontext=u:r:kernel:s0 tclass=capability permissive=0
11-29 04:04:44.079 0 0 I auditd : type=1400 audit(0.0:3801): avc: denied { kill } for comm="swapper/2" capability=5 scontext=u:r:kernel:s0 tcontext=u:r:kernel:s0 tclass=capability permissive=0
11-29 04:04:45.079 0 0 I auditd : type=1400 audit(0.0:3802): avc: denied { kill } for comm="swapper/2" capability=5 scontext=u:r:kernel:s0 tcontext=u:r:kernel:s0 tclass=capability permissive=0
11-29 04:04:46.079 0 0 I auditd : type=1400 audit(0.0:3803): avc: denied { kill } for comm="swapper/2" capability=5 scontext=u:r:kernel:s0 tcontext=u:r:kernel:s0 tclass=capability permissive=0
11-29 04:04:47.079 0 0 I auditd : type=1400 audit(0.0:3804): avc: denied { kill } for comm="swapper/2" capability=5 scontext=u:r:kernel:s0 tcontext=u:r:kernel:s0 tclass=capability permissive=0
11-29 04:04:48.079 0 0 I auditd : type=1400 audit(0.0:3805): avc: denied { kill } for comm="swapper/2" capability=5 scontext=u:r:kernel:s0 tcontext=u:r:kernel:s0 tclass=capability permissive=0
11-29 04:04:49.079 0 0 I auditd : type=1400 audit(0.0:3806): avc: denied { kill } for comm="swapper/2" capability=5 scontext=u:r:kernel:s0 tcontext=u:r:kernel:s0 tclass=capability permissive=0
11-29 04:04:50.079 0 0 I auditd : type=1400 audit(0.0:3807): avc: denied { kill } for comm="swapper/2" capability=5 scontext=u:r:kernel:s0 tcontext=u:r:kernel:s0 tclass=capability permissive=0
11-29 04:04:51.079 0 0 I auditd : type=1400 audit(0.0:3808): avc: denied { kill } for comm="swapper/2" capability=5 scontext=u:r:kernel:s0 tcontext=u:r:kernel:s0 tclass=capability permissive=0
11-29 04:04:52.079 0 0 I auditd : type=1400 audit(0.0:3809): avc: denied { kill } for comm="swapper/2" capability=5 scontext=u:r:kernel:s0 tcontext=u:r:kernel:s0 tclass=capability permissive=0
11-29 04:04:53.079 0 0 I auditd : type=1400 audit(0.0:3810): avc: denied { kill } for comm="swapper/2" capability=5 scontext=u:r:kernel:s0 tcontext=u:r:kernel:s0 tclass=capability permissive=0
11-29 04:04:54.079 0 0 I auditd : type=1400 audit(0.0:3811): avc: denied { kill } for comm="swapper/2" capability=5 scontext=u:r:kernel:s0 tcontext=u:r:kernel:s0 tclass=capability permissive=0
11-29 04:04:55.079 0 0 I auditd : type=1400 audit(0.0:3812): avc: denied { kill } for comm="swapper/2" capability=5 scontext=u:r:kernel:s0 tcontext=u:r:kernel:s0 tclass=capability permissive=0
11-29 04:04:56.079 0 0 I auditd : type=1400 audit(0.0:3813): avc: denied { kill } for comm="swapper/2" capability=5 scontext=u:r:kernel:s0 tcontext=u:r:kernel:s0 tclass=capability permissive=0
11-29 04:05:00.079 0 0 I auditd : type=1400 audit(0.0:3814): avc: denied { kill } for comm="swapper/2" capability=5 scontext=u:r:kernel:s0 tcontext=u:r:kernel:s0 tclass=capability permissive=0
11-29 04:05:01.079 0 0 I auditd : type=1400 audit(0.0:3815): avc: denied { kill } for comm="swapper/2" capability=5 scontext=u:r:kernel:s0 tcontext=u:r:kernel:s0 tclass=capability permissive=0
11-29 04:05:02.079 0 0 I auditd : type=1400 audit(0.0:3816): avc: denied { kill } for comm="swapper/2" capability=5 scontext=u:r:kernel:s0 tcontext=u:r:kernel:s0 tclass=capability permissive=0
11-29 04:05:03.079 0 0 I auditd : type=1400 audit(0.0:3817): avc: denied { kill } for comm="swapper/2" capability=5 scontext=u:r:kernel:s0 tcontext=u:r:kernel:s0 tclass=capability permissive=0
11-29 04:05:04.079 0 0 I auditd : type=1400 audit(0.0:3818): avc: denied { kill } for comm="swapper/2" capability=5 scontext=u:r:kernel:s0 tcontext=u:r:kernel:s0 tclass=capability permissive=0
11-29 04:05:05.079 0 0 I auditd : type=1400 audit(0.0:3819): avc: denied { kill } for comm="swapper/2" capability=5 scontext=u:r:kernel:s0 tcontext=u:r:kernel:s0 tclass=capability permissive=0
11-29 04:05:06.079 0 0 I auditd : type=1400 audit(0.0:3820): avc: denied { kill } for comm="swapper/2" capability=5 scontext=u:r:kernel:s0 tcontext=u:r:kernel:s0 tclass=capability permissive=0
11-29 04:05:07.079 0 0 I auditd : type=1400 audit(0.0:3821): avc: denied { kill } for comm="swapper/2" capability=5 scontext=u:r:kernel:s0 tcontext=u:r:kernel:s0 tclass=capability permissive=0
11-29 04:05:08.079 0 0 I auditd : type=1400 audit(0.0:3822): avc: denied { kill } for comm="swapper/2" capability=5 scontext=u:r:kernel:s0 tcontext=u:r:kernel:s0 tclass=capability permissive=0
11-29 04:05:09.079 0 0 I auditd : type=1400 audit(0.0:3823): avc: denied { kill } for comm="swapper/2" capability=5 scontext=u:r:kernel:s0 tcontext=u:r:kernel:s0 tclass=capability permissive=0
11-29 04:05:10.079 0 0 I auditd : type=1400 audit(0.0:3824): avc: denied { kill } for comm="swapper/2" capability=5 scontext=u:r:kernel:s0 tcontext=u:r:kernel:s0 tclass=capability permissive=0
11-29 04:05:11.079 0 0 I auditd : type=1400 audit(0.0:3825): avc: denied { kill } for comm="swapper/2" capability=5 scontext=u:r:kernel:s0 tcontext=u:r:kernel:s0 tclass=capability permissive=0
11-29 04:05:12.079 0 0 I auditd : type=1400 audit(0.0:3826): avc: denied { kill } for comm="swapper/2" capability=5 scontext=u:r:kernel:s0 tcontext=u:r:kernel:s0 tclass=capability permissive=0
11-29 04:05:13.079 0 0 I auditd : type=1400 audit(0.0:3827): avc: denied { kill } for comm="swapper/2" capability=5 scontext=u:r:kernel:s0 tcontext=u:r:kernel:s0 tclass=capability permissive=0
11-29 04:05:14.079 0 0 I auditd : type=1400 audit(0.0:3828): avc: denied { kill } for comm="swapper/2" capability=5 scontext=u:r:kernel:s0 tcontext=u:r:kernel:s0 tclass=capability permissive=0
11-29 04:05:15.079 0 0 I auditd : type=1400 audit(0.0:3829): avc: denied { kill } for comm="swapper/2" capability=5 scontext=u:r:kernel:s0 tcontext=u:r:kernel:s0 tclass=capability permissive=0
11-29 04:05:16.079 0 0 I auditd : type=1400 audit(0.0:3830): avc: denied { kill } for comm="swapper/2" capability=5 scontext=u:r:kernel:s0 tcontext=u:r:kernel:s0 tclass=capability permissive=0
11-29 04:05:17.079 0 0 I auditd : type=1400 audit(0.0:3831): avc: denied { kill } for comm="swapper/2" capability=5 scontext=u:r:kernel:s0 tcontext=u:r:kernel:s0 tclass=capability permissive=0
11-29 04:05:18.079 13986 13986 I auditd : type=1400 audit(0.0:3832): avc: denied { kill } for comm="kworker/u16:15" capability=5 scontext=u:r:kernel:s0 tcontext=u:r:kernel:s0 tclass=capability permissive=0
11-29 04:05:19.079 0 0 I auditd : type=1400 audit(0.0:3833): avc: denied { kill } for comm="swapper/2" capability=5 scontext=u:r:kernel:s0 tcontext=u:r:kernel:s0 tclass=capability permissive=0
11-29 04:05:20.079 0 0 I auditd : type=1400 audit(0.0:3834): avc: denied { kill } for comm="swapper/2" capability=5 scontext=u:r:kernel:s0 tcontext=u:r:kernel:s0 tclass=capability permissive=0
11-29 04:05:21.079 0 0 I auditd : type=1400 audit(0.0:3835): avc: denied { kill } for comm="swapper/2" capability=5 scontext=u:r:kernel:s0 tcontext=u:r:kernel:s0 tclass=capability permissive=0
11-29 04:05:23.079 0 0 I auditd : type=1400 audit(0.0:3836): avc: denied { kill } for comm="swapper/2" capability=5 scontext=u:r:kernel:s0 tcontext=u:r:kernel:s0 tclass=capability permissive=0
11-29 04:05:24.079 0 0 I auditd : type=1400 audit(0.0:3837): avc: denied { kill } for comm="swapper/2" capability=5 scontext=u:r:kernel:s0 tcontext=u:r:kernel:s0 tclass=capability permissive=0
11-29 04:05:25.079 0 0 I auditd : type=1400 audit(0.0:3838): avc: denied { kill } for comm="swapper/2" capability=5 scontext=u:r:kernel:s0 tcontext=u:r:kernel:s0 tclass=capability permissive=0
11-29 04:05:26.238 1491 1608 I am_uid_idle: 10063
11-29 04:05:27.079 0 0 I auditd : type=1400 audit(0.0:3839): avc: denied { kill } for comm="swapper/2" capability=5 scontext=u:r:kernel:s0 tcontext=u:r:kernel:s0 tclass=capability permissive=0
11-29 04:05:28.079 0 0 I auditd : type=1400 audit(0.0:3840): avc: denied { kill } for comm="swapper/2" capability=5 scontext=u:r:kernel:s0 tcontext=u:r:kernel:s0 tclass=capability permissive=0
11-29 04:05:29.079 0 0 I auditd : type=1400 audit(0.0:3841): avc: denied { kill } for comm="swapper/2" capability=5 scontext=u:r:kernel:s0 tcontext=u:r:kernel:s0 tclass=capability permissive=0
11-29 04:05:30.079 0 0 I auditd : type=1400 audit(0.0:3842): avc: denied { kill } for comm="swapper/2" capability=5 scontext=u:r:kernel:s0 tcontext=u:r:kernel:s0 tclass=capability permissive=0
11-29 04:05:31.079 0 0 I auditd : type=1400 audit(0.0:3843): avc: denied { kill } for comm="swapper/2" capability=5 scontext=u:r:kernel:s0 tcontext=u:r:kernel:s0 tclass=capability permissive=0
11-29 04:05:32.079 0 0 I auditd : type=1400 audit(0.0:3844): avc: denied { kill } for comm="swapper/2" capability=5 scontext=u:r:kernel:s0 tcontext=u:r:kernel:s0 tclass=capability permissive=0
11-29 04:05:33.079 0 0 I auditd : type=1400 audit(0.0:3845): avc: denied { kill } for comm="swapper/2" capability=5 scontext=u:r:kernel:s0 tcontext=u:r:kernel:s0 tclass=capability permissive=0
11-29 04:05:33.987 1491 1723 I netstats_mobile_sample: [0,0,0,0,0,0,0,0,0,0,0,0,1669665933987]
11-29 04:05:33.988 1491 1723 I netstats_wifi_sample: [69148211,160610,31708131,76035,69148211,160610,31708131,76035,83691945,284589,16227524,39917,1669665933987]
11-29 04:05:34.079 0 0 I auditd : type=1400 audit(0.0:3846): avc: denied { kill } for comm="swapper/2" capability=5 scontext=u:r:kernel:s0 tcontext=u:r:kernel:s0 tclass=capability permissive=0
11-29 04:05:35.079 0 0 I auditd : type=1400 audit(0.0:3847): avc: denied { kill } for comm="swapper/2" capability=5 scontext=u:r:kernel:s0 tcontext=u:r:kernel:s0 tclass=capability permissive=0
11-29 04:05:36.079 0 0 I auditd : type=1400 audit(0.0:3848): avc: denied { kill } for comm="swapper/2" capability=5 scontext=u:r:kernel:s0 tcontext=u:r:kernel:s0 tclass=capability permissive=0
11-29 04:05:37.079 0 0 I auditd : type=1400 audit(0.0:3849): avc: denied { kill } for comm="swapper/2" capability=5 scontext=u:r:kernel:s0 tcontext=u:r:kernel:s0 tclass=capability permissive=0
11-29 04:05:38.079 0 0 I auditd : type=1400 audit(0.0:3850): avc: denied { kill } for comm="swapper/2" capability=5 scontext=u:r:kernel:s0 tcontext=u:r:kernel:s0 tclass=capability permissive=0
11-29 04:05:39.079 0 0 I auditd : type=1400 audit(0.0:3851): avc: denied { kill } for comm="swapper/2" capability=5 scontext=u:r:kernel:s0 tcontext=u:r:kernel:s0 tclass=capability permissive=0
11-29 04:05:40.079 0 0 I auditd : type=1400 audit(0.0:3852): avc: denied { kill } for comm="swapper/2" capability=5 scontext=u:r:kernel:s0 tcontext=u:r:kernel:s0 tclass=capability permissive=0
11-29 04:05:41.079 0 0 I auditd : type=1400 audit(0.0:3853): avc: denied { kill } for comm="swapper/2" capability=5 scontext=u:r:kernel:s0 tcontext=u:r:kernel:s0 tclass=capability permissive=0
11-29 04:05:42.079 0 0 I auditd : type=1400 audit(0.0:3854): avc: denied { kill } for comm="swapper/2" capability=5 scontext=u:r:kernel:s0 tcontext=u:r:kernel:s0 tclass=capability permissive=0
11-29 04:05:43.079 0 0 I auditd : type=1400 audit(0.0:3855): avc: denied { kill } for comm="swapper/2" capability=5 scontext=u:r:kernel:s0 tcontext=u:r:kernel:s0 tclass=capability permissive=0
11-29 04:05:44.079 0 0 I auditd : type=1400 audit(0.0:3856): avc: denied { kill } for comm="swapper/2" capability=5 scontext=u:r:kernel:s0 tcontext=u:r:kernel:s0 tclass=capability permissive=0
11-29 04:05:45.079 0 0 I auditd : type=1400 audit(0.0:3857): avc: denied { kill } for comm="swapper/2" capability=5 scontext=u:r:kernel:s0 tcontext=u:r:kernel:s0 tclass=capability permissive=0
11-29 04:05:46.079 0 0 I auditd : type=1400 audit(0.0:3858): avc: denied { kill } for comm="swapper/2" capability=5 scontext=u:r:kernel:s0 tcontext=u:r:kernel:s0 tclass=capability permissive=0
11-29 04:05:47.079 0 0 I auditd : type=1400 audit(0.0:3859): avc: denied { kill } for comm="swapper/2" capability=5 scontext=u:r:kernel:s0 tcontext=u:r:kernel:s0 tclass=capability permissive=0
11-29 04:05:48.079 0 0 I auditd : type=1400 audit(0.0:3860): avc: denied { kill } for comm="swapper/2" capability=5 scontext=u:r:kernel:s0 tcontext=u:r:kernel:s0 tclass=capability permissive=0
11-29 04:05:49.079 0 0 I auditd : type=1400 audit(0.0:3861): avc: denied { kill } for comm="swapper/2" capability=5 scontext=u:r:kernel:s0 tcontext=u:r:kernel:s0 tclass=capability permissive=0
11-29 04:05:50.079 0 0 I auditd : type=1400 audit(0.0:3862): avc: denied { kill } for comm="swapper/2" capability=5 scontext=u:r:kernel:s0 tcontext=u:r:kernel:s0 tclass=capability permissive=0
11-29 04:05:51.079 0 0 I auditd : type=1400 audit(0.0:3863): avc: denied { kill } for comm="swapper/2" capability=5 scontext=u:r:kernel:s0 tcontext=u:r:kernel:s0 tclass=capability permissive=0
11-29 04:05:52.079 0 0 I auditd : type=1400 audit(0.0:3864): avc: denied { kill } for comm="swapper/2" capability=5 scontext=u:r:kernel:s0 tcontext=u:r:kernel:s0 tclass=capability permissive=0
11-29 04:05:53.079 0 0 I auditd : type=1400 audit(0.0:3865): avc: denied { kill } for comm="swapper/2" capability=5 scontext=u:r:kernel:s0 tcontext=u:r:kernel:s0 tclass=capability permissive=0
11-29 04:05:54.079 0 0 I auditd : type=1400 audit(0.0:3866): avc: denied { kill } for comm="swapper/2" capability=5 scontext=u:r:kernel:s0 tcontext=u:r:kernel:s0 tclass=capability permissive=0
11-29 04:05:55.079 0 0 I auditd : type=1400 audit(0.0:3867): avc: denied { kill } for comm="swapper/2" capability=5 scontext=u:r:kernel:s0 tcontext=u:r:kernel:s0 tclass=capability permissive=0
11-29 04:05:56.079 0 0 I auditd : type=1400 audit(0.0:3868): avc: denied { kill } for comm="swapper/2" capability=5 scontext=u:r:kernel:s0 tcontext=u:r:kernel:s0 tclass=capability permissive=0
11-29 04:05:57.079 0 0 I auditd : type=1400 audit(0.0:3869): avc: denied { kill } for comm="swapper/2" capability=5 scontext=u:r:kernel:s0 tcontext=u:r:kernel:s0 tclass=capability permissive=0
11-29 04:05:59.079 0 0 I auditd : type=1400 audit(0.0:3870): avc: denied { kill } for comm="swapper/2" capability=5 scontext=u:r:kernel:s0 tcontext=u:r:kernel:s0 tclass=capability permissive=0
11-29 04:06:00.079 0 0 I auditd : type=1400 audit(0.0:3871): avc: denied { kill } for comm="swapper/2" capability=5 scontext=u:r:kernel:s0 tcontext=u:r:kernel:s0 tclass=capability permissive=0
11-29 04:06:04.079 0 0 I auditd : type=1400 audit(0.0:3872): avc: denied { kill } for comm="swapper/2" capability=5 scontext=u:r:kernel:s0 tcontext=u:r:kernel:s0 tclass=capability permissive=0
11-29 04:06:05.079 0 0 I auditd : type=1400 audit(0.0:3873): avc: denied { kill } for comm="swapper/2" capability=5 scontext=u:r:kernel:s0 tcontext=u:r:kernel:s0 tclass=capability permissive=0
11-29 04:06:06.079 0 0 I auditd : type=1400 audit(0.0:3874): avc: denied { kill } for comm="swapper/2" capability=5 scontext=u:r:kernel:s0 tcontext=u:r:kernel:s0 tclass=capability permissive=0
11-29 04:06:07.079 0 0 I auditd : type=1400 audit(0.0:3875): avc: denied { kill } for comm="swapper/2" capability=5 scontext=u:r:kernel:s0 tcontext=u:r:kernel:s0 tclass=capability permissive=0
11-29 04:06:08.079 0 0 I auditd : type=1400 audit(0.0:3876): avc: denied { kill } for comm="swapper/2" capability=5 scontext=u:r:kernel:s0 tcontext=u:r:kernel:s0 tclass=capability permissive=0
11-29 04:06:09.079 0 0 I auditd : type=1400 audit(0.0:3877): avc: denied { kill } for comm="swapper/2" capability=5 scontext=u:r:kernel:s0 tcontext=u:r:kernel:s0 tclass=capability permissive=0
11-29 04:06:10.079 0 0 I auditd : type=1400 audit(0.0:3878): avc: denied { kill } for comm="swapper/2" capability=5 scontext=u:r:kernel:s0 tcontext=u:r:kernel:s0 tclass=capability permissive=0
11-29 04:06:11.079 0 0 I auditd : type=1400 audit(0.0:3879): avc: denied { kill } for comm="swapper/2" capability=5 scontext=u:r:kernel:s0 tcontext=u:r:kernel:s0 tclass=capability permissive=0
11-29 04:06:12.079 0 0 I auditd : type=1400 audit(0.0:3880): avc: denied { kill } for comm="swapper/2" capability=5 scontext=u:r:kernel:s0 tcontext=u:r:kernel:s0 tclass=capability permissive=0
11-29 04:06:13.079 0 0 I auditd : type=1400 audit(0.0:3881): avc: denied { kill } for comm="swapper/2" capability=5 scontext=u:r:kernel:s0 tcontext=u:r:kernel:s0 tclass=capability permissive=0
11-29 04:06:14.079 0 0 I auditd : type=1400 audit(0.0:3882): avc: denied { kill } for comm="swapper/2" capability=5 scontext=u:r:kernel:s0 tcontext=u:r:kernel:s0 tclass=capability permissive=0
11-29 04:06:15.079 0 0 I auditd : type=1400 audit(0.0:3883): avc: denied { kill } for comm="swapper/2" capability=5 scontext=u:r:kernel:s0 tcontext=u:r:kernel:s0 tclass=capability permissive=0
11-29 04:06:16.079 0 0 I auditd : type=1400 audit(0.0:3884): avc: denied { kill } for comm="swapper/2" capability=5 scontext=u:r:kernel:s0 tcontext=u:r:kernel:s0 tclass=capability permissive=0
11-29 04:06:17.079 0 0 I auditd : type=1400 audit(0.0:3885): avc: denied { kill } for comm="swapper/2" capability=5 scontext=u:r:kernel:s0 tcontext=u:r:kernel:s0 tclass=capability permissive=0
11-29 04:06:18.079 0 0 I auditd : type=1400 audit(0.0:3886): avc: denied { kill } for comm="swapper/2" capability=5 scontext=u:r:kernel:s0 tcontext=u:r:kernel:s0 tclass=capability permissive=0
11-29 04:06:19.079 0 0 I auditd : type=1400 audit(0.0:3887): avc: denied { kill } for comm="swapper/2" capability=5 scontext=u:r:kernel:s0 tcontext=u:r:kernel:s0 tclass=capability permissive=0
11-29 04:06:20.079 0 0 I auditd : type=1400 audit(0.0:3888): avc: denied { kill } for comm="swapper/2" capability=5 scontext=u:r:kernel:s0 tcontext=u:r:kernel:s0 tclass=capability permissive=0
11-29 04:06:21.079 0 0 I auditd : type=1400 audit(0.0:3889): avc: denied { kill } for comm="swapper/2" capability=5 scontext=u:r:kernel:s0 tcontext=u:r:kernel:s0 tclass=capability permissive=0
11-29 04:06:22.079 0 0 I auditd : type=1400 audit(0.0:3890): avc: denied { kill } for comm="swapper/2" capability=5 scontext=u:r:kernel:s0 tcontext=u:r:kernel:s0 tclass=capability permissive=0
11-29 04:06:23.079 0 0 I auditd : type=1400 audit(0.0:3891): avc: denied { kill } for comm="swapper/2" capability=5 scontext=u:r:kernel:s0 tcontext=u:r:kernel:s0 tclass=capability permissive=0
11-29 04:06:24.079 0 0 I auditd : type=1400 audit(0.0:3892): avc: denied { kill } for comm="swapper/2" capability=5 scontext=u:r:kernel:s0 tcontext=u:r:kernel:s0 tclass=capability permissive=0
11-29 04:06:25.079 0 0 I auditd : type=1400 audit(0.0:3893): avc: denied { kill } for comm="swapper/2" capability=5 scontext=u:r:kernel:s0 tcontext=u:r:kernel:s0 tclass=capability permissive=0
11-29 04:06:26.079 0 0 I auditd : type=1400 audit(0.0:3894): avc: denied { kill } for comm="swapper/2" capability=5 scontext=u:r:kernel:s0 tcontext=u:r:kernel:s0 tclass=capability permissive=0
11-29 04:06:27.079 0 0 I auditd : type=1400 audit(0.0:3895): avc: denied { kill } for comm="swapper/2" capability=5 scontext=u:r:kernel:s0 tcontext=u:r:kernel:s0 tclass=capability permissive=0
11-29 04:06:28.079 0 0 I auditd : type=1400 audit(0.0:3896): avc: denied { kill } for comm="swapper/2" capability=5 scontext=u:r:kernel:s0 tcontext=u:r:kernel:s0 tclass=capability permissive=0
11-29 04:06:29.079 0 0 I auditd : type=1400 audit(0.0:3897): avc: denied { kill } for comm="swapper/2" capability=5 scontext=u:r:kernel:s0 tcontext=u:r:kernel:s0 tclass=capability permissive=0
11-29 04:06:30.079 0 0 I auditd : type=1400 audit(0.0:3898): avc: denied { kill } for comm="swapper/2" capability=5 scontext=u:r:kernel:s0 tcontext=u:r:kernel:s0 tclass=capability permissive=0
11-29 04:06:31.079 0 0 I auditd : type=1400 audit(0.0:3899): avc: denied { kill } for comm="swapper/2" capability=5 scontext=u:r:kernel:s0 tcontext=u:r:kernel:s0 tclass=capability permissive=0
11-29 04:06:32.079 0 0 I auditd : type=1400 audit(0.0:3900): avc: denied { kill } for comm="swapper/2" capability=5 scontext=u:r:kernel:s0 tcontext=u:r:kernel:s0 tclass=capability permissive=0
11-29 04:06:33.079 0 0 I auditd : type=1400 audit(0.0:3901): avc: denied { kill } for comm="swapper/2" capability=5 scontext=u:r:kernel:s0 tcontext=u:r:kernel:s0 tclass=capability permissive=0
11-29 04:06:35.079 0 0 I auditd : type=1400 audit(0.0:3902): avc: denied { kill } for comm="swapper/2" capability=5 scontext=u:r:kernel:s0 tcontext=u:r:kernel:s0 tclass=capability permissive=0
11-29 04:06:36.079 0 0 I auditd : type=1400 audit(0.0:3903): avc: denied { kill } for comm="swapper/2" capability=5 scontext=u:r:kernel:s0 tcontext=u:r:kernel:s0 tclass=capability permissive=0
11-29 04:06:36.135 834 834 I auditd : type=1400 audit(0.0:3904): avc: denied { search } for comm="wifi@1.0-servic" name="tombstones" dev="dm-10" ino=36 scontext=u:r:hal_wifi_default:s0 tcontext=u:object_r:vendor_tombstone_data_file:s0 tclass=dir permissive=0
11-29 04:06:36.139 834 834 E android.hardware.wifi@1.0-service: Failed to open directory: Permission denied
11-29 04:06:36.139 834 834 E android.hardware.wifi@1.0-service: Error occurred while deleting old tombstone files
11-29 04:06:36.139 834 834 E android.hardware.wifi@1.0-service: Error writing files to flash
11-29 04:06:37.079 0 0 I auditd : type=1400 audit(0.0:3905): avc: denied { kill } for comm="swapper/2" capability=5 scontext=u:r:kernel:s0 tcontext=u:r:kernel:s0 tclass=capability permissive=0
11-29 04:06:38.079 0 0 I auditd : type=1400 audit(0.0:3906): avc: denied { kill } for comm="swapper/2" capability=5 scontext=u:r:kernel:s0 tcontext=u:r:kernel:s0 tclass=capability permissive=0
11-29 04:06:38.712 834 834 E android.hardware.wifi@1.0-service: Failed to open directory: Permission denied
11-29 04:06:38.707 834 834 I auditd : type=1400 audit(0.0:3907): avc: denied { search } for comm="wifi@1.0-servic" name="tombstones" dev="dm-10" ino=36 scontext=u:r:hal_wifi_default:s0 tcontext=u:object_r:vendor_tombstone_data_file:s0 tclass=dir permissive=0
11-29 04:06:38.712 834 834 E android.hardware.wifi@1.0-service: Error occurred while deleting old tombstone files
11-29 04:06:38.712 834 834 E android.hardware.wifi@1.0-service: Error writing files to flash
11-29 04:06:39.079 0 0 I auditd : type=1400 audit(0.0:3908): avc: denied { kill } for comm="swapper/2" capability=5 scontext=u:r:kernel:s0 tcontext=u:r:kernel:s0 tclass=capability permissive=0
11-29 04:06:40.079 0 0 I auditd : type=1400 audit(0.0:3909): avc: denied { kill } for comm="swapper/2" capability=5 scontext=u:r:kernel:s0 tcontext=u:r:kernel:s0 tclass=capability permissive=0
11-29 04:06:41.030 1491 1723 I netstats_mobile_sample: [0,0,0,0,0,0,0,0,0,0,0,0,1669666001030]
11-29 04:06:41.031 1491 1723 I netstats_wifi_sample: [70847902,164497,32462005,77750,70847902,164497,32462005,77750,85673357,290716,16605655,40788,1669666001030]
11-29 04:06:41.079 0 0 I auditd : type=1400 audit(0.0:3910): avc: denied { kill } for comm="swapper/2" capability=5 scontext=u:r:kernel:s0 tcontext=u:r:kernel:s0 tclass=capability permissive=0
11-29 04:06:42.079 0 0 I auditd : type=1400 audit(0.0:3911): avc: denied { kill } for comm="swapper/2" capability=5 scontext=u:r:kernel:s0 tcontext=u:r:kernel:s0 tclass=capability permissive=0
11-29 04:06:43.079 0 0 I auditd : type=1400 audit(0.0:3912): avc: denied { kill } for comm="swapper/2" capability=5 scontext=u:r:kernel:s0 tcontext=u:r:kernel:s0 tclass=capability permissive=0
11-29 04:06:44.079 0 0 I auditd : type=1400 audit(0.0:3913): avc: denied { kill } for comm="swapper/2" capability=5 scontext=u:r:kernel:s0 tcontext=u:r:kernel:s0 tclass=capability permissive=0
11-29 04:06:45.079 0 0 I auditd : type=1400 audit(0.0:3914): avc: denied { kill } for comm="swapper/2" capability=5 scontext=u:r:kernel:s0 tcontext=u:r:kernel:s0 tclass=capability permissive=0
11-29 04:06:46.079 0 0 I auditd : type=1400 audit(0.0:3915): avc: denied { kill } for comm="swapper/2" capability=5 scontext=u:r:kernel:s0 tcontext=u:r:kernel:s0 tclass=capability permissive=0
11-29 04:06:47.079 0 0 I auditd : type=1400 audit(0.0:3916): avc: denied { kill } for comm="swapper/2" capability=5 scontext=u:r:kernel:s0 tcontext=u:r:kernel:s0 tclass=capability permissive=0
11-29 04:06:48.079 0 0 I auditd : type=1400 audit(0.0:3917): avc: denied { kill } for comm="swapper/2" capability=5 scontext=u:r:kernel:s0 tcontext=u:r:kernel:s0 tclass=capability permissive=0
11-29 04:06:49.079 0 0 I auditd : type=1400 audit(0.0:3918): avc: denied { kill } for comm="swapper/2" capability=5 scontext=u:r:kernel:s0 tcontext=u:r:kernel:s0 tclass=capability permissive=0
11-29 04:06:51.079 0 0 I auditd : type=1400 audit(0.0:3919): avc: denied { kill } for comm="swapper/2" capability=5 scontext=u:r:kernel:s0 tcontext=u:r:kernel:s0 tclass=capability permissive=0
11-29 04:06:52.079 0 0 I auditd : type=1400 audit(0.0:3920): avc: denied { kill } for comm="swapper/2" capability=5 scontext=u:r:kernel:s0 tcontext=u:r:kernel:s0 tclass=capability permissive=0
11-29 04:06:53.079 0 0 I auditd : type=1400 audit(0.0:3921): avc: denied { kill } for comm="swapper/2" capability=5 scontext=u:r:kernel:s0 tcontext=u:r:kernel:s0 tclass=capability permissive=0
11-29 04:06:55.079 0 0 I auditd : type=1400 audit(0.0:3922): avc: denied { kill } for comm="swapper/2" capability=5 scontext=u:r:kernel:s0 tcontext=u:r:kernel:s0 tclass=capability permissive=0
11-29 04:06:56.079 0 0 I auditd : type=1400 audit(0.0:3923): avc: denied { kill } for comm="swapper/2" capability=5 scontext=u:r:kernel:s0 tcontext=u:r:kernel:s0 tclass=capability permissive=0
11-29 04:06:57.079 0 0 I auditd : type=1400 audit(0.0:3924): avc: denied { kill } for comm="swapper/2" capability=5 scontext=u:r:kernel:s0 tcontext=u:r:kernel:s0 tclass=capability permissive=0
11-29 04:06:58.079 0 0 I auditd : type=1400 audit(0.0:3925): avc: denied { kill } for comm="swapper/2" capability=5 scontext=u:r:kernel:s0 tcontext=u:r:kernel:s0 tclass=capability permissive=0
11-29 04:06:58.532 1491 1674 D ActivityManager: freezing 11651 android.process.media
11-29 04:06:58.532 1491 1674 E ActivityManager: Unable to freeze binder for 11651 android.process.media
11-29 04:06:58.534 1491 1674 D ActivityManager: froze 11651 android.process.media
11-29 04:06:58.534 1491 1674 I am_freeze: [11651,android.process.media]
11-29 04:06:58.534 1491 1674 E ActivityManager: Unable to freeze binder for 11651 android.process.media
11-29 04:06:58.536 1491 1674 D ActivityManager: freezing 11698 com.android.traceur
11-29 04:06:58.536 1491 1674 E ActivityManager: Unable to freeze binder for 11698 com.android.traceur
11-29 04:06:58.537 1491 1674 D ActivityManager: froze 11698 com.android.traceur
11-29 04:06:58.537 1491 1674 I am_freeze: [11698,com.android.traceur]
11-29 04:06:58.538 1491 1674 E ActivityManager: Unable to freeze binder for 11698 com.android.traceur
11-29 04:06:58.540 1491 1674 I ActivityManager: Killing 11651:android.process.media/u0a22 (adj 945): Unable to freeze binder interface
11-29 04:06:58.540 1491 1674 I am_kill : [0,11651,android.process.media,945,Unable to freeze binder interface]
11-29 04:06:58.546 1491 1674 I ActivityManager: Killing 11698:com.android.traceur/u0a31 (adj 945): Unable to freeze binder interface
11-29 04:06:58.546 1491 1674 I am_kill : [0,11698,com.android.traceur,945,Unable to freeze binder interface]
11-29 04:06:58.588 1491 8646 I am_proc_died: [0,11698,com.android.traceur,945,19]
11-29 04:06:58.588 1491 8646 I am_uid_stopped: 10031
11-29 04:06:58.593 1491 8646 I am_proc_died: [0,11651,android.process.media,945,19]
11-29 04:06:58.594 1491 8646 I am_uid_stopped: 10022
11-29 04:06:58.604 1491 1607 I am_pss : [12458,10068,com.android.gallery3d,25850880,21164032,0,143286272,0,18,7]
11-29 04:06:58.614 1491 1607 I am_pss : [11890,10089,com.android.music,28679168,22323200,0,156835840,0,4,8]
11-29 04:06:59.079 0 0 I auditd : type=1400 audit(0.0:3926): avc: denied { kill } for comm="swapper/2" capability=5 scontext=u:r:kernel:s0 tcontext=u:r:kernel:s0 tclass=capability permissive=0
11-29 04:07:01.079 0 0 I auditd : type=1400 audit(0.0:3927): avc: denied { kill } for comm="swapper/2" capability=5 scontext=u:r:kernel:s0 tcontext=u:r:kernel:s0 tclass=capability permissive=0
11-29 04:07:02.079 0 0 I auditd : type=1400 audit(0.0:3928): avc: denied { kill } for comm="swapper/2" capability=5 scontext=u:r:kernel:s0 tcontext=u:r:kernel:s0 tclass=capability permissive=0
11-29 04:07:03.079 0 0 I auditd : type=1400 audit(0.0:3929): avc: denied { kill } for comm="swapper/2" capability=5 scontext=u:r:kernel:s0 tcontext=u:r:kernel:s0 tclass=capability permissive=0
11-29 04:07:04.079 0 0 I auditd : type=1400 audit(0.0:3930): avc: denied { kill } for comm="swapper/2" capability=5 scontext=u:r:kernel:s0 tcontext=u:r:kernel:s0 tclass=capability permissive=0
11-29 04:07:05.079 0 0 I auditd : type=1400 audit(0.0:3931): avc: denied { kill } for comm="swapper/2" capability=5 scontext=u:r:kernel:s0 tcontext=u:r:kernel:s0 tclass=capability permissive=0
11-29 04:07:06.079 0 0 I auditd : type=1400 audit(0.0:3932): avc: denied { kill } for comm="swapper/2" capability=5 scontext=u:r:kernel:s0 tcontext=u:r:kernel:s0 tclass=capability permissive=0
11-29 04:07:06.747 1491 1674 D ActivityManager: freezing 10614 com.android.permissioncontroller
11-29 04:07:06.747 1491 1674 E ActivityManager: Unable to freeze binder for 10614 com.android.permissioncontroller
11-29 04:07:06.750 1491 1674 D ActivityManager: froze 10614 com.android.permissioncontroller
11-29 04:07:06.750 1491 1674 I am_freeze: [10614,com.android.permissioncontroller]
11-29 04:07:06.750 1491 1674 E ActivityManager: Unable to freeze binder for 10614 com.android.permissioncontroller
11-29 04:07:06.751 1491 1674 I ActivityManager: Killing 10614:com.android.permissioncontroller/u0a94 (adj 935): Unable to freeze binder interface
11-29 04:07:06.751 1491 1674 I am_kill : [0,10614,com.android.permissioncontroller,935,Unable to freeze binder interface]
11-29 04:07:06.801 1491 8646 I am_proc_died: [0,10614,com.android.permissioncontroller,935,19]
11-29 04:07:06.802 1491 8646 I am_uid_stopped: 10094
11-29 04:07:06.805 1491 1599 W ActivityManager: setHasOverlayUi called on unknown pid: 10614
11-29 04:07:07.079 0 0 I auditd : type=1400 audit(0.0:3933): avc: denied { kill } for comm="swapper/2" capability=5 scontext=u:r:kernel:s0 tcontext=u:r:kernel:s0 tclass=capability permissive=0
11-29 04:07:08.079 0 0 I auditd : type=1400 audit(0.0:3934): avc: denied { kill } for comm="swapper/2" capability=5 scontext=u:r:kernel:s0 tcontext=u:r:kernel:s0 tclass=capability permissive=0
11-29 04:07:09.079 0 0 I auditd : type=1400 audit(0.0:3935): avc: denied { kill } for comm="swapper/2" capability=5 scontext=u:r:kernel:s0 tcontext=u:r:kernel:s0 tclass=capability permissive=0
11-29 04:07:10.079 0 0 I auditd : type=1400 audit(0.0:3936): avc: denied { kill } for comm="swapper/2" capability=5 scontext=u:r:kernel:s0 tcontext=u:r:kernel:s0 tclass=capability permissive=0
11-29 04:07:10.772 1491 1674 D ActivityManager: freezing 11679 com.android.externalstorage
11-29 04:07:10.772 1491 1674 E ActivityManager: Unable to freeze binder for 11679 com.android.externalstorage
11-29 04:07:10.774 1491 1674 D ActivityManager: froze 11679 com.android.externalstorage
11-29 04:07:10.774 1491 1674 I am_freeze: [11679,com.android.externalstorage]
11-29 04:07:10.774 1491 1674 E ActivityManager: Unable to freeze binder for 11679 com.android.externalstorage
11-29 04:07:10.775 1491 1674 I ActivityManager: Killing 11679:com.android.externalstorage/u0a25 (adj 975): Unable to freeze binder interface
11-29 04:07:10.775 1491 1674 I am_kill : [0,11679,com.android.externalstorage,975,Unable to freeze binder interface]
11-29 04:07:10.811 1491 9950 I am_proc_died: [0,11679,com.android.externalstorage,975,19]
11-29 04:07:10.812 1491 9950 I am_uid_stopped: 10025
11-29 04:07:11.079 0 0 I auditd : type=1400 audit(0.0:3937): avc: denied { kill } for comm="swapper/2" capability=5 scontext=u:r:kernel:s0 tcontext=u:r:kernel:s0 tclass=capability permissive=0
