11-29 03:58:33.628 1491 1760 I GameModeConfig: isGameModeOn = false
11-29 03:58:33.661 1491 1760 I GameModeConfig: isGameModeOn = false
11-29 03:58:33.912 1491 9315 D TelephonyRegistry: listen oscl: mHasNotifySubscriptionInfoChangedOccurred==false no callback
11-29 03:58:33.913 1951 1951 W CarrierConfigManager: Error getting config for subId -1 ICarrierConfigLoader is null
11-29 03:58:35.143 834 834 D android.hardware.wifi@1.0-service: Initialize legacy HAL
11-29 03:58:35.149 834 834 I android.hardware.wifi@1.0-service: Wifi HAL started
11-29 03:58:35.159 834 834 D android.hardware.wifi@1.0-service: Waiting for the driver ready
11-29 03:58:35.160 834 834 D android.hardware.wifi@1.0-service: Starting legacy HAL
11-29 03:58:35.174 834 834 I android.hardware.wifi@1.0-service: Adding interface handle for wlan0
11-29 03:58:35.174 834 834 I android.hardware.wifi@1.0-service: Adding interface handle for wifi-aware0
11-29 03:58:35.174 834 834 I android.hardware.wifi@1.0-service: Adding interface handle for p2p0
11-29 03:58:35.174 834 834 D android.hardware.wifi@1.0-service: Legacy HAL start complete
11-29 03:58:35.174 834 834 W android.hardware.wifi@1.0-service: No active wlan interfaces in use! Using default
11-29 03:58:35.174 834 834 W android.hardware.wifi@1.0-service: No active wlan interfaces in use! Using default
11-29 03:58:35.175 834 12422 D android.hardware.wifi@1.0-service: Starting legacy HAL event loop
11-29 03:58:35.175 834 834 I android.hardware.wifi@1.0-service: Configured chip in mode 3
11-29 03:58:35.175 834 834 W android.hardware.wifi@1.0-service: No active wlan interfaces in use! Using default
11-29 03:58:35.182 834 834 W android.hardware.wifi@1.0-service: No active wlan interfaces in use! Using default
11-29 03:58:35.192 1197 1197 I wificond: createClientInterface: wiphy_index 0 iface_name wlan0
11-29 03:58:35.193 1197 1197 I wificond: create scanner for interface with index: 17
11-29 03:58:35.193 1197 1197 I wificond: subscribe scan result for interface with index: 17
11-29 03:58:35.194 1197 1197 I wificond: add channel type 0 support at wiphy index: 0
11-29 03:58:35.194 1197 1197 I wificond: add channel type 1 support at wiphy index: 0
11-29 03:58:35.439 834 834 D android.hardware.wifi@1.0-service: Successfully SetMacAddress.
11-29 03:58:35.763 1491 1491 W Looper : Slow dispatch took 386ms main h=android.app.ActivityThread$H c=android.app.LoadedApk$ReceiverDispatcher$Args$$ExternalSyntheticLambda0@cef232b m=0
11-29 03:58:35.763 1491 1491 W Looper : Slow delivery took 388ms main h=android.app.ActivityThread$H c=android.app.LoadedApk$ReceiverDispatcher$Args$$ExternalSyntheticLambda0@ccb4388 m=0
11-29 03:58:35.766 1491 1491 W Looper : Drained
11-29 03:58:36.575 1491 1760 I GameModeConfig: isGameModeOn = false
11-29 03:58:36.575 1491 1760 I GameModeConfig: isGameModeOn = false
11-29 03:58:36.575 1491 1760 I GameModeConfig: isGameModeOn = false
11-29 03:58:36.575 1491 1760 I GameModeConfig: isGameModeOn = false
11-29 03:58:36.605 1491 1760 I GameModeConfig: isGameModeOn = false
11-29 03:58:36.605 1491 1760 I GameModeConfig: isGameModeOn = false
11-29 03:58:36.605 1491 1760 I GameModeConfig: isGameModeOn = false
11-29 03:58:36.605 1491 1760 I GameModeConfig: isGameModeOn = false
11-29 03:58:36.618 1491 1760 I GameModeConfig: isGameModeOn = false
11-29 03:58:36.619 1491 1760 I GameModeConfig: isGameModeOn = false
11-29 03:58:36.619 1491 1760 I GameModeConfig: isGameModeOn = false
11-29 03:58:36.619 1491 1760 I GameModeConfig: isGameModeOn = false
11-29 03:58:36.630 1491 1760 I GameModeConfig: isGameModeOn = false
11-29 03:58:36.643 1491 1760 I GameModeConfig: isGameModeOn = false
11-29 03:58:36.643 1491 1760 I GameModeConfig: isGameModeOn = false
11-29 03:58:36.643 1491 1760 I GameModeConfig: isGameModeOn = false
11-29 03:58:36.643 1491 1760 I GameModeConfig: isGameModeOn = false
11-29 03:58:36.648 1491 1760 I GameModeConfig: isGameModeOn = false
11-29 03:58:36.648 1491 1760 I GameModeConfig: isGameModeOn = false
11-29 03:58:36.648 1491 1760 I GameModeConfig: isGameModeOn = false
11-29 03:58:36.648 1491 1760 I GameModeConfig: isGameModeOn = false
11-29 03:58:36.658 1491 1760 I GameModeConfig: isGameModeOn = false
11-29 03:58:36.658 1491 1760 I GameModeConfig: isGameModeOn = false
11-29 03:58:36.659 1491 1760 I GameModeConfig: isGameModeOn = false
11-29 03:58:36.659 1491 1760 I GameModeConfig: isGameModeOn = false
11-29 03:58:36.673 1491 1760 I GameModeConfig: isGameModeOn = false
11-29 03:58:36.674 1491 1760 I GameModeConfig: isGameModeOn = false
11-29 03:58:36.674 1491 1760 I GameModeConfig: isGameModeOn = false
11-29 03:58:36.674 1491 1760 I GameModeConfig: isGameModeOn = false
11-29 03:58:36.674 1491 1760 I GameModeConfig: isGameModeOn = false
11-29 03:58:36.691 1491 1760 I GameModeConfig: isGameModeOn = false
11-29 03:58:36.692 1491 1760 I GameModeConfig: isGameModeOn = false
11-29 03:58:36.692 1491 1760 I GameModeConfig: isGameModeOn = false
11-29 03:58:36.692 1491 1760 I GameModeConfig: isGameModeOn = false
11-29 03:58:36.693 1491 1760 I GameModeConfig: isGameModeOn = false
11-29 03:58:36.705 1491 1760 I GameModeConfig: isGameModeOn = false
11-29 03:58:36.710 1491 1760 I GameModeConfig: isGameModeOn = false
11-29 03:58:36.710 1491 1760 I GameModeConfig: isGameModeOn = false
11-29 03:58:36.710 1491 1760 I GameModeConfig: isGameModeOn = false
11-29 03:58:36.710 1491 1760 I GameModeConfig: isGameModeOn = false
11-29 03:58:36.726 1491 1760 I GameModeConfig: isGameModeOn = false
11-29 03:58:36.727 1491 1760 I GameModeConfig: isGameModeOn = false
11-29 03:58:36.727 1491 1760 I GameModeConfig: isGameModeOn = false
11-29 03:58:36.727 1491 1760 I GameModeConfig: isGameModeOn = false
11-29 03:58:36.743 1491 1760 I GameModeConfig: isGameModeOn = false
11-29 03:58:36.743 1491 1760 I GameModeConfig: isGameModeOn = false
11-29 03:58:36.743 1491 1760 I GameModeConfig: isGameModeOn = false
11-29 03:58:36.743 1491 1760 I GameModeConfig: isGameModeOn = false
11-29 03:58:36.757 1491 1760 I GameModeConfig: isGameModeOn = false
11-29 03:58:36.758 1491 1760 I GameModeConfig: isGameModeOn = false
11-29 03:58:36.758 1491 1760 I GameModeConfig: isGameModeOn = false
11-29 03:58:36.758 1491 1760 I GameModeConfig: isGameModeOn = false
11-29 03:58:36.776 1491 1760 I GameModeConfig: isGameModeOn = false
11-29 03:58:36.776 1491 1760 I GameModeConfig: isGameModeOn = false
11-29 03:58:36.776 1491 1760 I GameModeConfig: isGameModeOn = false
11-29 03:58:36.776 1491 1760 I GameModeConfig: isGameModeOn = false
11-29 03:58:36.780 1491 1491 I GameModeConfig: isGameModeOn = false
11-29 03:58:36.782 1491 1491 W NotificationHistory: Attempted to add notif for locked/gone/disabled user 0
11-29 03:58:36.794 1491 1760 I GameModeConfig: isGameModeOn = false
11-29 03:58:36.794 1491 1760 I GameModeConfig: isGameModeOn = false
11-29 03:58:36.794 1491 1760 I GameModeConfig: isGameModeOn = false
11-29 03:58:36.795 1491 1760 I GameModeConfig: isGameModeOn = false
11-29 03:58:36.807 1491 1491 I GameModeConfig: isGameModeOn = false
11-29 03:58:36.808 1491 1491 E NotificationService: Muting recently noisy 0|com.android.systemui|2048|null|10082
11-29 03:58:36.811 1491 1760 I GameModeConfig: isGameModeOn = false
11-29 03:58:36.812 1491 1760 I GameModeConfig: isGameModeOn = false
11-29 03:58:36.812 1491 1760 I GameModeConfig: isGameModeOn = false
11-29 03:58:36.812 1491 1760 I GameModeConfig: isGameModeOn = false
11-29 03:58:36.827 1491 1491 I GameModeConfig: isGameModeOn = false
11-29 03:58:36.827 1491 1491 E NotificationService: Muting recently noisy 0|com.android.systemui|2048|null|10082
11-29 03:58:36.828 1491 1760 I GameModeConfig: isGameModeOn = false
11-29 03:58:36.828 1491 1760 I GameModeConfig: isGameModeOn = false
11-29 03:58:36.828 1491 1760 I GameModeConfig: isGameModeOn = false
11-29 03:58:36.828 1491 1760 I GameModeConfig: isGameModeOn = false
11-29 03:58:36.838 1491 1760 I GameModeConfig: isGameModeOn = false
11-29 03:58:36.839 1491 1491 I GameModeConfig: isGameModeOn = false
11-29 03:58:36.839 1491 1491 E NotificationService: Muting recently noisy 0|com.android.systemui|2048|null|10082
11-29 03:58:36.845 1491 1760 I GameModeConfig: isGameModeOn = false
11-29 03:58:36.845 1491 1760 I GameModeConfig: isGameModeOn = false
11-29 03:58:36.845 1491 1760 I GameModeConfig: isGameModeOn = false
11-29 03:58:36.845 1491 1760 I GameModeConfig: isGameModeOn = false
11-29 03:58:36.851 1491 1491 I GameModeConfig: isGameModeOn = false
11-29 03:58:36.851 1491 1491 E NotificationService: Muting recently noisy 0|com.android.systemui|2048|null|10082
11-29 03:58:36.863 1491 1491 I GameModeConfig: isGameModeOn = false
11-29 03:58:36.864 1491 1491 E NotificationService: Muting recently noisy 0|com.android.systemui|2048|null|10082
11-29 03:58:36.876 1491 1491 I GameModeConfig: isGameModeOn = false
11-29 03:58:36.877 1491 1491 E NotificationService: Muting recently noisy 0|com.android.systemui|2048|null|10082
11-29 03:58:36.881 1491 1760 I GameModeConfig: isGameModeOn = false
11-29 03:58:36.895 1491 1491 I GameModeConfig: isGameModeOn = false
11-29 03:58:36.896 1491 1491 E NotificationService: Muting recently noisy 0|com.android.systemui|2048|null|10082
11-29 03:58:36.900 1491 1760 I GameModeConfig: isGameModeOn = false
11-29 03:58:36.912 1491 1760 I GameModeConfig: isGameModeOn = false
11-29 03:58:36.914 1491 1491 I GameModeConfig: isGameModeOn = false
11-29 03:58:36.914 1491 1491 E NotificationService: Muting recently noisy 0|com.android.systemui|2048|null|10082
11-29 03:58:36.930 1491 1491 I GameModeConfig: isGameModeOn = false
11-29 03:58:36.931 1491 1491 E NotificationService: Muting recently noisy 0|com.android.systemui|2048|null|10082
11-29 03:58:36.946 1491 1491 I GameModeConfig: isGameModeOn = false
11-29 03:58:36.947 1491 1491 E NotificationService: Muting recently noisy 0|com.android.systemui|2048|null|10082
11-29 03:58:36.961 1491 1491 I GameModeConfig: isGameModeOn = false
11-29 03:58:36.962 1491 1491 E NotificationService: Muting recently noisy 0|com.android.systemui|2048|null|10082
11-29 03:58:36.979 1491 1491 I GameModeConfig: isGameModeOn = false
11-29 03:58:36.980 1491 1491 E NotificationService: Muting recently noisy 0|com.android.systemui|2048|null|10082
11-29 03:58:36.998 1491 1491 I GameModeConfig: isGameModeOn = false
11-29 03:58:36.998 1491 1491 E NotificationService: Muting recently noisy 0|com.android.systemui|2048|null|10082
11-29 03:58:37.013 1491 1491 I GameModeConfig: isGameModeOn = false
11-29 03:58:37.013 1491 1491 E NotificationService: Muting recently noisy 0|com.android.systemui|2048|null|10082
11-29 03:58:37.036 1491 1491 I GameModeConfig: isGameModeOn = false
11-29 03:58:37.036 1491 1491 E NotificationService: Muting recently noisy 0|com.android.systemui|2048|null|10082
11-29 03:58:37.048 1491 1491 I GameModeConfig: isGameModeOn = false
11-29 03:58:37.048 1491 1491 E NotificationService: Muting recently noisy 0|com.android.systemui|2048|null|10082
11-29 03:58:37.083 834 834 D android.hardware.wifi@1.0-service: Successfully SetMacAddress.
11-29 03:58:37.092 1197 1197 W wificond: Scan is not started. Ignore abort request
11-29 03:58:37.807 3714 3731 W ContextImpl: Calling a method in the system process without a qualified user: android.app.ContextImpl.startService:1816 android.content.ContextWrapper.startService:774 com.thundercomm.gamemode.ingame.services.GameModeActionUtils.startGameModeService:93 com.thundercomm.gamemode.ingame.services.GameModeActionUtils.startGameModeEntry:21 com.thundercomm.gamemode.ingame.services.ActivityMonitoringService$1.onActivityLaunch:127
11-29 03:58:37.813 1491 1491 I GameModeConfig: Current uri is uri = content://com.thundercomm.gamemode.api/gamemode_settings/gamemode_isgaming
11-29 03:58:37.820 1491 1491 I GameModeConfig: isGameModeOn = false
11-29 03:58:37.820 1491 1491 I GameModeConfig: isGameModeOn = false
11-29 03:58:37.820 1491 1491 I GameModeConfig: isDisableVoice = true
11-29 03:58:37.852 1491 5277 W ActivityTaskManager: getTaskSnapshot: taskId=4084 not found
11-29 03:58:37.859 1491 8943 W ActivityTaskManager: getTaskSnapshot: taskId=1084 not found
11-29 03:58:37.860 1491 8943 W ActivityTaskManager: getTaskSnapshot: taskId=4084 not found
11-29 03:58:37.861 1491 8943 W ActivityTaskManager: getTaskSnapshot: taskId=3084 not found
11-29 03:58:37.865 1491 2058 W ActivityTaskManager: getTaskSnapshot: taskId=2084 not found
11-29 03:58:37.867 1491 5277 W ActivityTaskManager: getTaskSnapshot: taskId=1084 not found
11-29 03:58:37.960 667 730 E NetlinkEvent: NetlinkEvent::FindParam(): Parameter 'INTERFACE' not found
11-29 03:58:37.960 667 730 E NetlinkEvent: NetlinkEvent::FindParam(): Parameter 'STATE' not found
11-29 03:58:37.960 667 730 E NetlinkEvent: NetlinkEvent::FindParam(): Parameter 'TIME_NS' not found
11-29 03:58:37.960 667 730 E NetlinkEvent: NetlinkEvent::FindParam(): Parameter 'UID' not found
11-29 03:58:37.991 1491 1754 W ContextImpl: Calling a method in the system process without a qualified user: android.app.ContextImpl.sendStickyBroadcast:1559 com.android.server.ConnectivityService.sendStickyBroadcast:2811 com.android.server.ConnectivityService.sendGeneralBroadcast:2786 com.android.server.ConnectivityService.sendConnectedBroadcast:2759 com.android.server.ConnectivityService.sendLegacyNetworkBroadcast:8704
11-29 03:58:37.998 1491 1754 W ContextImpl: Calling a method in the system process without a qualified user: android.app.ContextImpl.sendStickyBroadcast:1559 com.android.server.ConnectivityService.sendStickyBroadcast:2811 com.android.server.ConnectivityService.sendGeneralBroadcast:2786 com.android.server.ConnectivityService.sendInetConditionBroadcast:2763 com.android.server.ConnectivityService.updateInetCondition:8451
11-29 03:58:39.754 1491 8701 I ActivityTaskManager: FOREGROUND_APPLICATION_CHANGED to com.android.launcher3.uioverrides.QuickstepLauncher
11-29 03:58:39.835 3714 3731 W ContextImpl: Calling a method in the system process without a qualified user: android.app.ContextImpl.startService:1816 android.content.ContextWrapper.startService:774 com.thundercomm.gamemode.ingame.services.GameModeActionUtils.startGameModeService:93 com.thundercomm.gamemode.ingame.services.GameModeActionUtils.startGameModeEntry:21 com.thundercomm.gamemode.ingame.services.ActivityMonitoringService$1.onActivityLaunch:127
11-29 03:58:39.843 1491 1491 I GameModeConfig: Current uri is uri = content://com.thundercomm.gamemode.api/gamemode_settings/gamemode_isgaming
11-29 03:58:39.846 1491 1491 I GameModeConfig: isGameModeOn = false
11-29 03:58:39.847 1491 1491 I GameModeConfig: isGameModeOn = false
11-29 03:58:39.847 1491 1491 I GameModeConfig: isDisableVoice = true
11-29 03:58:39.884 1491 1599 I ActivityManager: Killing 11368:com.android.gallery3d/u0a68 (adj 900): remove task
11-29 03:58:39.886 3714 3731 W ContextImpl: Calling a method in the system process without a qualified user: android.app.ContextImpl.startService:1816 android.content.ContextWrapper.startService:774 com.thundercomm.gamemode.ingame.services.GameModeActionUtils.startGameModeService:93 com.thundercomm.gamemode.ingame.services.GameModeActionUtils.startGameModeEntry:21 com.thundercomm.gamemode.ingame.services.ActivityMonitoringService$1.onActivityLaunch:127
11-29 03:58:39.887 1491 2756 E TaskPersister: File error accessing recents directory (directory doesn't exist?).
11-29 03:58:39.888 1491 1599 I ActivityManager: Killing 11889:com.android.settings/1000 (adj 905): remove task
11-29 03:58:39.893 1491 1491 I GameModeConfig: Current uri is uri = content://com.thundercomm.gamemode.api/gamemode_settings/gamemode_isgaming
11-29 03:58:39.896 1491 1491 I GameModeConfig: isGameModeOn = false
11-29 03:58:39.897 1491 1491 I GameModeConfig: isGameModeOn = false
11-29 03:58:39.897 1491 1491 I GameModeConfig: isDisableVoice = true
11-29 03:58:39.914 1491 2756 E TaskPersister: File error accessing recents directory (directory doesn't exist?).
11-29 03:58:39.952 1491 2061 I WindowManager: WIN DEATH: Window{bbe8a7d u0 com.android.gallery3d/com.android.gallery3d.app.GalleryActivity}
11-29 03:58:39.965 1491 1599 W ActivityManager: setHasOverlayUi called on unknown pid: 11368
11-29 03:58:39.965 1491 1600 W ActivityTaskManager: Can't find TaskDisplayArea to determine support for multi window. Task id=84 attached=false
11-29 03:58:39.965 1491 1600 W ActivityTaskManager: Can't find TaskDisplayArea to determine support for multi window. Task id=84 attached=false
11-29 03:58:39.966 1491 1607 W UsageStatsService: Unexpected activity event reported! (com.android.gallery3d/com.android.gallery3d.app.GalleryActivity event : 23 instanceId : 243144246)
11-29 03:58:39.968 1491 1599 W ActivityManager: ProcessRecord{16b019a 11889:com.android.settings/1000} is attached to a previous process
11-29 03:58:39.968 1491 1599 W ActivityManager: Existing proc ProcessRecord{16b019a 11889:com.android.settings/1000} was killed 79ms ago when adding ProcessRecord{d1e1040 0:com.android.settings/1000}
11-29 03:58:39.969 1491 1599 D CompatibilityChangeReporter: Compat change id reported: 135634846; UID 1000; state: DISABLED
11-29 03:58:39.969 1491 1599 D CompatibilityChangeReporter: Compat change id reported: 177438394; UID 1000; state: DISABLED
11-29 03:58:39.969 1491 1599 D CompatibilityChangeReporter: Compat change id reported: 135772972; UID 1000; state: DISABLED
11-29 03:58:39.969 1491 1599 D CompatibilityChangeReporter: Compat change id reported: 135754954; UID 1000; state: ENABLED
11-29 03:58:39.970 1491 1599 D CompatibilityChangeReporter: Compat change id reported: 135634846; UID 10068; state: DISABLED
11-29 03:58:39.971 1491 1599 D CompatibilityChangeReporter: Compat change id reported: 177438394; UID 10068; state: DISABLED
11-29 03:58:39.971 1491 1599 D CompatibilityChangeReporter: Compat change id reported: 135772972; UID 10068; state: DISABLED
11-29 03:58:39.971 1491 1599 D CompatibilityChangeReporter: Compat change id reported: 135754954; UID 10068; state: DISABLED
11-29 03:58:39.980 1491 9682 I WindowManager: WIN DEATH: Window{5a7d9e8 u0 com.android.settings/com.android.settings.Settings}
11-29 03:58:39.987 1491 1600 W ActivityTaskManager: Can't find TaskDisplayArea to determine support for multi window. Task id=85 attached=false
11-29 03:58:39.987 1491 1600 W ActivityTaskManager: Can't find TaskDisplayArea to determine support for multi window. Task id=85 attached=false
11-29 03:58:39.988 1491 1599 W ActivityManager: setHasOverlayUi called on unknown pid: 11889
11-29 03:58:39.992 1491 1609 I ActivityManager: Start proc 12457:com.android.settings/1000 for null
11-29 03:58:39.993 1491 1609 D CompatibilityChangeReporter: Compat change id reported: 143937733; UID 10068; state: DISABLED
11-29 03:58:39.996 1491 1607 W UsageStatsService: Unexpected activity event reported! (com.android.settings/com.android.settings.homepage.SettingsHomepageActivity event : 23 instanceId : 196805684)
11-29 03:58:39.998 3714 3731 W ContextImpl: Calling a method in the system process without a qualified user: android.app.ContextImpl.startService:1816 android.content.ContextWrapper.startService:774 com.thundercomm.gamemode.ingame.services.GameModeActionUtils.startGameModeService:93 com.thundercomm.gamemode.ingame.services.GameModeActionUtils.startGameModeEntry:21 com.thundercomm.gamemode.ingame.services.ActivityMonitoringService$1.onActivityLaunch:127
11-29 03:58:40.002 1491 1491 I GameModeConfig: Current uri is uri = content://com.thundercomm.gamemode.api/gamemode_settings/gamemode_isgaming
11-29 03:58:40.005 1491 1609 I ActivityManager: Start proc 12458:com.android.gallery3d/u0a68 for null
11-29 03:58:40.007 1491 1491 I GameModeConfig: isGameModeOn = false
11-29 03:58:40.008 1491 1491 I GameModeConfig: isGameModeOn = false
11-29 03:58:40.008 1491 1491 I GameModeConfig: isDisableVoice = true
11-29 03:58:40.392 1491 9682 I ActivityTaskManager: START u0 {act=android.intent.action.MAIN cat=[android.intent.category.LAUNCHER] flg=0x10200000 cmp=com.android.settings/.Settings bnds=[2308,740][2494,940]} from uid 10077
11-29 03:58:40.400 1491 9682 W ActivityTaskManager: Can't find TaskDisplayArea to determine support for multi window. Task id=86 attached=false
11-29 03:58:40.417 1491 8943 I ActivityTaskManager: FOREGROUND_APPLICATION_CHANGED to com.android.settings.homepage.SettingsHomepageActivity
11-29 03:58:40.418 1491 8943 I ActivityTaskManager: The Process com.android.settings Already Exists in BG. So sending its PID: 12457
11-29 03:58:40.449 3714 3731 W ContextImpl: Calling a method in the system process without a qualified user: android.app.ContextImpl.startService:1816 android.content.ContextWrapper.startService:774 com.thundercomm.gamemode.ingame.services.GameModeActionUtils.startGameModeService:93 com.thundercomm.gamemode.ingame.services.GameModeActionUtils.startGameModeEntry:21 com.thundercomm.gamemode.ingame.services.ActivityMonitoringService$1.onActivityLaunch:127
11-29 03:58:40.455 1491 1491 I GameModeConfig: Current uri is uri = content://com.thundercomm.gamemode.api/gamemode_settings/gamemode_isgaming
11-29 03:58:40.459 1491 1491 I GameModeConfig: isGameModeOn = false
11-29 03:58:40.460 1491 1491 I GameModeConfig: isGameModeOn = false
11-29 03:58:40.460 1491 1491 I GameModeConfig: isDisableVoice = true
11-29 03:58:40.500 1491 9480 E UserRestrictionsUtils: Unknown restriction queried by uid 1000 (com.qualcomm.qti.qdma et al): null
11-29 03:58:40.500 1491 9480 E UserRestrictionsUtils: Unknown restriction queried by uid 1000 (com.qualcomm.qti.qdma et al): null
11-29 03:58:40.501 1491 9480 E UserRestrictionsUtils: Unknown restriction queried by uid 1000 (com.qualcomm.qti.qdma et al): null
11-29 03:58:40.501 1491 9480 E UserRestrictionsUtils: Unknown restriction queried by uid 1000 (com.qualcomm.qti.qdma et al): null
11-29 03:58:40.501 1491 9480 E UserRestrictionsUtils: Unknown restriction queried by uid 1000 (com.qualcomm.qti.qdma et al): null
11-29 03:58:40.501 1491 9480 E UserRestrictionsUtils: Unknown restriction queried by uid 1000 (com.qualcomm.qti.qdma et al): null
11-29 03:58:40.501 1491 9480 E UserRestrictionsUtils: Unknown restriction queried by uid 1000 (com.qualcomm.qti.qdma et al): null
11-29 03:58:40.502 1491 9480 E UserRestrictionsUtils: Unknown restriction queried by uid 1000 (com.qualcomm.qti.qdma et al): null
11-29 03:58:40.502 1491 9480 E UserRestrictionsUtils: Unknown restriction queried by uid 1000 (com.qualcomm.qti.qdma et al): null
11-29 03:58:40.502 1491 9480 E UserRestrictionsUtils: Unknown restriction queried by uid 1000 (com.qualcomm.qti.qdma et al): null
11-29 03:58:40.502 1491 9480 E UserRestrictionsUtils: Unknown restriction queried by uid 1000 (com.qualcomm.qti.qdma et al): null
11-29 03:58:40.503 1491 9480 E UserRestrictionsUtils: Unknown restriction queried by uid 1000 (com.qualcomm.qti.qdma et al): null
11-29 03:58:40.503 1491 9480 E UserRestrictionsUtils: Unknown restriction queried by uid 1000 (com.qualcomm.qti.qdma et al): null
11-29 03:58:40.503 1491 9480 E UserRestrictionsUtils: Unknown restriction queried by uid 1000 (com.qualcomm.qti.qdma et al): null
11-29 03:58:40.503 1491 9480 E UserRestrictionsUtils: Unknown restriction queried by uid 1000 (com.qualcomm.qti.qdma et al): null
11-29 03:58:40.504 1491 9480 E UserRestrictionsUtils: Unknown restriction queried by uid 1000 (com.qualcomm.qti.qdma et al): null
11-29 03:58:40.504 1491 9480 E UserRestrictionsUtils: Unknown restriction queried by uid 1000 (com.qualcomm.qti.qdma et al): null
11-29 03:58:40.504 1491 9480 E UserRestrictionsUtils: Unknown restriction queried by uid 1000 (com.qualcomm.qti.qdma et al): null
11-29 03:58:40.536 3714 3731 W ContextImpl: Calling a method in the system process without a qualified user: android.app.ContextImpl.startService:1816 android.content.ContextWrapper.startService:774 com.thundercomm.gamemode.ingame.services.GameModeActionUtils.startGameModeService:93 com.thundercomm.gamemode.ingame.services.GameModeActionUtils.startGameModeEntry:21 com.thundercomm.gamemode.ingame.services.ActivityMonitoringService$1.onActivityLaunch:127
11-29 03:58:40.542 1491 1491 I GameModeConfig: Current uri is uri = content://com.thundercomm.gamemode.api/gamemode_settings/gamemode_isgaming
11-29 03:58:40.544 1491 1491 I GameModeConfig: isGameModeOn = false
11-29 03:58:40.544 1491 1491 I GameModeConfig: isGameModeOn = false
11-29 03:58:40.544 1491 1491 I GameModeConfig: isDisableVoice = true
11-29 03:58:40.667 12457 12457 W CarrierConfigManager: Error getting config for subId -1 ICarrierConfigLoader is null
11-29 03:58:40.671 1491 2059 E UserRestrictionsUtils: Unknown restriction queried by uid 1000 (com.qualcomm.qti.qdma et al): null
11-29 03:58:40.705 1491 9682 D TelephonyRegistry: listen oscl: mHasNotifySubscriptionInfoChangedOccurred==false no callback
11-29 03:58:40.708 1491 9682 D TelephonyRegistry: listen oscl: mHasNotifySubscriptionInfoChangedOccurred==false no callback
11-29 03:58:41.051 3714 3731 W ContextImpl: Calling a method in the system process without a qualified user: android.app.ContextImpl.startService:1816 android.content.ContextWrapper.startService:774 com.thundercomm.gamemode.ingame.services.GameModeActionUtils.startGameModeService:93 com.thundercomm.gamemode.ingame.services.GameModeActionUtils.startGameModeEntry:21 com.thundercomm.gamemode.ingame.services.ActivityMonitoringService$1.onActivityLaunch:127
11-29 03:58:41.054 1491 1491 I GameModeConfig: Current uri is uri = content://com.thundercomm.gamemode.api/gamemode_settings/gamemode_isgaming
11-29 03:58:41.056 1491 1491 I GameModeConfig: isGameModeOn = false
11-29 03:58:41.056 1491 1491 I GameModeConfig: isGameModeOn = false
11-29 03:58:41.056 1491 1491 I GameModeConfig: isDisableVoice = true
11-29 03:58:43.979 1491 2756 E TaskPersister: File error accessing recents directory (directory doesn't exist?).
11-29 03:58:46.624 1491 1760 I GameModeConfig: isGameModeOn = false
11-29 03:58:46.625 1491 1760 I GameModeConfig: isGameModeOn = false
11-29 03:58:46.626 1491 1760 I GameModeConfig: isGameModeOn = false
11-29 03:58:46.644 1491 1760 I GameModeConfig: isGameModeOn = false
11-29 03:58:46.648 1491 1760 I GameModeConfig: isGameModeOn = false
11-29 03:58:46.659 1491 1760 I GameModeConfig: isGameModeOn = false
11-29 03:58:46.674 1491 1760 I GameModeConfig: isGameModeOn = false
11-29 03:58:46.693 1491 1760 I GameModeConfig: isGameModeOn = false
11-29 03:58:46.710 1491 1760 I GameModeConfig: isGameModeOn = false
11-29 03:58:46.727 1491 1760 I GameModeConfig: isGameModeOn = false
11-29 03:58:46.744 1491 1760 I GameModeConfig: isGameModeOn = false
11-29 03:58:46.758 1491 1760 I GameModeConfig: isGameModeOn = false
11-29 03:58:46.776 1491 1760 I GameModeConfig: isGameModeOn = false
11-29 03:58:46.781 1491 1760 I GameModeConfig: isGameModeOn = false
11-29 03:58:46.795 1491 1760 I GameModeConfig: isGameModeOn = false
11-29 03:58:46.808 1491 1760 I GameModeConfig: isGameModeOn = false
11-29 03:58:46.812 1491 1760 I GameModeConfig: isGameModeOn = false
11-29 03:58:46.826 1491 1760 I GameModeConfig: isGameModeOn = false
11-29 03:58:46.829 1491 1760 I GameModeConfig: isGameModeOn = false
11-29 03:58:46.839 1491 1760 I GameModeConfig: isGameModeOn = false
11-29 03:58:46.844 1491 1760 I GameModeConfig: isGameModeOn = false
11-29 03:58:46.851 1491 1760 I GameModeConfig: isGameModeOn = false
11-29 03:58:46.864 1491 1760 I GameModeConfig: isGameModeOn = false
11-29 03:58:46.877 1491 1760 I GameModeConfig: isGameModeOn = false
11-29 03:58:46.896 1491 1760 I GameModeConfig: isGameModeOn = false
11-29 03:58:46.914 1491 1760 I GameModeConfig: isGameModeOn = false
11-29 03:58:46.930 1491 1760 I GameModeConfig: isGameModeOn = false
11-29 03:58:46.947 1491 1760 I GameModeConfig: isGameModeOn = false
11-29 03:58:46.961 1491 1760 I GameModeConfig: isGameModeOn = false
11-29 03:58:46.980 1491 1760 I GameModeConfig: isGameModeOn = false
11-29 03:58:46.997 1491 1760 I GameModeConfig: isGameModeOn = false
11-29 03:58:47.013 1491 1760 I GameModeConfig: isGameModeOn = false
11-29 03:58:47.036 1491 1760 I GameModeConfig: isGameModeOn = false
11-29 03:58:47.049 1491 1760 I GameModeConfig: isGameModeOn = false
11-29 03:59:09.552 1491 1674 D ActivityManager: freezing 10538 com.microsoft.emmx
11-29 03:59:09.552 1491 1674 E ActivityManager: Unable to freeze binder for 10538 com.microsoft.emmx
11-29 03:59:09.554 1491 1674 D ActivityManager: froze 10538 com.microsoft.emmx
11-29 03:59:09.554 1491 1674 E ActivityManager: Unable to freeze binder for 10538 com.microsoft.emmx
11-29 03:59:09.555 1491 1674 I ActivityManager: Killing 10538:com.microsoft.emmx/u0a36 (adj 965): Unable to freeze binder interface
11-29 03:59:09.623 1491 9370 I ActivityManager: Killing 10754:com.microsoft.emmx:sandboxed_process0:org.chromium.content.app.SandboxedProcessService0:0/u0a36i-9000 (adj 0): isolated not needed
11-29 03:59:09.664 1491 1618 E KernelCpuSpeedReader: Failed to read cpu-freq: /sys/devices/system/cpu/cpu4/cpufreq/stats/time_in_state: open failed: ENOENT (No such file or directory)
11-29 03:59:09.665 1491 1618 E KernelCpuSpeedReader: Failed to read cpu-freq: /sys/devices/system/cpu/cpu0/cpufreq/stats/time_in_state: open failed: ENOENT (No such file or directory)
11-29 03:59:13.514 834 834 E android.hardware.wifi@1.0-service: Failed to open directory: Permission denied
11-29 03:59:13.514 834 834 E android.hardware.wifi@1.0-service: Error occurred while deleting old tombstone files
11-29 03:59:13.514 834 834 E android.hardware.wifi@1.0-service: Error writing files to flash
11-29 03:59:33.323 1491 1626 V DisplayPowerController[0]: Brightness [0.05] reason changing to: 'manual [ dim ]', previous reason: 'manual'.
11-29 03:59:33.324 1491 1626 W PowerManagerService: Screen on took 247339 ms
11-29 03:59:33.331 1491 1874 E DisplayDeviceConfig: requesting nits when no mapping exists.
11-29 03:59:33.332 1491 1874 E DisplayDeviceConfig: requesting nits when no mapping exists.
11-29 03:59:33.333 1491 1608 I DropBoxManagerService: add tag=system_server_wtf isTagEnabled=true flags=0x2
11-29 03:59:33.336 1491 1608 I DropBoxManagerService: add tag=system_server_wtf isTagEnabled=true flags=0x2
11-29 03:59:33.347 1491 1874 E DisplayDeviceConfig: requesting nits when no mapping exists.
11-29 03:59:33.347 1491 1874 E DisplayDeviceConfig: requesting nits when no mapping exists.
11-29 03:59:33.348 1491 1608 I DropBoxManagerService: add tag=system_server_wtf isTagEnabled=true flags=0x2
11-29 03:59:33.350 1491 1608 I DropBoxManagerService: add tag=system_server_wtf isTagEnabled=true flags=0x2
11-29 03:59:33.360 1491 1874 E DisplayDeviceConfig: requesting nits when no mapping exists.
11-29 03:59:33.360 1491 1874 E DisplayDeviceConfig: requesting nits when no mapping exists.
11-29 03:59:33.362 1491 1608 I DropBoxManagerService: add tag=system_server_wtf isTagEnabled=true flags=0x2
11-29 03:59:33.376 1491 1874 E DisplayDeviceConfig: requesting nits when no mapping exists.
11-29 03:59:33.377 1491 1874 E DisplayDeviceConfig: requesting nits when no mapping exists.
11-29 03:59:33.393 1491 1874 E DisplayDeviceConfig: requesting nits when no mapping exists.
11-29 03:59:33.393 1491 1874 E DisplayDeviceConfig: requesting nits when no mapping exists.
11-29 03:59:33.411 1491 1874 E DisplayDeviceConfig: requesting nits when no mapping exists.
11-29 03:59:33.412 1491 1874 E DisplayDeviceConfig: requesting nits when no mapping exists.
11-29 03:59:33.427 1491 1874 E DisplayDeviceConfig: requesting nits when no mapping exists.
11-29 03:59:33.427 1491 1874 E DisplayDeviceConfig: requesting nits when no mapping exists.
11-29 03:59:33.444 1491 1874 E DisplayDeviceConfig: requesting nits when no mapping exists.
11-29 03:59:33.444 1491 1874 E DisplayDeviceConfig: requesting nits when no mapping exists.
11-29 03:59:33.460 1491 1874 E DisplayDeviceConfig: requesting nits when no mapping exists.
11-29 03:59:33.460 1491 1874 E DisplayDeviceConfig: requesting nits when no mapping exists.
11-29 03:59:33.477 1491 1874 E DisplayDeviceConfig: requesting nits when no mapping exists.
11-29 03:59:33.479 1491 1874 E DisplayDeviceConfig: requesting nits when no mapping exists.
11-29 03:59:33.494 1491 1874 E DisplayDeviceConfig: requesting nits when no mapping exists.
11-29 03:59:33.495 1491 1874 E DisplayDeviceConfig: requesting nits when no mapping exists.
11-29 03:59:33.510 1491 1874 E DisplayDeviceConfig: requesting nits when no mapping exists.
11-29 03:59:33.511 1491 1874 E DisplayDeviceConfig: requesting nits when no mapping exists.
11-29 03:59:33.527 1491 1874 E DisplayDeviceConfig: requesting nits when no mapping exists.
11-29 03:59:33.528 1491 1874 E DisplayDeviceConfig: requesting nits when no mapping exists.
11-29 03:59:33.544 1491 1874 E DisplayDeviceConfig: requesting nits when no mapping exists.
11-29 03:59:33.544 1491 1874 E DisplayDeviceConfig: requesting nits when no mapping exists.
11-29 03:59:33.560 1491 1874 E DisplayDeviceConfig: requesting nits when no mapping exists.
11-29 03:59:33.561 1491 1874 E DisplayDeviceConfig: requesting nits when no mapping exists.
11-29 03:59:33.586 1491 1874 E DisplayDeviceConfig: requesting nits when no mapping exists.
11-29 03:59:33.586 1491 1874 E DisplayDeviceConfig: requesting nits when no mapping exists.
11-29 03:59:33.594 1491 1874 E DisplayDeviceConfig: requesting nits when no mapping exists.
11-29 03:59:33.595 1491 1874 E DisplayDeviceConfig: requesting nits when no mapping exists.
11-29 03:59:33.610 1491 1874 E DisplayDeviceConfig: requesting nits when no mapping exists.
11-29 03:59:33.611 1491 1874 E DisplayDeviceConfig: requesting nits when no mapping exists.
11-29 03:59:33.627 1491 1874 E DisplayDeviceConfig: requesting nits when no mapping exists.
11-29 03:59:33.627 1491 1874 E DisplayDeviceConfig: requesting nits when no mapping exists.
11-29 03:59:33.643 1491 1874 E DisplayDeviceConfig: requesting nits when no mapping exists.
11-29 03:59:33.644 1491 1874 E DisplayDeviceConfig: requesting nits when no mapping exists.
11-29 03:59:33.660 1491 1874 E DisplayDeviceConfig: requesting nits when no mapping exists.
11-29 03:59:33.660 1491 1874 E DisplayDeviceConfig: requesting nits when no mapping exists.
11-29 03:59:33.677 1491 1874 E DisplayDeviceConfig: requesting nits when no mapping exists.
11-29 03:59:33.677 1491 1874 E DisplayDeviceConfig: requesting nits when no mapping exists.
11-29 03:59:33.694 1491 1874 E DisplayDeviceConfig: requesting nits when no mapping exists.
11-29 03:59:33.694 1491 1874 E DisplayDeviceConfig: requesting nits when no mapping exists.
11-29 03:59:33.710 1491 1874 E DisplayDeviceConfig: requesting nits when no mapping exists.
11-29 03:59:33.711 1491 1874 E DisplayDeviceConfig: requesting nits when no mapping exists.
11-29 03:59:33.727 1491 1874 E DisplayDeviceConfig: requesting nits when no mapping exists.
11-29 03:59:33.727 1491 1874 E DisplayDeviceConfig: requesting nits when no mapping exists.
11-29 03:59:33.744 1491 1874 E DisplayDeviceConfig: requesting nits when no mapping exists.
11-29 03:59:33.744 1491 1874 E DisplayDeviceConfig: requesting nits when no mapping exists.
11-29 03:59:33.760 1491 1874 E DisplayDeviceConfig: requesting nits when no mapping exists.
11-29 03:59:33.761 1491 1874 E DisplayDeviceConfig: requesting nits when no mapping exists.
11-29 03:59:33.778 1491 1874 E DisplayDeviceConfig: requesting nits when no mapping exists.
11-29 03:59:33.779 1491 1874 E DisplayDeviceConfig: requesting nits when no mapping exists.
11-29 03:59:33.795 1491 1874 E DisplayDeviceConfig: requesting nits when no mapping exists.
11-29 03:59:33.795 1491 1874 E DisplayDeviceConfig: requesting nits when no mapping exists.
11-29 03:59:33.811 1491 1874 E DisplayDeviceConfig: requesting nits when no mapping exists.
11-29 03:59:33.811 1491 1874 E DisplayDeviceConfig: requesting nits when no mapping exists.
11-29 03:59:33.828 1491 1874 E DisplayDeviceConfig: requesting nits when no mapping exists.
11-29 03:59:33.828 1491 1874 E DisplayDeviceConfig: requesting nits when no mapping exists.
11-29 03:59:33.844 1491 1874 E DisplayDeviceConfig: requesting nits when no mapping exists.
11-29 03:59:33.845 1491 1874 E DisplayDeviceConfig: requesting nits when no mapping exists.
11-29 03:59:33.861 1491 1874 E DisplayDeviceConfig: requesting nits when no mapping exists.
11-29 03:59:33.864 1491 1874 E DisplayDeviceConfig: requesting nits when no mapping exists.
11-29 03:59:33.878 1491 1874 E DisplayDeviceConfig: requesting nits when no mapping exists.
11-29 03:59:33.879 1491 1874 E DisplayDeviceConfig: requesting nits when no mapping exists.
11-29 03:59:33.894 1491 1874 E DisplayDeviceConfig: requesting nits when no mapping exists.
11-29 03:59:33.895 1491 1874 E DisplayDeviceConfig: requesting nits when no mapping exists.
11-29 03:59:33.911 1491 1874 E DisplayDeviceConfig: requesting nits when no mapping exists.
11-29 03:59:33.912 1491 1874 E DisplayDeviceConfig: requesting nits when no mapping exists.
11-29 03:59:33.928 1491 1874 E DisplayDeviceConfig: requesting nits when no mapping exists.
11-29 03:59:33.929 1491 1874 E DisplayDeviceConfig: requesting nits when no mapping exists.
11-29 03:59:33.945 1491 1874 E DisplayDeviceConfig: requesting nits when no mapping exists.
11-29 03:59:33.945 1491 1874 E DisplayDeviceConfig: requesting nits when no mapping exists.
11-29 03:59:33.962 1491 1874 E DisplayDeviceConfig: requesting nits when no mapping exists.
11-29 03:59:33.964 1491 1874 E DisplayDeviceConfig: requesting nits when no mapping exists.
11-29 03:59:33.978 1491 1874 E DisplayDeviceConfig: requesting nits when no mapping exists.
11-29 03:59:33.979 1491 1874 E DisplayDeviceConfig: requesting nits when no mapping exists.
11-29 03:59:33.995 1491 1874 E DisplayDeviceConfig: requesting nits when no mapping exists.
11-29 03:59:33.996 1491 1874 E DisplayDeviceConfig: requesting nits when no mapping exists.
11-29 03:59:34.011 1491 1874 E DisplayDeviceConfig: requesting nits when no mapping exists.
11-29 03:59:34.012 1491 1874 E DisplayDeviceConfig: requesting nits when no mapping exists.
11-29 03:59:34.028 1491 1874 E DisplayDeviceConfig: requesting nits when no mapping exists.
11-29 03:59:34.029 1491 1874 E DisplayDeviceConfig: requesting nits when no mapping exists.
11-29 03:59:34.045 1491 1874 E DisplayDeviceConfig: requesting nits when no mapping exists.
11-29 03:59:34.046 1491 1874 E DisplayDeviceConfig: requesting nits when no mapping exists.
11-29 03:59:34.062 1491 1874 E DisplayDeviceConfig: requesting nits when no mapping exists.
11-29 03:59:34.063 1491 1874 E DisplayDeviceConfig: requesting nits when no mapping exists.
11-29 03:59:34.079 1491 1874 E DisplayDeviceConfig: requesting nits when no mapping exists.
11-29 03:59:34.079 1491 1874 E DisplayDeviceConfig: requesting nits when no mapping exists.
11-29 03:59:34.095 1491 1874 E DisplayDeviceConfig: requesting nits when no mapping exists.
11-29 03:59:34.097 1491 1874 E DisplayDeviceConfig: requesting nits when no mapping exists.
11-29 03:59:34.112 1491 1874 E DisplayDeviceConfig: requesting nits when no mapping exists.
11-29 03:59:34.115 1491 1874 E DisplayDeviceConfig: requesting nits when no mapping exists.
11-29 03:59:34.131 1491 1874 E DisplayDeviceConfig: requesting nits when no mapping exists.
11-29 03:59:34.132 1491 1874 E DisplayDeviceConfig: requesting nits when no mapping exists.
11-29 03:59:34.146 1491 1874 E DisplayDeviceConfig: requesting nits when no mapping exists.
11-29 03:59:34.148 1491 1874 E DisplayDeviceConfig: requesting nits when no mapping exists.
11-29 03:59:34.162 1491 1874 E DisplayDeviceConfig: requesting nits when no mapping exists.
11-29 03:59:34.162 1491 1874 E DisplayDeviceConfig: requesting nits when no mapping exists.
11-29 03:59:34.178 1491 1874 E DisplayDeviceConfig: requesting nits when no mapping exists.
11-29 03:59:34.180 1491 1874 E DisplayDeviceConfig: requesting nits when no mapping exists.
11-29 03:59:34.195 1491 1874 E DisplayDeviceConfig: requesting nits when no mapping exists.
11-29 03:59:34.196 1491 1874 E DisplayDeviceConfig: requesting nits when no mapping exists.
11-29 03:59:34.212 1491 1874 E DisplayDeviceConfig: requesting nits when no mapping exists.
11-29 03:59:34.213 1491 1874 E DisplayDeviceConfig: requesting nits when no mapping exists.
11-29 03:59:34.228 1491 1874 E DisplayDeviceConfig: requesting nits when no mapping exists.
11-29 03:59:34.229 1491 1874 E DisplayDeviceConfig: requesting nits when no mapping exists.
11-29 03:59:34.246 1491 1874 E DisplayDeviceConfig: requesting nits when no mapping exists.
11-29 03:59:34.247 1491 1874 E DisplayDeviceConfig: requesting nits when no mapping exists.
11-29 03:59:34.263 1491 1874 E DisplayDeviceConfig: requesting nits when no mapping exists.
11-29 03:59:34.266 1491 1874 E DisplayDeviceConfig: requesting nits when no mapping exists.
11-29 03:59:34.279 1491 1874 E DisplayDeviceConfig: requesting nits when no mapping exists.
11-29 03:59:34.279 1491 1874 E DisplayDeviceConfig: requesting nits when no mapping exists.
11-29 03:59:40.313 1491 1626 I PowerManagerService: Napping display group (groupId=0, uid=1000)...
11-29 03:59:40.313 1491 1626 I PowerManagerService: Nap time (uid 1000)...
11-29 03:59:40.314 1491 1626 I DreamManagerService: Entering dreamland.
11-29 03:59:40.331 1491 1626 I PowerManagerService: Dreaming...
11-29 03:59:40.332 1491 1596 I DreamController: Starting dream: name=ComponentInfo{com.thundercomm.screensaver/com.thundercomm.saverclock.service.ClockScreensaver}, isTest=false, canDoze=false, userId=0
11-29 03:59:40.350 1491 11109 I ActivityTaskManager: START u0 {flg=0x10000000 pkg=com.thundercomm.screensaver cmp=com.thundercomm.screensaver/android.service.dreams.DreamActivity (has extras)} from uid 10052
11-29 03:59:40.359 1491 11109 W ActivityTaskManager: Can't find TaskDisplayArea to determine support for multi window. Task id=87 attached=false
11-29 03:59:40.390 1491 8701 I ActivityTaskManager: FOREGROUND_APPLICATION_CHANGED to android.service.dreams.DreamActivity
11-29 03:59:40.391 1491 8701 I ActivityTaskManager: The Process com.thundercomm.screensaver Already Exists in BG. So sending its PID: 5601
11-29 03:59:40.391 1491 8701 W ActivityTaskManager: Tried to set launchTime (0) < mLastActivityLaunchTime (2497593)
11-29 03:59:40.410 1491 9370 W WindowManager: Failed looking up window session=Session{82b36f9 5601:u0a10052} callers=com.android.server.wm.WindowManagerService.windowForClientLocked:5628 com.android.server.wm.Session.insetsModified:629 android.view.IWindowSession$Stub.onTransact:1151
11-29 03:59:40.414 3714 3731 W ContextImpl: Calling a method in the system process without a qualified user: android.app.ContextImpl.startService:1816 android.content.ContextWrapper.startService:774 com.thundercomm.gamemode.ingame.services.GameModeActionUtils.startGameModeService:93 com.thundercomm.gamemode.ingame.services.GameModeActionUtils.startGameModeEntry:21 com.thundercomm.gamemode.ingame.services.ActivityMonitoringService$1.onActivityLaunch:127
11-29 03:59:40.423 1491 1491 I GameModeConfig: Current uri is uri = content://com.thundercomm.gamemode.api/gamemode_settings/gamemode_isgaming
11-29 03:59:40.425 1491 1491 I GameModeConfig: isGameModeOn = false
11-29 03:59:40.425 1491 1491 I GameModeConfig: isGameModeOn = false
11-29 03:59:40.426 1491 1491 I GameModeConfig: isDisableVoice = true
11-29 03:59:40.451 1491 1760 I GameModeConfig: isGameModeOn = false
11-29 03:59:40.452 1491 1760 I GameModeConfig: isGameModeOn = false
11-29 03:59:40.452 1491 1760 I GameModeConfig: isGameModeOn = false
11-29 03:59:40.452 1491 1760 I GameModeConfig: isGameModeOn = false
11-29 03:59:40.467 1491 1626 V DisplayPowerController[0]: Brightness [1.0] reason changing to: 'manual', previous reason: 'manual [ dim ]'.
11-29 03:59:40.481 1491 1874 E DisplayDeviceConfig: requesting nits when no mapping exists.
11-29 03:59:40.481 1491 1874 E DisplayDeviceConfig: requesting nits when no mapping exists.
11-29 03:59:40.497 1491 1874 E DisplayDeviceConfig: requesting nits when no mapping exists.
11-29 03:59:40.499 1491 1874 E DisplayDeviceConfig: requesting nits when no mapping exists.
11-29 03:59:40.513 1491 1874 E DisplayDeviceConfig: requesting nits when no mapping exists.
11-29 03:59:40.513 1491 1874 E DisplayDeviceConfig: requesting nits when no mapping exists.
11-29 03:59:40.522 3714 3731 W ContextImpl: Calling a method in the system process without a qualified user: android.app.ContextImpl.startService:1816 android.content.ContextWrapper.startService:774 com.thundercomm.gamemode.ingame.services.GameModeActionUtils.startGameModeService:93 com.thundercomm.gamemode.ingame.services.GameModeActionUtils.startGameModeEntry:21 com.thundercomm.gamemode.ingame.services.ActivityMonitoringService$1.onActivityLaunch:127
11-29 03:59:40.527 1491 1491 I GameModeConfig: Current uri is uri = content://com.thundercomm.gamemode.api/gamemode_settings/gamemode_isgaming
11-29 03:59:40.532 1491 1491 I GameModeConfig: isGameModeOn = false
11-29 03:59:40.532 1491 1491 I GameModeConfig: isGameModeOn = false
11-29 03:59:40.532 1491 1491 I GameModeConfig: isDisableVoice = true
11-29 03:59:40.533 1491 1874 E DisplayDeviceConfig: requesting nits when no mapping exists.
11-29 03:59:40.533 1491 1874 E DisplayDeviceConfig: requesting nits when no mapping exists.
11-29 03:59:40.546 1491 1874 E DisplayDeviceConfig: requesting nits when no mapping exists.
11-29 03:59:40.547 1491 1874 E DisplayDeviceConfig: requesting nits when no mapping exists.
11-29 03:59:40.564 1491 1874 E DisplayDeviceConfig: requesting nits when no mapping exists.
11-29 03:59:40.565 1491 1874 E DisplayDeviceConfig: requesting nits when no mapping exists.
11-29 03:59:40.588 1491 1874 E DisplayDeviceConfig: requesting nits when no mapping exists.
11-29 03:59:40.589 1491 1874 E DisplayDeviceConfig: requesting nits when no mapping exists.
11-29 03:59:40.598 1491 1874 E DisplayDeviceConfig: requesting nits when no mapping exists.
11-29 03:59:40.599 1491 1874 E DisplayDeviceConfig: requesting nits when no mapping exists.
11-29 03:59:40.614 1491 1874 E DisplayDeviceConfig: requesting nits when no mapping exists.
11-29 03:59:40.615 1491 1874 E DisplayDeviceConfig: requesting nits when no mapping exists.
11-29 03:59:40.630 1491 1874 E DisplayDeviceConfig: requesting nits when no mapping exists.
11-29 03:59:40.630 1491 1874 E DisplayDeviceConfig: requesting nits when no mapping exists.
11-29 03:59:40.648 1491 1874 E DisplayDeviceConfig: requesting nits when no mapping exists.
11-29 03:59:40.649 1491 1874 E DisplayDeviceConfig: requesting nits when no mapping exists.
11-29 03:59:40.652 1491 1491 I GameModeConfig: isGameModeOn = false
11-29 03:59:40.654 1491 1491 W NotificationHistory: Attempted to add notif for locked/gone/disabled user 0
11-29 03:59:40.663 1491 1874 E DisplayDeviceConfig: requesting nits when no mapping exists.
11-29 03:59:40.664 1491 1874 E DisplayDeviceConfig: requesting nits when no mapping exists.
11-29 03:59:40.679 1491 1874 E DisplayDeviceConfig: requesting nits when no mapping exists.
11-29 03:59:40.680 1491 1874 E DisplayDeviceConfig: requesting nits when no mapping exists.
11-29 03:59:40.698 1491 1874 E DisplayDeviceConfig: requesting nits when no mapping exists.
11-29 03:59:40.698 1491 1874 E DisplayDeviceConfig: requesting nits when no mapping exists.
11-29 03:59:40.713 1491 1874 E DisplayDeviceConfig: requesting nits when no mapping exists.
11-29 03:59:40.713 1491 1874 E DisplayDeviceConfig: requesting nits when no mapping exists.
11-29 03:59:40.730 1491 1874 E DisplayDeviceConfig: requesting nits when no mapping exists.
11-29 03:59:40.730 1491 1874 E DisplayDeviceConfig: requesting nits when no mapping exists.
11-29 03:59:40.753 1491 1874 E DisplayDeviceConfig: requesting nits when no mapping exists.
11-29 03:59:40.753 1491 1874 E DisplayDeviceConfig: requesting nits when no mapping exists.
11-29 03:59:40.766 1491 1874 E DisplayDeviceConfig: requesting nits when no mapping exists.
11-29 03:59:40.766 1491 1874 E DisplayDeviceConfig: requesting nits when no mapping exists.
11-29 03:59:40.787 1491 1874 E DisplayDeviceConfig: requesting nits when no mapping exists.
11-29 03:59:40.788 1491 1874 E DisplayDeviceConfig: requesting nits when no mapping exists.
11-29 03:59:40.798 1491 1874 E DisplayDeviceConfig: requesting nits when no mapping exists.
11-29 03:59:40.801 1491 1874 E DisplayDeviceConfig: requesting nits when no mapping exists.
11-29 03:59:40.813 1491 1874 E DisplayDeviceConfig: requesting nits when no mapping exists.
11-29 03:59:40.814 1491 1874 E DisplayDeviceConfig: requesting nits when no mapping exists.
11-29 03:59:40.830 1491 1874 E DisplayDeviceConfig: requesting nits when no mapping exists.
11-29 03:59:40.831 1491 1874 E DisplayDeviceConfig: requesting nits when no mapping exists.
11-29 03:59:40.847 1491 1874 E DisplayDeviceConfig: requesting nits when no mapping exists.
11-29 03:59:40.848 1491 1874 E DisplayDeviceConfig: requesting nits when no mapping exists.
11-29 03:59:40.864 1491 1874 E DisplayDeviceConfig: requesting nits when no mapping exists.
11-29 03:59:40.865 1491 1874 E DisplayDeviceConfig: requesting nits when no mapping exists.
11-29 03:59:40.882 1491 1874 E DisplayDeviceConfig: requesting nits when no mapping exists.
11-29 03:59:40.884 1491 1874 E DisplayDeviceConfig: requesting nits when no mapping exists.
11-29 03:59:40.897 1491 1874 E DisplayDeviceConfig: requesting nits when no mapping exists.
11-29 03:59:40.897 1491 1874 E DisplayDeviceConfig: requesting nits when no mapping exists.
11-29 03:59:40.915 1491 1874 E DisplayDeviceConfig: requesting nits when no mapping exists.
11-29 03:59:40.916 1491 1874 E DisplayDeviceConfig: requesting nits when no mapping exists.
11-29 03:59:40.931 1491 1874 E DisplayDeviceConfig: requesting nits when no mapping exists.
11-29 03:59:40.931 1491 1874 E DisplayDeviceConfig: requesting nits when no mapping exists.
11-29 03:59:40.948 1491 1874 E DisplayDeviceConfig: requesting nits when no mapping exists.
11-29 03:59:40.950 1491 1874 E DisplayDeviceConfig: requesting nits when no mapping exists.
