11-29 05:30:22.079 0 0 I auditd : type=1400 audit(0.0:9100): avc: denied { kill } for comm="swapper/1" capability=5 scontext=u:r:kernel:s0 tcontext=u:r:kernel:s0 tclass=capability permissive=0
11-29 05:30:24.079 15839 15839 I auditd : type=1400 audit(0.0:9101): avc: denied { kill } for comm="kworker/u17:0" capability=5 scontext=u:r:kernel:s0 tcontext=u:r:kernel:s0 tclass=capability permissive=0
11-29 05:30:25.079 0 0 I auditd : type=1400 audit(0.0:9102): avc: denied { kill } for comm="swapper/1" capability=5 scontext=u:r:kernel:s0 tcontext=u:r:kernel:s0 tclass=capability permissive=0
11-29 05:30:26.079 0 0 I auditd : type=1400 audit(0.0:9103): avc: denied { kill } for comm="swapper/1" capability=5 scontext=u:r:kernel:s0 tcontext=u:r:kernel:s0 tclass=capability permissive=0
11-29 05:30:27.079 0 0 I auditd : type=1400 audit(0.0:9104): avc: denied { kill } for comm="swapper/1" capability=5 scontext=u:r:kernel:s0 tcontext=u:r:kernel:s0 tclass=capability permissive=0
11-29 05:30:28.079 0 0 I auditd : type=1400 audit(0.0:9105): avc: denied { kill } for comm="swapper/1" capability=5 scontext=u:r:kernel:s0 tcontext=u:r:kernel:s0 tclass=capability permissive=0
11-29 05:30:29.079 0 0 I auditd : type=1400 audit(0.0:9106): avc: denied { kill } for comm="swapper/1" capability=5 scontext=u:r:kernel:s0 tcontext=u:r:kernel:s0 tclass=capability permissive=0
11-29 05:30:30.079 0 0 I auditd : type=1400 audit(0.0:9107): avc: denied { kill } for comm="swapper/1" capability=5 scontext=u:r:kernel:s0 tcontext=u:r:kernel:s0 tclass=capability permissive=0
11-29 05:30:31.079 0 0 I auditd : type=1400 audit(0.0:9108): avc: denied { kill } for comm="swapper/1" capability=5 scontext=u:r:kernel:s0 tcontext=u:r:kernel:s0 tclass=capability permissive=0
11-29 05:30:32.079 0 0 I auditd : type=1400 audit(0.0:9109): avc: denied { kill } for comm="swapper/1" capability=5 scontext=u:r:kernel:s0 tcontext=u:r:kernel:s0 tclass=capability permissive=0
11-29 05:30:33.079 0 0 I auditd : type=1400 audit(0.0:9110): avc: denied { kill } for comm="swapper/1" capability=5 scontext=u:r:kernel:s0 tcontext=u:r:kernel:s0 tclass=capability permissive=0
11-29 05:30:34.079 0 0 I auditd : type=1400 audit(0.0:9111): avc: denied { kill } for comm="swapper/1" capability=5 scontext=u:r:kernel:s0 tcontext=u:r:kernel:s0 tclass=capability permissive=0
11-29 05:30:35.079 0 0 I auditd : type=1400 audit(0.0:9112): avc: denied { kill } for comm="swapper/1" capability=5 scontext=u:r:kernel:s0 tcontext=u:r:kernel:s0 tclass=capability permissive=0
11-29 05:30:36.079 0 0 I auditd : type=1400 audit(0.0:9113): avc: denied { kill } for comm="swapper/1" capability=5 scontext=u:r:kernel:s0 tcontext=u:r:kernel:s0 tclass=capability permissive=0
11-29 05:30:37.079 0 0 I auditd : type=1400 audit(0.0:9114): avc: denied { kill } for comm="swapper/1" capability=5 scontext=u:r:kernel:s0 tcontext=u:r:kernel:s0 tclass=capability permissive=0
11-29 05:30:38.079 0 0 I auditd : type=1400 audit(0.0:9115): avc: denied { kill } for comm="swapper/1" capability=5 scontext=u:r:kernel:s0 tcontext=u:r:kernel:s0 tclass=capability permissive=0
11-29 05:30:39.079 0 0 I auditd : type=1400 audit(0.0:9116): avc: denied { kill } for comm="swapper/1" capability=5 scontext=u:r:kernel:s0 tcontext=u:r:kernel:s0 tclass=capability permissive=0
11-29 05:30:40.079 0 0 I auditd : type=1400 audit(0.0:9117): avc: denied { kill } for comm="swapper/1" capability=5 scontext=u:r:kernel:s0 tcontext=u:r:kernel:s0 tclass=capability permissive=0
11-29 05:30:41.079 0 0 I auditd : type=1400 audit(0.0:9118): avc: denied { kill } for comm="swapper/1" capability=5 scontext=u:r:kernel:s0 tcontext=u:r:kernel:s0 tclass=capability permissive=0
11-29 05:30:42.079 0 0 I auditd : type=1400 audit(0.0:9119): avc: denied { kill } for comm="swapper/1" capability=5 scontext=u:r:kernel:s0 tcontext=u:r:kernel:s0 tclass=capability permissive=0
11-29 05:30:43.079 0 0 I auditd : type=1400 audit(0.0:9120): avc: denied { kill } for comm="swapper/1" capability=5 scontext=u:r:kernel:s0 tcontext=u:r:kernel:s0 tclass=capability permissive=0
11-29 05:30:44.033 1491 1607 I am_pss : [12457,1000,com.android.settings,45267968,32239616,0,181350400,0,15,11]
11-29 05:30:44.051 1491 1607 I am_pss : [9956,10077,com.android.launcher3,82506752,72204288,0,216342528,0,6,13]
11-29 05:30:44.062 1491 1607 I am_pss : [9089,1002,com.android.bluetooth,52707328,42033152,0,192462848,0,0,11]
11-29 05:30:44.078 1491 1607 I am_pss : [13988,10082,com.android.systemui,130605056,111779840,0,296194048,0,0,14]
11-29 05:30:44.079 0 0 I auditd : type=1400 audit(0.0:9121): avc: denied { kill } for comm="swapper/1" capability=5 scontext=u:r:kernel:s0 tcontext=u:r:kernel:s0 tclass=capability permissive=0
11-29 05:30:45.079 0 0 I auditd : type=1400 audit(0.0:9122): avc: denied { kill } for comm="swapper/1" capability=5 scontext=u:r:kernel:s0 tcontext=u:r:kernel:s0 tclass=capability permissive=0
11-29 05:30:47.079 0 0 I auditd : type=1400 audit(0.0:9123): avc: denied { kill } for comm="swapper/1" capability=5 scontext=u:r:kernel:s0 tcontext=u:r:kernel:s0 tclass=capability permissive=0
11-29 05:30:48.079 0 0 I auditd : type=1400 audit(0.0:9124): avc: denied { kill } for comm="swapper/1" capability=5 scontext=u:r:kernel:s0 tcontext=u:r:kernel:s0 tclass=capability permissive=0
11-29 05:30:49.079 0 0 I auditd : type=1400 audit(0.0:9125): avc: denied { kill } for comm="swapper/1" capability=5 scontext=u:r:kernel:s0 tcontext=u:r:kernel:s0 tclass=capability permissive=0
11-29 05:30:50.079 0 0 I auditd : type=1400 audit(0.0:9126): avc: denied { kill } for comm="swapper/1" capability=5 scontext=u:r:kernel:s0 tcontext=u:r:kernel:s0 tclass=capability permissive=0
11-29 05:30:51.079 0 0 I auditd : type=1400 audit(0.0:9127): avc: denied { kill } for comm="swapper/1" capability=5 scontext=u:r:kernel:s0 tcontext=u:r:kernel:s0 tclass=capability permissive=0
11-29 05:30:52.079 0 0 I auditd : type=1400 audit(0.0:9128): avc: denied { kill } for comm="swapper/1" capability=5 scontext=u:r:kernel:s0 tcontext=u:r:kernel:s0 tclass=capability permissive=0
11-29 05:30:52.908 1491 1723 I netstats_mobile_sample: [0,0,0,0,0,0,0,0,0,0,0,0,1669671052908]
11-29 05:30:52.908 1491 1723 I netstats_wifi_sample: [201816464,466759,88873923,206150,201816464,466759,88873923,206150,244672424,806528,44900886,106044,1669671052908]
11-29 05:30:53.079 0 0 I auditd : type=1400 audit(0.0:9129): avc: denied { kill } for comm="swapper/1" capability=5 scontext=u:r:kernel:s0 tcontext=u:r:kernel:s0 tclass=capability permissive=0
11-29 05:30:54.079 0 0 I auditd : type=1400 audit(0.0:9130): avc: denied { kill } for comm="swapper/1" capability=5 scontext=u:r:kernel:s0 tcontext=u:r:kernel:s0 tclass=capability permissive=0
11-29 05:30:55.079 0 0 I auditd : type=1400 audit(0.0:9131): avc: denied { kill } for comm="swapper/1" capability=5 scontext=u:r:kernel:s0 tcontext=u:r:kernel:s0 tclass=capability permissive=0
11-29 05:30:56.079 0 0 I auditd : type=1400 audit(0.0:9132): avc: denied { kill } for comm="swapper/1" capability=5 scontext=u:r:kernel:s0 tcontext=u:r:kernel:s0 tclass=capability permissive=0
11-29 05:30:58.079 0 0 I auditd : type=1400 audit(0.0:9133): avc: denied { kill } for comm="swapper/1" capability=5 scontext=u:r:kernel:s0 tcontext=u:r:kernel:s0 tclass=capability permissive=0
11-29 05:30:59.079 0 0 I auditd : type=1400 audit(0.0:9134): avc: denied { kill } for comm="swapper/1" capability=5 scontext=u:r:kernel:s0 tcontext=u:r:kernel:s0 tclass=capability permissive=0
11-29 05:31:00.079 0 0 I auditd : type=1400 audit(0.0:9135): avc: denied { kill } for comm="swapper/1" capability=5 scontext=u:r:kernel:s0 tcontext=u:r:kernel:s0 tclass=capability permissive=0
11-29 05:31:01.079 0 0 I auditd : type=1400 audit(0.0:9136): avc: denied { kill } for comm="swapper/1" capability=5 scontext=u:r:kernel:s0 tcontext=u:r:kernel:s0 tclass=capability permissive=0
11-29 05:31:03.079 0 0 I auditd : type=1400 audit(0.0:9137): avc: denied { kill } for comm="swapper/2" capability=5 scontext=u:r:kernel:s0 tcontext=u:r:kernel:s0 tclass=capability permissive=0
11-29 05:31:04.079 0 0 I auditd : type=1400 audit(0.0:9138): avc: denied { kill } for comm="swapper/2" capability=5 scontext=u:r:kernel:s0 tcontext=u:r:kernel:s0 tclass=capability permissive=0
11-29 05:31:05.079 0 0 I auditd : type=1400 audit(0.0:9139): avc: denied { kill } for comm="swapper/2" capability=5 scontext=u:r:kernel:s0 tcontext=u:r:kernel:s0 tclass=capability permissive=0
11-29 05:31:06.079 0 0 I auditd : type=1400 audit(0.0:9140): avc: denied { kill } for comm="swapper/2" capability=5 scontext=u:r:kernel:s0 tcontext=u:r:kernel:s0 tclass=capability permissive=0
11-29 05:31:07.079 0 0 I auditd : type=1400 audit(0.0:9141): avc: denied { kill } for comm="swapper/2" capability=5 scontext=u:r:kernel:s0 tcontext=u:r:kernel:s0 tclass=capability permissive=0
11-29 05:31:08.079 0 0 I auditd : type=1400 audit(0.0:9142): avc: denied { kill } for comm="swapper/2" capability=5 scontext=u:r:kernel:s0 tcontext=u:r:kernel:s0 tclass=capability permissive=0
11-29 05:31:09.079 0 0 I auditd : type=1400 audit(0.0:9143): avc: denied { kill } for comm="swapper/2" capability=5 scontext=u:r:kernel:s0 tcontext=u:r:kernel:s0 tclass=capability permissive=0
11-29 05:31:10.079 0 0 I auditd : type=1400 audit(0.0:9144): avc: denied { kill } for comm="swapper/2" capability=5 scontext=u:r:kernel:s0 tcontext=u:r:kernel:s0 tclass=capability permissive=0
11-29 05:31:11.079 0 0 I auditd : type=1400 audit(0.0:9145): avc: denied { kill } for comm="swapper/2" capability=5 scontext=u:r:kernel:s0 tcontext=u:r:kernel:s0 tclass=capability permissive=0
11-29 05:31:13.079 0 0 I auditd : type=1400 audit(0.0:9146): avc: denied { kill } for comm="swapper/2" capability=5 scontext=u:r:kernel:s0 tcontext=u:r:kernel:s0 tclass=capability permissive=0
11-29 05:31:14.079 0 0 I auditd : type=1400 audit(0.0:9147): avc: denied { kill } for comm="swapper/2" capability=5 scontext=u:r:kernel:s0 tcontext=u:r:kernel:s0 tclass=capability permissive=0
11-29 05:31:15.079 0 0 I auditd : type=1400 audit(0.0:9148): avc: denied { kill } for comm="swapper/2" capability=5 scontext=u:r:kernel:s0 tcontext=u:r:kernel:s0 tclass=capability permissive=0
11-29 05:31:16.079 0 0 I auditd : type=1400 audit(0.0:9149): avc: denied { kill } for comm="swapper/2" capability=5 scontext=u:r:kernel:s0 tcontext=u:r:kernel:s0 tclass=capability permissive=0
11-29 05:31:17.079 0 0 I auditd : type=1400 audit(0.0:9150): avc: denied { kill } for comm="swapper/2" capability=5 scontext=u:r:kernel:s0 tcontext=u:r:kernel:s0 tclass=capability permissive=0
11-29 05:31:18.079 0 0 I auditd : type=1400 audit(0.0:9151): avc: denied { kill } for comm="swapper/2" capability=5 scontext=u:r:kernel:s0 tcontext=u:r:kernel:s0 tclass=capability permissive=0
11-29 05:31:19.079 0 0 I auditd : type=1400 audit(0.0:9152): avc: denied { kill } for comm="swapper/2" capability=5 scontext=u:r:kernel:s0 tcontext=u:r:kernel:s0 tclass=capability permissive=0
11-29 05:31:20.079 0 0 I auditd : type=1400 audit(0.0:9153): avc: denied { kill } for comm="swapper/2" capability=5 scontext=u:r:kernel:s0 tcontext=u:r:kernel:s0 tclass=capability permissive=0
11-29 05:31:21.079 3345 3345 I auditd : type=1400 audit(0.0:9154): avc: denied { kill } for comm="dp_rx_thread_0" capability=5 scontext=u:r:kernel:s0 tcontext=u:r:kernel:s0 tclass=capability permissive=0
11-29 05:31:22.079 0 0 I auditd : type=1400 audit(0.0:9155): avc: denied { kill } for comm="swapper/2" capability=5 scontext=u:r:kernel:s0 tcontext=u:r:kernel:s0 tclass=capability permissive=0
11-29 05:31:23.079 0 0 I auditd : type=1400 audit(0.0:9156): avc: denied { kill } for comm="swapper/2" capability=5 scontext=u:r:kernel:s0 tcontext=u:r:kernel:s0 tclass=capability permissive=0
11-29 05:31:24.079 0 0 I auditd : type=1400 audit(0.0:9157): avc: denied { kill } for comm="swapper/2" capability=5 scontext=u:r:kernel:s0 tcontext=u:r:kernel:s0 tclass=capability permissive=0
11-29 05:31:25.079 0 0 I auditd : type=1400 audit(0.0:9158): avc: denied { kill } for comm="swapper/1" capability=5 scontext=u:r:kernel:s0 tcontext=u:r:kernel:s0 tclass=capability permissive=0
11-29 05:31:26.079 0 0 I auditd : type=1400 audit(0.0:9159): avc: denied { kill } for comm="swapper/1" capability=5 scontext=u:r:kernel:s0 tcontext=u:r:kernel:s0 tclass=capability permissive=0
11-29 05:31:27.079 0 0 I auditd : type=1400 audit(0.0:9160): avc: denied { kill } for comm="swapper/1" capability=5 scontext=u:r:kernel:s0 tcontext=u:r:kernel:s0 tclass=capability permissive=0
11-29 05:31:28.079 0 0 I auditd : type=1400 audit(0.0:9161): avc: denied { kill } for comm="swapper/1" capability=5 scontext=u:r:kernel:s0 tcontext=u:r:kernel:s0 tclass=capability permissive=0
11-29 05:31:29.079 0 0 I auditd : type=1400 audit(0.0:9162): avc: denied { kill } for comm="swapper/1" capability=5 scontext=u:r:kernel:s0 tcontext=u:r:kernel:s0 tclass=capability permissive=0
11-29 05:31:30.079 0 0 I auditd : type=1400 audit(0.0:9163): avc: denied { kill } for comm="swapper/1" capability=5 scontext=u:r:kernel:s0 tcontext=u:r:kernel:s0 tclass=capability permissive=0
11-29 05:31:31.079 0 0 I auditd : type=1400 audit(0.0:9164): avc: denied { kill } for comm="swapper/1" capability=5 scontext=u:r:kernel:s0 tcontext=u:r:kernel:s0 tclass=capability permissive=0
11-29 05:31:32.079 0 0 I auditd : type=1400 audit(0.0:9165): avc: denied { kill } for comm="swapper/1" capability=5 scontext=u:r:kernel:s0 tcontext=u:r:kernel:s0 tclass=capability permissive=0
11-29 05:31:33.079 0 0 I auditd : type=1400 audit(0.0:9166): avc: denied { kill } for comm="swapper/1" capability=5 scontext=u:r:kernel:s0 tcontext=u:r:kernel:s0 tclass=capability permissive=0
11-29 05:31:34.079 0 0 I auditd : type=1400 audit(0.0:9167): avc: denied { kill } for comm="swapper/1" capability=5 scontext=u:r:kernel:s0 tcontext=u:r:kernel:s0 tclass=capability permissive=0
11-29 05:31:35.079 0 0 I auditd : type=1400 audit(0.0:9168): avc: denied { kill } for comm="swapper/1" capability=5 scontext=u:r:kernel:s0 tcontext=u:r:kernel:s0 tclass=capability permissive=0
11-29 05:31:36.079 0 0 I auditd : type=1400 audit(0.0:9169): avc: denied { kill } for comm="swapper/1" capability=5 scontext=u:r:kernel:s0 tcontext=u:r:kernel:s0 tclass=capability permissive=0
11-29 05:31:37.079 0 0 I auditd : type=1400 audit(0.0:9170): avc: denied { kill } for comm="swapper/1" capability=5 scontext=u:r:kernel:s0 tcontext=u:r:kernel:s0 tclass=capability permissive=0
11-29 05:31:38.079 0 0 I auditd : type=1400 audit(0.0:9171): avc: denied { kill } for comm="swapper/1" capability=5 scontext=u:r:kernel:s0 tcontext=u:r:kernel:s0 tclass=capability permissive=0
11-29 05:31:40.079 0 0 I auditd : type=1400 audit(0.0:9172): avc: denied { kill } for comm="swapper/1" capability=5 scontext=u:r:kernel:s0 tcontext=u:r:kernel:s0 tclass=capability permissive=0
11-29 05:31:41.079 0 0 I auditd : type=1400 audit(0.0:9173): avc: denied { kill } for comm="swapper/1" capability=5 scontext=u:r:kernel:s0 tcontext=u:r:kernel:s0 tclass=capability permissive=0
11-29 05:31:42.079 0 0 I auditd : type=1400 audit(0.0:9174): avc: denied { kill } for comm="swapper/1" capability=5 scontext=u:r:kernel:s0 tcontext=u:r:kernel:s0 tclass=capability permissive=0
11-29 05:31:43.079 0 0 I auditd : type=1400 audit(0.0:9175): avc: denied { kill } for comm="swapper/1" capability=5 scontext=u:r:kernel:s0 tcontext=u:r:kernel:s0 tclass=capability permissive=0
11-29 05:31:44.079 0 0 I auditd : type=1400 audit(0.0:9176): avc: denied { kill } for comm="swapper/1" capability=5 scontext=u:r:kernel:s0 tcontext=u:r:kernel:s0 tclass=capability permissive=0
11-29 05:31:45.079 0 0 I auditd : type=1400 audit(0.0:9177): avc: denied { kill } for comm="swapper/1" capability=5 scontext=u:r:kernel:s0 tcontext=u:r:kernel:s0 tclass=capability permissive=0
11-29 05:31:46.079 0 0 I auditd : type=1400 audit(0.0:9178): avc: denied { kill } for comm="swapper/1" capability=5 scontext=u:r:kernel:s0 tcontext=u:r:kernel:s0 tclass=capability permissive=0
11-29 05:31:49.079 0 0 I auditd : type=1400 audit(0.0:9179): avc: denied { kill } for comm="swapper/3" capability=5 scontext=u:r:kernel:s0 tcontext=u:r:kernel:s0 tclass=capability permissive=0
11-29 05:31:49.967 1491 1674 D ActivityManager: freezing 15806 com.android.calendar
11-29 05:31:49.967 1491 1674 E ActivityManager: Unable to freeze binder for 15806 com.android.calendar
11-29 05:31:49.969 1491 1674 D ActivityManager: froze 15806 com.android.calendar
11-29 05:31:49.969 1491 1674 I am_freeze: [15806,com.android.calendar]
11-29 05:31:49.969 1491 1674 E ActivityManager: Unable to freeze binder for 15806 com.android.calendar
11-29 05:31:49.970 1491 1674 D ActivityManager: freezing 15805 com.hryt.hiphishowfsecontrol
11-29 05:31:49.970 1491 1674 E ActivityManager: Unable to freeze binder for 15805 com.hryt.hiphishowfsecontrol
11-29 05:31:49.971 1491 1674 D ActivityManager: froze 15805 com.hryt.hiphishowfsecontrol
11-29 05:31:49.971 1491 1674 I am_freeze: [15805,com.hryt.hiphishowfsecontrol]
11-29 05:31:49.971 1491 1674 E ActivityManager: Unable to freeze binder for 15805 com.hryt.hiphishowfsecontrol
11-29 05:31:49.972 1491 1674 I ActivityManager: Killing 15806:com.android.calendar/u0a64 (adj 915): Unable to freeze binder interface
11-29 05:31:49.972 1491 1674 I am_kill : [0,15806,com.android.calendar,915,Unable to freeze binder interface]
11-29 05:31:49.974 1491 1674 I ActivityManager: Killing 15805:com.hryt.hiphishowfsecontrol/u0a20 (adj 905): Unable to freeze binder interface
11-29 05:31:49.974 1491 1674 I am_kill : [0,15805,com.hryt.hiphishowfsecontrol,905,Unable to freeze binder interface]
11-29 05:31:50.002 1491 10785 I am_proc_died: [0,15806,com.android.calendar,915,19]
11-29 05:31:50.003 1491 10785 I am_uid_stopped: 10064
11-29 05:31:50.005 1491 9480 I am_proc_died: [0,15805,com.hryt.hiphishowfsecontrol,905,19]
11-29 05:31:50.006 1491 9480 I am_uid_stopped: 10020
11-29 05:31:50.011 1491 1599 I am_uid_running: 10020
11-29 05:31:50.012 1491 1599 D CompatibilityChangeReporter: Compat change id reported: 135634846; UID 10020; state: DISABLED
11-29 05:31:50.013 1491 1599 D CompatibilityChangeReporter: Compat change id reported: 177438394; UID 10020; state: DISABLED
11-29 05:31:50.013 1491 1599 D CompatibilityChangeReporter: Compat change id reported: 135772972; UID 10020; state: DISABLED
11-29 05:31:50.013 1491 1599 D CompatibilityChangeReporter: Compat change id reported: 135754954; UID 10020; state: ENABLED
11-29 05:31:50.013 1491 1609 D CompatibilityChangeReporter: Compat change id reported: 143937733; UID 10020; state: ENABLED
11-29 05:31:50.014 1491 1599 I am_uid_running: 10064
11-29 05:31:50.014 1491 1599 D CompatibilityChangeReporter: Compat change id reported: 135634846; UID 10064; state: DISABLED
11-29 05:31:50.014 1491 1599 D CompatibilityChangeReporter: Compat change id reported: 177438394; UID 10064; state: DISABLED
11-29 05:31:50.014 1491 1599 D CompatibilityChangeReporter: Compat change id reported: 135772972; UID 10064; state: DISABLED
11-29 05:31:50.014 1491 1599 D CompatibilityChangeReporter: Compat change id reported: 135754954; UID 10064; state: DISABLED
11-29 05:31:50.015 1491 1607 I am_pss : [15879,1000,com.qti.diagservices,6475776,3842048,0,93753344,0,10,5]
11-29 05:31:50.021 1491 1607 I am_pss : [15863,10068,com.android.gallery3d,8043520,5386240,0,93487104,0,19,5]
11-29 05:31:50.026 1491 1609 I am_proc_start: [0,15983,10020,com.hryt.hiphishowfsecontrol,NULL,]
11-29 05:31:50.026 1491 1609 I ActivityManager: Start proc 15983:com.hryt.hiphishowfsecontrol/u0a20 for null
11-29 05:31:50.026 1491 1609 D CompatibilityChangeReporter: Compat change id reported: 143937733; UID 10064; state: DISABLED
11-29 05:31:50.040 1491 1609 I am_proc_start: [0,15984,10064,com.android.calendar,NULL,]
11-29 05:31:50.040 1491 1609 I ActivityManager: Start proc 15984:com.android.calendar/u0a64 for null
11-29 05:31:50.070 1491 10785 I am_proc_bound: [0,15984,com.android.calendar]
11-29 05:31:50.079 0 0 I auditd : type=1400 audit(0.0:9180): avc: denied { kill } for comm="swapper/3" capability=5 scontext=u:r:kernel:s0 tcontext=u:r:kernel:s0 tclass=capability permissive=0
11-29 05:31:50.083 1491 10785 I am_proc_bound: [0,15983,com.hryt.hiphishowfsecontrol]
11-29 05:31:51.079 0 0 I auditd : type=1400 audit(0.0:9181): avc: denied { kill } for comm="swapper/3" capability=5 scontext=u:r:kernel:s0 tcontext=u:r:kernel:s0 tclass=capability permissive=0
11-29 05:31:52.079 0 0 I auditd : type=1400 audit(0.0:9182): avc: denied { kill } for comm="swapper/3" capability=5 scontext=u:r:kernel:s0 tcontext=u:r:kernel:s0 tclass=capability permissive=0
11-29 05:31:53.079 0 0 I auditd : type=1400 audit(0.0:9183): avc: denied { kill } for comm="swapper/3" capability=5 scontext=u:r:kernel:s0 tcontext=u:r:kernel:s0 tclass=capability permissive=0
11-29 05:31:54.079 0 0 I auditd : type=1400 audit(0.0:9184): avc: denied { kill } for comm="swapper/3" capability=5 scontext=u:r:kernel:s0 tcontext=u:r:kernel:s0 tclass=capability permissive=0
11-29 05:31:55.079 0 0 I auditd : type=1400 audit(0.0:9185): avc: denied { kill } for comm="swapper/3" capability=5 scontext=u:r:kernel:s0 tcontext=u:r:kernel:s0 tclass=capability permissive=0
11-29 05:31:56.079 0 0 I auditd : type=1400 audit(0.0:9186): avc: denied { kill } for comm="swapper/3" capability=5 scontext=u:r:kernel:s0 tcontext=u:r:kernel:s0 tclass=capability permissive=0
11-29 05:31:58.079 0 0 I auditd : type=1400 audit(0.0:9187): avc: denied { kill } for comm="swapper/3" capability=5 scontext=u:r:kernel:s0 tcontext=u:r:kernel:s0 tclass=capability permissive=0
11-29 05:31:59.326 1491 1723 I netstats_mobile_sample: [0,0,0,0,0,0,0,0,0,0,0,0,1669671119326]
11-29 05:31:59.326 1491 1723 I netstats_wifi_sample: [203526798,470697,89622307,207857,203526798,470697,89622307,207857,246753139,813200,45276576,106915,1669671119326]
11-29 05:32:00.079 0 0 I auditd : type=1400 audit(0.0:9188): avc: denied { kill } for comm="swapper/3" capability=5 scontext=u:r:kernel:s0 tcontext=u:r:kernel:s0 tclass=capability permissive=0
11-29 05:32:01.079 0 0 I auditd : type=1400 audit(0.0:9189): avc: denied { kill } for comm="swapper/3" capability=5 scontext=u:r:kernel:s0 tcontext=u:r:kernel:s0 tclass=capability permissive=0
11-29 05:32:03.079 0 0 I auditd : type=1400 audit(0.0:9190): avc: denied { kill } for comm="swapper/3" capability=5 scontext=u:r:kernel:s0 tcontext=u:r:kernel:s0 tclass=capability permissive=0
11-29 05:32:04.079 0 0 I auditd : type=1400 audit(0.0:9191): avc: denied { kill } for comm="swapper/3" capability=5 scontext=u:r:kernel:s0 tcontext=u:r:kernel:s0 tclass=capability permissive=0
11-29 05:32:05.079 0 0 I auditd : type=1400 audit(0.0:9192): avc: denied { kill } for comm="swapper/3" capability=5 scontext=u:r:kernel:s0 tcontext=u:r:kernel:s0 tclass=capability permissive=0
11-29 05:32:06.079 0 0 I auditd : type=1400 audit(0.0:9193): avc: denied { kill } for comm="swapper/3" capability=5 scontext=u:r:kernel:s0 tcontext=u:r:kernel:s0 tclass=capability permissive=0
11-29 05:32:07.079 0 0 I auditd : type=1400 audit(0.0:9194): avc: denied { kill } for comm="swapper/3" capability=5 scontext=u:r:kernel:s0 tcontext=u:r:kernel:s0 tclass=capability permissive=0
11-29 05:32:08.079 0 0 I auditd : type=1400 audit(0.0:9195): avc: denied { kill } for comm="swapper/3" capability=5 scontext=u:r:kernel:s0 tcontext=u:r:kernel:s0 tclass=capability permissive=0
11-29 05:32:09.079 0 0 I auditd : type=1400 audit(0.0:9196): avc: denied { kill } for comm="swapper/3" capability=5 scontext=u:r:kernel:s0 tcontext=u:r:kernel:s0 tclass=capability permissive=0
11-29 05:32:10.079 0 0 I auditd : type=1400 audit(0.0:9197): avc: denied { kill } for comm="swapper/3" capability=5 scontext=u:r:kernel:s0 tcontext=u:r:kernel:s0 tclass=capability permissive=0
11-29 05:32:11.079 0 0 I auditd : type=1400 audit(0.0:9198): avc: denied { kill } for comm="swapper/3" capability=5 scontext=u:r:kernel:s0 tcontext=u:r:kernel:s0 tclass=capability permissive=0
11-29 05:32:12.079 0 0 I auditd : type=1400 audit(0.0:9199): avc: denied { kill } for comm="swapper/3" capability=5 scontext=u:r:kernel:s0 tcontext=u:r:kernel:s0 tclass=capability permissive=0
11-29 05:32:14.079 0 0 I auditd : type=1400 audit(0.0:9200): avc: denied { kill } for comm="swapper/3" capability=5 scontext=u:r:kernel:s0 tcontext=u:r:kernel:s0 tclass=capability permissive=0
11-29 05:32:15.079 0 0 I auditd : type=1400 audit(0.0:9201): avc: denied { kill } for comm="swapper/3" capability=5 scontext=u:r:kernel:s0 tcontext=u:r:kernel:s0 tclass=capability permissive=0
11-29 05:32:16.079 0 0 I auditd : type=1400 audit(0.0:9202): avc: denied { kill } for comm="swapper/3" capability=5 scontext=u:r:kernel:s0 tcontext=u:r:kernel:s0 tclass=capability permissive=0
11-29 05:32:17.079 0 0 I auditd : type=1400 audit(0.0:9203): avc: denied { kill } for comm="swapper/3" capability=5 scontext=u:r:kernel:s0 tcontext=u:r:kernel:s0 tclass=capability permissive=0
11-29 05:32:18.079 0 0 I auditd : type=1400 audit(0.0:9204): avc: denied { kill } for comm="swapper/3" capability=5 scontext=u:r:kernel:s0 tcontext=u:r:kernel:s0 tclass=capability permissive=0
11-29 05:32:19.079 0 0 I auditd : type=1400 audit(0.0:9205): avc: denied { kill } for comm="swapper/3" capability=5 scontext=u:r:kernel:s0 tcontext=u:r:kernel:s0 tclass=capability permissive=0
11-29 05:32:20.079 0 0 I auditd : type=1400 audit(0.0:9206): avc: denied { kill } for comm="swapper/3" capability=5 scontext=u:r:kernel:s0 tcontext=u:r:kernel:s0 tclass=capability permissive=0
11-29 05:32:21.079 0 0 I auditd : type=1400 audit(0.0:9207): avc: denied { kill } for comm="swapper/3" capability=5 scontext=u:r:kernel:s0 tcontext=u:r:kernel:s0 tclass=capability permissive=0
11-29 05:32:22.079 0 0 I auditd : type=1400 audit(0.0:9208): avc: denied { kill } for comm="swapper/3" capability=5 scontext=u:r:kernel:s0 tcontext=u:r:kernel:s0 tclass=capability permissive=0
11-29 05:32:23.079 0 0 I auditd : type=1400 audit(0.0:9209): avc: denied { kill } for comm="swapper/3" capability=5 scontext=u:r:kernel:s0 tcontext=u:r:kernel:s0 tclass=capability permissive=0
11-29 05:32:25.079 0 0 I auditd : type=1400 audit(0.0:9210): avc: denied { kill } for comm="swapper/3" capability=5 scontext=u:r:kernel:s0 tcontext=u:r:kernel:s0 tclass=capability permissive=0
11-29 05:32:27.079 0 0 I auditd : type=1400 audit(0.0:9211): avc: denied { kill } for comm="swapper/3" capability=5 scontext=u:r:kernel:s0 tcontext=u:r:kernel:s0 tclass=capability permissive=0
11-29 05:32:28.079 0 0 I auditd : type=1400 audit(0.0:9212): avc: denied { kill } for comm="swapper/3" capability=5 scontext=u:r:kernel:s0 tcontext=u:r:kernel:s0 tclass=capability permissive=0
11-29 05:32:29.079 0 0 I auditd : type=1400 audit(0.0:9213): avc: denied { kill } for comm="swapper/3" capability=5 scontext=u:r:kernel:s0 tcontext=u:r:kernel:s0 tclass=capability permissive=0
11-29 05:32:30.079 0 0 I auditd : type=1400 audit(0.0:9214): avc: denied { kill } for comm="swapper/3" capability=5 scontext=u:r:kernel:s0 tcontext=u:r:kernel:s0 tclass=capability permissive=0
11-29 05:32:31.079 0 0 I auditd : type=1400 audit(0.0:9215): avc: denied { kill } for comm="swapper/3" capability=5 scontext=u:r:kernel:s0 tcontext=u:r:kernel:s0 tclass=capability permissive=0
11-29 05:32:32.079 0 0 I auditd : type=1400 audit(0.0:9216): avc: denied { kill } for comm="swapper/3" capability=5 scontext=u:r:kernel:s0 tcontext=u:r:kernel:s0 tclass=capability permissive=0
11-29 05:32:33.079 0 0 I auditd : type=1400 audit(0.0:9217): avc: denied { kill } for comm="swapper/3" capability=5 scontext=u:r:kernel:s0 tcontext=u:r:kernel:s0 tclass=capability permissive=0
11-29 05:32:34.079 0 0 I auditd : type=1400 audit(0.0:9218): avc: denied { kill } for comm="swapper/3" capability=5 scontext=u:r:kernel:s0 tcontext=u:r:kernel:s0 tclass=capability permissive=0
11-29 05:32:35.079 0 0 I auditd : type=1400 audit(0.0:9219): avc: denied { kill } for comm="swapper/3" capability=5 scontext=u:r:kernel:s0 tcontext=u:r:kernel:s0 tclass=capability permissive=0
11-29 05:32:36.079 0 0 I auditd : type=1400 audit(0.0:9220): avc: denied { kill } for comm="swapper/3" capability=5 scontext=u:r:kernel:s0 tcontext=u:r:kernel:s0 tclass=capability permissive=0
11-29 05:32:37.079 0 0 I auditd : type=1400 audit(0.0:9221): avc: denied { kill } for comm="swapper/3" capability=5 scontext=u:r:kernel:s0 tcontext=u:r:kernel:s0 tclass=capability permissive=0
11-29 05:32:38.079 0 0 I auditd : type=1400 audit(0.0:9222): avc: denied { kill } for comm="swapper/3" capability=5 scontext=u:r:kernel:s0 tcontext=u:r:kernel:s0 tclass=capability permissive=0
11-29 05:32:39.079 0 0 I auditd : type=1400 audit(0.0:9223): avc: denied { kill } for comm="swapper/3" capability=5 scontext=u:r:kernel:s0 tcontext=u:r:kernel:s0 tclass=capability permissive=0
11-29 05:32:40.079 0 0 I auditd : type=1400 audit(0.0:9224): avc: denied { kill } for comm="swapper/3" capability=5 scontext=u:r:kernel:s0 tcontext=u:r:kernel:s0 tclass=capability permissive=0
11-29 05:32:41.079 0 0 I auditd : type=1400 audit(0.0:9225): avc: denied { kill } for comm="swapper/3" capability=5 scontext=u:r:kernel:s0 tcontext=u:r:kernel:s0 tclass=capability permissive=0
11-29 05:32:42.079 0 0 I auditd : type=1400 audit(0.0:9226): avc: denied { kill } for comm="swapper/3" capability=5 scontext=u:r:kernel:s0 tcontext=u:r:kernel:s0 tclass=capability permissive=0
11-29 05:32:43.079 0 0 I auditd : type=1400 audit(0.0:9227): avc: denied { kill } for comm="swapper/3" capability=5 scontext=u:r:kernel:s0 tcontext=u:r:kernel:s0 tclass=capability permissive=0
11-29 05:32:44.079 0 0 I auditd : type=1400 audit(0.0:9228): avc: denied { kill } for comm="swapper/3" capability=5 scontext=u:r:kernel:s0 tcontext=u:r:kernel:s0 tclass=capability permissive=0
11-29 05:32:45.079 0 0 I auditd : type=1400 audit(0.0:9229): avc: denied { kill } for comm="swapper/3" capability=5 scontext=u:r:kernel:s0 tcontext=u:r:kernel:s0 tclass=capability permissive=0
11-29 05:32:46.079 0 0 I auditd : type=1400 audit(0.0:9230): avc: denied { kill } for comm="swapper/3" capability=5 scontext=u:r:kernel:s0 tcontext=u:r:kernel:s0 tclass=capability permissive=0
11-29 05:32:47.079 0 0 I auditd : type=1400 audit(0.0:9231): avc: denied { kill } for comm="swapper/3" capability=5 scontext=u:r:kernel:s0 tcontext=u:r:kernel:s0 tclass=capability permissive=0
11-29 05:32:48.079 0 0 I auditd : type=1400 audit(0.0:9232): avc: denied { kill } for comm="swapper/3" capability=5 scontext=u:r:kernel:s0 tcontext=u:r:kernel:s0 tclass=capability permissive=0
11-29 05:32:49.079 0 0 I auditd : type=1400 audit(0.0:9233): avc: denied { kill } for comm="swapper/3" capability=5 scontext=u:r:kernel:s0 tcontext=u:r:kernel:s0 tclass=capability permissive=0
11-29 05:32:50.079 0 0 I auditd : type=1400 audit(0.0:9234): avc: denied { kill } for comm="swapper/3" capability=5 scontext=u:r:kernel:s0 tcontext=u:r:kernel:s0 tclass=capability permissive=0
11-29 05:32:51.079 0 0 I auditd : type=1400 audit(0.0:9235): avc: denied { kill } for comm="swapper/3" capability=5 scontext=u:r:kernel:s0 tcontext=u:r:kernel:s0 tclass=capability permissive=0
11-29 05:32:52.079 0 0 I auditd : type=1400 audit(0.0:9236): avc: denied { kill } for comm="swapper/3" capability=5 scontext=u:r:kernel:s0 tcontext=u:r:kernel:s0 tclass=capability permissive=0
11-29 05:32:53.079 0 0 I auditd : type=1400 audit(0.0:9237): avc: denied { kill } for comm="swapper/3" capability=5 scontext=u:r:kernel:s0 tcontext=u:r:kernel:s0 tclass=capability permissive=0
11-29 05:32:54.079 0 0 I auditd : type=1400 audit(0.0:9238): avc: denied { kill } for comm="swapper/3" capability=5 scontext=u:r:kernel:s0 tcontext=u:r:kernel:s0 tclass=capability permissive=0
11-29 05:32:55.079 0 0 I auditd : type=1400 audit(0.0:9239): avc: denied { kill } for comm="swapper/3" capability=5 scontext=u:r:kernel:s0 tcontext=u:r:kernel:s0 tclass=capability permissive=0
11-29 05:32:57.079 0 0 I auditd : type=1400 audit(0.0:9240): avc: denied { kill } for comm="swapper/3" capability=5 scontext=u:r:kernel:s0 tcontext=u:r:kernel:s0 tclass=capability permissive=0
11-29 05:32:58.079 0 0 I auditd : type=1400 audit(0.0:9241): avc: denied { kill } for comm="swapper/3" capability=5 scontext=u:r:kernel:s0 tcontext=u:r:kernel:s0 tclass=capability permissive=0
11-29 05:32:59.079 0 0 I auditd : type=1400 audit(0.0:9242): avc: denied { kill } for comm="swapper/3" capability=5 scontext=u:r:kernel:s0 tcontext=u:r:kernel:s0 tclass=capability permissive=0
11-29 05:33:03.079 0 0 I auditd : type=1400 audit(0.0:9243): avc: denied { kill } for comm="swapper/1" capability=5 scontext=u:r:kernel:s0 tcontext=u:r:kernel:s0 tclass=capability permissive=0
11-29 05:33:05.079 0 0 I auditd : type=1400 audit(0.0:9244): avc: denied { kill } for comm="swapper/3" capability=5 scontext=u:r:kernel:s0 tcontext=u:r:kernel:s0 tclass=capability permissive=0
11-29 05:33:06.079 0 0 I auditd : type=1400 audit(0.0:9245): avc: denied { kill } for comm="swapper/3" capability=5 scontext=u:r:kernel:s0 tcontext=u:r:kernel:s0 tclass=capability permissive=0
11-29 05:33:06.924 1491 1723 I netstats_mobile_sample: [0,0,0,0,0,0,0,0,0,0,0,0,1669671186923]
11-29 05:33:06.924 1491 1723 I netstats_wifi_sample: [205229856,474620,90370691,209560,205229856,474620,90370691,209560,248827606,819865,45651962,107780,1669671186923]
11-29 05:33:07.079 0 0 I auditd : type=1400 audit(0.0:9246): avc: denied { kill } for comm="swapper/3" capability=5 scontext=u:r:kernel:s0 tcontext=u:r:kernel:s0 tclass=capability permissive=0
11-29 05:33:08.079 0 0 I auditd : type=1400 audit(0.0:9247): avc: denied { kill } for comm="swapper/3" capability=5 scontext=u:r:kernel:s0 tcontext=u:r:kernel:s0 tclass=capability permissive=0
11-29 05:33:09.079 0 0 I auditd : type=1400 audit(0.0:9248): avc: denied { kill } for comm="swapper/3" capability=5 scontext=u:r:kernel:s0 tcontext=u:r:kernel:s0 tclass=capability permissive=0
11-29 05:33:10.079 0 0 I auditd : type=1400 audit(0.0:9249): avc: denied { kill } for comm="swapper/3" capability=5 scontext=u:r:kernel:s0 tcontext=u:r:kernel:s0 tclass=capability permissive=0
11-29 05:33:11.079 0 0 I auditd : type=1400 audit(0.0:9250): avc: denied { kill } for comm="swapper/3" capability=5 scontext=u:r:kernel:s0 tcontext=u:r:kernel:s0 tclass=capability permissive=0
11-29 05:33:12.079 0 0 I auditd : type=1400 audit(0.0:9251): avc: denied { kill } for comm="swapper/3" capability=5 scontext=u:r:kernel:s0 tcontext=u:r:kernel:s0 tclass=capability permissive=0
11-29 05:33:12.650 1491 1674 D ActivityManager: freezing 15327 com.thundercomm.gamemode
11-29 05:33:12.650 1491 1674 E ActivityManager: Unable to freeze binder for 15327 com.thundercomm.gamemode
11-29 05:33:12.653 1491 1674 D ActivityManager: froze 15327 com.thundercomm.gamemode
11-29 05:33:12.653 1491 1674 I am_freeze: [15327,com.thundercomm.gamemode]
11-29 05:33:12.653 1491 1674 E ActivityManager: Unable to freeze binder for 15327 com.thundercomm.gamemode
11-29 05:33:12.654 1491 1674 I ActivityManager: Killing 15327:com.thundercomm.gamemode/1000 (adj 915): Unable to freeze binder interface
11-29 05:33:12.655 1491 1674 I am_kill : [0,15327,com.thundercomm.gamemode,915,Unable to freeze binder interface]
11-29 05:33:12.695 1491 2060 D NotificationListeners: Removing active service ComponentInfo{com.thundercomm.gamemode/com.thundercomm.gamemode.application.GameModeApplication}
11-29 05:33:12.696 1491 10785 I am_proc_died: [0,15327,com.thundercomm.gamemode,915,10]
11-29 05:33:12.698 1491 10785 W ActivityManager: Scheduling restart of crashed service com.thundercomm.gamemode/.ingame.services.ActivityMonitoringService in 1000ms for start-requested
11-29 05:33:12.698 1491 10785 I am_schedule_service_restart: [0,com.thundercomm.gamemode/.ingame.services.ActivityMonitoringService,1000]
11-29 05:33:12.698 1491 10785 W ActivityManager: Scheduling restart of crashed service com.thundercomm.gamemode/.ingame.services.GameModeService in 11000ms for start-requested
11-29 05:33:12.698 1491 10785 I am_schedule_service_restart: [0,com.thundercomm.gamemode/.ingame.services.GameModeService,11000]
11-29 05:33:12.709 1491 1607 I am_pss : [15983,10020,com.hryt.hiphishowfsecontrol,18565120,14712832,0,106811392,0,19,8]
11-29 05:33:12.715 1491 1607 I am_pss : [15984,10064,com.android.calendar,6638592,4046848,0,91533312,0,19,6]
11-29 05:33:12.721 1491 1607 I am_pss : [15879,1000,com.qti.diagservices,6409216,3842048,0,93753344,0,10,5]
11-29 05:33:12.726 1491 1607 I am_pss : [15863,10068,com.android.gallery3d,8018944,5386240,0,93487104,0,19,5]
11-29 05:33:12.732 1491 1607 I am_pss : [3512,10019,com.android.packageinstaller,7638016,5513216,0,90796032,0,19,5]
11-29 05:33:12.752 1491 1674 D ActivityManager: freezing 15863 com.android.gallery3d
11-29 05:33:12.753 1491 1674 E ActivityManager: Unable to freeze binder for 15863 com.android.gallery3d
11-29 05:33:12.753 1491 1674 D ActivityManager: froze 15863 com.android.gallery3d
11-29 05:33:12.754 1491 1674 I am_freeze: [15863,com.android.gallery3d]
11-29 05:33:12.754 1491 1674 E ActivityManager: Unable to freeze binder for 15863 com.android.gallery3d
11-29 05:33:12.755 1491 1674 I ActivityManager: Killing 15863:com.android.gallery3d/u0a68 (adj 925): Unable to freeze binder interface
11-29 05:33:12.755 1491 1674 I am_kill : [0,15863,com.android.gallery3d,925,Unable to freeze binder interface]
11-29 05:33:12.786 1491 10785 I am_proc_died: [0,15863,com.android.gallery3d,925,19]
11-29 05:33:12.786 1491 10785 I am_uid_stopped: 10068
11-29 05:33:12.792 1491 1599 I am_uid_running: 10068
11-29 05:33:12.792 1491 1599 D CompatibilityChangeReporter: Compat change id reported: 135634846; UID 10068; state: DISABLED
11-29 05:33:12.793 1491 1599 D CompatibilityChangeReporter: Compat change id reported: 177438394; UID 10068; state: DISABLED
11-29 05:33:12.793 1491 1599 D CompatibilityChangeReporter: Compat change id reported: 135772972; UID 10068; state: DISABLED
11-29 05:33:12.793 1491 1599 D CompatibilityChangeReporter: Compat change id reported: 135754954; UID 10068; state: DISABLED
11-29 05:33:12.793 1491 1609 D CompatibilityChangeReporter: Compat change id reported: 143937733; UID 10068; state: DISABLED
11-29 05:33:12.807 1491 1609 I am_proc_start: [0,16028,10068,com.android.gallery3d,NULL,]
11-29 05:33:12.807 1491 1609 I ActivityManager: Start proc 16028:com.android.gallery3d/u0a68 for null
11-29 05:33:12.842 1491 10785 I am_proc_bound: [0,16028,com.android.gallery3d]
11-29 05:33:13.079 0 0 I auditd : type=1400 audit(0.0:9252): avc: denied { kill } for comm="swapper/3" capability=5 scontext=u:r:kernel:s0 tcontext=u:r:kernel:s0 tclass=capability permissive=0
11-29 05:33:13.702 1491 1608 D CompatibilityChangeReporter: Compat change id reported: 135634846; UID 1000; state: DISABLED
11-29 05:33:13.702 1491 1608 D CompatibilityChangeReporter: Compat change id reported: 177438394; UID 1000; state: DISABLED
11-29 05:33:13.702 1491 1608 D CompatibilityChangeReporter: Compat change id reported: 135772972; UID 1000; state: DISABLED
11-29 05:33:13.702 1491 1608 D CompatibilityChangeReporter: Compat change id reported: 135754954; UID 1000; state: ENABLED
11-29 05:33:13.727 1491 1609 I am_proc_start: [0,16043,1000,com.thundercomm.gamemode,service,{com.thundercomm.gamemode/com.thundercomm.gamemode.ingame.services.ActivityMonitoringService}]
11-29 05:33:13.727 1491 1609 I ActivityManager: Start proc 16043:com.thundercomm.gamemode/1000 for service {com.thundercomm.gamemode/com.thundercomm.gamemode.ingame.services.ActivityMonitoringService}
11-29 05:33:13.768 1491 10785 I am_proc_bound: [0,16043,com.thundercomm.gamemode]
11-29 05:33:13.816 1491 10785 I am_uid_running: 10063
11-29 05:33:13.816 1491 10785 D CompatibilityChangeReporter: Compat change id reported: 135634846; UID 10063; state: DISABLED
11-29 05:33:13.816 1491 10785 D CompatibilityChangeReporter: Compat change id reported: 177438394; UID 10063; state: DISABLED
11-29 05:33:13.816 1491 10785 D CompatibilityChangeReporter: Compat change id reported: 135772972; UID 10063; state: DISABLED
11-29 05:33:13.816 1491 10785 D CompatibilityChangeReporter: Compat change id reported: 135754954; UID 10063; state: ENABLED
11-29 05:33:13.817 1491 1609 D CompatibilityChangeReporter: Compat change id reported: 143937733; UID 10063; state: ENABLED
11-29 05:33:13.835 1491 1609 I am_proc_start: [0,16060,10063,com.thundercomm.gamemode.provider,content provider,{com.thundercomm.gamemode.provider/com.thundercomm.gamemode.provider.SettingsProvider}]
11-29 05:33:13.835 1491 1609 I ActivityManager: Start proc 16060:com.thundercomm.gamemode.provider/u0a63 for content provider {com.thundercomm.gamemode.provider/com.thundercomm.gamemode.provider.SettingsProvider}
11-29 05:33:13.872 1491 10785 I am_proc_bound: [0,16060,com.thundercomm.gamemode.provider]
11-29 05:33:13.918 16043 16043 W ContextImpl: Calling a method in the system process without a qualified user: android.app.ContextImpl.startService:1816 android.content.ContextWrapper.startService:774 com.thundercomm.gamemode.ingame.services.GameModeActionUtils.startGameModeService:93 com.thundercomm.gamemode.ingame.services.GameModeActionUtils.startGameModeEntry:21 com.thundercomm.gamemode.ingame.services.ActivityMonitoringService$1.onActivityLaunch:127
11-29 05:33:13.921 1491 1491 I GameModeConfig: Current uri is uri = content://com.thundercomm.gamemode.api/gamemode_settings/gamemode_isgaming
11-29 05:33:13.922 1491 1491 I am_uid_active: 10063
11-29 05:33:13.926 1491 1491 I GameModeConfig: isGameModeOn = false
11-29 05:33:13.926 1491 1491 I GameModeConfig: isGameModeOn = false
11-29 05:33:13.926 1491 1491 I GameModeConfig: isDisableVoice = true
11-29 05:33:14.079 0 0 I auditd : type=1400 audit(0.0:9253): avc: denied { kill } for comm="swapper/3" capability=5 scontext=u:r:kernel:s0 tcontext=u:r:kernel:s0 tclass=capability permissive=0
11-29 05:33:15.079 0 0 I auditd : type=1400 audit(0.0:9254): avc: denied { kill } for comm="swapper/3" capability=5 scontext=u:r:kernel:s0 tcontext=u:r:kernel:s0 tclass=capability permissive=0
11-29 05:33:16.079 0 0 I auditd : type=1400 audit(0.0:9255): avc: denied { kill } for comm="swapper/3" capability=5 scontext=u:r:kernel:s0 tcontext=u:r:kernel:s0 tclass=capability permissive=0
11-29 05:33:17.079 0 0 I auditd : type=1400 audit(0.0:9256): avc: denied { kill } for comm="swapper/3" capability=5 scontext=u:r:kernel:s0 tcontext=u:r:kernel:s0 tclass=capability permissive=0
11-29 05:33:18.079 0 0 I auditd : type=1400 audit(0.0:9257): avc: denied { kill } for comm="swapper/3" capability=5 scontext=u:r:kernel:s0 tcontext=u:r:kernel:s0 tclass=capability permissive=0
11-29 05:33:19.079 0 0 I auditd : type=1400 audit(0.0:9258): avc: denied { kill } for comm="swapper/3" capability=5 scontext=u:r:kernel:s0 tcontext=u:r:kernel:s0 tclass=capability permissive=0
11-29 05:33:20.079 0 0 I auditd : type=1400 audit(0.0:9259): avc: denied { kill } for comm="swapper/3" capability=5 scontext=u:r:kernel:s0 tcontext=u:r:kernel:s0 tclass=capability permissive=0
11-29 05:33:22.079 0 0 I auditd : type=1400 audit(0.0:9260): avc: denied { kill } for comm="swapper/3" capability=5 scontext=u:r:kernel:s0 tcontext=u:r:kernel:s0 tclass=capability permissive=0
11-29 05:33:24.079 0 0 I auditd : type=1400 audit(0.0:9261): avc: denied { kill } for comm="swapper/3" capability=5 scontext=u:r:kernel:s0 tcontext=u:r:kernel:s0 tclass=capability permissive=0
11-29 05:33:25.079 0 0 I auditd : type=1400 audit(0.0:9262): avc: denied { kill } for comm="swapper/3" capability=5 scontext=u:r:kernel:s0 tcontext=u:r:kernel:s0 tclass=capability permissive=0
11-29 05:33:26.079 0 0 I auditd : type=1400 audit(0.0:9263): avc: denied { kill } for comm="swapper/3" capability=5 scontext=u:r:kernel:s0 tcontext=u:r:kernel:s0 tclass=capability permissive=0
11-29 05:33:27.079 0 0 I auditd : type=1400 audit(0.0:9264): avc: denied { kill } for comm="swapper/3" capability=5 scontext=u:r:kernel:s0 tcontext=u:r:kernel:s0 tclass=capability permissive=0
11-29 05:33:28.079 0 0 I auditd : type=1400 audit(0.0:9265): avc: denied { kill } for comm="swapper/3" capability=5 scontext=u:r:kernel:s0 tcontext=u:r:kernel:s0 tclass=capability permissive=0
11-29 05:33:29.079 0 0 I auditd : type=1400 audit(0.0:9266): avc: denied { kill } for comm="swapper/3" capability=5 scontext=u:r:kernel:s0 tcontext=u:r:kernel:s0 tclass=capability permissive=0
11-29 05:33:30.079 0 0 I auditd : type=1400 audit(0.0:9267): avc: denied { kill } for comm="swapper/3" capability=5 scontext=u:r:kernel:s0 tcontext=u:r:kernel:s0 tclass=capability permissive=0
11-29 05:33:31.079 0 0 I auditd : type=1400 audit(0.0:9268): avc: denied { kill } for comm="swapper/3" capability=5 scontext=u:r:kernel:s0 tcontext=u:r:kernel:s0 tclass=capability permissive=0
11-29 05:33:32.079 0 0 I auditd : type=1400 audit(0.0:9269): avc: denied { kill } for comm="swapper/3" capability=5 scontext=u:r:kernel:s0 tcontext=u:r:kernel:s0 tclass=capability permissive=0
11-29 05:33:33.079 0 0 I auditd : type=1400 audit(0.0:9270): avc: denied { kill } for comm="swapper/3" capability=5 scontext=u:r:kernel:s0 tcontext=u:r:kernel:s0 tclass=capability permissive=0
11-29 05:33:34.079 0 0 I auditd : type=1400 audit(0.0:9271): avc: denied { kill } for comm="swapper/3" capability=5 scontext=u:r:kernel:s0 tcontext=u:r:kernel:s0 tclass=capability permissive=0
11-29 05:33:35.079 0 0 I auditd : type=1400 audit(0.0:9272): avc: denied { kill } for comm="swapper/3" capability=5 scontext=u:r:kernel:s0 tcontext=u:r:kernel:s0 tclass=capability permissive=0
11-29 05:33:36.079 0 0 I auditd : type=1400 audit(0.0:9273): avc: denied { kill } for comm="swapper/3" capability=5 scontext=u:r:kernel:s0 tcontext=u:r:kernel:s0 tclass=capability permissive=0
11-29 05:33:37.079 0 0 I auditd : type=1400 audit(0.0:9274): avc: denied { kill } for comm="swapper/3" capability=5 scontext=u:r:kernel:s0 tcontext=u:r:kernel:s0 tclass=capability permissive=0
11-29 05:33:38.079 0 0 I auditd : type=1400 audit(0.0:9275): avc: denied { kill } for comm="swapper/3" capability=5 scontext=u:r:kernel:s0 tcontext=u:r:kernel:s0 tclass=capability permissive=0
11-29 05:33:39.079 0 0 I auditd : type=1400 audit(0.0:9276): avc: denied { kill } for comm="swapper/3" capability=5 scontext=u:r:kernel:s0 tcontext=u:r:kernel:s0 tclass=capability permissive=0
11-29 05:33:40.079 0 0 I auditd : type=1400 audit(0.0:9277): avc: denied { kill } for comm="swapper/3" capability=5 scontext=u:r:kernel:s0 tcontext=u:r:kernel:s0 tclass=capability permissive=0
11-29 05:33:41.079 0 0 I auditd : type=1400 audit(0.0:9278): avc: denied { kill } for comm="swapper/3" capability=5 scontext=u:r:kernel:s0 tcontext=u:r:kernel:s0 tclass=capability permissive=0
11-29 05:33:42.079 0 0 I auditd : type=1400 audit(0.0:9279): avc: denied { kill } for comm="swapper/3" capability=5 scontext=u:r:kernel:s0 tcontext=u:r:kernel:s0 tclass=capability permissive=0
11-29 05:33:43.079 0 0 I auditd : type=1400 audit(0.0:9280): avc: denied { kill } for comm="swapper/3" capability=5 scontext=u:r:kernel:s0 tcontext=u:r:kernel:s0 tclass=capability permissive=0
11-29 05:33:44.079 0 0 I auditd : type=1400 audit(0.0:9281): avc: denied { kill } for comm="swapper/3" capability=5 scontext=u:r:kernel:s0 tcontext=u:r:kernel:s0 tclass=capability permissive=0
11-29 05:33:45.079 0 0 I auditd : type=1400 audit(0.0:9282): avc: denied { kill } for comm="swapper/3" capability=5 scontext=u:r:kernel:s0 tcontext=u:r:kernel:s0 tclass=capability permissive=0
11-29 05:33:46.079 0 0 I auditd : type=1400 audit(0.0:9283): avc: denied { kill } for comm="swapper/3" capability=5 scontext=u:r:kernel:s0 tcontext=u:r:kernel:s0 tclass=capability permissive=0
11-29 05:33:47.079 0 0 I auditd : type=1400 audit(0.0:9284): avc: denied { kill } for comm="swapper/3" capability=5 scontext=u:r:kernel:s0 tcontext=u:r:kernel:s0 tclass=capability permissive=0
11-29 05:33:48.079 0 0 I auditd : type=1400 audit(0.0:9285): avc: denied { kill } for comm="swapper/3" capability=5 scontext=u:r:kernel:s0 tcontext=u:r:kernel:s0 tclass=capability permissive=0
11-29 05:33:49.079 0 0 I auditd : type=1400 audit(0.0:9286): avc: denied { kill } for comm="swapper/3" capability=5 scontext=u:r:kernel:s0 tcontext=u:r:kernel:s0 tclass=capability permissive=0
11-29 05:33:50.079 0 0 I auditd : type=1400 audit(0.0:9287): avc: denied { kill } for comm="swapper/3" capability=5 scontext=u:r:kernel:s0 tcontext=u:r:kernel:s0 tclass=capability permissive=0
11-29 05:33:51.079 0 0 I auditd : type=1400 audit(0.0:9288): avc: denied { kill } for comm="swapper/3" capability=5 scontext=u:r:kernel:s0 tcontext=u:r:kernel:s0 tclass=capability permissive=0
11-29 05:33:51.729 1491 1607 I UsageStatsService: User[0] Flushing usage stats to disk
11-29 05:33:52.079 0 0 I auditd : type=1400 audit(0.0:9289): avc: denied { kill } for comm="swapper/3" capability=5 scontext=u:r:kernel:s0 tcontext=u:r:kernel:s0 tclass=capability permissive=0
11-29 05:33:53.079 0 0 I auditd : type=1400 audit(0.0:9290): avc: denied { kill } for comm="swapper/3" capability=5 scontext=u:r:kernel:s0 tcontext=u:r:kernel:s0 tclass=capability permissive=0
11-29 05:33:54.079 0 0 I auditd : type=1400 audit(0.0:9291): avc: denied { kill } for comm="swapper/3" capability=5 scontext=u:r:kernel:s0 tcontext=u:r:kernel:s0 tclass=capability permissive=0
11-29 05:33:55.079 0 0 I auditd : type=1400 audit(0.0:9292): avc: denied { kill } for comm="swapper/3" capability=5 scontext=u:r:kernel:s0 tcontext=u:r:kernel:s0 tclass=capability permissive=0
11-29 05:33:56.079 0 0 I auditd : type=1400 audit(0.0:9293): avc: denied { kill } for comm="swapper/3" capability=5 scontext=u:r:kernel:s0 tcontext=u:r:kernel:s0 tclass=capability permissive=0
11-29 05:33:57.079 0 0 I auditd : type=1400 audit(0.0:9294): avc: denied { kill } for comm="swapper/3" capability=5 scontext=u:r:kernel:s0 tcontext=u:r:kernel:s0 tclass=capability permissive=0
11-29 05:33:58.079 0 0 I auditd : type=1400 audit(0.0:9295): avc: denied { kill } for comm="swapper/3" capability=5 scontext=u:r:kernel:s0 tcontext=u:r:kernel:s0 tclass=capability permissive=0
