11-29 07:23:03.134 26176 26176 I sysui_multi_action: [757,0,758,1,759,0,927,3,928,0,1593,1]
11-29 07:23:03.134 26176 26176 I sysui_multi_action: [757,491,758,1,759,491,927,4,928,0,1311,-1,1593,0]
11-29 07:23:03.134 26176 26176 I sysui_multi_action: [757,0,758,1,759,0,927,5,928,0,1593,0]
11-29 07:23:03.134 26176 26176 I sysui_multi_action: [757,111,758,1]
11-29 07:23:03.137 26176 26176 I sysui_multi_action: [757,126,758,1,759,126,927,0,928,1,1593,1]
11-29 07:23:03.137 26176 26176 I sysui_multi_action: [757,113,758,1,759,113,927,1,928,1,1593,1]
11-29 07:23:03.137 26176 26176 I sysui_multi_action: [757,0,758,1,759,0,927,2,928,0,1593,1]
11-29 07:23:03.137 26176 26176 I sysui_multi_action: [757,0,758,1,759,0,927,3,928,0,1593,1]
11-29 07:23:03.148 1491 1760 I GameModeConfig: isGameModeOn = false
11-29 07:23:03.149 1491 1760 I GameModeConfig: isGameModeOn = false
11-29 07:23:03.149 1491 1760 I GameModeConfig: isGameModeOn = false
11-29 07:23:03.150 1491 1760 I GameModeConfig: isGameModeOn = false
11-29 07:23:03.150 1491 1760 I GameModeConfig: isGameModeOn = false
11-29 07:23:03.153 1491 1760 I GameModeConfig: isGameModeOn = false
11-29 07:23:03.155 26176 26176 I sysui_multi_action: [757,111,758,2]
11-29 07:23:03.155 1491 1491 I notification_enqueue: [10082,26176,com.android.systemui,2048,NULL,0,Notification(channel=updateNotification shortcut=null contentView=null vibrate=null sound=null defaults=0x0 flags=0x0 color=0x00000000 vis=PRIVATE),1]
11-29 07:23:03.155 26176 26176 I sysui_multi_action: [757,111,758,2]
11-29 07:23:03.159 26176 26176 I sysui_multi_action: [757,111,758,1]
11-29 07:23:03.160 26176 26176 I sysui_multi_action: [757,126,758,1,759,126,927,0,928,1,1593,1]
11-29 07:23:03.160 26176 26176 I sysui_multi_action: [757,113,758,1,759,113,927,1,928,1,1593,1]
11-29 07:23:03.160 26176 26176 I sysui_multi_action: [757,0,758,1,759,0,927,2,928,0,1593,1]
11-29 07:23:03.160 26176 26176 I sysui_multi_action: [757,0,758,1,759,0,927,3,928,0,1593,1]
11-29 07:23:03.160 26176 26176 I sysui_multi_action: [757,491,758,1,759,491,927,4,928,0,1311,-1,1593,0]
11-29 07:23:03.161 26176 26176 I sysui_multi_action: [757,0,758,1,759,0,927,5,928,0,1593,0]
11-29 07:23:03.161 26176 26176 I sysui_multi_action: [757,111,758,1]
11-29 07:23:03.161 26176 26176 I sysui_multi_action: [757,126,758,1,759,126,927,0,928,1,1593,1]
11-29 07:23:03.161 26176 26176 I sysui_multi_action: [757,113,758,1,759,113,927,1,928,1,1593,1]
11-29 07:23:03.161 26176 26176 I sysui_multi_action: [757,0,758,1,759,0,927,2,928,0,1593,1]
11-29 07:23:03.161 26176 26176 I sysui_multi_action: [757,0,758,1,759,0,927,3,928,0,1593,1]
11-29 07:23:03.174 1491 1760 I GameModeConfig: isGameModeOn = false
11-29 07:23:03.175 1491 1760 I GameModeConfig: isGameModeOn = false
11-29 07:23:03.175 1491 1760 I GameModeConfig: isGameModeOn = false
11-29 07:23:03.175 1491 1760 I GameModeConfig: isGameModeOn = false
11-29 07:23:03.175 1491 1760 I GameModeConfig: isGameModeOn = false
11-29 07:23:03.176 1491 1760 I GameModeConfig: isGameModeOn = false
11-29 07:23:03.176 26176 26176 I sysui_multi_action: [757,111,758,2]
11-29 07:23:03.176 1491 1491 I notification_enqueue: [10082,26176,com.android.systemui,2048,NULL,0,Notification(channel=updateNotification shortcut=null contentView=null vibrate=null sound=null defaults=0x0 flags=0x0 color=0x00000000 vis=PRIVATE),1]
11-29 07:23:03.176 26176 26176 I sysui_multi_action: [757,111,758,2]
11-29 07:23:03.179 26176 26176 I sysui_multi_action: [757,111,758,1]
11-29 07:23:03.180 26176 26176 I sysui_multi_action: [757,126,758,1,759,126,927,0,928,1,1593,0]
11-29 07:23:03.180 26176 26176 I sysui_multi_action: [757,113,758,1,759,113,927,1,928,1,1593,0]
11-29 07:23:03.180 26176 26176 I sysui_multi_action: [757,0,758,1,759,0,927,2,928,0,1593,0]
11-29 07:23:03.180 26176 26176 I sysui_multi_action: [757,0,758,1,759,0,927,3,928,0,1593,0]
11-29 07:23:03.180 26176 26176 I sysui_multi_action: [757,491,758,1,759,491,927,4,928,0,1311,-1,1593,0]
11-29 07:23:03.180 26176 26176 I sysui_multi_action: [757,0,758,1,759,0,927,5,928,0,1593,0]
11-29 07:23:03.180 26176 26176 I sysui_multi_action: [757,111,758,1]
11-29 07:23:03.180 26176 26176 I sysui_multi_action: [757,126,758,1,759,126,927,0,928,1,1593,0]
11-29 07:23:03.180 26176 26176 I sysui_multi_action: [757,113,758,1,759,113,927,1,928,1,1593,1]
11-29 07:23:03.180 26176 26176 I sysui_multi_action: [757,0,758,1,759,0,927,2,928,0,1593,1]
11-29 07:23:03.181 26176 26176 I sysui_multi_action: [757,0,758,1,759,0,927,3,928,0,1593,1]
11-29 07:23:03.190 1491 1760 I GameModeConfig: isGameModeOn = false
11-29 07:23:03.190 1491 1760 I GameModeConfig: isGameModeOn = false
11-29 07:23:03.190 1491 1760 I GameModeConfig: isGameModeOn = false
11-29 07:23:03.190 1491 1760 I GameModeConfig: isGameModeOn = false
11-29 07:23:03.191 1491 1760 I GameModeConfig: isGameModeOn = false
11-29 07:23:03.191 1491 1760 I GameModeConfig: isGameModeOn = false
11-29 07:23:03.192 26176 26176 I sysui_multi_action: [757,111,758,2]
11-29 07:23:03.192 1491 1491 I notification_enqueue: [10082,26176,com.android.systemui,2048,NULL,0,Notification(channel=updateNotification shortcut=null contentView=null vibrate=null sound=null defaults=0x0 flags=0x0 color=0x00000000 vis=PRIVATE),1]
11-29 07:23:03.192 26176 26176 I sysui_multi_action: [757,111,758,2]
11-29 07:23:03.194 26176 26176 I sysui_multi_action: [757,111,758,1]
11-29 07:23:03.194 26176 26176 I sysui_multi_action: [757,126,758,1,759,126,927,0,928,1,1593,1]
11-29 07:23:03.194 26176 26176 I sysui_multi_action: [757,113,758,1,759,113,927,1,928,1,1593,1]
11-29 07:23:03.195 26176 26176 I sysui_multi_action: [757,0,758,1,759,0,927,2,928,0,1593,1]
11-29 07:23:03.195 26176 26176 I sysui_multi_action: [757,0,758,1,759,0,927,3,928,0,1593,1]
11-29 07:23:03.195 26176 26176 I sysui_multi_action: [757,491,758,1,759,491,927,4,928,0,1311,-1,1593,0]
11-29 07:23:03.195 26176 26176 I sysui_multi_action: [757,0,758,1,759,0,927,5,928,0,1593,0]
11-29 07:23:03.195 26176 26176 I sysui_multi_action: [757,111,758,1]
11-29 07:23:03.195 26176 26176 I sysui_multi_action: [757,126,758,1,759,126,927,0,928,1,1593,1]
11-29 07:23:03.195 26176 26176 I sysui_multi_action: [757,113,758,1,759,113,927,1,928,1,1593,1]
11-29 07:23:03.195 26176 26176 I sysui_multi_action: [757,0,758,1,759,0,927,2,928,0,1593,1]
11-29 07:23:03.195 26176 26176 I sysui_multi_action: [757,0,758,1,759,0,927,3,928,0,1593,1]
11-29 07:23:03.203 1491 1760 I GameModeConfig: isGameModeOn = false
11-29 07:23:03.204 1491 1760 I GameModeConfig: isGameModeOn = false
11-29 07:23:03.204 1491 1760 I GameModeConfig: isGameModeOn = false
11-29 07:23:03.204 1491 1760 I GameModeConfig: isGameModeOn = false
11-29 07:23:03.204 1491 1760 I GameModeConfig: isGameModeOn = false
11-29 07:23:03.205 1491 1760 I GameModeConfig: isGameModeOn = false
11-29 07:23:03.205 26176 26176 I sysui_multi_action: [757,111,758,2]
11-29 07:23:03.205 26176 26176 I sysui_multi_action: [757,111,758,2]
11-29 07:23:03.206 1491 1491 I notification_enqueue: [10082,26176,com.android.systemui,2048,NULL,0,Notification(channel=updateNotification shortcut=null contentView=null vibrate=null sound=null defaults=0x0 flags=0x0 color=0x00000000 vis=PRIVATE),1]
11-29 07:23:03.208 26176 26176 I sysui_multi_action: [757,111,758,1]
11-29 07:23:03.208 26176 26176 I sysui_multi_action: [757,126,758,1,759,126,927,0,928,1,1593,1]
11-29 07:23:03.208 26176 26176 I sysui_multi_action: [757,113,758,1,759,113,927,1,928,1,1593,1]
11-29 07:23:03.208 26176 26176 I sysui_multi_action: [757,0,758,1,759,0,927,2,928,0,1593,1]
11-29 07:23:03.208 26176 26176 I sysui_multi_action: [757,0,758,1,759,0,927,3,928,0,1593,1]
11-29 07:23:03.209 26176 26176 I sysui_multi_action: [757,491,758,1,759,491,927,4,928,0,1311,-1,1593,0]
11-29 07:23:03.209 26176 26176 I sysui_multi_action: [757,0,758,1,759,0,927,5,928,0,1593,0]
11-29 07:23:03.209 26176 26176 I sysui_multi_action: [757,111,758,1]
11-29 07:23:03.209 26176 26176 I sysui_multi_action: [757,126,758,1,759,126,927,0,928,1,1593,1]
11-29 07:23:03.209 26176 26176 I sysui_multi_action: [757,113,758,1,759,113,927,1,928,1,1593,1]
11-29 07:23:03.209 26176 26176 I sysui_multi_action: [757,0,758,1,759,0,927,2,928,0,1593,1]
11-29 07:23:03.209 26176 26176 I sysui_multi_action: [757,0,758,1,759,0,927,3,928,0,1593,1]
11-29 07:23:03.219 1491 1760 I GameModeConfig: isGameModeOn = false
11-29 07:23:03.219 1491 1760 I GameModeConfig: isGameModeOn = false
11-29 07:23:03.219 1491 1760 I GameModeConfig: isGameModeOn = false
11-29 07:23:03.219 1491 1760 I GameModeConfig: isGameModeOn = false
11-29 07:23:03.219 1491 1760 I GameModeConfig: isGameModeOn = false
11-29 07:23:03.219 1491 1760 I GameModeConfig: isGameModeOn = false
11-29 07:23:03.220 26176 26176 I sysui_multi_action: [757,111,758,2]
11-29 07:23:03.220 26176 26176 I sysui_multi_action: [757,111,758,2]
11-29 07:23:03.220 1491 1491 I notification_enqueue: [10082,26176,com.android.systemui,2048,NULL,0,Notification(channel=updateNotification shortcut=null contentView=null vibrate=null sound=null defaults=0x0 flags=0x0 color=0x00000000 vis=PRIVATE),1]
11-29 07:23:03.223 26176 26176 I sysui_multi_action: [757,111,758,1]
11-29 07:23:03.223 26176 26176 I sysui_multi_action: [757,126,758,1,759,126,927,0,928,1,1593,1]
11-29 07:23:03.223 26176 26176 I sysui_multi_action: [757,113,758,1,759,113,927,1,928,1,1593,1]
11-29 07:23:03.223 26176 26176 I sysui_multi_action: [757,0,758,1,759,0,927,2,928,0,1593,1]
11-29 07:23:03.223 26176 26176 I sysui_multi_action: [757,0,758,1,759,0,927,3,928,0,1593,1]
11-29 07:23:03.223 26176 26176 I sysui_multi_action: [757,491,758,1,759,491,927,4,928,0,1311,-1,1593,0]
11-29 07:23:03.223 26176 26176 I sysui_multi_action: [757,0,758,1,759,0,927,5,928,0,1593,0]
11-29 07:23:03.223 26176 26176 I sysui_multi_action: [757,111,758,1]
11-29 07:23:03.224 26176 26176 I sysui_multi_action: [757,126,758,1,759,126,927,0,928,1,1593,1]
11-29 07:23:03.224 26176 26176 I sysui_multi_action: [757,113,758,1,759,113,927,1,928,1,1593,1]
11-29 07:23:03.224 26176 26176 I sysui_multi_action: [757,0,758,1,759,0,927,2,928,0,1593,1]
11-29 07:23:03.224 26176 26176 I sysui_multi_action: [757,0,758,1,759,0,927,3,928,0,1593,1]
11-29 07:23:03.236 1491 1760 I GameModeConfig: isGameModeOn = false
11-29 07:23:03.236 1491 1760 I GameModeConfig: isGameModeOn = false
11-29 07:23:03.237 1491 1760 I GameModeConfig: isGameModeOn = false
11-29 07:23:03.237 1491 1760 I GameModeConfig: isGameModeOn = false
11-29 07:23:03.237 1491 1760 I GameModeConfig: isGameModeOn = false
11-29 07:23:03.237 1491 1760 I GameModeConfig: isGameModeOn = false
11-29 07:23:03.238 26176 26176 I sysui_multi_action: [757,111,758,2]
11-29 07:23:03.238 26176 26176 I sysui_multi_action: [757,111,758,2]
11-29 07:23:03.238 1491 1491 I notification_enqueue: [10082,26176,com.android.systemui,2048,NULL,0,Notification(channel=updateNotification shortcut=null contentView=null vibrate=null sound=null defaults=0x0 flags=0x0 color=0x00000000 vis=PRIVATE),1]
11-29 07:23:03.241 26176 26176 I sysui_multi_action: [757,111,758,1]
11-29 07:23:03.241 26176 26176 I sysui_multi_action: [757,126,758,1,759,126,927,0,928,1,1593,1]
11-29 07:23:03.241 26176 26176 I sysui_multi_action: [757,113,758,1,759,113,927,1,928,1,1593,1]
11-29 07:23:03.241 26176 26176 I sysui_multi_action: [757,0,758,1,759,0,927,2,928,0,1593,1]
11-29 07:23:03.241 26176 26176 I sysui_multi_action: [757,0,758,1,759,0,927,3,928,0,1593,1]
11-29 07:23:03.241 26176 26176 I sysui_multi_action: [757,491,758,1,759,491,927,4,928,0,1311,-1,1593,0]
11-29 07:23:03.241 26176 26176 I sysui_multi_action: [757,0,758,1,759,0,927,5,928,0,1593,0]
11-29 07:23:03.241 26176 26176 I sysui_multi_action: [757,111,758,1]
11-29 07:23:03.241 26176 26176 I sysui_multi_action: [757,126,758,1,759,126,927,0,928,1,1593,1]
11-29 07:23:03.241 26176 26176 I sysui_multi_action: [757,113,758,1,759,113,927,1,928,1,1593,1]
11-29 07:23:03.241 26176 26176 I sysui_multi_action: [757,0,758,1,759,0,927,2,928,0,1593,1]
11-29 07:23:03.242 26176 26176 I sysui_multi_action: [757,0,758,1,759,0,927,3,928,0,1593,1]
11-29 07:23:03.253 1491 1760 I GameModeConfig: isGameModeOn = false
11-29 07:23:03.253 1491 1760 I GameModeConfig: isGameModeOn = false
11-29 07:23:03.253 1491 1760 I GameModeConfig: isGameModeOn = false
11-29 07:23:03.253 1491 1760 I GameModeConfig: isGameModeOn = false
11-29 07:23:03.253 1491 1760 I GameModeConfig: isGameModeOn = false
11-29 07:23:03.254 1491 1760 I GameModeConfig: isGameModeOn = false
11-29 07:23:03.254 26176 26176 I sysui_multi_action: [757,111,758,2]
11-29 07:23:03.254 1491 1491 I notification_enqueue: [10082,26176,com.android.systemui,2048,NULL,0,Notification(channel=updateNotification shortcut=null contentView=null vibrate=null sound=null defaults=0x0 flags=0x0 color=0x00000000 vis=PRIVATE),1]
11-29 07:23:03.254 26176 26176 I sysui_multi_action: [757,111,758,2]
11-29 07:23:03.257 26176 26176 I sysui_multi_action: [757,111,758,1]
11-29 07:23:03.257 26176 26176 I sysui_multi_action: [757,126,758,1,759,126,927,0,928,1,1593,1]
11-29 07:23:03.257 26176 26176 I sysui_multi_action: [757,113,758,1,759,113,927,1,928,1,1593,1]
11-29 07:23:03.257 26176 26176 I sysui_multi_action: [757,0,758,1,759,0,927,2,928,0,1593,1]
11-29 07:23:03.257 26176 26176 I sysui_multi_action: [757,0,758,1,759,0,927,3,928,0,1593,1]
11-29 07:23:03.258 26176 26176 I sysui_multi_action: [757,491,758,1,759,491,927,4,928,0,1311,-1,1593,0]
11-29 07:23:03.258 26176 26176 I sysui_multi_action: [757,0,758,1,759,0,927,5,928,0,1593,0]
11-29 07:23:03.258 26176 26176 I sysui_multi_action: [757,111,758,1]
11-29 07:23:03.258 26176 26176 I sysui_multi_action: [757,126,758,1,759,126,927,0,928,1,1593,1]
11-29 07:23:03.258 26176 26176 I sysui_multi_action: [757,113,758,1,759,113,927,1,928,1,1593,1]
11-29 07:23:03.258 26176 26176 I sysui_multi_action: [757,0,758,1,759,0,927,2,928,0,1593,1]
11-29 07:23:03.258 26176 26176 I sysui_multi_action: [757,0,758,1,759,0,927,3,928,0,1593,1]
11-29 07:23:03.270 26176 26176 I sysui_multi_action: [757,111,758,2]
11-29 07:23:03.270 26176 26176 I sysui_multi_action: [757,111,758,2]
11-29 07:23:03.270 1491 1760 I GameModeConfig: isGameModeOn = false
11-29 07:23:03.270 1491 1760 I GameModeConfig: isGameModeOn = false
11-29 07:23:03.270 1491 1760 I GameModeConfig: isGameModeOn = false
11-29 07:23:03.270 1491 1760 I GameModeConfig: isGameModeOn = false
11-29 07:23:03.270 1491 1760 I GameModeConfig: isGameModeOn = false
11-29 07:23:03.271 1491 1760 I GameModeConfig: isGameModeOn = false
11-29 07:23:03.271 1491 1491 I notification_enqueue: [10082,26176,com.android.systemui,2048,NULL,0,Notification(channel=updateNotification shortcut=null contentView=null vibrate=null sound=null defaults=0x0 flags=0x0 color=0x00000000 vis=PRIVATE),1]
11-29 07:23:03.272 26176 26176 I sysui_multi_action: [757,111,758,1]
11-29 07:23:03.272 26176 26176 I sysui_multi_action: [757,126,758,1,759,126,927,0,928,1,1593,1]
11-29 07:23:03.272 26176 26176 I sysui_multi_action: [757,113,758,1,759,113,927,1,928,1,1593,1]
11-29 07:23:03.272 26176 26176 I sysui_multi_action: [757,0,758,1,759,0,927,2,928,0,1593,1]
11-29 07:23:03.272 26176 26176 I sysui_multi_action: [757,0,758,1,759,0,927,3,928,0,1593,1]
11-29 07:23:03.272 26176 26176 I sysui_multi_action: [757,491,758,1,759,491,927,4,928,0,1311,-1,1593,0]
11-29 07:23:03.272 26176 26176 I sysui_multi_action: [757,0,758,1,759,0,927,5,928,0,1593,0]
11-29 07:23:03.272 26176 26176 I sysui_multi_action: [757,111,758,1]
11-29 07:23:03.273 26176 26176 I sysui_multi_action: [757,126,758,1,759,126,927,0,928,1,1593,1]
11-29 07:23:03.273 26176 26176 I sysui_multi_action: [757,113,758,1,759,113,927,1,928,1,1593,1]
11-29 07:23:03.273 26176 26176 I sysui_multi_action: [757,0,758,1,759,0,927,2,928,0,1593,1]
11-29 07:23:03.273 26176 26176 I sysui_multi_action: [757,0,758,1,759,0,927,3,928,0,1593,1]
11-29 07:23:03.286 1491 1760 I GameModeConfig: isGameModeOn = false
11-29 07:23:03.286 1491 1760 I GameModeConfig: isGameModeOn = false
11-29 07:23:03.286 1491 1760 I GameModeConfig: isGameModeOn = false
11-29 07:23:03.286 1491 1760 I GameModeConfig: isGameModeOn = false
11-29 07:23:03.287 1491 1760 I GameModeConfig: isGameModeOn = false
11-29 07:23:03.287 1491 1760 I GameModeConfig: isGameModeOn = false
11-29 07:23:03.288 26176 26176 I sysui_multi_action: [757,111,758,2]
11-29 07:23:03.288 26176 26176 I sysui_multi_action: [757,111,758,2]
11-29 07:23:03.288 1491 1491 I notification_enqueue: [10082,26176,com.android.systemui,2048,NULL,0,Notification(channel=updateNotification shortcut=null contentView=null vibrate=null sound=null defaults=0x0 flags=0x0 color=0x00000000 vis=PRIVATE),1]
11-29 07:23:03.290 26176 26176 I sysui_multi_action: [757,111,758,1]
11-29 07:23:03.290 26176 26176 I sysui_multi_action: [757,126,758,1,759,126,927,0,928,1,1593,1]
11-29 07:23:03.291 26176 26176 I sysui_multi_action: [757,113,758,1,759,113,927,1,928,1,1593,1]
11-29 07:23:03.291 26176 26176 I sysui_multi_action: [757,0,758,1,759,0,927,2,928,0,1593,1]
11-29 07:23:03.291 26176 26176 I sysui_multi_action: [757,0,758,1,759,0,927,3,928,0,1593,1]
11-29 07:23:03.291 26176 26176 I sysui_multi_action: [757,491,758,1,759,491,927,4,928,0,1311,-1,1593,0]
11-29 07:23:03.291 26176 26176 I sysui_multi_action: [757,0,758,1,759,0,927,5,928,0,1593,0]
11-29 07:23:03.291 26176 26176 I sysui_multi_action: [757,111,758,1]
11-29 07:23:03.291 26176 26176 I sysui_multi_action: [757,126,758,1,759,126,927,0,928,1,1593,1]
11-29 07:23:03.291 26176 26176 I sysui_multi_action: [757,113,758,1,759,113,927,1,928,1,1593,1]
11-29 07:23:03.291 26176 26176 I sysui_multi_action: [757,0,758,1,759,0,927,2,928,0,1593,1]
11-29 07:23:03.291 26176 26176 I sysui_multi_action: [757,0,758,1,759,0,927,3,928,0,1593,1]
11-29 07:23:03.302 1491 1760 I GameModeConfig: isGameModeOn = false
11-29 07:23:03.303 1491 1760 I GameModeConfig: isGameModeOn = false
11-29 07:23:03.303 1491 1760 I GameModeConfig: isGameModeOn = false
11-29 07:23:03.303 1491 1760 I GameModeConfig: isGameModeOn = false
11-29 07:23:03.303 1491 1760 I GameModeConfig: isGameModeOn = false
11-29 07:23:03.303 1491 1760 I GameModeConfig: isGameModeOn = false
11-29 07:23:03.304 26176 26176 I sysui_multi_action: [757,111,758,2]
11-29 07:23:03.304 26176 26176 I sysui_multi_action: [757,111,758,2]
11-29 07:23:03.304 1491 1491 I notification_enqueue: [10082,26176,com.android.systemui,2048,NULL,0,Notification(channel=updateNotification shortcut=null contentView=null vibrate=null sound=null defaults=0x0 flags=0x0 color=0x00000000 vis=PRIVATE),1]
11-29 07:23:03.307 26176 26176 I sysui_multi_action: [757,111,758,1]
11-29 07:23:03.307 26176 26176 I sysui_multi_action: [757,126,758,1,759,126,927,0,928,1,1593,1]
11-29 07:23:03.307 26176 26176 I sysui_multi_action: [757,113,758,1,759,113,927,1,928,1,1593,1]
11-29 07:23:03.307 26176 26176 I sysui_multi_action: [757,0,758,1,759,0,927,2,928,0,1593,1]
11-29 07:23:03.307 26176 26176 I sysui_multi_action: [757,0,758,1,759,0,927,3,928,0,1593,1]
11-29 07:23:03.307 26176 26176 I sysui_multi_action: [757,491,758,1,759,491,927,4,928,0,1311,-1,1593,0]
11-29 07:23:03.307 26176 26176 I sysui_multi_action: [757,0,758,1,759,0,927,5,928,0,1593,0]
11-29 07:23:03.307 26176 26176 I sysui_multi_action: [757,111,758,1]
11-29 07:23:03.307 26176 26176 I sysui_multi_action: [757,126,758,1,759,126,927,0,928,1,1593,1]
11-29 07:23:03.307 26176 26176 I sysui_multi_action: [757,113,758,1,759,113,927,1,928,1,1593,1]
11-29 07:23:03.308 26176 26176 I sysui_multi_action: [757,0,758,1,759,0,927,2,928,0,1593,1]
11-29 07:23:03.308 26176 26176 I sysui_multi_action: [757,0,758,1,759,0,927,3,928,0,1593,1]
11-29 07:23:03.319 1491 1760 I GameModeConfig: isGameModeOn = false
11-29 07:23:03.319 1491 1760 I GameModeConfig: isGameModeOn = false
11-29 07:23:03.319 1491 1760 I GameModeConfig: isGameModeOn = false
11-29 07:23:03.319 1491 1760 I GameModeConfig: isGameModeOn = false
11-29 07:23:03.320 1491 1760 I GameModeConfig: isGameModeOn = false
11-29 07:23:03.320 1491 1760 I GameModeConfig: isGameModeOn = false
11-29 07:23:03.321 26176 26176 I sysui_multi_action: [757,111,758,2]
11-29 07:23:03.321 26176 26176 I sysui_multi_action: [757,111,758,2]
11-29 07:23:03.322 1491 1491 I notification_enqueue: [10082,26176,com.android.systemui,2048,NULL,0,Notification(channel=updateNotification shortcut=null contentView=null vibrate=null sound=null defaults=0x0 flags=0x0 color=0x00000000 vis=PRIVATE),1]
11-29 07:23:03.324 26176 26176 I sysui_multi_action: [757,111,758,1]
11-29 07:23:03.324 26176 26176 I sysui_multi_action: [757,126,758,1,759,126,927,0,928,1,1593,1]
11-29 07:23:03.324 26176 26176 I sysui_multi_action: [757,113,758,1,759,113,927,1,928,1,1593,1]
11-29 07:23:03.324 26176 26176 I sysui_multi_action: [757,0,758,1,759,0,927,2,928,0,1593,1]
11-29 07:23:03.324 26176 26176 I sysui_multi_action: [757,0,758,1,759,0,927,3,928,0,1593,1]
11-29 07:23:03.324 26176 26176 I sysui_multi_action: [757,491,758,1,759,491,927,4,928,0,1311,-1,1593,0]
11-29 07:23:03.324 26176 26176 I sysui_multi_action: [757,0,758,1,759,0,927,5,928,0,1593,0]
11-29 07:23:03.324 26176 26176 I sysui_multi_action: [757,111,758,1]
11-29 07:23:03.324 26176 26176 I sysui_multi_action: [757,126,758,1,759,126,927,0,928,1,1593,1]
11-29 07:23:03.325 26176 26176 I sysui_multi_action: [757,113,758,1,759,113,927,1,928,1,1593,1]
11-29 07:23:03.325 26176 26176 I sysui_multi_action: [757,0,758,1,759,0,927,2,928,0,1593,1]
11-29 07:23:03.325 26176 26176 I sysui_multi_action: [757,0,758,1,759,0,927,3,928,0,1593,1]
11-29 07:23:03.326 1491 1491 I GameModeConfig: isGameModeOn = false
11-29 07:23:03.327 1491 1491 I sysui_multi_action: [757,1501,758,1,793,14940588,794,0,795,207,796,2048,806,com.android.systemui,857,updateNotification,858,3,947,0,1500,0,1688,1]
11-29 07:23:03.327 1491 1491 I sysui_multi_action: [757,804,799,note_interruptive,801,0,802,1]
11-29 07:23:03.327 1491 1491 I sysui_multi_action: [757,199,758,1,759,2,793,14940588,794,0,795,207,796,2048,806,com.android.systemui,857,updateNotification,858,3,947,0,1500,0,1688,1]
11-29 07:23:03.327 1491 1491 I notification_alert: [0|com.android.systemui|2048|null|10082,0,1,0]
11-29 07:23:03.328 1491 1491 W NotificationHistory: Attempted to add notif for locked/gone/disabled user 0
11-29 07:23:03.337 1491 1760 I GameModeConfig: isGameModeOn = false
11-29 07:23:03.337 1491 1760 I GameModeConfig: isGameModeOn = false
11-29 07:23:03.338 1491 1760 I GameModeConfig: isGameModeOn = false
11-29 07:23:03.338 1491 1760 I GameModeConfig: isGameModeOn = false
11-29 07:23:03.338 1491 1760 I GameModeConfig: isGameModeOn = false
11-29 07:23:03.338 1491 1760 I GameModeConfig: isGameModeOn = false
11-29 07:23:03.339 26176 26176 I sysui_multi_action: [757,111,758,2]
11-29 07:23:03.339 26176 26176 I sysui_multi_action: [757,111,758,2]
11-29 07:23:03.339 1491 1491 I notification_enqueue: [10082,26176,com.android.systemui,2048,NULL,0,Notification(channel=updateNotification shortcut=null contentView=null vibrate=null sound=null defaults=0x0 flags=0x0 color=0x00000000 vis=PRIVATE),1]
11-29 07:23:03.342 26176 26176 I sysui_multi_action: [757,111,758,1]
11-29 07:23:03.342 26176 26176 I sysui_multi_action: [757,126,758,1,759,126,927,0,928,1,1593,1]
11-29 07:23:03.342 26176 26176 I sysui_multi_action: [757,113,758,1,759,113,927,1,928,1,1593,1]
11-29 07:23:03.342 26176 26176 I sysui_multi_action: [757,0,758,1,759,0,927,2,928,0,1593,1]
11-29 07:23:03.342 26176 26176 I sysui_multi_action: [757,0,758,1,759,0,927,3,928,0,1593,1]
11-29 07:23:03.343 26176 26176 I sysui_multi_action: [757,491,758,1,759,491,927,4,928,0,1311,-1,1593,0]
11-29 07:23:03.343 26176 26176 I sysui_multi_action: [757,0,758,1,759,0,927,5,928,0,1593,0]
11-29 07:23:03.343 26176 26176 I sysui_multi_action: [757,111,758,1]
11-29 07:23:03.343 26176 26176 I sysui_multi_action: [757,126,758,1,759,126,927,0,928,1,1593,1]
11-29 07:23:03.343 26176 26176 I sysui_multi_action: [757,113,758,1,759,113,927,1,928,1,1593,1]
11-29 07:23:03.343 26176 26176 I sysui_multi_action: [757,0,758,1,759,0,927,2,928,0,1593,1]
11-29 07:23:03.343 26176 26176 I sysui_multi_action: [757,0,758,1,759,0,927,3,928,0,1593,1]
11-29 07:23:03.352 1491 1760 I GameModeConfig: isGameModeOn = false
11-29 07:23:03.353 1491 1760 I GameModeConfig: isGameModeOn = false
11-29 07:23:03.353 1491 1760 I GameModeConfig: isGameModeOn = false
11-29 07:23:03.354 1491 1760 I GameModeConfig: isGameModeOn = false
11-29 07:23:03.354 1491 1760 I GameModeConfig: isGameModeOn = false
11-29 07:23:03.354 1491 1760 I GameModeConfig: isGameModeOn = false
11-29 07:23:03.355 26176 26176 I sysui_multi_action: [757,111,758,2]
11-29 07:23:03.355 26176 26176 I sysui_multi_action: [757,111,758,2]
11-29 07:23:03.355 1491 1491 I notification_enqueue: [10082,26176,com.android.systemui,2048,NULL,0,Notification(channel=updateNotification shortcut=null contentView=null vibrate=null sound=null defaults=0x0 flags=0x0 color=0x00000000 vis=PRIVATE),1]
11-29 07:23:03.356 1491 1491 I GameModeConfig: isGameModeOn = false
11-29 07:23:03.356 1491 1491 E NotificationService: Muting recently noisy 0|com.android.systemui|2048|null|10082
11-29 07:23:03.358 26176 26176 I sysui_multi_action: [757,111,758,1]
11-29 07:23:03.358 26176 26176 I sysui_multi_action: [757,126,758,1,759,126,927,0,928,1,1593,1]
11-29 07:23:03.358 26176 26176 I sysui_multi_action: [757,113,758,1,759,113,927,1,928,1,1593,1]
11-29 07:23:03.359 26176 26176 I sysui_multi_action: [757,0,758,1,759,0,927,2,928,0,1593,1]
11-29 07:23:03.359 26176 26176 I sysui_multi_action: [757,0,758,1,759,0,927,3,928,0,1593,1]
11-29 07:23:03.359 26176 26176 I sysui_multi_action: [757,491,758,1,759,491,927,4,928,0,1311,-1,1593,0]
11-29 07:23:03.359 26176 26176 I sysui_multi_action: [757,0,758,1,759,0,927,5,928,0,1593,0]
11-29 07:23:03.359 26176 26176 I sysui_multi_action: [757,111,758,1]
11-29 07:23:03.359 26176 26176 I sysui_multi_action: [757,126,758,1,759,126,927,0,928,1,1593,1]
11-29 07:23:03.359 26176 26176 I sysui_multi_action: [757,113,758,1,759,113,927,1,928,1,1593,1]
11-29 07:23:03.359 26176 26176 I sysui_multi_action: [757,0,758,1,759,0,927,2,928,0,1593,1]
11-29 07:23:03.359 26176 26176 I sysui_multi_action: [757,0,758,1,759,0,927,3,928,0,1593,1]
11-29 07:23:03.369 1491 1760 I GameModeConfig: isGameModeOn = false
11-29 07:23:03.370 1491 1760 I GameModeConfig: isGameModeOn = false
11-29 07:23:03.370 1491 1760 I GameModeConfig: isGameModeOn = false
11-29 07:23:03.370 1491 1760 I GameModeConfig: isGameModeOn = false
11-29 07:23:03.370 1491 1760 I GameModeConfig: isGameModeOn = false
11-29 07:23:03.370 1491 1760 I GameModeConfig: isGameModeOn = false
11-29 07:23:03.371 26176 26176 I sysui_multi_action: [757,111,758,2]
11-29 07:23:03.371 26176 26176 I sysui_multi_action: [757,111,758,2]
11-29 07:23:03.371 1491 1491 I notification_enqueue: [10082,26176,com.android.systemui,2048,NULL,0,Notification(channel=updateNotification shortcut=null contentView=null vibrate=null sound=null defaults=0x0 flags=0x0 color=0x00000000 vis=PRIVATE),1]
11-29 07:23:03.373 26176 26176 I sysui_multi_action: [757,111,758,1]
11-29 07:23:03.373 26176 26176 I sysui_multi_action: [757,126,758,1,759,126,927,0,928,1,1593,1]
11-29 07:23:03.373 26176 26176 I sysui_multi_action: [757,113,758,1,759,113,927,1,928,1,1593,1]
11-29 07:23:03.373 26176 26176 I sysui_multi_action: [757,0,758,1,759,0,927,2,928,0,1593,1]
11-29 07:23:03.373 26176 26176 I sysui_multi_action: [757,0,758,1,759,0,927,3,928,0,1593,1]
11-29 07:23:03.374 26176 26176 I sysui_multi_action: [757,491,758,1,759,491,927,4,928,0,1311,-1,1593,0]
11-29 07:23:03.374 26176 26176 I sysui_multi_action: [757,0,758,1,759,0,927,5,928,0,1593,0]
11-29 07:23:03.374 26176 26176 I sysui_multi_action: [757,111,758,1]
11-29 07:23:03.374 26176 26176 I sysui_multi_action: [757,126,758,1,759,126,927,0,928,1,1593,1]
11-29 07:23:03.374 26176 26176 I sysui_multi_action: [757,113,758,1,759,113,927,1,928,1,1593,1]
11-29 07:23:03.374 26176 26176 I sysui_multi_action: [757,0,758,1,759,0,927,2,928,0,1593,1]
11-29 07:23:03.374 26176 26176 I sysui_multi_action: [757,0,758,1,759,0,927,3,928,0,1593,1]
11-29 07:23:03.378 1491 1491 I GameModeConfig: isGameModeOn = false
11-29 07:23:03.378 1491 1491 E NotificationService: Muting recently noisy 0|com.android.systemui|2048|null|10082
11-29 07:23:03.386 1491 1760 I GameModeConfig: isGameModeOn = false
11-29 07:23:03.386 1491 1760 I GameModeConfig: isGameModeOn = false
11-29 07:23:03.386 1491 1760 I GameModeConfig: isGameModeOn = false
11-29 07:23:03.386 1491 1760 I GameModeConfig: isGameModeOn = false
11-29 07:23:03.386 1491 1760 I GameModeConfig: isGameModeOn = false
11-29 07:23:03.387 1491 1760 I GameModeConfig: isGameModeOn = false
11-29 07:23:03.387 26176 26176 I sysui_multi_action: [757,111,758,2]
11-29 07:23:03.387 26176 26176 I sysui_multi_action: [757,111,758,2]
11-29 07:23:03.387 1491 1491 I notification_enqueue: [10082,26176,com.android.systemui,2048,NULL,0,Notification(channel=updateNotification shortcut=null contentView=null vibrate=null sound=null defaults=0x0 flags=0x0 color=0x00000000 vis=PRIVATE),1]
11-29 07:23:03.390 26176 26176 I sysui_multi_action: [757,111,758,1]
11-29 07:23:03.390 26176 26176 I sysui_multi_action: [757,126,758,1,759,126,927,0,928,1,1593,1]
11-29 07:23:03.390 26176 26176 I sysui_multi_action: [757,113,758,1,759,113,927,1,928,1,1593,1]
11-29 07:23:03.390 26176 26176 I sysui_multi_action: [757,0,758,1,759,0,927,2,928,0,1593,1]
11-29 07:23:03.390 26176 26176 I sysui_multi_action: [757,0,758,1,759,0,927,3,928,0,1593,1]
11-29 07:23:03.390 26176 26176 I sysui_multi_action: [757,491,758,1,759,491,927,4,928,0,1311,-1,1593,0]
11-29 07:23:03.390 26176 26176 I sysui_multi_action: [757,0,758,1,759,0,927,5,928,0,1593,0]
11-29 07:23:03.390 26176 26176 I sysui_multi_action: [757,111,758,1]
11-29 07:23:03.390 26176 26176 I sysui_multi_action: [757,126,758,1,759,126,927,0,928,1,1593,1]
11-29 07:23:03.390 26176 26176 I sysui_multi_action: [757,113,758,1,759,113,927,1,928,1,1593,1]
11-29 07:23:03.390 26176 26176 I sysui_multi_action: [757,0,758,1,759,0,927,2,928,0,1593,1]
11-29 07:23:03.390 26176 26176 I sysui_multi_action: [757,0,758,1,759,0,927,3,928,0,1593,1]
11-29 07:23:03.394 1491 1491 I GameModeConfig: isGameModeOn = false
11-29 07:23:03.394 1491 1491 E NotificationService: Muting recently noisy 0|com.android.systemui|2048|null|10082
11-29 07:23:03.403 1491 1760 I GameModeConfig: isGameModeOn = false
11-29 07:23:03.403 1491 1760 I GameModeConfig: isGameModeOn = false
11-29 07:23:03.403 1491 1760 I GameModeConfig: isGameModeOn = false
11-29 07:23:03.403 1491 1760 I GameModeConfig: isGameModeOn = false
11-29 07:23:03.403 1491 1760 I GameModeConfig: isGameModeOn = false
11-29 07:23:03.404 1491 1760 I GameModeConfig: isGameModeOn = false
11-29 07:23:03.404 26176 26176 I sysui_multi_action: [757,111,758,2]
11-29 07:23:03.404 26176 26176 I sysui_multi_action: [757,111,758,2]
11-29 07:23:03.405 1491 1491 I notification_enqueue: [10082,26176,com.android.systemui,2048,NULL,0,Notification(channel=updateNotification shortcut=null contentView=null vibrate=null sound=null defaults=0x0 flags=0x0 color=0x00000000 vis=PRIVATE),1]
11-29 07:23:03.407 26176 26176 I sysui_multi_action: [757,111,758,1]
11-29 07:23:03.407 26176 26176 I sysui_multi_action: [757,126,758,1,759,126,927,0,928,1,1593,1]
11-29 07:23:03.408 26176 26176 I sysui_multi_action: [757,113,758,1,759,113,927,1,928,1,1593,1]
11-29 07:23:03.408 26176 26176 I sysui_multi_action: [757,0,758,1,759,0,927,2,928,0,1593,1]
11-29 07:23:03.408 26176 26176 I sysui_multi_action: [757,0,758,1,759,0,927,3,928,0,1593,1]
11-29 07:23:03.408 1491 1491 I GameModeConfig: isGameModeOn = false
11-29 07:23:03.408 26176 26176 I sysui_multi_action: [757,491,758,1,759,491,927,4,928,0,1311,-1,1593,0]
11-29 07:23:03.408 26176 26176 I sysui_multi_action: [757,0,758,1,759,0,927,5,928,0,1593,0]
11-29 07:23:03.408 26176 26176 I sysui_multi_action: [757,111,758,1]
11-29 07:23:03.408 26176 26176 I sysui_multi_action: [757,126,758,1,759,126,927,0,928,1,1593,1]
11-29 07:23:03.408 26176 26176 I sysui_multi_action: [757,113,758,1,759,113,927,1,928,1,1593,1]
11-29 07:23:03.408 1491 1491 E NotificationService: Muting recently noisy 0|com.android.systemui|2048|null|10082
11-29 07:23:03.408 26176 26176 I sysui_multi_action: [757,0,758,1,759,0,927,2,928,0,1593,1]
11-29 07:23:03.408 26176 26176 I sysui_multi_action: [757,0,758,1,759,0,927,3,928,0,1593,1]
11-29 07:23:03.419 1491 1760 I GameModeConfig: isGameModeOn = false
11-29 07:23:03.420 1491 1760 I GameModeConfig: isGameModeOn = false
11-29 07:23:03.420 1491 1760 I GameModeConfig: isGameModeOn = false
11-29 07:23:03.420 1491 1760 I GameModeConfig: isGameModeOn = false
11-29 07:23:03.420 1491 1760 I GameModeConfig: isGameModeOn = false
11-29 07:23:03.420 1491 1760 I GameModeConfig: isGameModeOn = false
11-29 07:23:03.421 26176 26176 I sysui_multi_action: [757,111,758,2]
11-29 07:23:03.421 26176 26176 I sysui_multi_action: [757,111,758,2]
11-29 07:23:03.422 1491 1491 I GameModeConfig: isGameModeOn = false
11-29 07:23:03.423 1491 1491 E NotificationService: Muting recently noisy 0|com.android.systemui|2048|null|10082
11-29 07:23:03.423 26176 26176 I sysui_multi_action: [757,111,758,1]
11-29 07:23:03.423 26176 26176 I sysui_multi_action: [757,126,758,1,759,126,927,0,928,1,1593,1]
11-29 07:23:03.423 26176 26176 I sysui_multi_action: [757,113,758,1,759,113,927,1,928,1,1593,1]
11-29 07:23:03.423 26176 26176 I sysui_multi_action: [757,0,758,1,759,0,927,2,928,0,1593,0]
11-29 07:23:03.423 26176 26176 I sysui_multi_action: [757,0,758,1,759,0,927,3,928,0,1593,0]
11-29 07:23:03.424 1491 1491 I notification_enqueue: [10082,26176,com.android.systemui,2048,NULL,0,Notification(channel=updateNotification shortcut=null contentView=null vibrate=null sound=null defaults=0x0 flags=0x0 color=0x00000000 vis=PRIVATE),1]
11-29 07:23:03.424 26176 26176 I sysui_multi_action: [757,491,758,1,759,491,927,4,928,0,1311,-1,1593,0]
11-29 07:23:03.424 26176 26176 I sysui_multi_action: [757,0,758,1,759,0,927,5,928,0,1593,0]
11-29 07:23:03.424 26176 26176 I sysui_multi_action: [757,111,758,1]
11-29 07:23:03.424 26176 26176 I sysui_multi_action: [757,126,758,1,759,126,927,0,928,1,1593,1]
11-29 07:23:03.424 26176 26176 I sysui_multi_action: [757,113,758,1,759,113,927,1,928,1,1593,1]
11-29 07:23:03.424 26176 26176 I sysui_multi_action: [757,0,758,1,759,0,927,2,928,0,1593,1]
11-29 07:23:03.424 26176 26176 I sysui_multi_action: [757,0,758,1,759,0,927,3,928,0,1593,1]
11-29 07:23:03.436 1491 1760 I GameModeConfig: isGameModeOn = false
11-29 07:23:03.436 1491 1760 I GameModeConfig: isGameModeOn = false
11-29 07:23:03.436 1491 1760 I GameModeConfig: isGameModeOn = false
11-29 07:23:03.436 1491 1760 I GameModeConfig: isGameModeOn = false
11-29 07:23:03.436 1491 1760 I GameModeConfig: isGameModeOn = false
11-29 07:23:03.436 1491 1760 I GameModeConfig: isGameModeOn = false
11-29 07:23:03.437 26176 26176 I sysui_multi_action: [757,111,758,2]
11-29 07:23:03.437 1491 1491 I notification_enqueue: [10082,26176,com.android.systemui,2048,NULL,0,Notification(channel=updateNotification shortcut=null contentView=null vibrate=null sound=null defaults=0x0 flags=0x0 color=0x00000000 vis=PRIVATE),1]
11-29 07:23:03.437 26176 26176 I sysui_multi_action: [757,111,758,2]
11-29 07:23:03.439 26176 26176 I sysui_multi_action: [757,111,758,1]
11-29 07:23:03.439 1491 1491 I GameModeConfig: isGameModeOn = false
11-29 07:23:03.439 26176 26176 I sysui_multi_action: [757,126,758,1,759,126,927,0,928,1,1593,1]
11-29 07:23:03.439 26176 26176 I sysui_multi_action: [757,113,758,1,759,113,927,1,928,1,1593,1]
11-29 07:23:03.440 26176 26176 I sysui_multi_action: [757,0,758,1,759,0,927,2,928,0,1593,1]
11-29 07:23:03.440 26176 26176 I sysui_multi_action: [757,0,758,1,759,0,927,3,928,0,1593,1]
11-29 07:23:03.440 26176 26176 I sysui_multi_action: [757,491,758,1,759,491,927,4,928,0,1311,-1,1593,0]
11-29 07:23:03.440 1491 1491 E NotificationService: Muting recently noisy 0|com.android.systemui|2048|null|10082
11-29 07:23:03.440 26176 26176 I sysui_multi_action: [757,0,758,1,759,0,927,5,928,0,1593,0]
11-29 07:23:03.440 26176 26176 I sysui_multi_action: [757,111,758,1]
11-29 07:23:03.440 26176 26176 I sysui_multi_action: [757,126,758,1,759,126,927,0,928,1,1593,1]
11-29 07:23:03.440 26176 26176 I sysui_multi_action: [757,113,758,1,759,113,927,1,928,1,1593,1]
11-29 07:23:03.440 26176 26176 I sysui_multi_action: [757,0,758,1,759,0,927,2,928,0,1593,1]
11-29 07:23:03.440 26176 26176 I sysui_multi_action: [757,0,758,1,759,0,927,3,928,0,1593,1]
11-29 07:23:03.452 1491 1760 I GameModeConfig: isGameModeOn = false
11-29 07:23:03.453 1491 1760 I GameModeConfig: isGameModeOn = false
11-29 07:23:03.453 1491 1760 I GameModeConfig: isGameModeOn = false
11-29 07:23:03.453 1491 1760 I GameModeConfig: isGameModeOn = false
11-29 07:23:03.453 1491 1760 I GameModeConfig: isGameModeOn = false
11-29 07:23:03.453 1491 1760 I GameModeConfig: isGameModeOn = false
11-29 07:23:03.454 26176 26176 I sysui_multi_action: [757,111,758,2]
11-29 07:23:03.454 26176 26176 I sysui_multi_action: [757,111,758,2]
11-29 07:23:03.454 1491 1491 I notification_enqueue: [10082,26176,com.android.systemui,2048,NULL,0,Notification(channel=updateNotification shortcut=null contentView=null vibrate=null sound=null defaults=0x0 flags=0x0 color=0x00000000 vis=PRIVATE),1]
11-29 07:23:03.455 1491 1491 I GameModeConfig: isGameModeOn = false
11-29 07:23:03.455 1491 1491 E NotificationService: Muting recently noisy 0|com.android.systemui|2048|null|10082
11-29 07:23:03.464 26176 26176 I sysui_multi_action: [757,111,758,1]
11-29 07:23:03.464 26176 26176 I sysui_multi_action: [757,126,758,1,759,126,927,0,928,1,1593,1]
11-29 07:23:03.464 26176 26176 I sysui_multi_action: [757,113,758,1,759,113,927,1,928,1,1593,1]
11-29 07:23:03.464 26176 26176 I sysui_multi_action: [757,0,758,1,759,0,927,2,928,0,1593,1]
11-29 07:23:03.464 26176 26176 I sysui_multi_action: [757,0,758,1,759,0,927,3,928,0,1593,1]
11-29 07:23:03.464 26176 26176 I sysui_multi_action: [757,491,758,1,759,491,927,4,928,0,1311,-1,1593,0]
11-29 07:23:03.464 26176 26176 I sysui_multi_action: [757,0,758,1,759,0,927,5,928,0,1593,0]
11-29 07:23:03.464 26176 26176 I sysui_multi_action: [757,111,758,1]
11-29 07:23:03.464 26176 26176 I sysui_multi_action: [757,126,758,1,759,126,927,0,928,1,1593,1]
11-29 07:23:03.464 26176 26176 I sysui_multi_action: [757,113,758,1,759,113,927,1,928,1,1593,1]
11-29 07:23:03.464 26176 26176 I sysui_multi_action: [757,0,758,1,759,0,927,2,928,0,1593,1]
11-29 07:23:03.465 26176 26176 I sysui_multi_action: [757,0,758,1,759,0,927,3,928,0,1593,1]
11-29 07:23:03.472 1491 1491 I GameModeConfig: isGameModeOn = false
11-29 07:23:03.472 1491 1491 E NotificationService: Muting recently noisy 0|com.android.systemui|2048|null|10082
11-29 07:23:03.473 1491 1760 I GameModeConfig: isGameModeOn = false
11-29 07:23:03.473 1491 1760 I GameModeConfig: isGameModeOn = false
11-29 07:23:03.473 1491 1760 I GameModeConfig: isGameModeOn = false
11-29 07:23:03.477 1491 1760 I GameModeConfig: isGameModeOn = false
11-29 07:23:03.477 1491 1760 I GameModeConfig: isGameModeOn = false
11-29 07:23:03.477 1491 1760 I GameModeConfig: isGameModeOn = false
11-29 07:23:03.478 26176 26176 I sysui_multi_action: [757,111,758,2]
11-29 07:23:03.478 1491 1491 I notification_enqueue: [10082,26176,com.android.systemui,2048,NULL,0,Notification(channel=updateNotification shortcut=null contentView=null vibrate=null sound=null defaults=0x0 flags=0x0 color=0x00000000 vis=PRIVATE),1]
11-29 07:23:03.478 26176 26176 I sysui_multi_action: [757,111,758,2]
11-29 07:23:03.490 1491 1491 I GameModeConfig: isGameModeOn = false
11-29 07:23:03.490 26176 26176 I sysui_multi_action: [757,111,758,1]
11-29 07:23:03.490 26176 26176 I sysui_multi_action: [757,126,758,1,759,126,927,0,928,1,1593,1]
11-29 07:23:03.490 26176 26176 I sysui_multi_action: [757,113,758,1,759,113,927,1,928,1,1593,1]
11-29 07:23:03.490 26176 26176 I sysui_multi_action: [757,0,758,1,759,0,927,2,928,0,1593,1]
11-29 07:23:03.491 26176 26176 I sysui_multi_action: [757,0,758,1,759,0,927,3,928,0,1593,1]
11-29 07:23:03.491 1491 1491 E NotificationService: Muting recently noisy 0|com.android.systemui|2048|null|10082
11-29 07:23:03.491 26176 26176 I sysui_multi_action: [757,491,758,1,759,491,927,4,928,0,1311,-1,1593,0]
11-29 07:23:03.491 26176 26176 I sysui_multi_action: [757,0,758,1,759,0,927,5,928,0,1593,0]
11-29 07:23:03.491 26176 26176 I sysui_multi_action: [757,111,758,1]
11-29 07:23:03.491 26176 26176 I sysui_multi_action: [757,126,758,1,759,126,927,0,928,1,1593,1]
11-29 07:23:03.491 26176 26176 I sysui_multi_action: [757,113,758,1,759,113,927,1,928,1,1593,1]
11-29 07:23:03.491 26176 26176 I sysui_multi_action: [757,0,758,1,759,0,927,2,928,0,1593,1]
11-29 07:23:03.491 26176 26176 I sysui_multi_action: [757,0,758,1,759,0,927,3,928,0,1593,1]
11-29 07:23:03.506 1491 1491 I GameModeConfig: isGameModeOn = false
11-29 07:23:03.506 1491 1491 E NotificationService: Muting recently noisy 0|com.android.systemui|2048|null|10082
11-29 07:23:03.523 1491 1491 I GameModeConfig: isGameModeOn = false
11-29 07:23:03.523 1491 1491 E NotificationService: Muting recently noisy 0|com.android.systemui|2048|null|10082
11-29 07:23:03.540 1491 1491 I GameModeConfig: isGameModeOn = false
11-29 07:23:03.540 1491 1491 E NotificationService: Muting recently noisy 0|com.android.systemui|2048|null|10082
11-29 07:23:03.556 1491 1491 I GameModeConfig: isGameModeOn = false
11-29 07:23:03.557 1491 1491 E NotificationService: Muting recently noisy 0|com.android.systemui|2048|null|10082
11-29 07:23:03.574 1491 1491 I GameModeConfig: isGameModeOn = false
11-29 07:23:03.574 1491 1491 E NotificationService: Muting recently noisy 0|com.android.systemui|2048|null|10082
11-29 07:23:03.589 1491 1491 I GameModeConfig: isGameModeOn = false
11-29 07:23:03.589 1491 1491 E NotificationService: Muting recently noisy 0|com.android.systemui|2048|null|10082
11-29 07:23:03.606 1491 1491 I GameModeConfig: isGameModeOn = false
11-29 07:23:03.606 1491 1491 E NotificationService: Muting recently noisy 0|com.android.systemui|2048|null|10082
11-29 07:23:03.626 1491 1491 I GameModeConfig: isGameModeOn = false
11-29 07:23:03.626 1491 1491 E NotificationService: Muting recently noisy 0|com.android.systemui|2048|null|10082
11-29 07:23:03.642 1491 1491 I GameModeConfig: isGameModeOn = false
11-29 07:23:03.642 1491 1491 E NotificationService: Muting recently noisy 0|com.android.systemui|2048|null|10082
11-29 07:23:03.652 1491 1760 I GameModeConfig: isGameModeOn = false
11-29 07:23:03.655 1491 1491 I GameModeConfig: isGameModeOn = false
11-29 07:23:03.655 1491 1491 E NotificationService: Muting recently noisy 0|com.android.systemui|2048|null|10082
11-29 07:23:03.681 1491 1491 I GameModeConfig: isGameModeOn = false
11-29 07:23:03.681 1491 1491 E NotificationService: Muting recently noisy 0|com.android.systemui|2048|null|10082
11-29 07:23:03.864 1491 1693 I input_interaction: Interaction with: 8723ef8 com.android.music/com.android.music.MusicBrowserActivity (server), edge-swipe (server), swipe-up (server), PointerEventDispatcher0 (server),
11-29 07:23:03.889 1491 5277 I wm_task_moved: [32,0,0]
11-29 07:23:03.889 1491 5277 I wm_task_moved: [32,0,8]
11-29 07:23:03.906 9956 9956 I wm_on_restart_called: [254362067,com.android.launcher3.uioverrides.QuickstepLauncher,performRestartActivity]
11-29 07:23:03.915 16043 16059 W ContextImpl: Calling a method in the system process without a qualified user: android.app.ContextImpl.startService:1816 android.content.ContextWrapper.startService:774 com.thundercomm.gamemode.ingame.services.GameModeActionUtils.startGameModeService:93 com.thundercomm.gamemode.ingame.services.GameModeActionUtils.startGameModeEntry:21 com.thundercomm.gamemode.ingame.services.ActivityMonitoringService$1.onActivityLaunch:127
11-29 07:23:03.922 1491 1491 I GameModeConfig: Current uri is uri = content://com.thundercomm.gamemode.api/gamemode_settings/gamemode_isgaming
11-29 07:23:03.926 1491 1491 I GameModeConfig: isGameModeOn = false
11-29 07:23:03.926 1491 1491 I GameModeConfig: isGameModeOn = false
11-29 07:23:03.926 1491 1491 I GameModeConfig: isDisableVoice = true
11-29 07:23:03.933 9956 9956 I wm_on_start_called: [254362067,com.android.launcher3.uioverrides.QuickstepLauncher,handleStartActivity]
11-29 07:23:03.946 1491 7658 W ActivityTaskManager: getTaskSnapshot: taskId=2180 not found
11-29 07:23:03.947 1491 7658 W ActivityTaskManager: getTaskSnapshot: taskId=1180 not found
11-29 07:23:03.956 20697 20697 I view_enqueue_input_event: [Motion - Cancel,com.android.music/com.android.music.MusicBrowserActivity]
11-29 07:23:03.958 9956 9956 I sysui_latency: [1,83]
11-29 07:23:03.959 1491 1693 I input_interaction: Interaction with: edge-swipe (server), swipe-up (server), PointerEventDispatcher0 (server),
11-29 07:23:03.961 1491 1596 I sysui_multi_action: [319,7,322,62,325,14962,757,761,758,9,759,5,806,com.android.launcher3,871,com.android.launcher3.uioverrides.QuickstepLauncher,905,0,1320,8,1321,5]
11-29 07:23:03.964 1491 7658 W ActivityTaskManager: getTaskSnapshot: taskId=1180 not found
11-29 07:23:03.965 1491 7658 W ActivityTaskManager: getTaskSnapshot: taskId=2180 not found
11-29 07:23:03.965 1491 1600 I input_focus: [Focus request recents_animation_input_consumer,reason=UpdateInputWindows]
11-29 07:23:03.968 1491 1491 I service_manager_stats: [100,85,60905]
11-29 07:23:03.975 1491 8592 W ActivityTaskManager: getTaskSnapshot: taskId=2180 not found
11-29 07:23:03.975 1491 7658 W ActivityTaskManager: getTaskSnapshot: taskId=1180 not found
11-29 07:23:03.993 1491 1693 I input_focus: [Focus leaving 8723ef8 com.android.music/com.android.music.MusicBrowserActivity (server),reason=NOT_FOCUSABLE]
11-29 07:23:03.993 1491 1693 I input_focus: [Focus entering recents_animation_input_consumer (server),reason=setFocusedWindow]
11-29 07:23:04.079 0 0 I auditd : type=1400 audit(0.0:16914): avc: denied { kill } for comm="swapper/0" capability=5 scontext=u:r:kernel:s0 tcontext=u:r:kernel:s0 tclass=capability permissive=0
11-29 07:23:04.137 1491 1673 I commit_sys_config_file: [settings-1-0,6]
11-29 07:23:04.254 1491 1607 I sysui_latency: [8,81]
11-29 07:23:04.597 1491 1693 I input_interaction: Interaction with: 9c017c5 StatusBar (server), edge-swipe (server), swipe-up (server), PointerEventDispatcher0 (server),
11-29 07:23:04.604 26176 26176 I sysui_multi_action: [757,803,799,panel_open,802,1]
11-29 07:23:04.606 26176 26176 I sysui_multi_action: [757,1328,758,4,1326,59,1327,0,1329,0]
11-29 07:23:04.624 1491 2923 I sysui_multi_action: [757,127,758,1]
11-29 07:23:04.624 1491 2923 I sysui_multi_action: [757,804,799,note_load,801,2,802,1]
11-29 07:23:04.624 1491 2923 I notification_panel_revealed: 2
11-29 07:23:04.627 26176 26176 I sysui_multi_action: [757,111,758,2]
11-29 07:23:04.627 1491 1491 I notification_enqueue: [10082,26176,com.android.systemui,2048,NULL,0,Notification(channel=updateNotification shortcut=null contentView=null vibrate=null sound=null defaults=0x0 flags=0x0 color=0x00000000 vis=PRIVATE),1]
11-29 07:23:04.627 26176 26176 I sysui_multi_action: [757,111,758,2]
11-29 07:23:04.630 1491 1760 I GameModeConfig: isGameModeOn = false
11-29 07:23:04.632 1491 1760 I GameModeConfig: isGameModeOn = false
11-29 07:23:04.632 1491 1760 I GameModeConfig: isGameModeOn = false
11-29 07:23:04.632 1491 1760 I GameModeConfig: isGameModeOn = false
11-29 07:23:04.634 1491 1760 I GameModeConfig: isGameModeOn = false
11-29 07:23:04.634 1491 1760 I GameModeConfig: isGameModeOn = false
11-29 07:23:04.651 1491 1600 I input_focus: [Focus request 267c110 NotificationShade,reason=UpdateInputWindows]
11-29 07:23:04.651 26176 26176 I sysui_multi_action: [757,111,758,1]
11-29 07:23:04.651 26176 26176 I sysui_multi_action: [757,126,758,1,759,126,927,0,928,1,1593,0]
11-29 07:23:04.651 26176 26176 I sysui_multi_action: [757,113,758,1,759,113,927,1,928,1,1593,0]
11-29 07:23:04.652 26176 26176 I sysui_multi_action: [757,0,758,1,759,0,927,2,928,0,1593,0]
11-29 07:23:04.652 26176 26176 I sysui_multi_action: [757,0,758,1,759,0,927,3,928,0,1593,0]
11-29 07:23:04.652 26176 26176 I sysui_multi_action: [757,491,758,1,759,491,927,4,928,0,1311,-1,1593,0]
11-29 07:23:04.652 26176 26176 I sysui_multi_action: [757,0,758,1,759,0,927,5,928,0,1593,0]
11-29 07:23:04.652 26176 26176 I sysui_multi_action: [757,111,758,1]
11-29 07:23:04.652 26176 26176 I sysui_multi_action: [757,126,758,1,759,126,927,0,928,1,1593,0]
11-29 07:23:04.653 26176 26176 I sysui_multi_action: [757,113,758,1,759,113,927,1,928,1,1593,0]
11-29 07:23:04.653 26176 26176 I sysui_multi_action: [757,0,758,1,759,0,927,2,928,0,1593,0]
11-29 07:23:04.653 26176 26176 I sysui_multi_action: [757,0,758,1,759,0,927,3,928,0,1593,0]
11-29 07:23:04.663 1491 1760 I GameModeConfig: isGameModeOn = false
11-29 07:23:04.663 1491 1760 I GameModeConfig: isGameModeOn = false
11-29 07:23:04.663 1491 1760 I GameModeConfig: isGameModeOn = false
11-29 07:23:04.663 1491 1760 I GameModeConfig: isGameModeOn = false
11-29 07:23:04.663 1491 1760 I GameModeConfig: isGameModeOn = false
11-29 07:23:04.663 1491 1760 I GameModeConfig: isGameModeOn = false
11-29 07:23:04.664 1491 1491 I notification_enqueue: [10082,26176,com.android.systemui,2048,NULL,0,Notification(channel=updateNotification shortcut=null contentView=null vibrate=null sound=null defaults=0x0 flags=0x0 color=0x00000000 vis=PRIVATE),1]
11-29 07:23:04.665 26176 26176 I sysui_multi_action: [757,111,758,2]
11-29 07:23:04.665 26176 26176 I sysui_multi_action: [757,111,758,2]
11-29 07:23:04.668 26176 26176 I sysui_multi_action: [757,111,758,1]
11-29 07:23:04.669 26176 26176 I sysui_multi_action: [757,126,758,1,759,126,927,0,928,1,1593,0]
11-29 07:23:04.669 26176 26176 I sysui_multi_action: [757,113,758,1,759,113,927,1,928,1,1593,0]
11-29 07:23:04.669 26176 26176 I sysui_multi_action: [757,0,758,1,759,0,927,2,928,0,1593,0]
11-29 07:23:04.669 26176 26176 I sysui_multi_action: [757,0,758,1,759,0,927,3,928,0,1593,0]
11-29 07:23:04.669 26176 26176 I sysui_multi_action: [757,491,758,1,759,491,927,4,928,0,1311,-1,1593,0]
