11-29 07:03:45.491 1491 1491 E NotificationService: Muting recently noisy 0|com.android.systemui|2048|null|10082
11-29 07:03:45.505 1491 1760 I GameModeConfig: isGameModeOn = false
11-29 07:03:45.505 1491 1760 I GameModeConfig: isGameModeOn = false
11-29 07:03:45.505 1491 1760 I GameModeConfig: isGameModeOn = false
11-29 07:03:45.505 1491 1760 I GameModeConfig: isGameModeOn = false
11-29 07:03:45.507 1491 1491 I GameModeConfig: isGameModeOn = false
11-29 07:03:45.507 1491 1491 E NotificationService: Muting recently noisy 0|com.android.systemui|2048|null|10082
11-29 07:03:45.521 1491 1760 I GameModeConfig: isGameModeOn = false
11-29 07:03:45.522 1491 1760 I GameModeConfig: isGameModeOn = false
11-29 07:03:45.522 1491 1760 I GameModeConfig: isGameModeOn = false
11-29 07:03:45.522 1491 1760 I GameModeConfig: isGameModeOn = false
11-29 07:03:45.525 1491 1491 I GameModeConfig: isGameModeOn = false
11-29 07:03:45.525 1491 1491 E NotificationService: Muting recently noisy 0|com.android.systemui|2048|null|10082
11-29 07:03:45.538 1491 1760 I GameModeConfig: isGameModeOn = false
11-29 07:03:45.539 1491 1760 I GameModeConfig: isGameModeOn = false
11-29 07:03:45.539 1491 1760 I GameModeConfig: isGameModeOn = false
11-29 07:03:45.539 1491 1760 I GameModeConfig: isGameModeOn = false
11-29 07:03:45.542 1491 1491 I GameModeConfig: isGameModeOn = false
11-29 07:03:45.543 1491 1491 E NotificationService: Muting recently noisy 0|com.android.systemui|2048|null|10082
11-29 07:03:45.556 1491 1760 I GameModeConfig: isGameModeOn = false
11-29 07:03:45.556 1491 1760 I GameModeConfig: isGameModeOn = false
11-29 07:03:45.556 1491 1760 I GameModeConfig: isGameModeOn = false
11-29 07:03:45.556 1491 1760 I GameModeConfig: isGameModeOn = false
11-29 07:03:45.558 1491 1491 I GameModeConfig: isGameModeOn = false
11-29 07:03:45.558 1491 1491 E NotificationService: Muting recently noisy 0|com.android.systemui|2048|null|10082
11-29 07:03:45.575 1491 1491 I GameModeConfig: isGameModeOn = false
11-29 07:03:45.575 1491 1491 E NotificationService: Muting recently noisy 0|com.android.systemui|2048|null|10082
11-29 07:03:45.591 1491 1491 I GameModeConfig: isGameModeOn = false
11-29 07:03:45.592 1491 1491 E NotificationService: Muting recently noisy 0|com.android.systemui|2048|null|10082
11-29 07:03:45.608 1491 1491 I GameModeConfig: isGameModeOn = false
11-29 07:03:45.608 1491 1491 E NotificationService: Muting recently noisy 0|com.android.systemui|2048|null|10082
11-29 07:03:45.626 1491 1491 I GameModeConfig: isGameModeOn = false
11-29 07:03:45.627 1491 1491 E NotificationService: Muting recently noisy 0|com.android.systemui|2048|null|10082
11-29 07:03:45.644 1491 1491 I GameModeConfig: isGameModeOn = false
11-29 07:03:45.645 1491 1491 E NotificationService: Muting recently noisy 0|com.android.systemui|2048|null|10082
11-29 07:03:45.658 1491 1491 I GameModeConfig: isGameModeOn = false
11-29 07:03:45.659 1491 1491 E NotificationService: Muting recently noisy 0|com.android.systemui|2048|null|10082
11-29 07:03:45.675 1491 1491 I GameModeConfig: isGameModeOn = false
11-29 07:03:45.675 1491 1491 E NotificationService: Muting recently noisy 0|com.android.systemui|2048|null|10082
11-29 07:03:45.690 1491 1491 I GameModeConfig: isGameModeOn = false
11-29 07:03:45.691 1491 1491 E NotificationService: Muting recently noisy 0|com.android.systemui|2048|null|10082
11-29 07:03:45.709 1491 1491 I GameModeConfig: isGameModeOn = false
11-29 07:03:45.710 1491 1491 E NotificationService: Muting recently noisy 0|com.android.systemui|2048|null|10082
11-29 07:03:45.724 1491 1491 I GameModeConfig: isGameModeOn = false
11-29 07:03:45.725 1491 1491 E NotificationService: Muting recently noisy 0|com.android.systemui|2048|null|10082
11-29 07:03:45.742 1491 1491 I GameModeConfig: isGameModeOn = false
11-29 07:03:45.743 1491 1491 E NotificationService: Muting recently noisy 0|com.android.systemui|2048|null|10082
11-29 07:03:45.758 1491 1491 I GameModeConfig: isGameModeOn = false
11-29 07:03:45.759 1491 1491 E NotificationService: Muting recently noisy 0|com.android.systemui|2048|null|10082
11-29 07:03:47.026 1491 1760 I GameModeConfig: isGameModeOn = false
11-29 07:03:47.057 1491 1760 I GameModeConfig: isGameModeOn = false
11-29 07:03:47.071 1491 1760 I GameModeConfig: isGameModeOn = false
11-29 07:03:47.083 1491 1760 I GameModeConfig: isGameModeOn = false
11-29 07:03:47.096 1491 1760 I GameModeConfig: isGameModeOn = false
11-29 07:03:47.112 1491 1760 I GameModeConfig: isGameModeOn = false
11-29 07:03:47.143 1491 1760 I GameModeConfig: isGameModeOn = false
11-29 07:03:47.162 1491 1760 I GameModeConfig: isGameModeOn = false
11-29 07:03:47.176 1491 1760 I GameModeConfig: isGameModeOn = false
11-29 07:03:47.190 1491 1760 I GameModeConfig: isGameModeOn = false
11-29 07:03:47.211 1491 1760 I GameModeConfig: isGameModeOn = false
11-29 07:03:47.227 1491 1760 I GameModeConfig: isGameModeOn = false
11-29 07:03:47.231 1491 1760 I GameModeConfig: isGameModeOn = false
11-29 07:03:47.238 1491 1760 I GameModeConfig: isGameModeOn = false
11-29 07:03:47.255 1491 1760 I GameModeConfig: isGameModeOn = false
11-29 07:03:47.262 1491 1760 I GameModeConfig: isGameModeOn = false
11-29 07:03:47.272 1491 1760 I GameModeConfig: isGameModeOn = false
11-29 07:03:47.273 1491 1760 I GameModeConfig: isGameModeOn = false
11-29 07:03:47.284 1491 1760 I GameModeConfig: isGameModeOn = false
11-29 07:03:47.288 1491 1760 I GameModeConfig: isGameModeOn = false
11-29 07:03:47.301 1491 1760 I GameModeConfig: isGameModeOn = false
11-29 07:03:47.307 1491 1760 I GameModeConfig: isGameModeOn = false
11-29 07:03:47.315 1491 1760 I GameModeConfig: isGameModeOn = false
11-29 07:03:47.322 1491 1760 I GameModeConfig: isGameModeOn = false
11-29 07:03:47.338 1491 1760 I GameModeConfig: isGameModeOn = false
11-29 07:03:47.346 1491 1760 I GameModeConfig: isGameModeOn = false
11-29 07:03:47.355 1491 1760 I GameModeConfig: isGameModeOn = false
11-29 07:03:47.366 1491 1760 I GameModeConfig: isGameModeOn = false
11-29 07:03:47.375 1491 1760 I GameModeConfig: isGameModeOn = false
11-29 07:03:47.378 1491 1760 I GameModeConfig: isGameModeOn = false
11-29 07:03:47.392 1491 1760 I GameModeConfig: isGameModeOn = false
11-29 07:03:47.409 1491 1760 I GameModeConfig: isGameModeOn = false
11-29 07:03:47.424 1491 1760 I GameModeConfig: isGameModeOn = false
11-29 07:03:47.440 1491 1760 I GameModeConfig: isGameModeOn = false
11-29 07:03:47.458 1491 1760 I GameModeConfig: isGameModeOn = false
11-29 07:03:47.476 1491 1760 I GameModeConfig: isGameModeOn = false
11-29 07:03:47.495 1491 1760 I GameModeConfig: isGameModeOn = false
11-29 07:03:47.510 1491 1760 I GameModeConfig: isGameModeOn = false
11-29 07:03:47.523 1491 1760 I GameModeConfig: isGameModeOn = false
11-29 07:03:47.541 1491 1760 I GameModeConfig: isGameModeOn = false
11-29 07:03:47.562 1491 1760 I GameModeConfig: isGameModeOn = false
11-29 07:03:47.581 1491 1760 I GameModeConfig: isGameModeOn = false
11-29 07:03:51.150 1491 1760 I GameModeConfig: isGameModeOn = false
11-29 07:03:51.176 1491 1760 I GameModeConfig: isGameModeOn = false
11-29 07:03:51.198 1491 1760 I GameModeConfig: isGameModeOn = false
11-29 07:03:51.225 1491 1760 I GameModeConfig: isGameModeOn = false
11-29 07:03:51.241 1491 1760 I GameModeConfig: isGameModeOn = false
11-29 07:03:51.258 1491 1760 I GameModeConfig: isGameModeOn = false
11-29 07:03:51.347 1491 1760 I GameModeConfig: isGameModeOn = false
11-29 07:03:51.379 1491 1760 I GameModeConfig: isGameModeOn = false
11-29 07:03:51.409 1491 1760 I GameModeConfig: isGameModeOn = false
11-29 07:03:51.429 1491 1760 I GameModeConfig: isGameModeOn = false
11-29 07:03:51.444 1491 1760 I GameModeConfig: isGameModeOn = false
11-29 07:03:51.462 1491 1760 I GameModeConfig: isGameModeOn = false
11-29 07:03:55.220 1491 1760 I GameModeConfig: isGameModeOn = false
11-29 07:03:55.243 1491 1760 I GameModeConfig: isGameModeOn = false
11-29 07:03:55.263 1491 1760 I GameModeConfig: isGameModeOn = false
11-29 07:03:55.277 1491 1760 I GameModeConfig: isGameModeOn = false
11-29 07:03:55.288 1491 1760 I GameModeConfig: isGameModeOn = false
11-29 07:03:55.305 1491 1760 I GameModeConfig: isGameModeOn = false
11-29 07:03:55.322 1491 1760 I GameModeConfig: isGameModeOn = false
11-29 07:03:55.339 1491 1760 I GameModeConfig: isGameModeOn = false
11-29 07:03:55.355 1491 1760 I GameModeConfig: isGameModeOn = false
11-29 07:03:55.372 1491 1760 I GameModeConfig: isGameModeOn = false
11-29 07:03:55.388 1491 1760 I GameModeConfig: isGameModeOn = false
11-29 07:03:55.405 1491 1760 I GameModeConfig: isGameModeOn = false
11-29 07:03:55.410 1491 1760 I GameModeConfig: isGameModeOn = false
11-29 07:03:55.423 1491 1760 I GameModeConfig: isGameModeOn = false
11-29 07:03:55.438 1491 1760 I GameModeConfig: isGameModeOn = false
11-29 07:03:55.449 1491 1760 I GameModeConfig: isGameModeOn = false
11-29 07:03:55.455 1491 1760 I GameModeConfig: isGameModeOn = false
11-29 07:03:55.464 1491 1760 I GameModeConfig: isGameModeOn = false
11-29 07:03:55.472 1491 1760 I GameModeConfig: isGameModeOn = false
11-29 07:03:55.474 1491 1760 I GameModeConfig: isGameModeOn = false
11-29 07:03:55.489 1491 1760 I GameModeConfig: isGameModeOn = false
11-29 07:03:55.491 1491 1760 I GameModeConfig: isGameModeOn = false
11-29 07:03:55.505 1491 1760 I GameModeConfig: isGameModeOn = false
11-29 07:03:55.508 1491 1760 I GameModeConfig: isGameModeOn = false
11-29 07:03:55.522 1491 1760 I GameModeConfig: isGameModeOn = false
11-29 07:03:55.525 1491 1760 I GameModeConfig: isGameModeOn = false
11-29 07:03:55.539 1491 1760 I GameModeConfig: isGameModeOn = false
11-29 07:03:55.543 1491 1760 I GameModeConfig: isGameModeOn = false
11-29 07:03:55.556 1491 1760 I GameModeConfig: isGameModeOn = false
11-29 07:03:55.558 1491 1760 I GameModeConfig: isGameModeOn = false
11-29 07:03:55.574 1491 1760 I GameModeConfig: isGameModeOn = false
11-29 07:03:55.592 1491 1760 I GameModeConfig: isGameModeOn = false
11-29 07:03:55.608 1491 1760 I GameModeConfig: isGameModeOn = false
11-29 07:03:55.627 1491 1760 I GameModeConfig: isGameModeOn = false
11-29 07:03:55.645 1491 1760 I GameModeConfig: isGameModeOn = false
11-29 07:03:55.659 1491 1760 I GameModeConfig: isGameModeOn = false
11-29 07:03:55.675 1491 1760 I GameModeConfig: isGameModeOn = false
11-29 07:03:55.691 1491 1760 I GameModeConfig: isGameModeOn = false
11-29 07:03:55.710 1491 1760 I GameModeConfig: isGameModeOn = false
11-29 07:03:55.724 1491 1760 I GameModeConfig: isGameModeOn = false
11-29 07:03:55.743 1491 1760 I GameModeConfig: isGameModeOn = false
11-29 07:03:55.758 1491 1760 I GameModeConfig: isGameModeOn = false
11-29 07:04:35.290 16043 16059 W ContextImpl: Calling a method in the system process without a qualified user: android.app.ContextImpl.startService:1816 android.content.ContextWrapper.startService:774 com.thundercomm.gamemode.ingame.services.GameModeActionUtils.startGameModeService:93 com.thundercomm.gamemode.ingame.services.GameModeActionUtils.startGameModeEntry:21 com.thundercomm.gamemode.ingame.services.ActivityMonitoringService$1.onActivityLaunch:127
11-29 07:04:35.306 1491 1491 I GameModeConfig: Current uri is uri = content://com.thundercomm.gamemode.api/gamemode_settings/gamemode_isgaming
11-29 07:04:35.313 1491 1491 I GameModeConfig: isGameModeOn = false
11-29 07:04:35.314 1491 1491 I GameModeConfig: isGameModeOn = false
11-29 07:04:35.314 1491 1491 I GameModeConfig: isDisableVoice = true
11-29 07:04:35.355 1491 9480 W ActivityTaskManager: getTaskSnapshot: taskId=4165 not found
11-29 07:04:35.356 1491 9480 W ActivityTaskManager: getTaskSnapshot: taskId=3165 not found
11-29 07:04:35.356 1491 9480 W ActivityTaskManager: getTaskSnapshot: taskId=2165 not found
11-29 07:04:36.110 1491 9682 I ActivityTaskManager: FOREGROUND_APPLICATION_CHANGED to com.android.launcher3.uioverrides.QuickstepLauncher
11-29 07:04:36.191 16043 16059 W ContextImpl: Calling a method in the system process without a qualified user: android.app.ContextImpl.startService:1816 android.content.ContextWrapper.startService:774 com.thundercomm.gamemode.ingame.services.GameModeActionUtils.startGameModeService:93 com.thundercomm.gamemode.ingame.services.GameModeActionUtils.startGameModeEntry:21 com.thundercomm.gamemode.ingame.services.ActivityMonitoringService$1.onActivityLaunch:127
11-29 07:04:36.197 1491 1491 I GameModeConfig: Current uri is uri = content://com.thundercomm.gamemode.api/gamemode_settings/gamemode_isgaming
11-29 07:04:36.201 1491 1491 I GameModeConfig: isGameModeOn = false
11-29 07:04:36.202 1491 1491 I GameModeConfig: isGameModeOn = false
11-29 07:04:36.202 1491 1491 I GameModeConfig: isDisableVoice = true
11-29 07:04:36.228 16043 16059 W ContextImpl: Calling a method in the system process without a qualified user: android.app.ContextImpl.startService:1816 android.content.ContextWrapper.startService:774 com.thundercomm.gamemode.ingame.services.GameModeActionUtils.startGameModeService:93 com.thundercomm.gamemode.ingame.services.GameModeActionUtils.startGameModeEntry:21 com.thundercomm.gamemode.ingame.services.ActivityMonitoringService$1.onActivityLaunch:127
11-29 07:04:36.232 1491 1491 I GameModeConfig: Current uri is uri = content://com.thundercomm.gamemode.api/gamemode_settings/gamemode_isgaming
11-29 07:04:36.233 1491 1491 I GameModeConfig: isGameModeOn = false
11-29 07:04:36.234 1491 1491 I GameModeConfig: isGameModeOn = false
11-29 07:04:36.234 1491 1491 I GameModeConfig: isDisableVoice = true
11-29 07:04:37.824 1491 8854 I ActivityTaskManager: START u0 {flg=0x10008000 cmp=com.android.soundrecorder/.SoundRecorder} from uid 10077
11-29 07:04:37.833 1491 8854 W ActivityTaskManager: Can't find TaskDisplayArea to determine support for multi window. Task id=167 attached=false
11-29 07:04:37.834 1491 8854 D FreeFormWindowHelper: Add freeform task=Task{996fa #167 type=standard ?? U=0 visible=false mode=freeform translucent=true sz=0}
11-29 07:04:37.845 1491 8854 D CompatibilityChangeReporter: Compat change id reported: 168419799; UID 10061; state: DISABLED
11-29 07:04:37.846 1491 8854 I ActivityTaskManager: FOREGROUND_APPLICATION_CHANGED to com.android.soundrecorder.SoundRecorder
11-29 07:04:37.860 1491 1599 D CompatibilityChangeReporter: Compat change id reported: 135634846; UID 10061; state: DISABLED
11-29 07:04:37.861 1491 1599 D CompatibilityChangeReporter: Compat change id reported: 177438394; UID 10061; state: DISABLED
11-29 07:04:37.861 1491 1599 D CompatibilityChangeReporter: Compat change id reported: 135772972; UID 10061; state: DISABLED
11-29 07:04:37.861 1491 1599 D CompatibilityChangeReporter: Compat change id reported: 135754954; UID 10061; state: ENABLED
11-29 07:04:37.862 1491 1609 D CompatibilityChangeReporter: Compat change id reported: 143937733; UID 10061; state: ENABLED
11-29 07:04:37.873 1491 1609 I ActivityManager: Start proc 20425:com.android.soundrecorder/u0a61 for top-activity {com.android.soundrecorder/com.android.soundrecorder.SoundRecorder}
11-29 07:04:37.892 1491 8854 I ActivityTaskManager: The Process com.android.soundrecorder Already Exists in BG. So sending its PID: 20425
11-29 07:04:37.908 16043 16059 W ContextImpl: Calling a method in the system process without a qualified user: android.app.ContextImpl.startService:1816 android.content.ContextWrapper.startService:774 com.thundercomm.gamemode.ingame.services.GameModeActionUtils.startGameModeService:93 com.thundercomm.gamemode.ingame.services.GameModeActionUtils.startGameModeEntry:21 com.thundercomm.gamemode.ingame.services.ActivityMonitoringService$1.onActivityLaunch:127
11-29 07:04:37.915 1491 1491 I GameModeConfig: Current uri is uri = content://com.thundercomm.gamemode.api/gamemode_settings/gamemode_isgaming
11-29 07:04:37.918 1491 1491 I GameModeConfig: isGameModeOn = false
11-29 07:04:37.918 1491 1491 I GameModeConfig: isGameModeOn = false
11-29 07:04:37.918 1491 1491 I GameModeConfig: isDisableVoice = true
11-29 07:04:37.954 1491 8854 W WindowManager: updateScale0.7996942
11-29 07:04:37.993 1491 1600 W WindowManager: updateScale0.7996942
11-29 07:04:37.995 1491 1600 W WindowManager: updateScale0.7996942
11-29 07:04:37.996 1491 1600 W WindowManager: updateScale0.7996942
11-29 07:04:38.271 1491 1600 W WindowManager: updateScale0.7996942
11-29 07:04:39.334 1491 8854 W WindowManager: updateScale0.4617737
11-29 07:04:39.339 1491 8854 W WindowManager: updateScale0.4617737
11-29 07:04:39.370 1491 8854 W AS.AudioService: Updated cached param hdr_record_on from false to false
11-29 07:04:39.371 1491 9682 W AS.AudioService: Updated cached param hdr_audio_channel_count from 0 to 0
11-29 07:04:39.372 1491 9682 W AS.AudioService: Updated cached param hdr_audio_sampling_rate from 0 to 0
11-29 07:04:39.401 1491 8854 W WindowManager: updateScale0.4617737
11-29 07:04:39.403 1491 8854 W WindowManager: updateScale0.4617737
11-29 07:04:40.191 1491 1600 D FreeFormWindowHelper: refreshTipWindow windowDragBounds:Rect(1, 45 - 303, 583)
11-29 07:04:40.193 1491 1600 W WindowManager: updateScale0.4617737
11-29 07:04:40.204 1491 8854 W WindowManager: updateScale0.4617737
11-29 07:04:40.207 1491 1600 D FreeFormWindowHelper: refreshTipWindow windowDragBounds:Rect(5, 27 - 307, 565)
11-29 07:04:40.209 1491 1600 W WindowManager: updateScale0.4617737
11-29 07:04:40.224 1491 1600 D FreeFormWindowHelper: refreshTipWindow windowDragBounds:Rect(6, 3 - 308, 541)
11-29 07:04:40.225 1491 1600 W WindowManager: updateScale0.4617737
11-29 07:04:40.241 1491 1600 D FreeFormWindowHelper: refreshTipWindow windowDragBounds:Rect(8, -26 - 310, 512)
11-29 07:04:40.242 1491 1600 W WindowManager: updateScale0.4617737
11-29 07:04:40.257 1491 1600 D FreeFormWindowHelper: refreshTipWindow windowDragBounds:Rect(9, -66 - 311, 472)
11-29 07:04:40.259 1491 1600 W WindowManager: updateScale0.4617737
11-29 07:04:40.274 1491 1600 D FreeFormWindowHelper: refreshTipWindow windowDragBounds:Rect(9, -95 - 311, 443)
11-29 07:04:40.275 1491 1600 W WindowManager: updateScale0.4617737
11-29 07:04:40.280 1491 8701 W WindowManager: updateScale0.4617737
11-29 07:04:40.291 1491 1600 D FreeFormWindowHelper: refreshTipWindow windowDragBounds:Rect(12, -150 - 314, 388)
11-29 07:04:40.292 1491 1600 W WindowManager: updateScale0.4617737
11-29 07:04:40.305 1491 8854 W WindowManager: updateScale0.4617737
11-29 07:04:40.307 1491 1600 D FreeFormWindowHelper: refreshTipWindow windowDragBounds:Rect(15, -188 - 317, 350)
11-29 07:04:40.310 1491 1600 W WindowManager: updateScale0.4617737
11-29 07:04:40.324 1491 1600 D FreeFormWindowHelper: refreshTipWindow windowDragBounds:Rect(23, -252 - 325, 286)
11-29 07:04:40.325 1491 1600 W WindowManager: updateScale0.4617737
11-29 07:04:40.341 1491 1600 D FreeFormWindowHelper: refreshTipWindow windowDragBounds:Rect(25, -293 - 327, 245)
11-29 07:04:40.343 1491 1600 W WindowManager: updateScale0.4617737
11-29 07:04:40.357 1491 1600 D FreeFormWindowHelper: refreshTipWindow windowDragBounds:Rect(26, -335 - 328, 203)
11-29 07:04:40.359 1491 1600 W WindowManager: updateScale0.4617737
11-29 07:04:40.372 1491 11109 W WindowManager: updateScale0.4617737
11-29 07:04:40.377 1491 1600 D FreeFormWindowHelper: refreshTipWindow windowDragBounds:Rect(28, -383 - 330, 155)
11-29 07:04:40.379 1491 1600 W WindowManager: updateScale0.4617737
11-29 07:04:40.390 1491 11109 W WindowManager: updateScale0.4617737
11-29 07:04:40.392 1491 1600 D FreeFormWindowHelper: refreshTipWindow windowDragBounds:Rect(33, -444 - 335, 94)
11-29 07:04:40.393 1491 1600 W WindowManager: updateScale0.4617737
11-29 07:04:40.403 1491 11109 W WindowManager: updateScale0.4617737
11-29 07:04:40.408 1491 1600 D FreeFormWindowHelper: refreshTipWindow windowDragBounds:Rect(34, -482 - 336, 56)
11-29 07:04:40.409 1491 1600 W WindowManager: updateScale0.4617737
11-29 07:04:40.420 1491 11109 W WindowManager: updateScale0.4617737
11-29 07:04:40.424 1491 1600 D FreeFormWindowHelper: refreshTipWindow windowDragBounds:Rect(37, -490 - 339, 48)
11-29 07:04:40.426 1491 1600 W WindowManager: updateScale0.4617737
11-29 07:04:40.437 1491 11109 W WindowManager: updateScale0.4617737
11-29 07:04:40.453 1491 11109 W WindowManager: updateScale0.4617737
11-29 07:04:40.483 1491 1600 D WindowManager: updateWindowDragBounds: mIsSwipeYtrue
11-29 07:04:40.483 1491 1600 D WindowManager: updateWindowDragBounds: mIsTopfalse
11-29 07:04:40.484 1491 1600 D WindowManager: updateWindowDragBounds: mIsSwipeXfalse
11-29 07:04:40.485 1491 1600 W WindowManager: updateScale0.4617737
11-29 07:04:40.504 1491 11109 W WindowManager: updateScale0.4617737
11-29 07:04:40.861 1491 2756 E TaskPersister: File error accessing recents directory (directory doesn't exist?).
11-29 07:04:41.193 1491 1600 D FreeFormWindowHelper: refreshTipWindow windowDragBounds:Rect(0, 15 - 302, 553)
11-29 07:04:41.195 1491 1600 W WindowManager: updateScale0.4617737
11-29 07:04:41.206 1491 11109 W WindowManager: updateScale0.4617737
11-29 07:04:41.217 1491 1600 D FreeFormWindowHelper: refreshTipWindow windowDragBounds:Rect(-3, -119 - 299, 419)
11-29 07:04:41.219 1491 1600 W WindowManager: updateScale0.4617737
11-29 07:04:41.242 1491 9682 W WindowManager: updateScale0.4617737
11-29 07:04:41.246 1491 1600 D FreeFormWindowHelper: refreshTipWindow windowDragBounds:Rect(-5, -467 - 297, 71)
11-29 07:04:41.247 1491 1600 W WindowManager: updateScale0.4617737
11-29 07:04:41.258 1491 9682 W WindowManager: updateScale0.4617737
11-29 07:04:41.376 1491 1600 D WindowManager: updateWindowDragBounds: mIsSwipeYtrue
11-29 07:04:41.376 1491 1600 D WindowManager: updateWindowDragBounds: mIsTopfalse
11-29 07:04:41.376 1491 1600 D WindowManager: updateWindowDragBounds: mIsSwipeXfalse
11-29 07:04:41.378 1491 1600 W WindowManager: updateScale0.4617737
11-29 07:04:41.398 1491 9682 W WindowManager: updateScale0.4617737
11-29 07:04:42.045 1491 1600 D FreeFormWindowHelper: refreshTipWindow windowDragBounds:Rect(-5, -27 - 297, 511)
11-29 07:04:42.047 1491 1600 W WindowManager: updateScale0.4617737
11-29 07:04:42.058 1491 8701 W WindowManager: updateScale0.4617737
11-29 07:04:42.063 1491 1600 D FreeFormWindowHelper: refreshTipWindow windowDragBounds:Rect(-10, -174 - 292, 364)
11-29 07:04:42.064 1491 1600 W WindowManager: updateScale0.4617737
11-29 07:04:42.078 1491 1600 D FreeFormWindowHelper: refreshTipWindow windowDragBounds:Rect(-9, -314 - 293, 224)
11-29 07:04:42.080 1491 1600 W WindowManager: updateScale0.4617737
11-29 07:04:42.095 1491 1600 D FreeFormWindowHelper: refreshTipWindow windowDragBounds:Rect(-8, -434 - 294, 104)
11-29 07:04:42.096 1491 1600 W WindowManager: updateScale0.4617737
11-29 07:04:42.166 1491 1600 D WindowManager: updateWindowDragBounds: mIsSwipeYtrue
11-29 07:04:42.166 1491 1600 D WindowManager: updateWindowDragBounds: mIsTopfalse
11-29 07:04:42.166 1491 1600 D WindowManager: updateWindowDragBounds: mIsSwipeXfalse
11-29 07:04:42.168 1491 1600 W WindowManager: updateScale0.4617737
11-29 07:04:42.185 1491 11109 W WindowManager: updateScale0.4617737
11-29 07:04:42.780 1491 1600 D FreeFormWindowHelper: refreshTipWindow windowDragBounds:Rect(17, -24 - 319, 514)
11-29 07:04:42.782 1491 1600 W WindowManager: updateScale0.4617737
11-29 07:04:42.795 1491 8701 W WindowManager: updateScale0.4617737
11-29 07:04:42.797 1491 1600 D FreeFormWindowHelper: refreshTipWindow windowDragBounds:Rect(50, -158 - 352, 380)
11-29 07:04:42.801 1491 1600 W WindowManager: updateScale0.4617737
11-29 07:04:42.813 1491 1600 D FreeFormWindowHelper: refreshTipWindow windowDragBounds:Rect(65, -274 - 367, 264)
11-29 07:04:42.815 1491 1600 W WindowManager: updateScale0.4617737
11-29 07:04:42.830 1491 1600 D FreeFormWindowHelper: refreshTipWindow windowDragBounds:Rect(80, -394 - 382, 144)
11-29 07:04:42.834 1491 1600 W WindowManager: updateScale0.4617737
11-29 07:04:42.878 1161 20421 I iorapd : Perfetto TraceBuffer saved to file: /data/misc/iorapd/com.android.soundrecorder/31/com.android.soundrecorder.SoundRecorder/raw_traces/1669676682876451538.perfetto_trace.pb
11-29 07:04:42.899 1491 1600 D WindowManager: updateWindowDragBounds: mIsSwipeYtrue
11-29 07:04:42.899 1491 1600 D WindowManager: updateWindowDragBounds: mIsTopfalse
11-29 07:04:42.899 1491 1600 D WindowManager: updateWindowDragBounds: mIsSwipeXfalse
11-29 07:04:42.902 1491 1600 W WindowManager: updateScale0.4617737
11-29 07:04:42.917 1491 9682 W WindowManager: updateScale0.4617737
11-29 07:04:43.466 1491 1600 D FreeFormWindowHelper: refreshTipWindow windowDragBounds:Rect(9, 6 - 311, 544)
11-29 07:04:43.468 1491 1600 W WindowManager: updateScale0.4617737
11-29 07:04:43.479 1491 9682 W WindowManager: updateScale0.4617737
11-29 07:04:43.482 1491 1600 D FreeFormWindowHelper: refreshTipWindow windowDragBounds:Rect(20, -80 - 322, 458)
11-29 07:04:43.483 1491 1600 W WindowManager: updateScale0.4617737
11-29 07:04:43.495 1491 8701 W WindowManager: updateScale0.4617737
11-29 07:04:43.499 1491 1600 D FreeFormWindowHelper: refreshTipWindow windowDragBounds:Rect(30, -187 - 332, 351)
11-29 07:04:43.500 1491 1600 W WindowManager: updateScale0.4617737
11-29 07:04:43.515 1491 1600 D FreeFormWindowHelper: refreshTipWindow windowDragBounds:Rect(39, -318 - 341, 220)
11-29 07:04:43.516 1491 1600 W WindowManager: updateScale0.4617737
11-29 07:04:43.532 1491 1600 D FreeFormWindowHelper: refreshTipWindow windowDragBounds:Rect(50, -456 - 352, 82)
11-29 07:04:43.533 1491 1600 W WindowManager: updateScale0.4617737
11-29 07:04:43.641 1491 1600 D WindowManager: updateWindowDragBounds: mIsSwipeYtrue
11-29 07:04:43.641 1491 1600 D WindowManager: updateWindowDragBounds: mIsTopfalse
11-29 07:04:43.641 1491 1600 D WindowManager: updateWindowDragBounds: mIsSwipeXfalse
11-29 07:04:43.645 1491 1600 W WindowManager: updateScale0.4617737
11-29 07:04:43.662 1491 8701 W WindowManager: updateScale0.4617737
11-29 07:04:44.501 1491 1600 D FreeFormWindowHelper: refreshTipWindow windowDragBounds:Rect(8, 38 - 310, 576)
11-29 07:04:44.504 1491 1600 W WindowManager: updateScale0.4617737
11-29 07:04:44.519 1491 1600 D FreeFormWindowHelper: refreshTipWindow windowDragBounds:Rect(17, 8 - 319, 546)
11-29 07:04:44.522 1491 1600 W WindowManager: updateScale0.4617737
11-29 07:04:44.532 1491 11109 W WindowManager: updateScale0.4617737
11-29 07:04:44.535 1491 1600 D FreeFormWindowHelper: refreshTipWindow windowDragBounds:Rect(21, -14 - 323, 524)
11-29 07:04:44.537 1491 1600 W WindowManager: updateScale0.4617737
11-29 07:04:44.551 1491 1600 D FreeFormWindowHelper: refreshTipWindow windowDragBounds:Rect(28, -73 - 330, 465)
11-29 07:04:44.552 1491 1600 W WindowManager: updateScale0.4617737
11-29 07:04:44.565 1491 11109 W WindowManager: updateScale0.4617737
11-29 07:04:44.567 1491 1600 D FreeFormWindowHelper: refreshTipWindow windowDragBounds:Rect(31, -113 - 333, 425)
11-29 07:04:44.569 1491 1600 W WindowManager: updateScale0.4617737
11-29 07:04:44.586 1491 1600 D FreeFormWindowHelper: refreshTipWindow windowDragBounds:Rect(35, -157 - 337, 381)
11-29 07:04:44.587 1491 1600 W WindowManager: updateScale0.4617737
11-29 07:04:44.601 1491 1600 D FreeFormWindowHelper: refreshTipWindow windowDragBounds:Rect(45, -217 - 347, 321)
11-29 07:04:44.603 1491 1600 W WindowManager: updateScale0.4617737
11-29 07:04:44.618 1491 1600 D FreeFormWindowHelper: refreshTipWindow windowDragBounds:Rect(50, -245 - 352, 293)
11-29 07:04:44.619 1491 1600 W WindowManager: updateScale0.4617737
11-29 07:04:44.634 1491 1600 D FreeFormWindowHelper: refreshTipWindow windowDragBounds:Rect(55, -277 - 357, 261)
11-29 07:04:44.636 1491 1600 W WindowManager: updateScale0.4617737
11-29 07:04:44.648 1491 11109 W WindowManager: updateScale0.4617737
11-29 07:04:44.651 1491 1600 D FreeFormWindowHelper: refreshTipWindow windowDragBounds:Rect(58, -297 - 360, 241)
11-29 07:04:44.653 1491 1600 W WindowManager: updateScale0.4617737
11-29 07:04:44.663 1491 11109 W WindowManager: updateScale0.4617737
11-29 07:04:44.668 1491 1600 D FreeFormWindowHelper: refreshTipWindow windowDragBounds:Rect(59, -315 - 361, 223)
11-29 07:04:44.670 1491 1600 W WindowManager: updateScale0.4617737
11-29 07:04:44.680 1491 11109 W WindowManager: updateScale0.4617737
11-29 07:04:44.685 1491 1600 D FreeFormWindowHelper: refreshTipWindow windowDragBounds:Rect(60, -336 - 362, 202)
11-29 07:04:44.686 1491 1600 W WindowManager: updateScale0.4617737
11-29 07:04:44.697 1491 8701 W WindowManager: updateScale0.4617737
11-29 07:04:44.701 1491 1600 D FreeFormWindowHelper: refreshTipWindow windowDragBounds:Rect(60, -355 - 362, 183)
11-29 07:04:44.703 1491 1600 W WindowManager: updateScale0.4617737
11-29 07:04:44.713 1491 11109 W WindowManager: updateScale0.4617737
11-29 07:04:44.718 1491 1600 D FreeFormWindowHelper: refreshTipWindow windowDragBounds:Rect(60, -380 - 362, 158)
11-29 07:04:44.719 1491 1600 W WindowManager: updateScale0.4617737
11-29 07:04:44.730 1491 8701 W WindowManager: updateScale0.4617737
11-29 07:04:44.734 1491 1600 D FreeFormWindowHelper: refreshTipWindow windowDragBounds:Rect(61, -400 - 363, 138)
11-29 07:04:44.736 1491 1600 W WindowManager: updateScale0.4617737
11-29 07:04:44.747 1491 8701 W WindowManager: updateScale0.4617737
11-29 07:04:44.751 1491 1600 D FreeFormWindowHelper: refreshTipWindow windowDragBounds:Rect(63, -437 - 365, 101)
11-29 07:04:44.753 1491 1600 W WindowManager: updateScale0.4617737
11-29 07:04:44.764 1491 8701 W WindowManager: updateScale0.4617737
11-29 07:04:44.768 1491 1600 D FreeFormWindowHelper: refreshTipWindow windowDragBounds:Rect(63, -452 - 365, 86)
11-29 07:04:44.770 1491 1600 W WindowManager: updateScale0.4617737
11-29 07:04:44.780 1491 11109 W WindowManager: updateScale0.4617737
11-29 07:04:44.785 1491 1600 D FreeFormWindowHelper: refreshTipWindow windowDragBounds:Rect(63, -465 - 365, 73)
11-29 07:04:44.786 1491 1600 W WindowManager: updateScale0.4617737
11-29 07:04:44.797 1491 11109 W WindowManager: updateScale0.4617737
11-29 07:04:44.801 1491 1600 D FreeFormWindowHelper: refreshTipWindow windowDragBounds:Rect(64, -482 - 366, 56)
11-29 07:04:44.803 1491 1600 W WindowManager: updateScale0.4617737
11-29 07:04:44.814 1491 11109 W WindowManager: updateScale0.4617737
11-29 07:04:44.830 1491 11109 W WindowManager: updateScale0.4617737
11-29 07:04:44.954 1491 1600 D WindowManager: updateWindowDragBounds: mIsSwipeYtrue
11-29 07:04:44.954 1491 1600 D WindowManager: updateWindowDragBounds: mIsTopfalse
11-29 07:04:44.954 1491 1600 D WindowManager: updateWindowDragBounds: mIsSwipeXfalse
11-29 07:04:44.955 1491 1600 W WindowManager: updateScale0.4617737
11-29 07:04:44.973 1491 11109 W WindowManager: updateScale0.4617737
11-29 07:04:45.804 1491 1600 D FreeFormWindowHelper: refreshTipWindow windowDragBounds:Rect(-2, 22 - 300, 560)
11-29 07:04:45.810 1491 1600 W WindowManager: updateScale0.4617737
11-29 07:04:45.821 1491 1600 D FreeFormWindowHelper: refreshTipWindow windowDragBounds:Rect(-2, -14 - 300, 524)
11-29 07:04:45.822 1491 1600 W WindowManager: updateScale0.4617737
11-29 07:04:45.836 1491 11109 W WindowManager: updateScale0.4617737
11-29 07:04:45.840 1491 1600 D FreeFormWindowHelper: refreshTipWindow windowDragBounds:Rect(-1, -30 - 301, 508)
11-29 07:04:45.843 1491 1600 W WindowManager: updateScale0.4617737
11-29 07:04:45.854 1491 1600 D FreeFormWindowHelper: refreshTipWindow windowDragBounds:Rect(1, -50 - 303, 488)
11-29 07:04:45.855 1491 1600 W WindowManager: updateScale0.4617737
11-29 07:04:45.859 1491 8854 W WindowManager: updateScale0.4617737
11-29 07:04:45.873 1491 1600 D FreeFormWindowHelper: refreshTipWindow windowDragBounds:Rect(4, -102 - 306, 436)
11-29 07:04:45.875 1491 1600 W WindowManager: updateScale0.4617737
11-29 07:04:45.887 1491 1600 D FreeFormWindowHelper: refreshTipWindow windowDragBounds:Rect(6, -151 - 308, 387)
11-29 07:04:45.888 1491 1600 W WindowManager: updateScale0.4617737
11-29 07:04:45.921 1491 1600 D FreeFormWindowHelper: refreshTipWindow windowDragBounds:Rect(20, -229 - 322, 309)
11-29 07:04:45.922 1491 1600 W WindowManager: updateScale0.4617737
11-29 07:04:45.937 1491 1600 D FreeFormWindowHelper: refreshTipWindow windowDragBounds:Rect(25, -274 - 327, 264)
11-29 07:04:45.939 1491 1600 W WindowManager: updateScale0.4617737
11-29 07:04:45.954 1491 1600 D FreeFormWindowHelper: refreshTipWindow windowDragBounds:Rect(26, -317 - 328, 221)
11-29 07:04:45.955 1491 1600 W WindowManager: updateScale0.4617737
11-29 07:04:45.987 1491 1600 D FreeFormWindowHelper: refreshTipWindow windowDragBounds:Rect(30, -356 - 332, 182)
11-29 07:04:45.989 1491 1600 W WindowManager: updateScale0.4617737
11-29 07:04:46.001 1491 8854 W WindowManager: updateScale0.4617737
11-29 07:04:46.004 1491 1600 D FreeFormWindowHelper: refreshTipWindow windowDragBounds:Rect(32, -374 - 334, 164)
11-29 07:04:46.006 1491 1600 W WindowManager: updateScale0.4617737
11-29 07:04:46.021 1491 1600 D FreeFormWindowHelper: refreshTipWindow windowDragBounds:Rect(33, -390 - 335, 148)
11-29 07:04:46.022 1491 1600 W WindowManager: updateScale0.4617737
11-29 07:04:46.038 1491 1600 D FreeFormWindowHelper: refreshTipWindow windowDragBounds:Rect(33, -406 - 335, 132)
11-29 07:04:46.039 1491 1600 W WindowManager: updateScale0.4617737
11-29 07:04:46.051 1491 8854 W WindowManager: updateScale0.4617737
11-29 07:04:46.054 1491 1600 D FreeFormWindowHelper: refreshTipWindow windowDragBounds:Rect(31, -438 - 333, 100)
11-29 07:04:46.056 1491 1600 W WindowManager: updateScale0.4617737
11-29 07:04:46.067 1491 8854 W WindowManager: updateScale0.4617737
11-29 07:04:46.071 1491 1600 D FreeFormWindowHelper: refreshTipWindow windowDragBounds:Rect(32, -463 - 334, 75)
11-29 07:04:46.072 1491 1600 W WindowManager: updateScale0.4617737
11-29 07:04:46.083 1491 8701 W WindowManager: updateScale0.4617737
11-29 07:04:46.088 1491 1600 D FreeFormWindowHelper: refreshTipWindow windowDragBounds:Rect(30, -487 - 332, 51)
11-29 07:04:46.089 1491 1600 W WindowManager: updateScale0.4617737
11-29 07:04:46.100 1491 8701 W WindowManager: updateScale0.4617737
11-29 07:04:46.104 1491 1600 D FreeFormWindowHelper: refreshTipWindow windowDragBounds:Rect(30, -490 - 332, 48)
11-29 07:04:46.106 1491 1600 W WindowManager: updateScale0.4617737
11-29 07:04:46.117 1491 8854 W WindowManager: updateScale0.4617737
11-29 07:04:46.134 1491 8701 W WindowManager: updateScale0.4617737
11-29 07:04:46.346 1491 1600 D WindowManager: updateWindowDragBounds: mIsSwipeYtrue
11-29 07:04:46.346 1491 1600 D WindowManager: updateWindowDragBounds: mIsTopfalse
11-29 07:04:46.346 1491 1600 D WindowManager: updateWindowDragBounds: mIsSwipeXfalse
11-29 07:04:46.348 1491 1600 W WindowManager: updateScale0.4617737
11-29 07:04:46.359 1491 8701 W WindowManager: updateScale0.4617737
11-29 07:05:39.349 1491 1626 V DisplayPowerController[0]: Brightness [0.05] reason changing to: 'manual [ dim ]', previous reason: 'manual'.
11-29 07:05:39.352 1491 1874 E DisplayDeviceConfig: requesting nits when no mapping exists.
11-29 07:05:39.353 1491 1874 E DisplayDeviceConfig: requesting nits when no mapping exists.
11-29 07:05:39.355 1491 1608 I DropBoxManagerService: add tag=system_server_wtf isTagEnabled=true flags=0x2
11-29 07:05:39.358 1491 1608 I DropBoxManagerService: add tag=system_server_wtf isTagEnabled=true flags=0x2
11-29 07:05:39.368 1491 1874 E DisplayDeviceConfig: requesting nits when no mapping exists.
11-29 07:05:39.369 1491 1874 E DisplayDeviceConfig: requesting nits when no mapping exists.
11-29 07:05:39.371 1491 1608 I DropBoxManagerService: add tag=system_server_wtf isTagEnabled=true flags=0x2
11-29 07:05:39.374 1491 1608 I DropBoxManagerService: add tag=system_server_wtf isTagEnabled=true flags=0x2
11-29 07:05:39.385 1491 1874 E DisplayDeviceConfig: requesting nits when no mapping exists.
11-29 07:05:39.385 1491 1874 E DisplayDeviceConfig: requesting nits when no mapping exists.
11-29 07:05:39.386 1491 1608 I DropBoxManagerService: add tag=system_server_wtf isTagEnabled=true flags=0x2
11-29 07:05:39.395 1491 1874 E DisplayDeviceConfig: requesting nits when no mapping exists.
11-29 07:05:39.395 1491 1874 E DisplayDeviceConfig: requesting nits when no mapping exists.
11-29 07:05:39.412 1491 1874 E DisplayDeviceConfig: requesting nits when no mapping exists.
11-29 07:05:39.412 1491 1874 E DisplayDeviceConfig: requesting nits when no mapping exists.
11-29 07:05:39.428 1491 1874 E DisplayDeviceConfig: requesting nits when no mapping exists.
11-29 07:05:39.429 1491 1874 E DisplayDeviceConfig: requesting nits when no mapping exists.
11-29 07:05:39.445 1491 1874 E DisplayDeviceConfig: requesting nits when no mapping exists.
11-29 07:05:39.445 1491 1874 E DisplayDeviceConfig: requesting nits when no mapping exists.
11-29 07:05:39.462 1491 1874 E DisplayDeviceConfig: requesting nits when no mapping exists.
11-29 07:05:39.462 1491 1874 E DisplayDeviceConfig: requesting nits when no mapping exists.
11-29 07:05:39.479 1491 1874 E DisplayDeviceConfig: requesting nits when no mapping exists.
11-29 07:05:39.479 1491 1874 E DisplayDeviceConfig: requesting nits when no mapping exists.
11-29 07:05:39.495 1491 1874 E DisplayDeviceConfig: requesting nits when no mapping exists.
11-29 07:05:39.496 1491 1874 E DisplayDeviceConfig: requesting nits when no mapping exists.
11-29 07:05:39.512 1491 1874 E DisplayDeviceConfig: requesting nits when no mapping exists.
11-29 07:05:39.513 1491 1874 E DisplayDeviceConfig: requesting nits when no mapping exists.
11-29 07:05:39.529 1491 1874 E DisplayDeviceConfig: requesting nits when no mapping exists.
11-29 07:05:39.530 1491 1874 E DisplayDeviceConfig: requesting nits when no mapping exists.
11-29 07:05:39.545 1491 1874 E DisplayDeviceConfig: requesting nits when no mapping exists.
11-29 07:05:39.546 1491 1874 E DisplayDeviceConfig: requesting nits when no mapping exists.
11-29 07:05:39.562 1491 1874 E DisplayDeviceConfig: requesting nits when no mapping exists.
11-29 07:05:39.563 1491 1874 E DisplayDeviceConfig: requesting nits when no mapping exists.
11-29 07:05:39.579 1491 1874 E DisplayDeviceConfig: requesting nits when no mapping exists.
11-29 07:05:39.580 1491 1874 E DisplayDeviceConfig: requesting nits when no mapping exists.
11-29 07:05:39.596 1491 1874 E DisplayDeviceConfig: requesting nits when no mapping exists.
11-29 07:05:39.596 1491 1874 E DisplayDeviceConfig: requesting nits when no mapping exists.
11-29 07:05:39.612 1491 1874 E DisplayDeviceConfig: requesting nits when no mapping exists.
11-29 07:05:39.613 1491 1874 E DisplayDeviceConfig: requesting nits when no mapping exists.
11-29 07:05:39.629 1491 1874 E DisplayDeviceConfig: requesting nits when no mapping exists.
11-29 07:05:39.630 1491 1874 E DisplayDeviceConfig: requesting nits when no mapping exists.
11-29 07:05:39.646 1491 1874 E DisplayDeviceConfig: requesting nits when no mapping exists.
11-29 07:05:39.647 1491 1874 E DisplayDeviceConfig: requesting nits when no mapping exists.
11-29 07:05:39.663 1491 1874 E DisplayDeviceConfig: requesting nits when no mapping exists.
11-29 07:05:39.663 1491 1874 E DisplayDeviceConfig: requesting nits when no mapping exists.
11-29 07:05:39.681 1491 1874 E DisplayDeviceConfig: requesting nits when no mapping exists.
11-29 07:05:39.682 1491 1874 E DisplayDeviceConfig: requesting nits when no mapping exists.
11-29 07:05:39.696 1491 1874 E DisplayDeviceConfig: requesting nits when no mapping exists.
11-29 07:05:39.697 1491 1874 E DisplayDeviceConfig: requesting nits when no mapping exists.
11-29 07:05:39.712 1491 1874 E DisplayDeviceConfig: requesting nits when no mapping exists.
11-29 07:05:39.713 1491 1874 E DisplayDeviceConfig: requesting nits when no mapping exists.
11-29 07:05:39.729 1491 1874 E DisplayDeviceConfig: requesting nits when no mapping exists.
11-29 07:05:39.730 1491 1874 E DisplayDeviceConfig: requesting nits when no mapping exists.
11-29 07:05:39.746 1491 1874 E DisplayDeviceConfig: requesting nits when no mapping exists.
11-29 07:05:39.747 1491 1874 E DisplayDeviceConfig: requesting nits when no mapping exists.
11-29 07:05:39.763 1491 1874 E DisplayDeviceConfig: requesting nits when no mapping exists.
11-29 07:05:39.764 1491 1874 E DisplayDeviceConfig: requesting nits when no mapping exists.
11-29 07:05:39.779 1491 1874 E DisplayDeviceConfig: requesting nits when no mapping exists.
11-29 07:05:39.780 1491 1874 E DisplayDeviceConfig: requesting nits when no mapping exists.
11-29 07:05:39.796 1491 1874 E DisplayDeviceConfig: requesting nits when no mapping exists.
11-29 07:05:39.798 1491 1874 E DisplayDeviceConfig: requesting nits when no mapping exists.
11-29 07:05:39.813 1491 1874 E DisplayDeviceConfig: requesting nits when no mapping exists.
11-29 07:05:39.814 1491 1874 E DisplayDeviceConfig: requesting nits when no mapping exists.
11-29 07:05:39.829 1491 1874 E DisplayDeviceConfig: requesting nits when no mapping exists.
11-29 07:05:39.829 1491 1874 E DisplayDeviceConfig: requesting nits when no mapping exists.
11-29 07:05:39.846 1491 1874 E DisplayDeviceConfig: requesting nits when no mapping exists.
11-29 07:05:39.846 1491 1874 E DisplayDeviceConfig: requesting nits when no mapping exists.
11-29 07:05:39.863 1491 1874 E DisplayDeviceConfig: requesting nits when no mapping exists.
11-29 07:05:39.863 1491 1874 E DisplayDeviceConfig: requesting nits when no mapping exists.
11-29 07:05:39.879 1491 1874 E DisplayDeviceConfig: requesting nits when no mapping exists.
11-29 07:05:39.880 1491 1874 E DisplayDeviceConfig: requesting nits when no mapping exists.
11-29 07:05:39.896 1491 1874 E DisplayDeviceConfig: requesting nits when no mapping exists.
11-29 07:05:39.897 1491 1874 E DisplayDeviceConfig: requesting nits when no mapping exists.
11-29 07:05:39.913 1491 1874 E DisplayDeviceConfig: requesting nits when no mapping exists.
11-29 07:05:39.914 1491 1874 E DisplayDeviceConfig: requesting nits when no mapping exists.
11-29 07:05:39.930 1491 1874 E DisplayDeviceConfig: requesting nits when no mapping exists.
11-29 07:05:39.931 1491 1874 E DisplayDeviceConfig: requesting nits when no mapping exists.
11-29 07:05:39.947 1491 1874 E DisplayDeviceConfig: requesting nits when no mapping exists.
11-29 07:05:39.947 1491 1874 E DisplayDeviceConfig: requesting nits when no mapping exists.
11-29 07:05:39.963 1491 1874 E DisplayDeviceConfig: requesting nits when no mapping exists.
11-29 07:05:39.964 1491 1874 E DisplayDeviceConfig: requesting nits when no mapping exists.
11-29 07:05:39.980 1491 1874 E DisplayDeviceConfig: requesting nits when no mapping exists.
11-29 07:05:39.980 1491 1874 E DisplayDeviceConfig: requesting nits when no mapping exists.
11-29 07:05:39.997 1491 1874 E DisplayDeviceConfig: requesting nits when no mapping exists.
11-29 07:05:39.997 1491 1874 E DisplayDeviceConfig: requesting nits when no mapping exists.
11-29 07:05:40.013 1491 1874 E DisplayDeviceConfig: requesting nits when no mapping exists.
11-29 07:05:40.013 1491 1874 E DisplayDeviceConfig: requesting nits when no mapping exists.
11-29 07:05:40.030 1491 1874 E DisplayDeviceConfig: requesting nits when no mapping exists.
11-29 07:05:40.030 1491 1874 E DisplayDeviceConfig: requesting nits when no mapping exists.
11-29 07:05:40.047 1491 1874 E DisplayDeviceConfig: requesting nits when no mapping exists.
11-29 07:05:40.047 1491 1874 E DisplayDeviceConfig: requesting nits when no mapping exists.
11-29 07:05:40.063 1491 1874 E DisplayDeviceConfig: requesting nits when no mapping exists.
11-29 07:05:40.063 1491 1874 E DisplayDeviceConfig: requesting nits when no mapping exists.
11-29 07:05:40.080 1491 1874 E DisplayDeviceConfig: requesting nits when no mapping exists.
11-29 07:05:40.080 1491 1874 E DisplayDeviceConfig: requesting nits when no mapping exists.
11-29 07:05:40.097 1491 1874 E DisplayDeviceConfig: requesting nits when no mapping exists.
11-29 07:05:40.098 1491 1874 E DisplayDeviceConfig: requesting nits when no mapping exists.
11-29 07:05:40.114 1491 1874 E DisplayDeviceConfig: requesting nits when no mapping exists.
11-29 07:05:40.114 1491 1874 E DisplayDeviceConfig: requesting nits when no mapping exists.
11-29 07:05:40.130 1491 1874 E DisplayDeviceConfig: requesting nits when no mapping exists.
11-29 07:05:40.131 1491 1874 E DisplayDeviceConfig: requesting nits when no mapping exists.
11-29 07:05:40.147 1491 1874 E DisplayDeviceConfig: requesting nits when no mapping exists.
11-29 07:05:40.148 1491 1874 E DisplayDeviceConfig: requesting nits when no mapping exists.
11-29 07:05:40.164 1491 1874 E DisplayDeviceConfig: requesting nits when no mapping exists.
11-29 07:05:40.164 1491 1874 E DisplayDeviceConfig: requesting nits when no mapping exists.
11-29 07:05:40.180 1491 1874 E DisplayDeviceConfig: requesting nits when no mapping exists.
11-29 07:05:40.181 1491 1874 E DisplayDeviceConfig: requesting nits when no mapping exists.
11-29 07:05:40.197 1491 1874 E DisplayDeviceConfig: requesting nits when no mapping exists.
11-29 07:05:40.197 1491 1874 E DisplayDeviceConfig: requesting nits when no mapping exists.
11-29 07:05:40.214 1491 1874 E DisplayDeviceConfig: requesting nits when no mapping exists.
11-29 07:05:40.214 1491 1874 E DisplayDeviceConfig: requesting nits when no mapping exists.
11-29 07:05:40.231 1491 1874 E DisplayDeviceConfig: requesting nits when no mapping exists.
11-29 07:05:40.231 1491 1874 E DisplayDeviceConfig: requesting nits when no mapping exists.
11-29 07:05:40.247 1491 1874 E DisplayDeviceConfig: requesting nits when no mapping exists.
11-29 07:05:40.248 1491 1874 E DisplayDeviceConfig: requesting nits when no mapping exists.
11-29 07:05:40.264 1491 1874 E DisplayDeviceConfig: requesting nits when no mapping exists.
11-29 07:05:40.266 1491 1874 E DisplayDeviceConfig: requesting nits when no mapping exists.
11-29 07:05:40.280 1491 1874 E DisplayDeviceConfig: requesting nits when no mapping exists.
11-29 07:05:40.281 1491 1874 E DisplayDeviceConfig: requesting nits when no mapping exists.
11-29 07:05:40.297 1491 1874 E DisplayDeviceConfig: requesting nits when no mapping exists.
11-29 07:05:40.298 1491 1874 E DisplayDeviceConfig: requesting nits when no mapping exists.
11-29 07:05:40.314 1491 1874 E DisplayDeviceConfig: requesting nits when no mapping exists.
11-29 07:05:40.314 1491 1874 E DisplayDeviceConfig: requesting nits when no mapping exists.
11-29 07:05:46.349 1491 1626 I PowerManagerService: Napping display group (groupId=0, uid=1000)...
11-29 07:05:46.349 1491 1626 I PowerManagerService: Nap time (uid 1000)...
11-29 07:05:46.352 1491 1626 I DreamManagerService: Entering dreamland.
11-29 07:05:46.355 1491 1626 I PowerManagerService: Dreaming...
11-29 07:05:46.362 1491 1596 I DreamController: Starting dream: name=ComponentInfo{com.thundercomm.screensaver/com.thundercomm.saverclock.service.ClockScreensaver}, isTest=false, canDoze=false, userId=0
11-29 07:05:46.376 1491 11109 I ActivityTaskManager: START u0 {flg=0x10000000 pkg=com.thundercomm.screensaver cmp=com.thundercomm.screensaver/android.service.dreams.DreamActivity (has extras)} from uid 10052
11-29 07:05:46.386 1491 11109 W ActivityTaskManager: Can't find TaskDisplayArea to determine support for multi window. Task id=168 attached=false
11-29 07:05:46.394 1491 11109 W WindowManager: updateScale0.4617737
11-29 07:05:46.404 1491 8701 I ActivityTaskManager: FOREGROUND_APPLICATION_CHANGED to android.service.dreams.DreamActivity
11-29 07:05:46.404 1491 8701 I ActivityTaskManager: The Process com.thundercomm.screensaver Already Exists in BG. So sending its PID: 5601
11-29 07:05:46.405 1491 8701 W ActivityTaskManager: Tried to set launchTime (0) < mLastActivityLaunchTime (13538091)
11-29 07:05:46.432 1491 8701 W WindowManager: Failed looking up window session=Session{82b36f9 5601:u0a10052} callers=com.android.server.wm.WindowManagerService.windowForClientLocked:5628 com.android.server.wm.Session.insetsModified:629 android.view.IWindowSession$Stub.onTransact:1151
11-29 07:05:46.441 16043 16059 W ContextImpl: Calling a method in the system process without a qualified user: android.app.ContextImpl.startService:1816 android.content.ContextWrapper.startService:774 com.thundercomm.gamemode.ingame.services.GameModeActionUtils.startGameModeService:93 com.thundercomm.gamemode.ingame.services.GameModeActionUtils.startGameModeEntry:21 com.thundercomm.gamemode.ingame.services.ActivityMonitoringService$1.onActivityLaunch:127
11-29 07:05:46.447 1491 1491 I GameModeConfig: Current uri is uri = content://com.thundercomm.gamemode.api/gamemode_settings/gamemode_isgaming
11-29 07:05:46.458 1491 11109 W WindowManager: updateScale0.4617737
11-29 07:05:46.459 1491 1491 I GameModeConfig: isGameModeOn = false
11-29 07:05:46.459 1491 1491 I GameModeConfig: isGameModeOn = false
11-29 07:05:46.459 1491 1491 I GameModeConfig: isDisableVoice = true
11-29 07:05:46.463 1491 1760 I GameModeConfig: isGameModeOn = false
11-29 07:05:46.463 1491 1760 I GameModeConfig: isGameModeOn = false
11-29 07:05:46.464 1491 1760 I GameModeConfig: isGameModeOn = false
11-29 07:05:46.464 1491 1760 I GameModeConfig: isGameModeOn = false
11-29 07:05:46.467 1491 1599 W WindowManager: updateScale0.4617737
11-29 07:05:46.469 1491 1599 W WindowManager: updateScale0.4617737
11-29 07:05:46.470 1491 1600 W WindowManager: updateScale0.4617737
11-29 07:05:46.476 1491 1600 W WindowManager: updateScale0.4617737
11-29 07:05:46.479 1491 1600 W WindowManager: updateScale0.4617737
11-29 07:05:46.479 1491 1626 V DisplayPowerController[0]: Brightness [1.0] reason changing to: 'manual', previous reason: 'manual [ dim ]'.
11-29 07:05:46.481 1491 1874 E DisplayDeviceConfig: requesting nits when no mapping exists.
11-29 07:05:46.482 1491 1874 E DisplayDeviceConfig: requesting nits when no mapping exists.
11-29 07:05:46.499 1491 1874 E DisplayDeviceConfig: requesting nits when no mapping exists.
11-29 07:05:46.499 1491 1874 E DisplayDeviceConfig: requesting nits when no mapping exists.
11-29 07:05:46.515 1491 1874 E DisplayDeviceConfig: requesting nits when no mapping exists.
11-29 07:05:46.516 1491 1874 E DisplayDeviceConfig: requesting nits when no mapping exists.
