11-29 07:22:41.786 1491 8646 I wm_set_resumed_activity: [0,com.android.launcher3/.uioverrides.QuickstepLauncher,resumeTopActivityInnerLocked]
11-29 07:22:41.787 1491 8646 I wm_resume_activity: [0,254362067,41,com.android.launcher3/.uioverrides.QuickstepLauncher]
11-29 07:22:41.789 9956 9956 I wm_on_resume_called: [254362067,com.android.launcher3.uioverrides.QuickstepLauncher,RESUME_ACTIVITY]
11-29 07:22:41.793 1491 1600 I input_focus: [Focus request cd0514f com.android.launcher3/com.android.launcher3.uioverrides.QuickstepLauncher,reason=UpdateInputWindows]
11-29 07:22:41.795 9956 9956 I wm_on_top_resumed_gained_called: [254362067,com.android.launcher3.uioverrides.QuickstepLauncher,topStateChangedWhenResumed]
11-29 07:22:41.796 21963 21963 I sysui_multi_action: [757,35,758,2,1089,9603]
11-29 07:22:41.797 1491 8592 I wm_stop_activity: [0,1880250,com.android.settings/.homepage.SettingsHomepageActivity]
11-29 07:22:41.800 21963 21963 I sysui_multi_action: [757,746,758,2,1089,7700]
11-29 07:22:41.802 1491 1599 I sysui_multi_action: [757,803,799,window_time_0,802,10]
11-29 07:22:41.805 1491 1599 I sysui_multi_action: [757,803,799,window_time_0,802,0]
11-29 07:22:41.806 1491 1693 I input_focus: [Focus entering cd0514f com.android.launcher3/com.android.launcher3.uioverrides.QuickstepLauncher (server),reason=setFocusedWindow]
11-29 07:22:41.806 21963 21963 I wm_on_paused_called: [1880250,com.android.settings.homepage.SettingsHomepageActivity,performPause]
11-29 07:22:41.830 21963 21963 I wm_on_stop_called: [1880250,com.android.settings.homepage.SettingsHomepageActivity,STOP_ACTIVITY_ITEM]
11-29 07:22:41.846 1491 1607 I am_pss : [22070,10097,com.tencent.android.qqdownloader,141844480,114319360,0,257347584,0,16,12]
11-29 07:22:41.858 1491 1607 I am_pss : [22037,10097,com.tencent.android.qqdownloader:daemon,90845184,50499584,0,220651520,0,17,10]
11-29 07:22:41.864 1491 1607 I am_pss : [22333,10097,com.tencent.android.qqdownloader:cloud,20314112,8003584,0,97329152,0,19,5]
11-29 07:22:41.870 16043 16059 W ContextImpl: Calling a method in the system process without a qualified user: android.app.ContextImpl.startService:1816 android.content.ContextWrapper.startService:774 com.thundercomm.gamemode.ingame.services.GameModeActionUtils.startGameModeService:93 com.thundercomm.gamemode.ingame.services.GameModeActionUtils.startGameModeEntry:21 com.thundercomm.gamemode.ingame.services.ActivityMonitoringService$1.onActivityLaunch:127
11-29 07:22:41.872 1491 1607 I am_pss : [22742,99000,com.android.webview:sandboxed_process0:org.chromium.content.app.SandboxedProcessService0:0,40442880,16347136,778240,120946688,0,19,6]
11-29 07:22:41.877 1491 1491 I GameModeConfig: Current uri is uri = content://com.thundercomm.gamemode.api/gamemode_settings/gamemode_isgaming
11-29 07:22:41.878 1491 1491 I GameModeConfig: isGameModeOn = false
11-29 07:22:41.878 1491 1491 I GameModeConfig: isGameModeOn = false
11-29 07:22:41.879 1491 1491 I GameModeConfig: isDisableVoice = true
11-29 07:22:41.902 16043 16059 W ContextImpl: Calling a method in the system process without a qualified user: android.app.ContextImpl.startService:1816 android.content.ContextWrapper.startService:774 com.thundercomm.gamemode.ingame.services.GameModeActionUtils.startGameModeService:93 com.thundercomm.gamemode.ingame.services.GameModeActionUtils.startGameModeEntry:21 com.thundercomm.gamemode.ingame.services.ActivityMonitoringService$1.onActivityLaunch:127
11-29 07:22:41.907 1491 1491 I GameModeConfig: Current uri is uri = content://com.thundercomm.gamemode.api/gamemode_settings/gamemode_isgaming
11-29 07:22:41.909 1491 1491 I GameModeConfig: isGameModeOn = false
11-29 07:22:41.910 1491 1491 I GameModeConfig: isGameModeOn = false
11-29 07:22:41.910 1491 1491 I GameModeConfig: isDisableVoice = true
11-29 07:22:42.079 0 0 I auditd : type=1400 audit(0.0:16893): avc: denied { kill } for comm="swapper/3" capability=5 scontext=u:r:kernel:s0 tcontext=u:r:kernel:s0 tclass=capability permissive=0
11-29 07:22:43.079 0 0 I auditd : type=1400 audit(0.0:16894): avc: denied { kill } for comm="swapper/3" capability=5 scontext=u:r:kernel:s0 tcontext=u:r:kernel:s0 tclass=capability permissive=0
11-29 07:22:44.079 0 0 I auditd : type=1400 audit(0.0:16895): avc: denied { kill } for comm="swapper/3" capability=5 scontext=u:r:kernel:s0 tcontext=u:r:kernel:s0 tclass=capability permissive=0
11-29 07:22:45.079 0 0 I auditd : type=1400 audit(0.0:16896): avc: denied { kill } for comm="swapper/3" capability=5 scontext=u:r:kernel:s0 tcontext=u:r:kernel:s0 tclass=capability permissive=0
11-29 07:22:45.183 1491 1760 I GameModeConfig: isGameModeOn = false
11-29 07:22:45.211 1491 1760 I GameModeConfig: isGameModeOn = false
11-29 07:22:45.230 1491 1760 I GameModeConfig: isGameModeOn = false
11-29 07:22:45.248 1491 1760 I GameModeConfig: isGameModeOn = false
11-29 07:22:45.271 1491 1760 I GameModeConfig: isGameModeOn = false
11-29 07:22:45.286 1491 1760 I GameModeConfig: isGameModeOn = false
11-29 07:22:45.334 1491 1693 I input_interaction: Interaction with: 89b8349 StatusBar (server), edge-swipe (server), swipe-up (server), PointerEventDispatcher0 (server),
11-29 07:22:45.341 19842 19842 I sysui_multi_action: [757,803,799,panel_open,802,1]
11-29 07:22:45.343 19842 19842 I sysui_multi_action: [757,1328,758,4,1326,60,1327,1,1329,0]
11-29 07:22:45.388 1491 1760 I GameModeConfig: isGameModeOn = false
11-29 07:22:45.415 1491 1760 I GameModeConfig: isGameModeOn = false
11-29 07:22:45.415 1491 2068 I sysui_multi_action: [757,127,758,1]
11-29 07:22:45.415 1491 2068 I sysui_multi_action: [757,804,799,note_load,801,2,802,1]
11-29 07:22:45.415 1491 2068 I notification_panel_revealed: 2
11-29 07:22:45.416 1491 1760 I GameModeConfig: isGameModeOn = false
11-29 07:22:45.417 1491 1760 I GameModeConfig: isGameModeOn = false
11-29 07:22:45.417 1491 1760 I GameModeConfig: isGameModeOn = false
11-29 07:22:45.417 1491 1760 I GameModeConfig: isGameModeOn = false
11-29 07:22:45.417 1491 1760 I GameModeConfig: isGameModeOn = false
11-29 07:22:45.417 1491 1760 I GameModeConfig: isGameModeOn = false
11-29 07:22:45.418 19842 19842 I sysui_multi_action: [757,111,758,2]
11-29 07:22:45.418 1491 1491 I notification_enqueue: [10082,19842,com.android.systemui,2048,NULL,0,Notification(channel=updateNotification shortcut=null contentView=null vibrate=null sound=null defaults=0x0 flags=0x0 color=0x00000000 vis=PRIVATE),1]
11-29 07:22:45.418 19842 19842 I sysui_multi_action: [757,111,758,2]
11-29 07:22:45.432 1491 1600 I input_focus: [Focus request 3124ee4 NotificationShade,reason=UpdateInputWindows]
11-29 07:22:45.434 1491 1760 I GameModeConfig: isGameModeOn = false
11-29 07:22:45.436 19842 19842 I sysui_multi_action: [757,111,758,1]
11-29 07:22:45.436 19842 19842 I sysui_multi_action: [757,126,758,1,759,126,927,0,928,1,1593,0]
11-29 07:22:45.436 19842 19842 I sysui_multi_action: [757,113,758,1,759,113,927,1,928,1,1593,0]
11-29 07:22:45.436 19842 19842 I sysui_multi_action: [757,0,758,1,759,0,927,2,928,0,1593,0]
11-29 07:22:45.436 19842 19842 I sysui_multi_action: [757,0,758,1,759,0,927,3,928,0,1593,0]
11-29 07:22:45.437 19842 19842 I sysui_multi_action: [757,491,758,1,759,491,927,4,928,0,1311,-1,1593,0]
11-29 07:22:45.437 19842 19842 I sysui_multi_action: [757,0,758,1,759,0,927,5,928,0,1593,0]
11-29 07:22:45.437 19842 19842 I sysui_multi_action: [757,111,758,1]
11-29 07:22:45.437 19842 19842 I sysui_multi_action: [757,126,758,1,759,126,927,0,928,1,1593,0]
11-29 07:22:45.437 19842 19842 I sysui_multi_action: [757,113,758,1,759,113,927,1,928,1,1593,0]
11-29 07:22:45.437 19842 19842 I sysui_multi_action: [757,0,758,1,759,0,927,2,928,0,1593,0]
11-29 07:22:45.438 19842 19842 I sysui_multi_action: [757,0,758,1,759,0,927,3,928,0,1593,0]
11-29 07:22:45.447 1491 1760 I GameModeConfig: isGameModeOn = false
11-29 07:22:45.448 1491 1760 I GameModeConfig: isGameModeOn = false
11-29 07:22:45.448 1491 1760 I GameModeConfig: isGameModeOn = false
11-29 07:22:45.448 1491 1760 I GameModeConfig: isGameModeOn = false
11-29 07:22:45.448 1491 1760 I GameModeConfig: isGameModeOn = false
11-29 07:22:45.448 1491 1760 I GameModeConfig: isGameModeOn = false
11-29 07:22:45.449 19842 19842 I sysui_multi_action: [757,111,758,2]
11-29 07:22:45.449 1491 1491 I notification_enqueue: [10082,19842,com.android.systemui,2048,NULL,0,Notification(channel=updateNotification shortcut=null contentView=null vibrate=null sound=null defaults=0x0 flags=0x0 color=0x00000000 vis=PRIVATE),1]
11-29 07:22:45.449 19842 19842 I sysui_multi_action: [757,111,758,2]
11-29 07:22:45.453 19842 19842 I sysui_multi_action: [757,111,758,1]
11-29 07:22:45.453 19842 19842 I sysui_multi_action: [757,126,758,1,759,126,927,0,928,1,1593,0]
11-29 07:22:45.453 19842 19842 I sysui_multi_action: [757,113,758,1,759,113,927,1,928,1,1593,0]
11-29 07:22:45.453 19842 19842 I sysui_multi_action: [757,0,758,1,759,0,927,2,928,0,1593,0]
11-29 07:22:45.453 19842 19842 I sysui_multi_action: [757,0,758,1,759,0,927,3,928,0,1593,0]
11-29 07:22:45.454 1491 1693 I input_focus: [Focus leaving cd0514f com.android.launcher3/com.android.launcher3.uioverrides.QuickstepLauncher (server),reason=setFocusedWindow]
11-29 07:22:45.454 19842 19842 I sysui_multi_action: [757,491,758,1,759,491,927,4,928,0,1311,-1,1593,0]
11-29 07:22:45.454 19842 19842 I sysui_multi_action: [757,0,758,1,759,0,927,5,928,0,1593,0]
11-29 07:22:45.454 1491 1693 I input_focus: [Focus entering 3124ee4 NotificationShade (server),reason=setFocusedWindow]
11-29 07:22:45.454 19842 19842 I sysui_multi_action: [757,111,758,1]
11-29 07:22:45.454 19842 19842 I sysui_multi_action: [757,126,758,1,759,126,927,0,928,1,1593,0]
11-29 07:22:45.454 19842 19842 I sysui_multi_action: [757,113,758,1,759,113,927,1,928,1,1593,0]
11-29 07:22:45.454 19842 19842 I sysui_multi_action: [757,0,758,1,759,0,927,2,928,0,1593,0]
11-29 07:22:45.454 1491 1760 I GameModeConfig: isGameModeOn = false
11-29 07:22:45.454 19842 19842 I sysui_multi_action: [757,0,758,1,759,0,927,3,928,0,1593,0]
11-29 07:22:45.468 1491 1760 I GameModeConfig: isGameModeOn = false
11-29 07:22:45.468 1491 1760 I GameModeConfig: isGameModeOn = false
11-29 07:22:45.468 1491 1760 I GameModeConfig: isGameModeOn = false
11-29 07:22:45.468 1491 1760 I GameModeConfig: isGameModeOn = false
11-29 07:22:45.468 1491 1760 I GameModeConfig: isGameModeOn = false
11-29 07:22:45.468 1491 1760 I GameModeConfig: isGameModeOn = false
11-29 07:22:45.469 19842 19842 I sysui_multi_action: [757,111,758,2]
11-29 07:22:45.469 19842 19842 I sysui_multi_action: [757,111,758,2]
11-29 07:22:45.470 1491 1491 I notification_enqueue: [10082,19842,com.android.systemui,2048,NULL,0,Notification(channel=updateNotification shortcut=null contentView=null vibrate=null sound=null defaults=0x0 flags=0x0 color=0x00000000 vis=PRIVATE),1]
11-29 07:22:45.471 1491 1760 I GameModeConfig: isGameModeOn = false
11-29 07:22:45.473 19842 19842 I sysui_multi_action: [757,111,758,1]
11-29 07:22:45.473 19842 19842 I sysui_multi_action: [757,126,758,1,759,126,927,0,928,1,1593,0]
11-29 07:22:45.473 19842 19842 I sysui_multi_action: [757,113,758,1,759,113,927,1,928,1,1593,0]
11-29 07:22:45.473 19842 19842 I sysui_multi_action: [757,0,758,1,759,0,927,2,928,0,1593,0]
11-29 07:22:45.473 19842 19842 I sysui_multi_action: [757,0,758,1,759,0,927,3,928,0,1593,0]
11-29 07:22:45.473 19842 19842 I sysui_multi_action: [757,491,758,1,759,491,927,4,928,0,1311,-1,1593,0]
11-29 07:22:45.473 19842 19842 I sysui_multi_action: [757,0,758,1,759,0,927,5,928,0,1593,0]
11-29 07:22:45.473 19842 19842 I sysui_multi_action: [757,111,758,1]
11-29 07:22:45.473 19842 19842 I sysui_multi_action: [757,126,758,1,759,126,927,0,928,1,1593,0]
11-29 07:22:45.473 19842 19842 I sysui_multi_action: [757,113,758,1,759,113,927,1,928,1,1593,0]
11-29 07:22:45.473 19842 19842 I sysui_multi_action: [757,0,758,1,759,0,927,2,928,0,1593,0]
11-29 07:22:45.474 19842 19842 I sysui_multi_action: [757,0,758,1,759,0,927,3,928,0,1593,0]
11-29 07:22:45.482 1491 1760 I GameModeConfig: isGameModeOn = false
11-29 07:22:45.482 1491 1760 I GameModeConfig: isGameModeOn = false
11-29 07:22:45.482 1491 1760 I GameModeConfig: isGameModeOn = false
11-29 07:22:45.483 1491 1760 I GameModeConfig: isGameModeOn = false
11-29 07:22:45.483 1491 1760 I GameModeConfig: isGameModeOn = false
11-29 07:22:45.483 1491 1760 I GameModeConfig: isGameModeOn = false
11-29 07:22:45.484 19842 19842 I sysui_multi_action: [757,111,758,2]
11-29 07:22:45.484 19842 19842 I sysui_multi_action: [757,111,758,2]
11-29 07:22:45.484 1491 1491 I notification_enqueue: [10082,19842,com.android.systemui,2048,NULL,0,Notification(channel=updateNotification shortcut=null contentView=null vibrate=null sound=null defaults=0x0 flags=0x0 color=0x00000000 vis=PRIVATE),1]
11-29 07:22:45.487 19842 19842 I sysui_multi_action: [757,111,758,1]
11-29 07:22:45.487 19842 19842 I sysui_multi_action: [757,126,758,1,759,126,927,0,928,1,1593,0]
11-29 07:22:45.487 19842 19842 I sysui_multi_action: [757,113,758,1,759,113,927,1,928,1,1593,0]
11-29 07:22:45.487 19842 19842 I sysui_multi_action: [757,0,758,1,759,0,927,2,928,0,1593,0]
11-29 07:22:45.487 19842 19842 I sysui_multi_action: [757,0,758,1,759,0,927,3,928,0,1593,0]
11-29 07:22:45.487 19842 19842 I sysui_multi_action: [757,491,758,1,759,491,927,4,928,0,1311,-1,1593,0]
11-29 07:22:45.487 19842 19842 I sysui_multi_action: [757,0,758,1,759,0,927,5,928,0,1593,0]
11-29 07:22:45.487 19842 19842 I sysui_multi_action: [757,111,758,1]
11-29 07:22:45.487 19842 19842 I sysui_multi_action: [757,126,758,1,759,126,927,0,928,1,1593,0]
11-29 07:22:45.488 19842 19842 I sysui_multi_action: [757,113,758,1,759,113,927,1,928,1,1593,0]
11-29 07:22:45.488 19842 19842 I sysui_multi_action: [757,0,758,1,759,0,927,2,928,0,1593,0]
11-29 07:22:45.488 19842 19842 I sysui_multi_action: [757,0,758,1,759,0,927,3,928,0,1593,0]
11-29 07:22:45.488 1491 1760 I GameModeConfig: isGameModeOn = false
11-29 07:22:45.510 1491 1760 I GameModeConfig: isGameModeOn = false
11-29 07:22:45.511 1491 1760 I GameModeConfig: isGameModeOn = false
11-29 07:22:45.511 1491 1760 I GameModeConfig: isGameModeOn = false
11-29 07:22:45.511 1491 1760 I GameModeConfig: isGameModeOn = false
11-29 07:22:45.511 1491 1760 I GameModeConfig: isGameModeOn = false
11-29 07:22:45.511 1491 1760 I GameModeConfig: isGameModeOn = false
11-29 07:22:45.512 19842 19842 I sysui_multi_action: [757,111,758,2]
11-29 07:22:45.513 19842 19842 I sysui_multi_action: [757,111,758,2]
11-29 07:22:45.515 1491 1491 I notification_enqueue: [10082,19842,com.android.systemui,2048,NULL,0,Notification(channel=updateNotification shortcut=null contentView=null vibrate=null sound=null defaults=0x0 flags=0x0 color=0x00000000 vis=PRIVATE),1]
11-29 07:22:45.517 19842 19842 I sysui_multi_action: [757,111,758,1]
11-29 07:22:45.518 19842 19842 I sysui_multi_action: [757,126,758,1,759,126,927,0,928,1,1593,0]
11-29 07:22:45.518 19842 19842 I sysui_multi_action: [757,113,758,1,759,113,927,1,928,1,1593,0]
11-29 07:22:45.518 19842 19842 I sysui_multi_action: [757,0,758,1,759,0,927,2,928,0,1593,0]
11-29 07:22:45.518 19842 19842 I sysui_multi_action: [757,0,758,1,759,0,927,3,928,0,1593,0]
11-29 07:22:45.518 19842 19842 I sysui_multi_action: [757,491,758,1,759,491,927,4,928,0,1311,-1,1593,0]
11-29 07:22:45.518 19842 19842 I sysui_multi_action: [757,0,758,1,759,0,927,5,928,0,1593,0]
11-29 07:22:45.518 19842 19842 I sysui_multi_action: [757,111,758,1]
11-29 07:22:45.518 19842 19842 I sysui_multi_action: [757,126,758,1,759,126,927,0,928,1,1593,0]
11-29 07:22:45.518 19842 19842 I sysui_multi_action: [757,113,758,1,759,113,927,1,928,1,1593,0]
11-29 07:22:45.518 19842 19842 I sysui_multi_action: [757,0,758,1,759,0,927,2,928,0,1593,0]
11-29 07:22:45.518 19842 19842 I sysui_multi_action: [757,0,758,1,759,0,927,3,928,0,1593,0]
11-29 07:22:45.528 1491 1760 I GameModeConfig: isGameModeOn = false
11-29 07:22:45.529 1491 1760 I GameModeConfig: isGameModeOn = false
11-29 07:22:45.529 1491 1760 I GameModeConfig: isGameModeOn = false
11-29 07:22:45.529 1491 1760 I GameModeConfig: isGameModeOn = false
11-29 07:22:45.530 1491 1760 I GameModeConfig: isGameModeOn = false
11-29 07:22:45.530 1491 1760 I GameModeConfig: isGameModeOn = false
11-29 07:22:45.531 19842 19842 I sysui_multi_action: [757,111,758,2]
11-29 07:22:45.531 19842 19842 I sysui_multi_action: [757,111,758,2]
11-29 07:22:45.531 1491 1491 I notification_enqueue: [10082,19842,com.android.systemui,2048,NULL,0,Notification(channel=updateNotification shortcut=null contentView=null vibrate=null sound=null defaults=0x0 flags=0x0 color=0x00000000 vis=PRIVATE),1]
11-29 07:22:45.535 19842 19842 I sysui_multi_action: [757,111,758,1]
11-29 07:22:45.535 19842 19842 I sysui_multi_action: [757,126,758,1,759,126,927,0,928,1,1593,0]
11-29 07:22:45.535 19842 19842 I sysui_multi_action: [757,113,758,1,759,113,927,1,928,1,1593,0]
11-29 07:22:45.535 19842 19842 I sysui_multi_action: [757,0,758,1,759,0,927,2,928,0,1593,0]
11-29 07:22:45.535 19842 19842 I sysui_multi_action: [757,0,758,1,759,0,927,3,928,0,1593,0]
11-29 07:22:45.536 19842 19842 I sysui_multi_action: [757,491,758,1,759,491,927,4,928,0,1311,-1,1593,0]
11-29 07:22:45.536 19842 19842 I sysui_multi_action: [757,0,758,1,759,0,927,5,928,0,1593,0]
11-29 07:22:45.536 19842 19842 I sysui_multi_action: [757,111,758,1]
11-29 07:22:45.536 19842 19842 I sysui_multi_action: [757,126,758,1,759,126,927,0,928,1,1593,0]
11-29 07:22:45.536 19842 19842 I sysui_multi_action: [757,113,758,1,759,113,927,1,928,1,1593,0]
11-29 07:22:45.536 19842 19842 I sysui_multi_action: [757,0,758,1,759,0,927,2,928,0,1593,0]
11-29 07:22:45.536 19842 19842 I sysui_multi_action: [757,0,758,1,759,0,927,3,928,0,1593,0]
11-29 07:22:45.547 1491 1760 I GameModeConfig: isGameModeOn = false
11-29 07:22:45.547 1491 1760 I GameModeConfig: isGameModeOn = false
11-29 07:22:45.547 1491 1760 I GameModeConfig: isGameModeOn = false
11-29 07:22:45.547 1491 1760 I GameModeConfig: isGameModeOn = false
11-29 07:22:45.547 1491 1760 I GameModeConfig: isGameModeOn = false
11-29 07:22:45.547 1491 1760 I GameModeConfig: isGameModeOn = false
11-29 07:22:45.549 1491 1491 I notification_enqueue: [10082,19842,com.android.systemui,2048,NULL,0,Notification(channel=updateNotification shortcut=null contentView=null vibrate=null sound=null defaults=0x0 flags=0x0 color=0x00000000 vis=PRIVATE),1]
11-29 07:22:45.550 19842 19842 I sysui_multi_action: [757,111,758,2]
11-29 07:22:45.550 19842 19842 I sysui_multi_action: [757,111,758,2]
11-29 07:22:45.553 19842 19842 I sysui_multi_action: [757,111,758,1]
11-29 07:22:45.553 19842 19842 I sysui_multi_action: [757,126,758,1,759,126,927,0,928,1,1593,0]
11-29 07:22:45.554 19842 19842 I sysui_multi_action: [757,113,758,1,759,113,927,1,928,1,1593,0]
11-29 07:22:45.554 19842 19842 I sysui_multi_action: [757,0,758,1,759,0,927,2,928,0,1593,0]
11-29 07:22:45.554 19842 19842 I sysui_multi_action: [757,0,758,1,759,0,927,3,928,0,1593,0]
11-29 07:22:45.554 19842 19842 I sysui_multi_action: [757,491,758,1,759,491,927,4,928,0,1311,-1,1593,0]
11-29 07:22:45.554 19842 19842 I sysui_multi_action: [757,0,758,1,759,0,927,5,928,0,1593,0]
11-29 07:22:45.554 19842 19842 I sysui_multi_action: [757,111,758,1]
11-29 07:22:45.554 19842 19842 I sysui_multi_action: [757,126,758,1,759,126,927,0,928,1,1593,0]
11-29 07:22:45.554 19842 19842 I sysui_multi_action: [757,113,758,1,759,113,927,1,928,1,1593,0]
11-29 07:22:45.554 19842 19842 I sysui_multi_action: [757,0,758,1,759,0,927,2,928,0,1593,0]
11-29 07:22:45.555 19842 19842 I sysui_multi_action: [757,0,758,1,759,0,927,3,928,0,1593,0]
11-29 07:22:45.567 1491 1760 I GameModeConfig: isGameModeOn = false
11-29 07:22:45.567 1491 1760 I GameModeConfig: isGameModeOn = false
11-29 07:22:45.568 1491 1760 I GameModeConfig: isGameModeOn = false
11-29 07:22:45.568 1491 1760 I GameModeConfig: isGameModeOn = false
11-29 07:22:45.568 1491 1760 I GameModeConfig: isGameModeOn = false
11-29 07:22:45.568 1491 1760 I GameModeConfig: isGameModeOn = false
11-29 07:22:45.569 1491 1491 I notification_enqueue: [10082,19842,com.android.systemui,2048,NULL,0,Notification(channel=updateNotification shortcut=null contentView=null vibrate=null sound=null defaults=0x0 flags=0x0 color=0x00000000 vis=PRIVATE),1]
11-29 07:22:45.570 19842 19842 I sysui_multi_action: [757,111,758,2]
11-29 07:22:45.570 19842 19842 I sysui_multi_action: [757,111,758,2]
11-29 07:22:45.575 19842 19842 I sysui_multi_action: [757,111,758,1]
11-29 07:22:45.575 19842 19842 I sysui_multi_action: [757,126,758,1,759,126,927,0,928,1,1593,0]
11-29 07:22:45.575 19842 19842 I sysui_multi_action: [757,113,758,1,759,113,927,1,928,1,1593,0]
11-29 07:22:45.575 19842 19842 I sysui_multi_action: [757,0,758,1,759,0,927,2,928,0,1593,0]
11-29 07:22:45.576 19842 19842 I sysui_multi_action: [757,0,758,1,759,0,927,3,928,0,1593,0]
11-29 07:22:45.576 19842 19842 I sysui_multi_action: [757,491,758,1,759,491,927,4,928,0,1311,-1,1593,0]
11-29 07:22:45.576 19842 19842 I sysui_multi_action: [757,0,758,1,759,0,927,5,928,0,1593,0]
11-29 07:22:45.576 19842 19842 I sysui_multi_action: [757,111,758,1]
11-29 07:22:45.576 19842 19842 I sysui_multi_action: [757,126,758,1,759,126,927,0,928,1,1593,0]
11-29 07:22:45.576 19842 19842 I sysui_multi_action: [757,113,758,1,759,113,927,1,928,1,1593,0]
11-29 07:22:45.577 19842 19842 I sysui_multi_action: [757,0,758,1,759,0,927,2,928,0,1593,0]
11-29 07:22:45.577 19842 19842 I sysui_multi_action: [757,0,758,1,759,0,927,3,928,0,1593,0]
11-29 07:22:45.589 1491 1760 I GameModeConfig: isGameModeOn = false
11-29 07:22:45.589 1491 1760 I GameModeConfig: isGameModeOn = false
11-29 07:22:45.589 1491 1760 I GameModeConfig: isGameModeOn = false
11-29 07:22:45.589 1491 1760 I GameModeConfig: isGameModeOn = false
11-29 07:22:45.589 1491 1760 I GameModeConfig: isGameModeOn = false
11-29 07:22:45.589 1491 1760 I GameModeConfig: isGameModeOn = false
11-29 07:22:45.590 19842 19842 I sysui_multi_action: [757,111,758,2]
11-29 07:22:45.590 19842 19842 I sysui_multi_action: [757,111,758,2]
11-29 07:22:45.591 1491 1491 I notification_enqueue: [10082,19842,com.android.systemui,2048,NULL,0,Notification(channel=updateNotification shortcut=null contentView=null vibrate=null sound=null defaults=0x0 flags=0x0 color=0x00000000 vis=PRIVATE),1]
11-29 07:22:45.594 19842 19842 I sysui_multi_action: [757,111,758,1]
11-29 07:22:45.594 19842 19842 I sysui_multi_action: [757,126,758,1,759,126,927,0,928,1,1593,0]
11-29 07:22:45.594 19842 19842 I sysui_multi_action: [757,113,758,1,759,113,927,1,928,1,1593,0]
11-29 07:22:45.594 19842 19842 I sysui_multi_action: [757,0,758,1,759,0,927,2,928,0,1593,0]
11-29 07:22:45.595 19842 19842 I sysui_multi_action: [757,0,758,1,759,0,927,3,928,0,1593,0]
11-29 07:22:45.595 19842 19842 I sysui_multi_action: [757,491,758,1,759,491,927,4,928,0,1311,-1,1593,0]
11-29 07:22:45.595 19842 19842 I sysui_multi_action: [757,0,758,1,759,0,927,5,928,0,1593,0]
11-29 07:22:45.595 19842 19842 I sysui_multi_action: [757,111,758,1]
11-29 07:22:45.595 19842 19842 I sysui_multi_action: [757,126,758,1,759,126,927,0,928,1,1593,0]
11-29 07:22:45.595 19842 19842 I sysui_multi_action: [757,113,758,1,759,113,927,1,928,1,1593,0]
11-29 07:22:45.595 19842 19842 I sysui_multi_action: [757,0,758,1,759,0,927,2,928,0,1593,0]
11-29 07:22:45.596 19842 19842 I sysui_multi_action: [757,0,758,1,759,0,927,3,928,0,1593,0]
11-29 07:22:45.620 1491 1491 I GameModeConfig: isGameModeOn = false
11-29 07:22:45.621 1491 1491 I sysui_multi_action: [757,1501,758,1,793,14922882,794,0,795,204,796,2048,806,com.android.systemui,857,updateNotification,858,3,947,0,1500,0,1688,1]
11-29 07:22:45.621 1491 1491 I sysui_multi_action: [757,804,799,note_interruptive,801,0,802,1]
11-29 07:22:45.622 1491 1491 I sysui_multi_action: [757,199,758,1,759,2,793,14922883,794,0,795,205,796,2048,806,com.android.systemui,857,updateNotification,858,3,947,0,1500,1,1688,1]
11-29 07:22:45.622 1491 1491 I notification_alert: [0|com.android.systemui|2048|null|10082,0,1,0]
11-29 07:22:45.623 1491 1491 W NotificationHistory: Attempted to add notif for locked/gone/disabled user 0
11-29 07:22:45.654 1491 1491 I GameModeConfig: isGameModeOn = false
11-29 07:22:45.654 1491 1491 E NotificationService: Muting recently noisy 0|com.android.systemui|2048|null|10082
11-29 07:22:45.674 1491 1491 I GameModeConfig: isGameModeOn = false
11-29 07:22:45.674 1491 1491 E NotificationService: Muting recently noisy 0|com.android.systemui|2048|null|10082
11-29 07:22:45.685 1491 1491 I GameModeConfig: isGameModeOn = false
11-29 07:22:45.686 1491 1491 E NotificationService: Muting recently noisy 0|com.android.systemui|2048|null|10082
11-29 07:22:45.717 1491 1491 I GameModeConfig: isGameModeOn = false
11-29 07:22:45.717 1491 1491 E NotificationService: Muting recently noisy 0|com.android.systemui|2048|null|10082
11-29 07:22:45.733 1491 1491 I GameModeConfig: isGameModeOn = false
11-29 07:22:45.735 1491 1491 E NotificationService: Muting recently noisy 0|com.android.systemui|2048|null|10082
11-29 07:22:45.752 1491 1491 I GameModeConfig: isGameModeOn = false
11-29 07:22:45.753 1491 1491 E NotificationService: Muting recently noisy 0|com.android.systemui|2048|null|10082
11-29 07:22:45.771 1491 1491 I GameModeConfig: isGameModeOn = false
11-29 07:22:45.771 1491 1491 E NotificationService: Muting recently noisy 0|com.android.systemui|2048|null|10082
11-29 07:22:45.794 1491 1491 I GameModeConfig: isGameModeOn = false
11-29 07:22:45.795 1491 1491 E NotificationService: Muting recently noisy 0|com.android.systemui|2048|null|10082
11-29 07:22:45.863 24595 24595 I auditd : type=1400 audit(0.0:16897): avc: denied { read } for comm="Thread-81" name="tcp" dev="proc" ino=4026532256 scontext=u:r:untrusted_app:s0:c98,c256,c512,c768 tcontext=u:object_r:proc_net_tcp_udp:s0 tclass=file permissive=0 app=com.miHoYo.Yuanshen
11-29 07:22:45.968 1491 2068 I sysui_multi_action: [757,128,758,1,793,13530741,794,0,795,13530741,796,26,798,0,806,android,857,DEVELOPER_IMPORTANT,858,4,947,0,1395,2,1500,13530536,1688,1]
11-29 07:22:45.968 1491 2068 I sysui_multi_action: [757,804,799,note_freshness,801,13530741,802,1]
11-29 07:22:45.969 1491 2068 I notification_visibility: [-1|android|26|null|1000,1,13530741,13530741,0,0]
11-29 07:22:45.969 1491 2068 I sysui_multi_action: [757,128,758,1,793,13530745,794,0,795,13530745,796,32,798,1,806,android,857,USB,858,1,947,0,1395,2,1500,13530542,1688,1]
11-29 07:22:45.969 1491 2068 I sysui_multi_action: [757,804,799,note_freshness,801,13530745,802,1]
11-29 07:22:45.969 1491 2068 I notification_visibility: [-1|android|32|null|1000,1,13530745,13530745,0,1]
11-29 07:22:46.079 0 0 I auditd : type=1400 audit(0.0:16898): avc: denied { kill } for comm="swapper/0" capability=5 scontext=u:r:kernel:s0 tcontext=u:r:kernel:s0 tclass=capability permissive=0
11-29 07:22:46.643 1491 1693 I input_interaction: Interaction with: 3124ee4 NotificationShade (server), edge-swipe (server), swipe-up (server), PointerEventDispatcher0 (server),
11-29 07:22:46.682 1491 1693 I input_interaction: Interaction with: edge-swipe (server), swipe-up (server), PointerEventDispatcher0 (server),
11-29 07:22:46.685 19842 19842 I view_enqueue_input_event: [Motion - Cancel,NotificationShade]
11-29 07:22:46.745 1491 2068 I ActivityTaskManager: START u0 {act=android.intent.action.MAIN cat=[android.intent.category.HOME] flg=0x10000000 cmp=com.android.launcher3/.uioverrides.QuickstepLauncher} from uid 10077
11-29 07:22:46.746 1491 2068 I wm_new_intent: [0,254362067,41,com.android.launcher3/.uioverrides.QuickstepLauncher,android.intent.action.MAIN,NULL,NULL,268435712]
11-29 07:22:46.747 1491 2068 I wm_task_moved: [32,1,9]
11-29 07:22:46.747 1491 2068 I wm_set_resumed_activity: [0,com.android.launcher3/.uioverrides.QuickstepLauncher,positionChildAt]
11-29 07:22:46.751 9956 9956 I wm_on_top_resumed_lost_called: [254362067,com.android.launcher3.uioverrides.QuickstepLauncher,pausing]
11-29 07:22:46.751 9956 9956 I wm_on_paused_called: [254362067,com.android.launcher3.uioverrides.QuickstepLauncher,performPause]
11-29 07:22:46.753 9956 9956 I wm_on_resume_called: [254362067,com.android.launcher3.uioverrides.QuickstepLauncher,LIFECYCLER_RESUME_ACTIVITY]
11-29 07:22:46.753 9956 9956 I wm_on_top_resumed_gained_called: [254362067,com.android.launcher3.uioverrides.QuickstepLauncher,topWhenResuming]
11-29 07:22:46.783 1491 1600 I input_focus: [Focus request cd0514f com.android.launcher3/com.android.launcher3.uioverrides.QuickstepLauncher,reason=UpdateInputWindows]
11-29 07:22:46.803 1491 1693 I input_focus: [Focus leaving 3124ee4 NotificationShade (server),reason=NOT_FOCUSABLE]
11-29 07:22:46.804 1491 1693 I input_focus: [Focus entering cd0514f com.android.launcher3/com.android.launcher3.uioverrides.QuickstepLauncher (server),reason=setFocusedWindow]
11-29 07:22:46.947 1491 1760 I GameModeConfig: isGameModeOn = false
11-29 07:22:46.947 1491 1760 I GameModeConfig: isGameModeOn = false
11-29 07:22:46.947 1491 1760 I GameModeConfig: isGameModeOn = false
11-29 07:22:46.947 1491 1760 I GameModeConfig: isGameModeOn = false
11-29 07:22:46.948 1491 1760 I GameModeConfig: isGameModeOn = false
11-29 07:22:46.948 1491 1760 I GameModeConfig: isGameModeOn = false
11-29 07:22:46.949 1491 1491 I notification_enqueue: [10082,19842,com.android.systemui,2048,NULL,0,Notification(channel=updateNotification shortcut=null contentView=null vibrate=null sound=null defaults=0x0 flags=0x0 color=0x00000000 vis=PRIVATE),1]
11-29 07:22:46.951 19842 19842 I sysui_multi_action: [757,111,758,2]
11-29 07:22:46.951 19842 19842 I sysui_multi_action: [757,111,758,2]
11-29 07:22:46.960 19842 19842 I sysui_multi_action: [757,111,758,1]
11-29 07:22:46.960 19842 19842 I sysui_multi_action: [757,126,758,1,759,126,927,0,928,1,1593,1]
11-29 07:22:46.960 19842 19842 I sysui_multi_action: [757,113,758,1,759,113,927,1,928,1,1593,1]
11-29 07:22:46.960 19842 19842 I sysui_multi_action: [757,0,758,1,759,0,927,2,928,0,1593,1]
11-29 07:22:46.961 19842 19842 I sysui_multi_action: [757,0,758,1,759,0,927,3,928,0,1593,1]
11-29 07:22:46.961 19842 19842 I sysui_multi_action: [757,491,758,1,759,491,927,4,928,0,1311,-1,1593,0]
11-29 07:22:46.961 19842 19842 I sysui_multi_action: [757,0,758,1,759,0,927,5,928,0,1593,0]
11-29 07:22:46.961 19842 19842 I sysui_multi_action: [757,111,758,1]
11-29 07:22:46.961 19842 19842 I sysui_multi_action: [757,126,758,1,759,126,927,0,928,1,1593,1]
11-29 07:22:46.961 19842 19842 I sysui_multi_action: [757,113,758,1,759,113,927,1,928,1,1593,1]
11-29 07:22:46.962 19842 19842 I sysui_multi_action: [757,0,758,1,759,0,927,2,928,0,1593,1]
11-29 07:22:46.962 19842 19842 I sysui_multi_action: [757,0,758,1,759,0,927,3,928,0,1593,1]
11-29 07:22:46.971 1491 1760 I GameModeConfig: isGameModeOn = false
11-29 07:22:46.971 1491 1760 I GameModeConfig: isGameModeOn = false
11-29 07:22:46.971 1491 1760 I GameModeConfig: isGameModeOn = false
11-29 07:22:46.971 1491 1760 I GameModeConfig: isGameModeOn = false
11-29 07:22:46.971 1491 1760 I GameModeConfig: isGameModeOn = false
11-29 07:22:46.972 1491 1760 I GameModeConfig: isGameModeOn = false
11-29 07:22:46.973 19842 19842 I sysui_multi_action: [757,111,758,2]
11-29 07:22:46.974 19842 19842 I sysui_multi_action: [757,111,758,2]
11-29 07:22:46.974 1491 1491 I notification_enqueue: [10082,19842,com.android.systemui,2048,NULL,0,Notification(channel=updateNotification shortcut=null contentView=null vibrate=null sound=null defaults=0x0 flags=0x0 color=0x00000000 vis=PRIVATE),1]
11-29 07:22:46.979 19842 19842 I sysui_multi_action: [757,111,758,1]
11-29 07:22:46.979 19842 19842 I sysui_multi_action: [757,126,758,1,759,126,927,0,928,1,1593,1]
11-29 07:22:46.979 19842 19842 I sysui_multi_action: [757,113,758,1,759,113,927,1,928,1,1593,1]
11-29 07:22:46.979 19842 19842 I sysui_multi_action: [757,0,758,1,759,0,927,2,928,0,1593,1]
11-29 07:22:46.979 19842 19842 I sysui_multi_action: [757,0,758,1,759,0,927,3,928,0,1593,1]
11-29 07:22:46.980 19842 19842 I sysui_multi_action: [757,491,758,1,759,491,927,4,928,0,1311,-1,1593,0]
11-29 07:22:46.980 19842 19842 I sysui_multi_action: [757,0,758,1,759,0,927,5,928,0,1593,0]
11-29 07:22:46.980 19842 19842 I sysui_multi_action: [757,111,758,1]
11-29 07:22:46.980 19842 19842 I sysui_multi_action: [757,126,758,1,759,126,927,0,928,1,1593,1]
11-29 07:22:46.980 19842 19842 I sysui_multi_action: [757,113,758,1,759,113,927,1,928,1,1593,1]
11-29 07:22:46.980 19842 19842 I sysui_multi_action: [757,0,758,1,759,0,927,2,928,0,1593,1]
11-29 07:22:46.980 19842 19842 I sysui_multi_action: [757,0,758,1,759,0,927,3,928,0,1593,1]
11-29 07:22:46.988 19842 19842 I sysui_multi_action: [757,111,758,2]
11-29 07:22:46.989 19842 19842 I sysui_multi_action: [757,111,758,2]
11-29 07:22:46.989 1491 1491 I notification_enqueue: [10082,19842,com.android.systemui,2048,NULL,0,Notification(channel=updateNotification shortcut=null contentView=null vibrate=null sound=null defaults=0x0 flags=0x0 color=0x00000000 vis=PRIVATE),1]
11-29 07:22:46.991 1491 1760 I GameModeConfig: isGameModeOn = false
11-29 07:22:46.991 1491 1760 I GameModeConfig: isGameModeOn = false
11-29 07:22:46.992 19842 19842 I sysui_multi_action: [757,111,758,1]
11-29 07:22:46.992 1491 1760 I GameModeConfig: isGameModeOn = false
11-29 07:22:46.992 1491 1760 I GameModeConfig: isGameModeOn = false
11-29 07:22:46.992 19842 19842 I sysui_multi_action: [757,126,758,1,759,126,927,0,928,1,1593,1]
11-29 07:22:46.992 19842 19842 I sysui_multi_action: [757,113,758,1,759,113,927,1,928,1,1593,1]
11-29 07:22:46.992 19842 19842 I sysui_multi_action: [757,0,758,1,759,0,927,2,928,0,1593,1]
11-29 07:22:46.992 1491 1760 I GameModeConfig: isGameModeOn = false
11-29 07:22:46.992 19842 19842 I sysui_multi_action: [757,0,758,1,759,0,927,3,928,0,1593,1]
11-29 07:22:46.992 1491 1760 I GameModeConfig: isGameModeOn = false
11-29 07:22:46.992 19842 19842 I sysui_multi_action: [757,491,758,1,759,491,927,4,928,0,1311,-1,1593,0]
11-29 07:22:46.992 19842 19842 I sysui_multi_action: [757,0,758,1,759,0,927,5,928,0,1593,0]
11-29 07:22:46.992 19842 19842 I sysui_multi_action: [757,111,758,1]
11-29 07:22:46.992 19842 19842 I sysui_multi_action: [757,126,758,1,759,126,927,0,928,1,1593,1]
11-29 07:22:46.992 19842 19842 I sysui_multi_action: [757,113,758,1,759,113,927,1,928,1,1593,1]
11-29 07:22:46.992 19842 19842 I sysui_multi_action: [757,0,758,1,759,0,927,2,928,0,1593,1]
11-29 07:22:46.992 19842 19842 I sysui_multi_action: [757,0,758,1,759,0,927,3,928,0,1593,1]
11-29 07:22:46.999 1491 1760 I GameModeConfig: isGameModeOn = false
11-29 07:22:46.999 1491 1760 I GameModeConfig: isGameModeOn = false
11-29 07:22:46.999 1491 1760 I GameModeConfig: isGameModeOn = false
11-29 07:22:46.999 1491 1760 I GameModeConfig: isGameModeOn = false
11-29 07:22:46.999 1491 1760 I GameModeConfig: isGameModeOn = false
11-29 07:22:46.999 1491 1760 I GameModeConfig: isGameModeOn = false
11-29 07:22:47.001 19842 19842 I sysui_multi_action: [757,111,758,2]
11-29 07:22:47.002 19842 19842 I sysui_multi_action: [757,111,758,2]
11-29 07:22:47.003 1491 1491 I notification_enqueue: [10082,19842,com.android.systemui,2048,NULL,0,Notification(channel=updateNotification shortcut=null contentView=null vibrate=null sound=null defaults=0x0 flags=0x0 color=0x00000000 vis=PRIVATE),1]
11-29 07:22:47.004 19842 19842 I sysui_multi_action: [757,111,758,1]
11-29 07:22:47.004 19842 19842 I sysui_multi_action: [757,126,758,1,759,126,927,0,928,1,1593,1]
11-29 07:22:47.004 19842 19842 I sysui_multi_action: [757,113,758,1,759,113,927,1,928,1,1593,1]
11-29 07:22:47.004 19842 19842 I sysui_multi_action: [757,0,758,1,759,0,927,2,928,0,1593,1]
11-29 07:22:47.004 19842 19842 I sysui_multi_action: [757,0,758,1,759,0,927,3,928,0,1593,1]
11-29 07:22:47.005 19842 19842 I sysui_multi_action: [757,491,758,1,759,491,927,4,928,0,1311,-1,1593,0]
11-29 07:22:47.005 19842 19842 I sysui_multi_action: [757,0,758,1,759,0,927,5,928,0,1593,0]
11-29 07:22:47.005 19842 19842 I sysui_multi_action: [757,111,758,1]
11-29 07:22:47.005 19842 19842 I sysui_multi_action: [757,126,758,1,759,126,927,0,928,1,1593,1]
11-29 07:22:47.005 19842 19842 I sysui_multi_action: [757,113,758,1,759,113,927,1,928,1,1593,1]
11-29 07:22:47.005 19842 19842 I sysui_multi_action: [757,0,758,1,759,0,927,2,928,0,1593,1]
11-29 07:22:47.005 19842 19842 I sysui_multi_action: [757,0,758,1,759,0,927,3,928,0,1593,1]
11-29 07:22:47.014 1491 1760 I GameModeConfig: isGameModeOn = false
11-29 07:22:47.014 19842 19842 I sysui_multi_action: [757,111,758,2]
11-29 07:22:47.014 19842 19842 I sysui_multi_action: [757,111,758,2]
11-29 07:22:47.014 1491 1760 I GameModeConfig: isGameModeOn = false
11-29 07:22:47.015 1491 1760 I GameModeConfig: isGameModeOn = false
11-29 07:22:47.015 1491 1760 I GameModeConfig: isGameModeOn = false
11-29 07:22:47.015 1491 1760 I GameModeConfig: isGameModeOn = false
11-29 07:22:47.015 1491 1760 I GameModeConfig: isGameModeOn = false
11-29 07:22:47.015 1491 1491 I notification_enqueue: [10082,19842,com.android.systemui,2048,NULL,0,Notification(channel=updateNotification shortcut=null contentView=null vibrate=null sound=null defaults=0x0 flags=0x0 color=0x00000000 vis=PRIVATE),1]
11-29 07:22:47.016 19842 19842 I sysui_multi_action: [757,111,758,1]
11-29 07:22:47.016 19842 19842 I sysui_multi_action: [757,126,758,1,759,126,927,0,928,1,1593,0]
11-29 07:22:47.016 19842 19842 I sysui_multi_action: [757,113,758,1,759,113,927,1,928,1,1593,0]
11-29 07:22:47.016 19842 19842 I sysui_multi_action: [757,0,758,1,759,0,927,2,928,0,1593,0]
11-29 07:22:47.016 19842 19842 I sysui_multi_action: [757,0,758,1,759,0,927,3,928,0,1593,1]
11-29 07:22:47.017 19842 19842 I sysui_multi_action: [757,491,758,1,759,491,927,4,928,0,1311,-1,1593,0]
11-29 07:22:47.017 19842 19842 I sysui_multi_action: [757,0,758,1,759,0,927,5,928,0,1593,0]
11-29 07:22:47.017 19842 19842 I sysui_multi_action: [757,111,758,1]
11-29 07:22:47.017 19842 19842 I sysui_multi_action: [757,126,758,1,759,126,927,0,928,1,1593,1]
11-29 07:22:47.017 19842 19842 I sysui_multi_action: [757,113,758,1,759,113,927,1,928,1,1593,1]
11-29 07:22:47.017 19842 19842 I sysui_multi_action: [757,0,758,1,759,0,927,2,928,0,1593,1]
11-29 07:22:47.017 19842 19842 I sysui_multi_action: [757,0,758,1,759,0,927,3,928,0,1593,1]
11-29 07:22:47.030 1491 1760 I GameModeConfig: isGameModeOn = false
11-29 07:22:47.030 1491 1760 I GameModeConfig: isGameModeOn = false
11-29 07:22:47.030 1491 1760 I GameModeConfig: isGameModeOn = false
11-29 07:22:47.030 1491 1760 I GameModeConfig: isGameModeOn = false
11-29 07:22:47.031 1491 1760 I GameModeConfig: isGameModeOn = false
11-29 07:22:47.031 1491 1760 I GameModeConfig: isGameModeOn = false
11-29 07:22:47.031 19842 19842 I sysui_multi_action: [757,111,758,2]
11-29 07:22:47.031 19842 19842 I sysui_multi_action: [757,111,758,2]
11-29 07:22:47.032 1491 1491 I notification_enqueue: [10082,19842,com.android.systemui,2048,NULL,0,Notification(channel=updateNotification shortcut=null contentView=null vibrate=null sound=null defaults=0x0 flags=0x0 color=0x00000000 vis=PRIVATE),1]
11-29 07:22:47.035 19842 19842 I sysui_multi_action: [757,111,758,1]
11-29 07:22:47.035 19842 19842 I sysui_multi_action: [757,126,758,1,759,126,927,0,928,1,1593,1]
11-29 07:22:47.035 19842 19842 I sysui_multi_action: [757,113,758,1,759,113,927,1,928,1,1593,1]
11-29 07:22:47.035 19842 19842 I sysui_multi_action: [757,0,758,1,759,0,927,2,928,0,1593,1]
11-29 07:22:47.035 19842 19842 I sysui_multi_action: [757,0,758,1,759,0,927,3,928,0,1593,1]
11-29 07:22:47.035 19842 19842 I sysui_multi_action: [757,491,758,1,759,491,927,4,928,0,1311,-1,1593,0]
11-29 07:22:47.035 19842 19842 I sysui_multi_action: [757,0,758,1,759,0,927,5,928,0,1593,0]
11-29 07:22:47.035 19842 19842 I sysui_multi_action: [757,111,758,1]
11-29 07:22:47.035 19842 19842 I sysui_multi_action: [757,126,758,1,759,126,927,0,928,1,1593,1]
11-29 07:22:47.035 19842 19842 I sysui_multi_action: [757,113,758,1,759,113,927,1,928,1,1593,1]
11-29 07:22:47.035 19842 19842 I sysui_multi_action: [757,0,758,1,759,0,927,2,928,0,1593,1]
11-29 07:22:47.035 19842 19842 I sysui_multi_action: [757,0,758,1,759,0,927,3,928,0,1593,1]
11-29 07:22:47.047 1491 1760 I GameModeConfig: isGameModeOn = false
11-29 07:22:47.047 1491 1760 I GameModeConfig: isGameModeOn = false
11-29 07:22:47.047 1491 1760 I GameModeConfig: isGameModeOn = false
11-29 07:22:47.047 1491 1760 I GameModeConfig: isGameModeOn = false
11-29 07:22:47.048 1491 1760 I GameModeConfig: isGameModeOn = false
11-29 07:22:47.048 1491 1760 I GameModeConfig: isGameModeOn = false
11-29 07:22:47.049 19842 19842 I sysui_multi_action: [757,111,758,2]
11-29 07:22:47.049 19842 19842 I sysui_multi_action: [757,111,758,2]
11-29 07:22:47.050 1491 1491 I notification_enqueue: [10082,19842,com.android.systemui,2048,NULL,0,Notification(channel=updateNotification shortcut=null contentView=null vibrate=null sound=null defaults=0x0 flags=0x0 color=0x00000000 vis=PRIVATE),1]
11-29 07:22:47.052 19842 19842 I sysui_multi_action: [757,111,758,1]
11-29 07:22:47.052 19842 19842 I sysui_multi_action: [757,126,758,1,759,126,927,0,928,1,1593,1]
11-29 07:22:47.052 19842 19842 I sysui_multi_action: [757,113,758,1,759,113,927,1,928,1,1593,1]
11-29 07:22:47.052 19842 19842 I sysui_multi_action: [757,0,758,1,759,0,927,2,928,0,1593,1]
11-29 07:22:47.052 19842 19842 I sysui_multi_action: [757,0,758,1,759,0,927,3,928,0,1593,1]
11-29 07:22:47.052 19842 19842 I sysui_multi_action: [757,491,758,1,759,491,927,4,928,0,1311,-1,1593,0]
11-29 07:22:47.052 19842 19842 I sysui_multi_action: [757,0,758,1,759,0,927,5,928,0,1593,0]
11-29 07:22:47.052 19842 19842 I sysui_multi_action: [757,111,758,1]
11-29 07:22:47.052 19842 19842 I sysui_multi_action: [757,126,758,1,759,126,927,0,928,1,1593,1]
11-29 07:22:47.052 19842 19842 I sysui_multi_action: [757,113,758,1,759,113,927,1,928,1,1593,1]
11-29 07:22:47.053 19842 19842 I sysui_multi_action: [757,0,758,1,759,0,927,2,928,0,1593,1]
11-29 07:22:47.053 19842 19842 I sysui_multi_action: [757,0,758,1,759,0,927,3,928,0,1593,1]
11-29 07:22:47.064 1491 1760 I GameModeConfig: isGameModeOn = false
11-29 07:22:47.066 1491 1760 I GameModeConfig: isGameModeOn = false
11-29 07:22:47.067 1491 1760 I GameModeConfig: isGameModeOn = false
11-29 07:22:47.067 1491 1760 I GameModeConfig: isGameModeOn = false
11-29 07:22:47.067 1491 1760 I GameModeConfig: isGameModeOn = false
11-29 07:22:47.068 1491 1760 I GameModeConfig: isGameModeOn = false
11-29 07:22:47.069 19842 19842 I sysui_multi_action: [757,111,758,2]
11-29 07:22:47.069 19842 19842 I sysui_multi_action: [757,111,758,2]
11-29 07:22:47.071 19842 19842 I sysui_multi_action: [757,111,758,1]
11-29 07:22:47.071 19842 19842 I sysui_multi_action: [757,126,758,1,759,126,927,0,928,1,1593,1]
11-29 07:22:47.071 19842 19842 I sysui_multi_action: [757,113,758,1,759,113,927,1,928,1,1593,1]
11-29 07:22:47.072 19842 19842 I sysui_multi_action: [757,0,758,1,759,0,927,2,928,0,1593,1]
11-29 07:22:47.072 19842 19842 I sysui_multi_action: [757,0,758,1,759,0,927,3,928,0,1593,1]
11-29 07:22:47.072 19842 19842 I sysui_multi_action: [757,491,758,1,759,491,927,4,928,0,1311,-1,1593,0]
11-29 07:22:47.072 19842 19842 I sysui_multi_action: [757,0,758,1,759,0,927,5,928,0,1593,0]
11-29 07:22:47.072 19842 19842 I sysui_multi_action: [757,111,758,1]
11-29 07:22:47.072 19842 19842 I sysui_multi_action: [757,126,758,1,759,126,927,0,928,1,1593,1]
11-29 07:22:47.072 19842 19842 I sysui_multi_action: [757,113,758,1,759,113,927,1,928,1,1593,1]
11-29 07:22:47.072 19842 19842 I sysui_multi_action: [757,0,758,1,759,0,927,2,928,0,1593,1]
11-29 07:22:47.072 19842 19842 I sysui_multi_action: [757,0,758,1,759,0,927,3,928,0,1593,1]
11-29 07:22:47.069 1491 1491 I notification_enqueue: [10082,19842,com.android.systemui,2048,NULL,0,Notification(channel=updateNotification shortcut=null contentView=null vibrate=null sound=null defaults=0x0 flags=0x0 color=0x00000000 vis=PRIVATE),1]
11-29 07:22:47.081 1491 1760 I GameModeConfig: isGameModeOn = false
11-29 07:22:47.081 1491 1760 I GameModeConfig: isGameModeOn = false
11-29 07:22:47.081 1491 1760 I GameModeConfig: isGameModeOn = false
11-29 07:22:47.081 1491 1760 I GameModeConfig: isGameModeOn = false
11-29 07:22:47.081 1491 1760 I GameModeConfig: isGameModeOn = false
11-29 07:22:47.082 1491 1760 I GameModeConfig: isGameModeOn = false
11-29 07:22:47.083 19842 19842 I sysui_multi_action: [757,111,758,2]
11-29 07:22:47.083 19842 19842 I sysui_multi_action: [757,111,758,2]
11-29 07:22:47.085 1491 1491 I notification_enqueue: [10082,19842,com.android.systemui,2048,NULL,0,Notification(channel=updateNotification shortcut=null contentView=null vibrate=null sound=null defaults=0x0 flags=0x0 color=0x00000000 vis=PRIVATE),1]
11-29 07:22:47.086 19842 19842 I sysui_multi_action: [757,111,758,1]
11-29 07:22:47.086 19842 19842 I sysui_multi_action: [757,126,758,1,759,126,927,0,928,1,1593,1]
11-29 07:22:47.087 19842 19842 I sysui_multi_action: [757,113,758,1,759,113,927,1,928,1,1593,1]
11-29 07:22:47.087 19842 19842 I sysui_multi_action: [757,0,758,1,759,0,927,2,928,0,1593,1]
11-29 07:22:47.087 19842 19842 I sysui_multi_action: [757,0,758,1,759,0,927,3,928,0,1593,1]
11-29 07:22:47.087 19842 19842 I sysui_multi_action: [757,491,758,1,759,491,927,4,928,0,1311,-1,1593,0]
11-29 07:22:47.087 19842 19842 I sysui_multi_action: [757,0,758,1,759,0,927,5,928,0,1593,0]
11-29 07:22:47.087 19842 19842 I sysui_multi_action: [757,111,758,1]
11-29 07:22:47.087 19842 19842 I sysui_multi_action: [757,126,758,1,759,126,927,0,928,1,1593,1]
11-29 07:22:47.087 19842 19842 I sysui_multi_action: [757,113,758,1,759,113,927,1,928,1,1593,1]
11-29 07:22:47.087 19842 19842 I sysui_multi_action: [757,0,758,1,759,0,927,2,928,0,1593,1]
11-29 07:22:47.087 19842 19842 I sysui_multi_action: [757,0,758,1,759,0,927,3,928,0,1593,1]
11-29 07:22:47.097 1491 1760 I GameModeConfig: isGameModeOn = false
11-29 07:22:47.098 1491 1760 I GameModeConfig: isGameModeOn = false
11-29 07:22:47.098 1491 1760 I GameModeConfig: isGameModeOn = false
11-29 07:22:47.098 1491 1760 I GameModeConfig: isGameModeOn = false
11-29 07:22:47.098 1491 1760 I GameModeConfig: isGameModeOn = false
11-29 07:22:47.098 1491 1760 I GameModeConfig: isGameModeOn = false
11-29 07:22:47.099 19842 19842 I sysui_multi_action: [757,111,758,2]
11-29 07:22:47.100 19842 19842 I sysui_multi_action: [757,111,758,2]
11-29 07:22:47.100 1491 1491 I notification_enqueue: [10082,19842,com.android.systemui,2048,NULL,0,Notification(channel=updateNotification shortcut=null contentView=null vibrate=null sound=null defaults=0x0 flags=0x0 color=0x00000000 vis=PRIVATE),1]
11-29 07:22:47.103 19842 19842 I sysui_multi_action: [757,111,758,1]
11-29 07:22:47.103 19842 19842 I sysui_multi_action: [757,126,758,1,759,126,927,0,928,1,1593,1]
11-29 07:22:47.103 19842 19842 I sysui_multi_action: [757,113,758,1,759,113,927,1,928,1,1593,1]
11-29 07:22:47.103 19842 19842 I sysui_multi_action: [757,0,758,1,759,0,927,2,928,0,1593,1]
11-29 07:22:47.103 19842 19842 I sysui_multi_action: [757,0,758,1,759,0,927,3,928,0,1593,1]
11-29 07:22:47.103 19842 19842 I sysui_multi_action: [757,491,758,1,759,491,927,4,928,0,1311,-1,1593,0]
11-29 07:22:47.103 19842 19842 I sysui_multi_action: [757,0,758,1,759,0,927,5,928,0,1593,0]
11-29 07:22:47.103 19842 19842 I sysui_multi_action: [757,111,758,1]
11-29 07:22:47.104 19842 19842 I sysui_multi_action: [757,126,758,1,759,126,927,0,928,1,1593,1]
11-29 07:22:47.104 19842 19842 I sysui_multi_action: [757,113,758,1,759,113,927,1,928,1,1593,1]
11-29 07:22:47.104 19842 19842 I sysui_multi_action: [757,0,758,1,759,0,927,2,928,0,1593,1]
11-29 07:22:47.104 19842 19842 I sysui_multi_action: [757,0,758,1,759,0,927,3,928,0,1593,1]
11-29 07:22:47.114 1491 1760 I GameModeConfig: isGameModeOn = false
11-29 07:22:47.115 1491 1760 I GameModeConfig: isGameModeOn = false
11-29 07:22:47.116 1491 1760 I GameModeConfig: isGameModeOn = false
11-29 07:22:47.116 1491 1760 I GameModeConfig: isGameModeOn = false
11-29 07:22:47.116 1491 1760 I GameModeConfig: isGameModeOn = false
11-29 07:22:47.116 1491 1760 I GameModeConfig: isGameModeOn = false
11-29 07:22:47.117 19842 19842 I sysui_multi_action: [757,111,758,2]
11-29 07:22:47.117 19842 19842 I sysui_multi_action: [757,111,758,2]
11-29 07:22:47.117 1491 1491 I notification_enqueue: [10082,19842,com.android.systemui,2048,NULL,0,Notification(channel=updateNotification shortcut=null contentView=null vibrate=null sound=null defaults=0x0 flags=0x0 color=0x00000000 vis=PRIVATE),1]
11-29 07:22:47.120 19842 19842 I sysui_multi_action: [757,111,758,1]
11-29 07:22:47.120 19842 19842 I sysui_multi_action: [757,126,758,1,759,126,927,0,928,1,1593,1]
11-29 07:22:47.120 19842 19842 I sysui_multi_action: [757,113,758,1,759,113,927,1,928,1,1593,1]
11-29 07:22:47.121 19842 19842 I sysui_multi_action: [757,0,758,1,759,0,927,2,928,0,1593,1]
11-29 07:22:47.121 19842 19842 I sysui_multi_action: [757,0,758,1,759,0,927,3,928,0,1593,1]
11-29 07:22:47.121 19842 19842 I sysui_multi_action: [757,491,758,1,759,491,927,4,928,0,1311,-1,1593,0]
11-29 07:22:47.121 19842 19842 I sysui_multi_action: [757,0,758,1,759,0,927,5,928,0,1593,0]
11-29 07:22:47.121 19842 19842 I sysui_multi_action: [757,111,758,1]
11-29 07:22:47.121 19842 19842 I sysui_multi_action: [757,126,758,1,759,126,927,0,928,1,1593,1]
11-29 07:22:47.121 19842 19842 I sysui_multi_action: [757,113,758,1,759,113,927,1,928,1,1593,1]
11-29 07:22:47.121 19842 19842 I sysui_multi_action: [757,0,758,1,759,0,927,2,928,0,1593,1]
11-29 07:22:47.121 19842 19842 I sysui_multi_action: [757,0,758,1,759,0,927,3,928,0,1593,1]
11-29 07:22:47.130 1491 1760 I GameModeConfig: isGameModeOn = false
11-29 07:22:47.130 1491 1760 I GameModeConfig: isGameModeOn = false
11-29 07:22:47.130 1491 1760 I GameModeConfig: isGameModeOn = false
11-29 07:22:47.131 1491 1760 I GameModeConfig: isGameModeOn = false
11-29 07:22:47.131 1491 1760 I GameModeConfig: isGameModeOn = false
11-29 07:22:47.131 1491 1760 I GameModeConfig: isGameModeOn = false
11-29 07:22:47.132 19842 19842 I sysui_multi_action: [757,111,758,2]
11-29 07:22:47.132 19842 19842 I sysui_multi_action: [757,111,758,2]
