11-29 07:22:55.451 1491 1760 I GameModeConfig: isGameModeOn = false
11-29 07:22:55.452 19842 19842 I sysui_multi_action: [757,111,758,2]
11-29 07:22:55.452 19842 19842 I sysui_multi_action: [757,111,758,2]
11-29 07:22:55.453 1491 1491 I GameModeConfig: isGameModeOn = false
11-29 07:22:55.453 1491 1491 E NotificationService: Muting recently noisy 0|com.android.systemui|2048|null|10082
11-29 07:22:55.454 1491 1491 I notification_enqueue: [10082,19842,com.android.systemui,2048,NULL,0,Notification(channel=updateNotification shortcut=null contentView=null vibrate=null sound=null defaults=0x0 flags=0x0 color=0x00000000 vis=PRIVATE),1]
11-29 07:22:55.464 19842 19842 I sysui_multi_action: [757,111,758,1]
11-29 07:22:55.464 19842 19842 I sysui_multi_action: [757,126,758,1,759,126,927,0,928,1,1593,1]
11-29 07:22:55.464 19842 19842 I sysui_multi_action: [757,113,758,1,759,113,927,1,928,1,1593,1]
11-29 07:22:55.464 19842 19842 I sysui_multi_action: [757,0,758,1,759,0,927,2,928,0,1593,1]
11-29 07:22:55.464 19842 19842 I sysui_multi_action: [757,0,758,1,759,0,927,3,928,0,1593,1]
11-29 07:22:55.464 19842 19842 I sysui_multi_action: [757,491,758,1,759,491,927,4,928,0,1311,-1,1593,0]
11-29 07:22:55.464 19842 19842 I sysui_multi_action: [757,0,758,1,759,0,927,5,928,0,1593,0]
11-29 07:22:55.464 19842 19842 I sysui_multi_action: [757,111,758,1]
11-29 07:22:55.464 19842 19842 I sysui_multi_action: [757,126,758,1,759,126,927,0,928,1,1593,1]
11-29 07:22:55.464 19842 19842 I sysui_multi_action: [757,113,758,1,759,113,927,1,928,1,1593,1]
11-29 07:22:55.464 19842 19842 I sysui_multi_action: [757,0,758,1,759,0,927,2,928,0,1593,1]
11-29 07:22:55.465 19842 19842 I sysui_multi_action: [757,0,758,1,759,0,927,3,928,0,1593,1]
11-29 07:22:55.467 1491 1760 I GameModeConfig: isGameModeOn = false
11-29 07:22:55.472 1491 1491 I GameModeConfig: isGameModeOn = false
11-29 07:22:55.472 1491 1491 E NotificationService: Muting recently noisy 0|com.android.systemui|2048|null|10082
11-29 07:22:55.472 1491 1760 I GameModeConfig: isGameModeOn = false
11-29 07:22:55.472 1491 1760 I GameModeConfig: isGameModeOn = false
11-29 07:22:55.473 1491 1760 I GameModeConfig: isGameModeOn = false
11-29 07:22:55.475 1491 1760 I GameModeConfig: isGameModeOn = false
11-29 07:22:55.475 1491 1760 I GameModeConfig: isGameModeOn = false
11-29 07:22:55.475 1491 1760 I GameModeConfig: isGameModeOn = false
11-29 07:22:55.476 19842 19842 I sysui_multi_action: [757,111,758,2]
11-29 07:22:55.476 19842 19842 I sysui_multi_action: [757,111,758,2]
11-29 07:22:55.476 1491 1491 I notification_enqueue: [10082,19842,com.android.systemui,2048,NULL,0,Notification(channel=updateNotification shortcut=null contentView=null vibrate=null sound=null defaults=0x0 flags=0x0 color=0x00000000 vis=PRIVATE),1]
11-29 07:22:55.483 1491 1760 I GameModeConfig: isGameModeOn = false
11-29 07:22:55.484 19842 19842 I sysui_multi_action: [757,111,758,1]
11-29 07:22:55.485 19842 19842 I sysui_multi_action: [757,126,758,1,759,126,927,0,928,1,1593,1]
11-29 07:22:55.485 19842 19842 I sysui_multi_action: [757,113,758,1,759,113,927,1,928,1,1593,1]
11-29 07:22:55.485 19842 19842 I sysui_multi_action: [757,0,758,1,759,0,927,2,928,0,1593,1]
11-29 07:22:55.485 19842 19842 I sysui_multi_action: [757,0,758,1,759,0,927,3,928,0,1593,1]
11-29 07:22:55.485 19842 19842 I sysui_multi_action: [757,491,758,1,759,491,927,4,928,0,1311,-1,1593,0]
11-29 07:22:55.485 19842 19842 I sysui_multi_action: [757,0,758,1,759,0,927,5,928,0,1593,0]
11-29 07:22:55.485 19842 19842 I sysui_multi_action: [757,111,758,1]
11-29 07:22:55.485 19842 19842 I sysui_multi_action: [757,126,758,1,759,126,927,0,928,1,1593,1]
11-29 07:22:55.485 19842 19842 I sysui_multi_action: [757,113,758,1,759,113,927,1,928,1,1593,1]
11-29 07:22:55.485 19842 19842 I sysui_multi_action: [757,0,758,1,759,0,927,2,928,0,1593,1]
11-29 07:22:55.485 19842 19842 I sysui_multi_action: [757,0,758,1,759,0,927,3,928,0,1593,1]
11-29 07:22:55.486 1491 1491 I GameModeConfig: isGameModeOn = false
11-29 07:22:55.486 1491 1491 E NotificationService: Muting recently noisy 0|com.android.systemui|2048|null|10082
11-29 07:22:55.503 1491 1491 I GameModeConfig: isGameModeOn = false
11-29 07:22:55.503 1491 1491 E NotificationService: Muting recently noisy 0|com.android.systemui|2048|null|10082
11-29 07:22:55.510 1491 1760 I GameModeConfig: isGameModeOn = false
11-29 07:22:55.520 1491 1491 I GameModeConfig: isGameModeOn = false
11-29 07:22:55.520 1491 1491 E NotificationService: Muting recently noisy 0|com.android.systemui|2048|null|10082
11-29 07:22:55.529 1491 1760 I GameModeConfig: isGameModeOn = false
11-29 07:22:55.536 1491 1491 I GameModeConfig: isGameModeOn = false
11-29 07:22:55.536 1491 1491 E NotificationService: Muting recently noisy 0|com.android.systemui|2048|null|10082
11-29 07:22:55.546 1491 1760 I GameModeConfig: isGameModeOn = false
11-29 07:22:55.553 1491 1491 I GameModeConfig: isGameModeOn = false
11-29 07:22:55.553 1491 1491 E NotificationService: Muting recently noisy 0|com.android.systemui|2048|null|10082
11-29 07:22:55.568 1491 1760 I GameModeConfig: isGameModeOn = false
11-29 07:22:55.570 1491 1491 I GameModeConfig: isGameModeOn = false
11-29 07:22:55.570 1491 1491 E NotificationService: Muting recently noisy 0|com.android.systemui|2048|null|10082
11-29 07:22:55.586 1491 1491 I GameModeConfig: isGameModeOn = false
11-29 07:22:55.586 1491 1491 E NotificationService: Muting recently noisy 0|com.android.systemui|2048|null|10082
11-29 07:22:55.591 1491 1760 I GameModeConfig: isGameModeOn = false
11-29 07:22:55.603 1491 1491 I GameModeConfig: isGameModeOn = false
11-29 07:22:55.603 1491 1491 E NotificationService: Muting recently noisy 0|com.android.systemui|2048|null|10082
11-29 07:22:55.619 1491 1491 I GameModeConfig: isGameModeOn = false
11-29 07:22:55.619 1491 1491 E NotificationService: Muting recently noisy 0|com.android.systemui|2048|null|10082
11-29 07:22:55.621 1491 1760 I GameModeConfig: isGameModeOn = false
11-29 07:22:55.636 1491 1491 I GameModeConfig: isGameModeOn = false
11-29 07:22:55.636 1491 1491 E NotificationService: Muting recently noisy 0|com.android.systemui|2048|null|10082
11-29 07:22:55.654 1491 1760 I GameModeConfig: isGameModeOn = false
11-29 07:22:55.657 1491 1491 I GameModeConfig: isGameModeOn = false
11-29 07:22:55.657 1491 1491 E NotificationService: Muting recently noisy 0|com.android.systemui|2048|null|10082
11-29 07:22:55.674 1491 1760 I GameModeConfig: isGameModeOn = false
11-29 07:22:55.677 1491 1491 I GameModeConfig: isGameModeOn = false
11-29 07:22:55.677 1491 1491 E NotificationService: Muting recently noisy 0|com.android.systemui|2048|null|10082
11-29 07:22:55.686 1491 1760 I GameModeConfig: isGameModeOn = false
11-29 07:22:55.718 1491 1760 I GameModeConfig: isGameModeOn = false
11-29 07:22:55.734 1491 1760 I GameModeConfig: isGameModeOn = false
11-29 07:22:55.753 1491 1760 I GameModeConfig: isGameModeOn = false
11-29 07:22:55.771 1491 1760 I GameModeConfig: isGameModeOn = false
11-29 07:22:55.794 1491 1760 I GameModeConfig: isGameModeOn = false
11-29 07:22:55.968 1491 1693 I input_interaction: Interaction with: 8723ef8 com.android.music/com.android.music.MusicBrowserActivity (server), edge-swipe (server), swipe-up (server), PointerEventDispatcher0 (server),
11-29 07:22:55.986 1491 8592 I wm_task_moved: [32,0,0]
11-29 07:22:55.988 1491 8592 I wm_task_moved: [32,0,8]
11-29 07:22:55.996 20697 20697 I view_enqueue_input_event: [Motion - Cancel,com.android.music/com.android.music.MusicBrowserActivity]
11-29 07:22:56.003 1491 1693 I input_interaction: Interaction with: edge-swipe (server), swipe-up (server), PointerEventDispatcher0 (server),
11-29 07:22:56.011 9956 9956 I wm_on_restart_called: [254362067,com.android.launcher3.uioverrides.QuickstepLauncher,performRestartActivity]
11-29 07:22:56.032 16043 16059 W ContextImpl: Calling a method in the system process without a qualified user: android.app.ContextImpl.startService:1816 android.content.ContextWrapper.startService:774 com.thundercomm.gamemode.ingame.services.GameModeActionUtils.startGameModeService:93 com.thundercomm.gamemode.ingame.services.GameModeActionUtils.startGameModeEntry:21 com.thundercomm.gamemode.ingame.services.ActivityMonitoringService$1.onActivityLaunch:127
11-29 07:22:56.039 1491 1491 I GameModeConfig: Current uri is uri = content://com.thundercomm.gamemode.api/gamemode_settings/gamemode_isgaming
11-29 07:22:56.043 1491 1491 I GameModeConfig: isGameModeOn = false
11-29 07:22:56.043 9956 9956 I wm_on_start_called: [254362067,com.android.launcher3.uioverrides.QuickstepLauncher,handleStartActivity]
11-29 07:22:56.043 1491 1491 I GameModeConfig: isGameModeOn = false
11-29 07:22:56.043 1491 1491 I GameModeConfig: isDisableVoice = true
11-29 07:22:56.044 1491 1600 I input_focus: [Focus request recents_animation_input_consumer,reason=UpdateInputWindows]
11-29 07:22:56.055 1491 1693 I input_focus: [Focus leaving 8723ef8 com.android.music/com.android.music.MusicBrowserActivity (server),reason=NOT_FOCUSABLE]
11-29 07:22:56.055 1491 1693 I input_focus: [Focus entering recents_animation_input_consumer (server),reason=setFocusedWindow]
11-29 07:22:56.058 9956 9956 I sysui_latency: [1,90]
11-29 07:22:56.074 1491 1700 W ActivityTaskManager: getTaskSnapshot: taskId=1180 not found
11-29 07:22:56.075 1491 1700 W ActivityTaskManager: getTaskSnapshot: taskId=2180 not found
11-29 07:22:56.079 1491 1596 I sysui_multi_action: [319,18,322,81,325,14954,757,761,758,9,759,5,806,com.android.launcher3,871,com.android.launcher3.uioverrides.QuickstepLauncher,905,0,1320,8,1321,5]
11-29 07:22:56.249 1491 1673 I commit_sys_config_file: [settings-1-0,8]
11-29 07:22:56.367 1491 1607 I sysui_latency: [8,95]
11-29 07:22:56.608 1491 1693 I input_interaction: Interaction with: 89b8349 StatusBar (server), edge-swipe (server), swipe-up (server), PointerEventDispatcher0 (server),
11-29 07:22:56.610 19842 19842 I sysui_multi_action: [757,803,799,panel_open,802,1]
11-29 07:22:56.612 19842 19842 I sysui_multi_action: [757,1328,758,4,1326,59,1327,1,1329,0]
11-29 07:22:56.625 1491 8646 I sysui_multi_action: [757,127,758,1]
11-29 07:22:56.625 1491 8646 I sysui_multi_action: [757,804,799,note_load,801,2,802,1]
11-29 07:22:56.625 1491 8646 I notification_panel_revealed: 2
11-29 07:22:56.627 1491 1760 I GameModeConfig: isGameModeOn = false
11-29 07:22:56.627 1491 1760 I GameModeConfig: isGameModeOn = false
11-29 07:22:56.627 1491 1760 I GameModeConfig: isGameModeOn = false
11-29 07:22:56.627 1491 1760 I GameModeConfig: isGameModeOn = false
11-29 07:22:56.627 1491 1760 I GameModeConfig: isGameModeOn = false
11-29 07:22:56.628 1491 1760 I GameModeConfig: isGameModeOn = false
11-29 07:22:56.630 19842 19842 I sysui_multi_action: [757,111,758,2]
11-29 07:22:56.631 1491 1491 I notification_enqueue: [10082,19842,com.android.systemui,2048,NULL,0,Notification(channel=updateNotification shortcut=null contentView=null vibrate=null sound=null defaults=0x0 flags=0x0 color=0x00000000 vis=PRIVATE),1]
11-29 07:22:56.631 19842 19842 I sysui_multi_action: [757,111,758,2]
11-29 07:22:56.653 1491 1600 I input_focus: [Focus request 3124ee4 NotificationShade,reason=UpdateInputWindows]
11-29 07:22:56.655 19842 19842 I sysui_multi_action: [757,111,758,1]
11-29 07:22:56.655 19842 19842 I sysui_multi_action: [757,126,758,1,759,126,927,0,928,1,1593,0]
11-29 07:22:56.655 19842 19842 I sysui_multi_action: [757,113,758,1,759,113,927,1,928,1,1593,0]
11-29 07:22:56.655 19842 19842 I sysui_multi_action: [757,0,758,1,759,0,927,2,928,0,1593,0]
11-29 07:22:56.655 19842 19842 I sysui_multi_action: [757,0,758,1,759,0,927,3,928,0,1593,0]
11-29 07:22:56.656 19842 19842 I sysui_multi_action: [757,491,758,1,759,491,927,4,928,0,1311,-1,1593,0]
11-29 07:22:56.656 19842 19842 I sysui_multi_action: [757,0,758,1,759,0,927,5,928,0,1593,0]
11-29 07:22:56.656 19842 19842 I sysui_multi_action: [757,111,758,1]
11-29 07:22:56.656 19842 19842 I sysui_multi_action: [757,126,758,1,759,126,927,0,928,1,1593,0]
11-29 07:22:56.656 19842 19842 I sysui_multi_action: [757,113,758,1,759,113,927,1,928,1,1593,0]
11-29 07:22:56.656 19842 19842 I sysui_multi_action: [757,0,758,1,759,0,927,2,928,0,1593,0]
11-29 07:22:56.656 19842 19842 I sysui_multi_action: [757,0,758,1,759,0,927,3,928,0,1593,0]
11-29 07:22:56.668 19842 19842 I sysui_multi_action: [757,111,758,2]
11-29 07:22:56.668 19842 19842 I sysui_multi_action: [757,111,758,2]
11-29 07:22:56.668 1491 1491 I notification_enqueue: [10082,19842,com.android.systemui,2048,NULL,0,Notification(channel=updateNotification shortcut=null contentView=null vibrate=null sound=null defaults=0x0 flags=0x0 color=0x00000000 vis=PRIVATE),1]
11-29 07:22:56.669 1491 1760 I GameModeConfig: isGameModeOn = false
11-29 07:22:56.670 19842 19842 I sysui_multi_action: [757,111,758,1]
11-29 07:22:56.670 19842 19842 I sysui_multi_action: [757,126,758,1,759,126,927,0,928,1,1593,0]
11-29 07:22:56.670 19842 19842 I sysui_multi_action: [757,113,758,1,759,113,927,1,928,1,1593,0]
11-29 07:22:56.670 19842 19842 I sysui_multi_action: [757,0,758,1,759,0,927,2,928,0,1593,0]
11-29 07:22:56.670 19842 19842 I sysui_multi_action: [757,0,758,1,759,0,927,3,928,0,1593,0]
11-29 07:22:56.671 19842 19842 I sysui_multi_action: [757,491,758,1,759,491,927,4,928,0,1311,-1,1593,0]
11-29 07:22:56.671 19842 19842 I sysui_multi_action: [757,0,758,1,759,0,927,5,928,0,1593,0]
11-29 07:22:56.671 19842 19842 I sysui_multi_action: [757,111,758,1]
11-29 07:22:56.671 19842 19842 I sysui_multi_action: [757,126,758,1,759,126,927,0,928,1,1593,0]
11-29 07:22:56.671 19842 19842 I sysui_multi_action: [757,113,758,1,759,113,927,1,928,1,1593,0]
11-29 07:22:56.671 19842 19842 I sysui_multi_action: [757,0,758,1,759,0,927,2,928,0,1593,0]
11-29 07:22:56.671 19842 19842 I sysui_multi_action: [757,0,758,1,759,0,927,3,928,0,1593,0]
11-29 07:22:56.675 1491 1693 I input_focus: [Focus leaving recents_animation_input_consumer (server),reason=setFocusedWindow]
11-29 07:22:56.675 1491 1760 I GameModeConfig: isGameModeOn = false
11-29 07:22:56.675 1491 1760 I GameModeConfig: isGameModeOn = false
11-29 07:22:56.675 1491 1693 I input_focus: [Focus entering 3124ee4 NotificationShade (server),reason=setFocusedWindow]
11-29 07:22:56.675 1491 1760 I GameModeConfig: isGameModeOn = false
11-29 07:22:56.675 1491 1760 I GameModeConfig: isGameModeOn = false
11-29 07:22:56.675 1491 1760 I GameModeConfig: isGameModeOn = false
11-29 07:22:56.688 1491 1760 I GameModeConfig: isGameModeOn = false
11-29 07:22:56.688 1491 1760 I GameModeConfig: isGameModeOn = false
11-29 07:22:56.688 1491 1760 I GameModeConfig: isGameModeOn = false
11-29 07:22:56.689 1491 1760 I GameModeConfig: isGameModeOn = false
11-29 07:22:56.689 1491 1760 I GameModeConfig: isGameModeOn = false
11-29 07:22:56.689 1491 1760 I GameModeConfig: isGameModeOn = false
11-29 07:22:56.691 19842 19842 I sysui_multi_action: [757,111,758,2]
11-29 07:22:56.691 19842 19842 I sysui_multi_action: [757,111,758,2]
11-29 07:22:56.691 1491 1491 I notification_enqueue: [10082,19842,com.android.systemui,2048,NULL,0,Notification(channel=updateNotification shortcut=null contentView=null vibrate=null sound=null defaults=0x0 flags=0x0 color=0x00000000 vis=PRIVATE),1]
11-29 07:22:56.695 19842 19842 I sysui_multi_action: [757,111,758,1]
11-29 07:22:56.695 19842 19842 I sysui_multi_action: [757,126,758,1,759,126,927,0,928,1,1593,0]
11-29 07:22:56.695 19842 19842 I sysui_multi_action: [757,113,758,1,759,113,927,1,928,1,1593,0]
11-29 07:22:56.695 19842 19842 I sysui_multi_action: [757,0,758,1,759,0,927,2,928,0,1593,0]
11-29 07:22:56.695 19842 19842 I sysui_multi_action: [757,0,758,1,759,0,927,3,928,0,1593,0]
11-29 07:22:56.695 19842 19842 I sysui_multi_action: [757,491,758,1,759,491,927,4,928,0,1311,-1,1593,0]
11-29 07:22:56.695 19842 19842 I sysui_multi_action: [757,0,758,1,759,0,927,5,928,0,1593,0]
11-29 07:22:56.695 19842 19842 I sysui_multi_action: [757,111,758,1]
11-29 07:22:56.695 19842 19842 I sysui_multi_action: [757,126,758,1,759,126,927,0,928,1,1593,0]
11-29 07:22:56.695 19842 19842 I sysui_multi_action: [757,113,758,1,759,113,927,1,928,1,1593,0]
11-29 07:22:56.695 19842 19842 I sysui_multi_action: [757,0,758,1,759,0,927,2,928,0,1593,0]
11-29 07:22:56.695 19842 19842 I sysui_multi_action: [757,0,758,1,759,0,927,3,928,0,1593,0]
11-29 07:22:56.707 19842 19842 I sysui_multi_action: [757,111,758,2]
11-29 07:22:56.708 19842 19842 I sysui_multi_action: [757,111,758,2]
11-29 07:22:56.711 19842 19842 I sysui_multi_action: [757,111,758,1]
11-29 07:22:56.711 19842 19842 I sysui_multi_action: [757,126,758,1,759,126,927,0,928,1,1593,0]
11-29 07:22:56.711 19842 19842 I sysui_multi_action: [757,113,758,1,759,113,927,1,928,1,1593,0]
11-29 07:22:56.711 19842 19842 I sysui_multi_action: [757,0,758,1,759,0,927,2,928,0,1593,0]
11-29 07:22:56.711 19842 19842 I sysui_multi_action: [757,0,758,1,759,0,927,3,928,0,1593,0]
11-29 07:22:56.711 19842 19842 I sysui_multi_action: [757,491,758,1,759,491,927,4,928,0,1311,-1,1593,0]
11-29 07:22:56.711 19842 19842 I sysui_multi_action: [757,0,758,1,759,0,927,5,928,0,1593,0]
11-29 07:22:56.711 19842 19842 I sysui_multi_action: [757,111,758,1]
11-29 07:22:56.711 19842 19842 I sysui_multi_action: [757,126,758,1,759,126,927,0,928,1,1593,0]
11-29 07:22:56.711 19842 19842 I sysui_multi_action: [757,113,758,1,759,113,927,1,928,1,1593,0]
11-29 07:22:56.711 19842 19842 I sysui_multi_action: [757,0,758,1,759,0,927,2,928,0,1593,0]
11-29 07:22:56.711 19842 19842 I sysui_multi_action: [757,0,758,1,759,0,927,3,928,0,1593,0]
11-29 07:22:56.716 1491 1491 I notification_enqueue: [10082,19842,com.android.systemui,2048,NULL,0,Notification(channel=updateNotification shortcut=null contentView=null vibrate=null sound=null defaults=0x0 flags=0x0 color=0x00000000 vis=PRIVATE),1]
11-29 07:22:56.718 1491 1760 I GameModeConfig: isGameModeOn = false
11-29 07:22:56.719 1491 1760 I GameModeConfig: isGameModeOn = false
11-29 07:22:56.719 1491 1760 I GameModeConfig: isGameModeOn = false
11-29 07:22:56.719 1491 1760 I GameModeConfig: isGameModeOn = false
11-29 07:22:56.719 1491 1760 I GameModeConfig: isGameModeOn = false
11-29 07:22:56.720 1491 1760 I GameModeConfig: isGameModeOn = false
11-29 07:22:56.727 1491 1760 I GameModeConfig: isGameModeOn = false
11-29 07:22:56.729 1491 1760 I GameModeConfig: isGameModeOn = false
11-29 07:22:56.729 1491 1760 I GameModeConfig: isGameModeOn = false
11-29 07:22:56.730 1491 1760 I GameModeConfig: isGameModeOn = false
11-29 07:22:56.730 1491 1760 I GameModeConfig: isGameModeOn = false
11-29 07:22:56.730 1491 1760 I GameModeConfig: isGameModeOn = false
11-29 07:22:56.731 19842 19842 I sysui_multi_action: [757,111,758,2]
11-29 07:22:56.731 19842 19842 I sysui_multi_action: [757,111,758,2]
11-29 07:22:56.731 1491 1491 I notification_enqueue: [10082,19842,com.android.systemui,2048,NULL,0,Notification(channel=updateNotification shortcut=null contentView=null vibrate=null sound=null defaults=0x0 flags=0x0 color=0x00000000 vis=PRIVATE),1]
11-29 07:22:56.733 19842 19842 I sysui_multi_action: [757,111,758,1]
11-29 07:22:56.734 19842 19842 I sysui_multi_action: [757,126,758,1,759,126,927,0,928,1,1593,0]
11-29 07:22:56.734 19842 19842 I sysui_multi_action: [757,113,758,1,759,113,927,1,928,1,1593,0]
11-29 07:22:56.734 19842 19842 I sysui_multi_action: [757,0,758,1,759,0,927,2,928,0,1593,0]
11-29 07:22:56.734 19842 19842 I sysui_multi_action: [757,0,758,1,759,0,927,3,928,0,1593,0]
11-29 07:22:56.734 19842 19842 I sysui_multi_action: [757,491,758,1,759,491,927,4,928,0,1311,-1,1593,0]
11-29 07:22:56.734 19842 19842 I sysui_multi_action: [757,0,758,1,759,0,927,5,928,0,1593,0]
11-29 07:22:56.734 19842 19842 I sysui_multi_action: [757,111,758,1]
11-29 07:22:56.734 19842 19842 I sysui_multi_action: [757,126,758,1,759,126,927,0,928,1,1593,0]
11-29 07:22:56.734 19842 19842 I sysui_multi_action: [757,113,758,1,759,113,927,1,928,1,1593,0]
11-29 07:22:56.734 19842 19842 I sysui_multi_action: [757,0,758,1,759,0,927,2,928,0,1593,0]
11-29 07:22:56.734 19842 19842 I sysui_multi_action: [757,0,758,1,759,0,927,3,928,0,1593,0]
11-29 07:22:56.839 1491 1491 I GameModeConfig: isGameModeOn = false
11-29 07:22:56.841 1491 1491 I sysui_multi_action: [757,1501,758,1,793,14934102,794,0,795,212,796,2048,806,com.android.systemui,857,updateNotification,858,3,947,0,1500,0,1688,1]
11-29 07:22:56.842 1491 1491 I sysui_multi_action: [757,804,799,note_interruptive,801,0,802,1]
11-29 07:22:56.843 1491 1491 I sysui_multi_action: [757,199,758,1,759,2,793,14934104,794,0,795,214,796,2048,806,com.android.systemui,857,updateNotification,858,3,947,0,1500,2,1688,1]
11-29 07:22:56.843 1491 1491 I notification_alert: [0|com.android.systemui|2048|null|10082,0,1,0]
11-29 07:22:56.845 1491 1491 W NotificationHistory: Attempted to add notif for locked/gone/disabled user 0
11-29 07:22:56.870 1491 1491 I GameModeConfig: isGameModeOn = false
11-29 07:22:56.871 1491 1491 E NotificationService: Muting recently noisy 0|com.android.systemui|2048|null|10082
11-29 07:22:56.893 1491 1491 I GameModeConfig: isGameModeOn = false
11-29 07:22:56.894 1491 1491 E NotificationService: Muting recently noisy 0|com.android.systemui|2048|null|10082
11-29 07:22:56.918 1491 1491 I GameModeConfig: isGameModeOn = false
11-29 07:22:56.918 1491 1491 E NotificationService: Muting recently noisy 0|com.android.systemui|2048|null|10082
11-29 07:22:56.934 1491 1491 I GameModeConfig: isGameModeOn = false
11-29 07:22:56.934 1491 1491 E NotificationService: Muting recently noisy 0|com.android.systemui|2048|null|10082
11-29 07:22:56.949 1491 1760 I GameModeConfig: isGameModeOn = false
11-29 07:22:56.972 1491 1760 I GameModeConfig: isGameModeOn = false
11-29 07:22:56.977 1491 2068 I wm_task_moved: [32,1,9]
11-29 07:22:56.977 1491 2068 I wm_task_moved: [41,1,2147483647]
11-29 07:22:56.977 1491 2068 I wm_task_to_front: [0,41]
11-29 07:22:56.977 1491 2068 I wm_focused_root_task: [0,0,32,188,RecentsAnimation.onAnimationFinished()]
11-29 07:22:56.978 1491 2068 I wm_set_resumed_activity: [0,com.android.launcher3/.uioverrides.QuickstepLauncher,RecentsAnimation.onAnimationFinished()]
11-29 07:22:56.978 20697 20697 I wm_on_top_resumed_lost_called: [258902444,com.android.music.MusicBrowserActivity,topStateChangedWhenResumed]
11-29 07:22:56.979 1491 2068 I wm_pause_activity: [0,258902444,com.android.music/.MusicBrowserActivity,userLeaving=true,pauseBackTasks]
11-29 07:22:56.979 1491 2068 I wm_add_to_stopping: [0,258902444,com.android.music/.MusicBrowserActivity,makeInvisible]
11-29 07:22:56.979 1491 2068 I ActivityTaskManager: FOREGROUND_APPLICATION_CHANGED to com.android.launcher3.uioverrides.QuickstepLauncher
11-29 07:22:56.980 1491 2068 I wm_set_resumed_activity: [0,com.android.launcher3/.uioverrides.QuickstepLauncher,resumeTopActivityInnerLocked]
11-29 07:22:56.981 1491 2068 I wm_resume_activity: [0,254362067,41,com.android.launcher3/.uioverrides.QuickstepLauncher]
11-29 07:22:56.987 9956 9956 I wm_on_resume_called: [254362067,com.android.launcher3.uioverrides.QuickstepLauncher,RESUME_ACTIVITY]
11-29 07:22:56.988 20697 20697 I wm_on_paused_called: [258902444,com.android.music.MusicBrowserActivity,performPause]
11-29 07:22:56.993 9956 9956 I wm_on_top_resumed_gained_called: [254362067,com.android.launcher3.uioverrides.QuickstepLauncher,topStateChangedWhenResumed]
11-29 07:22:56.995 1491 1760 I GameModeConfig: isGameModeOn = false
11-29 07:22:56.999 1491 1760 I GameModeConfig: isGameModeOn = false
11-29 07:22:57.018 1491 8592 I wm_stop_activity: [0,258902444,com.android.music/.MusicBrowserActivity]
11-29 07:22:57.019 1491 1599 I sysui_multi_action: [757,803,799,window_time_0,802,9]
11-29 07:22:57.014 1491 1760 I GameModeConfig: isGameModeOn = false
11-29 07:22:57.027 1491 1599 I sysui_multi_action: [757,803,799,window_time_0,802,0]
11-29 07:22:57.027 20697 20697 I wm_on_stop_called: [258902444,com.android.music.MusicBrowserActivity,STOP_ACTIVITY_ITEM]
11-29 07:22:57.031 1491 1760 I GameModeConfig: isGameModeOn = false
11-29 07:22:57.047 1491 1760 I GameModeConfig: isGameModeOn = false
11-29 07:22:57.061 16043 16059 W ContextImpl: Calling a method in the system process without a qualified user: android.app.ContextImpl.startService:1816 android.content.ContextWrapper.startService:774 com.thundercomm.gamemode.ingame.services.GameModeActionUtils.startGameModeService:93 com.thundercomm.gamemode.ingame.services.GameModeActionUtils.startGameModeEntry:21 com.thundercomm.gamemode.ingame.services.ActivityMonitoringService$1.onActivityLaunch:127
11-29 07:22:57.066 1491 1760 I GameModeConfig: isGameModeOn = false
11-29 07:22:57.069 1491 1491 I GameModeConfig: Current uri is uri = content://com.thundercomm.gamemode.api/gamemode_settings/gamemode_isgaming
11-29 07:22:57.072 1491 1491 I GameModeConfig: isGameModeOn = false
11-29 07:22:57.072 1491 1491 I GameModeConfig: isGameModeOn = false
11-29 07:22:57.072 1491 1491 I GameModeConfig: isDisableVoice = true
11-29 07:22:57.081 1491 1760 I GameModeConfig: isGameModeOn = false
11-29 07:22:57.079 353 353 I auditd : type=1400 audit(0.0:16906): avc: denied { kill } for comm="irq/382-atmel_m" capability=5 scontext=u:r:kernel:s0 tcontext=u:r:kernel:s0 tclass=capability permissive=0
11-29 07:22:57.097 1491 1760 I GameModeConfig: isGameModeOn = false
11-29 07:22:57.114 16043 16059 W ContextImpl: Calling a method in the system process without a qualified user: android.app.ContextImpl.startService:1816 android.content.ContextWrapper.startService:774 com.thundercomm.gamemode.ingame.services.GameModeActionUtils.startGameModeService:93 com.thundercomm.gamemode.ingame.services.GameModeActionUtils.startGameModeEntry:21 com.thundercomm.gamemode.ingame.services.ActivityMonitoringService$1.onActivityLaunch:127
11-29 07:22:57.116 1491 1760 I GameModeConfig: isGameModeOn = false
11-29 07:22:57.119 1491 1491 I GameModeConfig: Current uri is uri = content://com.thundercomm.gamemode.api/gamemode_settings/gamemode_isgaming
11-29 07:22:57.122 1491 1491 I GameModeConfig: isGameModeOn = false
11-29 07:22:57.122 1491 1491 I GameModeConfig: isGameModeOn = false
11-29 07:22:57.122 1491 1491 I GameModeConfig: isDisableVoice = true
11-29 07:22:57.133 1491 1760 I GameModeConfig: isGameModeOn = false
11-29 07:22:57.148 1491 1760 I GameModeConfig: isGameModeOn = false
11-29 07:22:57.152 1491 1760 I GameModeConfig: isGameModeOn = false
11-29 07:22:57.163 1491 1760 I GameModeConfig: isGameModeOn = false
11-29 07:22:57.176 1491 1525 I sysui_multi_action: [757,128,758,1,793,13541949,794,0,795,13541949,796,26,798,0,806,android,857,DEVELOPER_IMPORTANT,858,4,947,0,1395,2,1500,13541744,1688,1]
11-29 07:22:57.177 1491 1525 I sysui_multi_action: [757,804,799,note_freshness,801,13541949,802,1]
11-29 07:22:57.177 1491 1525 I notification_visibility: [-1|android|26|null|1000,1,13541949,13541949,0,0]
11-29 07:22:57.177 1491 1525 I sysui_multi_action: [757,128,758,1,793,13541953,794,0,795,13541953,796,32,798,1,806,android,857,USB,858,1,947,0,1395,2,1500,13541750,1688,1]
11-29 07:22:57.177 1491 1525 I sysui_multi_action: [757,804,799,note_freshness,801,13541953,802,1]
11-29 07:22:57.178 1491 1525 I notification_visibility: [-1|android|32|null|1000,1,13541953,13541953,0,1]
11-29 07:22:57.179 1491 1760 I GameModeConfig: isGameModeOn = false
11-29 07:22:57.181 1491 1760 I GameModeConfig: isGameModeOn = false
11-29 07:22:57.194 1491 1760 I GameModeConfig: isGameModeOn = false
11-29 07:22:57.197 1491 1760 I GameModeConfig: isGameModeOn = false
11-29 07:22:57.206 1491 1760 I GameModeConfig: isGameModeOn = false
11-29 07:22:57.216 1491 1760 I GameModeConfig: isGameModeOn = false
11-29 07:22:57.218 1491 1760 I GameModeConfig: isGameModeOn = false
11-29 07:22:57.232 1491 1760 I GameModeConfig: isGameModeOn = false
11-29 07:22:57.235 1491 1760 I GameModeConfig: isGameModeOn = false
11-29 07:22:57.247 1491 1760 I GameModeConfig: isGameModeOn = false
11-29 07:22:57.251 1491 1760 I GameModeConfig: isGameModeOn = false
11-29 07:22:57.264 1491 1760 I GameModeConfig: isGameModeOn = false
11-29 07:22:57.276 1491 1760 I GameModeConfig: isGameModeOn = false
11-29 07:22:57.282 1491 1760 I GameModeConfig: isGameModeOn = false
11-29 07:22:57.286 1491 1760 I GameModeConfig: isGameModeOn = false
11-29 07:22:57.301 1491 1760 I GameModeConfig: isGameModeOn = false
11-29 07:22:57.316 1491 1760 I GameModeConfig: isGameModeOn = false
11-29 07:22:57.321 1491 1760 I GameModeConfig: isGameModeOn = false
11-29 07:22:57.334 1491 1760 I GameModeConfig: isGameModeOn = false
11-29 07:22:57.351 1491 1760 I GameModeConfig: isGameModeOn = false
11-29 07:22:57.368 1491 1760 I GameModeConfig: isGameModeOn = false
11-29 07:22:57.386 1491 1760 I GameModeConfig: isGameModeOn = false
11-29 07:22:57.401 1491 1760 I GameModeConfig: isGameModeOn = false
11-29 07:22:57.418 1491 1760 I GameModeConfig: isGameModeOn = false
11-29 07:22:57.433 1491 1760 I GameModeConfig: isGameModeOn = false
11-29 07:22:57.450 1491 1760 I GameModeConfig: isGameModeOn = false
11-29 07:22:57.468 1491 1760 I GameModeConfig: isGameModeOn = false
11-29 07:22:57.490 1491 1760 I GameModeConfig: isGameModeOn = false
11-29 07:22:57.520 1491 1760 I GameModeConfig: isGameModeOn = false
11-29 07:22:57.980 1491 1760 I GameModeConfig: isGameModeOn = false
11-29 07:22:57.994 1491 1760 I GameModeConfig: isGameModeOn = false
11-29 07:22:58.030 1491 1760 I GameModeConfig: isGameModeOn = false
11-29 07:22:58.074 1491 1723 I netstats_mobile_sample: [0,0,0,0,0,0,0,0,0,0,0,0,1669677778074]
11-29 07:22:58.075 1491 1723 I netstats_wifi_sample: [760142950,1137050,167910044,414856,760142950,1137050,167910044,414856,841589273,1761258,86227821,229610,1669677778074]
11-29 07:22:58.079 0 0 I auditd : type=1400 audit(0.0:16907): avc: denied { kill } for comm="swapper/0" capability=5 scontext=u:r:kernel:s0 tcontext=u:r:kernel:s0 tclass=capability permissive=0
11-29 07:22:58.739 1491 1693 I input_interaction: Interaction with: 3124ee4 NotificationShade (server), edge-swipe (server), swipe-up (server), PointerEventDispatcher0 (server),
11-29 07:22:59.079 0 0 I auditd : type=1400 audit(0.0:16908): avc: denied { kill } for comm="swapper/0" capability=5 scontext=u:r:kernel:s0 tcontext=u:r:kernel:s0 tclass=capability permissive=0
11-29 07:22:59.543 1491 1760 I GameModeConfig: isGameModeOn = false
11-29 07:22:59.544 1491 1760 I GameModeConfig: isGameModeOn = false
11-29 07:22:59.544 1491 1760 I GameModeConfig: isGameModeOn = false
11-29 07:22:59.544 1491 1760 I GameModeConfig: isGameModeOn = false
11-29 07:22:59.545 1491 1760 I GameModeConfig: isGameModeOn = false
11-29 07:22:59.545 1491 1760 I GameModeConfig: isGameModeOn = false
11-29 07:22:59.604 1491 1491 I notification_enqueue: [10089,20697,com.android.music,1,NULL,0,Notification(channel=Channel-music shortcut=null contentView=null vibrate=null sound=null defaults=0x0 flags=0x42 color=0x00000000 category=transport actions=4 vis=PRIVATE),1]
11-29 07:22:59.710 1491 1760 I GameModeConfig: isGameModeOn = false
11-29 07:22:59.806 1491 1491 I GameModeConfig: isGameModeOn = false
11-29 07:23:00.079 0 0 I auditd : type=1400 audit(0.0:16909): avc: denied { kill } for comm="swapper/0" capability=5 scontext=u:r:kernel:s0 tcontext=u:r:kernel:s0 tclass=capability permissive=0
11-29 07:23:00.135 1491 1525 I ActivityTaskManager: START u0 {act=com.android.music.PLAYBACK_VIEWER flg=0x10000000 cmp=com.android.music/.MusicBrowserActivity} from uid 10089
11-29 07:23:00.136 1491 1525 I wm_task_moved: [188,1,9]
11-29 07:23:00.136 1491 1525 I wm_task_to_front: [0,188]
11-29 07:23:00.137 1491 1525 I wm_focused_root_task: [0,0,188,32,bringingFoundTaskToFront]
11-29 07:23:00.137 1491 1525 I wm_set_resumed_activity: [0,com.android.music/.MusicBrowserActivity,bringingFoundTaskToFront]
11-29 07:23:00.137 9956 9956 I wm_on_top_resumed_lost_called: [254362067,com.android.launcher3.uioverrides.QuickstepLauncher,topStateChangedWhenResumed]
11-29 07:23:00.137 1491 1525 I wm_new_intent: [0,258902444,188,com.android.music/.MusicBrowserActivity,android.intent.action.MAIN,NULL,NULL,270532608]
11-29 07:23:00.138 1491 1525 I wm_pause_activity: [0,254362067,com.android.launcher3/.uioverrides.QuickstepLauncher,userLeaving=true,pauseBackTasks]
11-29 07:23:00.145 9956 9956 I wm_on_paused_called: [254362067,com.android.launcher3.uioverrides.QuickstepLauncher,performPause]
11-29 07:23:00.147 1491 2068 I ActivityTaskManager: FOREGROUND_APPLICATION_CHANGED to com.android.music.MusicBrowserActivity
11-29 07:23:00.149 1491 2068 I wm_set_resumed_activity: [0,com.android.music/.MusicBrowserActivity,resumeTopActivityInnerLocked]
11-29 07:23:00.150 1491 2068 I wm_add_to_stopping: [0,254362067,com.android.launcher3/.uioverrides.QuickstepLauncher,makeInvisible]
11-29 07:23:00.153 1491 2068 I wm_resume_activity: [0,258902444,188,com.android.music/.MusicBrowserActivity]
11-29 07:23:00.160 1491 1599 I sysui_multi_action: [757,803,799,window_time_0,802,3]
11-29 07:23:00.165 16043 16059 W ContextImpl: Calling a method in the system process without a qualified user: android.app.ContextImpl.startService:1816 android.content.ContextWrapper.startService:774 com.thundercomm.gamemode.ingame.services.GameModeActionUtils.startGameModeService:93 com.thundercomm.gamemode.ingame.services.GameModeActionUtils.startGameModeEntry:21 com.thundercomm.gamemode.ingame.services.ActivityMonitoringService$1.onActivityLaunch:127
11-29 07:23:00.172 1491 1491 I GameModeConfig: Current uri is uri = content://com.thundercomm.gamemode.api/gamemode_settings/gamemode_isgaming
11-29 07:23:00.172 20697 20697 I wm_on_restart_called: [258902444,com.android.music.MusicBrowserActivity,performRestartActivity]
11-29 07:23:00.175 1491 1491 I GameModeConfig: isGameModeOn = false
11-29 07:23:00.175 1491 1491 I GameModeConfig: isGameModeOn = false
11-29 07:23:00.175 1491 1491 I GameModeConfig: isDisableVoice = true
11-29 07:23:00.178 20697 20697 I wm_on_start_called: [258902444,com.android.music.MusicBrowserActivity,handleStartActivity]
11-29 07:23:00.182 20697 20697 I wm_on_resume_called: [258902444,com.android.music.MusicBrowserActivity,RESUME_ACTIVITY]
11-29 07:23:00.182 20697 20697 I wm_on_top_resumed_gained_called: [258902444,com.android.music.MusicBrowserActivity,topWhenResuming]
11-29 07:23:00.205 1491 1760 I GameModeConfig: isGameModeOn = false
11-29 07:23:00.206 1491 1760 I GameModeConfig: isGameModeOn = false
11-29 07:23:00.206 1491 1760 I GameModeConfig: isGameModeOn = false
11-29 07:23:00.206 1491 1760 I GameModeConfig: isGameModeOn = false
11-29 07:23:00.212 1491 1596 I sysui_multi_action: [319,74,322,73,325,14958,757,761,758,9,759,2,806,com.android.music,871,com.android.music.MusicBrowserActivity,904,com.android.launcher3,905,0,1320,4,1321,1]
11-29 07:23:00.222 1491 1760 I GameModeConfig: isGameModeOn = false
11-29 07:23:00.222 19842 19842 E AndroidRuntime: FATAL EXCEPTION: main
11-29 07:23:00.222 19842 19842 E AndroidRuntime: Process: com.android.systemui, PID: 19842
11-29 07:23:00.222 19842 19842 E AndroidRuntime: java.lang.ClassCastException: android.graphics.drawable.NinePatchDrawable cannot be cast to com.android.systemui.media.IlluminationDrawable
11-29 07:23:00.222 19842 19842 E AndroidRuntime: at com.android.systemui.media.MediaControlPanel$1.getCurrentTopCornerRadius(MediaControlPanel.java:535)
11-29 07:23:00.222 19842 19842 E AndroidRuntime: at com.android.systemui.animation.GhostedViewLaunchAnimatorController.createAnimatorState(GhostedViewLaunchAnimatorController.kt:113)
11-29 07:23:00.222 19842 19842 E AndroidRuntime: at com.android.systemui.statusbar.phone.StatusBarLaunchAnimatorController.createAnimatorState(Unknown Source:2)
11-29 07:23:00.222 19842 19842 E AndroidRuntime: at com.android.systemui.animation.ActivityLaunchAnimator$Runner.startAnimation(ActivityLaunchAnimator.kt:445)
11-29 07:23:00.222 19842 19842 E AndroidRuntime: at com.android.systemui.animation.ActivityLaunchAnimator$Runner.access$startAnimation(ActivityLaunchAnimator.kt:365)
11-29 07:23:00.222 19842 19842 E AndroidRuntime: at com.android.systemui.animation.ActivityLaunchAnimator$Runner$onAnimationStart$1.run(ActivityLaunchAnimator.kt:418)
11-29 07:23:00.222 19842 19842 E AndroidRuntime: at android.os.Handler.handleCallback(Handler.java:938)
11-29 07:23:00.222 19842 19842 E AndroidRuntime: at android.os.Handler.dispatchMessage(Handler.java:99)
11-29 07:23:00.222 19842 19842 E AndroidRuntime: at android.os.Looper.loopOnce(Looper.java:201)
11-29 07:23:00.222 19842 19842 E AndroidRuntime: at android.os.Looper.loop(Looper.java:288)
11-29 07:23:00.222 19842 19842 E AndroidRuntime: at android.app.ActivityThread.main(ActivityThread.java:7880)
11-29 07:23:00.222 19842 19842 E AndroidRuntime: at java.lang.reflect.Method.invoke(Native Method)
11-29 07:23:00.222 19842 19842 E AndroidRuntime: at com.android.internal.os.RuntimeInit$MethodAndArgsCaller.run(RuntimeInit.java:548)
11-29 07:23:00.222 19842 19842 E AndroidRuntime: at com.android.internal.os.ZygoteInit.main(ZygoteInit.java:1009)
11-29 07:23:00.222 1491 1760 I GameModeConfig: isGameModeOn = false
11-29 07:23:00.223 1491 7658 I am_crash: [19842,0,com.android.systemui,818462221,java.lang.ClassCastException,android.graphics.drawable.NinePatchDrawable cannot be cast to com.android.systemui.media.IlluminationDrawable,MediaControlPanel.java,535]
11-29 07:23:00.227 1491 7658 I sysui_multi_action: [757,316,758,4,759,-1]
11-29 07:23:00.232 1491 1491 I notification_enqueue: [10089,20697,com.android.music,1,NULL,0,Notification(channel=Channel-music shortcut=null contentView=null vibrate=null sound=null defaults=0x0 flags=0x42 color=0x00000000 category=transport actions=4 vis=PRIVATE),1]
11-29 07:23:00.233 1491 26174 I DropBoxManagerService: add tag=system_app_crash isTagEnabled=true flags=0x2
11-29 07:23:00.247 1491 1491 I notification_enqueue: [10089,20697,com.android.music,1,NULL,0,Notification(channel=Channel-music shortcut=null contentView=null vibrate=null sound=null defaults=0x0 flags=0x42 color=0x00000000 category=transport actions=4 vis=PRIVATE),1]
11-29 07:23:00.251 1491 2060 E BiometricService: Enabled callback binder died
11-29 07:23:00.251 1491 2060 E LockoutResetTracker: Callback binder died: android.os.BinderProxy@39cb952
11-29 07:23:00.251 1491 2060 E LockoutResetTracker: Removing dead callback for: com.android.systemui
11-29 07:23:00.252 1491 8592 D NotificationListeners: Removing active service ComponentInfo{com.android.systemui/com.android.systemui.statusbar.NotificationListener}
11-29 07:23:00.252 1491 7658 I ActivityManager: Process com.android.systemui (pid 19842) has died: pers PERU
11-29 07:23:00.252 1491 7658 I am_proc_died: [0,19842,com.android.systemui,-800,1]
11-29 07:23:00.253 1491 1491 W WallpaperManagerService: Wallpaper service gone: ComponentInfo{com.android.systemui/com.android.systemui.ImageWallpaper}
11-29 07:23:00.253 1491 1491 W WallpaperManagerService: Wallpaper service gone: ComponentInfo{com.android.systemui/com.android.systemui.ImageWallpaper}
11-29 07:23:00.255 1491 2061 D DisplayAreaOrganizerController: Organizer died before sending onDisplayAreaVanished
11-29 07:23:00.255 1491 1524 I WindowManager: WIN DEATH: Window{abee2ea u0 ShellDropTarget}
11-29 07:23:00.260 1491 1525 I WindowManager: WIN DEATH: Window{37ebe2f u0 NavigationBar0}
11-29 07:23:00.263 1491 1525 W WindowManager: Failed to deliver inset state change w=Window{3124ee4 u0 NotificationShade}
11-29 07:23:00.263 1491 1525 W WindowManager: android.os.DeadObjectException
11-29 07:23:00.263 1491 1525 W WindowManager: at android.os.BinderProxy.transactNative(Native Method)
11-29 07:23:00.263 1491 1525 W WindowManager: at android.os.BinderProxy.transact(BinderProxy.java:571)
11-29 07:23:00.263 1491 1525 W WindowManager: at android.view.IWindow$Stub$Proxy.insetsChanged(IWindow.java:654)
11-29 07:23:00.263 1491 1525 W WindowManager: at com.android.server.wm.WindowState.notifyInsetsChanged(WindowState.java:3966)
11-29 07:23:00.263 1491 1525 W WindowManager: at com.android.server.wm.InsetsStateController.lambda$new$0(InsetsStateController.java:82)
11-29 07:23:00.263 1491 1525 W WindowManager: at com.android.server.wm.InsetsStateController$$ExternalSyntheticLambda3.accept(Unknown Source:2)
11-29 07:23:00.263 1491 1525 W WindowManager: at com.android.server.wm.WindowContainer$ForAllWindowsConsumerWrapper.apply(WindowContainer.java:2404)
11-29 07:23:00.263 1491 1525 W WindowManager: at com.android.server.wm.WindowContainer$ForAllWindowsConsumerWrapper.apply(WindowContainer.java:2394)
11-29 07:23:00.263 1491 1525 W WindowManager: at com.android.server.wm.WindowState.applyInOrderWithImeWindows(WindowState.java:4935)
11-29 07:23:00.263 1491 1525 W WindowManager: at com.android.server.wm.WindowState.forAllWindows(WindowState.java:4830)
11-29 07:23:00.263 1491 1525 W WindowManager: at com.android.server.wm.WindowContainer.forAllWindows(WindowContainer.java:1409)
11-29 07:23:00.263 1491 1525 W WindowManager: at com.android.server.wm.WindowContainer.forAllWindows(WindowContainer.java:1409)
11-29 07:23:00.263 1491 1525 W WindowManager: at com.android.server.wm.WindowContainer.forAllWindows(WindowContainer.java:1409)
11-29 07:23:00.263 1491 1525 W WindowManager: at com.android.server.wm.WindowContainer.forAllWindows(WindowContainer.java:1409)
11-29 07:23:00.263 1491 1525 W WindowManager: at com.android.server.wm.WindowContainer.forAllWindows(WindowContainer.java:1409)
11-29 07:23:00.263 1491 1525 W WindowManager: at com.android.server.wm.WindowContainer.forAllWindows(WindowContainer.java:1409)
11-29 07:23:00.263 1491 1525 W WindowManager: at com.android.server.wm.WindowContainer.forAllWindows(WindowContainer.java:1426)
11-29 07:23:00.263 1491 1525 W WindowManager: at com.android.server.wm.DisplayContent.notifyInsetsChanged(DisplayContent.java:1847)
11-29 07:23:00.263 1491 1525 W WindowManager: at com.android.server.wm.InsetsStateController.notifyInsetsChanged(InsetsStateController.java:571)
11-29 07:23:00.263 1491 1525 W WindowManager: at com.android.server.wm.InsetsStateController.onPostLayout(InsetsStateController.java:297)
11-29 07:23:00.263 1491 1525 W WindowManager: at com.android.server.wm.DisplayContent.applySurfaceChangesTransaction(DisplayContent.java:4324)
11-29 07:23:00.263 1491 1525 W WindowManager: at com.android.server.wm.RootWindowContainer.applySurfaceChangesTransaction(RootWindowContainer.java:1076)
11-29 07:23:00.263 1491 1525 W WindowManager: at com.android.server.wm.RootWindowContainer.performSurfacePlacementNoTrace(RootWindowContainer.java:852)
11-29 07:23:00.263 1491 1525 W WindowManager: at com.android.server.wm.RootWindowContainer.performSurfacePlacement(RootWindowContainer.java:805)
11-29 07:23:00.263 1491 1525 W WindowManager: at com.android.server.wm.WindowSurfacePlacer.performSurfacePlacementLoop(WindowSurfacePlacer.java:177)
11-29 07:23:00.263 1491 1525 W WindowManager: at com.android.server.wm.WindowSurfacePlacer.performSurfacePlacement(WindowSurfacePlacer.java:126)
11-29 07:23:00.263 1491 1525 W WindowManager: at com.android.server.wm.WindowSurfacePlacer.performSurfacePlacement(WindowSurfacePlacer.java:115)
11-29 07:23:00.263 1491 1525 W WindowManager: at com.android.server.wm.WindowManagerService.postWindowRemoveCleanupLocked(WindowManagerService.java:2107)
11-29 07:23:00.263 1491 1525 W WindowManager: at com.android.server.wm.WindowState.removeImmediately(WindowState.java:2426)
11-29 07:23:00.263 1491 1525 W WindowManager: at com.android.server.wm.WindowState.removeIfPossible(WindowState.java:2562)
11-29 07:23:00.263 1491 1525 W WindowManager: at com.android.server.wm.WindowState.access$300(WindowState.java:276)
11-29 07:23:00.263 1491 1525 W WindowManager: at com.android.server.wm.WindowState$DeathRecipient.binderDied(WindowState.java:3072)
11-29 07:23:00.263 1491 1525 W WindowManager: at android.os.IBinder$DeathRecipient.binderDied(IBinder.java:314)
11-29 07:23:00.263 1491 1525 W WindowManager: at android.os.BinderProxy.sendDeathNotice(BinderProxy.java:685)
11-29 07:23:00.264 1491 1525 W WindowManager: Failed to deliver inset state change w=Window{89b8349 u0 StatusBar}
11-29 07:23:00.264 1491 1525 W WindowManager: android.os.DeadObjectException
11-29 07:23:00.264 1491 1525 W WindowManager: at android.os.BinderProxy.transactNative(Native Method)
11-29 07:23:00.264 1491 1525 W WindowManager: at android.os.BinderProxy.transact(BinderProxy.java:571)
11-29 07:23:00.264 1491 1525 W WindowManager: at android.view.IWindow$Stub$Proxy.insetsChanged(IWindow.java:654)
11-29 07:23:00.264 1491 1525 W WindowManager: at com.android.server.wm.WindowState.notifyInsetsChanged(WindowState.java:3966)
11-29 07:23:00.264 1491 1525 W WindowManager: at com.android.server.wm.InsetsStateController.lambda$new$0(InsetsStateController.java:82)
11-29 07:23:00.264 1491 1525 W WindowManager: at com.android.server.wm.InsetsStateController$$ExternalSyntheticLambda3.accept(Unknown Source:2)
11-29 07:23:00.264 1491 1525 W WindowManager: at com.android.server.wm.WindowContainer$ForAllWindowsConsumerWrapper.apply(WindowContainer.java:2404)
11-29 07:23:00.264 1491 1525 W WindowManager: at com.android.server.wm.WindowContainer$ForAllWindowsConsumerWrapper.apply(WindowContainer.java:2394)
11-29 07:23:00.264 1491 1525 W WindowManager: at com.android.server.wm.WindowState.applyInOrderWithImeWindows(WindowState.java:4935)
11-29 07:23:00.264 1491 1525 W WindowManager: at com.android.server.wm.WindowState.forAllWindows(WindowState.java:4830)
11-29 07:23:00.264 1491 1525 W WindowManager: at com.android.server.wm.WindowContainer.forAllWindows(WindowContainer.java:1409)
11-29 07:23:00.264 1491 1525 W WindowManager: at com.android.server.wm.WindowContainer.forAllWindows(WindowContainer.java:1409)
11-29 07:23:00.264 1491 1525 W WindowManager: at com.android.server.wm.WindowContainer.forAllWindows(WindowContainer.java:1409)
11-29 07:23:00.264 1491 1525 W WindowManager: at com.android.server.wm.WindowContainer.forAllWindows(WindowContainer.java:1409)
11-29 07:23:00.264 1491 1525 W WindowManager: at com.android.server.wm.WindowContainer.forAllWindows(WindowContainer.java:1409)
11-29 07:23:00.264 1491 1525 W WindowManager: at com.android.server.wm.WindowContainer.forAllWindows(WindowContainer.java:1409)
11-29 07:23:00.264 1491 1525 W WindowManager: at com.android.server.wm.WindowContainer.forAllWindows(WindowContainer.java:1426)
11-29 07:23:00.264 1491 1525 W WindowManager: at com.android.server.wm.DisplayContent.notifyInsetsChanged(DisplayContent.java:1847)
11-29 07:23:00.264 1491 1525 W WindowManager: at com.android.server.wm.InsetsStateController.notifyInsetsChanged(InsetsStateController.java:571)
11-29 07:23:00.264 1491 1525 W WindowManager: at com.android.server.wm.InsetsStateController.onPostLayout(InsetsStateController.java:297)
11-29 07:23:00.264 1491 1525 W WindowManager: at com.android.server.wm.DisplayContent.applySurfaceChangesTransaction(DisplayContent.java:4324)
11-29 07:23:00.264 1491 1525 W WindowManager: at com.android.server.wm.RootWindowContainer.applySurfaceChangesTransaction(RootWindowContainer.java:1076)
11-29 07:23:00.264 1491 1525 W WindowManager: at com.android.server.wm.RootWindowContainer.performSurfacePlacementNoTrace(RootWindowContainer.java:852)
11-29 07:23:00.264 1491 1525 W WindowManager: at com.android.server.wm.RootWindowContainer.performSurfacePlacement(RootWindowContainer.java:805)
11-29 07:23:00.264 1491 1525 W WindowManager: at com.android.server.wm.WindowSurfacePlacer.performSurfacePlacementLoop(WindowSurfacePlacer.java:177)
11-29 07:23:00.264 1491 1525 W WindowManager: at com.android.server.wm.WindowSurfacePlacer.performSurfacePlacement(WindowSurfacePlacer.java:126)
11-29 07:23:00.264 1491 1525 W WindowManager: at com.android.server.wm.WindowSurfacePlacer.performSurfacePlacement(WindowSurfacePlacer.java:115)
11-29 07:23:00.264 1491 1525 W WindowManager: at com.android.server.wm.WindowManagerService.postWindowRemoveCleanupLocked(WindowManagerService.java:2107)
11-29 07:23:00.264 1491 1525 W WindowManager: at com.android.server.wm.WindowState.removeImmediately(WindowState.java:2426)
11-29 07:23:00.264 1491 1525 W WindowManager: at com.android.server.wm.WindowState.removeIfPossible(WindowState.java:2562)
11-29 07:23:00.264 1491 1525 W WindowManager: at com.android.server.wm.WindowState.access$300(WindowState.java:276)
11-29 07:23:00.264 1491 1525 W WindowManager: at com.android.server.wm.WindowState$DeathRecipient.binderDied(WindowState.java:3072)
11-29 07:23:00.264 1491 1525 W WindowManager: at android.os.IBinder$DeathRecipient.binderDied(IBinder.java:314)
11-29 07:23:00.264 1491 1525 W WindowManager: at android.os.BinderProxy.sendDeathNotice(BinderProxy.java:685)
11-29 07:23:00.264 1491 1525 W WindowManager: Failed to deliver inset state change w=Window{5c05474 u0 com.android.systemui.ImageWallpaper}
11-29 07:23:00.264 1491 1525 W WindowManager: android.os.DeadObjectException
11-29 07:23:00.264 1491 1525 W WindowManager: at android.os.BinderProxy.transactNative(Native Method)
11-29 07:23:00.264 1491 1525 W WindowManager: at android.os.BinderProxy.transact(BinderProxy.java:571)
11-29 07:23:00.264 1491 1525 W WindowManager: at android.view.IWindow$Stub$Proxy.insetsChanged(IWindow.java:654)
11-29 07:23:00.264 1491 1525 W WindowManager: at com.android.server.wm.WindowState.notifyInsetsChanged(WindowState.java:3966)
11-29 07:23:00.264 1491 1525 W WindowManager: at com.android.server.wm.InsetsStateController.lambda$new$0(InsetsStateController.java:82)
11-29 07:23:00.264 1491 1525 W WindowManager: at com.android.server.wm.InsetsStateController$$ExternalSyntheticLambda3.accept(Unknown Source:2)
11-29 07:23:00.264 1491 1525 W WindowManager: at com.android.server.wm.WindowContainer$ForAllWindowsConsumerWrapper.apply(WindowContainer.java:2404)
11-29 07:23:00.264 1491 1525 W WindowManager: at com.android.server.wm.WindowContainer$ForAllWindowsConsumerWrapper.apply(WindowContainer.java:2394)
11-29 07:23:00.264 1491 1525 W WindowManager: at com.android.server.wm.WindowState.applyInOrderWithImeWindows(WindowState.java:4935)
11-29 07:23:00.264 1491 1525 W WindowManager: at com.android.server.wm.WindowState.forAllWindows(WindowState.java:4830)
