11-29 07:19:54.463 1491 1760 I GameModeConfig: isGameModeOn = false
11-29 07:19:54.480 1491 1760 I GameModeConfig: isGameModeOn = false
11-29 07:19:54.498 1491 1760 I GameModeConfig: isGameModeOn = false
11-29 07:19:54.516 1491 1760 I GameModeConfig: isGameModeOn = false
11-29 07:19:54.529 1491 1760 I GameModeConfig: isGameModeOn = false
11-29 07:19:54.545 1491 1760 I GameModeConfig: isGameModeOn = false
11-29 07:19:54.572 1491 1760 I GameModeConfig: isGameModeOn = false
11-29 07:19:54.586 1491 1760 I GameModeConfig: isGameModeOn = false
11-29 07:19:54.603 1491 1760 I GameModeConfig: isGameModeOn = false
11-29 07:19:54.611 1491 1760 I GameModeConfig: isGameModeOn = false
11-29 07:19:54.744 1491 1693 I input_interaction: Interaction with: cdb357d com.android.settings/com.android.settings.homepage.SettingsHomepageActivity (server), edge-swipe (server), swipe-up (server), PointerEventDispatcher0 (server),
11-29 07:19:55.013 1491 1608 I am_uid_idle: 10036
11-29 07:19:55.030 1491 1760 I GameModeConfig: isGameModeOn = false
11-29 07:19:55.062 1491 1760 I GameModeConfig: isGameModeOn = false
11-29 07:19:55.079 1491 1760 I GameModeConfig: isGameModeOn = false
11-29 07:19:55.079 0 0 I auditd : type=1400 audit(0.0:16673): avc: denied { kill } for comm="swapper/0" capability=5 scontext=u:r:kernel:s0 tcontext=u:r:kernel:s0 tclass=capability permissive=0
11-29 07:19:55.094 1491 1760 I GameModeConfig: isGameModeOn = false
11-29 07:19:55.111 1491 1760 I GameModeConfig: isGameModeOn = false
11-29 07:19:55.128 1491 1760 I GameModeConfig: isGameModeOn = false
11-29 07:19:55.144 1491 1760 I GameModeConfig: isGameModeOn = false
11-29 07:19:55.164 1491 1760 I GameModeConfig: isGameModeOn = false
11-29 07:19:55.179 1491 1760 I GameModeConfig: isGameModeOn = false
11-29 07:19:55.196 1491 1760 I GameModeConfig: isGameModeOn = false
11-29 07:19:55.212 1491 1760 I GameModeConfig: isGameModeOn = false
11-29 07:19:55.231 1491 1760 I GameModeConfig: isGameModeOn = false
11-29 07:19:55.236 1491 1760 I GameModeConfig: isGameModeOn = false
11-29 07:19:55.243 1491 1760 I GameModeConfig: isGameModeOn = false
11-29 07:19:55.261 1491 1760 I GameModeConfig: isGameModeOn = false
11-29 07:19:55.265 1491 1760 I GameModeConfig: isGameModeOn = false
11-29 07:19:55.288 1491 1760 I GameModeConfig: isGameModeOn = false
11-29 07:19:55.295 1491 1760 I GameModeConfig: isGameModeOn = false
11-29 07:19:55.296 1491 1760 I GameModeConfig: isGameModeOn = false
11-29 07:19:55.313 1491 1760 I GameModeConfig: isGameModeOn = false
11-29 07:19:55.331 1491 1760 I GameModeConfig: isGameModeOn = false
11-29 07:19:55.348 1491 1760 I GameModeConfig: isGameModeOn = false
11-29 07:19:55.362 1491 1760 I GameModeConfig: isGameModeOn = false
11-29 07:19:55.383 1491 1760 I GameModeConfig: isGameModeOn = false
11-29 07:19:55.396 1491 1760 I GameModeConfig: isGameModeOn = false
11-29 07:19:55.412 1491 1760 I GameModeConfig: isGameModeOn = false
11-29 07:19:55.435 1491 1760 I GameModeConfig: isGameModeOn = false
11-29 07:19:55.447 1491 1760 I GameModeConfig: isGameModeOn = false
11-29 07:19:55.472 1491 1760 I GameModeConfig: isGameModeOn = false
11-29 07:19:55.498 1491 1760 I GameModeConfig: isGameModeOn = false
11-29 07:19:56.079 0 0 I auditd : type=1400 audit(0.0:16674): avc: denied { kill } for comm="swapper/0" capability=5 scontext=u:r:kernel:s0 tcontext=u:r:kernel:s0 tclass=capability permissive=0
11-29 07:19:56.553 1491 1760 I GameModeConfig: isGameModeOn = false
11-29 07:19:56.592 1491 1760 I GameModeConfig: isGameModeOn = false
11-29 07:19:56.613 1491 1760 I GameModeConfig: isGameModeOn = false
11-29 07:19:56.631 1491 1760 I GameModeConfig: isGameModeOn = false
11-29 07:19:56.638 1491 1760 I GameModeConfig: isGameModeOn = false
11-29 07:19:56.653 1491 1760 I GameModeConfig: isGameModeOn = false
11-29 07:19:56.668 1491 1760 I GameModeConfig: isGameModeOn = false
11-29 07:19:56.685 1491 1760 I GameModeConfig: isGameModeOn = false
11-29 07:19:56.706 1491 1760 I GameModeConfig: isGameModeOn = false
11-29 07:19:56.761 1491 1760 I GameModeConfig: isGameModeOn = false
11-29 07:19:56.795 1491 1760 I GameModeConfig: isGameModeOn = false
11-29 07:19:56.815 1491 1760 I GameModeConfig: isGameModeOn = false
11-29 07:19:56.830 1491 1760 I GameModeConfig: isGameModeOn = false
11-29 07:19:56.839 1491 1760 I GameModeConfig: isGameModeOn = false
11-29 07:19:56.859 1491 1760 I GameModeConfig: isGameModeOn = false
11-29 07:19:56.873 1491 1760 I GameModeConfig: isGameModeOn = false
11-29 07:19:56.899 1491 1760 I GameModeConfig: isGameModeOn = false
11-29 07:19:56.910 1491 1760 I GameModeConfig: isGameModeOn = false
11-29 07:19:57.079 353 353 I auditd : type=1400 audit(0.0:16675): avc: denied { kill } for comm="irq/382-atmel_m" capability=5 scontext=u:r:kernel:s0 tcontext=u:r:kernel:s0 tclass=capability permissive=0
11-29 07:19:57.353 21963 21963 I sysui_multi_action: [757,135,758,4,759,0]
11-29 07:19:57.363 1491 2923 I ActivityTaskManager: START u0 {act=android.intent.action.MAIN cmp=com.android.settings/.SubSettings (has extras)} from uid 1000
11-29 07:19:57.366 1491 2923 I wm_task_moved: [182,1,7]
11-29 07:19:57.366 1491 2923 I wm_set_resumed_activity: [0,com.android.settings/.homepage.SettingsHomepageActivity,positionChildAt]
11-29 07:19:57.367 1491 2923 I wm_create_activity: [0,124237681,182,com.android.settings/.SubSettings,android.intent.action.MAIN,NULL,NULL,0]
11-29 07:19:57.368 1491 2923 I wm_pause_activity: [0,1880250,com.android.settings/.homepage.SettingsHomepageActivity,userLeaving=true,resumeTopActivityInnerLocked]
11-29 07:19:57.374 21963 21963 I wm_on_top_resumed_lost_called: [1880250,com.android.settings.homepage.SettingsHomepageActivity,topStateChangedWhenResumed]
11-29 07:19:57.376 21963 21963 I sysui_multi_action: [757,35,758,2,1089,6772]
11-29 07:19:57.376 21963 21963 I sysui_multi_action: [757,103,758,2,1089,6497]
11-29 07:19:57.377 21963 21963 I wm_on_paused_called: [1880250,com.android.settings.homepage.SettingsHomepageActivity,performPause]
11-29 07:19:57.378 1491 2923 I ActivityTaskManager: FOREGROUND_APPLICATION_CHANGED to com.android.settings.SubSettings
11-29 07:19:57.378 1491 2923 I ActivityTaskManager: The Process com.android.settings Already Exists in BG. So sending its PID: 21963
11-29 07:19:57.378 1491 2923 W ActivityTaskManager: Tried to set launchTime (0) < mLastActivityLaunchTime (14769021)
11-29 07:19:57.379 1491 2923 I wm_add_to_stopping: [0,1880250,com.android.settings/.homepage.SettingsHomepageActivity,makeInvisible]
11-29 07:19:57.379 1491 2923 I wm_restart_activity: [0,124237681,182,com.android.settings/.SubSettings]
11-29 07:19:57.381 1491 2923 I wm_set_resumed_activity: [0,com.android.settings/.SubSettings,minimalResumeActivityLocked]
11-29 07:19:57.386 1491 1599 I sysui_multi_action: [757,803,799,window_time_0,802,6]
11-29 07:19:57.412 1491 1693 I input_focus: [Focus leaving cdb357d com.android.settings/com.android.settings.homepage.SettingsHomepageActivity (server),reason=NO_WINDOW]
11-29 07:19:57.418 1491 2923 I ActivityTaskManager: START u0 {act=android.intent.action.MAIN cmp=com.android.settings/.homepage.SettingsHomepageActivity (has extras)} from uid 1000
11-29 07:19:57.419 1491 2923 I wm_finish_activity: [0,124237681,182,com.android.settings/.SubSettings,clear-task-stack]
11-29 07:19:57.425 1491 2923 I wm_pause_activity: [0,124237681,com.android.settings/.SubSettings,userLeaving=false,finish]
11-29 07:19:57.425 1491 2923 I wm_new_intent: [0,1880250,182,com.android.settings/.homepage.SettingsHomepageActivity,android.settings.WIFI_SETTINGS,NULL,NULL,335544320]
11-29 07:19:57.425 1491 2923 I wm_task_moved: [182,1,7]
11-29 07:19:57.430 1491 2923 W ActivityTaskManager: Duplicate finish request for r=ActivityRecord{767b771 u0 com.android.settings/.SubSettings t182 f}}
11-29 07:19:57.430 21963 21963 I wm_on_create_called: [124237681,com.android.settings.SubSettings,performCreate]
11-29 07:19:57.433 1491 2770 I wm_add_to_stopping: [0,124237681,com.android.settings/.SubSettings,completeFinishing]
11-29 07:19:57.434 1491 2770 I ActivityTaskManager: FOREGROUND_APPLICATION_CHANGED to com.android.settings.homepage.SettingsHomepageActivity
11-29 07:19:57.434 1491 2770 I wm_set_resumed_activity: [0,com.android.settings/.homepage.SettingsHomepageActivity,resumeTopActivityInnerLocked]
11-29 07:19:57.435 1491 2770 I wm_resume_activity: [0,1880250,182,com.android.settings/.homepage.SettingsHomepageActivity]
11-29 07:19:57.440 1491 1600 I input_focus: [Focus request cdb357d com.android.settings/com.android.settings.homepage.SettingsHomepageActivity,reason=UpdateInputWindows]
11-29 07:19:57.440 1491 1599 I sysui_multi_action: [757,803,799,window_time_0,802,0]
11-29 07:19:57.444 21963 21963 I wm_on_activity_result_called: [1880250,com.android.settings.homepage.SettingsHomepageActivity,ACTIVITY_RESULT]
11-29 07:19:57.445 21963 21963 I wm_on_resume_called: [1880250,com.android.settings.homepage.SettingsHomepageActivity,RESUME_ACTIVITY]
11-29 07:19:57.445 21963 21963 I sysui_multi_action: [757,35,758,1,833,0,1089,0]
11-29 07:19:57.446 21963 21963 I sysui_multi_action: [757,103,758,1,833,0,1089,0]
11-29 07:19:57.448 21963 21963 I wm_on_top_resumed_gained_called: [1880250,com.android.settings.homepage.SettingsHomepageActivity,topWhenResuming]
11-29 07:19:57.459 1491 1693 I input_focus: [Focus entering cdb357d com.android.settings/com.android.settings.homepage.SettingsHomepageActivity (server),reason=Window became focusable. Previous reason: NO_WINDOW]
11-29 07:19:57.491 1491 2923 I wm_destroy_activity: [0,124237681,182,com.android.settings/.SubSettings,finish-imm:idle]
11-29 07:19:57.492 21963 21963 I wm_on_destroy_called: [124237681,com.android.settings.SubSettings,performDestroy]
11-29 07:19:57.547 16043 16059 W ContextImpl: Calling a method in the system process without a qualified user: android.app.ContextImpl.startService:1816 android.content.ContextWrapper.startService:774 com.thundercomm.gamemode.ingame.services.GameModeActionUtils.startGameModeService:93 com.thundercomm.gamemode.ingame.services.GameModeActionUtils.startGameModeEntry:21 com.thundercomm.gamemode.ingame.services.ActivityMonitoringService$1.onActivityLaunch:127
11-29 07:19:57.557 1491 1491 I GameModeConfig: Current uri is uri = content://com.thundercomm.gamemode.api/gamemode_settings/gamemode_isgaming
11-29 07:19:57.565 1491 1491 I GameModeConfig: isGameModeOn = false
11-29 07:19:57.565 1491 1491 I GameModeConfig: isGameModeOn = false
11-29 07:19:57.565 1491 1491 I GameModeConfig: isDisableVoice = true
11-29 07:19:57.732 21963 21963 I sysui_multi_action: [757,1800,758,1,833,0,1089,75]
11-29 07:19:58.079 0 0 I auditd : type=1400 audit(0.0:16676): avc: denied { kill } for comm="swapper/0" capability=5 scontext=u:r:kernel:s0 tcontext=u:r:kernel:s0 tclass=capability permissive=0
11-29 07:19:58.731 22037 22037 I auditd : type=1400 audit(0.0:16677): avc: denied { read } for comm="protocalManager" name="/" dev="dm-5" ino=2 scontext=u:r:untrusted_app_27:s0:c512,c768 tcontext=u:object_r:rootfs:s0 tclass=dir permissive=0 app=com.tencent.android.qqdownloader
11-29 07:19:59.079 353 353 I auditd : type=1400 audit(0.0:16678): avc: denied { kill } for comm="irq/382-atmel_m" capability=5 scontext=u:r:kernel:s0 tcontext=u:r:kernel:s0 tclass=capability permissive=0
11-29 07:19:59.437 1491 1693 I input_interaction: Interaction with: e15813f InputMethod (server), edge-swipe (server), swipe-up (server), PointerEventDispatcher0 (server),
11-29 07:19:59.864 1381 12439 I liblog : 17
11-29 07:19:59.864 1381 12439 I liblog : 1
11-29 07:19:59.864 1381 12439 I liblog : 1
11-29 07:19:59.865 1381 12439 I liblog : 26
11-29 07:19:59.865 1381 12439 I liblog : 2
11-29 07:19:59.865 1381 12439 I liblog : 1
11-29 07:20:00.079 0 0 I auditd : type=1400 audit(0.0:16679): avc: denied { kill } for comm="swapper/1" capability=5 scontext=u:r:kernel:s0 tcontext=u:r:kernel:s0 tclass=capability permissive=0
11-29 07:20:01.173 1491 1760 I GameModeConfig: isGameModeOn = false
11-29 07:20:01.188 1491 1760 I GameModeConfig: isGameModeOn = false
11-29 07:20:01.359 1491 1760 I GameModeConfig: isGameModeOn = false
11-29 07:20:01.392 1491 1760 I GameModeConfig: isGameModeOn = false
11-29 07:20:02.079 14 14 I auditd : type=1400 audit(0.0:16680): avc: denied { kill } for comm="rcuos/0" capability=5 scontext=u:r:kernel:s0 tcontext=u:r:kernel:s0 tclass=capability permissive=0
11-29 07:20:03.079 0 0 I auditd : type=1400 audit(0.0:16681): avc: denied { kill } for comm="swapper/2" capability=5 scontext=u:r:kernel:s0 tcontext=u:r:kernel:s0 tclass=capability permissive=0
11-29 07:20:03.176 1381 12439 I liblog : 108
11-29 07:20:03.176 1381 12439 I liblog : 7
11-29 07:20:03.177 1381 12439 I liblog : 1
11-29 07:20:03.447 1491 1607 I am_pss : [21979,10036,com.microsoft.emmx,87573504,54431744,5046272,216158208,0,8,17]
11-29 07:20:03.463 1491 1693 I input_interaction: Interaction with: cdb357d com.android.settings/com.android.settings.homepage.SettingsHomepageActivity (server), edge-swipe (server), swipe-up (server), PointerEventDispatcher0 (server),
11-29 07:20:03.563 21963 21963 I sysui_multi_action: [757,1800,758,2,1089,5830]
11-29 07:20:03.624 1491 1730 W ContextImpl: Calling a method in the system process without a qualified user: android.app.ContextImpl.sendBroadcastMultiplePermissions:1206 android.content.Context.sendBroadcastWithMultiplePermissions:2262 com.android.server.wifi.WifiServiceImpl.broadcastWifiCredentialChanged:4925 com.android.server.wifi.WifiServiceImpl.lambda$connect$106:4975 com.android.server.wifi.WifiServiceImpl.$r8$lambda$k_VbQ0XctrStvVsieclZczsvs-g:0
11-29 07:20:03.872 834 834 D android.hardware.wifi@1.0-service: Successfully SetMacAddress.
11-29 07:20:03.880 1197 1197 W wificond: Scan is not started. Ignore abort request
11-29 07:20:03.946 1491 1754 I netstats_mobile_sample: [0,0,0,0,0,0,0,0,0,0,0,0,1669677603946]
11-29 07:20:03.946 1491 1754 I netstats_wifi_sample: [369815292,854766,162110384,373573,369815292,854766,162110384,373573,450321330,1471766,81659497,191451,1669677603946]
11-29 07:20:03.951 1491 1754 W ContextImpl: Calling a method in the system process without a qualified user: android.app.ContextImpl.sendStickyBroadcast:1559 com.android.server.ConnectivityService.sendStickyBroadcast:2811 com.android.server.ConnectivityService.sendLegacyNetworkBroadcast:8732 com.android.server.ConnectivityService$LegacyTypeTracker.remove:1007 com.android.server.ConnectivityService$LegacyTypeTracker.remove:1024
11-29 07:20:03.968 1491 8592 I ActivityManager: Killing 22875:com.microsoft.emmx:sandboxed_process0:org.chromium.content.app.SandboxedProcessService0:0/u0a36i-9000 (adj 0): isolated not needed
11-29 07:20:03.968 1491 8592 I am_kill : [0,22875,com.microsoft.emmx:sandboxed_process0:org.chromium.content.app.SandboxedProcessService0:0,0,isolated not needed]
11-29 07:20:04.016 1491 8592 I am_proc_died: [0,22875,com.microsoft.emmx:sandboxed_process0:org.chromium.content.app.SandboxedProcessService0:0,0,10]
11-29 07:20:04.017 1491 8592 I am_uid_stopped: 90000
11-29 07:20:04.029 1491 1607 I am_pss : [21963,1000,com.android.settings,91816960,79613952,2193408,197947392,0,2,9]
11-29 07:20:04.036 1491 1607 I am_pss : [21329,10094,com.android.permissioncontroller,15790080,10358784,3879936,72581120,0,19,5]
11-29 07:20:04.043 1491 1607 I am_pss : [22554,10070,com.android.webview:webview_service,33807360,2822144,22822912,63991808,0,19,5]
11-29 07:20:04.052 1491 1607 I am_pss : [20697,10089,com.android.music,29455360,23179264,0,151298048,0,4,8]
11-29 07:20:04.079 0 0 I auditd : type=1400 audit(0.0:16682): avc: denied { kill } for comm="swapper/2" capability=5 scontext=u:r:kernel:s0 tcontext=u:r:kernel:s0 tclass=capability permissive=0
11-29 07:20:04.118 1491 1491 I sysui_multi_action: [757,128,758,5,759,8,793,253810,794,0,795,253810,796,1,806,com.android.music,857,Channel-music,858,2,947,0,1500,253810,1641,transport,1688,1,1745,1043716538]
11-29 07:20:04.118 1491 1491 I notification_canceled: [0|com.android.music|1|null|10089,8,253810,253810,0,-1,-1,NULL]
11-29 07:20:04.120 1491 1491 D CompatibilityChangeReporter: Compat change id reported: 175319604; UID 1000; state: ENABLED
11-29 07:20:04.121 1491 1491 D CompatibilityChangeReporter: Compat change id reported: 175319604; UID 1000; state: DISABLED
11-29 07:20:04.124 1491 1608 D CompatibilityChangeReporter: Compat change id reported: 168419799; UID 10021; state: DISABLED
11-29 07:20:04.137 1491 1491 I notification_cancel_all: [1000,1491,com.android.music,0,0,0,20,NULL]
11-29 07:20:04.137 1491 7658 I sysui_multi_action: [757,856,758,2,806,com.android.music,857,Channel-music,858,2]
11-29 07:20:04.137 1491 7658 W NotificationHistory: Attempted to remove channel for locked/gone/disabled user 0
11-29 07:20:04.139 1491 8592 W BroadcastQueue: Background execution not allowed: receiving Intent { act=com.android.music.updatewidget flg=0x10 } to com.android.music/.MediaAppWidgetProvider
11-29 07:20:04.140 1491 1608 W BroadcastQueue: Background execution not allowed: receiving Intent { act=com.android.music.updatewidget flg=0x10 } to com.android.music/.MediaAppWidgetProviderLarge
11-29 07:20:04.211 1491 1618 E KernelCpuSpeedReader: Failed to read cpu-freq: /sys/devices/system/cpu/cpu4/cpufreq/stats/time_in_state: open failed: ENOENT (No such file or directory)
11-29 07:20:04.211 1491 1618 E KernelCpuSpeedReader: Failed to read cpu-freq: /sys/devices/system/cpu/cpu0/cpufreq/stats/time_in_state: open failed: ENOENT (No such file or directory)
11-29 07:20:04.232 1491 1760 I GameModeConfig: isGameModeOn = false
11-29 07:20:04.233 1491 1760 I GameModeConfig: isGameModeOn = false
11-29 07:20:04.233 1491 1760 I GameModeConfig: isGameModeOn = false
11-29 07:20:04.234 1491 1491 I notification_enqueue: [10082,19842,com.android.systemui,1,empty_media,0,Notification(channel=empty_media_style_id shortcut=null contentView=null vibrate=null sound=null defaults=0x0 flags=0x20 color=0x00000000 category=transport actions=4 vis=PRIVATE),0]
11-29 07:20:04.235 1491 2061 E AppOps : Operation not started: uid=10097 pkg=com.tencent.android.qqdownloader(null) op=WAKE_LOCK
11-29 07:20:04.237 1491 8592 E AppOps : Operation not started: uid=10097 pkg=com.tencent.android.qqdownloader(null) op=WAKE_LOCK
11-29 07:20:04.394 1491 1598 I commit_sys_config_file: [notification-policy,14772812]
11-29 07:20:04.405 1491 1754 I netstats_mobile_sample: [0,0,0,0,0,0,0,0,0,0,0,0,1669677604405]
11-29 07:20:04.405 1491 1754 I netstats_wifi_sample: [369815292,854766,162110384,373573,369815292,854766,162110384,373573,450321330,1471766,81659497,191451,1669677604405]
11-29 07:20:04.412 22037 22037 E ActivityThread: Failed to find provider info for com.android.badge
11-29 07:20:04.434 1491 1491 I sysui_multi_action: [757,1501,758,1,793,203,794,0,795,203,796,1,797,empty_media,806,com.android.systemui,857,empty_media_style_id,858,4,947,0,1500,0,1641,transport,1688,1,1745,1043716538]
11-29 07:20:04.435 1491 1491 I sysui_multi_action: [757,804,799,note_interruptive,801,0,802,1]
11-29 07:20:04.435 1491 1491 I GameModeConfig: isGameModeOn = false
11-29 07:20:04.435 1491 1491 I sysui_multi_action: [757,1501,758,1,793,204,794,0,795,204,796,1,797,empty_media,806,com.android.systemui,857,empty_media_style_id,858,4,947,0,1500,0,1641,transport,1688,1,1745,1043716538]
11-29 07:20:04.436 1491 1491 I sysui_multi_action: [757,804,799,note_interruptive,801,0,802,1]
11-29 07:20:04.436 1491 1491 I sysui_multi_action: [757,199,758,1,759,2,793,205,794,0,795,205,796,1,797,empty_media,806,com.android.systemui,857,empty_media_style_id,858,4,947,0,1500,1,1641,transport,1688,1,1745,1043716538]
11-29 07:20:04.436 1491 1491 I notification_alert: [0|com.android.systemui|1|empty_media|10082,0,1,0]
11-29 07:20:04.446 1491 1491 W NotificationHistory: Attempted to add notif for locked/gone/disabled user 0
11-29 07:20:04.483 1491 2068 E AppOps : Operation not started: uid=10097 pkg=com.tencent.android.qqdownloader(null) op=WAKE_LOCK
11-29 07:20:04.522 1491 1754 I netstats_mobile_sample: [0,0,0,0,0,0,0,0,0,0,0,0,1669677604522]
11-29 07:20:04.523 1491 1754 I netstats_wifi_sample: [369815292,854766,162110384,373573,369815292,854766,162110384,373573,450321330,1471766,81659497,191451,1669677604522]
11-29 07:20:04.545 1491 1754 I netstats_mobile_sample: [0,0,0,0,0,0,0,0,0,0,0,0,1669677604544]
11-29 07:20:04.545 1491 1754 I netstats_wifi_sample: [369815292,854766,162110384,373573,369815292,854766,162110384,373573,450321330,1471766,81659497,191451,1669677604544]
11-29 07:20:04.561 1491 1754 I netstats_mobile_sample: [0,0,0,0,0,0,0,0,0,0,0,0,1669677604561]
11-29 07:20:04.561 1491 1754 I netstats_wifi_sample: [369815292,854766,162110384,373573,369815292,854766,162110384,373573,450321330,1471766,81659497,191451,1669677604561]
11-29 07:20:04.575 1491 1754 I netstats_mobile_sample: [0,0,0,0,0,0,0,0,0,0,0,0,1669677604575]
11-29 07:20:04.575 1491 1754 I netstats_wifi_sample: [369815292,854766,162110384,373573,369815292,854766,162110384,373573,450321330,1471766,81659497,191451,1669677604575]
11-29 07:20:04.582 1491 1618 I service_manager_stats: [100,93,18958]
11-29 07:20:04.582 667 730 E NetlinkEvent: NetlinkEvent::FindParam(): Parameter 'INTERFACE' not found
11-29 07:20:04.582 667 730 E NetlinkEvent: NetlinkEvent::FindParam(): Parameter 'STATE' not found
11-29 07:20:04.582 667 730 E NetlinkEvent: NetlinkEvent::FindParam(): Parameter 'TIME_NS' not found
11-29 07:20:04.582 667 730 E NetlinkEvent: NetlinkEvent::FindParam(): Parameter 'UID' not found
11-29 07:20:04.595 1491 1754 I netstats_mobile_sample: [0,0,0,0,0,0,0,0,0,0,0,0,1669677604595]
11-29 07:20:04.595 1491 1754 I netstats_wifi_sample: [369815292,854766,162110384,373573,369815292,854766,162110384,373573,450321330,1471766,81659497,191451,1669677604595]
11-29 07:20:04.598 1491 1754 W ContextImpl: Calling a method in the system process without a qualified user: android.app.ContextImpl.sendStickyBroadcast:1559 com.android.server.ConnectivityService.sendStickyBroadcast:2811 com.android.server.ConnectivityService.sendGeneralBroadcast:2786 com.android.server.ConnectivityService.sendConnectedBroadcast:2759 com.android.server.ConnectivityService.sendLegacyNetworkBroadcast:8704
11-29 07:20:04.606 1491 1754 W ContextImpl: Calling a method in the system process without a qualified user: android.app.ContextImpl.sendStickyBroadcast:1559 com.android.server.ConnectivityService.sendStickyBroadcast:2811 com.android.server.ConnectivityService.sendGeneralBroadcast:2786 com.android.server.ConnectivityService.sendInetConditionBroadcast:2763 com.android.server.ConnectivityService.updateInetCondition:8451
11-29 07:20:04.615 22070 22070 I auditd : type=1400 audit(0.0:16683): avc: granted { nlmsg_readpriv } for comm="halley_2800_Tem" scontext=u:r:untrusted_app_27:s0:c512,c768 tcontext=u:r:untrusted_app_27:s0:c512,c768 tclass=netlink_route_socket app=com.tencent.android.qqdownloader
11-29 07:20:04.624 1491 1596 I service_manager_slow: [16,phone]
11-29 07:20:04.687 22037 22037 I auditd : type=1400 audit(0.0:16684): avc: denied { read } for comm="pool-8-thread-1" name="version" dev="proc" ino=4026532238 scontext=u:r:untrusted_app_27:s0:c512,c768 tcontext=u:object_r:proc_version:s0 tclass=file permissive=0 app=com.tencent.android.qqdownloader
11-29 07:20:04.691 22037 22037 I auditd : type=1400 audit(0.0:16685): avc: denied { read } for comm="protocalManager" name="/" dev="dm-5" ino=2 scontext=u:r:untrusted_app_27:s0:c512,c768 tcontext=u:object_r:rootfs:s0 tclass=dir permissive=0 app=com.tencent.android.qqdownloader
11-29 07:20:04.703 22037 22037 I auditd : type=1400 audit(0.0:16686): avc: granted { nlmsg_readpriv } for comm="ndHandlerThread" scontext=u:r:untrusted_app_27:s0:c512,c768 tcontext=u:r:untrusted_app_27:s0:c512,c768 tclass=netlink_route_socket app=com.tencent.android.qqdownloader
11-29 07:20:04.882 22037 22037 E ActivityThread: Failed to find provider info for com.android.badge
11-29 07:20:04.889 22037 22037 E ActivityThread: Failed to find provider info for com.android.badge
11-29 07:20:05.218 1491 8592 D CompatibilityChangeReporter: Compat change id reported: 171306433; UID 10097; state: DISABLED
11-29 07:20:05.223 1491 1754 I netstats_mobile_sample: [0,0,0,0,0,0,0,0,0,0,0,0,1669677605223]
11-29 07:20:05.223 1491 1754 I netstats_wifi_sample: [369846483,854846,162150019,373693,369846483,854846,162150019,373693,450362735,1471901,81693294,191557,1669677605223]
11-29 07:20:05.239 1491 1754 I netstats_mobile_sample: [0,0,0,0,0,0,0,0,0,0,0,0,1669677605239]
11-29 07:20:05.240 1491 1754 I netstats_wifi_sample: [369846647,854849,162151182,373696,369846647,854849,162151182,373696,450362827,1471903,81694457,191560,1669677605239]
11-29 07:20:05.970 1491 1598 I commit_sys_config_file: [jobs,2]
11-29 07:20:06.079 0 0 I auditd : type=1400 audit(0.0:16688): avc: denied { kill } for comm="swapper/2" capability=5 scontext=u:r:kernel:s0 tcontext=u:r:kernel:s0 tclass=capability permissive=0
11-29 07:20:06.243 1491 1491 I notification_enqueue: [10097,22037,com.tencent.android.qqdownloader,112,NULL,0,Notification(channel=channel_id_default_silent shortcut=null contentView=null vibrate=null sound=null tick defaults=0x0 flags=0x210 color=0x00000000 groupKey=com.tencent.android.qqdownloader vis=PRIVATE),0]
11-29 07:20:06.390 1491 1723 I netstats_mobile_sample: [0,0,0,0,0,0,0,0,0,0,0,0,1669677606390]
11-29 07:20:06.391 1491 1723 I netstats_wifi_sample: [370070405,855161,162215313,373994,370070405,855161,162215313,373994,450617541,1472349,81750940,191834,1669677606390]
11-29 07:20:06.444 1491 1491 I GameModeConfig: isGameModeOn = false
11-29 07:20:06.659 22070 22070 I auditd : type=1400 audit(0.0:16689): avc: granted { nlmsg_readpriv } for comm="halley_2800_Tem" scontext=u:r:untrusted_app_27:s0:c512,c768 tcontext=u:r:untrusted_app_27:s0:c512,c768 tclass=netlink_route_socket app=com.tencent.android.qqdownloader
11-29 07:20:06.721 22037 22037 E ActivityThread: Failed to find provider info for com.android.badge
11-29 07:20:06.897 1491 1763 I storage_state: [41217664-9172-527a-b3d5-edabb50a7d69,0,0,115480272896,118610538496]
11-29 07:20:07.022 1491 8592 I wm_task_moved: [32,0,0]
11-29 07:20:07.023 1491 8592 I wm_task_moved: [32,0,6]
11-29 07:20:07.047 16043 16059 W ContextImpl: Calling a method in the system process without a qualified user: android.app.ContextImpl.startService:1816 android.content.ContextWrapper.startService:774 com.thundercomm.gamemode.ingame.services.GameModeActionUtils.startGameModeService:93 com.thundercomm.gamemode.ingame.services.GameModeActionUtils.startGameModeEntry:21 com.thundercomm.gamemode.ingame.services.ActivityMonitoringService$1.onActivityLaunch:127
11-29 07:20:07.051 21963 21963 I view_enqueue_input_event: [Motion - Cancel,com.android.settings/com.android.settings.homepage.SettingsHomepageActivity]
11-29 07:20:07.052 9956 9956 I wm_on_restart_called: [254362067,com.android.launcher3.uioverrides.QuickstepLauncher,performRestartActivity]
11-29 07:20:07.054 1491 1600 I input_focus: [Focus request recents_animation_input_consumer,reason=UpdateInputWindows]
11-29 07:20:07.057 1491 1693 I input_interaction: Interaction with: edge-swipe (server), swipe-up (server), PointerEventDispatcher0 (server),
11-29 07:20:07.068 1491 1491 I GameModeConfig: Current uri is uri = content://com.thundercomm.gamemode.api/gamemode_settings/gamemode_isgaming
11-29 07:20:07.078 1491 1491 I GameModeConfig: isGameModeOn = false
11-29 07:20:07.079 1491 1491 I GameModeConfig: isGameModeOn = false
11-29 07:20:07.079 1491 1491 I GameModeConfig: isDisableVoice = true
11-29 07:20:07.084 1491 1693 I input_focus: [Focus leaving cdb357d com.android.settings/com.android.settings.homepage.SettingsHomepageActivity (server),reason=NOT_FOCUSABLE]
11-29 07:20:07.084 1491 1693 I input_focus: [Focus entering recents_animation_input_consumer (server),reason=setFocusedWindow]
11-29 07:20:07.088 9956 9956 I wm_on_start_called: [254362067,com.android.launcher3.uioverrides.QuickstepLauncher,handleStartActivity]
11-29 07:20:07.096 1491 9370 W ActivityTaskManager: getTaskSnapshot: taskId=4180 not found
11-29 07:20:07.098 9956 9956 I sysui_latency: [1,97]
11-29 07:20:07.104 1491 1607 I am_pss : [22070,10097,com.tencent.android.qqdownloader,66341888,41136128,0,176074752,0,10,10]
11-29 07:20:07.108 1491 1596 I sysui_multi_action: [319,14,322,82,325,14785,757,761,758,9,759,5,806,com.android.launcher3,871,com.android.launcher3.uioverrides.QuickstepLauncher,905,0,1320,8,1321,5]
11-29 07:20:07.120 1491 1607 I am_pss : [22037,10097,com.tencent.android.qqdownloader:daemon,95721472,53473280,0,227680256,0,10,11]
11-29 07:20:07.128 1491 1607 I am_pss : [22333,10097,com.tencent.android.qqdownloader:cloud,19162112,7114752,94208,94949376,0,10,5]
11-29 07:20:07.136 1491 9370 W ActivityTaskManager: getTaskSnapshot: taskId=4180 not found
11-29 07:20:07.136 1491 9370 W ActivityTaskManager: getTaskSnapshot: taskId=3180 not found
11-29 07:20:07.137 1491 9370 W ActivityTaskManager: getTaskSnapshot: taskId=2180 not found
11-29 07:20:07.138 1491 9370 W ActivityTaskManager: getTaskSnapshot: taskId=1180 not found
11-29 07:20:07.140 1491 1607 I am_pss : [22742,99000,com.android.webview:sandboxed_process0:org.chromium.content.app.SandboxedProcessService0:0,41758720,16744448,778240,123551744,0,10,6]
11-29 07:20:07.295 1491 1673 I commit_sys_config_file: [settings-1-0,11]
11-29 07:20:07.405 1491 1607 I sysui_latency: [8,99]
11-29 07:20:07.787 1491 9370 I wm_task_moved: [32,1,7]
11-29 07:20:07.787 1491 9370 I wm_task_moved: [41,1,2147483647]
11-29 07:20:07.787 1491 9370 I wm_task_to_front: [0,41]
11-29 07:20:07.787 1491 9370 I wm_focused_root_task: [0,0,32,182,RecentsAnimation.onAnimationFinished()]
11-29 07:20:07.787 21963 21963 I wm_on_top_resumed_lost_called: [1880250,com.android.settings.homepage.SettingsHomepageActivity,topStateChangedWhenResumed]
11-29 07:20:07.788 1491 9370 I wm_set_resumed_activity: [0,com.android.launcher3/.uioverrides.QuickstepLauncher,RecentsAnimation.onAnimationFinished()]
11-29 07:20:07.789 1491 9370 I wm_pause_activity: [0,1880250,com.android.settings/.homepage.SettingsHomepageActivity,userLeaving=true,pauseBackTasks]
11-29 07:20:07.789 1491 9370 I wm_add_to_stopping: [0,1880250,com.android.settings/.homepage.SettingsHomepageActivity,makeInvisible]
11-29 07:20:07.789 1491 9370 I ActivityTaskManager: FOREGROUND_APPLICATION_CHANGED to com.android.launcher3.uioverrides.QuickstepLauncher
11-29 07:20:07.789 1491 9370 I wm_set_resumed_activity: [0,com.android.launcher3/.uioverrides.QuickstepLauncher,resumeTopActivityInnerLocked]
11-29 07:20:07.790 1491 9370 I wm_resume_activity: [0,254362067,41,com.android.launcher3/.uioverrides.QuickstepLauncher]
11-29 07:20:07.796 1491 1600 I input_focus: [Focus request cd0514f com.android.launcher3/com.android.launcher3.uioverrides.QuickstepLauncher,reason=UpdateInputWindows]
11-29 07:20:07.797 21963 21963 I sysui_multi_action: [757,35,758,2,1089,10352]
11-29 07:20:07.797 9956 9956 I wm_on_resume_called: [254362067,com.android.launcher3.uioverrides.QuickstepLauncher,RESUME_ACTIVITY]
11-29 07:20:07.797 21963 21963 I sysui_multi_action: [757,103,758,2,1089,10351]
11-29 07:20:07.797 9956 9956 I wm_on_top_resumed_gained_called: [254362067,com.android.launcher3.uioverrides.QuickstepLauncher,topStateChangedWhenResumed]
11-29 07:20:07.798 21963 21963 I wm_on_paused_called: [1880250,com.android.settings.homepage.SettingsHomepageActivity,performPause]
11-29 07:20:07.799 1491 1599 I wm_stop_activity: [0,1880250,com.android.settings/.homepage.SettingsHomepageActivity]
11-29 07:20:07.799 1491 1599 I sysui_multi_action: [757,803,799,window_time_0,802,11]
11-29 07:20:07.802 1491 1693 I input_focus: [Focus leaving recents_animation_input_consumer (server),reason=NOT_VISIBLE]
11-29 07:20:07.803 1491 1599 I sysui_multi_action: [757,803,799,window_time_0,802,0]
11-29 07:20:07.818 1491 1693 I input_focus: [Focus entering cd0514f com.android.launcher3/com.android.launcher3.uioverrides.QuickstepLauncher (server),reason=setFocusedWindow]
11-29 07:20:07.818 21963 21963 I wm_on_stop_called: [1880250,com.android.settings.homepage.SettingsHomepageActivity,STOP_ACTIVITY_ITEM]
11-29 07:20:07.866 16043 16059 W ContextImpl: Calling a method in the system process without a qualified user: android.app.ContextImpl.startService:1816 android.content.ContextWrapper.startService:774 com.thundercomm.gamemode.ingame.services.GameModeActionUtils.startGameModeService:93 com.thundercomm.gamemode.ingame.services.GameModeActionUtils.startGameModeEntry:21 com.thundercomm.gamemode.ingame.services.ActivityMonitoringService$1.onActivityLaunch:127
11-29 07:20:07.870 1491 1491 I GameModeConfig: Current uri is uri = content://com.thundercomm.gamemode.api/gamemode_settings/gamemode_isgaming
11-29 07:20:07.871 1491 1491 I GameModeConfig: isGameModeOn = false
11-29 07:20:07.871 1491 1491 I GameModeConfig: isGameModeOn = false
11-29 07:20:07.871 1491 1491 I GameModeConfig: isDisableVoice = true
11-29 07:20:07.903 16043 16059 W ContextImpl: Calling a method in the system process without a qualified user: android.app.ContextImpl.startService:1816 android.content.ContextWrapper.startService:774 com.thundercomm.gamemode.ingame.services.GameModeActionUtils.startGameModeService:93 com.thundercomm.gamemode.ingame.services.GameModeActionUtils.startGameModeEntry:21 com.thundercomm.gamemode.ingame.services.ActivityMonitoringService$1.onActivityLaunch:127
11-29 07:20:07.906 1491 1491 I GameModeConfig: Current uri is uri = content://com.thundercomm.gamemode.api/gamemode_settings/gamemode_isgaming
11-29 07:20:07.907 1491 1491 I GameModeConfig: isGameModeOn = false
11-29 07:20:07.908 1491 1491 I GameModeConfig: isGameModeOn = false
11-29 07:20:07.908 1491 1491 I GameModeConfig: isDisableVoice = true
11-29 07:20:08.060 1491 1491 I notification_enqueue: [10097,22037,com.tencent.android.qqdownloader,115,NULL,0,Notification(channel=channel_id_default_silent shortcut=null contentView=null vibrate=null sound=null tick defaults=0x0 flags=0x210 color=0x00000000 groupKey=com.tencent.android.qqdownloader vis=PRIVATE),0]
11-29 07:20:08.079 0 0 I auditd : type=1400 audit(0.0:16690): avc: denied { kill } for comm="swapper/2" capability=5 scontext=u:r:kernel:s0 tcontext=u:r:kernel:s0 tclass=capability permissive=0
11-29 07:20:08.262 1491 1491 I GameModeConfig: isGameModeOn = false
11-29 07:20:08.499 22070 22070 I auditd : type=1400 audit(0.0:16691): avc: granted { execute } for comm="kcsdk_temporary" path="/data/user/0/com.tencent.android.qqdownloader/files/plugin/com.tencent.plugin.dawangka/libKcsdk-2.0.9.so" dev="dm-10" ino=2851 scontext=u:r:untrusted_app_27:s0:c512,c768 tcontext=u:object_r:app_data_file:s0:c512,c768 tclass=file app=com.tencent.android.qqdownloader
11-29 07:20:08.567 1491 2923 D CompatibilityChangeReporter: Compat change id reported: 168419799; UID 10097; state: DISABLED
11-29 07:20:08.647 22070 22070 I auditd : type=1400 audit(0.0:16692): avc: denied { read } for comm="pool-20-thread-" name="version" dev="proc" ino=4026532238 scontext=u:r:untrusted_app_27:s0:c512,c768 tcontext=u:object_r:proc_version:s0 tclass=file permissive=0 app=com.tencent.android.qqdownloader
11-29 07:20:08.679 22070 22070 I auditd : type=1400 audit(0.0:16693): avc: denied { read } for comm="pool-20-thread-" name="version" dev="proc" ino=4026532238 scontext=u:r:untrusted_app_27:s0:c512,c768 tcontext=u:object_r:proc_version:s0 tclass=file permissive=0 app=com.tencent.android.qqdownloader
11-29 07:20:08.693 1491 2923 E AppOps : Operation not started: uid=10097 pkg=com.tencent.android.qqdownloader(null) op=WAKE_LOCK
11-29 07:20:08.839 22070 22070 I auditd : type=1400 audit(0.0:16694): avc: granted { nlmsg_readpriv } for comm="pool-16-thread-" scontext=u:r:untrusted_app_27:s0:c512,c768 tcontext=u:r:untrusted_app_27:s0:c512,c768 tclass=netlink_route_socket app=com.tencent.android.qqdownloader
11-29 07:20:09.015 1491 1491 I auditd : type=1400 audit(0.0:16695): avc: denied { getpgid } for comm="ActivityManager" scontext=u:r:system_server:s0 tcontext=u:r:app_zygote:s0:c512,c768 tclass=process permissive=0
11-29 07:20:09.015 1491 1491 I auditd : type=1400 audit(0.0:16696): avc: denied { getpgid } for comm="ActivityManager" scontext=u:r:system_server:s0 tcontext=u:r:app_zygote:s0:c512,c768 tclass=process permissive=0
11-29 07:20:09.019 1491 1491 I auditd : type=1400 audit(0.0:16697): avc: denied { getpgid } for comm="ActivityManager" scontext=u:r:system_server:s0 tcontext=u:r:app_zygote:s0:c512,c768 tclass=process permissive=0
11-29 07:20:09.359 1491 1693 I input_interaction: Interaction with: cd0514f com.android.launcher3/com.android.launcher3.uioverrides.QuickstepLauncher (server), 5c05474 com.android.systemui.ImageWallpaper (server), edge-swipe (server), swipe-up (server), PointerEventDispatcher0 (server),
11-29 07:20:09.440 1491 2923 I ActivityTaskManager: START u0 {act=android.intent.action.MAIN cat=[android.intent.category.LAUNCHER] flg=0x10200000 cmp=com.tencent.android.qqdownloader/com.tencent.pangu.link.SplashActivity bnds=[715,400][1017,680]} from uid 10077
11-29 07:20:09.445 1491 2923 I wm_task_created: [183,-1]
11-29 07:20:09.445 1491 2923 W ActivityTaskManager: Can't find TaskDisplayArea to determine support for multi window. Task id=183 attached=false
11-29 07:20:09.449 1491 2923 D CompatibilityChangeReporter: Compat change id reported: 174042980; UID 10097; state: DISABLED
11-29 07:20:09.450 1491 2923 D CompatibilityChangeReporter: Compat change id reported: 184838306; UID 10097; state: DISABLED
11-29 07:20:09.451 1491 2923 D CompatibilityChangeReporter: Compat change id reported: 185004937; UID 10097; state: DISABLED
11-29 07:20:09.451 1491 2923 D CompatibilityChangeReporter: Compat change id reported: 181136395; UID 10097; state: DISABLED
11-29 07:20:09.452 1491 2923 D CompatibilityChangeReporter: Compat change id reported: 174042936; UID 10097; state: DISABLED
11-29 07:20:09.453 1491 2923 I wm_task_moved: [183,1,8]
11-29 07:20:09.453 1491 2923 I wm_task_to_front: [0,183]
11-29 07:20:09.453 1491 2923 I wm_create_task: [0,183]
11-29 07:20:09.454 1491 2923 I wm_create_activity: [0,41084048,183,com.tencent.android.qqdownloader/com.tencent.pangu.link.SplashActivity,android.intent.action.MAIN,NULL,NULL,270532608]
11-29 07:20:09.454 1491 2923 I wm_task_moved: [183,1,8]
11-29 07:20:09.455 1491 2923 I wm_pause_activity: [0,254362067,com.android.launcher3/.uioverrides.QuickstepLauncher,userLeaving=true,pauseBackTasks]
11-29 07:20:09.467 9956 9956 I wm_on_top_resumed_lost_called: [254362067,com.android.launcher3.uioverrides.QuickstepLauncher,topStateChangedWhenResumed]
11-29 07:20:09.470 9956 9956 I wm_on_paused_called: [254362067,com.android.launcher3.uioverrides.QuickstepLauncher,performPause]
11-29 07:20:09.471 1491 2923 I ActivityTaskManager: FOREGROUND_APPLICATION_CHANGED to com.tencent.pangu.link.SplashActivity
11-29 07:20:09.471 1491 2923 I ActivityTaskManager: The Process com.tencent.android.qqdownloader:daemon Already Exists in BG. So sending its PID: 22037
11-29 07:20:09.471 1491 2923 W ActivityTaskManager: Tried to set launchTime (0) < mLastActivityLaunchTime (14723795)
11-29 07:20:09.472 1491 2923 I wm_restart_activity: [0,41084048,183,com.tencent.android.qqdownloader/com.tencent.pangu.link.SplashActivity]
11-29 07:20:09.473 1491 2923 I wm_set_resumed_activity: [0,com.tencent.android.qqdownloader/com.tencent.pangu.link.SplashActivity,minimalResumeActivityLocked]
11-29 07:20:09.480 1491 1599 I sysui_multi_action: [757,803,799,window_time_0,802,1]
11-29 07:20:09.494 1491 9370 I ActivityTaskManager: START u0 {flg=0x10000000 cmp=com.tencent.android.qqdownloader/com.tencent.assistant.activity.SplashImplActivity} from uid 10097
11-29 07:20:09.495 1491 9370 I wm_task_moved: [180,1,8]
11-29 07:20:09.495 1491 9370 I wm_task_to_front: [0,180]
11-29 07:20:09.496 1491 9370 I wm_focused_root_task: [0,0,180,183,bringingFoundTaskToFront]
11-29 07:20:09.496 1491 9370 I wm_set_resumed_activity: [0,com.tencent.android.qqdownloader/com.tencent.assistantv2.activity.MainActivity,bringingFoundTaskToFront]
11-29 07:20:09.497 1491 9370 I wm_pause_activity: [0,41084048,com.tencent.android.qqdownloader/com.tencent.pangu.link.SplashActivity,userLeaving=true,pauseBackTasks]
11-29 07:20:09.499 16043 16059 W ContextImpl: Calling a method in the system process without a qualified user: android.app.ContextImpl.startService:1816 android.content.ContextWrapper.startService:774 com.thundercomm.gamemode.ingame.services.GameModeActionUtils.startGameModeService:93 com.thundercomm.gamemode.ingame.services.GameModeActionUtils.startGameModeEntry:21 com.thundercomm.gamemode.ingame.services.ActivityMonitoringService$1.onActivityLaunch:127
11-29 07:20:09.505 1491 9370 I wm_finish_activity: [0,41084048,183,com.tencent.android.qqdownloader/com.tencent.pangu.link.SplashActivity,finish-activity]
11-29 07:20:09.506 1491 1491 I GameModeConfig: Current uri is uri = content://com.thundercomm.gamemode.api/gamemode_settings/gamemode_isgaming
11-29 07:20:09.507 22037 22037 I wm_on_create_called: [41084048,com.tencent.pangu.link.SplashActivity,performCreate]
11-29 07:20:09.507 1491 1491 I GameModeConfig: isGameModeOn = false
11-29 07:20:09.508 1491 1491 I GameModeConfig: isGameModeOn = false
11-29 07:20:09.508 1491 1491 I GameModeConfig: isDisableVoice = true
11-29 07:20:09.511 1491 1599 I sysui_multi_action: [757,803,799,window_time_0,802,0]
11-29 07:20:09.517 1491 8592 I wm_add_to_stopping: [0,41084048,com.tencent.android.qqdownloader/com.tencent.pangu.link.SplashActivity,completeFinishing]
11-29 07:20:09.517 1491 8592 I ActivityTaskManager: FOREGROUND_APPLICATION_CHANGED to com.tencent.assistantv2.activity.MainActivity
11-29 07:20:09.518 1491 8592 I wm_set_resumed_activity: [0,com.tencent.android.qqdownloader/com.tencent.assistantv2.activity.MainActivity,resumeTopActivityInnerLocked]
11-29 07:20:09.523 1491 8592 I wm_add_to_stopping: [0,254362067,com.android.launcher3/.uioverrides.QuickstepLauncher,makeInvisible]
11-29 07:20:09.524 1491 8592 I wm_resume_activity: [0,179324335,180,com.tencent.android.qqdownloader/com.tencent.assistantv2.activity.MainActivity]
11-29 07:20:09.528 1491 1599 I wm_destroy_activity: [0,41084048,183,com.tencent.android.qqdownloader/com.tencent.pangu.link.SplashActivity,finish-imm:idle]
11-29 07:20:09.529 22037 22037 I wm_on_destroy_called: [41084048,com.tencent.pangu.link.SplashActivity,performDestroy]
11-29 07:20:09.533 16043 16059 W ContextImpl: Calling a method in the system process without a qualified user: android.app.ContextImpl.startService:1816 android.content.ContextWrapper.startService:774 com.thundercomm.gamemode.ingame.services.GameModeActionUtils.startGameModeService:93 com.thundercomm.gamemode.ingame.services.GameModeActionUtils.startGameModeEntry:21 com.thundercomm.gamemode.ingame.services.ActivityMonitoringService$1.onActivityLaunch:127
11-29 07:20:09.539 1491 1599 I sysui_multi_action: [757,803,799,window_time_0,802,1]
11-29 07:20:09.539 1491 1693 I input_focus: [Focus leaving cd0514f com.android.launcher3/com.android.launcher3.uioverrides.QuickstepLauncher (server),reason=NO_WINDOW]
11-29 07:20:09.540 22070 22070 I wm_on_restart_called: [179324335,com.tencent.assistantv2.activity.MainActivity,performRestartActivity]
11-29 07:20:09.540 1491 1491 I GameModeConfig: Current uri is uri = content://com.thundercomm.gamemode.api/gamemode_settings/gamemode_isgaming
11-29 07:20:09.541 22070 22070 I wm_on_start_called: [179324335,com.tencent.assistantv2.activity.MainActivity,handleStartActivity]
11-29 07:20:09.543 1491 1491 I GameModeConfig: isGameModeOn = false
11-29 07:20:09.543 1491 1491 I GameModeConfig: isGameModeOn = false
11-29 07:20:09.543 1491 1491 I GameModeConfig: isDisableVoice = true
11-29 07:20:09.545 22070 22070 I wm_on_resume_called: [179324335,com.tencent.assistantv2.activity.MainActivity,RESUME_ACTIVITY]
11-29 07:20:09.546 22070 22070 I wm_on_top_resumed_gained_called: [179324335,com.tencent.assistantv2.activity.MainActivity,topWhenResuming]
11-29 07:20:09.551 1491 9370 I wm_task_removed: [183,removeChild:removeChild last r=ActivityRecord{272e490 u0 com.tencent.android.qqdownloader/com.tencent.pangu.link.SplashActivity t-1 f}} in t=Task{356b5a8 #183 type=standard A=10097:com.tencent.pangu.link.SplashActivity U=0 visible=false mode=fullscreen translucent=true sz=0}]
11-29 07:20:09.551 1491 9370 I wm_task_removed: [183,removeChild]
11-29 07:20:09.565 1491 1600 I input_focus: [Focus request eeb7dec com.tencent.android.qqdownloader/com.tencent.assistantv2.activity.MainActivity,reason=UpdateInputWindows]
11-29 07:20:09.577 16043 16059 W ContextImpl: Calling a method in the system process without a qualified user: android.app.ContextImpl.startService:1816 android.content.ContextWrapper.startService:774 com.thundercomm.gamemode.ingame.services.GameModeActionUtils.startGameModeService:93 com.thundercomm.gamemode.ingame.services.GameModeActionUtils.startGameModeEntry:21 com.thundercomm.gamemode.ingame.services.ActivityMonitoringService$1.onActivityLaunch:127
11-29 07:20:09.581 1491 1491 I GameModeConfig: Current uri is uri = content://com.thundercomm.gamemode.api/gamemode_settings/gamemode_isgaming
11-29 07:20:09.582 1491 1491 I GameModeConfig: isGameModeOn = false
11-29 07:20:09.582 1491 1491 I GameModeConfig: isGameModeOn = false
11-29 07:20:09.582 1491 1491 I GameModeConfig: isDisableVoice = true
11-29 07:20:09.583 1491 1596 I sysui_multi_action: [319,92,321,90,322,132,325,14787,757,761,758,8,759,4,806,com.tencent.android.qqdownloader,871,com.tencent.assistantv2.activity.MainActivity,904,com.tencent.android.qqdownloader,905,0,1320,4,1321,4]
11-29 07:20:09.584 1491 1596 I wm_activity_launch_time: [0,179324335,com.tencent.android.qqdownloader/com.tencent.assistantv2.activity.MainActivity,132]
11-29 07:20:09.591 1491 1693 I input_focus: [Focus entering eeb7dec com.tencent.android.qqdownloader/com.tencent.assistantv2.activity.MainActivity (server),reason=setFocusedWindow]
11-29 07:20:09.632 16043 16059 W ContextImpl: Calling a method in the system process without a qualified user: android.app.ContextImpl.startService:1816 android.content.ContextWrapper.startService:774 com.thundercomm.gamemode.ingame.services.GameModeActionUtils.startGameModeService:93 com.thundercomm.gamemode.ingame.services.GameModeActionUtils.startGameModeEntry:21 com.thundercomm.gamemode.ingame.services.ActivityMonitoringService$1.onActivityLaunch:127
11-29 07:20:09.635 1491 1491 I GameModeConfig: Current uri is uri = content://com.thundercomm.gamemode.api/gamemode_settings/gamemode_isgaming
11-29 07:20:09.636 1491 2002 I ntp_failure: [time.android.com/216.239.35.4,java.net.SocketTimeoutException: Poll timed out]
11-29 07:20:09.638 1491 1491 I GameModeConfig: isGameModeOn = false
11-29 07:20:09.638 1491 1491 I GameModeConfig: isGameModeOn = false
11-29 07:20:09.638 1491 1491 I GameModeConfig: isDisableVoice = true
11-29 07:20:09.695 22070 22070 I auditd : type=1400 audit(0.0:16708): avc: denied { read } for comm="pool-20-thread-" name="version" dev="proc" ino=4026532238 scontext=u:r:untrusted_app_27:s0:c512,c768 tcontext=u:object_r:proc_version:s0 tclass=file permissive=0 app=com.tencent.android.qqdownloader
11-29 07:20:09.707 22070 22070 I auditd : type=1400 audit(0.0:16709): avc: denied { read } for comm="pool-20-thread-" name="version" dev="proc" ino=4026532238 scontext=u:r:untrusted_app_27:s0:c512,c768 tcontext=u:object_r:proc_version:s0 tclass=file permissive=0 app=com.tencent.android.qqdownloader
11-29 07:20:10.188 1491 1599 I wm_stop_activity: [0,254362067,com.android.launcher3/.uioverrides.QuickstepLauncher]
11-29 07:20:10.236 9956 9956 I wm_on_stop_called: [254362067,com.android.launcher3.uioverrides.QuickstepLauncher,STOP_ACTIVITY_ITEM]
11-29 07:20:10.255 16043 16059 W ContextImpl: Calling a method in the system process without a qualified user: android.app.ContextImpl.startService:1816 android.content.ContextWrapper.startService:774 com.thundercomm.gamemode.ingame.services.GameModeActionUtils.startGameModeService:93 com.thundercomm.gamemode.ingame.services.GameModeActionUtils.startGameModeEntry:21 com.thundercomm.gamemode.ingame.services.ActivityMonitoringService$1.onActivityLaunch:127
11-29 07:20:10.260 1491 1491 I GameModeConfig: Current uri is uri = content://com.thundercomm.gamemode.api/gamemode_settings/gamemode_isgaming
11-29 07:20:10.262 1491 1491 I GameModeConfig: isGameModeOn = false
11-29 07:20:10.263 1491 1491 I GameModeConfig: isGameModeOn = false
11-29 07:20:10.263 1491 1491 I GameModeConfig: isDisableVoice = true
11-29 07:20:10.383 22037 22037 E ActivityThread: Failed to find provider info for com.android.badge
11-29 07:20:10.639 1491 1693 I input_interaction: Interaction with: eeb7dec com.tencent.android.qqdownloader/com.tencent.assistantv2.activity.MainActivity (server), edge-swipe (server), swipe-up (server), PointerEventDispatcher0 (server),
11-29 07:20:10.948 1491 7658 W ActivityManager: Unable to start service Intent { act=com.tencent.soter.soterserver.ISoterService pkg=com.tencent.soter.soterserver } U=0: not found
11-29 07:20:11.079 0 0 I auditd : type=1400 audit(0.0:16710): avc: denied { kill } for comm="swapper/0" capability=5 scontext=u:r:kernel:s0 tcontext=u:r:kernel:s0 tclass=capability permissive=0
11-29 07:20:11.659 22070 22070 I auditd : type=1400 audit(0.0:16711): avc: denied { read } for comm="Shark-Looper-Ma" name="version" dev="proc" ino=4026532238 scontext=u:r:untrusted_app_27:s0:c512,c768 tcontext=u:object_r:proc_version:s0 tclass=file permissive=0 app=com.tencent.android.qqdownloader
11-29 07:20:11.675 22070 22070 I auditd : type=1400 audit(0.0:16712): avc: denied { read } for comm="Shark-Looper-Ma" name="version" dev="proc" ino=4026532238 scontext=u:r:untrusted_app_27:s0:c512,c768 tcontext=u:object_r:proc_version:s0 tclass=file permissive=0 app=com.tencent.android.qqdownloader
11-29 07:20:12.079 0 0 I auditd : type=1400 audit(0.0:16713): avc: denied { kill } for comm="swapper/0" capability=5 scontext=u:r:kernel:s0 tcontext=u:r:kernel:s0 tclass=capability permissive=0
