11-29 07:17:19.009 1491 1874 E DisplayDeviceConfig: requesting nits when no mapping exists.
11-29 07:17:19.025 1491 1874 E DisplayDeviceConfig: requesting nits when no mapping exists.
11-29 07:17:19.026 1491 1874 E DisplayDeviceConfig: requesting nits when no mapping exists.
11-29 07:17:19.042 1491 1874 E DisplayDeviceConfig: requesting nits when no mapping exists.
11-29 07:17:19.043 1491 1874 E DisplayDeviceConfig: requesting nits when no mapping exists.
11-29 07:17:19.059 1491 1874 E DisplayDeviceConfig: requesting nits when no mapping exists.
11-29 07:17:19.060 1491 1874 E DisplayDeviceConfig: requesting nits when no mapping exists.
11-29 07:17:19.075 1491 1874 E DisplayDeviceConfig: requesting nits when no mapping exists.
11-29 07:17:19.076 1491 1874 E DisplayDeviceConfig: requesting nits when no mapping exists.
11-29 07:17:19.092 1491 1874 E DisplayDeviceConfig: requesting nits when no mapping exists.
11-29 07:17:19.093 1491 1874 E DisplayDeviceConfig: requesting nits when no mapping exists.
11-29 07:17:19.109 1491 1874 E DisplayDeviceConfig: requesting nits when no mapping exists.
11-29 07:17:19.109 1491 1874 E DisplayDeviceConfig: requesting nits when no mapping exists.
11-29 07:17:19.126 1491 1874 E DisplayDeviceConfig: requesting nits when no mapping exists.
11-29 07:17:19.126 1491 1874 E DisplayDeviceConfig: requesting nits when no mapping exists.
11-29 07:17:19.142 1491 1874 E DisplayDeviceConfig: requesting nits when no mapping exists.
11-29 07:17:19.143 1491 1874 E DisplayDeviceConfig: requesting nits when no mapping exists.
11-29 07:17:19.159 1491 1874 E DisplayDeviceConfig: requesting nits when no mapping exists.
11-29 07:17:19.160 1491 1874 E DisplayDeviceConfig: requesting nits when no mapping exists.
11-29 07:17:19.176 1491 1874 E DisplayDeviceConfig: requesting nits when no mapping exists.
11-29 07:17:19.177 1491 1874 E DisplayDeviceConfig: requesting nits when no mapping exists.
11-29 07:17:19.193 1491 1874 E DisplayDeviceConfig: requesting nits when no mapping exists.
11-29 07:17:19.193 1491 1874 E DisplayDeviceConfig: requesting nits when no mapping exists.
11-29 07:17:19.209 1491 1874 E DisplayDeviceConfig: requesting nits when no mapping exists.
11-29 07:17:19.211 1491 1874 E DisplayDeviceConfig: requesting nits when no mapping exists.
11-29 07:17:19.226 1491 1874 E DisplayDeviceConfig: requesting nits when no mapping exists.
11-29 07:17:19.227 1491 1874 E DisplayDeviceConfig: requesting nits when no mapping exists.
11-29 07:17:19.242 1491 1874 E DisplayDeviceConfig: requesting nits when no mapping exists.
11-29 07:17:19.243 1491 1874 E DisplayDeviceConfig: requesting nits when no mapping exists.
11-29 07:17:19.259 1491 1874 E DisplayDeviceConfig: requesting nits when no mapping exists.
11-29 07:17:19.259 1491 1874 E DisplayDeviceConfig: requesting nits when no mapping exists.
11-29 07:17:19.276 1491 1874 E DisplayDeviceConfig: requesting nits when no mapping exists.
11-29 07:17:19.278 1491 1874 E DisplayDeviceConfig: requesting nits when no mapping exists.
11-29 07:17:19.293 1491 1874 E DisplayDeviceConfig: requesting nits when no mapping exists.
11-29 07:17:19.294 1491 1874 E DisplayDeviceConfig: requesting nits when no mapping exists.
11-29 07:17:19.309 1491 1874 E DisplayDeviceConfig: requesting nits when no mapping exists.
11-29 07:17:19.310 1491 1874 E DisplayDeviceConfig: requesting nits when no mapping exists.
11-29 07:17:19.326 1491 1874 E DisplayDeviceConfig: requesting nits when no mapping exists.
11-29 07:17:19.328 1491 1874 E DisplayDeviceConfig: requesting nits when no mapping exists.
11-29 07:17:19.344 1491 1874 E DisplayDeviceConfig: requesting nits when no mapping exists.
11-29 07:17:19.346 1491 1874 E DisplayDeviceConfig: requesting nits when no mapping exists.
11-29 07:17:19.362 1491 1874 E DisplayDeviceConfig: requesting nits when no mapping exists.
11-29 07:17:19.362 1491 1874 E DisplayDeviceConfig: requesting nits when no mapping exists.
11-29 07:17:19.376 1491 1874 E DisplayDeviceConfig: requesting nits when no mapping exists.
11-29 07:17:19.377 1491 1874 E DisplayDeviceConfig: requesting nits when no mapping exists.
11-29 07:17:25.405 1491 1626 I PowerManagerService: Napping display group (groupId=0, uid=1000)...
11-29 07:17:25.405 1491 1626 I PowerManagerService: Nap time (uid 1000)...
11-29 07:17:25.407 1491 1626 I DreamManagerService: Entering dreamland.
11-29 07:17:25.410 1491 1626 I PowerManagerService: Dreaming...
11-29 07:17:25.424 1491 1596 I DreamController: Starting dream: name=ComponentInfo{com.thundercomm.screensaver/com.thundercomm.saverclock.service.ClockScreensaver}, isTest=false, canDoze=false, userId=0
11-29 07:17:25.436 1491 1525 I ActivityTaskManager: START u0 {flg=0x10000000 pkg=com.thundercomm.screensaver cmp=com.thundercomm.screensaver/android.service.dreams.DreamActivity (has extras)} from uid 10052
11-29 07:17:25.444 1491 1525 W ActivityTaskManager: Can't find TaskDisplayArea to determine support for multi window. Task id=171 attached=false
11-29 07:17:25.466 1491 7072 I ActivityTaskManager: FOREGROUND_APPLICATION_CHANGED to android.service.dreams.DreamActivity
11-29 07:17:25.469 1491 7072 I ActivityTaskManager: The Process com.thundercomm.screensaver Already Exists in BG. So sending its PID: 5601
11-29 07:17:25.469 1491 7072 W ActivityTaskManager: Tried to set launchTime (0) < mLastActivityLaunchTime (14004290)
11-29 07:17:25.486 1491 1525 W WindowManager: Failed looking up window session=Session{82b36f9 5601:u0a10052} callers=com.android.server.wm.WindowManagerService.windowForClientLocked:5628 com.android.server.wm.Session.insetsModified:629 android.view.IWindowSession$Stub.onTransact:1151
11-29 07:17:25.496 16043 16059 W ContextImpl: Calling a method in the system process without a qualified user: android.app.ContextImpl.startService:1816 android.content.ContextWrapper.startService:774 com.thundercomm.gamemode.ingame.services.GameModeActionUtils.startGameModeService:93 com.thundercomm.gamemode.ingame.services.GameModeActionUtils.startGameModeEntry:21 com.thundercomm.gamemode.ingame.services.ActivityMonitoringService$1.onActivityLaunch:127
11-29 07:17:25.505 1491 1491 I GameModeConfig: Current uri is uri = content://com.thundercomm.gamemode.api/gamemode_settings/gamemode_isgaming
11-29 07:17:25.513 1491 1491 I GameModeConfig: isGameModeOn = false
11-29 07:17:25.513 1491 1491 I GameModeConfig: isGameModeOn = false
11-29 07:17:25.513 1491 1491 I GameModeConfig: isDisableVoice = true
11-29 07:17:25.520 1491 1760 I GameModeConfig: isGameModeOn = false
11-29 07:17:25.520 1491 1760 I GameModeConfig: isGameModeOn = false
11-29 07:17:25.520 1491 1760 I GameModeConfig: isGameModeOn = false
11-29 07:17:25.520 1491 1760 I GameModeConfig: isGameModeOn = false
11-29 07:17:25.543 1491 1626 V DisplayPowerController[0]: Brightness [1.0] reason changing to: 'manual', previous reason: 'manual [ dim ]'.
11-29 07:17:25.562 1491 1874 E DisplayDeviceConfig: requesting nits when no mapping exists.
11-29 07:17:25.562 1491 1874 E DisplayDeviceConfig: requesting nits when no mapping exists.
11-29 07:17:25.579 1491 1874 E DisplayDeviceConfig: requesting nits when no mapping exists.
11-29 07:17:25.579 1491 1874 E DisplayDeviceConfig: requesting nits when no mapping exists.
11-29 07:17:25.582 16043 16059 W ContextImpl: Calling a method in the system process without a qualified user: android.app.ContextImpl.startService:1816 android.content.ContextWrapper.startService:774 com.thundercomm.gamemode.ingame.services.GameModeActionUtils.startGameModeService:93 com.thundercomm.gamemode.ingame.services.GameModeActionUtils.startGameModeEntry:21 com.thundercomm.gamemode.ingame.services.ActivityMonitoringService$1.onActivityLaunch:127
11-29 07:17:25.587 1491 1491 I GameModeConfig: Current uri is uri = content://com.thundercomm.gamemode.api/gamemode_settings/gamemode_isgaming
11-29 07:17:25.588 1491 1491 I GameModeConfig: isGameModeOn = false
11-29 07:17:25.588 1491 1491 I GameModeConfig: isGameModeOn = false
11-29 07:17:25.588 1491 1491 I GameModeConfig: isDisableVoice = true
11-29 07:17:25.593 1491 1874 E DisplayDeviceConfig: requesting nits when no mapping exists.
11-29 07:17:25.594 1491 1874 E DisplayDeviceConfig: requesting nits when no mapping exists.
11-29 07:17:25.611 1491 1874 E DisplayDeviceConfig: requesting nits when no mapping exists.
11-29 07:17:25.612 1491 1874 E DisplayDeviceConfig: requesting nits when no mapping exists.
11-29 07:17:25.627 1491 1874 E DisplayDeviceConfig: requesting nits when no mapping exists.
11-29 07:17:25.628 1491 1874 E DisplayDeviceConfig: requesting nits when no mapping exists.
11-29 07:17:25.651 1491 1874 E DisplayDeviceConfig: requesting nits when no mapping exists.
11-29 07:17:25.652 1491 1874 E DisplayDeviceConfig: requesting nits when no mapping exists.
11-29 07:17:25.660 1491 1874 E DisplayDeviceConfig: requesting nits when no mapping exists.
11-29 07:17:25.660 1491 1874 E DisplayDeviceConfig: requesting nits when no mapping exists.
11-29 07:17:25.677 1491 1874 E DisplayDeviceConfig: requesting nits when no mapping exists.
11-29 07:17:25.678 1491 1874 E DisplayDeviceConfig: requesting nits when no mapping exists.
11-29 07:17:25.694 1491 1874 E DisplayDeviceConfig: requesting nits when no mapping exists.
11-29 07:17:25.694 1491 1874 E DisplayDeviceConfig: requesting nits when no mapping exists.
11-29 07:17:25.712 1491 1874 E DisplayDeviceConfig: requesting nits when no mapping exists.
11-29 07:17:25.713 1491 1874 E DisplayDeviceConfig: requesting nits when no mapping exists.
11-29 07:17:25.727 1491 1874 E DisplayDeviceConfig: requesting nits when no mapping exists.
11-29 07:17:25.727 1491 1874 E DisplayDeviceConfig: requesting nits when no mapping exists.
11-29 07:17:25.737 1491 1491 I GameModeConfig: isGameModeOn = false
11-29 07:17:25.739 1491 1491 W NotificationHistory: Attempted to add notif for locked/gone/disabled user 0
11-29 07:17:25.744 1491 1874 E DisplayDeviceConfig: requesting nits when no mapping exists.
11-29 07:17:25.744 1491 1874 E DisplayDeviceConfig: requesting nits when no mapping exists.
11-29 07:17:25.760 1491 1874 E DisplayDeviceConfig: requesting nits when no mapping exists.
11-29 07:17:25.761 1491 1874 E DisplayDeviceConfig: requesting nits when no mapping exists.
11-29 07:17:25.779 1491 1874 E DisplayDeviceConfig: requesting nits when no mapping exists.
11-29 07:17:25.779 1491 1874 E DisplayDeviceConfig: requesting nits when no mapping exists.
11-29 07:17:25.794 1491 1874 E DisplayDeviceConfig: requesting nits when no mapping exists.
11-29 07:17:25.795 1491 1874 E DisplayDeviceConfig: requesting nits when no mapping exists.
11-29 07:17:25.811 1491 1874 E DisplayDeviceConfig: requesting nits when no mapping exists.
11-29 07:17:25.811 1491 1874 E DisplayDeviceConfig: requesting nits when no mapping exists.
11-29 07:17:25.828 1491 1874 E DisplayDeviceConfig: requesting nits when no mapping exists.
11-29 07:17:25.829 1491 1874 E DisplayDeviceConfig: requesting nits when no mapping exists.
11-29 07:17:25.846 1491 1874 E DisplayDeviceConfig: requesting nits when no mapping exists.
11-29 07:17:25.846 1491 1874 E DisplayDeviceConfig: requesting nits when no mapping exists.
11-29 07:17:25.862 1491 1874 E DisplayDeviceConfig: requesting nits when no mapping exists.
11-29 07:17:25.863 1491 1874 E DisplayDeviceConfig: requesting nits when no mapping exists.
11-29 07:17:25.878 1491 1874 E DisplayDeviceConfig: requesting nits when no mapping exists.
11-29 07:17:25.878 1491 1874 E DisplayDeviceConfig: requesting nits when no mapping exists.
11-29 07:17:25.896 1491 1874 E DisplayDeviceConfig: requesting nits when no mapping exists.
11-29 07:17:25.897 1491 1874 E DisplayDeviceConfig: requesting nits when no mapping exists.
11-29 07:17:25.913 1491 1874 E DisplayDeviceConfig: requesting nits when no mapping exists.
11-29 07:17:25.913 1491 1874 E DisplayDeviceConfig: requesting nits when no mapping exists.
11-29 07:17:25.931 1491 1874 E DisplayDeviceConfig: requesting nits when no mapping exists.
11-29 07:17:25.932 1491 1874 E DisplayDeviceConfig: requesting nits when no mapping exists.
11-29 07:17:25.947 1491 1874 E DisplayDeviceConfig: requesting nits when no mapping exists.
11-29 07:17:25.948 1491 1874 E DisplayDeviceConfig: requesting nits when no mapping exists.
11-29 07:17:25.962 1491 1874 E DisplayDeviceConfig: requesting nits when no mapping exists.
11-29 07:17:25.966 1491 1874 E DisplayDeviceConfig: requesting nits when no mapping exists.
11-29 07:17:25.980 1491 1874 E DisplayDeviceConfig: requesting nits when no mapping exists.
11-29 07:17:25.980 1491 1874 E DisplayDeviceConfig: requesting nits when no mapping exists.
11-29 07:17:25.994 1491 1874 E DisplayDeviceConfig: requesting nits when no mapping exists.
11-29 07:17:25.995 1491 1874 E DisplayDeviceConfig: requesting nits when no mapping exists.
11-29 07:17:26.011 1491 1874 E DisplayDeviceConfig: requesting nits when no mapping exists.
11-29 07:17:26.012 1491 1874 E DisplayDeviceConfig: requesting nits when no mapping exists.
11-29 07:17:26.028 1491 1874 E DisplayDeviceConfig: requesting nits when no mapping exists.
11-29 07:17:26.035 1491 1874 E DisplayDeviceConfig: requesting nits when no mapping exists.
11-29 07:17:26.045 1491 1874 E DisplayDeviceConfig: requesting nits when no mapping exists.
11-29 07:17:26.047 1491 1874 E DisplayDeviceConfig: requesting nits when no mapping exists.
11-29 07:17:26.063 1491 1874 E DisplayDeviceConfig: requesting nits when no mapping exists.
11-29 07:17:26.064 1491 1874 E DisplayDeviceConfig: requesting nits when no mapping exists.
11-29 07:17:26.078 1491 1874 E DisplayDeviceConfig: requesting nits when no mapping exists.
11-29 07:17:26.079 1491 1874 E DisplayDeviceConfig: requesting nits when no mapping exists.
11-29 07:17:26.093 16043 16059 W ContextImpl: Calling a method in the system process without a qualified user: android.app.ContextImpl.startService:1816 android.content.ContextWrapper.startService:774 com.thundercomm.gamemode.ingame.services.GameModeActionUtils.startGameModeService:93 com.thundercomm.gamemode.ingame.services.GameModeActionUtils.startGameModeEntry:21 com.thundercomm.gamemode.ingame.services.ActivityMonitoringService$1.onActivityLaunch:127
11-29 07:17:26.095 1491 1874 E DisplayDeviceConfig: requesting nits when no mapping exists.
11-29 07:17:26.095 1491 1874 E DisplayDeviceConfig: requesting nits when no mapping exists.
11-29 07:17:26.102 1491 1491 I GameModeConfig: Current uri is uri = content://com.thundercomm.gamemode.api/gamemode_settings/gamemode_isgaming
11-29 07:17:26.105 1491 1491 I GameModeConfig: isGameModeOn = false
11-29 07:17:26.105 1491 1491 I GameModeConfig: isGameModeOn = false
11-29 07:17:26.105 1491 1491 I GameModeConfig: isDisableVoice = true
11-29 07:17:26.109 1491 1874 E DisplayDeviceConfig: requesting nits when no mapping exists.
11-29 07:17:26.109 1491 1874 E DisplayDeviceConfig: requesting nits when no mapping exists.
11-29 07:17:26.126 1491 1874 E DisplayDeviceConfig: requesting nits when no mapping exists.
11-29 07:17:26.126 1491 1874 E DisplayDeviceConfig: requesting nits when no mapping exists.
11-29 07:17:26.143 1491 1874 E DisplayDeviceConfig: requesting nits when no mapping exists.
11-29 07:17:26.143 1491 1874 E DisplayDeviceConfig: requesting nits when no mapping exists.
11-29 07:17:26.160 1491 1874 E DisplayDeviceConfig: requesting nits when no mapping exists.
11-29 07:17:26.161 1491 1874 E DisplayDeviceConfig: requesting nits when no mapping exists.
11-29 07:17:26.176 1491 1874 E DisplayDeviceConfig: requesting nits when no mapping exists.
11-29 07:17:26.176 1491 1874 E DisplayDeviceConfig: requesting nits when no mapping exists.
11-29 07:17:26.193 1491 1874 E DisplayDeviceConfig: requesting nits when no mapping exists.
11-29 07:17:26.193 1491 1874 E DisplayDeviceConfig: requesting nits when no mapping exists.
11-29 07:17:26.209 1491 1874 E DisplayDeviceConfig: requesting nits when no mapping exists.
11-29 07:17:26.210 1491 1874 E DisplayDeviceConfig: requesting nits when no mapping exists.
11-29 07:17:26.226 1491 1874 E DisplayDeviceConfig: requesting nits when no mapping exists.
11-29 07:17:26.227 1491 1874 E DisplayDeviceConfig: requesting nits when no mapping exists.
11-29 07:17:26.243 1491 1874 E DisplayDeviceConfig: requesting nits when no mapping exists.
11-29 07:17:26.243 1491 1874 E DisplayDeviceConfig: requesting nits when no mapping exists.
11-29 07:17:26.259 1491 1874 E DisplayDeviceConfig: requesting nits when no mapping exists.
11-29 07:17:26.260 1491 1874 E DisplayDeviceConfig: requesting nits when no mapping exists.
11-29 07:17:26.276 1491 1874 E DisplayDeviceConfig: requesting nits when no mapping exists.
11-29 07:17:26.277 1491 1874 E DisplayDeviceConfig: requesting nits when no mapping exists.
11-29 07:17:26.293 1491 1874 E DisplayDeviceConfig: requesting nits when no mapping exists.
11-29 07:17:26.293 1491 1874 E DisplayDeviceConfig: requesting nits when no mapping exists.
11-29 07:17:26.310 1491 1874 E DisplayDeviceConfig: requesting nits when no mapping exists.
11-29 07:17:26.311 1491 1874 E DisplayDeviceConfig: requesting nits when no mapping exists.
11-29 07:17:26.326 1491 1874 E DisplayDeviceConfig: requesting nits when no mapping exists.
11-29 07:17:26.327 1491 1874 E DisplayDeviceConfig: requesting nits when no mapping exists.
11-29 07:17:26.345 1491 1874 E DisplayDeviceConfig: requesting nits when no mapping exists.
11-29 07:17:26.348 1491 1874 E DisplayDeviceConfig: requesting nits when no mapping exists.
11-29 07:17:26.361 1491 1874 E DisplayDeviceConfig: requesting nits when no mapping exists.
11-29 07:17:26.361 1491 1874 E DisplayDeviceConfig: requesting nits when no mapping exists.
11-29 07:17:26.377 1491 1874 E DisplayDeviceConfig: requesting nits when no mapping exists.
11-29 07:17:26.377 1491 1874 E DisplayDeviceConfig: requesting nits when no mapping exists.
11-29 07:17:26.395 1491 1874 E DisplayDeviceConfig: requesting nits when no mapping exists.
11-29 07:17:26.396 1491 1874 E DisplayDeviceConfig: requesting nits when no mapping exists.
11-29 07:17:26.417 1491 1874 E DisplayDeviceConfig: requesting nits when no mapping exists.
11-29 07:17:26.418 1491 1874 E DisplayDeviceConfig: requesting nits when no mapping exists.
11-29 07:17:26.427 1491 1874 E DisplayDeviceConfig: requesting nits when no mapping exists.
11-29 07:17:26.427 1491 1874 E DisplayDeviceConfig: requesting nits when no mapping exists.
11-29 07:17:26.444 1491 1874 E DisplayDeviceConfig: requesting nits when no mapping exists.
11-29 07:17:26.444 1491 1874 E DisplayDeviceConfig: requesting nits when no mapping exists.
11-29 07:17:26.460 1491 1874 E DisplayDeviceConfig: requesting nits when no mapping exists.
11-29 07:17:26.461 1491 1874 E DisplayDeviceConfig: requesting nits when no mapping exists.
11-29 07:17:26.477 1491 1874 E DisplayDeviceConfig: requesting nits when no mapping exists.
11-29 07:17:26.479 1491 1874 E DisplayDeviceConfig: requesting nits when no mapping exists.
11-29 07:17:26.494 1491 1874 E DisplayDeviceConfig: requesting nits when no mapping exists.
11-29 07:17:26.494 1491 1874 E DisplayDeviceConfig: requesting nits when no mapping exists.
11-29 07:17:35.528 1491 11109 I DreamManagerService: Gently waking up from dream.
11-29 07:17:35.529 1491 1596 I DreamManagerService: Performing gentle wake from dream.
11-29 07:17:35.530 1491 11109 I ActivityTaskManager: FOREGROUND_APPLICATION_CHANGED to com.android.settings.homepage.SettingsHomepageActivity
11-29 07:17:35.561 16043 16059 W ContextImpl: Calling a method in the system process without a qualified user: android.app.ContextImpl.startService:1816 android.content.ContextWrapper.startService:774 com.thundercomm.gamemode.ingame.services.GameModeActionUtils.startGameModeService:93 com.thundercomm.gamemode.ingame.services.GameModeActionUtils.startGameModeEntry:21 com.thundercomm.gamemode.ingame.services.ActivityMonitoringService$1.onActivityLaunch:127
11-29 07:17:35.565 1491 1491 I GameModeConfig: Current uri is uri = content://com.thundercomm.gamemode.api/gamemode_settings/gamemode_isgaming
11-29 07:17:35.570 1491 1491 I GameModeConfig: isGameModeOn = false
11-29 07:17:35.571 1491 1491 I GameModeConfig: isGameModeOn = false
11-29 07:17:35.571 1491 1491 I GameModeConfig: isDisableVoice = true
11-29 07:17:35.591 1491 1626 I PowerManagerService: Powering on display group fromDreaming (groupId=0, uid=1000, reason=WAKE_REASON_UNKNOWN, details=android.server.power:DREAM_FINISHED)...
11-29 07:17:35.591 1491 1626 I PowerManagerService: Waking up from Dreaming (uid=1000, reason=WAKE_REASON_UNKNOWN, details=android.server.power:DREAM_FINISHED)...
11-29 07:17:35.642 16043 16059 W ContextImpl: Calling a method in the system process without a qualified user: android.app.ContextImpl.startService:1816 android.content.ContextWrapper.startService:774 com.thundercomm.gamemode.ingame.services.GameModeActionUtils.startGameModeService:93 com.thundercomm.gamemode.ingame.services.GameModeActionUtils.startGameModeEntry:21 com.thundercomm.gamemode.ingame.services.ActivityMonitoringService$1.onActivityLaunch:127
11-29 07:17:35.646 1491 1491 I GameModeConfig: Current uri is uri = content://com.thundercomm.gamemode.api/gamemode_settings/gamemode_isgaming
11-29 07:17:35.648 1491 1491 I GameModeConfig: isGameModeOn = false
11-29 07:17:35.649 1491 1491 I GameModeConfig: isGameModeOn = false
11-29 07:17:35.649 1491 1491 I GameModeConfig: isDisableVoice = true
11-29 07:17:35.779 1491 1760 I GameModeConfig: isGameModeOn = false
11-29 07:17:36.122 16043 16059 W ContextImpl: Calling a method in the system process without a qualified user: android.app.ContextImpl.startService:1816 android.content.ContextWrapper.startService:774 com.thundercomm.gamemode.ingame.services.GameModeActionUtils.startGameModeService:93 com.thundercomm.gamemode.ingame.services.GameModeActionUtils.startGameModeEntry:21 com.thundercomm.gamemode.ingame.services.ActivityMonitoringService$1.onActivityLaunch:127
11-29 07:17:36.130 1491 1491 I GameModeConfig: Current uri is uri = content://com.thundercomm.gamemode.api/gamemode_settings/gamemode_isgaming
11-29 07:17:36.130 1491 9480 I DreamManagerService: Leaving dreamland.
11-29 07:17:36.132 1491 1596 I DreamManagerService: Performing gentle wake from dream.
11-29 07:17:36.132 1491 1596 I DreamController: Stopping dream: name=ComponentInfo{com.thundercomm.screensaver/com.thundercomm.saverclock.service.ClockScreensaver}, isTest=false, canDoze=false, userId=0, reason='finished self'(from 'finished self')
11-29 07:17:36.133 1491 1491 I GameModeConfig: isGameModeOn = false
11-29 07:17:36.133 1491 1491 I GameModeConfig: isGameModeOn = false
11-29 07:17:36.133 1491 1491 I GameModeConfig: isDisableVoice = true
11-29 07:17:36.148 1491 1600 W ActivityTaskManager: Can't find TaskDisplayArea to determine support for multi window. Task id=171 attached=false
11-29 07:17:36.417 16043 16059 W ContextImpl: Calling a method in the system process without a qualified user: android.app.ContextImpl.startService:1816 android.content.ContextWrapper.startService:774 com.thundercomm.gamemode.ingame.services.GameModeActionUtils.startGameModeService:93 com.thundercomm.gamemode.ingame.services.GameModeActionUtils.startGameModeEntry:21 com.thundercomm.gamemode.ingame.services.ActivityMonitoringService$1.onActivityLaunch:127
11-29 07:17:36.424 1491 1491 I GameModeConfig: Current uri is uri = content://com.thundercomm.gamemode.api/gamemode_settings/gamemode_isgaming
11-29 07:17:36.428 1491 1491 I GameModeConfig: isGameModeOn = false
11-29 07:17:36.428 1491 1491 I GameModeConfig: isGameModeOn = false
11-29 07:17:36.428 1491 1491 I GameModeConfig: isDisableVoice = true
11-29 07:17:37.063 1491 7072 I ActivityTaskManager: FOREGROUND_APPLICATION_CHANGED to com.android.launcher3.uioverrides.QuickstepLauncher
11-29 07:17:37.092 1491 9480 I ActivityTaskManager: START u0 {act=android.intent.action.MAIN cat=[android.intent.category.LAUNCHER] flg=0x10200000 cmp=com.microsoft.emmx/com.microsoft.ruby.Main bnds=[1017,120][1319,400]} from uid 10077
11-29 07:17:37.096 1491 9480 W ActivityTaskManager: Can't find TaskDisplayArea to determine support for multi window. Task id=172 attached=false
11-29 07:17:37.098 1491 9480 D CompatibilityChangeReporter: Compat change id reported: 174042980; UID 10036; state: DISABLED
11-29 07:17:37.098 1491 9480 D CompatibilityChangeReporter: Compat change id reported: 184838306; UID 10036; state: DISABLED
11-29 07:17:37.099 1491 9480 D CompatibilityChangeReporter: Compat change id reported: 185004937; UID 10036; state: DISABLED
11-29 07:17:37.100 1491 9480 D CompatibilityChangeReporter: Compat change id reported: 181136395; UID 10036; state: DISABLED
11-29 07:17:37.100 1491 9480 D CompatibilityChangeReporter: Compat change id reported: 174042936; UID 10036; state: DISABLED
11-29 07:17:37.102 1491 9480 D CompatibilityChangeReporter: Compat change id reported: 168419799; UID 10036; state: DISABLED
11-29 07:17:37.106 1491 1599 D CompatibilityChangeReporter: Compat change id reported: 135634846; UID 10036; state: DISABLED
11-29 07:17:37.106 1491 1599 D CompatibilityChangeReporter: Compat change id reported: 177438394; UID 10036; state: DISABLED
11-29 07:17:37.106 1491 1599 D CompatibilityChangeReporter: Compat change id reported: 135772972; UID 10036; state: DISABLED
11-29 07:17:37.106 1491 1599 D CompatibilityChangeReporter: Compat change id reported: 135754954; UID 10036; state: ENABLED
11-29 07:17:37.106 1491 7072 I ActivityTaskManager: FOREGROUND_APPLICATION_CHANGED to org.chromium.chrome.browser.ChromeTabbedActivity
11-29 07:17:37.116 1491 1609 D CompatibilityChangeReporter: Compat change id reported: 143937733; UID 10036; state: ENABLED
11-29 07:17:37.124 1491 1609 I ActivityManager: Start proc 21180:com.microsoft.emmx/u0a36 for pre-top-activity {com.microsoft.emmx/com.microsoft.ruby.Main}
11-29 07:17:37.124 1491 21181 W ContextImpl: Calling a method in the system process without a qualified user: android.app.ContextImpl.sendBroadcast:1173 com.qualcomm.qti.Performance$SendGameLaunchBroadcast.run:217 java.lang.Thread.run:920
11-29 07:17:37.157 16043 16059 W ContextImpl: Calling a method in the system process without a qualified user: android.app.ContextImpl.startService:1816 android.content.ContextWrapper.startService:774 com.thundercomm.gamemode.ingame.services.GameModeActionUtils.startGameModeService:93 com.thundercomm.gamemode.ingame.services.GameModeActionUtils.startGameModeEntry:21 com.thundercomm.gamemode.ingame.services.ActivityMonitoringService$1.onActivityLaunch:127
11-29 07:17:37.161 1491 1491 I GameModeConfig: Current uri is uri = content://com.thundercomm.gamemode.api/gamemode_settings/gamemode_isgaming
11-29 07:17:37.166 1491 1491 I GameModeConfig: isGameModeOn = false
11-29 07:17:37.167 1491 1491 I GameModeConfig: isGameModeOn = false
11-29 07:17:37.167 1491 1491 I GameModeConfig: isDisableVoice = true
11-29 07:17:37.176 16043 16059 W ContextImpl: Calling a method in the system process without a qualified user: android.app.ContextImpl.startService:1816 android.content.ContextWrapper.startService:774 com.thundercomm.gamemode.ingame.services.GameModeActionUtils.startGameModeService:93 com.thundercomm.gamemode.ingame.services.GameModeActionUtils.startGameModeEntry:21 com.thundercomm.gamemode.ingame.services.ActivityMonitoringService$1.onActivityLaunch:127
11-29 07:17:37.180 1491 1491 I GameModeConfig: Current uri is uri = content://com.thundercomm.gamemode.api/gamemode_settings/gamemode_isgaming
11-29 07:17:37.185 1491 1491 I GameModeConfig: isGameModeOn = false
11-29 07:17:37.185 1491 1491 I GameModeConfig: isGameModeOn = false
11-29 07:17:37.185 1491 1491 I GameModeConfig: isDisableVoice = true
11-29 07:17:37.223 16043 16059 W ContextImpl: Calling a method in the system process without a qualified user: android.app.ContextImpl.startService:1816 android.content.ContextWrapper.startService:774 com.thundercomm.gamemode.ingame.services.GameModeActionUtils.startGameModeService:93 com.thundercomm.gamemode.ingame.services.GameModeActionUtils.startGameModeEntry:21 com.thundercomm.gamemode.ingame.services.ActivityMonitoringService$1.onActivityLaunch:127
11-29 07:17:37.225 1491 9682 I ActivityTaskManager: START u0 {cmp=com.microsoft.emmx/com.microsoft.edge.fre.OrientationAdaptiveFirstRunActivity (has extras)} from uid 10036
11-29 07:17:37.226 1491 9682 W ActivityTaskManager: Can't find TaskDisplayArea to determine support for multi window. Task id=173 attached=false
11-29 07:17:37.228 1491 9682 I ActivityTaskManager: Add Task{6e57533 #172 type=standard A=10036:com.microsoft.emmx U=0 visible=true mode=fullscreen translucent=false sz=1} to hidden list because adding Task{2fe9e76 #173 type=standard A=10036:com.microsoft.emmx U=0 visible=true mode=fullscreen translucent=true sz=1}
11-29 07:17:37.228 1491 1491 I GameModeConfig: Current uri is uri = content://com.thundercomm.gamemode.api/gamemode_settings/gamemode_isgaming
11-29 07:17:37.230 1491 1491 I GameModeConfig: isGameModeOn = false
11-29 07:17:37.230 1491 1491 I GameModeConfig: isGameModeOn = false
11-29 07:17:37.230 1491 1491 I GameModeConfig: isDisableVoice = true
11-29 07:17:37.250 1491 9682 I ActivityTaskManager: FOREGROUND_APPLICATION_CHANGED to com.microsoft.edge.fre.OrientationAdaptiveFirstRunActivity
11-29 07:17:37.251 1491 9682 I ActivityTaskManager: The Process com.microsoft.emmx Already Exists in BG. So sending its PID: 21180
11-29 07:17:37.251 1491 9682 W ActivityTaskManager: Tried to set launchTime (0) < mLastActivityLaunchTime (14635621)
11-29 07:17:37.367 16043 16059 W ContextImpl: Calling a method in the system process without a qualified user: android.app.ContextImpl.startService:1816 android.content.ContextWrapper.startService:774 com.thundercomm.gamemode.ingame.services.GameModeActionUtils.startGameModeService:93 com.thundercomm.gamemode.ingame.services.GameModeActionUtils.startGameModeEntry:21 com.thundercomm.gamemode.ingame.services.ActivityMonitoringService$1.onActivityLaunch:127
11-29 07:17:37.373 1491 1491 I GameModeConfig: Current uri is uri = content://com.thundercomm.gamemode.api/gamemode_settings/gamemode_isgaming
11-29 07:17:37.377 1491 1491 I GameModeConfig: isGameModeOn = false
11-29 07:17:37.377 1491 1491 I GameModeConfig: isGameModeOn = false
11-29 07:17:37.377 1491 1491 I GameModeConfig: isDisableVoice = true
11-29 07:17:37.380 1491 9682 D CompatibilityChangeReporter: Compat change id reported: 135634846; UID 10036; state: DISABLED
11-29 07:17:37.380 1491 9682 D CompatibilityChangeReporter: Compat change id reported: 177438394; UID 10036; state: DISABLED
11-29 07:17:37.380 1491 9682 D CompatibilityChangeReporter: Compat change id reported: 135772972; UID 10036; state: DISABLED
11-29 07:17:37.381 1491 9682 D CompatibilityChangeReporter: Compat change id reported: 135754954; UID 10036; state: ENABLED
11-29 07:17:37.381 1491 1609 D CompatibilityChangeReporter: Compat change id reported: 143937733; UID 10036; state: ENABLED
11-29 07:17:37.518 1491 1609 W ActivityManager: Slow operation: 139ms so far, now at startProcess: returned from zygote!
11-29 07:17:37.518 1491 1609 W ActivityManager: Slow operation: 139ms so far, now at startProcess: done updating battery stats
11-29 07:17:37.518 1491 1609 W ActivityManager: Slow operation: 139ms so far, now at startProcess: building log message
11-29 07:17:37.518 1491 1609 I ActivityManager: Start proc 21271:com.microsoft.emmx:sandboxed_process0:org.chromium.content.app.SandboxedProcessService0:0/u0ai0 for {com.microsoft.emmx/org.chromium.content.app.SandboxedProcessService0:0}
11-29 07:17:37.518 1491 1609 W ActivityManager: Slow operation: 139ms so far, now at startProcess: starting to update pids map
11-29 07:17:37.518 1491 1609 W ActivityManager: Slow operation: 140ms so far, now at startProcess: done updating pids map
11-29 07:17:37.701 16043 16059 W ContextImpl: Calling a method in the system process without a qualified user: android.app.ContextImpl.startService:1816 android.content.ContextWrapper.startService:774 com.thundercomm.gamemode.ingame.services.GameModeActionUtils.startGameModeService:93 com.thundercomm.gamemode.ingame.services.GameModeActionUtils.startGameModeEntry:21 com.thundercomm.gamemode.ingame.services.ActivityMonitoringService$1.onActivityLaunch:127
11-29 07:17:37.705 1491 1491 I GameModeConfig: Current uri is uri = content://com.thundercomm.gamemode.api/gamemode_settings/gamemode_isgaming
11-29 07:17:37.710 1491 1491 I GameModeConfig: isGameModeOn = false
11-29 07:17:37.710 1491 1491 I GameModeConfig: isGameModeOn = false
11-29 07:17:37.710 1491 1491 I GameModeConfig: isDisableVoice = true
11-29 07:17:37.786 1491 1600 W ActivityTaskManager: Can't find TaskDisplayArea to determine support for multi window. Task id=172 attached=false
11-29 07:17:37.786 1491 1600 W ActivityTaskManager: Can't find TaskDisplayArea to determine support for multi window. Task id=172 attached=false
11-29 07:17:39.710 1491 10783 W BackupManagerService: [UserID:0] dataChanged but no participant pkg='com.microsoft.emmx' uid=10036
11-29 07:17:39.723 1491 9480 W BackupManagerService: [UserID:0] dataChanged but no participant pkg='com.microsoft.emmx' uid=10036
11-29 07:17:39.756 1491 9682 D CompatibilityChangeReporter: Compat change id reported: 149924527; UID 10036; state: ENABLED
11-29 07:17:39.756 1491 9682 D CompatibilityChangeReporter: Compat change id reported: 132649864; UID 10036; state: DISABLED
11-29 07:17:39.757 1491 9682 D CompatibilityChangeReporter: Compat change id reported: 182734110; UID 10036; state: ENABLED
11-29 07:17:40.610 1491 2756 E TaskPersister: File error accessing recents directory (directory doesn't exist?).
11-29 07:17:40.736 1491 1596 D CompanionDeviceManagerService: onPackageModified(packageName = com.microsoft.emmx)
11-29 07:17:40.752 1491 1491 I Telecom : DefaultDialerCache: Refreshing default dialer for user 0: now null: DDC.oR@AJg
11-29 07:17:40.754 1491 1675 D CompatibilityChangeReporter: Compat change id reported: 135634846; UID 10094; state: DISABLED
11-29 07:17:40.762 1491 1675 D CompatibilityChangeReporter: Compat change id reported: 177438394; UID 10094; state: DISABLED
11-29 07:17:40.762 1491 1675 D CompatibilityChangeReporter: Compat change id reported: 135772972; UID 10094; state: DISABLED
11-29 07:17:40.762 1491 1675 D CompatibilityChangeReporter: Compat change id reported: 135754954; UID 10094; state: DISABLED
11-29 07:17:40.763 1491 1609 D CompatibilityChangeReporter: Compat change id reported: 143937733; UID 10094; state: DISABLED
11-29 07:17:40.765 1491 1607 W VoiceInteractionManager: no available voice recognition services found for user 0
11-29 07:17:40.773 1491 1609 I ActivityManager: Start proc 21329:com.android.permissioncontroller/u0a94 for service {com.android.permissioncontroller/com.android.permissioncontroller.role.service.RoleControllerServiceImpl}
11-29 07:17:40.795 1491 9682 D CompatibilityChangeReporter: Compat change id reported: 168419799; UID 10094; state: DISABLED
11-29 07:17:42.169 1161 21182 I iorapd : Perfetto TraceBuffer saved to file: /data/misc/iorapd/com.microsoft.emmx/134305015/com.microsoft.ruby.Main/raw_traces/1669677462167749210.perfetto_trace.pb
11-29 07:17:43.078 1491 10783 I ActivityTaskManager: START u0 {act=android.intent.action.VIEW dat=https://support.microsoft.com/... pkg=com.microsoft.emmx cmp=com.microsoft.emmx/org.chromium.chrome.browser.customtabs.CustomTabActivity (has extras)} from uid 10036
11-29 07:17:43.082 1491 10783 W ActivityTaskManager: Can't find TaskDisplayArea to determine support for multi window. Task id=174 attached=false
11-29 07:17:43.088 1491 10783 I ActivityTaskManager: Add Task{2fe9e76 #173 type=standard A=10036:com.microsoft.emmx U=0 visible=true mode=fullscreen translucent=false sz=1} to hidden list because adding Task{6c372ff #174 type=standard A=10036:com.microsoft.emmx U=0 visible=true mode=fullscreen translucent=true sz=1}
11-29 07:17:43.097 1491 10783 I ActivityTaskManager: FOREGROUND_APPLICATION_CHANGED to org.chromium.chrome.browser.customtabs.CustomTabActivity
11-29 07:17:43.101 1491 10783 I ActivityTaskManager: The Process com.microsoft.emmx Already Exists in BG. So sending its PID: 21180
11-29 07:17:43.101 1491 10783 W ActivityTaskManager: Tried to set launchTime (0) < mLastActivityLaunchTime (14635730)
11-29 07:17:43.208 1491 9480 W ActivityManager: Unable to start service Intent { act=com.uodis.opendevice.OPENIDS_SERVICE pkg=com.huawei.hwid } U=0: not found
11-29 07:17:43.208 1491 9480 W ActivityManager: Unbind failed: could not find connection for android.os.BinderProxy@d9bfce8
11-29 07:17:43.208 1491 9480 W ActivityManager: Unable to start service Intent { act=com.uodis.opendevice.OPENIDS_SERVICE pkg=com.huawei.hwid } U=0: not found
11-29 07:17:43.208 1491 9480 W ActivityManager: Unbind failed: could not find connection for android.os.BinderProxy@5e98f01
11-29 07:17:43.209 1491 9480 W ActivityManager: Unable to start service Intent { act=com.uodis.opendevice.OPENIDS_SERVICE pkg=com.huawei.hwid } U=0: not found
11-29 07:17:43.209 1491 9480 W ActivityManager: Unbind failed: could not find connection for android.os.BinderProxy@9ca61a6
11-29 07:17:43.217 16043 16059 W ContextImpl: Calling a method in the system process without a qualified user: android.app.ContextImpl.startService:1816 android.content.ContextWrapper.startService:774 com.thundercomm.gamemode.ingame.services.GameModeActionUtils.startGameModeService:93 com.thundercomm.gamemode.ingame.services.GameModeActionUtils.startGameModeEntry:21 com.thundercomm.gamemode.ingame.services.ActivityMonitoringService$1.onActivityLaunch:127
11-29 07:17:43.226 1491 1491 I GameModeConfig: Current uri is uri = content://com.thundercomm.gamemode.api/gamemode_settings/gamemode_isgaming
11-29 07:17:43.231 1491 1491 I GameModeConfig: isGameModeOn = false
11-29 07:17:43.231 1491 1491 I GameModeConfig: isGameModeOn = false
11-29 07:17:43.231 1491 1491 I GameModeConfig: isDisableVoice = true
11-29 07:17:43.254 1491 9480 D CompatibilityChangeReporter: Compat change id reported: 135634846; UID 10036; state: DISABLED
11-29 07:17:43.254 1491 9480 D CompatibilityChangeReporter: Compat change id reported: 177438394; UID 10036; state: DISABLED
11-29 07:17:43.254 1491 9480 D CompatibilityChangeReporter: Compat change id reported: 135772972; UID 10036; state: DISABLED
11-29 07:17:43.254 1491 9480 D CompatibilityChangeReporter: Compat change id reported: 135754954; UID 10036; state: ENABLED
11-29 07:17:43.255 1491 1609 D CompatibilityChangeReporter: Compat change id reported: 143937733; UID 10036; state: ENABLED
11-29 07:17:43.263 1491 1609 I ActivityManager: Start proc 21381:com.microsoft.emmx:privileged_process0/u0a36 for service {com.microsoft.emmx/org.chromium.content.app.PrivilegedProcessService0}
11-29 07:18:06.334 1491 11109 D CompatibilityChangeReporter: Compat change id reported: 135634846; UID 10036; state: DISABLED
11-29 07:18:06.334 1491 11109 D CompatibilityChangeReporter: Compat change id reported: 177438394; UID 10036; state: DISABLED
11-29 07:18:06.334 1491 11109 D CompatibilityChangeReporter: Compat change id reported: 135772972; UID 10036; state: DISABLED
11-29 07:18:06.334 1491 11109 D CompatibilityChangeReporter: Compat change id reported: 135754954; UID 10036; state: ENABLED
11-29 07:18:06.335 1491 1609 D CompatibilityChangeReporter: Compat change id reported: 143937733; UID 10036; state: ENABLED
11-29 07:18:06.348 1491 1609 I ActivityManager: Start proc 21478:com.microsoft.emmx:sandboxed_process0:org.chromium.content.app.SandboxedProcessService0:1/u0ai1 for {com.microsoft.emmx/org.chromium.content.app.SandboxedProcessService0:1}
11-29 07:18:06.367 1491 11109 D CompatibilityChangeReporter: Compat change id reported: 168419799; UID 10036; state: DISABLED
11-29 07:18:06.369 1491 11109 D CompatibilityChangeReporter: Compat change id reported: 181136395; UID 10036; state: DISABLED
11-29 07:18:06.370 1491 11109 D CompatibilityChangeReporter: Compat change id reported: 174042936; UID 10036; state: DISABLED
11-29 07:18:06.527 1491 9682 I ActivityManager: Killing 21271:com.microsoft.emmx:sandboxed_process0:org.chromium.content.app.SandboxedProcessService0:0/u0a36i-9000 (adj 0): isolated not needed
11-29 07:18:06.584 1491 1618 E KernelCpuSpeedReader: Failed to read cpu-freq: /sys/devices/system/cpu/cpu4/cpufreq/stats/time_in_state: open failed: ENOENT (No such file or directory)
11-29 07:18:06.584 1491 1618 E KernelCpuSpeedReader: Failed to read cpu-freq: /sys/devices/system/cpu/cpu0/cpufreq/stats/time_in_state: open failed: ENOENT (No such file or directory)
11-29 07:18:07.514 1491 9682 D CompatibilityChangeReporter: Compat change id reported: 135634846; UID 10036; state: DISABLED
11-29 07:18:07.515 1491 9682 D CompatibilityChangeReporter: Compat change id reported: 177438394; UID 10036; state: DISABLED
11-29 07:18:07.515 1491 9682 D CompatibilityChangeReporter: Compat change id reported: 135772972; UID 10036; state: DISABLED
11-29 07:18:07.515 1491 9682 D CompatibilityChangeReporter: Compat change id reported: 135754954; UID 10036; state: ENABLED
11-29 07:18:07.515 1491 1609 D CompatibilityChangeReporter: Compat change id reported: 143937733; UID 10036; state: ENABLED
11-29 07:18:07.541 1491 1609 I ActivityManager: Start proc 21506:com.microsoft.emmx:sandboxed_process0:org.chromium.content.app.SandboxedProcessService0:2/u0ai2 for {com.microsoft.emmx/org.chromium.content.app.SandboxedProcessService0:2}
11-29 07:18:07.610 1491 1596 D CompanionDeviceManagerService: onPackageModified(packageName = com.microsoft.emmx)
11-29 07:18:07.617 1491 1607 W VoiceInteractionManager: no available voice recognition services found for user 0
11-29 07:18:07.618 1491 1491 I Telecom : DefaultDialerCache: Refreshing default dialer for user 0: now null: DDC.oR@AJk
11-29 07:18:07.621 1491 1675 D CompatibilityChangeReporter: Compat change id reported: 168419799; UID 10094; state: DISABLED
11-29 07:18:11.383 1491 1596 D CompanionDeviceManagerService: onPackageModified(packageName = com.microsoft.emmx)
11-29 07:18:11.388 1491 1491 I Telecom : DefaultDialerCache: Refreshing default dialer for user 0: now null: DDC.oR@AJo
11-29 07:18:11.402 1491 1607 W VoiceInteractionManager: no available voice recognition services found for user 0
11-29 07:18:20.383 1491 1491 D CompatibilityChangeReporter: Compat change id reported: 168419799; UID 10036; state: DISABLED --------- beginning of events
11-29 07:18:21.079 0 0 I auditd : type=1400 audit(0.0:15607): avc: denied { kill } for comm="swapper/2" capability=5 scontext=u:r:kernel:s0 tcontext=u:r:kernel:s0 tclass=capability permissive=0
11-29 07:18:22.079 0 0 I auditd : type=1400 audit(0.0:15608): avc: denied { kill } for comm="swapper/2" capability=5 scontext=u:r:kernel:s0 tcontext=u:r:kernel:s0 tclass=capability permissive=0
11-29 07:18:22.381 1491 1598 I commit_sys_config_file: [jobs,7]
11-29 07:18:23.079 0 0 I auditd : type=1400 audit(0.0:15609): avc: denied { kill } for comm="swapper/2" capability=5 scontext=u:r:kernel:s0 tcontext=u:r:kernel:s0 tclass=capability permissive=0
11-29 07:18:24.079 0 0 I auditd : type=1400 audit(0.0:15610): avc: denied { kill } for comm="swapper/2" capability=5 scontext=u:r:kernel:s0 tcontext=u:r:kernel:s0 tclass=capability permissive=0
11-29 07:18:25.079 0 0 I auditd : type=1400 audit(0.0:15611): avc: denied { kill } for comm="swapper/2" capability=5 scontext=u:r:kernel:s0 tcontext=u:r:kernel:s0 tclass=capability permissive=0
11-29 07:18:26.079 0 0 I auditd : type=1400 audit(0.0:15612): avc: denied { kill } for comm="swapper/2" capability=5 scontext=u:r:kernel:s0 tcontext=u:r:kernel:s0 tclass=capability permissive=0
11-29 07:18:27.079 0 0 I auditd : type=1400 audit(0.0:15613): avc: denied { kill } for comm="swapper/2" capability=5 scontext=u:r:kernel:s0 tcontext=u:r:kernel:s0 tclass=capability permissive=0
11-29 07:18:28.079 0 0 I auditd : type=1400 audit(0.0:15614): avc: denied { kill } for comm="swapper/2" capability=5 scontext=u:r:kernel:s0 tcontext=u:r:kernel:s0 tclass=capability permissive=0
11-29 07:18:29.079 0 0 I auditd : type=1400 audit(0.0:15615): avc: denied { kill } for comm="swapper/2" capability=5 scontext=u:r:kernel:s0 tcontext=u:r:kernel:s0 tclass=capability permissive=0
11-29 07:18:30.079 0 0 I auditd : type=1400 audit(0.0:15616): avc: denied { kill } for comm="swapper/2" capability=5 scontext=u:r:kernel:s0 tcontext=u:r:kernel:s0 tclass=capability permissive=0
11-29 07:18:30.580 1491 11109 I ActivityManager: Killing 21506:com.microsoft.emmx:sandboxed_process0:org.chromium.content.app.SandboxedProcessService0:2/u0a36i-8998 (adj 0): isolated not needed
11-29 07:18:30.581 1491 11109 I am_kill : [0,21506,com.microsoft.emmx:sandboxed_process0:org.chromium.content.app.SandboxedProcessService0:2,0,isolated not needed]
11-29 07:18:30.624 1491 11109 I am_proc_died: [0,21506,com.microsoft.emmx:sandboxed_process0:org.chromium.content.app.SandboxedProcessService0:2,0,10]
11-29 07:18:30.625 1491 11109 I am_uid_stopped: 90002
11-29 07:18:30.643 1491 1607 I am_pss : [21381,10036,com.microsoft.emmx:privileged_process0,67792896,40624128,0,226177024,0,3,11]
11-29 07:18:30.644 1491 1618 E KernelCpuSpeedReader: Failed to read cpu-freq: /sys/devices/system/cpu/cpu4/cpufreq/stats/time_in_state: open failed: ENOENT (No such file or directory)
11-29 07:18:30.644 1491 1618 E KernelCpuSpeedReader: Failed to read cpu-freq: /sys/devices/system/cpu/cpu0/cpufreq/stats/time_in_state: open failed: ENOENT (No such file or directory)
11-29 07:18:30.656 1491 1607 I am_pss : [21478,90001,com.microsoft.emmx:sandboxed_process0:org.chromium.content.app.SandboxedProcessService0:1,66455552,37511168,0,204197888,0,3,10]
11-29 07:18:30.667 1491 1607 I am_pss : [20697,10089,com.android.music,29573120,23240704,0,157306880,0,4,10]
11-29 07:18:30.674 1491 1607 I am_pss : [19161,1000,com.qti.diagservices,5896192,3850240,0,93691904,0,10,6]
11-29 07:18:31.079 0 0 I auditd : type=1400 audit(0.0:15617): avc: denied { kill } for comm="swapper/2" capability=5 scontext=u:r:kernel:s0 tcontext=u:r:kernel:s0 tclass=capability permissive=0
11-29 07:18:32.079 0 0 I auditd : type=1400 audit(0.0:15618): avc: denied { kill } for comm="swapper/2" capability=5 scontext=u:r:kernel:s0 tcontext=u:r:kernel:s0 tclass=capability permissive=0
11-29 07:18:33.079 0 0 I auditd : type=1400 audit(0.0:15619): avc: denied { kill } for comm="swapper/2" capability=5 scontext=u:r:kernel:s0 tcontext=u:r:kernel:s0 tclass=capability permissive=0
11-29 07:18:34.079 0 0 I auditd : type=1400 audit(0.0:15620): avc: denied { kill } for comm="swapper/2" capability=5 scontext=u:r:kernel:s0 tcontext=u:r:kernel:s0 tclass=capability permissive=0
11-29 07:18:35.079 0 0 I auditd : type=1400 audit(0.0:15621): avc: denied { kill } for comm="swapper/2" capability=5 scontext=u:r:kernel:s0 tcontext=u:r:kernel:s0 tclass=capability permissive=0
11-29 07:18:35.602 1491 9950 I am_uid_running: 90003
11-29 07:18:35.603 1491 9950 D CompatibilityChangeReporter: Compat change id reported: 135634846; UID 10036; state: DISABLED
11-29 07:18:35.603 1491 9950 D CompatibilityChangeReporter: Compat change id reported: 177438394; UID 10036; state: DISABLED
11-29 07:18:35.603 1491 9950 D CompatibilityChangeReporter: Compat change id reported: 135772972; UID 10036; state: DISABLED
11-29 07:18:35.603 1491 9950 D CompatibilityChangeReporter: Compat change id reported: 135754954; UID 10036; state: ENABLED
11-29 07:18:35.604 1491 1609 D CompatibilityChangeReporter: Compat change id reported: 143937733; UID 10036; state: ENABLED
11-29 07:18:35.628 1491 1609 I am_proc_start: [0,21573,90003,com.microsoft.emmx:sandboxed_process0:org.chromium.content.app.SandboxedProcessService0:3,,{com.microsoft.emmx/org.chromium.content.app.SandboxedProcessService0:3}]
11-29 07:18:35.628 1491 1609 I ActivityManager: Start proc 21573:com.microsoft.emmx:sandboxed_process0:org.chromium.content.app.SandboxedProcessService0:3/u0ai3 for {com.microsoft.emmx/org.chromium.content.app.SandboxedProcessService0:3}
11-29 07:18:35.655 1491 9950 I am_proc_bound: [0,21573,com.microsoft.emmx:sandboxed_process0:org.chromium.content.app.SandboxedProcessService0:3]
11-29 07:18:35.659 1491 9950 D CompatibilityChangeReporter: Compat change id reported: 181136395; UID 10036; state: DISABLED
11-29 07:18:35.659 1491 9950 D CompatibilityChangeReporter: Compat change id reported: 174042936; UID 10036; state: DISABLED
11-29 07:18:35.660 1491 9950 I am_uid_active: 90003
11-29 07:18:35.703 503 503 I auditd : avc: denied { find } for pid=21573 uid=90003 name=content_capture scontext=u:r:isolated_app:s0:c512,c768 tcontext=u:object_r:content_capture_service:s0 tclass=service_manager permissive=0
11-29 07:18:36.017 1491 1626 V DisplayPowerController[0]: Brightness [0.05] reason changing to: 'manual [ dim ]', previous reason: 'manual'.
11-29 07:18:36.017 1491 1626 I sysui_multi_action: [757,1696,758,6,759,2]
11-29 07:18:36.018 1491 1626 W PowerManagerService: Screen on took 60427 ms
11-29 07:18:36.028 1491 1874 E DisplayDeviceConfig: requesting nits when no mapping exists.
11-29 07:18:36.029 1491 1608 I am_wtf : [0,1491,system_server,-1,DisplayDeviceConfig,requesting nits when no mapping exists.]
11-29 07:18:36.029 1491 1874 E DisplayDeviceConfig: requesting nits when no mapping exists.
11-29 07:18:36.031 1491 1608 I DropBoxManagerService: add tag=system_server_wtf isTagEnabled=true flags=0x2
11-29 07:18:36.034 1491 1608 I am_wtf : [0,1491,system_server,-1,DisplayDeviceConfig,requesting nits when no mapping exists.]
11-29 07:18:36.036 1491 1608 I DropBoxManagerService: add tag=system_server_wtf isTagEnabled=true flags=0x2
11-29 07:18:36.044 1491 1874 E DisplayDeviceConfig: requesting nits when no mapping exists.
11-29 07:18:36.045 1491 1608 I am_wtf : [0,1491,system_server,-1,DisplayDeviceConfig,requesting nits when no mapping exists.]
11-29 07:18:36.045 1491 1874 E DisplayDeviceConfig: requesting nits when no mapping exists.
