11-29 07:21:51.620 19842 19842 I sysui_multi_action: [757,126,758,1,759,126,927,0,928,1,1593,1]
11-29 07:21:51.620 19842 19842 I sysui_multi_action: [757,113,758,1,759,113,927,1,928,1,1593,1]
11-29 07:21:51.620 1491 1760 I GameModeConfig: isGameModeOn = false
11-29 07:21:51.620 19842 19842 I sysui_multi_action: [757,0,758,1,759,0,927,2,928,0,1593,1]
11-29 07:21:51.620 1491 1760 I GameModeConfig: isGameModeOn = false
11-29 07:21:51.620 19842 19842 I sysui_multi_action: [757,0,758,1,759,0,927,3,928,0,1593,1]
11-29 07:21:51.620 19842 19842 I sysui_multi_action: [757,491,758,1,759,491,927,4,928,0,1311,-1,1593,0]
11-29 07:21:51.620 19842 19842 I sysui_multi_action: [757,0,758,1,759,0,927,5,928,0,1593,0]
11-29 07:21:51.620 19842 19842 I sysui_multi_action: [757,111,758,1]
11-29 07:21:51.620 19842 19842 I sysui_multi_action: [757,126,758,1,759,126,927,0,928,1,1593,1]
11-29 07:21:51.620 19842 19842 I sysui_multi_action: [757,113,758,1,759,113,927,1,928,1,1593,1]
11-29 07:21:51.621 19842 19842 I sysui_multi_action: [757,0,758,1,759,0,927,2,928,0,1593,1]
11-29 07:21:51.621 19842 19842 I sysui_multi_action: [757,0,758,1,759,0,927,3,928,0,1593,1]
11-29 07:21:51.621 1491 1760 I GameModeConfig: isGameModeOn = false
11-29 07:21:51.621 1491 1760 I GameModeConfig: isGameModeOn = false
11-29 07:21:51.624 1491 1491 I notification_enqueue: [10082,19842,com.android.systemui,2048,NULL,0,Notification(channel=updateNotification shortcut=null contentView=null vibrate=null sound=null defaults=0x0 flags=0x0 color=0x00000000 vis=PRIVATE),1]
11-29 07:21:51.629 1491 1491 I GameModeConfig: isGameModeOn = false
11-29 07:21:51.631 1491 1491 E NotificationService: Muting recently noisy 0|com.android.systemui|2048|null|10082
11-29 07:21:51.632 1491 1760 I GameModeConfig: isGameModeOn = false
11-29 07:21:51.632 1491 1760 I GameModeConfig: isGameModeOn = false
11-29 07:21:51.632 1491 1760 I GameModeConfig: isGameModeOn = false
11-29 07:21:51.632 1491 1760 I GameModeConfig: isGameModeOn = false
11-29 07:21:51.632 1491 1760 I GameModeConfig: isGameModeOn = false
11-29 07:21:51.632 1491 1760 I GameModeConfig: isGameModeOn = false
11-29 07:21:51.633 19842 19842 I sysui_multi_action: [757,111,758,2]
11-29 07:21:51.633 19842 19842 I sysui_multi_action: [757,111,758,2]
11-29 07:21:51.635 19842 19842 I sysui_multi_action: [757,111,758,1]
11-29 07:21:51.635 19842 19842 I sysui_multi_action: [757,126,758,1,759,126,927,0,928,1,1593,1]
11-29 07:21:51.635 19842 19842 I sysui_multi_action: [757,113,758,1,759,113,927,1,928,1,1593,1]
11-29 07:21:51.635 19842 19842 I sysui_multi_action: [757,0,758,1,759,0,927,2,928,0,1593,1]
11-29 07:21:51.635 19842 19842 I sysui_multi_action: [757,0,758,1,759,0,927,3,928,0,1593,1]
11-29 07:21:51.635 1491 1491 I notification_enqueue: [10082,19842,com.android.systemui,2048,NULL,0,Notification(channel=updateNotification shortcut=null contentView=null vibrate=null sound=null defaults=0x0 flags=0x0 color=0x00000000 vis=PRIVATE),1]
11-29 07:21:51.635 19842 19842 I sysui_multi_action: [757,491,758,1,759,491,927,4,928,0,1311,-1,1593,0]
11-29 07:21:51.635 19842 19842 I sysui_multi_action: [757,0,758,1,759,0,927,5,928,0,1593,0]
11-29 07:21:51.635 19842 19842 I sysui_multi_action: [757,111,758,1]
11-29 07:21:51.635 19842 19842 I sysui_multi_action: [757,126,758,1,759,126,927,0,928,1,1593,1]
11-29 07:21:51.636 19842 19842 I sysui_multi_action: [757,113,758,1,759,113,927,1,928,1,1593,1]
11-29 07:21:51.636 19842 19842 I sysui_multi_action: [757,0,758,1,759,0,927,2,928,0,1593,1]
11-29 07:21:51.636 19842 19842 I sysui_multi_action: [757,0,758,1,759,0,927,3,928,0,1593,1]
11-29 07:21:51.644 1491 1491 I GameModeConfig: isGameModeOn = false
11-29 07:21:51.644 1491 1491 E NotificationService: Muting recently noisy 0|com.android.systemui|2048|null|10082
11-29 07:21:51.647 1491 1760 I GameModeConfig: isGameModeOn = false
11-29 07:21:51.647 1491 1760 I GameModeConfig: isGameModeOn = false
11-29 07:21:51.648 1491 1760 I GameModeConfig: isGameModeOn = false
11-29 07:21:51.648 1491 1760 I GameModeConfig: isGameModeOn = false
11-29 07:21:51.648 1491 1760 I GameModeConfig: isGameModeOn = false
11-29 07:21:51.648 1491 1760 I GameModeConfig: isGameModeOn = false
11-29 07:21:51.648 19842 19842 I sysui_multi_action: [757,111,758,2]
11-29 07:21:51.649 19842 19842 I sysui_multi_action: [757,111,758,2]
11-29 07:21:51.649 1491 1491 I notification_enqueue: [10082,19842,com.android.systemui,2048,NULL,0,Notification(channel=updateNotification shortcut=null contentView=null vibrate=null sound=null defaults=0x0 flags=0x0 color=0x00000000 vis=PRIVATE),1]
11-29 07:21:51.651 19842 19842 I sysui_multi_action: [757,111,758,1]
11-29 07:21:51.651 19842 19842 I sysui_multi_action: [757,126,758,1,759,126,927,0,928,1,1593,1]
11-29 07:21:51.651 19842 19842 I sysui_multi_action: [757,113,758,1,759,113,927,1,928,1,1593,1]
11-29 07:21:51.651 19842 19842 I sysui_multi_action: [757,0,758,1,759,0,927,2,928,0,1593,1]
11-29 07:21:51.651 19842 19842 I sysui_multi_action: [757,0,758,1,759,0,927,3,928,0,1593,1]
11-29 07:21:51.651 19842 19842 I sysui_multi_action: [757,491,758,1,759,491,927,4,928,0,1311,-1,1593,0]
11-29 07:21:51.651 19842 19842 I sysui_multi_action: [757,0,758,1,759,0,927,5,928,0,1593,0]
11-29 07:21:51.651 19842 19842 I sysui_multi_action: [757,111,758,1]
11-29 07:21:51.651 19842 19842 I sysui_multi_action: [757,126,758,1,759,126,927,0,928,1,1593,1]
11-29 07:21:51.651 19842 19842 I sysui_multi_action: [757,113,758,1,759,113,927,1,928,1,1593,1]
11-29 07:21:51.651 19842 19842 I sysui_multi_action: [757,0,758,1,759,0,927,2,928,0,1593,1]
11-29 07:21:51.651 19842 19842 I sysui_multi_action: [757,0,758,1,759,0,927,3,928,0,1593,1]
11-29 07:21:51.664 1491 1760 I GameModeConfig: isGameModeOn = false
11-29 07:21:51.664 1491 1760 I GameModeConfig: isGameModeOn = false
11-29 07:21:51.664 1491 1760 I GameModeConfig: isGameModeOn = false
11-29 07:21:51.664 1491 1760 I GameModeConfig: isGameModeOn = false
11-29 07:21:51.664 1491 1760 I GameModeConfig: isGameModeOn = false
11-29 07:21:51.664 1491 1760 I GameModeConfig: isGameModeOn = false
11-29 07:21:51.665 19842 19842 I sysui_multi_action: [757,111,758,2]
11-29 07:21:51.665 19842 19842 I sysui_multi_action: [757,111,758,2]
11-29 07:21:51.665 1491 1491 I GameModeConfig: isGameModeOn = false
11-29 07:21:51.666 1491 1491 E NotificationService: Muting recently noisy 0|com.android.systemui|2048|null|10082
11-29 07:21:51.666 1491 1491 I notification_enqueue: [10082,19842,com.android.systemui,2048,NULL,0,Notification(channel=updateNotification shortcut=null contentView=null vibrate=null sound=null defaults=0x0 flags=0x0 color=0x00000000 vis=PRIVATE),1]
11-29 07:21:51.667 1491 1491 I GameModeConfig: isGameModeOn = false
11-29 07:21:51.668 19842 19842 I sysui_multi_action: [757,111,758,1]
11-29 07:21:51.668 19842 19842 I sysui_multi_action: [757,126,758,1,759,126,927,0,928,1,1593,0]
11-29 07:21:51.668 19842 19842 I sysui_multi_action: [757,113,758,1,759,113,927,1,928,1,1593,0]
11-29 07:21:51.668 19842 19842 I sysui_multi_action: [757,0,758,1,759,0,927,2,928,0,1593,0]
11-29 07:21:51.668 19842 19842 I sysui_multi_action: [757,0,758,1,759,0,927,3,928,0,1593,0]
11-29 07:21:51.668 19842 19842 I sysui_multi_action: [757,491,758,1,759,491,927,4,928,0,1311,-1,1593,0]
11-29 07:21:51.668 19842 19842 I sysui_multi_action: [757,0,758,1,759,0,927,5,928,0,1593,0]
11-29 07:21:51.668 19842 19842 I sysui_multi_action: [757,111,758,1]
11-29 07:21:51.668 1491 1491 E NotificationService: Muting recently noisy 0|com.android.systemui|2048|null|10082
11-29 07:21:51.668 19842 19842 I sysui_multi_action: [757,126,758,1,759,126,927,0,928,1,1593,1]
11-29 07:21:51.668 19842 19842 I sysui_multi_action: [757,113,758,1,759,113,927,1,928,1,1593,1]
11-29 07:21:51.668 19842 19842 I sysui_multi_action: [757,0,758,1,759,0,927,2,928,0,1593,1]
11-29 07:21:51.668 19842 19842 I sysui_multi_action: [757,0,758,1,759,0,927,3,928,0,1593,1]
11-29 07:21:51.680 1491 1760 I GameModeConfig: isGameModeOn = false
11-29 07:21:51.681 1491 1760 I GameModeConfig: isGameModeOn = false
11-29 07:21:51.681 1491 1760 I GameModeConfig: isGameModeOn = false
11-29 07:21:51.681 1491 1760 I GameModeConfig: isGameModeOn = false
11-29 07:21:51.682 1491 1760 I GameModeConfig: isGameModeOn = false
11-29 07:21:51.682 1491 1760 I GameModeConfig: isGameModeOn = false
11-29 07:21:51.683 19842 19842 I sysui_multi_action: [757,111,758,2]
11-29 07:21:51.683 19842 19842 I sysui_multi_action: [757,111,758,2]
11-29 07:21:51.683 1491 1491 I notification_enqueue: [10082,19842,com.android.systemui,2048,NULL,0,Notification(channel=updateNotification shortcut=null contentView=null vibrate=null sound=null defaults=0x0 flags=0x0 color=0x00000000 vis=PRIVATE),1]
11-29 07:21:51.685 1491 1491 I GameModeConfig: isGameModeOn = false
11-29 07:21:51.685 1491 1491 E NotificationService: Muting recently noisy 0|com.android.systemui|2048|null|10082
11-29 07:21:51.686 19842 19842 I sysui_multi_action: [757,111,758,1]
11-29 07:21:51.686 19842 19842 I sysui_multi_action: [757,126,758,1,759,126,927,0,928,1,1593,1]
11-29 07:21:51.686 19842 19842 I sysui_multi_action: [757,113,758,1,759,113,927,1,928,1,1593,1]
11-29 07:21:51.686 19842 19842 I sysui_multi_action: [757,0,758,1,759,0,927,2,928,0,1593,1]
11-29 07:21:51.686 19842 19842 I sysui_multi_action: [757,0,758,1,759,0,927,3,928,0,1593,1]
11-29 07:21:51.686 19842 19842 I sysui_multi_action: [757,491,758,1,759,491,927,4,928,0,1311,-1,1593,0]
11-29 07:21:51.686 19842 19842 I sysui_multi_action: [757,0,758,1,759,0,927,5,928,0,1593,0]
11-29 07:21:51.686 19842 19842 I sysui_multi_action: [757,111,758,1]
11-29 07:21:51.686 19842 19842 I sysui_multi_action: [757,126,758,1,759,126,927,0,928,1,1593,1]
11-29 07:21:51.686 19842 19842 I sysui_multi_action: [757,113,758,1,759,113,927,1,928,1,1593,1]
11-29 07:21:51.686 19842 19842 I sysui_multi_action: [757,0,758,1,759,0,927,2,928,0,1593,1]
11-29 07:21:51.686 19842 19842 I sysui_multi_action: [757,0,758,1,759,0,927,3,928,0,1593,1]
11-29 07:21:51.697 1491 1760 I GameModeConfig: isGameModeOn = false
11-29 07:21:51.698 1491 1760 I GameModeConfig: isGameModeOn = false
11-29 07:21:51.698 1491 1760 I GameModeConfig: isGameModeOn = false
11-29 07:21:51.698 1491 1760 I GameModeConfig: isGameModeOn = false
11-29 07:21:51.698 1491 1760 I GameModeConfig: isGameModeOn = false
11-29 07:21:51.698 1491 1760 I GameModeConfig: isGameModeOn = false
11-29 07:21:51.699 19842 19842 I sysui_multi_action: [757,111,758,2]
11-29 07:21:51.699 19842 19842 I sysui_multi_action: [757,111,758,2]
11-29 07:21:51.699 1491 1491 I notification_enqueue: [10082,19842,com.android.systemui,2048,NULL,0,Notification(channel=updateNotification shortcut=null contentView=null vibrate=null sound=null defaults=0x0 flags=0x0 color=0x00000000 vis=PRIVATE),1]
11-29 07:21:51.700 1491 1491 I GameModeConfig: isGameModeOn = false
11-29 07:21:51.700 1491 1491 E NotificationService: Muting recently noisy 0|com.android.systemui|2048|null|10082
11-29 07:21:51.701 19842 19842 I sysui_multi_action: [757,111,758,1]
11-29 07:21:51.701 19842 19842 I sysui_multi_action: [757,126,758,1,759,126,927,0,928,1,1593,1]
11-29 07:21:51.701 19842 19842 I sysui_multi_action: [757,113,758,1,759,113,927,1,928,1,1593,1]
11-29 07:21:51.701 19842 19842 I sysui_multi_action: [757,0,758,1,759,0,927,2,928,0,1593,1]
11-29 07:21:51.701 19842 19842 I sysui_multi_action: [757,0,758,1,759,0,927,3,928,0,1593,1]
11-29 07:21:51.701 19842 19842 I sysui_multi_action: [757,491,758,1,759,491,927,4,928,0,1311,-1,1593,0]
11-29 07:21:51.701 19842 19842 I sysui_multi_action: [757,0,758,1,759,0,927,5,928,0,1593,0]
11-29 07:21:51.701 19842 19842 I sysui_multi_action: [757,111,758,1]
11-29 07:21:51.701 19842 19842 I sysui_multi_action: [757,126,758,1,759,126,927,0,928,1,1593,1]
11-29 07:21:51.701 19842 19842 I sysui_multi_action: [757,113,758,1,759,113,927,1,928,1,1593,1]
11-29 07:21:51.701 19842 19842 I sysui_multi_action: [757,0,758,1,759,0,927,2,928,0,1593,1]
11-29 07:21:51.701 19842 19842 I sysui_multi_action: [757,0,758,1,759,0,927,3,928,0,1593,1]
11-29 07:21:51.714 19842 19842 I sysui_multi_action: [757,111,758,2]
11-29 07:21:51.714 19842 19842 I sysui_multi_action: [757,111,758,2]
11-29 07:21:51.715 1491 1491 I notification_enqueue: [10082,19842,com.android.systemui,2048,NULL,0,Notification(channel=updateNotification shortcut=null contentView=null vibrate=null sound=null defaults=0x0 flags=0x0 color=0x00000000 vis=PRIVATE),1]
11-29 07:21:51.718 1491 1491 I GameModeConfig: isGameModeOn = false
11-29 07:21:51.719 1491 1491 E NotificationService: Muting recently noisy 0|com.android.systemui|2048|null|10082
11-29 07:21:51.720 1491 1760 I GameModeConfig: isGameModeOn = false
11-29 07:21:51.720 1491 1760 I GameModeConfig: isGameModeOn = false
11-29 07:21:51.720 1491 1760 I GameModeConfig: isGameModeOn = false
11-29 07:21:51.720 1491 1760 I GameModeConfig: isGameModeOn = false
11-29 07:21:51.720 1491 1760 I GameModeConfig: isGameModeOn = false
11-29 07:21:51.721 1491 1760 I GameModeConfig: isGameModeOn = false
11-29 07:21:51.725 19842 19842 I sysui_multi_action: [757,111,758,1]
11-29 07:21:51.725 19842 19842 I sysui_multi_action: [757,126,758,1,759,126,927,0,928,1,1593,1]
11-29 07:21:51.725 19842 19842 I sysui_multi_action: [757,113,758,1,759,113,927,1,928,1,1593,1]
11-29 07:21:51.725 19842 19842 I sysui_multi_action: [757,0,758,1,759,0,927,2,928,0,1593,1]
11-29 07:21:51.725 19842 19842 I sysui_multi_action: [757,0,758,1,759,0,927,3,928,0,1593,1]
11-29 07:21:51.726 19842 19842 I sysui_multi_action: [757,491,758,1,759,491,927,4,928,0,1311,-1,1593,0]
11-29 07:21:51.726 19842 19842 I sysui_multi_action: [757,0,758,1,759,0,927,5,928,0,1593,0]
11-29 07:21:51.726 19842 19842 I sysui_multi_action: [757,111,758,1]
11-29 07:21:51.726 19842 19842 I sysui_multi_action: [757,126,758,1,759,126,927,0,928,1,1593,1]
11-29 07:21:51.726 19842 19842 I sysui_multi_action: [757,113,758,1,759,113,927,1,928,1,1593,1]
11-29 07:21:51.726 19842 19842 I sysui_multi_action: [757,0,758,1,759,0,927,2,928,0,1593,1]
11-29 07:21:51.726 19842 19842 I sysui_multi_action: [757,0,758,1,759,0,927,3,928,0,1593,1]
11-29 07:21:51.734 1491 1491 I GameModeConfig: isGameModeOn = false
11-29 07:21:51.734 1491 1491 E NotificationService: Muting recently noisy 0|com.android.systemui|2048|null|10082
11-29 07:21:51.734 1491 1760 I GameModeConfig: isGameModeOn = false
11-29 07:21:51.737 1491 1760 I GameModeConfig: isGameModeOn = false
11-29 07:21:51.737 1491 1760 I GameModeConfig: isGameModeOn = false
11-29 07:21:51.737 1491 1760 I GameModeConfig: isGameModeOn = false
11-29 07:21:51.737 1491 1760 I GameModeConfig: isGameModeOn = false
11-29 07:21:51.737 1491 1760 I GameModeConfig: isGameModeOn = false
11-29 07:21:51.738 19842 19842 I sysui_multi_action: [757,111,758,2]
11-29 07:21:51.738 19842 19842 I sysui_multi_action: [757,111,758,2]
11-29 07:21:51.738 1491 1491 I notification_enqueue: [10082,19842,com.android.systemui,2048,NULL,0,Notification(channel=updateNotification shortcut=null contentView=null vibrate=null sound=null defaults=0x0 flags=0x0 color=0x00000000 vis=PRIVATE),1]
11-29 07:21:51.740 1491 8646 I sysui_multi_action: [757,128,758,2,793,13476513,794,919,795,13476513,796,26,798,0,806,android,857,DEVELOPER_IMPORTANT,858,4,947,0,1395,2,1500,13476308,1688,1]
11-29 07:21:51.740 1491 8646 I notification_visibility: [-1|android|26|null|1000,0,13476513,13476513,0,0]
11-29 07:21:51.740 1491 8646 I sysui_multi_action: [757,128,758,2,793,13476516,794,919,795,13476516,796,32,798,1,806,android,857,USB,858,1,947,0,1395,2,1500,13476313,1688,1]
11-29 07:21:51.740 1491 8646 I notification_visibility: [-1|android|32|null|1000,0,13476516,13476516,0,1]
11-29 07:21:51.740 1491 8646 I sysui_multi_action: [757,127,758,2]
11-29 07:21:51.740 1491 8646 I notification_panel_hidden:
11-29 07:21:51.746 19842 19842 I sysui_multi_action: [757,111,758,1]
11-29 07:21:51.746 19842 19842 I sysui_multi_action: [757,126,758,1,759,126,927,0,928,1,1593,1]
11-29 07:21:51.746 19842 19842 I sysui_multi_action: [757,113,758,1,759,113,927,1,928,1,1593,1]
11-29 07:21:51.746 19842 19842 I sysui_multi_action: [757,0,758,1,759,0,927,2,928,0,1593,1]
11-29 07:21:51.746 19842 19842 I sysui_multi_action: [757,0,758,1,759,0,927,3,928,0,1593,1]
11-29 07:21:51.746 19842 19842 I sysui_multi_action: [757,491,758,1,759,491,927,4,928,0,1311,-1,1593,0]
11-29 07:21:51.746 19842 19842 I sysui_multi_action: [757,0,758,1,759,0,927,5,928,0,1593,0]
11-29 07:21:51.747 19842 19842 I sysui_multi_action: [757,111,758,1]
11-29 07:21:51.747 19842 19842 I sysui_multi_action: [757,126,758,1,759,126,927,0,928,1,1593,1]
11-29 07:21:51.747 19842 19842 I sysui_multi_action: [757,113,758,1,759,113,927,1,928,1,1593,1]
11-29 07:21:51.747 19842 19842 I sysui_multi_action: [757,0,758,1,759,0,927,2,928,0,1593,1]
11-29 07:21:51.747 19842 19842 I sysui_multi_action: [757,0,758,1,759,0,927,3,928,0,1593,1]
11-29 07:21:51.750 1491 1491 I GameModeConfig: isGameModeOn = false
11-29 07:21:51.750 1491 1491 E NotificationService: Muting recently noisy 0|com.android.systemui|2048|null|10082
11-29 07:21:51.766 1491 1491 I GameModeConfig: isGameModeOn = false
11-29 07:21:51.767 1491 1491 E NotificationService: Muting recently noisy 0|com.android.systemui|2048|null|10082
11-29 07:21:51.784 1491 1491 I GameModeConfig: isGameModeOn = false
11-29 07:21:51.784 1491 1491 E NotificationService: Muting recently noisy 0|com.android.systemui|2048|null|10082
11-29 07:21:51.804 1491 1491 I GameModeConfig: isGameModeOn = false
11-29 07:21:51.804 1491 1491 E NotificationService: Muting recently noisy 0|com.android.systemui|2048|null|10082
11-29 07:21:51.825 1491 1491 I GameModeConfig: isGameModeOn = false
11-29 07:21:51.826 1491 1491 E NotificationService: Muting recently noisy 0|com.android.systemui|2048|null|10082
11-29 07:21:51.839 1491 1491 I GameModeConfig: isGameModeOn = false
11-29 07:21:51.839 1491 1491 E NotificationService: Muting recently noisy 0|com.android.systemui|2048|null|10082
11-29 07:21:51.850 1491 1491 I GameModeConfig: isGameModeOn = false
11-29 07:21:51.850 1491 1491 E NotificationService: Muting recently noisy 0|com.android.systemui|2048|null|10082
11-29 07:21:51.867 1491 1491 I GameModeConfig: isGameModeOn = false
11-29 07:21:51.868 1491 1491 E NotificationService: Muting recently noisy 0|com.android.systemui|2048|null|10082
11-29 07:21:51.884 1491 1491 I GameModeConfig: isGameModeOn = false
11-29 07:21:51.889 1491 1491 E NotificationService: Muting recently noisy 0|com.android.systemui|2048|null|10082
11-29 07:21:51.900 1491 1491 I GameModeConfig: isGameModeOn = false
11-29 07:21:51.900 1491 1491 E NotificationService: Muting recently noisy 0|com.android.systemui|2048|null|10082
11-29 07:21:51.917 1491 1491 I GameModeConfig: isGameModeOn = false
11-29 07:21:51.918 1491 1491 E NotificationService: Muting recently noisy 0|com.android.systemui|2048|null|10082
11-29 07:21:51.942 1491 1491 I GameModeConfig: isGameModeOn = false
11-29 07:21:51.943 1491 1491 E NotificationService: Muting recently noisy 0|com.android.systemui|2048|null|10082
11-29 07:21:52.079 0 0 I auditd : type=1400 audit(0.0:16848): avc: denied { kill } for comm="swapper/2" capability=5 scontext=u:r:kernel:s0 tcontext=u:r:kernel:s0 tclass=capability permissive=0
11-29 07:21:52.139 1491 1693 I input_interaction: Interaction with: cd0514f com.android.launcher3/com.android.launcher3.uioverrides.QuickstepLauncher (server), 5c05474 com.android.systemui.ImageWallpaper (server), edge-swipe (server), swipe-up (server), PointerEventDispatcher0 (server),
11-29 07:21:52.203 1491 2923 I ActivityTaskManager: START u0 {act=android.intent.action.MAIN cat=[android.intent.category.LAUNCHER] flg=0x10200000 cmp=com.miHoYo.Yuanshen/com.miHoYo.GetMobileInfo.MainActivity bnds=[1017,400][1319,680]} from uid 10077
11-29 07:21:52.205 1491 2923 I wm_task_moved: [186,1,9]
11-29 07:21:52.205 1491 2923 I wm_task_to_front: [0,186]
11-29 07:21:52.206 1491 2923 I wm_focused_root_task: [0,0,186,32,bringingFoundTaskToFront]
11-29 07:21:52.206 1491 2923 I wm_set_resumed_activity: [0,com.miHoYo.Yuanshen/com.miHoYo.GetMobileInfo.MainActivity,bringingFoundTaskToFront]
11-29 07:21:52.206 1491 2923 I wm_new_intent: [0,118413051,186,com.miHoYo.Yuanshen/com.miHoYo.GetMobileInfo.MainActivity,android.intent.action.MAIN,NULL,NULL,268435456]
11-29 07:21:52.207 1491 2923 D CompatibilityChangeReporter: Compat change id reported: 168419799; UID 10098; state: DISABLED
11-29 07:21:52.209 1491 2923 I wm_pause_activity: [0,254362067,com.android.launcher3/.uioverrides.QuickstepLauncher,userLeaving=true,pauseBackTasks]
11-29 07:21:52.216 9956 9956 I wm_on_top_resumed_lost_called: [254362067,com.android.launcher3.uioverrides.QuickstepLauncher,topStateChangedWhenResumed]
11-29 07:21:52.218 9956 9956 I wm_on_paused_called: [254362067,com.android.launcher3.uioverrides.QuickstepLauncher,performPause]
11-29 07:21:52.219 1491 8592 I ActivityTaskManager: FOREGROUND_APPLICATION_CHANGED to com.miHoYo.GetMobileInfo.MainActivity
11-29 07:21:52.223 1491 8592 I wm_set_resumed_activity: [0,com.miHoYo.Yuanshen/com.miHoYo.GetMobileInfo.MainActivity,resumeTopActivityInnerLocked]
11-29 07:21:52.224 1491 8592 I wm_add_to_stopping: [0,254362067,com.android.launcher3/.uioverrides.QuickstepLauncher,makeInvisible]
11-29 07:21:52.228 1491 8592 D CompatibilityChangeReporter: Compat change id reported: 174042980; UID 10098; state: DISABLED
11-29 07:21:52.229 1491 8592 D CompatibilityChangeReporter: Compat change id reported: 181136395; UID 10098; state: DISABLED
11-29 07:21:52.229 1491 8592 D CompatibilityChangeReporter: Compat change id reported: 174042936; UID 10098; state: DISABLED
11-29 07:21:52.229 1491 8592 D CompatibilityChangeReporter: Compat change id reported: 184838306; UID 10098; state: DISABLED
11-29 07:21:52.230 1491 8592 D CompatibilityChangeReporter: Compat change id reported: 185004937; UID 10098; state: DISABLED
11-29 07:21:52.230 1491 8592 I wm_resume_activity: [0,118413051,186,com.miHoYo.Yuanshen/com.miHoYo.GetMobileInfo.MainActivity]
11-29 07:21:52.249 24595 24595 I wm_on_restart_called: [118413051,com.miHoYo.GetMobileInfo.MainActivity,performRestartActivity]
11-29 07:21:52.250 24595 24595 I wm_on_start_called: [118413051,com.miHoYo.GetMobileInfo.MainActivity,handleStartActivity]
11-29 07:21:52.250 1491 1599 I sysui_multi_action: [757,803,799,window_time_0,802,5]
11-29 07:21:52.251 24595 24595 I wm_on_resume_called: [118413051,com.miHoYo.GetMobileInfo.MainActivity,RESUME_ACTIVITY]
11-29 07:21:52.251 24595 24595 I wm_on_top_resumed_gained_called: [118413051,com.miHoYo.GetMobileInfo.MainActivity,topWhenResuming]
11-29 07:21:52.253 1491 1693 I input_focus: [Focus leaving cd0514f com.android.launcher3/com.android.launcher3.uioverrides.QuickstepLauncher (server),reason=NO_WINDOW]
11-29 07:21:52.306 1491 1600 I input_focus: [Focus request c01c4cb com.miHoYo.Yuanshen/com.miHoYo.GetMobileInfo.MainActivity,reason=UpdateInputWindows]
11-29 07:21:52.306 16043 16059 W ContextImpl: Calling a method in the system process without a qualified user: android.app.ContextImpl.startService:1816 android.content.ContextWrapper.startService:774 com.thundercomm.gamemode.ingame.services.GameModeActionUtils.startGameModeService:93 com.thundercomm.gamemode.ingame.services.GameModeActionUtils.startGameModeEntry:21 com.thundercomm.gamemode.ingame.services.ActivityMonitoringService$1.onActivityLaunch:127
11-29 07:21:52.310 1491 1760 I GameModeConfig: isGameModeOn = false
11-29 07:21:52.311 1491 1760 I GameModeConfig: isGameModeOn = false
11-29 07:21:52.311 1491 1760 I GameModeConfig: isGameModeOn = false
11-29 07:21:52.311 1491 1760 I GameModeConfig: isGameModeOn = false
11-29 07:21:52.311 1491 1760 I GameModeConfig: isGameModeOn = false
11-29 07:21:52.311 1491 1760 I GameModeConfig: isGameModeOn = false
11-29 07:21:52.316 1491 1596 I sysui_multi_action: [319,93,321,91,322,111,325,14890,757,761,758,9,759,4,806,com.miHoYo.Yuanshen,871,com.miHoYo.GetMobileInfo.MainActivity,904,com.android.packageinstaller,905,0,1320,4,1321,4]
11-29 07:21:52.319 1491 1491 I notification_enqueue: [10082,19842,com.android.systemui,2048,NULL,0,Notification(channel=updateNotification shortcut=null contentView=null vibrate=null sound=null defaults=0x0 flags=0x0 color=0x00000000 vis=PRIVATE),1]
11-29 07:21:52.319 19842 19842 I sysui_multi_action: [757,111,758,2]
11-29 07:21:52.319 1491 1693 I input_focus: [Focus entering c01c4cb com.miHoYo.Yuanshen/com.miHoYo.GetMobileInfo.MainActivity (server),reason=setFocusedWindow]
11-29 07:21:52.320 19842 19842 I sysui_multi_action: [757,111,758,2]
11-29 07:21:52.332 1491 1491 I GameModeConfig: Current uri is uri = content://com.thundercomm.gamemode.api/gamemode_settings/gamemode_isgaming
11-29 07:21:52.336 19842 19842 I sysui_multi_action: [757,111,758,1]
11-29 07:21:52.336 19842 19842 I sysui_multi_action: [757,126,758,1,759,126,927,0,928,1,1593,0]
11-29 07:21:52.336 19842 19842 I sysui_multi_action: [757,113,758,1,759,113,927,1,928,1,1593,0]
11-29 07:21:52.336 19842 19842 I sysui_multi_action: [757,0,758,1,759,0,927,2,928,0,1593,0]
11-29 07:21:52.336 19842 19842 I sysui_multi_action: [757,0,758,1,759,0,927,3,928,0,1593,0]
11-29 07:21:52.336 19842 19842 I sysui_multi_action: [757,491,758,1,759,491,927,4,928,0,1311,-1,1593,0]
11-29 07:21:52.336 19842 19842 I sysui_multi_action: [757,0,758,1,759,0,927,5,928,0,1593,0]
11-29 07:21:52.336 19842 19842 I sysui_multi_action: [757,111,758,1]
11-29 07:21:52.336 19842 19842 I sysui_multi_action: [757,126,758,1,759,126,927,0,928,1,1593,0]
11-29 07:21:52.336 19842 19842 I sysui_multi_action: [757,113,758,1,759,113,927,1,928,1,1593,0]
11-29 07:21:52.336 19842 19842 I sysui_multi_action: [757,0,758,1,759,0,927,2,928,0,1593,0]
11-29 07:21:52.336 19842 19842 I sysui_multi_action: [757,0,758,1,759,0,927,3,928,0,1593,0]
11-29 07:21:52.338 1491 1491 I GameModeConfig: isGameModeOn = false
11-29 07:21:52.338 1491 1491 I GameModeConfig: isGameModeOn = false
11-29 07:21:52.338 1491 1491 I GameModeConfig: isDisableVoice = true
11-29 07:21:52.364 16043 16059 W ContextImpl: Calling a method in the system process without a qualified user: android.app.ContextImpl.startService:1816 android.content.ContextWrapper.startService:774 com.thundercomm.gamemode.ingame.services.GameModeActionUtils.startGameModeService:93 com.thundercomm.gamemode.ingame.services.GameModeActionUtils.startGameModeEntry:21 com.thundercomm.gamemode.ingame.services.ActivityMonitoringService$1.onActivityLaunch:127
11-29 07:21:52.368 1491 1491 I GameModeConfig: Current uri is uri = content://com.thundercomm.gamemode.api/gamemode_settings/gamemode_isgaming
11-29 07:21:52.369 1491 1491 I GameModeConfig: isGameModeOn = false
11-29 07:21:52.370 1491 1491 I GameModeConfig: isGameModeOn = false
11-29 07:21:52.370 1491 1491 I GameModeConfig: isDisableVoice = true
11-29 07:21:52.521 1491 1491 I GameModeConfig: isGameModeOn = false
11-29 07:21:52.522 1491 1491 E NotificationService: Muting recently noisy 0|com.android.systemui|2048|null|10082
11-29 07:21:52.842 1491 1599 I wm_stop_activity: [0,254362067,com.android.launcher3/.uioverrides.QuickstepLauncher]
11-29 07:21:52.866 9956 9956 I wm_on_stop_called: [254362067,com.android.launcher3.uioverrides.QuickstepLauncher,STOP_ACTIVITY_ITEM]
11-29 07:21:52.885 16043 16059 W ContextImpl: Calling a method in the system process without a qualified user: android.app.ContextImpl.startService:1816 android.content.ContextWrapper.startService:774 com.thundercomm.gamemode.ingame.services.GameModeActionUtils.startGameModeService:93 com.thundercomm.gamemode.ingame.services.GameModeActionUtils.startGameModeEntry:21 com.thundercomm.gamemode.ingame.services.ActivityMonitoringService$1.onActivityLaunch:127
11-29 07:21:52.890 1491 1491 I GameModeConfig: Current uri is uri = content://com.thundercomm.gamemode.api/gamemode_settings/gamemode_isgaming
11-29 07:21:52.897 1491 1491 I GameModeConfig: isGameModeOn = false
11-29 07:21:52.897 1491 1491 I GameModeConfig: isGameModeOn = false
11-29 07:21:52.897 1491 1491 I GameModeConfig: isDisableVoice = true
11-29 07:21:53.079 0 0 I auditd : type=1400 audit(0.0:16849): avc: denied { kill } for comm="swapper/2" capability=5 scontext=u:r:kernel:s0 tcontext=u:r:kernel:s0 tclass=capability permissive=0
11-29 07:21:54.079 0 0 I auditd : type=1400 audit(0.0:16850): avc: denied { kill } for comm="swapper/2" capability=5 scontext=u:r:kernel:s0 tcontext=u:r:kernel:s0 tclass=capability permissive=0
11-29 07:21:54.598 1491 2002 I ntp_failure: [time.android.com/2001:4860:4806::,java.net.SocketTimeoutException: Poll timed out]
11-29 07:21:56.079 9 9 I auditd : type=1400 audit(0.0:16851): avc: denied { kill } for comm="ksoftirqd/0" capability=5 scontext=u:r:kernel:s0 tcontext=u:r:kernel:s0 tclass=capability permissive=0
11-29 07:21:56.818 1491 1607 I am_pss : [24805,10031,com.android.traceur,7909376,6017024,0,92983296,0,19,6]
11-29 07:21:56.825 1491 1607 I am_pss : [24770,10080,com.android.emergency,8650752,6819840,0,92401664,0,19,4]
11-29 07:21:57.079 353 353 I auditd : type=1400 audit(0.0:16852): avc: denied { kill } for comm="irq/382-atmel_m" capability=5 scontext=u:r:kernel:s0 tcontext=u:r:kernel:s0 tclass=capability permissive=0
11-29 07:21:57.186 1491 1760 I GameModeConfig: isGameModeOn = false
11-29 07:21:57.190 1491 1760 I GameModeConfig: isGameModeOn = false
11-29 07:21:57.228 1491 1760 I GameModeConfig: isGameModeOn = false
11-29 07:21:57.243 1491 1760 I GameModeConfig: isGameModeOn = false
11-29 07:21:57.261 1491 1760 I GameModeConfig: isGameModeOn = false
11-29 07:21:57.271 1491 1760 I GameModeConfig: isGameModeOn = false
11-29 07:21:57.291 1491 1760 I GameModeConfig: isGameModeOn = false
11-29 07:21:57.307 1491 1760 I GameModeConfig: isGameModeOn = false
11-29 07:21:58.079 0 0 I auditd : type=1400 audit(0.0:16853): avc: denied { kill } for comm="swapper/0" capability=5 scontext=u:r:kernel:s0 tcontext=u:r:kernel:s0 tclass=capability permissive=0
11-29 07:21:58.738 1491 8592 I ActivityTaskManager: START u0 {flg=0x14000000 cmp=com.miHoYo.Yuanshen/com.combosdk.module.ua.ProtocolActivity (has extras)} from uid 10098
11-29 07:21:58.743 1491 8592 I wm_task_moved: [186,1,9]
11-29 07:21:58.743 1491 8592 I wm_set_resumed_activity: [0,com.miHoYo.Yuanshen/com.miHoYo.GetMobileInfo.MainActivity,positionChildAt]
11-29 07:21:58.743 1491 8592 I wm_create_activity: [0,130439701,186,com.miHoYo.Yuanshen/com.combosdk.module.ua.ProtocolActivity,NULL,NULL,NULL,335544320]
11-29 07:21:58.745 1491 8592 I wm_pause_activity: [0,118413051,com.miHoYo.Yuanshen/com.miHoYo.GetMobileInfo.MainActivity,userLeaving=true,resumeTopActivityInnerLocked]
11-29 07:21:58.750 24595 24595 I wm_on_top_resumed_lost_called: [118413051,com.miHoYo.GetMobileInfo.MainActivity,topStateChangedWhenResumed]
11-29 07:21:59.079 0 0 I auditd : type=1400 audit(0.0:16854): avc: denied { kill } for comm="swapper/0" capability=5 scontext=u:r:kernel:s0 tcontext=u:r:kernel:s0 tclass=capability permissive=0
11-29 07:21:59.124 24595 24595 I wm_on_paused_called: [118413051,com.miHoYo.GetMobileInfo.MainActivity,performPause]
11-29 07:21:59.125 1491 2923 I ActivityTaskManager: FOREGROUND_APPLICATION_CHANGED to com.combosdk.module.ua.ProtocolActivity
11-29 07:21:59.126 1491 2923 I ActivityTaskManager: The Process com.miHoYo.Yuanshen Already Exists in BG. So sending its PID: 24595
11-29 07:21:59.126 1491 2923 W ActivityTaskManager: Tried to set launchTime (0) < mLastActivityLaunchTime (14859101)
11-29 07:21:59.127 1491 2923 I wm_restart_activity: [0,130439701,186,com.miHoYo.Yuanshen/com.combosdk.module.ua.ProtocolActivity]
11-29 07:21:59.129 1491 2923 I wm_set_resumed_activity: [0,com.miHoYo.Yuanshen/com.combosdk.module.ua.ProtocolActivity,minimalResumeActivityLocked]
11-29 07:21:59.133 1491 1599 I sysui_multi_action: [757,803,799,window_time_0,802,7]
11-29 07:21:59.164 24595 24595 I wm_on_create_called: [130439701,com.combosdk.module.ua.ProtocolActivity,performCreate]
11-29 07:21:59.165 24595 24595 I wm_on_start_called: [130439701,com.combosdk.module.ua.ProtocolActivity,handleStartActivity]
11-29 07:21:59.165 24595 24595 I wm_on_resume_called: [130439701,com.combosdk.module.ua.ProtocolActivity,RESUME_ACTIVITY]
11-29 07:21:59.168 1491 8592 W WindowManager: Failed looking up window session=Session{adf9045 24595:u0a10098} callers=com.android.server.wm.WindowManagerService.windowForClientLocked:5628 com.android.server.wm.Session.insetsModified:629 android.view.IWindowSession$Stub.onTransact:1151
11-29 07:21:59.170 24595 24595 I wm_on_top_resumed_gained_called: [130439701,com.combosdk.module.ua.ProtocolActivity,topStateChangedWhenResumed]
11-29 07:21:59.195 1491 1600 I input_focus: [Focus request 21af464 com.miHoYo.Yuanshen/com.combosdk.module.ua.ProtocolActivity,reason=UpdateInputWindows]
11-29 07:21:59.219 1491 1693 I input_focus: [Focus leaving c01c4cb com.miHoYo.Yuanshen/com.miHoYo.GetMobileInfo.MainActivity (server),reason=Waiting for window because NOT_VISIBLE]
11-29 07:21:59.237 1491 1596 I wm_activity_launch_time: [0,130439701,com.miHoYo.Yuanshen/com.combosdk.module.ua.ProtocolActivity,498]
11-29 07:21:59.247 16043 16059 W ContextImpl: Calling a method in the system process without a qualified user: android.app.ContextImpl.startService:1816 android.content.ContextWrapper.startService:774 com.thundercomm.gamemode.ingame.services.GameModeActionUtils.startGameModeService:93 com.thundercomm.gamemode.ingame.services.GameModeActionUtils.startGameModeEntry:21 com.thundercomm.gamemode.ingame.services.ActivityMonitoringService$1.onActivityLaunch:127
11-29 07:21:59.252 1491 1491 I GameModeConfig: Current uri is uri = content://com.thundercomm.gamemode.api/gamemode_settings/gamemode_isgaming
11-29 07:21:59.254 1491 1693 I input_focus: [Focus entering 21af464 com.miHoYo.Yuanshen/com.combosdk.module.ua.ProtocolActivity (server),reason=Window became focusable. Previous reason: NOT_VISIBLE]
11-29 07:21:59.256 1491 1491 I GameModeConfig: isGameModeOn = false
11-29 07:21:59.256 1491 1491 I GameModeConfig: isGameModeOn = false
11-29 07:21:59.256 1491 1491 I GameModeConfig: isDisableVoice = true
11-29 07:21:59.602 1491 2002 I ntp_failure: [time.android.com/2001:4860:4806:8::,java.net.SocketTimeoutException: Poll timed out]
11-29 07:22:00.042 1491 1760 I GameModeConfig: isGameModeOn = false
11-29 07:22:00.064 1491 1760 I GameModeConfig: isGameModeOn = false
11-29 07:22:00.077 1491 1760 I GameModeConfig: isGameModeOn = false
11-29 07:22:00.079 0 0 I auditd : type=1400 audit(0.0:16855): avc: denied { kill } for comm="swapper/2" capability=5 scontext=u:r:kernel:s0 tcontext=u:r:kernel:s0 tclass=capability permissive=0
11-29 07:22:00.094 1491 1760 I GameModeConfig: isGameModeOn = false
11-29 07:22:00.110 1491 1760 I GameModeConfig: isGameModeOn = false
11-29 07:22:00.128 1491 1760 I GameModeConfig: isGameModeOn = false
11-29 07:22:00.145 1491 1760 I GameModeConfig: isGameModeOn = false
11-29 07:22:00.161 1491 1760 I GameModeConfig: isGameModeOn = false
11-29 07:22:00.177 1491 1760 I GameModeConfig: isGameModeOn = false
11-29 07:22:00.194 1491 1760 I GameModeConfig: isGameModeOn = false
11-29 07:22:00.210 1491 1760 I GameModeConfig: isGameModeOn = false
11-29 07:22:00.228 1491 1760 I GameModeConfig: isGameModeOn = false
11-29 07:22:00.241 1491 1760 I GameModeConfig: isGameModeOn = false
11-29 07:22:00.243 1491 1760 I GameModeConfig: isGameModeOn = false
11-29 07:22:00.261 1491 1760 I GameModeConfig: isGameModeOn = false
11-29 07:22:00.268 1491 1760 I GameModeConfig: isGameModeOn = false
11-29 07:22:00.277 1491 1760 I GameModeConfig: isGameModeOn = false
11-29 07:22:00.281 1491 1760 I GameModeConfig: isGameModeOn = false
11-29 07:22:00.294 1491 1760 I GameModeConfig: isGameModeOn = false
11-29 07:22:00.296 1491 1760 I GameModeConfig: isGameModeOn = false
11-29 07:22:00.318 1491 1760 I GameModeConfig: isGameModeOn = false
11-29 07:22:00.333 1491 1760 I GameModeConfig: isGameModeOn = false
11-29 07:22:00.338 1491 1693 I input_interaction: Interaction with: 21af464 com.miHoYo.Yuanshen/com.combosdk.module.ua.ProtocolActivity (server), edge-swipe (server), swipe-up (server), PointerEventDispatcher0 (server),
11-29 07:22:00.348 1491 1760 I GameModeConfig: isGameModeOn = false
11-29 07:22:00.349 1491 1760 I GameModeConfig: isGameModeOn = false
11-29 07:22:00.365 1491 1760 I GameModeConfig: isGameModeOn = false
11-29 07:22:00.373 1491 1760 I GameModeConfig: isGameModeOn = false
11-29 07:22:00.380 1491 1760 I GameModeConfig: isGameModeOn = false
11-29 07:22:00.397 1491 1760 I GameModeConfig: isGameModeOn = false
11-29 07:22:00.399 1491 1760 I GameModeConfig: isGameModeOn = false
11-29 07:22:00.415 1491 1760 I GameModeConfig: isGameModeOn = false
11-29 07:22:00.422 1491 9370 I wm_finish_activity: [0,130439701,186,com.miHoYo.Yuanshen/com.combosdk.module.ua.ProtocolActivity,app-request]
11-29 07:22:00.425 1491 1760 I GameModeConfig: isGameModeOn = false
11-29 07:22:00.431 1491 1760 I GameModeConfig: isGameModeOn = false
11-29 07:22:00.434 1491 9370 I wm_pause_activity: [0,130439701,com.miHoYo.Yuanshen/com.combosdk.module.ua.ProtocolActivity,userLeaving=false,finish]
11-29 07:22:00.439 1491 1760 I GameModeConfig: isGameModeOn = false
11-29 07:22:00.439 24595 24595 I wm_on_top_resumed_lost_called: [130439701,com.combosdk.module.ua.ProtocolActivity,topStateChangedWhenResumed]
11-29 07:22:00.440 24595 24595 I wm_on_paused_called: [130439701,com.combosdk.module.ua.ProtocolActivity,performPause]
11-29 07:22:00.442 1491 2923 I ActivityTaskManager: FOREGROUND_APPLICATION_CHANGED to com.miHoYo.GetMobileInfo.MainActivity
11-29 07:22:00.445 1491 2923 I wm_set_resumed_activity: [0,com.miHoYo.Yuanshen/com.miHoYo.GetMobileInfo.MainActivity,resumeTopActivityInnerLocked]
11-29 07:22:00.446 1491 2923 I wm_resume_activity: [0,118413051,186,com.miHoYo.Yuanshen/com.miHoYo.GetMobileInfo.MainActivity]
11-29 07:22:00.450 1491 1760 I GameModeConfig: isGameModeOn = false
11-29 07:22:00.450 1491 1760 I GameModeConfig: isGameModeOn = false
11-29 07:22:00.457 1491 1693 I input_focus: [Focus leaving 21af464 com.miHoYo.Yuanshen/com.combosdk.module.ua.ProtocolActivity (server),reason=NO_WINDOW]
11-29 07:22:00.462 1491 1760 I GameModeConfig: isGameModeOn = false
11-29 07:22:00.464 1491 1600 I input_focus: [Focus request c01c4cb com.miHoYo.Yuanshen/com.miHoYo.GetMobileInfo.MainActivity,reason=UpdateInputWindows]
11-29 07:22:00.466 24595 24595 I wm_on_resume_called: [118413051,com.miHoYo.GetMobileInfo.MainActivity,RESUME_ACTIVITY]
11-29 07:22:00.466 24595 24595 I wm_on_top_resumed_gained_called: [118413051,com.miHoYo.GetMobileInfo.MainActivity,topWhenResuming]
11-29 07:22:00.466 1491 1760 I GameModeConfig: isGameModeOn = false
11-29 07:22:00.471 1491 1599 I sysui_multi_action: [757,803,799,window_time_0,802,1]
11-29 07:22:00.474 1491 1693 I input_focus: [Focus entering c01c4cb com.miHoYo.Yuanshen/com.miHoYo.GetMobileInfo.MainActivity (server),reason=setFocusedWindow]
11-29 07:22:00.479 1491 1760 I GameModeConfig: isGameModeOn = false
11-29 07:22:00.482 1491 1760 I GameModeConfig: isGameModeOn = false
11-29 07:22:00.491 1491 9370 I wm_destroy_activity: [0,130439701,186,com.miHoYo.Yuanshen/com.combosdk.module.ua.ProtocolActivity,finish-idle]
11-29 07:22:00.492 24595 24595 I wm_on_stop_called: [130439701,com.combosdk.module.ua.ProtocolActivity,LIFECYCLER_STOP_ACTIVITY]
11-29 07:22:00.493 24595 24595 I wm_on_destroy_called: [130439701,com.combosdk.module.ua.ProtocolActivity,performDestroy]
11-29 07:22:00.495 1491 1760 I GameModeConfig: isGameModeOn = false
11-29 07:22:00.496 1491 1760 I GameModeConfig: isGameModeOn = false
11-29 07:22:00.524 1491 1760 I GameModeConfig: isGameModeOn = false
11-29 07:22:00.549 1491 1760 I GameModeConfig: isGameModeOn = false
11-29 07:22:00.562 16043 16059 W ContextImpl: Calling a method in the system process without a qualified user: android.app.ContextImpl.startService:1816 android.content.ContextWrapper.startService:774 com.thundercomm.gamemode.ingame.services.GameModeActionUtils.startGameModeService:93 com.thundercomm.gamemode.ingame.services.GameModeActionUtils.startGameModeEntry:21 com.thundercomm.gamemode.ingame.services.ActivityMonitoringService$1.onActivityLaunch:127
11-29 07:22:00.568 1491 1491 I GameModeConfig: Current uri is uri = content://com.thundercomm.gamemode.api/gamemode_settings/gamemode_isgaming
11-29 07:22:00.570 1491 1491 I GameModeConfig: isGameModeOn = false
11-29 07:22:00.570 1491 1491 I GameModeConfig: isGameModeOn = false
11-29 07:22:00.570 1491 1491 I GameModeConfig: isDisableVoice = true
11-29 07:22:00.581 1491 1760 I GameModeConfig: isGameModeOn = false
11-29 07:22:00.602 1491 1760 I GameModeConfig: isGameModeOn = false
11-29 07:22:00.629 1491 1760 I GameModeConfig: isGameModeOn = false
11-29 07:22:00.638 1491 1760 I GameModeConfig: isGameModeOn = false
11-29 07:22:00.654 1491 1760 I GameModeConfig: isGameModeOn = false
11-29 07:22:00.666 1491 1760 I GameModeConfig: isGameModeOn = false
11-29 07:22:00.696 1491 1760 I GameModeConfig: isGameModeOn = false
11-29 07:22:00.701 1491 1760 I GameModeConfig: isGameModeOn = false
11-29 07:22:00.716 1491 1760 I GameModeConfig: isGameModeOn = false
11-29 07:22:01.079 0 0 I auditd : type=1400 audit(0.0:16856): avc: denied { kill } for comm="swapper/2" capability=5 scontext=u:r:kernel:s0 tcontext=u:r:kernel:s0 tclass=capability permissive=0
11-29 07:22:01.370 1491 8854 I am_uid_active: 10070
11-29 07:22:01.374 1491 8854 D CompatibilityChangeReporter: Compat change id reported: 168419799; UID 10070; state: DISABLED
11-29 07:22:01.384 1491 1760 I GameModeConfig: isGameModeOn = false
11-29 07:22:01.406 1491 8854 I am_uid_running: 99001
11-29 07:22:01.406 1491 8854 D CompatibilityChangeReporter: Compat change id reported: 135634846; UID 10098; state: DISABLED
11-29 07:22:01.407 1491 1609 D CompatibilityChangeReporter: Compat change id reported: 143937733; UID 10098; state: ENABLED
11-29 07:22:01.408 1491 1760 I GameModeConfig: isGameModeOn = false
11-29 07:22:01.412 1491 1609 I am_proc_start: [0,25173,99001,com.android.webview:sandboxed_process0:org.chromium.content.app.SandboxedProcessService0:0,,{com.miHoYo.Yuanshen/org.chromium.content.app.SandboxedProcessService0:0}]
11-29 07:22:01.412 1491 1609 I ActivityManager: Start proc 25173:com.android.webview:sandboxed_process0:org.chromium.content.app.SandboxedProcessService0:0/u0i1 for {com.miHoYo.Yuanshen/org.chromium.content.app.SandboxedProcessService0:0}
11-29 07:22:01.426 1491 1760 I GameModeConfig: isGameModeOn = false
11-29 07:22:01.428 1491 8854 I am_proc_bound: [0,25173,com.android.webview:sandboxed_process0:org.chromium.content.app.SandboxedProcessService0:0]
11-29 07:22:01.431 1491 8854 I am_uid_active: 99001
11-29 07:22:01.441 1491 1760 I GameModeConfig: isGameModeOn = false
11-29 07:22:01.456 1491 1760 I GameModeConfig: isGameModeOn = false
11-29 07:22:01.459 503 503 I auditd : avc: denied { find } for pid=25173 uid=99001 name=content_capture scontext=u:r:isolated_app:s0:c512,c768 tcontext=u:object_r:content_capture_service:s0 tclass=service_manager permissive=0
11-29 07:22:01.469 1491 1760 I GameModeConfig: isGameModeOn = false
11-29 07:22:01.480 1491 1760 I GameModeConfig: isGameModeOn = false
11-29 07:22:01.496 1491 1760 I GameModeConfig: isGameModeOn = false
11-29 07:22:01.514 1491 1760 I GameModeConfig: isGameModeOn = false
11-29 07:22:01.530 1491 1760 I GameModeConfig: isGameModeOn = false
11-29 07:22:01.549 1491 1760 I GameModeConfig: isGameModeOn = false
11-29 07:22:01.564 1491 1760 I GameModeConfig: isGameModeOn = false
11-29 07:22:01.581 1491 1760 I GameModeConfig: isGameModeOn = false
11-29 07:22:01.585 1491 1760 I GameModeConfig: isGameModeOn = false
11-29 07:22:01.600 1491 1760 I GameModeConfig: isGameModeOn = false
11-29 07:22:01.616 1491 1760 I GameModeConfig: isGameModeOn = false
11-29 07:22:01.620 1491 1760 I GameModeConfig: isGameModeOn = false
11-29 07:22:01.630 1491 1760 I GameModeConfig: isGameModeOn = false
11-29 07:22:01.633 1491 1760 I GameModeConfig: isGameModeOn = false
11-29 07:22:01.645 1491 1760 I GameModeConfig: isGameModeOn = false
11-29 07:22:01.657 1491 1760 I GameModeConfig: isGameModeOn = false
11-29 07:22:01.664 1491 1760 I GameModeConfig: isGameModeOn = false
11-29 07:22:01.665 1491 1760 I GameModeConfig: isGameModeOn = false
11-29 07:22:01.668 1491 1760 I GameModeConfig: isGameModeOn = false
11-29 07:22:01.680 1491 2923 D CompatibilityChangeReporter: Compat change id reported: 135634846; UID 10098; state: DISABLED
11-29 07:22:01.680 1491 2923 D CompatibilityChangeReporter: Compat change id reported: 177438394; UID 10098; state: DISABLED
11-29 07:22:01.680 1491 2923 D CompatibilityChangeReporter: Compat change id reported: 135772972; UID 10098; state: DISABLED
11-29 07:22:01.680 1491 2923 D CompatibilityChangeReporter: Compat change id reported: 135754954; UID 10098; state: ENABLED
11-29 07:22:01.681 1491 1609 D CompatibilityChangeReporter: Compat change id reported: 143937733; UID 10098; state: ENABLED
11-29 07:22:01.681 1491 1760 I GameModeConfig: isGameModeOn = false
11-29 07:22:01.685 1491 1760 I GameModeConfig: isGameModeOn = false
11-29 07:22:01.691 1491 1609 I am_proc_start: [0,25271,10098,com.miHoYo.Yuanshen:PushService,service,{com.miHoYo.Yuanshen/com.combosdk.module.push.PushService}]
11-29 07:22:01.691 1491 1609 I ActivityManager: Start proc 25271:com.miHoYo.Yuanshen:PushService/u0a98 for service {com.miHoYo.Yuanshen/com.combosdk.module.push.PushService}
11-29 07:22:01.697 1491 1760 I GameModeConfig: isGameModeOn = false
11-29 07:22:01.701 1491 1760 I GameModeConfig: isGameModeOn = false
11-29 07:22:01.708 1491 8592 W ActivityManager: Unable to start service Intent { act=com.google.android.gms.ads.identifier.service.START pkg=com.google.android.gms } U=0: not found
11-29 07:22:01.712 1491 2923 I am_proc_bound: [0,25271,com.miHoYo.Yuanshen:PushService]
11-29 07:22:01.713 1491 8592 I ActivityTaskManager: START u0 {flg=0x10000000 cmp=com.miHoYo.Yuanshen/com.miHoYo.sdk.platform.SdkActivity (has extras)} from uid 10098
11-29 07:22:01.716 1491 8592 I wm_task_moved: [186,1,9]
11-29 07:22:01.716 1491 8592 I wm_set_resumed_activity: [0,com.miHoYo.Yuanshen/com.miHoYo.GetMobileInfo.MainActivity,positionChildAt]
11-29 07:22:01.716 1491 8592 I wm_create_activity: [0,1935209,186,com.miHoYo.Yuanshen/com.miHoYo.sdk.platform.SdkActivity,NULL,NULL,NULL,268435456]
11-29 07:22:01.716 1491 8592 I wm_pause_activity: [0,118413051,com.miHoYo.Yuanshen/com.miHoYo.GetMobileInfo.MainActivity,userLeaving=true,resumeTopActivityInnerLocked]
11-29 07:22:01.719 24595 24595 I wm_on_top_resumed_lost_called: [118413051,com.miHoYo.GetMobileInfo.MainActivity,topStateChangedWhenResumed]
11-29 07:22:01.720 1491 1760 I GameModeConfig: isGameModeOn = false
11-29 07:22:01.720 1491 1760 I GameModeConfig: isGameModeOn = false
11-29 07:22:01.734 1491 1760 I GameModeConfig: isGameModeOn = false
11-29 07:22:01.735 1491 1760 I GameModeConfig: isGameModeOn = false
11-29 07:22:01.741 25271 25271 E ActivityThread: Failed to find provider info for com.combosdk.framework.control
11-29 07:22:01.750 1491 1760 I GameModeConfig: isGameModeOn = false
11-29 07:22:01.752 24595 24595 I wm_on_paused_called: [118413051,com.miHoYo.GetMobileInfo.MainActivity,performPause]
11-29 07:22:01.752 1491 8592 I ActivityTaskManager: FOREGROUND_APPLICATION_CHANGED to com.miHoYo.sdk.platform.SdkActivity
11-29 07:22:01.752 1491 8592 I ActivityTaskManager: The Process com.miHoYo.Yuanshen Already Exists in BG. So sending its PID: 24595
11-29 07:22:01.752 1491 8592 W ActivityTaskManager: Tried to set launchTime (0) < mLastActivityLaunchTime (14897606)
11-29 07:22:01.753 1491 8592 I wm_restart_activity: [0,1935209,186,com.miHoYo.Yuanshen/com.miHoYo.sdk.platform.SdkActivity]
11-29 07:22:01.754 1491 8592 I wm_set_resumed_activity: [0,com.miHoYo.Yuanshen/com.miHoYo.sdk.platform.SdkActivity,minimalResumeActivityLocked]
11-29 07:22:01.755 1491 1599 I sysui_multi_action: [757,803,799,window_time_0,802,2]
11-29 07:22:01.766 1491 1760 I GameModeConfig: isGameModeOn = false
11-29 07:22:01.784 1491 1760 I GameModeConfig: isGameModeOn = false
11-29 07:22:01.784 24595 24595 I wm_on_create_called: [1935209,com.miHoYo.sdk.platform.SdkActivity,performCreate]
11-29 07:22:01.784 24595 24595 I wm_on_start_called: [1935209,com.miHoYo.sdk.platform.SdkActivity,handleStartActivity]
11-29 07:22:01.785 24595 24595 I wm_on_resume_called: [1935209,com.miHoYo.sdk.platform.SdkActivity,RESUME_ACTIVITY]
11-29 07:22:01.788 24595 24595 I wm_on_top_resumed_gained_called: [1935209,com.miHoYo.sdk.platform.SdkActivity,topStateChangedWhenResumed]
11-29 07:22:01.804 1491 1760 I GameModeConfig: isGameModeOn = false
11-29 07:22:01.811 25308 25308 I auditd : type=1400 audit(0.0:16857): avc: granted { execute } for comm="Thread-81" name="9621E7AA" dev="dm-10" ino=8059 scontext=u:r:untrusted_app:s0:c98,c256,c512,c768 tcontext=u:object_r:app_data_file:s0:c98,c256,c512,c768 tclass=file app=com.miHoYo.Yuanshen
11-29 07:22:01.811 25308 25308 I auditd : type=1400 audit(0.0:16858): avc: granted { execute } for comm="Thread-81" name="9621E7AA" dev="dm-10" ino=8059 scontext=u:r:untrusted_app:s0:c98,c256,c512,c768 tcontext=u:object_r:app_data_file:s0:c98,c256,c512,c768 tclass=file app=com.miHoYo.Yuanshen
11-29 07:22:01.811 25308 25308 I auditd : type=1400 audit(0.0:16859): avc: denied { execute_no_trans } for comm="Thread-81" path="/data/data/com.miHoYo.Yuanshen/files/9621E7AA" dev="dm-10" ino=8059 scontext=u:r:untrusted_app:s0:c98,c256,c512,c768 tcontext=u:object_r:app_data_file:s0:c98,c256,c512,c768 tclass=file permissive=0 app=com.miHoYo.Yuanshen
11-29 07:22:01.826 1491 1760 I GameModeConfig: isGameModeOn = false
11-29 07:22:01.841 1491 1760 I GameModeConfig: isGameModeOn = false
11-29 07:22:01.850 1491 1760 I GameModeConfig: isGameModeOn = false
11-29 07:22:01.862 1491 1673 I commit_sys_config_file: [settings-3-0,11]
11-29 07:22:01.863 1491 1600 I input_focus: [Focus request 93c57b4 com.miHoYo.Yuanshen/com.miHoYo.sdk.platform.SdkActivity,reason=UpdateInputWindows]
11-29 07:22:01.868 1491 1760 I GameModeConfig: isGameModeOn = false
