11-29 07:23:48.524 1491 8943 I WindowManager: WIN DEATH: Window{55ae098 u0 NavigationBar0}
11-29 07:23:48.526 1491 8943 W WindowManager: Failed to deliver inset state change w=Window{267c110 u0 NotificationShade}
11-29 07:23:48.526 1491 8943 W WindowManager: android.os.DeadObjectException
11-29 07:23:48.526 1491 8943 W WindowManager: at android.os.BinderProxy.transactNative(Native Method)
11-29 07:23:48.526 1491 8943 W WindowManager: at android.os.BinderProxy.transact(BinderProxy.java:571)
11-29 07:23:48.526 1491 8943 W WindowManager: at android.view.IWindow$Stub$Proxy.insetsChanged(IWindow.java:654)
11-29 07:23:48.526 1491 8943 W WindowManager: at com.android.server.wm.WindowState.notifyInsetsChanged(WindowState.java:3966)
11-29 07:23:48.526 1491 8943 W WindowManager: at com.android.server.wm.InsetsStateController.lambda$new$0(InsetsStateController.java:82)
11-29 07:23:48.526 1491 8943 W WindowManager: at com.android.server.wm.InsetsStateController$$ExternalSyntheticLambda3.accept(Unknown Source:2)
11-29 07:23:48.526 1491 8943 W WindowManager: at com.android.server.wm.WindowContainer$ForAllWindowsConsumerWrapper.apply(WindowContainer.java:2404)
11-29 07:23:48.526 1491 8943 W WindowManager: at com.android.server.wm.WindowContainer$ForAllWindowsConsumerWrapper.apply(WindowContainer.java:2394)
11-29 07:23:48.526 1491 8943 W WindowManager: at com.android.server.wm.WindowState.applyInOrderWithImeWindows(WindowState.java:4935)
11-29 07:23:48.526 1491 8943 W WindowManager: at com.android.server.wm.WindowState.forAllWindows(WindowState.java:4830)
11-29 07:23:48.526 1491 8943 W WindowManager: at com.android.server.wm.WindowContainer.forAllWindows(WindowContainer.java:1409)
11-29 07:23:48.526 1491 8943 W WindowManager: at com.android.server.wm.WindowContainer.forAllWindows(WindowContainer.java:1409)
11-29 07:23:48.526 1491 8943 W WindowManager: at com.android.server.wm.WindowContainer.forAllWindows(WindowContainer.java:1409)
11-29 07:23:48.526 1491 8943 W WindowManager: at com.android.server.wm.WindowContainer.forAllWindows(WindowContainer.java:1409)
11-29 07:23:48.526 1491 8943 W WindowManager: at com.android.server.wm.WindowContainer.forAllWindows(WindowContainer.java:1409)
11-29 07:23:48.526 1491 8943 W WindowManager: at com.android.server.wm.WindowContainer.forAllWindows(WindowContainer.java:1409)
11-29 07:23:48.526 1491 8943 W WindowManager: at com.android.server.wm.WindowContainer.forAllWindows(WindowContainer.java:1426)
11-29 07:23:48.526 1491 8943 W WindowManager: at com.android.server.wm.DisplayContent.notifyInsetsChanged(DisplayContent.java:1847)
11-29 07:23:48.526 1491 8943 W WindowManager: at com.android.server.wm.InsetsStateController.notifyInsetsChanged(InsetsStateController.java:571)
11-29 07:23:48.526 1491 8943 W WindowManager: at com.android.server.wm.InsetsStateController.onPostLayout(InsetsStateController.java:297)
11-29 07:23:48.526 1491 8943 W WindowManager: at com.android.server.wm.DisplayContent.applySurfaceChangesTransaction(DisplayContent.java:4324)
11-29 07:23:48.526 1491 8943 W WindowManager: at com.android.server.wm.RootWindowContainer.applySurfaceChangesTransaction(RootWindowContainer.java:1076)
11-29 07:23:48.526 1491 8943 W WindowManager: at com.android.server.wm.RootWindowContainer.performSurfacePlacementNoTrace(RootWindowContainer.java:852)
11-29 07:23:48.526 1491 8943 W WindowManager: at com.android.server.wm.RootWindowContainer.performSurfacePlacement(RootWindowContainer.java:805)
11-29 07:23:48.526 1491 8943 W WindowManager: at com.android.server.wm.WindowSurfacePlacer.performSurfacePlacementLoop(WindowSurfacePlacer.java:177)
11-29 07:23:48.526 1491 8943 W WindowManager: at com.android.server.wm.WindowSurfacePlacer.performSurfacePlacement(WindowSurfacePlacer.java:126)
11-29 07:23:48.526 1491 8943 W WindowManager: at com.android.server.wm.WindowSurfacePlacer.performSurfacePlacement(WindowSurfacePlacer.java:115)
11-29 07:23:48.526 1491 8943 W WindowManager: at com.android.server.wm.WindowManagerService.postWindowRemoveCleanupLocked(WindowManagerService.java:2107)
11-29 07:23:48.526 1491 8943 W WindowManager: at com.android.server.wm.WindowState.removeImmediately(WindowState.java:2426)
11-29 07:23:48.526 1491 8943 W WindowManager: at com.android.server.wm.WindowState.removeIfPossible(WindowState.java:2562)
11-29 07:23:48.526 1491 8943 W WindowManager: at com.android.server.wm.WindowState.access$300(WindowState.java:276)
11-29 07:23:48.526 1491 8943 W WindowManager: at com.android.server.wm.WindowState$DeathRecipient.binderDied(WindowState.java:3072)
11-29 07:23:48.526 1491 8943 W WindowManager: at android.os.IBinder$DeathRecipient.binderDied(IBinder.java:314)
11-29 07:23:48.526 1491 8943 W WindowManager: at android.os.BinderProxy.sendDeathNotice(BinderProxy.java:685)
11-29 07:23:48.527 1491 8943 W WindowManager: Failed to deliver inset state change w=Window{9c017c5 u0 StatusBar}
11-29 07:23:48.527 1491 8943 W WindowManager: android.os.DeadObjectException
11-29 07:23:48.527 1491 8943 W WindowManager: at android.os.BinderProxy.transactNative(Native Method)
11-29 07:23:48.527 1491 8943 W WindowManager: at android.os.BinderProxy.transact(BinderProxy.java:571)
11-29 07:23:48.527 1491 8943 W WindowManager: at android.view.IWindow$Stub$Proxy.insetsChanged(IWindow.java:654)
11-29 07:23:48.527 1491 8943 W WindowManager: at com.android.server.wm.WindowState.notifyInsetsChanged(WindowState.java:3966)
11-29 07:23:48.527 1491 8943 W WindowManager: at com.android.server.wm.InsetsStateController.lambda$new$0(InsetsStateController.java:82)
11-29 07:23:48.527 1491 8943 W WindowManager: at com.android.server.wm.InsetsStateController$$ExternalSyntheticLambda3.accept(Unknown Source:2)
11-29 07:23:48.527 1491 8943 W WindowManager: at com.android.server.wm.WindowContainer$ForAllWindowsConsumerWrapper.apply(WindowContainer.java:2404)
11-29 07:23:48.527 1491 8943 W WindowManager: at com.android.server.wm.WindowContainer$ForAllWindowsConsumerWrapper.apply(WindowContainer.java:2394)
11-29 07:23:48.527 1491 8943 W WindowManager: at com.android.server.wm.WindowState.applyInOrderWithImeWindows(WindowState.java:4935)
11-29 07:23:48.527 1491 8943 W WindowManager: at com.android.server.wm.WindowState.forAllWindows(WindowState.java:4830)
11-29 07:23:48.527 1491 8943 W WindowManager: at com.android.server.wm.WindowContainer.forAllWindows(WindowContainer.java:1409)
11-29 07:23:48.527 1491 8943 W WindowManager: at com.android.server.wm.WindowContainer.forAllWindows(WindowContainer.java:1409)
11-29 07:23:48.527 1491 8943 W WindowManager: at com.android.server.wm.WindowContainer.forAllWindows(WindowContainer.java:1409)
11-29 07:23:48.527 1491 8943 W WindowManager: at com.android.server.wm.WindowContainer.forAllWindows(WindowContainer.java:1409)
11-29 07:23:48.527 1491 8943 W WindowManager: at com.android.server.wm.WindowContainer.forAllWindows(WindowContainer.java:1409)
11-29 07:23:48.527 1491 8943 W WindowManager: at com.android.server.wm.WindowContainer.forAllWindows(WindowContainer.java:1409)
11-29 07:23:48.527 1491 8943 W WindowManager: at com.android.server.wm.WindowContainer.forAllWindows(WindowContainer.java:1426)
11-29 07:23:48.527 1491 8943 W WindowManager: at com.android.server.wm.DisplayContent.notifyInsetsChanged(DisplayContent.java:1847)
11-29 07:23:48.527 1491 8943 W WindowManager: at com.android.server.wm.InsetsStateController.notifyInsetsChanged(InsetsStateController.java:571)
11-29 07:23:48.527 1491 8943 W WindowManager: at com.android.server.wm.InsetsStateController.onPostLayout(InsetsStateController.java:297)
11-29 07:23:48.527 1491 8943 W WindowManager: at com.android.server.wm.DisplayContent.applySurfaceChangesTransaction(DisplayContent.java:4324)
11-29 07:23:48.527 1491 8943 W WindowManager: at com.android.server.wm.RootWindowContainer.applySurfaceChangesTransaction(RootWindowContainer.java:1076)
11-29 07:23:48.527 1491 8943 W WindowManager: at com.android.server.wm.RootWindowContainer.performSurfacePlacementNoTrace(RootWindowContainer.java:852)
11-29 07:23:48.527 1491 8943 W WindowManager: at com.android.server.wm.RootWindowContainer.performSurfacePlacement(RootWindowContainer.java:805)
11-29 07:23:48.527 1491 8943 W WindowManager: at com.android.server.wm.WindowSurfacePlacer.performSurfacePlacementLoop(WindowSurfacePlacer.java:177)
11-29 07:23:48.527 1491 8943 W WindowManager: at com.android.server.wm.WindowSurfacePlacer.performSurfacePlacement(WindowSurfacePlacer.java:126)
11-29 07:23:48.527 1491 8943 W WindowManager: at com.android.server.wm.WindowSurfacePlacer.performSurfacePlacement(WindowSurfacePlacer.java:115)
11-29 07:23:48.527 1491 8943 W WindowManager: at com.android.server.wm.WindowManagerService.postWindowRemoveCleanupLocked(WindowManagerService.java:2107)
11-29 07:23:48.527 1491 8943 W WindowManager: at com.android.server.wm.WindowState.removeImmediately(WindowState.java:2426)
11-29 07:23:48.527 1491 8943 W WindowManager: at com.android.server.wm.WindowState.removeIfPossible(WindowState.java:2562)
11-29 07:23:48.527 1491 8943 W WindowManager: at com.android.server.wm.WindowState.access$300(WindowState.java:276)
11-29 07:23:48.527 1491 8943 W WindowManager: at com.android.server.wm.WindowState$DeathRecipient.binderDied(WindowState.java:3072)
11-29 07:23:48.527 1491 8943 W WindowManager: at android.os.IBinder$DeathRecipient.binderDied(IBinder.java:314)
11-29 07:23:48.527 1491 8943 W WindowManager: at android.os.BinderProxy.sendDeathNotice(BinderProxy.java:685)
11-29 07:23:48.527 1491 8943 W WindowManager: Failed to deliver inset state change
11-29 07:23:48.527 1491 8943 W WindowManager: android.os.DeadObjectException
11-29 07:23:48.527 1491 8943 W WindowManager: at android.os.BinderProxy.transactNative(Native Method)
11-29 07:23:48.527 1491 8943 W WindowManager: at android.os.BinderProxy.transact(BinderProxy.java:571)
11-29 07:23:48.527 1491 8943 W WindowManager: at android.view.IDisplayWindowInsetsController$Stub$Proxy.insetsChanged(IDisplayWindowInsetsController.java:243)
11-29 07:23:48.527 1491 8943 W WindowManager: at com.android.server.wm.DisplayContent$RemoteInsetsControlTarget.notifyInsetsChanged(DisplayContent.java:6025)
11-29 07:23:48.527 1491 8943 W WindowManager: at com.android.server.wm.DisplayContent.notifyInsetsChanged(DisplayContent.java:1849)
11-29 07:23:48.527 1491 8943 W WindowManager: at com.android.server.wm.InsetsStateController.notifyInsetsChanged(InsetsStateController.java:571)
11-29 07:23:48.527 1491 8943 W WindowManager: at com.android.server.wm.InsetsStateController.onPostLayout(InsetsStateController.java:297)
11-29 07:23:48.527 1491 8943 W WindowManager: at com.android.server.wm.DisplayContent.applySurfaceChangesTransaction(DisplayContent.java:4324)
11-29 07:23:48.527 1491 8943 W WindowManager: at com.android.server.wm.RootWindowContainer.applySurfaceChangesTransaction(RootWindowContainer.java:1076)
11-29 07:23:48.527 1491 8943 W WindowManager: at com.android.server.wm.RootWindowContainer.performSurfacePlacementNoTrace(RootWindowContainer.java:852)
11-29 07:23:48.527 1491 8943 W WindowManager: at com.android.server.wm.RootWindowContainer.performSurfacePlacement(RootWindowContainer.java:805)
11-29 07:23:48.527 1491 8943 W WindowManager: at com.android.server.wm.WindowSurfacePlacer.performSurfacePlacementLoop(WindowSurfacePlacer.java:177)
11-29 07:23:48.527 1491 8943 W WindowManager: at com.android.server.wm.WindowSurfacePlacer.performSurfacePlacement(WindowSurfacePlacer.java:126)
11-29 07:23:48.527 1491 8943 W WindowManager: at com.android.server.wm.WindowSurfacePlacer.performSurfacePlacement(WindowSurfacePlacer.java:115)
11-29 07:23:48.527 1491 8943 W WindowManager: at com.android.server.wm.WindowManagerService.postWindowRemoveCleanupLocked(WindowManagerService.java:2107)
11-29 07:23:48.527 1491 8943 W WindowManager: at com.android.server.wm.WindowState.removeImmediately(WindowState.java:2426)
11-29 07:23:48.527 1491 8943 W WindowManager: at com.android.server.wm.WindowState.removeIfPossible(WindowState.java:2562)
11-29 07:23:48.527 1491 8943 W WindowManager: at com.android.server.wm.WindowState.access$300(WindowState.java:276)
11-29 07:23:48.527 1491 8943 W WindowManager: at com.android.server.wm.WindowState$DeathRecipient.binderDied(WindowState.java:3072)
11-29 07:23:48.527 1491 8943 W WindowManager: at android.os.IBinder$DeathRecipient.binderDied(IBinder.java:314)
11-29 07:23:48.527 1491 8943 W WindowManager: at android.os.BinderProxy.sendDeathNotice(BinderProxy.java:685)
11-29 07:23:48.529 1491 9480 I WindowManager: WIN DEATH: Window{267c110 u0 NotificationShade}
11-29 07:23:48.530 1491 9480 W KeyguardServiceWrapper: Remote Exception
11-29 07:23:48.530 1491 9480 W KeyguardServiceWrapper: android.os.DeadObjectException
11-29 07:23:48.530 1491 9480 W KeyguardServiceWrapper: at android.os.BinderProxy.transactNative(Native Method)
11-29 07:23:48.530 1491 9480 W KeyguardServiceWrapper: at android.os.BinderProxy.transact(BinderProxy.java:571)
11-29 07:23:48.530 1491 9480 W KeyguardServiceWrapper: at com.android.internal.policy.IKeyguardService$Stub$Proxy.setOccluded(IKeyguardService.java:494)
11-29 07:23:48.530 1491 9480 W KeyguardServiceWrapper: at com.android.server.policy.keyguard.KeyguardServiceWrapper.setOccluded(KeyguardServiceWrapper.java:62)
11-29 07:23:48.530 1491 9480 W KeyguardServiceWrapper: at com.android.server.policy.keyguard.KeyguardServiceDelegate.setOccluded(KeyguardServiceDelegate.java:270)
11-29 07:23:48.530 1491 9480 W KeyguardServiceWrapper: at com.android.server.policy.PhoneWindowManager.setKeyguardOccludedLw(PhoneWindowManager.java:3315)
11-29 07:23:48.530 1491 9480 W KeyguardServiceWrapper: at com.android.server.policy.PhoneWindowManager.setKeyguardCandidateLw(PhoneWindowManager.java:3284)
11-29 07:23:48.530 1491 9480 W KeyguardServiceWrapper: at com.android.server.wm.DisplayPolicy.removeWindowLw(DisplayPolicy.java:1401)
11-29 07:23:48.530 1491 9480 W KeyguardServiceWrapper: at com.android.server.wm.WindowState.removeImmediately(WindowState.java:2412)
11-29 07:23:48.530 1491 9480 W KeyguardServiceWrapper: at com.android.server.wm.WindowState.removeIfPossible(WindowState.java:2562)
11-29 07:23:48.530 1491 9480 W KeyguardServiceWrapper: at com.android.server.wm.WindowState.access$300(WindowState.java:276)
11-29 07:23:48.530 1491 9480 W KeyguardServiceWrapper: at com.android.server.wm.WindowState$DeathRecipient.binderDied(WindowState.java:3072)
11-29 07:23:48.530 1491 9480 W KeyguardServiceWrapper: at android.os.IBinder$DeathRecipient.binderDied(IBinder.java:314)
11-29 07:23:48.530 1491 9480 W KeyguardServiceWrapper: at android.os.BinderProxy.sendDeathNotice(BinderProxy.java:685)
11-29 07:23:48.535 1491 2106 I WindowManager: WIN DEATH: Window{9c017c5 u0 StatusBar}
11-29 07:23:48.536 1491 9480 D CompatibilityChangeReporter: Compat change id reported: 157929241; UID 10082; state: LOGGED
11-29 07:23:48.539 1491 2106 W WindowManager: Failed to deliver inset state change
11-29 07:23:48.539 1491 2106 W WindowManager: android.os.DeadObjectException
11-29 07:23:48.539 1491 2106 W WindowManager: at android.os.BinderProxy.transactNative(Native Method)
11-29 07:23:48.539 1491 2106 W WindowManager: at android.os.BinderProxy.transact(BinderProxy.java:571)
11-29 07:23:48.539 1491 2106 W WindowManager: at android.view.IDisplayWindowInsetsController$Stub$Proxy.insetsChanged(IDisplayWindowInsetsController.java:243)
11-29 07:23:48.539 1491 2106 W WindowManager: at com.android.server.wm.DisplayContent$RemoteInsetsControlTarget.notifyInsetsChanged(DisplayContent.java:6025)
11-29 07:23:48.539 1491 2106 W WindowManager: at com.android.server.wm.DisplayContent.notifyInsetsChanged(DisplayContent.java:1849)
11-29 07:23:48.539 1491 2106 W WindowManager: at com.android.server.wm.InsetsStateController.notifyInsetsChanged(InsetsStateController.java:571)
11-29 07:23:48.539 1491 2106 W WindowManager: at com.android.server.wm.InsetsStateController.onPostLayout(InsetsStateController.java:297)
11-29 07:23:48.539 1491 2106 W WindowManager: at com.android.server.wm.DisplayContent.applySurfaceChangesTransaction(DisplayContent.java:4324)
11-29 07:23:48.539 1491 2106 W WindowManager: at com.android.server.wm.RootWindowContainer.applySurfaceChangesTransaction(RootWindowContainer.java:1076)
11-29 07:23:48.539 1491 2106 W WindowManager: at com.android.server.wm.RootWindowContainer.performSurfacePlacementNoTrace(RootWindowContainer.java:852)
11-29 07:23:48.539 1491 2106 W WindowManager: at com.android.server.wm.RootWindowContainer.performSurfacePlacement(RootWindowContainer.java:805)
11-29 07:23:48.539 1491 2106 W WindowManager: at com.android.server.wm.WindowSurfacePlacer.performSurfacePlacementLoop(WindowSurfacePlacer.java:177)
11-29 07:23:48.539 1491 2106 W WindowManager: at com.android.server.wm.WindowSurfacePlacer.performSurfacePlacement(WindowSurfacePlacer.java:126)
11-29 07:23:48.539 1491 2106 W WindowManager: at com.android.server.wm.WindowSurfacePlacer.performSurfacePlacement(WindowSurfacePlacer.java:115)
11-29 07:23:48.539 1491 2106 W WindowManager: at com.android.server.wm.WindowManagerService.postWindowRemoveCleanupLocked(WindowManagerService.java:2107)
11-29 07:23:48.539 1491 2106 W WindowManager: at com.android.server.wm.WindowState.removeImmediately(WindowState.java:2426)
11-29 07:23:48.539 1491 2106 W WindowManager: at com.android.server.wm.WindowState.removeIfPossible(WindowState.java:2562)
11-29 07:23:48.539 1491 2106 W WindowManager: at com.android.server.wm.WindowState.access$300(WindowState.java:276)
11-29 07:23:48.539 1491 2106 W WindowManager: at com.android.server.wm.WindowState$DeathRecipient.binderDied(WindowState.java:3072)
11-29 07:23:48.539 1491 2106 W WindowManager: at android.os.IBinder$DeathRecipient.binderDied(IBinder.java:314)
11-29 07:23:48.539 1491 2106 W WindowManager: at android.os.BinderProxy.sendDeathNotice(BinderProxy.java:685)
11-29 07:23:48.540 1491 2068 I WindowManager: WIN DEATH: Window{f357429 u0 freeform_top_left_tip_window}
11-29 07:23:48.542 1491 8592 I WindowManager: WIN DEATH: Window{d26f8e3 u0 freeform_bottom_right_tip_window}
11-29 07:23:48.544 1491 8854 I WindowManager: WIN DEATH: Window{1967f61 u0 freeform_bottom_left_tip_window}
11-29 07:23:48.546 1491 1525 I WindowManager: WIN DEATH: Window{48829e5 u0 freeform_top_right_tip_window}
11-29 07:23:48.548 1491 9370 I WindowManager: WIN DEATH: Window{309c37a u0 EdgeBackGestureHandler0}
11-29 07:23:48.549 1491 9316 I WindowManager: WIN DEATH: Window{f73de17 u0 SecondaryHomeHandle0}
11-29 07:23:48.552 1491 7072 I WindowManager: WIN DEATH: Window{4f1e08f u0 com.android.systemui.ImageWallpaper}
11-29 07:23:48.553 1491 2060 I WindowManager: WIN DEATH: Window{c4c8418 u0 ShellDropTarget}
11-29 07:23:48.555 1491 11109 W ActivityManager: Scheduling restart of crashed service com.android.systemui/.SystemUIService in 0ms for persistent
11-29 07:23:48.555 1491 11109 I am_schedule_service_restart: [0,com.android.systemui/.SystemUIService,0]
11-29 07:23:48.558 1491 1600 I input_focus: [Focus request 8723ef8 com.android.music/com.android.music.MusicBrowserActivity,reason=UpdateInputWindows]
11-29 07:23:48.558 1491 11109 W ActivityManager: Scheduling restart of crashed service com.android.systemui/.dump.SystemUIAuxiliaryDumpService in 0ms for persistent
11-29 07:23:48.559 1491 11109 I am_schedule_service_restart: [0,com.android.systemui/.dump.SystemUIAuxiliaryDumpService,0]
11-29 07:23:48.559 1491 11109 W ActivityManager: Scheduling restart of crashed service com.android.systemui/.keyguard.KeyguardService in 0ms for persistent
11-29 07:23:48.559 1491 11109 I am_schedule_service_restart: [0,com.android.systemui/.keyguard.KeyguardService,0]
11-29 07:23:48.559 1491 11109 W ActivityManager: Scheduling restart of crashed service com.android.systemui/.ImageWallpaper in 0ms for persistent
11-29 07:23:48.559 1491 11109 I am_schedule_service_restart: [0,com.android.systemui/.ImageWallpaper,0]
11-29 07:23:48.561 1491 11109 I am_uid_stopped: 10082
11-29 07:23:48.561 1491 11109 W ActivityManager: Re-adding persistent process ProcessRecord{f94d6b6 26176:com.android.systemui/u0a82}
11-29 07:23:48.561 1491 11109 I am_uid_running: 10082
11-29 07:23:48.561 1491 11109 D CompatibilityChangeReporter: Compat change id reported: 135634846; UID 10082; state: DISABLED
11-29 07:23:48.561 1491 11109 D CompatibilityChangeReporter: Compat change id reported: 177438394; UID 10082; state: DISABLED
11-29 07:23:48.562 1491 11109 D CompatibilityChangeReporter: Compat change id reported: 135772972; UID 10082; state: DISABLED
11-29 07:23:48.562 1491 11109 D CompatibilityChangeReporter: Compat change id reported: 135754954; UID 10082; state: ENABLED
11-29 07:23:48.562 1491 1609 D CompatibilityChangeReporter: Compat change id reported: 143937733; UID 10082; state: ENABLED
11-29 07:23:48.566 1491 1597 W Looper : Slow dispatch took 184ms android.ui h=com.android.server.am.AppErrorDialog$1 c=null m=1
11-29 07:23:48.572 1491 1609 I am_proc_start: [0,26419,10082,com.android.systemui,restart,com.android.systemui]
11-29 07:23:48.572 1491 1609 I ActivityManager: Start proc 26419:com.android.systemui/u0a82 for restart com.android.systemui
11-29 07:23:48.577 1491 1607 I am_pss : [16815,10063,com.thundercomm.gamemode.provider,7767040,4882432,1491968,74452992,0,19,5]
11-29 07:23:48.581 1491 1597 I wm_set_keyguard_shown: [1,0,0,setKeyguardShown]
11-29 07:23:48.593 1491 1597 D ActivityTaskManager: Top Process State changed to PROCESS_STATE_TOP_SLEEPING
11-29 07:23:48.595 1491 1597 I wm_pause_activity: [0,258902444,com.android.music/.MusicBrowserActivity,userLeaving=false,sleep]
11-29 07:23:48.598 1491 1597 I wm_add_to_stopping: [0,258902444,com.android.music/.MusicBrowserActivity,makeInvisible]
11-29 07:23:48.598 1491 11109 I am_proc_bound: [0,26419,com.android.systemui]
11-29 07:23:48.600 1491 11109 D CompatibilityChangeReporter: Compat change id reported: 168419799; UID 10082; state: DISABLED
11-29 07:23:48.601 1491 11109 I am_uid_active: 10082
11-29 07:23:48.612 20697 20697 I wm_on_top_resumed_lost_called: [258902444,com.android.music.MusicBrowserActivity,topStateChangedWhenResumed]
11-29 07:23:48.612 20697 20697 I wm_on_paused_called: [258902444,com.android.music.MusicBrowserActivity,performPause]
11-29 07:23:48.613 1491 1599 I wm_stop_activity: [0,258902444,com.android.music/.MusicBrowserActivity]
11-29 07:23:48.613 1491 1599 I sysui_multi_action: [757,803,799,window_time_0,802,43]
11-29 07:23:48.641 20697 20697 I wm_on_stop_called: [258902444,com.android.music.MusicBrowserActivity,STOP_ACTIVITY_ITEM]
11-29 07:23:48.653 1491 9682 I wm_task_created: [194,-1]
11-29 07:23:48.654 1491 9682 I wm_task_created: [195,-1]
11-29 07:23:48.665 1491 9682 I wm_task_created: [196,-1]
11-29 07:23:48.666 969 969 I sf_frame_dur: [com.android.music/com.android.music.MusicBrowserActivity#0,2,0,0,0,0,0,0]
11-29 07:23:48.667 1491 9682 I wm_task_created: [197,-1]
11-29 07:23:48.669 1491 9682 I wm_task_created: [198,-1]
11-29 07:23:48.683 26419 26419 W OneHandedController: Device doesn't support OneHanded feature
11-29 07:23:48.683 1491 1599 W ActivityManager: setHasOverlayUi called on unknown pid: 26176
11-29 07:23:48.695 1491 9682 D TelephonyRegistry: listen oscl: mHasNotifySubscriptionInfoChangedOccurred==false no callback
11-29 07:23:48.695 1491 1491 D TrustManagerService: Removing dead TrustListener.
11-29 07:23:48.701 1491 1524 D CompatibilityChangeReporter: Compat change id reported: 157233955; UID 10082; state: ENABLED
11-29 07:23:48.710 1491 1524 W BluetoothManagerService: psc is not null in bindBluetoothProfileService
11-29 07:23:48.724 16043 16059 W ContextImpl: Calling a method in the system process without a qualified user: android.app.ContextImpl.startService:1816 android.content.ContextWrapper.startService:774 com.thundercomm.gamemode.ingame.services.GameModeActionUtils.startGameModeService:93 com.thundercomm.gamemode.ingame.services.GameModeActionUtils.startGameModeEntry:21 com.thundercomm.gamemode.ingame.services.ActivityMonitoringService$1.onActivityLaunch:127
11-29 07:23:48.729 1491 1491 I GameModeConfig: Current uri is uri = content://com.thundercomm.gamemode.api/gamemode_settings/gamemode_isgaming
11-29 07:23:48.731 1491 1491 I GameModeConfig: isGameModeOn = false
11-29 07:23:48.731 1491 1491 I GameModeConfig: isGameModeOn = false
11-29 07:23:48.731 1491 1491 I GameModeConfig: isDisableVoice = true
11-29 07:23:48.735 1491 1760 I GameModeConfig: isGameModeOn = false
11-29 07:23:48.735 1491 1760 I GameModeConfig: isGameModeOn = false
11-29 07:23:48.735 1491 1760 I GameModeConfig: isGameModeOn = false
11-29 07:23:48.735 1491 1760 I GameModeConfig: isGameModeOn = false
11-29 07:23:48.735 1491 1760 I GameModeConfig: isGameModeOn = false
11-29 07:23:48.735 1491 1760 I GameModeConfig: isGameModeOn = false
11-29 07:23:48.736 1491 1491 I notification_enqueue: [10082,26419,com.android.systemui,1,empty_media,0,Notification(channel=empty_media_style_id shortcut=null contentView=null vibrate=null sound=null defaults=0x0 flags=0x20 color=0x00000000 category=transport actions=4 vis=PRIVATE),0]
11-29 07:23:48.742 1491 1491 I notification_cancel_all: [1000,1491,com.android.systemui,0,0,0,20,NULL]
11-29 07:23:48.743 1491 1760 I GameModeConfig: isGameModeOn = false
11-29 07:23:48.743 1491 1760 I GameModeConfig: isGameModeOn = false
11-29 07:23:48.743 1491 1760 I GameModeConfig: isGameModeOn = false
11-29 07:23:48.743 1491 1760 I GameModeConfig: isGameModeOn = false
11-29 07:23:48.743 1491 1760 I GameModeConfig: isGameModeOn = false
11-29 07:23:48.743 1491 1760 I GameModeConfig: isGameModeOn = false
11-29 07:23:48.754 1491 9682 I wm_set_keyguard_shown: [0,0,0,setKeyguardShown]
11-29 07:23:48.754 1491 9682 D ActivityTaskManager: Top Process State changed to PROCESS_STATE_TOP
11-29 07:23:48.754 1491 9682 I wm_set_resumed_activity: [0,com.android.music/.MusicBrowserActivity,resumeTopActivityInnerLocked]
11-29 07:23:48.756 1491 9682 I wm_resume_activity: [0,258902444,188,com.android.music/.MusicBrowserActivity]
11-29 07:23:48.763 20697 20697 I wm_on_restart_called: [258902444,com.android.music.MusicBrowserActivity,performRestartActivity]
11-29 07:23:48.766 20697 20697 I wm_on_start_called: [258902444,com.android.music.MusicBrowserActivity,handleStartActivity]
11-29 07:23:48.766 20697 20697 I wm_on_resume_called: [258902444,com.android.music.MusicBrowserActivity,RESUME_ACTIVITY]
11-29 07:23:48.767 20697 20697 I wm_on_top_resumed_gained_called: [258902444,com.android.music.MusicBrowserActivity,topWhenResuming]
11-29 07:23:48.782 1491 1600 I input_focus: [Focus request 8723ef8 com.android.music/com.android.music.MusicBrowserActivity,reason=UpdateInputWindows]
11-29 07:23:48.783 26419 26458 I sysui_multi_action: [757,213,758,4,759,-1]
11-29 07:23:48.787 1491 1760 I GameModeConfig: isGameModeOn = false
11-29 07:23:48.787 1491 1760 I GameModeConfig: isGameModeOn = false
11-29 07:23:48.787 1491 1760 I GameModeConfig: isGameModeOn = false
11-29 07:23:48.787 1491 1760 I GameModeConfig: isGameModeOn = false
11-29 07:23:48.787 1491 1760 I GameModeConfig: isGameModeOn = false
11-29 07:23:48.788 1491 1760 I GameModeConfig: isGameModeOn = false
11-29 07:23:48.793 26419 26419 W CarrierConfigManager: Error getting config for subId -1 ICarrierConfigLoader is null
11-29 07:23:48.797 1491 2923 D TelephonyRegistry: listen oscl: mHasNotifySubscriptionInfoChangedOccurred==false no callback
11-29 07:23:48.798 1491 1693 I input_focus: [Focus entering 8723ef8 com.android.music/com.android.music.MusicBrowserActivity (server),reason=Window became focusable. Previous reason: NO_WINDOW]
11-29 07:23:48.803 1491 1491 I notification_enqueue: [10089,20697,com.android.music,1,NULL,0,Notification(channel=Channel-music shortcut=null contentView=null vibrate=null sound=null defaults=0x0 flags=0x42 color=0x00000000 category=transport actions=4 vis=PRIVATE),1]
11-29 07:23:48.807 1491 1491 I notification_enqueue: [10089,20697,com.android.music,1,NULL,0,Notification(channel=Channel-music shortcut=null contentView=null vibrate=null sound=null defaults=0x0 flags=0x42 color=0x00000000 category=transport actions=4 vis=PRIVATE),1]
11-29 07:23:48.816 1491 7658 W ActivityManager: Receiver with filter android.content.IntentFilter@d05e1cc already registered for pid 26419, callerPackage is com.android.systemui
11-29 07:23:48.824 1491 2923 I StatusBarManagerService: registerStatusBar bar=com.android.internal.statusbar.IStatusBar$Stub$Proxy@b3c74c9
11-29 07:23:48.937 1491 1491 I sysui_multi_action: [757,1501,758,1,793,202,794,0,795,202,796,1,797,empty_media,806,com.android.systemui,857,empty_media_style_id,858,4,947,0,1500,0,1641,transport,1688,1,1745,1043716538]
11-29 07:23:48.937 1491 1491 I sysui_multi_action: [757,804,799,note_interruptive,801,0,802,1]
11-29 07:23:48.938 1491 1491 I GameModeConfig: isGameModeOn = false
11-29 07:23:48.941 1491 1491 W NotificationHistory: Attempted to add notif for locked/gone/disabled user 0
11-29 07:23:49.005 1491 1491 W WindowManager: addWindowToken: Attempted to add binder token: android.os.Binder@a213996 for already created window token: WallpaperWindowToken{fb56917 token=android.os.Binder@a213996} displayId=0
11-29 07:23:49.009 1491 1491 I GameModeConfig: isGameModeOn = false
11-29 07:23:49.010 1491 1491 I GameModeConfig: isGameModeOn = false
11-29 07:23:49.335 1491 1608 W BroadcastQueue: Background execution not allowed: receiving Intent { act=android.intent.action.USER_PRESENT flg=0x24200010 } to com.microsoft.emmx/org.chromium.chrome.browser.sharing.click_to_call.ClickToCallMessageHandler$PhoneUnlockedReceiver
11-29 07:23:49.335 1491 1608 W BroadcastQueue: Permission Denial: broadcasting Intent { act=android.intent.action.USER_PRESENT flg=0x24200010 } from com.android.systemui (pid=26419, uid=10082) to com.miHoYo.Yuanshen/cn.jpush.android.service.PushReceiver is not exported from uid 10098
11-29 07:23:49.374 26419 26419 I sysui_multi_action: [757,111,758,1]
11-29 07:23:49.374 26419 26419 I sysui_multi_action: [757,126,758,1,759,126,927,0,928,0,1593,0]
11-29 07:23:49.374 26419 26419 I sysui_multi_action: [757,113,758,1,759,113,927,1,928,1,1593,0]
11-29 07:23:49.374 26419 26419 I sysui_multi_action: [757,0,758,1,759,0,927,2,928,0,1593,0]
11-29 07:23:49.374 26419 26419 I sysui_multi_action: [757,0,758,1,759,0,927,3,928,0,1593,0]
11-29 07:23:49.375 26419 26419 I sysui_multi_action: [757,491,758,1,759,491,927,4,928,0,1311,-1,1593,0]
11-29 07:23:49.375 26419 26419 I sysui_multi_action: [757,0,758,1,759,0,927,5,928,0,1593,0]
11-29 07:23:49.375 26419 26419 I sysui_multi_action: [757,111,758,1]
11-29 07:23:49.375 26419 26419 I sysui_multi_action: [757,126,758,1,759,126,927,0,928,0,1593,0]
11-29 07:23:49.375 26419 26419 I sysui_multi_action: [757,113,758,1,759,113,927,1,928,1,1593,0]
11-29 07:23:49.375 26419 26419 I sysui_multi_action: [757,0,758,1,759,0,927,2,928,0,1593,0]
11-29 07:23:49.375 26419 26419 I sysui_multi_action: [757,0,758,1,759,0,927,3,928,0,1593,0]
11-29 07:23:49.499 1491 1491 I sysui_multi_action: [757,128,758,5,759,8,793,764,794,0,795,764,796,1,797,empty_media,806,com.android.systemui,857,empty_media_style_id,858,4,947,0,1500,562,1641,transport,1688,1,1745,1043716538]
11-29 07:23:49.500 1491 1491 I notification_canceled: [0|com.android.systemui|1|empty_media|10082,8,764,764,0,-1,-1,NULL]
11-29 07:23:49.504 1491 1491 D CompatibilityChangeReporter: Compat change id reported: 175319604; UID 10082; state: ENABLED
11-29 07:23:49.535 26419 26419 I sysui_multi_action: [757,803,799,note_peek,802,1]
11-29 07:23:49.536 1491 10067 I sysui_multi_action: [757,127,758,1]
11-29 07:23:49.537 1491 10067 I sysui_multi_action: [757,804,799,note_load,801,1,802,1]
11-29 07:23:49.537 1491 10067 I notification_panel_revealed: 1
11-29 07:23:49.537 26419 26419 I sysui_heads_up_status: [-1|android|26|null|1000,1]
11-29 07:23:49.581 1491 1693 I input_interaction: Interaction with: 8723ef8 com.android.music/com.android.music.MusicBrowserActivity (server), edge-swipe (server), swipe-up (server), PointerEventDispatcher0 (server),
11-29 07:23:49.595 1491 7658 I wm_task_moved: [32,0,0]
11-29 07:23:49.595 1491 7658 I wm_task_moved: [32,0,8]
11-29 07:23:49.604 20697 20697 I view_enqueue_input_event: [Motion - Cancel,com.android.music/com.android.music.MusicBrowserActivity]
11-29 07:23:49.605 9956 9956 I wm_on_restart_called: [254362067,com.android.launcher3.uioverrides.QuickstepLauncher,performRestartActivity]
11-29 07:23:49.609 1491 1693 I input_interaction: Interaction with: edge-swipe (server), swipe-up (server), PointerEventDispatcher0 (server),
11-29 07:23:49.618 16043 16059 W ContextImpl: Calling a method in the system process without a qualified user: android.app.ContextImpl.startService:1816 android.content.ContextWrapper.startService:774 com.thundercomm.gamemode.ingame.services.GameModeActionUtils.startGameModeService:93 com.thundercomm.gamemode.ingame.services.GameModeActionUtils.startGameModeEntry:21 com.thundercomm.gamemode.ingame.services.ActivityMonitoringService$1.onActivityLaunch:127
11-29 07:23:49.620 9956 9956 I wm_on_start_called: [254362067,com.android.launcher3.uioverrides.QuickstepLauncher,handleStartActivity]
11-29 07:23:49.624 1491 1600 I input_focus: [Focus request recents_animation_input_consumer,reason=UpdateInputWindows]
11-29 07:23:49.630 1491 1491 I GameModeConfig: Current uri is uri = content://com.thundercomm.gamemode.api/gamemode_settings/gamemode_isgaming
11-29 07:23:49.635 1491 1693 I input_focus: [Focus leaving 8723ef8 com.android.music/com.android.music.MusicBrowserActivity (server),reason=NOT_FOCUSABLE]
11-29 07:23:49.635 9956 9956 I sysui_latency: [1,54]
11-29 07:23:49.635 1491 1693 I input_focus: [Focus entering recents_animation_input_consumer (server),reason=setFocusedWindow]
11-29 07:23:49.636 1491 1491 I GameModeConfig: isGameModeOn = false
11-29 07:23:49.637 1491 1491 I GameModeConfig: isGameModeOn = false
11-29 07:23:49.637 1491 1491 I GameModeConfig: isDisableVoice = true
11-29 07:23:49.646 1491 1596 I sysui_multi_action: [319,7,322,45,325,15008,757,761,758,9,759,5,806,com.android.launcher3,871,com.android.launcher3.uioverrides.QuickstepLauncher,905,0,1320,8,1321,5]
11-29 07:23:49.658 1491 7658 W ActivityTaskManager: getTaskSnapshot: taskId=1180 not found
11-29 07:23:49.658 1491 7658 W ActivityTaskManager: getTaskSnapshot: taskId=2180 not found
11-29 07:23:49.681 1491 2002 I ntp_failure: [time.android.com/2001:4860:4806:8::,java.net.SocketTimeoutException: Poll timed out]
11-29 07:23:49.826 1491 1673 I commit_sys_config_file: [settings-1-0,6]
11-29 07:23:49.940 1491 1607 I sysui_latency: [8,51]
11-29 07:23:50.050 1491 10067 I sysui_multi_action: [757,128,758,1,793,13594823,794,0,795,13594823,796,26,798,0,806,android,857,DEVELOPER_IMPORTANT,858,4,947,0,1395,2,1500,13594618,1688,1]
11-29 07:23:50.051 1491 10067 I sysui_multi_action: [757,804,799,note_freshness,801,13594823,802,1]
11-29 07:23:50.051 1491 10067 I notification_visibility: [-1|android|26|null|1000,1,13594823,13594823,0,0]
11-29 07:23:50.079 0 0 I auditd : type=1400 audit(0.0:16961): avc: denied { kill } for comm="swapper/1" capability=5 scontext=u:r:kernel:s0 tcontext=u:r:kernel:s0 tclass=capability permissive=0
11-29 07:23:50.246 1491 1693 I input_interaction: Interaction with: recents_animation_input_consumer (server), edge-swipe (server), swipe-up (server), PointerEventDispatcher0 (server),
11-29 07:23:50.290 1491 1772 I wm_task_moved: [32,1,9]
11-29 07:23:50.291 1491 1772 I wm_task_moved: [41,1,2147483647]
11-29 07:23:50.291 1491 1772 I wm_task_to_front: [0,41]
11-29 07:23:50.291 1491 1772 I wm_focused_root_task: [0,0,32,188,RecentsAnimation.onAnimationFinished()]
11-29 07:23:50.291 20697 20697 I wm_on_top_resumed_lost_called: [258902444,com.android.music.MusicBrowserActivity,topStateChangedWhenResumed]
11-29 07:23:50.292 1491 1772 I wm_set_resumed_activity: [0,com.android.launcher3/.uioverrides.QuickstepLauncher,RecentsAnimation.onAnimationFinished()]
11-29 07:23:50.293 1491 1772 I wm_pause_activity: [0,258902444,com.android.music/.MusicBrowserActivity,userLeaving=true,pauseBackTasks]
11-29 07:23:50.293 1491 1772 I wm_add_to_stopping: [0,258902444,com.android.music/.MusicBrowserActivity,makeInvisible]
11-29 07:23:50.293 1491 1772 I ActivityTaskManager: FOREGROUND_APPLICATION_CHANGED to com.android.launcher3.uioverrides.QuickstepLauncher
11-29 07:23:50.294 1491 1772 I wm_set_resumed_activity: [0,com.android.launcher3/.uioverrides.QuickstepLauncher,resumeTopActivityInnerLocked]
11-29 07:23:50.313 1491 1772 I wm_resume_activity: [0,254362067,41,com.android.launcher3/.uioverrides.QuickstepLauncher]
11-29 07:23:50.314 9956 9956 I wm_on_resume_called: [254362067,com.android.launcher3.uioverrides.QuickstepLauncher,RESUME_ACTIVITY]
11-29 07:23:50.318 1491 1600 I input_focus: [Focus request cd0514f com.android.launcher3/com.android.launcher3.uioverrides.QuickstepLauncher,reason=UpdateInputWindows]
11-29 07:23:50.318 20697 20697 I wm_on_paused_called: [258902444,com.android.music.MusicBrowserActivity,performPause]
11-29 07:23:50.324 1491 1599 I wm_stop_activity: [0,258902444,com.android.music/.MusicBrowserActivity]
11-29 07:23:50.324 1491 1599 I sysui_multi_action: [757,803,799,window_time_0,802,1]
11-29 07:23:50.325 1491 1599 I sysui_multi_action: [757,803,799,window_time_0,802,0]
11-29 07:23:50.339 1491 1693 I input_focus: [Focus leaving recents_animation_input_consumer (server),reason=NOT_VISIBLE]
11-29 07:23:50.339 1491 1693 I input_focus: [Focus entering cd0514f com.android.launcher3/com.android.launcher3.uioverrides.QuickstepLauncher (server),reason=setFocusedWindow]
11-29 07:23:50.342 1491 1693 I input_interaction: Interaction with: edge-swipe (server), swipe-up (server), PointerEventDispatcher0 (server),
11-29 07:23:50.343 9956 9956 I wm_on_top_resumed_gained_called: [254362067,com.android.launcher3.uioverrides.QuickstepLauncher,topStateChangedWhenResumed]
11-29 07:23:50.362 20697 20697 I wm_on_stop_called: [258902444,com.android.music.MusicBrowserActivity,STOP_ACTIVITY_ITEM]
11-29 07:23:50.387 16043 16059 W ContextImpl: Calling a method in the system process without a qualified user: android.app.ContextImpl.startService:1816 android.content.ContextWrapper.startService:774 com.thundercomm.gamemode.ingame.services.GameModeActionUtils.startGameModeService:93 com.thundercomm.gamemode.ingame.services.GameModeActionUtils.startGameModeEntry:21 com.thundercomm.gamemode.ingame.services.ActivityMonitoringService$1.onActivityLaunch:127
11-29 07:23:50.391 1491 1491 I GameModeConfig: Current uri is uri = content://com.thundercomm.gamemode.api/gamemode_settings/gamemode_isgaming
11-29 07:23:50.394 1491 1491 I GameModeConfig: isGameModeOn = false
11-29 07:23:50.394 1491 1491 I GameModeConfig: isGameModeOn = false
11-29 07:23:50.394 1491 1491 I GameModeConfig: isDisableVoice = true
11-29 07:23:50.427 16043 16059 W ContextImpl: Calling a method in the system process without a qualified user: android.app.ContextImpl.startService:1816 android.content.ContextWrapper.startService:774 com.thundercomm.gamemode.ingame.services.GameModeActionUtils.startGameModeService:93 com.thundercomm.gamemode.ingame.services.GameModeActionUtils.startGameModeEntry:21 com.thundercomm.gamemode.ingame.services.ActivityMonitoringService$1.onActivityLaunch:127
11-29 07:23:50.432 1491 1491 I GameModeConfig: Current uri is uri = content://com.thundercomm.gamemode.api/gamemode_settings/gamemode_isgaming
11-29 07:23:50.434 1491 1491 I GameModeConfig: isGameModeOn = false
11-29 07:23:50.434 1491 1491 I GameModeConfig: isGameModeOn = false
11-29 07:23:50.434 1491 1491 I GameModeConfig: isDisableVoice = true
11-29 07:23:50.525 1491 1673 I commit_sys_config_file: [settings-1-0,4]
11-29 07:23:50.830 1491 1673 I commit_sys_config_file: [settings-1-0,7]
11-29 07:23:51.079 0 0 I auditd : type=1400 audit(0.0:16962): avc: denied { kill } for comm="swapper/1" capability=5 scontext=u:r:kernel:s0 tcontext=u:r:kernel:s0 tclass=capability permissive=0
11-29 07:23:52.079 0 0 I auditd : type=1400 audit(0.0:16963): avc: denied { kill } for comm="swapper/1" capability=5 scontext=u:r:kernel:s0 tcontext=u:r:kernel:s0 tclass=capability permissive=0
11-29 07:23:53.079 0 0 I auditd : type=1400 audit(0.0:16964): avc: denied { kill } for comm="swapper/1" capability=5 scontext=u:r:kernel:s0 tcontext=u:r:kernel:s0 tclass=capability permissive=0
11-29 07:23:53.331 24595 24595 I auditd : type=1400 audit(0.0:16965): avc: denied { read } for comm="Thread-81" name="tcp" dev="proc" ino=4026532256 scontext=u:r:untrusted_app:s0:c98,c256,c512,c768 tcontext=u:object_r:proc_net_tcp_udp:s0 tclass=file permissive=0 app=com.miHoYo.Yuanshen
11-29 07:23:54.079 0 0 I auditd : type=1400 audit(0.0:16966): avc: denied { kill } for comm="swapper/1" capability=5 scontext=u:r:kernel:s0 tcontext=u:r:kernel:s0 tclass=capability permissive=0
11-29 07:23:54.692 1491 2002 I ntp_failure: [time.android.com/2001:4860:4806:4::,java.net.SocketTimeoutException: Poll timed out]
11-29 07:23:55.079 0 0 I auditd : type=1400 audit(0.0:16967): avc: denied { kill } for comm="swapper/1" capability=5 scontext=u:r:kernel:s0 tcontext=u:r:kernel:s0 tclass=capability permissive=0
11-29 07:23:55.239 26419 26419 I sysui_heads_up_status: [-1|android|26|null|1000,0]
11-29 07:23:55.671 1491 1524 I sysui_multi_action: [757,128,758,2,793,13600444,794,5621,795,13600444,796,26,798,0,806,android,857,DEVELOPER_IMPORTANT,858,4,947,0,1395,2,1500,13600239,1688,1]
11-29 07:23:55.671 1491 1524 I notification_visibility: [-1|android|26|null|1000,0,13600444,13600444,0,0]
11-29 07:23:55.673 1491 1760 I GameModeConfig: isGameModeOn = false
11-29 07:23:55.673 1491 1760 I GameModeConfig: isGameModeOn = false
11-29 07:23:55.674 1491 1760 I GameModeConfig: isGameModeOn = false
11-29 07:23:55.674 1491 1760 I GameModeConfig: isGameModeOn = false
11-29 07:23:55.675 1491 1760 I GameModeConfig: isGameModeOn = false
11-29 07:23:55.675 1491 1760 I GameModeConfig: isGameModeOn = false
11-29 07:23:55.676 26419 26419 I sysui_multi_action: [757,111,758,2]
11-29 07:23:55.676 26419 26419 I sysui_multi_action: [757,111,758,2]
11-29 07:23:55.677 1491 1491 I notification_enqueue: [10082,26419,com.android.systemui,2048,NULL,0,Notification(channel=updateNotification shortcut=null contentView=null vibrate=null sound=null defaults=0x0 flags=0x0 color=0x00000000 vis=PRIVATE),1]
11-29 07:23:55.680 1491 1772 I sysui_multi_action: [757,127,758,2]
11-29 07:23:55.680 1491 1772 I notification_panel_hidden:
11-29 07:23:55.693 26419 26419 I sysui_multi_action: [757,111,758,1]
11-29 07:23:55.693 26419 26419 I sysui_multi_action: [757,126,758,1,759,126,927,0,928,1,1593,0]
11-29 07:23:55.694 26419 26419 I sysui_multi_action: [757,113,758,1,759,113,927,1,928,1,1593,0]
11-29 07:23:55.694 26419 26419 I sysui_multi_action: [757,0,758,1,759,0,927,2,928,0,1593,0]
11-29 07:23:55.694 26419 26419 I sysui_multi_action: [757,0,758,1,759,0,927,3,928,0,1593,0]
11-29 07:23:55.694 26419 26419 I sysui_multi_action: [757,491,758,1,759,491,927,4,928,0,1311,-1,1593,0]
11-29 07:23:55.695 26419 26419 I sysui_multi_action: [757,0,758,1,759,0,927,5,928,0,1593,0]
11-29 07:23:55.695 26419 26419 I sysui_multi_action: [757,111,758,1]
11-29 07:23:55.695 26419 26419 I sysui_multi_action: [757,126,758,1,759,126,927,0,928,1,1593,0]
11-29 07:23:55.695 26419 26419 I sysui_multi_action: [757,113,758,1,759,113,927,1,928,1,1593,0]
11-29 07:23:55.695 26419 26419 I sysui_multi_action: [757,0,758,1,759,0,927,2,928,0,1593,0]
11-29 07:23:55.696 26419 26419 I sysui_multi_action: [757,0,758,1,759,0,927,3,928,0,1593,0]
11-29 07:23:55.892 1491 1491 I GameModeConfig: isGameModeOn = false
11-29 07:23:55.894 1491 1491 I sysui_multi_action: [757,1501,758,1,793,14993155,794,0,795,221,796,2048,806,com.android.systemui,857,updateNotification,858,3,947,0,1500,0,1688,1]
11-29 07:23:55.895 1491 1491 I sysui_multi_action: [757,804,799,note_interruptive,801,0,802,1]
11-29 07:23:55.895 1491 1491 I sysui_multi_action: [757,199,758,1,759,2,793,14993156,794,0,795,222,796,2048,806,com.android.systemui,857,updateNotification,858,3,947,0,1500,1,1688,1]
11-29 07:23:55.896 1491 1491 I notification_alert: [0|com.android.systemui|2048|null|10082,0,1,0]
11-29 07:23:55.898 1491 1491 W NotificationHistory: Attempted to add notif for locked/gone/disabled user 0
11-29 07:23:56.316 1491 7072 I am_uid_running: 90002
11-29 07:23:56.316 1491 7072 D CompatibilityChangeReporter: Compat change id reported: 135634846; UID 10036; state: DISABLED
11-29 07:23:56.316 1491 7072 D CompatibilityChangeReporter: Compat change id reported: 177438394; UID 10036; state: DISABLED
11-29 07:23:56.316 1491 7072 D CompatibilityChangeReporter: Compat change id reported: 135772972; UID 10036; state: DISABLED
11-29 07:23:56.317 1491 7072 D CompatibilityChangeReporter: Compat change id reported: 135754954; UID 10036; state: ENABLED
11-29 07:23:56.317 1491 1609 D CompatibilityChangeReporter: Compat change id reported: 143937733; UID 10036; state: ENABLED
11-29 07:23:56.330 1491 1609 I am_proc_start: [0,26540,90002,com.microsoft.emmx:sandboxed_process0:org.chromium.content.app.SandboxedProcessService0:3,,{com.microsoft.emmx/org.chromium.content.app.SandboxedProcessService0:3}]
11-29 07:23:56.330 1491 1609 I ActivityManager: Start proc 26540:com.microsoft.emmx:sandboxed_process0:org.chromium.content.app.SandboxedProcessService0:3/u0ai2 for {com.microsoft.emmx/org.chromium.content.app.SandboxedProcessService0:3}
11-29 07:23:56.368 1491 7072 I am_proc_bound: [0,26540,com.microsoft.emmx:sandboxed_process0:org.chromium.content.app.SandboxedProcessService0:3]
11-29 07:23:56.369 1491 7072 D CompatibilityChangeReporter: Compat change id reported: 168419799; UID 10036; state: DISABLED
11-29 07:23:56.413 503 503 I auditd : avc: denied { find } for pid=26540 uid=90002 name=content_capture scontext=u:r:isolated_app:s0:c512,c768 tcontext=u:object_r:content_capture_service:s0 tclass=service_manager permissive=0
11-29 07:23:56.439 26540 26540 I auditd : type=1400 audit(0.0:16968): avc: denied { setattr } for comm="ThreadPoolForeg" name="adblock_snippet.js" dev="dm-10" ino=8692 scontext=u:r:isolated_app:s0:c512,c768 tcontext=u:object_r:privapp_data_file:s0:c512,c768 tclass=file permissive=0
11-29 07:23:56.467 26540 26540 I auditd : type=1400 audit(0.0:16969): avc: denied { setattr } for comm="ThreadPoolForeg" name=46696C746572696E672052756C6573 dev="dm-10" ino=8693 scontext=u:r:isolated_app:s0:c512,c768 tcontext=u:object_r:privapp_data_file:s0:c512,c768 tclass=file permissive=0
11-29 07:23:56.471 26540 26540 I auditd : type=1400 audit(0.0:16970): avc: denied { setattr } for comm="ThreadPoolForeg" name=46696C746572696E672052756C65732D4141 dev="dm-10" ino=8694 scontext=u:r:isolated_app:s0:c512,c768 tcontext=u:object_r:privapp_data_file:s0:c512,c768 tclass=file permissive=0
11-29 07:23:56.475 26540 26540 I auditd : type=1400 audit(0.0:16971): avc: denied { setattr } for comm="ThreadPoolForeg" name="LICENSE" dev="dm-10" ino=8695 scontext=u:r:isolated_app:s0:c512,c768 tcontext=u:object_r:privapp_data_file:s0:c512,c768 tclass=file permissive=0
11-29 07:23:56.475 26540 26540 I auditd : type=1400 audit(0.0:16972): avc: denied { setattr } for comm="ThreadPoolForeg" name="manifest.json" dev="dm-10" ino=8696 scontext=u:r:isolated_app:s0:c512,c768 tcontext=u:object_r:privapp_data_file:s0:c512,c768 tclass=file permissive=0
11-29 07:23:56.479 26540 26540 I auditd : type=1400 audit(0.0:16973): avc: denied { setattr } for comm="ThreadPoolForeg" name="Part-DE" dev="dm-10" ino=8697 scontext=u:r:isolated_app:s0:c512,c768 tcontext=u:object_r:privapp_data_file:s0:c512,c768 tclass=file permissive=0
11-29 07:23:56.483 26540 26540 I auditd : type=1400 audit(0.0:16974): avc: denied { setattr } for comm="ThreadPoolForeg" name="Part-ES" dev="dm-10" ino=8698 scontext=u:r:isolated_app:s0:c512,c768 tcontext=u:object_r:privapp_data_file:s0:c512,c768 tclass=file permissive=0
11-29 07:23:56.491 26540 26540 I auditd : type=1400 audit(0.0:16975): avc: denied { setattr } for comm="ThreadPoolForeg" name="Part-FR" dev="dm-10" ino=8699 scontext=u:r:isolated_app:s0:c512,c768 tcontext=u:object_r:privapp_data_file:s0:c512,c768 tclass=file permissive=0
11-29 07:23:56.538 1491 10067 I ActivityManager: Killing 26540:com.microsoft.emmx:sandboxed_process0:org.chromium.content.app.SandboxedProcessService0:3/u0a36i-8998 (adj 0): isolated not needed
11-29 07:23:56.538 1491 10067 I am_kill : [0,26540,com.microsoft.emmx:sandboxed_process0:org.chromium.content.app.SandboxedProcessService0:3,0,isolated not needed]
11-29 07:23:56.599 1491 2060 I am_proc_died: [0,26540,com.microsoft.emmx:sandboxed_process0:org.chromium.content.app.SandboxedProcessService0:3,0,10]
11-29 07:23:56.600 1491 2060 I am_uid_stopped: 90002
11-29 07:23:56.612 1491 1607 I am_pss : [25271,10098,com.miHoYo.Yuanshen:PushService,20185088,11124736,0,132923392,0,17,8]
11-29 07:23:56.621 1491 1618 E KernelCpuSpeedReader: Failed to read cpu-freq: /sys/devices/system/cpu/cpu4/cpufreq/stats/time_in_state: open failed: ENOENT (No such file or directory)
11-29 07:23:56.622 1491 1618 E KernelCpuSpeedReader: Failed to read cpu-freq: /sys/devices/system/cpu/cpu0/cpufreq/stats/time_in_state: open failed: ENOENT (No such file or directory)
11-29 07:23:56.622 1491 1618 D KernelCpuUidUserSysTimeReader: Removing uids 90000-90000
11-29 07:23:56.623 1491 1618 D KernelCpuUidUserSysTimeReader: Removing uids 90002-90002
11-29 07:23:56.623 1491 1618 D KernelCpuUidUserSysTimeReader: Removing uids 90001-90001
11-29 07:23:56.623 1491 1618 D KernelCpuUidUserSysTimeReader: Removing uids 90003-90003
11-29 07:23:56.888 1491 1608 W ActivityManager: Stale PhantomProcessRecord {50736dc 25308:24595:/u0a98}, removing
11-29 07:23:57.281 1491 1723 I netstats_mobile_sample: [0,0,0,0,0,0,0,0,0,0,0,0,1669677837281]
11-29 07:23:57.282 1491 1723 I netstats_wifi_sample: [762350918,1139689,168633819,417107,762350918,1139689,168633819,417107,843913908,1764639,86620690,231124,1669677837281]
