11-29 07:18:43.676 1491 1608 I am_wtf : [0,1491,system_server,-1,DisplayDeviceConfig,requesting nits when no mapping exists.]
11-29 07:18:43.681 1491 1874 E DisplayDeviceConfig: requesting nits when no mapping exists.
11-29 07:18:43.681 1491 1608 I am_wtf : [0,1491,system_server,-1,DisplayDeviceConfig,requesting nits when no mapping exists.]
11-29 07:18:43.681 1491 1874 E DisplayDeviceConfig: requesting nits when no mapping exists.
11-29 07:18:43.682 1491 1608 I am_wtf : [0,1491,system_server,-1,DisplayDeviceConfig,requesting nits when no mapping exists.]
11-29 07:18:43.695 1491 1874 E DisplayDeviceConfig: requesting nits when no mapping exists.
11-29 07:18:43.696 1491 1874 E DisplayDeviceConfig: requesting nits when no mapping exists.
11-29 07:18:43.698 1491 1608 I am_wtf : [0,1491,system_server,-1,DisplayDeviceConfig,requesting nits when no mapping exists.]
11-29 07:18:43.699 1491 1608 I am_wtf : [0,1491,system_server,-1,DisplayDeviceConfig,requesting nits when no mapping exists.]
11-29 07:18:43.712 1491 1874 E DisplayDeviceConfig: requesting nits when no mapping exists.
11-29 07:18:43.712 1491 1874 E DisplayDeviceConfig: requesting nits when no mapping exists.
11-29 07:18:43.712 1491 1608 I am_wtf : [0,1491,system_server,-1,DisplayDeviceConfig,requesting nits when no mapping exists.]
11-29 07:18:43.714 1491 1608 I am_wtf : [0,1491,system_server,-1,DisplayDeviceConfig,requesting nits when no mapping exists.]
11-29 07:18:43.729 1491 1874 E DisplayDeviceConfig: requesting nits when no mapping exists.
11-29 07:18:43.730 1491 1608 I am_wtf : [0,1491,system_server,-1,DisplayDeviceConfig,requesting nits when no mapping exists.]
11-29 07:18:43.730 1491 1874 E DisplayDeviceConfig: requesting nits when no mapping exists.
11-29 07:18:43.730 1491 1608 I am_wtf : [0,1491,system_server,-1,DisplayDeviceConfig,requesting nits when no mapping exists.]
11-29 07:18:43.734 21180 21180 I wm_on_stop_called: [241900062,org.chromium.chrome.browser.customtabs.CustomTabActivity,STOP_ACTIVITY_ITEM]
11-29 07:18:43.747 1491 1874 E DisplayDeviceConfig: requesting nits when no mapping exists.
11-29 07:18:43.748 1491 1874 E DisplayDeviceConfig: requesting nits when no mapping exists.
11-29 07:18:43.748 1491 1608 I am_wtf : [0,1491,system_server,-1,DisplayDeviceConfig,requesting nits when no mapping exists.]
11-29 07:18:43.751 1491 1608 I am_wtf : [0,1491,system_server,-1,DisplayDeviceConfig,requesting nits when no mapping exists.]
11-29 07:18:43.762 1491 1874 E DisplayDeviceConfig: requesting nits when no mapping exists.
11-29 07:18:43.764 1491 1874 E DisplayDeviceConfig: requesting nits when no mapping exists.
11-29 07:18:43.764 1491 1608 I am_wtf : [0,1491,system_server,-1,DisplayDeviceConfig,requesting nits when no mapping exists.]
11-29 07:18:43.765 1491 1608 I am_wtf : [0,1491,system_server,-1,DisplayDeviceConfig,requesting nits when no mapping exists.]
11-29 07:18:43.765 16043 16059 W ContextImpl: Calling a method in the system process without a qualified user: android.app.ContextImpl.startService:1816 android.content.ContextWrapper.startService:774 com.thundercomm.gamemode.ingame.services.GameModeActionUtils.startGameModeService:93 com.thundercomm.gamemode.ingame.services.GameModeActionUtils.startGameModeEntry:21 com.thundercomm.gamemode.ingame.services.ActivityMonitoringService$1.onActivityLaunch:127
11-29 07:18:43.768 1491 1491 I GameModeConfig: Current uri is uri = content://com.thundercomm.gamemode.api/gamemode_settings/gamemode_isgaming
11-29 07:18:43.770 1491 1491 I GameModeConfig: isGameModeOn = false
11-29 07:18:43.770 1491 1491 I GameModeConfig: isGameModeOn = false
11-29 07:18:43.770 1491 1491 I GameModeConfig: isDisableVoice = true
11-29 07:18:43.779 1491 1874 E DisplayDeviceConfig: requesting nits when no mapping exists.
11-29 07:18:43.779 1491 1874 E DisplayDeviceConfig: requesting nits when no mapping exists.
11-29 07:18:43.779 1491 1608 I am_wtf : [0,1491,system_server,-1,DisplayDeviceConfig,requesting nits when no mapping exists.]
11-29 07:18:43.780 1491 1608 I am_wtf : [0,1491,system_server,-1,DisplayDeviceConfig,requesting nits when no mapping exists.]
11-29 07:18:43.796 1491 1874 E DisplayDeviceConfig: requesting nits when no mapping exists.
11-29 07:18:43.796 1491 1874 E DisplayDeviceConfig: requesting nits when no mapping exists.
11-29 07:18:43.796 1491 1608 I am_wtf : [0,1491,system_server,-1,DisplayDeviceConfig,requesting nits when no mapping exists.]
11-29 07:18:43.797 1491 1608 I am_wtf : [0,1491,system_server,-1,DisplayDeviceConfig,requesting nits when no mapping exists.]
11-29 07:18:43.813 1491 1874 E DisplayDeviceConfig: requesting nits when no mapping exists.
11-29 07:18:43.813 1491 1874 E DisplayDeviceConfig: requesting nits when no mapping exists.
11-29 07:18:43.814 1491 1608 I am_wtf : [0,1491,system_server,-1,DisplayDeviceConfig,requesting nits when no mapping exists.]
11-29 07:18:43.815 1491 1608 I am_wtf : [0,1491,system_server,-1,DisplayDeviceConfig,requesting nits when no mapping exists.]
11-29 07:18:43.829 1491 1874 E DisplayDeviceConfig: requesting nits when no mapping exists.
11-29 07:18:43.830 1491 1874 E DisplayDeviceConfig: requesting nits when no mapping exists.
11-29 07:18:43.830 1491 1608 I am_wtf : [0,1491,system_server,-1,DisplayDeviceConfig,requesting nits when no mapping exists.]
11-29 07:18:43.831 1491 1608 I am_wtf : [0,1491,system_server,-1,DisplayDeviceConfig,requesting nits when no mapping exists.]
11-29 07:18:43.846 1491 1874 E DisplayDeviceConfig: requesting nits when no mapping exists.
11-29 07:18:43.846 1491 1608 I am_wtf : [0,1491,system_server,-1,DisplayDeviceConfig,requesting nits when no mapping exists.]
11-29 07:18:43.847 1491 1874 E DisplayDeviceConfig: requesting nits when no mapping exists.
11-29 07:18:43.848 1491 1608 I am_wtf : [0,1491,system_server,-1,DisplayDeviceConfig,requesting nits when no mapping exists.]
11-29 07:18:43.865 1491 1874 E DisplayDeviceConfig: requesting nits when no mapping exists.
11-29 07:18:43.866 1491 1874 E DisplayDeviceConfig: requesting nits when no mapping exists.
11-29 07:18:43.866 1491 1608 I am_wtf : [0,1491,system_server,-1,DisplayDeviceConfig,requesting nits when no mapping exists.]
11-29 07:18:43.866 1491 1608 I am_wtf : [0,1491,system_server,-1,DisplayDeviceConfig,requesting nits when no mapping exists.]
11-29 07:18:43.879 1491 1874 E DisplayDeviceConfig: requesting nits when no mapping exists.
11-29 07:18:43.880 1491 1874 E DisplayDeviceConfig: requesting nits when no mapping exists.
11-29 07:18:43.880 1491 1608 I am_wtf : [0,1491,system_server,-1,DisplayDeviceConfig,requesting nits when no mapping exists.]
11-29 07:18:43.881 1491 1608 I am_wtf : [0,1491,system_server,-1,DisplayDeviceConfig,requesting nits when no mapping exists.]
11-29 07:18:43.897 1491 1874 E DisplayDeviceConfig: requesting nits when no mapping exists.
11-29 07:18:43.897 1491 1874 E DisplayDeviceConfig: requesting nits when no mapping exists.
11-29 07:18:43.897 1491 1608 I am_wtf : [0,1491,system_server,-1,DisplayDeviceConfig,requesting nits when no mapping exists.]
11-29 07:18:43.899 1491 1608 I am_wtf : [0,1491,system_server,-1,DisplayDeviceConfig,requesting nits when no mapping exists.]
11-29 07:18:43.913 1491 1874 E DisplayDeviceConfig: requesting nits when no mapping exists.
11-29 07:18:43.913 1491 1608 I am_wtf : [0,1491,system_server,-1,DisplayDeviceConfig,requesting nits when no mapping exists.]
11-29 07:18:43.914 1491 1874 E DisplayDeviceConfig: requesting nits when no mapping exists.
11-29 07:18:43.917 1491 1608 I am_wtf : [0,1491,system_server,-1,DisplayDeviceConfig,requesting nits when no mapping exists.]
11-29 07:18:43.929 1491 1874 E DisplayDeviceConfig: requesting nits when no mapping exists.
11-29 07:18:43.929 1491 1608 I am_wtf : [0,1491,system_server,-1,DisplayDeviceConfig,requesting nits when no mapping exists.]
11-29 07:18:43.929 1491 1874 E DisplayDeviceConfig: requesting nits when no mapping exists.
11-29 07:18:43.930 1491 1608 I am_wtf : [0,1491,system_server,-1,DisplayDeviceConfig,requesting nits when no mapping exists.]
11-29 07:18:43.946 1491 1874 E DisplayDeviceConfig: requesting nits when no mapping exists.
11-29 07:18:43.947 1491 1874 E DisplayDeviceConfig: requesting nits when no mapping exists.
11-29 07:18:43.947 1491 1608 I am_wtf : [0,1491,system_server,-1,DisplayDeviceConfig,requesting nits when no mapping exists.]
11-29 07:18:43.948 1491 1608 I am_wtf : [0,1491,system_server,-1,DisplayDeviceConfig,requesting nits when no mapping exists.]
11-29 07:18:43.963 1491 1874 E DisplayDeviceConfig: requesting nits when no mapping exists.
11-29 07:18:43.963 1491 1874 E DisplayDeviceConfig: requesting nits when no mapping exists.
11-29 07:18:43.963 1491 1608 I am_wtf : [0,1491,system_server,-1,DisplayDeviceConfig,requesting nits when no mapping exists.]
11-29 07:18:43.964 1491 1608 I am_wtf : [0,1491,system_server,-1,DisplayDeviceConfig,requesting nits when no mapping exists.]
11-29 07:18:43.979 1491 1874 E DisplayDeviceConfig: requesting nits when no mapping exists.
11-29 07:18:43.980 1491 1874 E DisplayDeviceConfig: requesting nits when no mapping exists.
11-29 07:18:43.980 1491 1608 I am_wtf : [0,1491,system_server,-1,DisplayDeviceConfig,requesting nits when no mapping exists.]
11-29 07:18:43.981 1491 1608 I am_wtf : [0,1491,system_server,-1,DisplayDeviceConfig,requesting nits when no mapping exists.]
11-29 07:18:43.998 1491 1874 E DisplayDeviceConfig: requesting nits when no mapping exists.
11-29 07:18:43.998 1491 1874 E DisplayDeviceConfig: requesting nits when no mapping exists.
11-29 07:18:43.998 1491 1608 I am_wtf : [0,1491,system_server,-1,DisplayDeviceConfig,requesting nits when no mapping exists.]
11-29 07:18:43.999 1491 1608 I am_wtf : [0,1491,system_server,-1,DisplayDeviceConfig,requesting nits when no mapping exists.]
11-29 07:18:44.013 1491 1874 E DisplayDeviceConfig: requesting nits when no mapping exists.
11-29 07:18:44.013 1491 1874 E DisplayDeviceConfig: requesting nits when no mapping exists.
11-29 07:18:44.013 1491 1608 I am_wtf : [0,1491,system_server,-1,DisplayDeviceConfig,requesting nits when no mapping exists.]
11-29 07:18:44.015 1491 1608 I am_wtf : [0,1491,system_server,-1,DisplayDeviceConfig,requesting nits when no mapping exists.]
11-29 07:18:44.030 1491 1874 E DisplayDeviceConfig: requesting nits when no mapping exists.
11-29 07:18:44.031 1491 1608 I am_wtf : [0,1491,system_server,-1,DisplayDeviceConfig,requesting nits when no mapping exists.]
11-29 07:18:44.031 1491 1874 E DisplayDeviceConfig: requesting nits when no mapping exists.
11-29 07:18:44.032 1491 1608 I am_wtf : [0,1491,system_server,-1,DisplayDeviceConfig,requesting nits when no mapping exists.]
11-29 07:18:44.048 1491 1874 E DisplayDeviceConfig: requesting nits when no mapping exists.
11-29 07:18:44.050 1491 1608 I am_wtf : [0,1491,system_server,-1,DisplayDeviceConfig,requesting nits when no mapping exists.]
11-29 07:18:44.051 1491 1874 E DisplayDeviceConfig: requesting nits when no mapping exists.
11-29 07:18:44.052 1491 1608 I am_wtf : [0,1491,system_server,-1,DisplayDeviceConfig,requesting nits when no mapping exists.]
11-29 07:18:44.063 1491 1874 E DisplayDeviceConfig: requesting nits when no mapping exists.
11-29 07:18:44.064 1491 1874 E DisplayDeviceConfig: requesting nits when no mapping exists.
11-29 07:18:44.064 1491 1608 I am_wtf : [0,1491,system_server,-1,DisplayDeviceConfig,requesting nits when no mapping exists.]
11-29 07:18:44.065 1491 1608 I am_wtf : [0,1491,system_server,-1,DisplayDeviceConfig,requesting nits when no mapping exists.]
11-29 07:18:44.079 0 0 I auditd : type=1400 audit(0.0:15632): avc: denied { kill } for comm="swapper/2" capability=5 scontext=u:r:kernel:s0 tcontext=u:r:kernel:s0 tclass=capability permissive=0
11-29 07:18:44.087 1491 1874 E DisplayDeviceConfig: requesting nits when no mapping exists.
11-29 07:18:44.088 1491 1874 E DisplayDeviceConfig: requesting nits when no mapping exists.
11-29 07:18:44.088 1491 1608 I am_wtf : [0,1491,system_server,-1,DisplayDeviceConfig,requesting nits when no mapping exists.]
11-29 07:18:44.091 1491 1608 I am_wtf : [0,1491,system_server,-1,DisplayDeviceConfig,requesting nits when no mapping exists.]
11-29 07:18:44.105 1491 1874 E DisplayDeviceConfig: requesting nits when no mapping exists.
11-29 07:18:44.106 1491 1874 E DisplayDeviceConfig: requesting nits when no mapping exists.
11-29 07:18:44.106 1491 1608 I am_wtf : [0,1491,system_server,-1,DisplayDeviceConfig,requesting nits when no mapping exists.]
11-29 07:18:44.107 1491 1608 I am_wtf : [0,1491,system_server,-1,DisplayDeviceConfig,requesting nits when no mapping exists.]
11-29 07:18:45.135 1491 1491 I auditd : type=1400 audit(0.0:15633): avc: denied { getopt } for comm="Binder:1491_1B" scontext=u:r:system_server:s0 tcontext=u:r:shell:s0 tclass=unix_stream_socket permissive=0
11-29 07:18:45.152 1491 1654 I commit_sys_config_file: [package-session,14693610]
11-29 07:18:45.172 1491 1654 D ApkSignatureVerifier: Perflock acquired for PackageInstall
11-29 07:18:45.265 1491 1693 I input_interaction: Interaction with: d12cc98 com.thundercomm.screensaver/android.service.dreams.DreamActivity (server), edge-swipe (server), swipe-up (server), PointerEventDispatcher0 (server),
11-29 07:18:45.267 1491 11109 I wm_finish_activity: [0,222118316,175,com.thundercomm.screensaver/android.service.dreams.DreamActivity,finish-activity]
11-29 07:18:45.267 1491 11109 I wm_task_moved: [174,1,9]
11-29 07:18:45.267 1491 11109 I wm_task_to_front: [0,174]
11-29 07:18:45.268 1491 11109 I wm_focused_root_task: [0,0,174,175,finish-top adjustFocusToNextFocusableTask]
11-29 07:18:45.270 1491 11109 I wm_pause_activity: [0,222118316,com.thundercomm.screensaver/android.service.dreams.DreamActivity,userLeaving=false,finish]
11-29 07:18:45.275 1491 9950 I DreamManagerService: Gently waking up from dream.
11-29 07:18:45.276 1491 1596 I DreamManagerService: Performing gentle wake from dream.
11-29 07:18:45.276 5601 5601 I wm_on_top_resumed_lost_called: [222118316,android.service.dreams.DreamActivity,topStateChangedWhenResumed]
11-29 07:18:45.279 5601 5601 I wm_on_paused_called: [222118316,android.service.dreams.DreamActivity,performPause]
11-29 07:18:45.282 1491 1525 I wm_add_to_stopping: [0,222118316,com.thundercomm.screensaver/android.service.dreams.DreamActivity,completeFinishing]
11-29 07:18:45.283 1491 1525 I ActivityTaskManager: FOREGROUND_APPLICATION_CHANGED to org.chromium.chrome.browser.customtabs.CustomTabActivity
11-29 07:18:45.285 1491 1525 I wm_set_resumed_activity: [0,com.microsoft.emmx/org.chromium.chrome.browser.customtabs.CustomTabActivity,resumeTopActivityInnerLocked]
11-29 07:18:45.287 1491 1525 D CompatibilityChangeReporter: Compat change id reported: 174042980; UID 10036; state: DISABLED
11-29 07:18:45.287 1491 1525 D CompatibilityChangeReporter: Compat change id reported: 184838306; UID 10036; state: DISABLED
11-29 07:18:45.288 1491 1525 D CompatibilityChangeReporter: Compat change id reported: 185004937; UID 10036; state: DISABLED
11-29 07:18:45.289 1491 1525 I wm_resume_activity: [0,241900062,174,com.microsoft.emmx/org.chromium.chrome.browser.customtabs.CustomTabActivity]
11-29 07:18:45.296 1491 1599 I sysui_multi_action: [757,803,799,window_time_0,802,2]
11-29 07:18:45.303 5601 5601 I view_enqueue_input_event: [Motion - Cancel,com.thundercomm.screensaver/android.service.dreams.DreamActivity]
11-29 07:18:45.305 1491 1693 I input_focus: [Focus leaving d12cc98 com.thundercomm.screensaver/android.service.dreams.DreamActivity (server),reason=NO_WINDOW]
11-29 07:18:45.306 1491 1599 I sysui_multi_action: [757,803,799,window_time_0,802,0]
11-29 07:18:45.323 21180 21180 I wm_on_restart_called: [241900062,org.chromium.chrome.browser.customtabs.CustomTabActivity,performRestartActivity]
11-29 07:18:45.324 16043 16059 W ContextImpl: Calling a method in the system process without a qualified user: android.app.ContextImpl.startService:1816 android.content.ContextWrapper.startService:774 com.thundercomm.gamemode.ingame.services.GameModeActionUtils.startGameModeService:93 com.thundercomm.gamemode.ingame.services.GameModeActionUtils.startGameModeEntry:21 com.thundercomm.gamemode.ingame.services.ActivityMonitoringService$1.onActivityLaunch:127
11-29 07:18:45.334 21180 21180 I wm_on_start_called: [241900062,org.chromium.chrome.browser.customtabs.CustomTabActivity,handleStartActivity]
11-29 07:18:45.338 21180 21180 I wm_on_resume_called: [241900062,org.chromium.chrome.browser.customtabs.CustomTabActivity,RESUME_ACTIVITY]
11-29 07:18:45.338 21180 21180 I wm_on_top_resumed_gained_called: [241900062,org.chromium.chrome.browser.customtabs.CustomTabActivity,topWhenResuming]
11-29 07:18:45.339 1491 1491 I GameModeConfig: Current uri is uri = content://com.thundercomm.gamemode.api/gamemode_settings/gamemode_isgaming
11-29 07:18:45.341 1491 1525 W ActivityManager: Unable to start service Intent { act=com.uodis.opendevice.OPENIDS_SERVICE pkg=com.huawei.hwid } U=0: not found
11-29 07:18:45.342 1491 7072 W ActivityManager: Unbind failed: could not find connection for android.os.BinderProxy@b4724ee
11-29 07:18:45.343 1491 8943 W ActivityManager: Unable to start service Intent { act=com.uodis.opendevice.OPENIDS_SERVICE pkg=com.huawei.hwid } U=0: not found
11-29 07:18:45.343 1491 9950 W ActivityManager: Unbind failed: could not find connection for android.os.BinderProxy@89f6d8f
11-29 07:18:45.343 1491 8943 W ActivityManager: Unable to start service Intent { act=com.uodis.opendevice.OPENIDS_SERVICE pkg=com.huawei.hwid } U=0: not found
11-29 07:18:45.343 1491 9950 W ActivityManager: Unbind failed: could not find connection for android.os.BinderProxy@add681c
11-29 07:18:45.343 1491 1491 I GameModeConfig: isGameModeOn = false
11-29 07:18:45.344 1491 1491 I GameModeConfig: isGameModeOn = false
11-29 07:18:45.344 1491 1491 I GameModeConfig: isDisableVoice = true
11-29 07:18:45.348 1491 1600 I input_focus: [Focus request 17e01da com.microsoft.emmx/org.chromium.chrome.browser.customtabs.CustomTabActivity,reason=UpdateInputWindows]
11-29 07:18:45.370 1491 1626 I PowerManagerService: Powering on display group fromDreaming (groupId=0, uid=1000, reason=WAKE_REASON_UNKNOWN, details=android.server.power:DREAM_FINISHED)...
11-29 07:18:45.370 1491 1626 I PowerManagerService: Waking up from Dreaming (uid=1000, reason=WAKE_REASON_UNKNOWN, details=android.server.power:DREAM_FINISHED)...
11-29 07:18:45.401 16043 16059 W ContextImpl: Calling a method in the system process without a qualified user: android.app.ContextImpl.startService:1816 android.content.ContextWrapper.startService:774 com.thundercomm.gamemode.ingame.services.GameModeActionUtils.startGameModeService:93 com.thundercomm.gamemode.ingame.services.GameModeActionUtils.startGameModeEntry:21 com.thundercomm.gamemode.ingame.services.ActivityMonitoringService$1.onActivityLaunch:127
11-29 07:18:45.413 1491 1491 I GameModeConfig: Current uri is uri = content://com.thundercomm.gamemode.api/gamemode_settings/gamemode_isgaming
11-29 07:18:45.415 1491 1491 I GameModeConfig: isGameModeOn = false
11-29 07:18:45.416 1491 1491 I GameModeConfig: isGameModeOn = false
11-29 07:18:45.416 1491 1491 I GameModeConfig: isDisableVoice = true
11-29 07:18:45.437 1491 1693 I input_focus: [Focus entering 17e01da com.microsoft.emmx/org.chromium.chrome.browser.customtabs.CustomTabActivity (server),reason=Window became focusable. Previous reason: NOT_VISIBLE]
11-29 07:18:45.502 1491 1654 D ApkSignatureVerifier: Perflock released for PackageInstall
11-29 07:18:45.566 1491 1704 W PackageParsing: Ignoring duplicate uses-permissions/uses-permissions-sdk-m: android.permission.CAMERA in package: com.tencent.android.qqdownloader at: Binary XML file line #135
11-29 07:18:45.566 1491 1704 W PackageParsing: Ignoring duplicate uses-permissions/uses-permissions-sdk-m: android.permission.ACCESS_NETWORK_STATE in package: com.tencent.android.qqdownloader at: Binary XML file line #136
11-29 07:18:45.566 1491 1704 W PackageParsing: Ignoring duplicate uses-permissions/uses-permissions-sdk-m: android.permission.ACCESS_WIFI_STATE in package: com.tencent.android.qqdownloader at: Binary XML file line #137
11-29 07:18:45.566 1491 1704 W PackageParsing: Ignoring duplicate uses-permissions/uses-permissions-sdk-m: android.permission.CHANGE_WIFI_STATE in package: com.tencent.android.qqdownloader at: Binary XML file line #138
11-29 07:18:45.567 1491 1704 W PackageParsing: Ignoring duplicate uses-permissions/uses-permissions-sdk-m: android.permission.CHANGE_NETWORK_STATE in package: com.tencent.android.qqdownloader at: Binary XML file line #140
11-29 07:18:45.567 1491 1704 W PackageParsing: Ignoring duplicate uses-permissions/uses-permissions-sdk-m: android.permission.INTERNET in package: com.tencent.android.qqdownloader at: Binary XML file line #141
11-29 07:18:45.567 1491 1704 W PackageParsing: Ignoring duplicate uses-permissions/uses-permissions-sdk-m: android.permission.WRITE_EXTERNAL_STORAGE in package: com.tencent.android.qqdownloader at: Binary XML file line #145
11-29 07:18:45.568 1491 1704 W PackageParsing: Ignoring duplicate uses-permissions/uses-permissions-sdk-m: android.permission.INTERNET in package: com.tencent.android.qqdownloader at: Binary XML file line #169
11-29 07:18:45.568 1491 1704 W PackageParsing: Ignoring duplicate uses-permissions/uses-permissions-sdk-m: android.permission.ACCESS_NETWORK_STATE in package: com.tencent.android.qqdownloader at: Binary XML file line #170
11-29 07:18:45.568 1491 1704 W PackageParsing: Ignoring duplicate uses-permissions/uses-permissions-sdk-m: android.permission.ACCESS_WIFI_STATE in package: com.tencent.android.qqdownloader at: Binary XML file line #171
11-29 07:18:45.569 1491 1704 W PackageParsing: Ignoring duplicate uses-permissions/uses-permissions-sdk-m: android.permission.WAKE_LOCK in package: com.tencent.android.qqdownloader at: Binary XML file line #172
11-29 07:18:45.569 1491 1704 W PackageParsing: Ignoring duplicate uses-permissions/uses-permissions-sdk-m: android.permission.WRITE_EXTERNAL_STORAGE in package: com.tencent.android.qqdownloader at: Binary XML file line #174
11-29 07:18:45.569 1491 1704 W PackageParsing: Ignoring duplicate uses-permissions/uses-permissions-sdk-m: com.android.launcher.permission.INSTALL_SHORTCUT in package: com.tencent.android.qqdownloader at: Binary XML file line #176
11-29 07:18:45.569 1491 1704 W PackageParsing: Ignoring duplicate uses-permissions/uses-permissions-sdk-m: android.permission.CHANGE_WIFI_STATE in package: com.tencent.android.qqdownloader at: Binary XML file line #178
11-29 07:18:45.569 1491 1704 W PackageParsing: Ignoring duplicate uses-permissions/uses-permissions-sdk-m: android.permission.ACCESS_COARSE_LOCATION in package: com.tencent.android.qqdownloader at: Binary XML file line #179
11-29 07:18:45.569 1491 1704 W PackageParsing: Ignoring duplicate uses-permissions/uses-permissions-sdk-m: android.permission.INTERNET in package: com.tencent.android.qqdownloader at: Binary XML file line #215
11-29 07:18:45.569 1491 1704 W PackageParsing: Ignoring duplicate uses-permissions/uses-permissions-sdk-m: android.permission.ACCESS_COARSE_LOCATION in package: com.tencent.android.qqdownloader at: Binary XML file line #216
11-29 07:18:45.569 1491 1704 W PackageParsing: Ignoring duplicate uses-permissions/uses-permissions-sdk-m: android.permission.ACCESS_FINE_LOCATION in package: com.tencent.android.qqdownloader at: Binary XML file line #217
11-29 07:18:45.569 1491 1704 W PackageParsing: Ignoring duplicate uses-permissions/uses-permissions-sdk-m: android.permission.ACCESS_NETWORK_STATE in package: com.tencent.android.qqdownloader at: Binary XML file line #218
11-29 07:18:45.570 1491 1704 W PackageParsing: Ignoring duplicate uses-permissions/uses-permissions-sdk-m: android.permission.ACCESS_WIFI_STATE in package: com.tencent.android.qqdownloader at: Binary XML file line #219
11-29 07:18:45.570 1491 1704 W PackageParsing: Ignoring duplicate uses-permissions/uses-permissions-sdk-m: android.permission.CAMERA in package: com.tencent.android.qqdownloader at: Binary XML file line #221
11-29 07:18:45.570 1491 1704 W PackageParsing: Ignoring duplicate uses-permissions/uses-permissions-sdk-m: android.permission.WRITE_EXTERNAL_STORAGE in package: com.tencent.android.qqdownloader at: Binary XML file line #222
11-29 07:18:45.570 1491 1704 W PackageParsing: No actions in intent-filter at /data/app/vmdl649060652.tmp/base.apk Binary XML file line #353
11-29 07:18:45.570 1491 1704 W PackageParsing: No actions in intent-filter at /data/app/vmdl649060652.tmp/base.apk Binary XML file line #373
11-29 07:18:45.571 1491 1704 W PackageParsing: No actions in intent-filter at /data/app/vmdl649060652.tmp/base.apk Binary XML file line #410
11-29 07:18:45.571 1491 1704 W PackageParsing: No actions in intent-filter at /data/app/vmdl649060652.tmp/base.apk Binary XML file line #446
11-29 07:18:45.571 1491 1704 W PackageParsing: No actions in intent-filter at /data/app/vmdl649060652.tmp/base.apk Binary XML file line #482
11-29 07:18:45.571 1491 1704 W PackageParsing: No actions in intent-filter at /data/app/vmdl649060652.tmp/base.apk Binary XML file line #518
11-29 07:18:45.577 1491 1704 W PackageParsing: No actions in intent-filter at /data/app/vmdl649060652.tmp/base.apk Binary XML file line #1683
11-29 07:18:45.581 1491 1704 D CompatibilityChangeReporter: Compat change id reported: 132742131; UID -1; state: DISABLED
11-29 07:18:45.621 1491 1704 W RuleEvaluation: Integrity rule files are not available.
11-29 07:18:45.622 1491 1635 I PackageManager: Integrity check passed for file:///data/app/vmdl649060652.tmp
11-29 07:18:45.652 1491 1635 W PackageParsing: Ignoring duplicate uses-permissions/uses-permissions-sdk-m: android.permission.CAMERA in package: com.tencent.android.qqdownloader at: Binary XML file line #135
11-29 07:18:45.653 1491 1635 W PackageParsing: Ignoring duplicate uses-permissions/uses-permissions-sdk-m: android.permission.ACCESS_NETWORK_STATE in package: com.tencent.android.qqdownloader at: Binary XML file line #136
11-29 07:18:45.653 1491 1635 W PackageParsing: Ignoring duplicate uses-permissions/uses-permissions-sdk-m: android.permission.ACCESS_WIFI_STATE in package: com.tencent.android.qqdownloader at: Binary XML file line #137
11-29 07:18:45.653 1491 1635 W PackageParsing: Ignoring duplicate uses-permissions/uses-permissions-sdk-m: android.permission.CHANGE_WIFI_STATE in package: com.tencent.android.qqdownloader at: Binary XML file line #138
11-29 07:18:45.653 1491 1635 W PackageParsing: Ignoring duplicate uses-permissions/uses-permissions-sdk-m: android.permission.CHANGE_NETWORK_STATE in package: com.tencent.android.qqdownloader at: Binary XML file line #140
11-29 07:18:45.653 1491 1635 W PackageParsing: Ignoring duplicate uses-permissions/uses-permissions-sdk-m: android.permission.INTERNET in package: com.tencent.android.qqdownloader at: Binary XML file line #141
11-29 07:18:45.653 1491 1635 W PackageParsing: Ignoring duplicate uses-permissions/uses-permissions-sdk-m: android.permission.WRITE_EXTERNAL_STORAGE in package: com.tencent.android.qqdownloader at: Binary XML file line #145
11-29 07:18:45.653 1491 1635 W PackageParsing: Ignoring duplicate uses-permissions/uses-permissions-sdk-m: android.permission.INTERNET in package: com.tencent.android.qqdownloader at: Binary XML file line #169
11-29 07:18:45.653 1491 1635 W PackageParsing: Ignoring duplicate uses-permissions/uses-permissions-sdk-m: android.permission.ACCESS_NETWORK_STATE in package: com.tencent.android.qqdownloader at: Binary XML file line #170
11-29 07:18:45.653 1491 1635 W PackageParsing: Ignoring duplicate uses-permissions/uses-permissions-sdk-m: android.permission.ACCESS_WIFI_STATE in package: com.tencent.android.qqdownloader at: Binary XML file line #171
11-29 07:18:45.653 1491 1635 W PackageParsing: Ignoring duplicate uses-permissions/uses-permissions-sdk-m: android.permission.WAKE_LOCK in package: com.tencent.android.qqdownloader at: Binary XML file line #172
11-29 07:18:45.653 1491 1635 W PackageParsing: Ignoring duplicate uses-permissions/uses-permissions-sdk-m: android.permission.WRITE_EXTERNAL_STORAGE in package: com.tencent.android.qqdownloader at: Binary XML file line #174
11-29 07:18:45.653 1491 1635 W PackageParsing: Ignoring duplicate uses-permissions/uses-permissions-sdk-m: com.android.launcher.permission.INSTALL_SHORTCUT in package: com.tencent.android.qqdownloader at: Binary XML file line #176
11-29 07:18:45.653 1491 1635 W PackageParsing: Ignoring duplicate uses-permissions/uses-permissions-sdk-m: android.permission.CHANGE_WIFI_STATE in package: com.tencent.android.qqdownloader at: Binary XML file line #178
11-29 07:18:45.653 1491 1635 W PackageParsing: Ignoring duplicate uses-permissions/uses-permissions-sdk-m: android.permission.ACCESS_COARSE_LOCATION in package: com.tencent.android.qqdownloader at: Binary XML file line #179
11-29 07:18:45.654 1491 1635 W PackageParsing: Ignoring duplicate uses-permissions/uses-permissions-sdk-m: android.permission.INTERNET in package: com.tencent.android.qqdownloader at: Binary XML file line #215
11-29 07:18:45.654 1491 1635 W PackageParsing: Ignoring duplicate uses-permissions/uses-permissions-sdk-m: android.permission.ACCESS_COARSE_LOCATION in package: com.tencent.android.qqdownloader at: Binary XML file line #216
11-29 07:18:45.654 1491 1635 W PackageParsing: Ignoring duplicate uses-permissions/uses-permissions-sdk-m: android.permission.ACCESS_FINE_LOCATION in package: com.tencent.android.qqdownloader at: Binary XML file line #217
11-29 07:18:45.654 1491 1635 W PackageParsing: Ignoring duplicate uses-permissions/uses-permissions-sdk-m: android.permission.ACCESS_NETWORK_STATE in package: com.tencent.android.qqdownloader at: Binary XML file line #218
11-29 07:18:45.654 1491 1635 W PackageParsing: Ignoring duplicate uses-permissions/uses-permissions-sdk-m: android.permission.ACCESS_WIFI_STATE in package: com.tencent.android.qqdownloader at: Binary XML file line #219
11-29 07:18:45.654 1491 1635 W PackageParsing: Ignoring duplicate uses-permissions/uses-permissions-sdk-m: android.permission.CAMERA in package: com.tencent.android.qqdownloader at: Binary XML file line #221
11-29 07:18:45.654 1491 1635 W PackageParsing: Ignoring duplicate uses-permissions/uses-permissions-sdk-m: android.permission.WRITE_EXTERNAL_STORAGE in package: com.tencent.android.qqdownloader at: Binary XML file line #222
11-29 07:18:45.655 1491 1635 W PackageParsing: No actions in intent-filter at /data/app/vmdl649060652.tmp/base.apk Binary XML file line #353
11-29 07:18:45.656 1491 1635 W PackageParsing: No actions in intent-filter at /data/app/vmdl649060652.tmp/base.apk Binary XML file line #373
11-29 07:18:45.656 1491 1635 W PackageParsing: No actions in intent-filter at /data/app/vmdl649060652.tmp/base.apk Binary XML file line #410
11-29 07:18:45.657 1491 1635 W PackageParsing: No actions in intent-filter at /data/app/vmdl649060652.tmp/base.apk Binary XML file line #446
11-29 07:18:45.657 1491 1635 W PackageParsing: No actions in intent-filter at /data/app/vmdl649060652.tmp/base.apk Binary XML file line #482
11-29 07:18:45.657 1491 1635 W PackageParsing: No actions in intent-filter at /data/app/vmdl649060652.tmp/base.apk Binary XML file line #518
11-29 07:18:45.663 1491 1635 W PackageParsing: No actions in intent-filter at /data/app/vmdl649060652.tmp/base.apk Binary XML file line #1683
11-29 07:18:45.680 1491 1635 D CompatibilityChangeReporter: Compat change id reported: 133396946; UID -1; state: DISABLED
11-29 07:18:45.682 1491 1635 W PackageManager: Provider ComponentInfo{com.tencent.android.qqdownloader/com.tencent.pangu.share.weixin.WeChatShareProvider} already defined; ignoring
11-29 07:18:45.682 1491 1635 W PackageManager: Skipping provider name com.tencent.pangu.share.weixin.WeChatShareProvider (in package com.tencent.android.qqdownloader): name already used by com.tencent.android.qqdownloader
11-29 07:18:45.684 1491 1635 I PackageManager: Permission ownership changed. Updating all permissions.
11-29 07:18:45.716 1491 1635 I commit_sys_config_file: [package-user-0,1]
11-29 07:18:45.716 1491 1635 I commit_sys_config_file: [package,17]
11-29 07:18:45.790 1491 1596 V StorageManagerService: Package null has legacy storage
11-29 07:18:45.965 1491 1599 I wm_destroy_activity: [0,222118316,175,com.thundercomm.screensaver/android.service.dreams.DreamActivity,finish-imm:idle]
11-29 07:18:45.971 5601 5601 I wm_on_stop_called: [222118316,android.service.dreams.DreamActivity,LIFECYCLER_STOP_ACTIVITY]
11-29 07:18:45.972 5601 5601 I wm_on_destroy_called: [222118316,android.service.dreams.DreamActivity,performDestroy]
11-29 07:18:45.974 1491 7072 I DreamManagerService: Leaving dreamland.
11-29 07:18:45.976 1491 1596 I DreamManagerService: Performing gentle wake from dream.
11-29 07:18:45.976 1491 1596 I DreamController: Stopping dream: name=ComponentInfo{com.thundercomm.screensaver/com.thundercomm.saverclock.service.ClockScreensaver}, isTest=false, canDoze=false, userId=0, reason='finished self'(from 'finished self')
11-29 07:18:45.976 1491 1596 I sysui_multi_action: [757,222,758,2]
11-29 07:18:45.976 1491 1596 I sysui_multi_action: [757,804,799,dreaming_minutes,801,0,802,1]
11-29 07:18:45.985 16043 16059 W ContextImpl: Calling a method in the system process without a qualified user: android.app.ContextImpl.startService:1816 android.content.ContextWrapper.startService:774 com.thundercomm.gamemode.ingame.services.GameModeActionUtils.startGameModeService:93 com.thundercomm.gamemode.ingame.services.GameModeActionUtils.startGameModeEntry:21 com.thundercomm.gamemode.ingame.services.ActivityMonitoringService$1.onActivityLaunch:127
11-29 07:18:45.990 1491 8943 I wm_task_removed: [175,removeChild:removeChild last r=ActivityRecord{d3d41ac u0 com.thundercomm.screensaver/android.service.dreams.DreamActivity t-1 f}} in t=Task{9c8a461 #175 type=dream A=10052:android:com.thundercomm.screensaver/dream U=0 visible=false mode=fullscreen translucent=true sz=0}]
11-29 07:18:45.990 1491 8943 I wm_task_removed: [175,removeChild]
11-29 07:18:45.991 1491 1491 I GameModeConfig: Current uri is uri = content://com.thundercomm.gamemode.api/gamemode_settings/gamemode_isgaming
11-29 07:18:45.992 1491 1491 I GameModeConfig: isGameModeOn = false
11-29 07:18:45.992 1491 1491 I GameModeConfig: isGameModeOn = false
11-29 07:18:45.992 1491 1491 I GameModeConfig: isDisableVoice = true
11-29 07:18:45.992 1491 1600 W ActivityTaskManager: Can't find TaskDisplayArea to determine support for multi window. Task id=175 attached=false
11-29 07:18:46.207 1491 1693 I input_interaction: Interaction with: 17e01da com.microsoft.emmx/org.chromium.chrome.browser.customtabs.CustomTabActivity (server), edge-swipe (server), swipe-up (server), PointerEventDispatcher0 (server),
11-29 07:18:46.223 1491 1525 I wm_task_moved: [32,0,0]
11-29 07:18:46.223 1491 1525 I wm_task_moved: [32,0,8]
11-29 07:18:46.253 9956 9956 I wm_on_restart_called: [254362067,com.android.launcher3.uioverrides.QuickstepLauncher,performRestartActivity]
11-29 07:18:46.254 21180 21180 I view_enqueue_input_event: [Motion - Cancel,com.microsoft.emmx/org.chromium.chrome.browser.customtabs.CustomTabActivity]
11-29 07:18:46.254 1491 1693 I input_interaction: Interaction with: edge-swipe (server), swipe-up (server), PointerEventDispatcher0 (server),
11-29 07:18:46.258 1491 1600 I input_focus: [Focus request recents_animation_input_consumer,reason=UpdateInputWindows]
11-29 07:18:46.266 16043 16059 W ContextImpl: Calling a method in the system process without a qualified user: android.app.ContextImpl.startService:1816 android.content.ContextWrapper.startService:774 com.thundercomm.gamemode.ingame.services.GameModeActionUtils.startGameModeService:93 com.thundercomm.gamemode.ingame.services.GameModeActionUtils.startGameModeEntry:21 com.thundercomm.gamemode.ingame.services.ActivityMonitoringService$1.onActivityLaunch:127
11-29 07:18:46.272 1491 1693 I input_focus: [Focus leaving 17e01da com.microsoft.emmx/org.chromium.chrome.browser.customtabs.CustomTabActivity (server),reason=NOT_FOCUSABLE]
11-29 07:18:46.272 1491 1693 I input_focus: [Focus entering recents_animation_input_consumer (server),reason=setFocusedWindow]
11-29 07:18:46.273 9956 9956 I wm_on_start_called: [254362067,com.android.launcher3.uioverrides.QuickstepLauncher,handleStartActivity]
11-29 07:18:46.274 1491 1491 I GameModeConfig: Current uri is uri = content://com.thundercomm.gamemode.api/gamemode_settings/gamemode_isgaming
11-29 07:18:46.275 1491 1491 I GameModeConfig: isGameModeOn = false
11-29 07:18:46.275 1491 1491 I GameModeConfig: isGameModeOn = false
11-29 07:18:46.275 1491 1491 I GameModeConfig: isDisableVoice = true
11-29 07:18:46.279 1491 1525 W ActivityTaskManager: getTaskSnapshot: taskId=2167 not found
11-29 07:18:46.280 1491 1525 W ActivityTaskManager: getTaskSnapshot: taskId=1167 not found
11-29 07:18:46.282 9956 9956 I sysui_latency: [1,76]
11-29 07:18:46.294 1491 1596 I sysui_multi_action: [319,4,322,68,325,14704,757,761,758,9,759,5,806,com.android.launcher3,871,com.android.launcher3.uioverrides.QuickstepLauncher,905,0,1320,8,1321,5]
11-29 07:18:46.294 1491 9480 W ActivityTaskManager: getTaskSnapshot: taskId=1167 not found
11-29 07:18:46.296 1491 9480 W ActivityTaskManager: getTaskSnapshot: taskId=2167 not found
11-29 07:18:46.484 1491 1673 I commit_sys_config_file: [settings-1-0,11]
11-29 07:18:46.593 1491 1607 I sysui_latency: [8,80]
11-29 07:18:46.810 1491 1635 V BackupManagerService: [UserID:0] restoreAtInstall pkg=com.tencent.android.qqdownloader token=1 restoreSet=0
11-29 07:18:46.811 1491 1635 V BackupManagerService: [UserID:0] Finishing install immediately
11-29 07:18:46.811 1491 1491 I auditd : type=1400 audit(0.0:15634): avc: denied { getopt } for comm="Binder:1491_1B" scontext=u:r:system_server:s0 tcontext=u:r:shell:s0 tclass=unix_stream_socket permissive=0
11-29 07:18:46.813 1491 1635 I unknown_sources_enabled: 1
11-29 07:18:46.811 1491 1491 I auditd : type=1400 audit(0.0:15635): avc: denied { getopt } for comm="Binder:1491_1B" scontext=u:r:system_server:s0 tcontext=u:r:shell:s0 tclass=unix_stream_socket permissive=0
11-29 07:18:46.811 1491 1491 I auditd : type=1400 audit(0.0:15636): avc: denied { getopt } for comm="Binder:1491_1B" scontext=u:r:system_server:s0 tcontext=u:r:shell:s0 tclass=unix_stream_socket permissive=0
11-29 07:18:46.829 1491 1635 D CompatibilityChangeReporter: Compat change id reported: 168419799; UID 10097; state: DISABLED
11-29 07:18:46.833 1491 1757 D VcnManagementService: new snapshot: TelephonySubscriptionSnapshot{ mActiveDataSubId=-1, mSubIdToInfoMap={}, mPrivilegedPackages={} }
11-29 07:18:46.837 1491 1655 I commit_sys_config_file: [overlays,14695942]
11-29 07:18:46.840 1491 1654 I commit_sys_config_file: [package-session,14695298]
11-29 07:18:46.842 1491 8943 W BroadcastQueue: Background execution not allowed: receiving Intent { act=android.intent.action.PACKAGE_ADDED dat=package:com.tencent.android.qqdownloader flg=0x4000010 (has extras) } to com.android.packageinstaller/.PackageInstalledReceiver
11-29 07:18:46.847 1491 1491 I Telecom : DefaultDialerCache: Refreshing default dialer for user 0: now null: DDC.oR@AJs
11-29 07:18:46.848 1491 1608 W BroadcastQueue: Background execution not allowed: receiving Intent { act=android.intent.action.PACKAGE_ADDED dat=package:com.tencent.android.qqdownloader flg=0x4000010 (has extras) } to com.android.gallery3d/.app.PackagesMonitor
11-29 07:18:46.849 1491 1608 D CompatibilityChangeReporter: Compat change id reported: 168419799; UID 10019; state: DISABLED
11-29 07:18:46.859 1491 1491 I notification_cancel_all: [1000,1491,com.tencent.android.qqdownloader,0,0,0,5,NULL]
11-29 07:18:46.865 1491 1596 D CompanionDeviceManagerService: onPackageModified(packageName = com.tencent.android.qqdownloader)
11-29 07:18:46.869 1491 1608 D CompatibilityChangeReporter: Compat change id reported: 168419799; UID 10068; state: DISABLED
11-29 07:18:46.869 1491 1491 I Telecom : DefaultDialerCache: Refreshing default dialer for user 0: now null: DDC.oR@AJw
11-29 07:18:46.938 1491 1607 W VoiceInteractionManager: no available voice recognition services found for user 0
11-29 07:18:46.939 1491 1607 W PackageManager: Failed registering loading progress callback. Package is fully loaded.
11-29 07:18:46.963 1491 1607 W VoiceInteractionManager: no available voice recognition services found for user 0
11-29 07:18:46.969 1491 9682 I wm_task_moved: [32,1,9]
11-29 07:18:46.969 1491 9682 I wm_task_moved: [41,1,2147483647]
11-29 07:18:46.969 1491 9682 I wm_task_to_front: [0,41]
11-29 07:18:46.969 1491 9682 I wm_focused_root_task: [0,0,32,174,RecentsAnimation.onAnimationFinished()]
11-29 07:18:46.969 1491 9682 I wm_set_resumed_activity: [0,com.android.launcher3/.uioverrides.QuickstepLauncher,RecentsAnimation.onAnimationFinished()]
11-29 07:18:46.969 21180 21180 I wm_on_top_resumed_lost_called: [241900062,org.chromium.chrome.browser.customtabs.CustomTabActivity,topStateChangedWhenResumed]
11-29 07:18:46.970 1491 9682 I wm_pause_activity: [0,241900062,com.microsoft.emmx/org.chromium.chrome.browser.customtabs.CustomTabActivity,userLeaving=true,pauseBackTasks]
11-29 07:18:46.972 1491 9682 I wm_add_to_stopping: [0,241900062,com.microsoft.emmx/org.chromium.chrome.browser.customtabs.CustomTabActivity,makeInvisible]
11-29 07:18:46.981 1491 1600 I input_focus: [Focus request cd0514f com.android.launcher3/com.android.launcher3.uioverrides.QuickstepLauncher,reason=UpdateInputWindows]
11-29 07:18:46.985 1491 1599 I sysui_multi_action: [757,803,799,window_time_0,802,2]
11-29 07:18:46.992 1491 1693 I input_focus: [Focus leaving recents_animation_input_consumer (server),reason=NOT_VISIBLE]
11-29 07:18:46.992 1491 1693 I input_focus: [Focus entering cd0514f com.android.launcher3/com.android.launcher3.uioverrides.QuickstepLauncher (server),reason=setFocusedWindow]
11-29 07:18:46.994 21180 21180 I wm_on_paused_called: [241900062,org.chromium.chrome.browser.customtabs.CustomTabActivity,performPause]
11-29 07:18:46.995 1491 1525 I ActivityTaskManager: FOREGROUND_APPLICATION_CHANGED to com.android.launcher3.uioverrides.QuickstepLauncher
11-29 07:18:46.996 1491 1525 I wm_set_resumed_activity: [0,com.android.launcher3/.uioverrides.QuickstepLauncher,resumeTopActivityInnerLocked]
11-29 07:18:47.010 1491 1525 I wm_resume_activity: [0,254362067,41,com.android.launcher3/.uioverrides.QuickstepLauncher]
11-29 07:18:47.017 1491 1599 I wm_stop_activity: [0,241900062,com.microsoft.emmx/org.chromium.chrome.browser.customtabs.CustomTabActivity]
11-29 07:18:47.018 1491 1599 I sysui_multi_action: [757,803,799,window_time_0,802,0]
11-29 07:18:47.026 9956 9956 I wm_on_resume_called: [254362067,com.android.launcher3.uioverrides.QuickstepLauncher,RESUME_ACTIVITY]
11-29 07:18:47.026 9956 9956 I wm_on_top_resumed_gained_called: [254362067,com.android.launcher3.uioverrides.QuickstepLauncher,topWhenResuming]
11-29 07:18:47.040 1491 9950 I wm_finish_activity: [0,229145873,173,com.microsoft.emmx/com.microsoft.edge.fre.OrientationAdaptiveFirstRunActivity,remove-hidden-task]
11-29 07:18:47.041 1491 9950 I wm_destroy_activity: [0,229145873,173,com.microsoft.emmx/com.microsoft.edge.fre.OrientationAdaptiveFirstRunActivity,finish-imm:finishIfPossible]
11-29 07:18:47.043 1491 1599 I sysui_multi_action: [757,803,799,window_time_0,802,0]
11-29 07:18:47.067 21180 21180 I wm_on_stop_called: [241900062,org.chromium.chrome.browser.customtabs.CustomTabActivity,STOP_ACTIVITY_ITEM]
11-29 07:18:47.082 21180 21180 I wm_on_destroy_called: [229145873,com.microsoft.edge.fre.OrientationAdaptiveFirstRunActivity,performDestroy]
11-29 07:18:47.088 1491 9682 I wm_task_removed: [173,removeChild:removeChild last r=ActivityRecord{da87d11 u0 com.microsoft.emmx/com.microsoft.edge.fre.OrientationAdaptiveFirstRunActivity t-1 f}} in t=Task{2fe9e76 #173 type=standard A=10036:com.microsoft.emmx U=0 visible=false mode=fullscreen translucent=true sz=0}]
11-29 07:18:47.088 1491 9682 I wm_task_removed: [173,removeChild]
11-29 07:18:47.091 1491 1600 W ActivityTaskManager: Can't find TaskDisplayArea to determine support for multi window. Task id=173 attached=false
11-29 07:18:47.091 1491 1600 W ActivityTaskManager: Can't find TaskDisplayArea to determine support for multi window. Task id=173 attached=false
11-29 07:18:47.105 16043 16059 W ContextImpl: Calling a method in the system process without a qualified user: android.app.ContextImpl.startService:1816 android.content.ContextWrapper.startService:774 com.thundercomm.gamemode.ingame.services.GameModeActionUtils.startGameModeService:93 com.thundercomm.gamemode.ingame.services.GameModeActionUtils.startGameModeEntry:21 com.thundercomm.gamemode.ingame.services.ActivityMonitoringService$1.onActivityLaunch:127
11-29 07:18:47.112 1491 1607 W UsageStatsService: Unexpected activity event reported! (com.microsoft.emmx/com.microsoft.edge.fre.OrientationAdaptiveFirstRunActivity event : 23 instanceId : 168335672)
11-29 07:18:47.117 1491 1491 I GameModeConfig: Current uri is uri = content://com.thundercomm.gamemode.api/gamemode_settings/gamemode_isgaming
11-29 07:18:47.120 1491 1491 I GameModeConfig: isGameModeOn = false
11-29 07:18:47.120 1491 1491 I GameModeConfig: isGameModeOn = false
11-29 07:18:47.120 1491 1491 I GameModeConfig: isDisableVoice = true
11-29 07:18:47.149 16043 16059 W ContextImpl: Calling a method in the system process without a qualified user: android.app.ContextImpl.startService:1816 android.content.ContextWrapper.startService:774 com.thundercomm.gamemode.ingame.services.GameModeActionUtils.startGameModeService:93 com.thundercomm.gamemode.ingame.services.GameModeActionUtils.startGameModeEntry:21 com.thundercomm.gamemode.ingame.services.ActivityMonitoringService$1.onActivityLaunch:127
11-29 07:18:47.153 1491 1491 I GameModeConfig: Current uri is uri = content://com.thundercomm.gamemode.api/gamemode_settings/gamemode_isgaming
11-29 07:18:47.155 1491 1491 I GameModeConfig: isGameModeOn = false
11-29 07:18:47.156 1491 1491 I GameModeConfig: isGameModeOn = false
11-29 07:18:47.156 1491 1491 I GameModeConfig: isDisableVoice = true
11-29 07:18:48.079 0 0 I auditd : type=1400 audit(0.0:15637): avc: denied { kill } for comm="swapper/4" capability=5 scontext=u:r:kernel:s0 tcontext=u:r:kernel:s0 tclass=capability permissive=0
11-29 07:18:49.079 0 0 I auditd : type=1400 audit(0.0:15638): avc: denied { kill } for comm="swapper/4" capability=5 scontext=u:r:kernel:s0 tcontext=u:r:kernel:s0 tclass=capability permissive=0
11-29 07:18:50.079 0 0 I auditd : type=1400 audit(0.0:15639): avc: denied { kill } for comm="swapper/2" capability=5 scontext=u:r:kernel:s0 tcontext=u:r:kernel:s0 tclass=capability permissive=0
11-29 07:18:50.414 1491 1491 I service_manager_stats: [149,115,7393]
11-29 07:18:50.415 1491 1491 D CompatibilityChangeReporter: Compat change id reported: 168419799; UID 10036; state: DISABLED
11-29 07:18:51.079 0 0 I auditd : type=1400 audit(0.0:15640): avc: denied { kill } for comm="swapper/2" capability=5 scontext=u:r:kernel:s0 tcontext=u:r:kernel:s0 tclass=capability permissive=0
11-29 07:18:51.291 1491 1693 I input_interaction: Interaction with: cd0514f com.android.launcher3/com.android.launcher3.uioverrides.QuickstepLauncher (server), 5c05474 com.android.systemui.ImageWallpaper (server), edge-swipe (server), swipe-up (server), PointerEventDispatcher0 (server),
11-29 07:18:52.079 0 0 I auditd : type=1400 audit(0.0:15641): avc: denied { kill } for comm="swapper/2" capability=5 scontext=u:r:kernel:s0 tcontext=u:r:kernel:s0 tclass=capability permissive=0
11-29 07:18:52.288 1491 9682 I ActivityTaskManager: START u0 {act=android.intent.action.MAIN cat=[android.intent.category.LAUNCHER] flg=0x10200000 cmp=com.tencent.android.qqdownloader/com.tencent.pangu.link.SplashActivity bnds=[715,400][1017,680]} from uid 10077
11-29 07:18:52.294 1491 9682 I wm_task_created: [176,-1]
11-29 07:18:52.294 1491 9682 W ActivityTaskManager: Can't find TaskDisplayArea to determine support for multi window. Task id=176 attached=false
11-29 07:18:52.297 1491 9682 D CompatibilityChangeReporter: Compat change id reported: 174042980; UID 10097; state: DISABLED
11-29 07:18:52.298 1491 9682 D CompatibilityChangeReporter: Compat change id reported: 184838306; UID 10097; state: DISABLED
11-29 07:18:52.298 1491 9682 D CompatibilityChangeReporter: Compat change id reported: 185004937; UID 10097; state: DISABLED
11-29 07:18:52.299 1491 9682 D CompatibilityChangeReporter: Compat change id reported: 181136395; UID 10097; state: DISABLED
11-29 07:18:52.299 1491 9682 D CompatibilityChangeReporter: Compat change id reported: 174042936; UID 10097; state: DISABLED
11-29 07:18:52.300 1491 9682 I wm_task_moved: [176,1,9]
11-29 07:18:52.300 1491 9682 I wm_task_to_front: [0,176]
11-29 07:18:52.301 1491 9682 I wm_create_task: [0,176]
11-29 07:18:52.301 1491 9682 I wm_create_activity: [0,58143268,176,com.tencent.android.qqdownloader/com.tencent.pangu.link.SplashActivity,android.intent.action.MAIN,NULL,NULL,270532608]
11-29 07:18:52.301 1491 9682 I wm_task_moved: [176,1,9]
11-29 07:18:52.302 1491 9682 I wm_pause_activity: [0,254362067,com.android.launcher3/.uioverrides.QuickstepLauncher,userLeaving=true,pauseBackTasks]
11-29 07:18:52.308 1491 1599 I am_uid_running: 10097
11-29 07:18:52.309 1491 1599 D CompatibilityChangeReporter: Compat change id reported: 135634846; UID 10097; state: DISABLED
11-29 07:18:52.313 1491 1609 D CompatibilityChangeReporter: Compat change id reported: 143937733; UID 10097; state: DISABLED
11-29 07:18:52.313 9956 9956 I wm_on_top_resumed_lost_called: [254362067,com.android.launcher3.uioverrides.QuickstepLauncher,topStateChangedWhenResumed]
11-29 07:18:52.313 9956 9956 I wm_on_paused_called: [254362067,com.android.launcher3.uioverrides.QuickstepLauncher,performPause]
11-29 07:18:52.314 1491 1525 I ActivityTaskManager: FOREGROUND_APPLICATION_CHANGED to com.tencent.pangu.link.SplashActivity
