11-29 07:22:52.666 19842 19842 I sysui_multi_action: [757,0,758,1,759,0,927,2,928,0,1593,0]
11-29 07:22:52.666 19842 19842 I sysui_multi_action: [757,0,758,1,759,0,927,3,928,0,1593,0]
11-29 07:22:52.666 19842 19842 I sysui_multi_action: [757,491,758,1,759,491,927,4,928,0,1311,-1,1593,0]
11-29 07:22:52.666 19842 19842 I sysui_multi_action: [757,0,758,1,759,0,927,5,928,0,1593,0]
11-29 07:22:52.666 19842 19842 I sysui_multi_action: [757,111,758,1]
11-29 07:22:52.666 19842 19842 I sysui_multi_action: [757,126,758,1,759,126,927,0,928,1,1593,0]
11-29 07:22:52.666 19842 19842 I sysui_multi_action: [757,113,758,1,759,113,927,1,928,1,1593,0]
11-29 07:22:52.666 19842 19842 I sysui_multi_action: [757,0,758,1,759,0,927,2,928,0,1593,0]
11-29 07:22:52.666 19842 19842 I sysui_multi_action: [757,0,758,1,759,0,927,3,928,0,1593,0]
11-29 07:22:52.686 19842 19842 I sysui_multi_action: [757,111,758,2]
11-29 07:22:52.686 19842 19842 I sysui_multi_action: [757,111,758,2]
11-29 07:22:52.687 1491 1491 I notification_enqueue: [10082,19842,com.android.systemui,2048,NULL,0,Notification(channel=updateNotification shortcut=null contentView=null vibrate=null sound=null defaults=0x0 flags=0x0 color=0x00000000 vis=PRIVATE),1]
11-29 07:22:52.688 1491 1760 I GameModeConfig: isGameModeOn = false
11-29 07:22:52.689 1491 1760 I GameModeConfig: isGameModeOn = false
11-29 07:22:52.689 1491 1760 I GameModeConfig: isGameModeOn = false
11-29 07:22:52.689 1491 1760 I GameModeConfig: isGameModeOn = false
11-29 07:22:52.689 1491 1760 I GameModeConfig: isGameModeOn = false
11-29 07:22:52.689 1491 1760 I GameModeConfig: isGameModeOn = false
11-29 07:22:52.694 19842 19842 I sysui_multi_action: [757,111,758,1]
11-29 07:22:52.694 19842 19842 I sysui_multi_action: [757,126,758,1,759,126,927,0,928,1,1593,0]
11-29 07:22:52.694 19842 19842 I sysui_multi_action: [757,113,758,1,759,113,927,1,928,1,1593,0]
11-29 07:22:52.694 19842 19842 I sysui_multi_action: [757,0,758,1,759,0,927,2,928,0,1593,0]
11-29 07:22:52.694 19842 19842 I sysui_multi_action: [757,0,758,1,759,0,927,3,928,0,1593,0]
11-29 07:22:52.694 19842 19842 I sysui_multi_action: [757,491,758,1,759,491,927,4,928,0,1311,-1,1593,0]
11-29 07:22:52.694 19842 19842 I sysui_multi_action: [757,0,758,1,759,0,927,5,928,0,1593,0]
11-29 07:22:52.695 19842 19842 I sysui_multi_action: [757,111,758,1]
11-29 07:22:52.695 19842 19842 I sysui_multi_action: [757,126,758,1,759,126,927,0,928,1,1593,0]
11-29 07:22:52.695 19842 19842 I sysui_multi_action: [757,113,758,1,759,113,927,1,928,1,1593,0]
11-29 07:22:52.695 19842 19842 I sysui_multi_action: [757,0,758,1,759,0,927,2,928,0,1593,0]
11-29 07:22:52.695 19842 19842 I sysui_multi_action: [757,0,758,1,759,0,927,3,928,0,1593,0]
11-29 07:22:52.710 1491 1760 I GameModeConfig: isGameModeOn = false
11-29 07:22:52.711 1491 1760 I GameModeConfig: isGameModeOn = false
11-29 07:22:52.711 1491 1760 I GameModeConfig: isGameModeOn = false
11-29 07:22:52.711 1491 1760 I GameModeConfig: isGameModeOn = false
11-29 07:22:52.712 1491 1760 I GameModeConfig: isGameModeOn = false
11-29 07:22:52.712 1491 1760 I GameModeConfig: isGameModeOn = false
11-29 07:22:52.713 19842 19842 I sysui_multi_action: [757,111,758,2]
11-29 07:22:52.713 19842 19842 I sysui_multi_action: [757,111,758,2]
11-29 07:22:52.713 1491 1491 I notification_enqueue: [10082,19842,com.android.systemui,2048,NULL,0,Notification(channel=updateNotification shortcut=null contentView=null vibrate=null sound=null defaults=0x0 flags=0x0 color=0x00000000 vis=PRIVATE),1]
11-29 07:22:52.715 19842 19842 I sysui_multi_action: [757,111,758,1]
11-29 07:22:52.716 19842 19842 I sysui_multi_action: [757,126,758,1,759,126,927,0,928,1,1593,0]
11-29 07:22:52.716 19842 19842 I sysui_multi_action: [757,113,758,1,759,113,927,1,928,1,1593,0]
11-29 07:22:52.716 19842 19842 I sysui_multi_action: [757,0,758,1,759,0,927,2,928,0,1593,0]
11-29 07:22:52.716 19842 19842 I sysui_multi_action: [757,0,758,1,759,0,927,3,928,0,1593,0]
11-29 07:22:52.716 19842 19842 I sysui_multi_action: [757,491,758,1,759,491,927,4,928,0,1311,-1,1593,0]
11-29 07:22:52.716 19842 19842 I sysui_multi_action: [757,0,758,1,759,0,927,5,928,0,1593,0]
11-29 07:22:52.716 19842 19842 I sysui_multi_action: [757,111,758,1]
11-29 07:22:52.716 19842 19842 I sysui_multi_action: [757,126,758,1,759,126,927,0,928,1,1593,0]
11-29 07:22:52.716 19842 19842 I sysui_multi_action: [757,113,758,1,759,113,927,1,928,1,1593,0]
11-29 07:22:52.716 19842 19842 I sysui_multi_action: [757,0,758,1,759,0,927,2,928,0,1593,0]
11-29 07:22:52.716 19842 19842 I sysui_multi_action: [757,0,758,1,759,0,927,3,928,0,1593,0]
11-29 07:22:52.814 1491 1491 I GameModeConfig: isGameModeOn = false
11-29 07:22:52.816 1491 1491 I sysui_multi_action: [757,1501,758,1,793,14930076,794,0,795,206,796,2048,806,com.android.systemui,857,updateNotification,858,3,947,0,1500,0,1688,1]
11-29 07:22:52.817 1491 1491 I sysui_multi_action: [757,804,799,note_interruptive,801,0,802,1]
11-29 07:22:52.817 1491 1491 I sysui_multi_action: [757,199,758,1,759,2,793,14930078,794,0,795,208,796,2048,806,com.android.systemui,857,updateNotification,858,3,947,0,1500,2,1688,1]
11-29 07:22:52.818 1491 1491 I notification_alert: [0|com.android.systemui|2048|null|10082,0,1,0]
11-29 07:22:52.824 1491 1491 W NotificationHistory: Attempted to add notif for locked/gone/disabled user 0
11-29 07:22:52.845 1491 1491 I GameModeConfig: isGameModeOn = false
11-29 07:22:52.845 1491 1491 E NotificationService: Muting recently noisy 0|com.android.systemui|2048|null|10082
11-29 07:22:52.863 1491 1491 I GameModeConfig: isGameModeOn = false
11-29 07:22:52.864 1491 1491 E NotificationService: Muting recently noisy 0|com.android.systemui|2048|null|10082
11-29 07:22:52.889 1491 1491 I GameModeConfig: isGameModeOn = false
11-29 07:22:52.889 1491 1491 E NotificationService: Muting recently noisy 0|com.android.systemui|2048|null|10082
11-29 07:22:52.915 1491 1491 I GameModeConfig: isGameModeOn = false
11-29 07:22:52.916 1491 1491 E NotificationService: Muting recently noisy 0|com.android.systemui|2048|null|10082
11-29 07:22:53.079 0 0 I auditd : type=1400 audit(0.0:16903): avc: denied { kill } for comm="swapper/3" capability=5 scontext=u:r:kernel:s0 tcontext=u:r:kernel:s0 tclass=capability permissive=0
11-29 07:22:53.148 1491 8854 I sysui_multi_action: [757,128,758,1,793,13537920,794,0,795,13537920,796,26,798,0,806,android,857,DEVELOPER_IMPORTANT,858,4,947,0,1395,2,1500,13537715,1688,1]
11-29 07:22:53.148 1491 8854 I sysui_multi_action: [757,804,799,note_freshness,801,13537920,802,1]
11-29 07:22:53.148 1491 8854 I notification_visibility: [-1|android|26|null|1000,1,13537920,13537920,0,0]
11-29 07:22:53.149 1491 8854 I sysui_multi_action: [757,128,758,1,793,13537925,794,0,795,13537925,796,32,798,1,806,android,857,USB,858,1,947,0,1395,2,1500,13537722,1688,1]
11-29 07:22:53.149 1491 8854 I sysui_multi_action: [757,804,799,note_freshness,801,13537925,802,1]
11-29 07:22:53.149 1491 8854 I notification_visibility: [-1|android|32|null|1000,1,13537925,13537925,0,1]
11-29 07:22:53.536 1491 1693 I input_interaction: Interaction with: 3124ee4 NotificationShade (server), edge-swipe (server), swipe-up (server), PointerEventDispatcher0 (server),
11-29 07:22:53.651 1491 1760 I GameModeConfig: isGameModeOn = false
11-29 07:22:53.652 1491 1760 I GameModeConfig: isGameModeOn = false
11-29 07:22:53.653 1491 1760 I GameModeConfig: isGameModeOn = false
11-29 07:22:53.653 1491 1760 I GameModeConfig: isGameModeOn = false
11-29 07:22:53.655 1491 1760 I GameModeConfig: isGameModeOn = false
11-29 07:22:53.655 1491 1760 I GameModeConfig: isGameModeOn = false
11-29 07:22:53.685 1491 1491 I notification_enqueue: [10089,20697,com.android.music,1,NULL,0,Notification(channel=Channel-music shortcut=null contentView=null vibrate=null sound=null defaults=0x0 flags=0x0 color=0x00000000 category=transport actions=4 vis=PRIVATE),1]
11-29 07:22:53.687 1491 1607 I am_pss : [24595,10098,com.miHoYo.Yuanshen,677093376,418947072,0,1074520064,0,16,40]
11-29 07:22:53.695 1491 1607 I am_pss : [25271,10098,com.miHoYo.Yuanshen:PushService,20304896,11239424,0,132911104,0,10,7]
11-29 07:22:53.707 1491 1700 I snet_event_log: [172655291,-1,]
11-29 07:22:53.890 1491 1491 I GameModeConfig: isGameModeOn = false
11-29 07:22:53.915 24595 24595 I auditd : type=1400 audit(0.0:16904): avc: denied { read } for comm="Thread-81" name="tcp" dev="proc" ino=4026532256 scontext=u:r:untrusted_app:s0:c98,c256,c512,c768 tcontext=u:object_r:proc_net_tcp_udp:s0 tclass=file permissive=0 app=com.miHoYo.Yuanshen
11-29 07:22:54.810 1491 8854 I ActivityTaskManager: START u0 {act=com.android.music.PLAYBACK_VIEWER flg=0x10000000 cmp=com.android.music/.MusicBrowserActivity} from uid 10089
11-29 07:22:54.811 1491 8854 I wm_new_intent: [0,258902444,188,com.android.music/.MusicBrowserActivity,android.intent.action.MAIN,NULL,NULL,270532608]
11-29 07:22:54.812 1491 8854 I wm_task_moved: [188,1,9]
11-29 07:22:54.812 20697 20697 I wm_on_top_resumed_lost_called: [258902444,com.android.music.MusicBrowserActivity,pausing]
11-29 07:22:54.813 1491 8854 I wm_set_resumed_activity: [0,com.android.music/.MusicBrowserActivity,positionChildAt]
11-29 07:22:54.813 20697 20697 I wm_on_paused_called: [258902444,com.android.music.MusicBrowserActivity,performPause]
11-29 07:22:54.822 1491 8854 I sysui_multi_action: [757,128,758,2,793,13539594,794,1674,795,13539594,796,26,798,0,806,android,857,DEVELOPER_IMPORTANT,858,4,947,0,1395,2,1500,13539389,1688,1]
11-29 07:22:54.822 1491 8854 I notification_visibility: [-1|android|26|null|1000,0,13539594,13539594,0,0]
11-29 07:22:54.822 1491 8854 I sysui_multi_action: [757,128,758,2,793,13539598,794,1673,795,13539598,796,32,798,1,806,android,857,USB,858,1,947,0,1395,2,1500,13539395,1688,1]
11-29 07:22:54.822 1491 8854 I notification_visibility: [-1|android|32|null|1000,0,13539598,13539598,0,1]
11-29 07:22:54.823 1491 7658 I sysui_multi_action: [757,127,758,2]
11-29 07:22:54.823 1491 7658 I notification_panel_hidden:
11-29 07:22:54.836 1491 1600 I input_focus: [Focus request 8723ef8 com.android.music/com.android.music.MusicBrowserActivity,reason=UpdateInputWindows]
11-29 07:22:54.856 1491 1693 I input_focus: [Focus leaving 3124ee4 NotificationShade (server),reason=NOT_FOCUSABLE]
11-29 07:22:54.856 1491 1693 I input_focus: [Focus entering 8723ef8 com.android.music/com.android.music.MusicBrowserActivity (server),reason=setFocusedWindow]
11-29 07:22:54.859 20697 20697 I wm_on_resume_called: [258902444,com.android.music.MusicBrowserActivity,LIFECYCLER_RESUME_ACTIVITY]
11-29 07:22:54.859 20697 20697 I wm_on_top_resumed_gained_called: [258902444,com.android.music.MusicBrowserActivity,topWhenResuming]
11-29 07:22:54.868 1491 1760 I GameModeConfig: isGameModeOn = false
11-29 07:22:54.869 1491 1760 I GameModeConfig: isGameModeOn = false
11-29 07:22:54.869 1491 1760 I GameModeConfig: isGameModeOn = false
11-29 07:22:54.870 1491 1760 I GameModeConfig: isGameModeOn = false
11-29 07:22:54.870 1491 1760 I GameModeConfig: isGameModeOn = false
11-29 07:22:54.870 1491 1760 I GameModeConfig: isGameModeOn = false
11-29 07:22:54.883 1491 1491 I notification_enqueue: [10089,20697,com.android.music,1,NULL,0,Notification(channel=Channel-music shortcut=null contentView=null vibrate=null sound=null defaults=0x0 flags=0x0 color=0x00000000 category=transport actions=4 vis=PRIVATE),1]
11-29 07:22:54.888 1491 1491 I notification_enqueue: [10089,20697,com.android.music,1,NULL,0,Notification(channel=Channel-music shortcut=null contentView=null vibrate=null sound=null defaults=0x0 flags=0x40 color=0x00000000 category=transport actions=4 vis=PRIVATE),1]
11-29 07:22:55.079 0 0 I auditd : type=1400 audit(0.0:16905): avc: denied { kill } for comm="swapper/3" capability=5 scontext=u:r:kernel:s0 tcontext=u:r:kernel:s0 tclass=capability permissive=0
11-29 07:22:55.086 1491 1491 I GameModeConfig: isGameModeOn = false
11-29 07:22:55.095 1491 1491 I GameModeConfig: isGameModeOn = false
11-29 07:22:55.117 1491 1760 I GameModeConfig: isGameModeOn = false
11-29 07:22:55.117 1491 1760 I GameModeConfig: isGameModeOn = false
11-29 07:22:55.117 1491 1760 I GameModeConfig: isGameModeOn = false
11-29 07:22:55.118 1491 1760 I GameModeConfig: isGameModeOn = false
11-29 07:22:55.118 1491 1760 I GameModeConfig: isGameModeOn = false
11-29 07:22:55.118 1491 1760 I GameModeConfig: isGameModeOn = false
11-29 07:22:55.119 19842 19842 I sysui_multi_action: [757,111,758,2]
11-29 07:22:55.119 1491 1491 I notification_enqueue: [10082,19842,com.android.systemui,2048,NULL,0,Notification(channel=updateNotification shortcut=null contentView=null vibrate=null sound=null defaults=0x0 flags=0x0 color=0x00000000 vis=PRIVATE),1]
11-29 07:22:55.119 19842 19842 I sysui_multi_action: [757,111,758,2]
11-29 07:22:55.128 19842 19842 I sysui_multi_action: [757,111,758,1]
11-29 07:22:55.128 19842 19842 I sysui_multi_action: [757,126,758,1,759,126,927,0,928,1,1593,1]
11-29 07:22:55.128 19842 19842 I sysui_multi_action: [757,113,758,1,759,113,927,1,928,1,1593,1]
11-29 07:22:55.128 19842 19842 I sysui_multi_action: [757,0,758,1,759,0,927,2,928,0,1593,1]
11-29 07:22:55.128 19842 19842 I sysui_multi_action: [757,0,758,1,759,0,927,3,928,0,1593,1]
11-29 07:22:55.129 19842 19842 I sysui_multi_action: [757,491,758,1,759,491,927,4,928,0,1311,-1,1593,0]
11-29 07:22:55.129 19842 19842 I sysui_multi_action: [757,0,758,1,759,0,927,5,928,0,1593,0]
11-29 07:22:55.129 19842 19842 I sysui_multi_action: [757,111,758,1]
11-29 07:22:55.129 19842 19842 I sysui_multi_action: [757,126,758,1,759,126,927,0,928,1,1593,1]
11-29 07:22:55.129 19842 19842 I sysui_multi_action: [757,113,758,1,759,113,927,1,928,1,1593,1]
11-29 07:22:55.129 19842 19842 I sysui_multi_action: [757,0,758,1,759,0,927,2,928,0,1593,1]
11-29 07:22:55.130 19842 19842 I sysui_multi_action: [757,0,758,1,759,0,927,3,928,0,1593,1]
11-29 07:22:55.154 1491 1760 I GameModeConfig: isGameModeOn = false
11-29 07:22:55.154 1491 1760 I GameModeConfig: isGameModeOn = false
11-29 07:22:55.154 1491 1760 I GameModeConfig: isGameModeOn = false
11-29 07:22:55.154 1491 1760 I GameModeConfig: isGameModeOn = false
11-29 07:22:55.154 1491 1760 I GameModeConfig: isGameModeOn = false
11-29 07:22:55.155 1491 1760 I GameModeConfig: isGameModeOn = false
11-29 07:22:55.155 19842 19842 I sysui_multi_action: [757,111,758,2]
11-29 07:22:55.156 19842 19842 I sysui_multi_action: [757,111,758,2]
11-29 07:22:55.156 1491 1491 I notification_enqueue: [10082,19842,com.android.systemui,2048,NULL,0,Notification(channel=updateNotification shortcut=null contentView=null vibrate=null sound=null defaults=0x0 flags=0x0 color=0x00000000 vis=PRIVATE),1]
11-29 07:22:55.158 19842 19842 I sysui_multi_action: [757,111,758,1]
11-29 07:22:55.159 19842 19842 I sysui_multi_action: [757,126,758,1,759,126,927,0,928,1,1593,1]
11-29 07:22:55.159 19842 19842 I sysui_multi_action: [757,113,758,1,759,113,927,1,928,1,1593,1]
11-29 07:22:55.159 19842 19842 I sysui_multi_action: [757,0,758,1,759,0,927,2,928,0,1593,1]
11-29 07:22:55.159 19842 19842 I sysui_multi_action: [757,0,758,1,759,0,927,3,928,0,1593,1]
11-29 07:22:55.159 19842 19842 I sysui_multi_action: [757,491,758,1,759,491,927,4,928,0,1311,-1,1593,0]
11-29 07:22:55.159 19842 19842 I sysui_multi_action: [757,0,758,1,759,0,927,5,928,0,1593,0]
11-29 07:22:55.159 19842 19842 I sysui_multi_action: [757,111,758,1]
11-29 07:22:55.159 19842 19842 I sysui_multi_action: [757,126,758,1,759,126,927,0,928,1,1593,1]
11-29 07:22:55.159 19842 19842 I sysui_multi_action: [757,113,758,1,759,113,927,1,928,1,1593,1]
11-29 07:22:55.159 19842 19842 I sysui_multi_action: [757,0,758,1,759,0,927,2,928,0,1593,1]
11-29 07:22:55.159 19842 19842 I sysui_multi_action: [757,0,758,1,759,0,927,3,928,0,1593,1]
11-29 07:22:55.169 1491 1760 I GameModeConfig: isGameModeOn = false
11-29 07:22:55.169 1491 1760 I GameModeConfig: isGameModeOn = false
11-29 07:22:55.169 1491 1760 I GameModeConfig: isGameModeOn = false
11-29 07:22:55.169 1491 1760 I GameModeConfig: isGameModeOn = false
11-29 07:22:55.169 1491 1760 I GameModeConfig: isGameModeOn = false
11-29 07:22:55.170 1491 1760 I GameModeConfig: isGameModeOn = false
11-29 07:22:55.171 19842 19842 I sysui_multi_action: [757,111,758,2]
11-29 07:22:55.171 19842 19842 I sysui_multi_action: [757,111,758,2]
11-29 07:22:55.173 1491 1491 I notification_enqueue: [10082,19842,com.android.systemui,2048,NULL,0,Notification(channel=updateNotification shortcut=null contentView=null vibrate=null sound=null defaults=0x0 flags=0x0 color=0x00000000 vis=PRIVATE),1]
11-29 07:22:55.174 19842 19842 I sysui_multi_action: [757,111,758,1]
11-29 07:22:55.174 19842 19842 I sysui_multi_action: [757,126,758,1,759,126,927,0,928,1,1593,1]
11-29 07:22:55.174 19842 19842 I sysui_multi_action: [757,113,758,1,759,113,927,1,928,1,1593,1]
11-29 07:22:55.174 19842 19842 I sysui_multi_action: [757,0,758,1,759,0,927,2,928,0,1593,1]
11-29 07:22:55.174 19842 19842 I sysui_multi_action: [757,0,758,1,759,0,927,3,928,0,1593,1]
11-29 07:22:55.174 19842 19842 I sysui_multi_action: [757,491,758,1,759,491,927,4,928,0,1311,-1,1593,0]
11-29 07:22:55.174 19842 19842 I sysui_multi_action: [757,0,758,1,759,0,927,5,928,0,1593,0]
11-29 07:22:55.174 19842 19842 I sysui_multi_action: [757,111,758,1]
11-29 07:22:55.174 19842 19842 I sysui_multi_action: [757,126,758,1,759,126,927,0,928,1,1593,1]
11-29 07:22:55.174 19842 19842 I sysui_multi_action: [757,113,758,1,759,113,927,1,928,1,1593,1]
11-29 07:22:55.174 19842 19842 I sysui_multi_action: [757,0,758,1,759,0,927,2,928,0,1593,1]
11-29 07:22:55.175 19842 19842 I sysui_multi_action: [757,0,758,1,759,0,927,3,928,0,1593,1]
11-29 07:22:55.187 1491 1760 I GameModeConfig: isGameModeOn = false
11-29 07:22:55.188 1491 1760 I GameModeConfig: isGameModeOn = false
11-29 07:22:55.188 1491 1760 I GameModeConfig: isGameModeOn = false
11-29 07:22:55.188 1491 1760 I GameModeConfig: isGameModeOn = false
11-29 07:22:55.188 1491 1760 I GameModeConfig: isGameModeOn = false
11-29 07:22:55.189 1491 1760 I GameModeConfig: isGameModeOn = false
11-29 07:22:55.189 19842 19842 I sysui_multi_action: [757,111,758,2]
11-29 07:22:55.189 19842 19842 I sysui_multi_action: [757,111,758,2]
11-29 07:22:55.190 1491 1491 I notification_enqueue: [10082,19842,com.android.systemui,2048,NULL,0,Notification(channel=updateNotification shortcut=null contentView=null vibrate=null sound=null defaults=0x0 flags=0x0 color=0x00000000 vis=PRIVATE),1]
11-29 07:22:55.191 19842 19842 I sysui_multi_action: [757,111,758,1]
11-29 07:22:55.191 19842 19842 I sysui_multi_action: [757,126,758,1,759,126,927,0,928,1,1593,1]
11-29 07:22:55.191 19842 19842 I sysui_multi_action: [757,113,758,1,759,113,927,1,928,1,1593,1]
11-29 07:22:55.192 19842 19842 I sysui_multi_action: [757,0,758,1,759,0,927,2,928,0,1593,1]
11-29 07:22:55.192 19842 19842 I sysui_multi_action: [757,0,758,1,759,0,927,3,928,0,1593,1]
11-29 07:22:55.192 19842 19842 I sysui_multi_action: [757,491,758,1,759,491,927,4,928,0,1311,-1,1593,0]
11-29 07:22:55.192 19842 19842 I sysui_multi_action: [757,0,758,1,759,0,927,5,928,0,1593,0]
11-29 07:22:55.192 19842 19842 I sysui_multi_action: [757,111,758,1]
11-29 07:22:55.192 19842 19842 I sysui_multi_action: [757,126,758,1,759,126,927,0,928,1,1593,1]
11-29 07:22:55.192 19842 19842 I sysui_multi_action: [757,113,758,1,759,113,927,1,928,1,1593,1]
11-29 07:22:55.192 19842 19842 I sysui_multi_action: [757,0,758,1,759,0,927,2,928,0,1593,1]
11-29 07:22:55.192 19842 19842 I sysui_multi_action: [757,0,758,1,759,0,927,3,928,0,1593,1]
11-29 07:22:55.201 1491 1760 I GameModeConfig: isGameModeOn = false
11-29 07:22:55.201 1491 1760 I GameModeConfig: isGameModeOn = false
11-29 07:22:55.201 1491 1760 I GameModeConfig: isGameModeOn = false
11-29 07:22:55.202 1491 1760 I GameModeConfig: isGameModeOn = false
11-29 07:22:55.202 1491 1760 I GameModeConfig: isGameModeOn = false
11-29 07:22:55.202 1491 1760 I GameModeConfig: isGameModeOn = false
11-29 07:22:55.203 19842 19842 I sysui_multi_action: [757,111,758,2]
11-29 07:22:55.203 19842 19842 I sysui_multi_action: [757,111,758,2]
11-29 07:22:55.203 1491 1491 I notification_enqueue: [10082,19842,com.android.systemui,2048,NULL,0,Notification(channel=updateNotification shortcut=null contentView=null vibrate=null sound=null defaults=0x0 flags=0x0 color=0x00000000 vis=PRIVATE),1]
11-29 07:22:55.205 19842 19842 I sysui_multi_action: [757,111,758,1]
11-29 07:22:55.205 19842 19842 I sysui_multi_action: [757,126,758,1,759,126,927,0,928,1,1593,1]
11-29 07:22:55.205 19842 19842 I sysui_multi_action: [757,113,758,1,759,113,927,1,928,1,1593,1]
11-29 07:22:55.205 19842 19842 I sysui_multi_action: [757,0,758,1,759,0,927,2,928,0,1593,1]
11-29 07:22:55.205 19842 19842 I sysui_multi_action: [757,0,758,1,759,0,927,3,928,0,1593,1]
11-29 07:22:55.205 19842 19842 I sysui_multi_action: [757,491,758,1,759,491,927,4,928,0,1311,-1,1593,0]
11-29 07:22:55.205 19842 19842 I sysui_multi_action: [757,0,758,1,759,0,927,5,928,0,1593,0]
11-29 07:22:55.205 19842 19842 I sysui_multi_action: [757,111,758,1]
11-29 07:22:55.205 19842 19842 I sysui_multi_action: [757,126,758,1,759,126,927,0,928,1,1593,1]
11-29 07:22:55.205 19842 19842 I sysui_multi_action: [757,113,758,1,759,113,927,1,928,1,1593,1]
11-29 07:22:55.205 19842 19842 I sysui_multi_action: [757,0,758,1,759,0,927,2,928,0,1593,1]
11-29 07:22:55.205 19842 19842 I sysui_multi_action: [757,0,758,1,759,0,927,3,928,0,1593,1]
11-29 07:22:55.217 19842 19842 I sysui_multi_action: [757,111,758,2]
11-29 07:22:55.217 19842 19842 I sysui_multi_action: [757,111,758,2]
11-29 07:22:55.217 1491 1491 I notification_enqueue: [10082,19842,com.android.systemui,2048,NULL,0,Notification(channel=updateNotification shortcut=null contentView=null vibrate=null sound=null defaults=0x0 flags=0x0 color=0x00000000 vis=PRIVATE),1]
11-29 07:22:55.218 1491 1760 I GameModeConfig: isGameModeOn = false
11-29 07:22:55.218 1491 1760 I GameModeConfig: isGameModeOn = false
11-29 07:22:55.218 1491 1760 I GameModeConfig: isGameModeOn = false
11-29 07:22:55.219 1491 1760 I GameModeConfig: isGameModeOn = false
11-29 07:22:55.219 1491 1760 I GameModeConfig: isGameModeOn = false
11-29 07:22:55.219 19842 19842 I sysui_multi_action: [757,111,758,1]
11-29 07:22:55.219 19842 19842 I sysui_multi_action: [757,126,758,1,759,126,927,0,928,1,1593,0]
11-29 07:22:55.219 19842 19842 I sysui_multi_action: [757,113,758,1,759,113,927,1,928,1,1593,0]
11-29 07:22:55.219 19842 19842 I sysui_multi_action: [757,0,758,1,759,0,927,2,928,0,1593,0]
11-29 07:22:55.219 19842 19842 I sysui_multi_action: [757,0,758,1,759,0,927,3,928,0,1593,0]
11-29 07:22:55.219 19842 19842 I sysui_multi_action: [757,491,758,1,759,491,927,4,928,0,1311,-1,1593,0]
11-29 07:22:55.219 19842 19842 I sysui_multi_action: [757,0,758,1,759,0,927,5,928,0,1593,0]
11-29 07:22:55.219 19842 19842 I sysui_multi_action: [757,111,758,1]
11-29 07:22:55.219 19842 19842 I sysui_multi_action: [757,126,758,1,759,126,927,0,928,1,1593,0]
11-29 07:22:55.219 19842 19842 I sysui_multi_action: [757,113,758,1,759,113,927,1,928,1,1593,0]
11-29 07:22:55.219 19842 19842 I sysui_multi_action: [757,0,758,1,759,0,927,2,928,0,1593,0]
11-29 07:22:55.219 19842 19842 I sysui_multi_action: [757,0,758,1,759,0,927,3,928,0,1593,0]
11-29 07:22:55.220 1491 1760 I GameModeConfig: isGameModeOn = false
11-29 07:22:55.233 1491 1760 I GameModeConfig: isGameModeOn = false
11-29 07:22:55.234 1491 1760 I GameModeConfig: isGameModeOn = false
11-29 07:22:55.234 1491 1760 I GameModeConfig: isGameModeOn = false
11-29 07:22:55.234 1491 1760 I GameModeConfig: isGameModeOn = false
11-29 07:22:55.234 1491 1760 I GameModeConfig: isGameModeOn = false
11-29 07:22:55.234 1491 1760 I GameModeConfig: isGameModeOn = false
11-29 07:22:55.235 19842 19842 I sysui_multi_action: [757,111,758,2]
11-29 07:22:55.235 19842 19842 I sysui_multi_action: [757,111,758,2]
11-29 07:22:55.235 1491 1491 I notification_enqueue: [10082,19842,com.android.systemui,2048,NULL,0,Notification(channel=updateNotification shortcut=null contentView=null vibrate=null sound=null defaults=0x0 flags=0x0 color=0x00000000 vis=PRIVATE),1]
11-29 07:22:55.237 19842 19842 I sysui_multi_action: [757,111,758,1]
11-29 07:22:55.237 19842 19842 I sysui_multi_action: [757,126,758,1,759,126,927,0,928,1,1593,1]
11-29 07:22:55.237 19842 19842 I sysui_multi_action: [757,113,758,1,759,113,927,1,928,1,1593,1]
11-29 07:22:55.237 19842 19842 I sysui_multi_action: [757,0,758,1,759,0,927,2,928,0,1593,1]
11-29 07:22:55.237 19842 19842 I sysui_multi_action: [757,0,758,1,759,0,927,3,928,0,1593,1]
11-29 07:22:55.237 19842 19842 I sysui_multi_action: [757,491,758,1,759,491,927,4,928,0,1311,-1,1593,1]
11-29 07:22:55.237 19842 19842 I sysui_multi_action: [757,0,758,1,759,0,927,5,928,0,1593,1]
11-29 07:22:55.237 19842 19842 I sysui_multi_action: [757,111,758,1]
11-29 07:22:55.237 19842 19842 I sysui_multi_action: [757,126,758,1,759,126,927,0,928,1,1593,1]
11-29 07:22:55.237 19842 19842 I sysui_multi_action: [757,113,758,1,759,113,927,1,928,1,1593,1]
11-29 07:22:55.237 19842 19842 I sysui_multi_action: [757,0,758,1,759,0,927,2,928,0,1593,1]
11-29 07:22:55.237 19842 19842 I sysui_multi_action: [757,0,758,1,759,0,927,3,928,0,1593,1]
11-29 07:22:55.250 1491 1760 I GameModeConfig: isGameModeOn = false
11-29 07:22:55.250 1491 1760 I GameModeConfig: isGameModeOn = false
11-29 07:22:55.250 1491 1760 I GameModeConfig: isGameModeOn = false
11-29 07:22:55.250 1491 1760 I GameModeConfig: isGameModeOn = false
11-29 07:22:55.250 1491 1760 I GameModeConfig: isGameModeOn = false
11-29 07:22:55.251 1491 1760 I GameModeConfig: isGameModeOn = false
11-29 07:22:55.251 19842 19842 I sysui_multi_action: [757,111,758,2]
11-29 07:22:55.251 19842 19842 I sysui_multi_action: [757,111,758,2]
11-29 07:22:55.251 1491 1491 I notification_enqueue: [10082,19842,com.android.systemui,2048,NULL,0,Notification(channel=updateNotification shortcut=null contentView=null vibrate=null sound=null defaults=0x0 flags=0x0 color=0x00000000 vis=PRIVATE),1]
11-29 07:22:55.255 19842 19842 I sysui_multi_action: [757,111,758,1]
11-29 07:22:55.255 19842 19842 I sysui_multi_action: [757,126,758,1,759,126,927,0,928,1,1593,1]
11-29 07:22:55.255 19842 19842 I sysui_multi_action: [757,113,758,1,759,113,927,1,928,1,1593,1]
11-29 07:22:55.255 19842 19842 I sysui_multi_action: [757,0,758,1,759,0,927,2,928,0,1593,1]
11-29 07:22:55.255 19842 19842 I sysui_multi_action: [757,0,758,1,759,0,927,3,928,0,1593,1]
11-29 07:22:55.255 19842 19842 I sysui_multi_action: [757,491,758,1,759,491,927,4,928,0,1311,-1,1593,0]
11-29 07:22:55.255 19842 19842 I sysui_multi_action: [757,0,758,1,759,0,927,5,928,0,1593,0]
11-29 07:22:55.255 19842 19842 I sysui_multi_action: [757,111,758,1]
11-29 07:22:55.255 19842 19842 I sysui_multi_action: [757,126,758,1,759,126,927,0,928,1,1593,1]
11-29 07:22:55.255 19842 19842 I sysui_multi_action: [757,113,758,1,759,113,927,1,928,1,1593,1]
11-29 07:22:55.255 19842 19842 I sysui_multi_action: [757,0,758,1,759,0,927,2,928,0,1593,1]
11-29 07:22:55.255 19842 19842 I sysui_multi_action: [757,0,758,1,759,0,927,3,928,0,1593,1]
11-29 07:22:55.267 1491 1760 I GameModeConfig: isGameModeOn = false
11-29 07:22:55.268 1491 1760 I GameModeConfig: isGameModeOn = false
11-29 07:22:55.268 1491 1760 I GameModeConfig: isGameModeOn = false
11-29 07:22:55.268 1491 1760 I GameModeConfig: isGameModeOn = false
11-29 07:22:55.268 1491 1760 I GameModeConfig: isGameModeOn = false
11-29 07:22:55.269 1491 1760 I GameModeConfig: isGameModeOn = false
11-29 07:22:55.270 19842 19842 I sysui_multi_action: [757,111,758,2]
11-29 07:22:55.270 19842 19842 I sysui_multi_action: [757,111,758,2]
11-29 07:22:55.270 1491 1491 I notification_enqueue: [10082,19842,com.android.systemui,2048,NULL,0,Notification(channel=updateNotification shortcut=null contentView=null vibrate=null sound=null defaults=0x0 flags=0x0 color=0x00000000 vis=PRIVATE),1]
11-29 07:22:55.272 19842 19842 I sysui_multi_action: [757,111,758,1]
11-29 07:22:55.272 19842 19842 I sysui_multi_action: [757,126,758,1,759,126,927,0,928,1,1593,1]
11-29 07:22:55.272 19842 19842 I sysui_multi_action: [757,113,758,1,759,113,927,1,928,1,1593,1]
11-29 07:22:55.272 19842 19842 I sysui_multi_action: [757,0,758,1,759,0,927,2,928,0,1593,1]
11-29 07:22:55.272 19842 19842 I sysui_multi_action: [757,0,758,1,759,0,927,3,928,0,1593,1]
11-29 07:22:55.272 19842 19842 I sysui_multi_action: [757,491,758,1,759,491,927,4,928,0,1311,-1,1593,0]
11-29 07:22:55.272 19842 19842 I sysui_multi_action: [757,0,758,1,759,0,927,5,928,0,1593,0]
11-29 07:22:55.272 19842 19842 I sysui_multi_action: [757,111,758,1]
11-29 07:22:55.272 19842 19842 I sysui_multi_action: [757,126,758,1,759,126,927,0,928,1,1593,1]
11-29 07:22:55.272 19842 19842 I sysui_multi_action: [757,113,758,1,759,113,927,1,928,1,1593,1]
11-29 07:22:55.273 19842 19842 I sysui_multi_action: [757,0,758,1,759,0,927,2,928,0,1593,1]
11-29 07:22:55.273 19842 19842 I sysui_multi_action: [757,0,758,1,759,0,927,3,928,0,1593,1]
11-29 07:22:55.283 1491 1760 I GameModeConfig: isGameModeOn = false
11-29 07:22:55.283 1491 1760 I GameModeConfig: isGameModeOn = false
11-29 07:22:55.283 1491 1760 I GameModeConfig: isGameModeOn = false
11-29 07:22:55.283 1491 1760 I GameModeConfig: isGameModeOn = false
11-29 07:22:55.284 1491 1760 I GameModeConfig: isGameModeOn = false
11-29 07:22:55.284 1491 1760 I GameModeConfig: isGameModeOn = false
11-29 07:22:55.284 19842 19842 I sysui_multi_action: [757,111,758,2]
11-29 07:22:55.285 19842 19842 I sysui_multi_action: [757,111,758,2]
11-29 07:22:55.285 1491 1491 I notification_enqueue: [10082,19842,com.android.systemui,2048,NULL,0,Notification(channel=updateNotification shortcut=null contentView=null vibrate=null sound=null defaults=0x0 flags=0x0 color=0x00000000 vis=PRIVATE),1]
11-29 07:22:55.287 19842 19842 I sysui_multi_action: [757,111,758,1]
11-29 07:22:55.287 19842 19842 I sysui_multi_action: [757,126,758,1,759,126,927,0,928,1,1593,1]
11-29 07:22:55.287 19842 19842 I sysui_multi_action: [757,113,758,1,759,113,927,1,928,1,1593,1]
11-29 07:22:55.287 19842 19842 I sysui_multi_action: [757,0,758,1,759,0,927,2,928,0,1593,1]
11-29 07:22:55.287 19842 19842 I sysui_multi_action: [757,0,758,1,759,0,927,3,928,0,1593,1]
11-29 07:22:55.288 19842 19842 I sysui_multi_action: [757,491,758,1,759,491,927,4,928,0,1311,-1,1593,0]
11-29 07:22:55.288 19842 19842 I sysui_multi_action: [757,0,758,1,759,0,927,5,928,0,1593,0]
11-29 07:22:55.288 19842 19842 I sysui_multi_action: [757,111,758,1]
11-29 07:22:55.288 19842 19842 I sysui_multi_action: [757,126,758,1,759,126,927,0,928,1,1593,1]
11-29 07:22:55.288 19842 19842 I sysui_multi_action: [757,113,758,1,759,113,927,1,928,1,1593,1]
11-29 07:22:55.288 19842 19842 I sysui_multi_action: [757,0,758,1,759,0,927,2,928,0,1593,1]
11-29 07:22:55.288 19842 19842 I sysui_multi_action: [757,0,758,1,759,0,927,3,928,0,1593,1]
11-29 07:22:55.300 1491 1760 I GameModeConfig: isGameModeOn = false
11-29 07:22:55.300 1491 1760 I GameModeConfig: isGameModeOn = false
11-29 07:22:55.301 1491 1760 I GameModeConfig: isGameModeOn = false
11-29 07:22:55.301 1491 1760 I GameModeConfig: isGameModeOn = false
11-29 07:22:55.301 1491 1760 I GameModeConfig: isGameModeOn = false
11-29 07:22:55.301 1491 1760 I GameModeConfig: isGameModeOn = false
11-29 07:22:55.302 19842 19842 I sysui_multi_action: [757,111,758,2]
11-29 07:22:55.302 1491 1491 I notification_enqueue: [10082,19842,com.android.systemui,2048,NULL,0,Notification(channel=updateNotification shortcut=null contentView=null vibrate=null sound=null defaults=0x0 flags=0x0 color=0x00000000 vis=PRIVATE),1]
11-29 07:22:55.302 19842 19842 I sysui_multi_action: [757,111,758,2]
11-29 07:22:55.305 19842 19842 I sysui_multi_action: [757,111,758,1]
11-29 07:22:55.305 19842 19842 I sysui_multi_action: [757,126,758,1,759,126,927,0,928,1,1593,1]
11-29 07:22:55.305 19842 19842 I sysui_multi_action: [757,113,758,1,759,113,927,1,928,1,1593,1]
11-29 07:22:55.305 19842 19842 I sysui_multi_action: [757,0,758,1,759,0,927,2,928,0,1593,1]
11-29 07:22:55.305 19842 19842 I sysui_multi_action: [757,0,758,1,759,0,927,3,928,0,1593,1]
11-29 07:22:55.305 19842 19842 I sysui_multi_action: [757,491,758,1,759,491,927,4,928,0,1311,-1,1593,0]
11-29 07:22:55.305 19842 19842 I sysui_multi_action: [757,0,758,1,759,0,927,5,928,0,1593,0]
11-29 07:22:55.305 19842 19842 I sysui_multi_action: [757,111,758,1]
11-29 07:22:55.305 19842 19842 I sysui_multi_action: [757,126,758,1,759,126,927,0,928,1,1593,1]
11-29 07:22:55.305 19842 19842 I sysui_multi_action: [757,113,758,1,759,113,927,1,928,1,1593,1]
11-29 07:22:55.306 19842 19842 I sysui_multi_action: [757,0,758,1,759,0,927,2,928,0,1593,1]
11-29 07:22:55.306 19842 19842 I sysui_multi_action: [757,0,758,1,759,0,927,3,928,0,1593,1]
11-29 07:22:55.317 19842 19842 I sysui_multi_action: [757,111,758,2]
11-29 07:22:55.317 19842 19842 I sysui_multi_action: [757,111,758,2]
11-29 07:22:55.318 1491 1491 I notification_enqueue: [10082,19842,com.android.systemui,2048,NULL,0,Notification(channel=updateNotification shortcut=null contentView=null vibrate=null sound=null defaults=0x0 flags=0x0 color=0x00000000 vis=PRIVATE),1]
11-29 07:22:55.319 1491 1760 I GameModeConfig: isGameModeOn = false
11-29 07:22:55.319 1491 1760 I GameModeConfig: isGameModeOn = false
11-29 07:22:55.319 1491 1760 I GameModeConfig: isGameModeOn = false
11-29 07:22:55.319 1491 1760 I GameModeConfig: isGameModeOn = false
11-29 07:22:55.319 1491 1760 I GameModeConfig: isGameModeOn = false
11-29 07:22:55.320 1491 1760 I GameModeConfig: isGameModeOn = false
11-29 07:22:55.320 19842 19842 I sysui_multi_action: [757,111,758,1]
11-29 07:22:55.320 19842 19842 I sysui_multi_action: [757,126,758,1,759,126,927,0,928,1,1593,1]
11-29 07:22:55.320 19842 19842 I sysui_multi_action: [757,113,758,1,759,113,927,1,928,1,1593,1]
11-29 07:22:55.320 19842 19842 I sysui_multi_action: [757,0,758,1,759,0,927,2,928,0,1593,1]
11-29 07:22:55.321 19842 19842 I sysui_multi_action: [757,0,758,1,759,0,927,3,928,0,1593,1]
11-29 07:22:55.321 19842 19842 I sysui_multi_action: [757,491,758,1,759,491,927,4,928,0,1311,-1,1593,0]
11-29 07:22:55.321 19842 19842 I sysui_multi_action: [757,0,758,1,759,0,927,5,928,0,1593,0]
11-29 07:22:55.321 19842 19842 I sysui_multi_action: [757,111,758,1]
11-29 07:22:55.321 19842 19842 I sysui_multi_action: [757,126,758,1,759,126,927,0,928,1,1593,1]
11-29 07:22:55.321 19842 19842 I sysui_multi_action: [757,113,758,1,759,113,927,1,928,1,1593,1]
11-29 07:22:55.321 19842 19842 I sysui_multi_action: [757,0,758,1,759,0,927,2,928,0,1593,1]
11-29 07:22:55.321 19842 19842 I sysui_multi_action: [757,0,758,1,759,0,927,3,928,0,1593,1]
11-29 07:22:55.323 1491 1491 I GameModeConfig: isGameModeOn = false
11-29 07:22:55.324 1491 1491 I sysui_multi_action: [757,1501,758,1,793,14932584,794,0,795,206,796,2048,806,com.android.systemui,857,updateNotification,858,3,947,0,1500,0,1688,1]
11-29 07:22:55.324 1491 1491 I sysui_multi_action: [757,804,799,note_interruptive,801,0,802,1]
11-29 07:22:55.324 1491 1491 I sysui_multi_action: [757,199,758,1,759,2,793,14932585,794,0,795,207,796,2048,806,com.android.systemui,857,updateNotification,858,3,947,0,1500,1,1688,1]
11-29 07:22:55.324 1491 1491 I notification_alert: [0|com.android.systemui|2048|null|10082,0,1,0]
11-29 07:22:55.325 1491 1491 W NotificationHistory: Attempted to add notif for locked/gone/disabled user 0
11-29 07:22:55.333 1491 1760 I GameModeConfig: isGameModeOn = false
11-29 07:22:55.333 1491 1760 I GameModeConfig: isGameModeOn = false
11-29 07:22:55.334 1491 1760 I GameModeConfig: isGameModeOn = false
11-29 07:22:55.334 1491 1760 I GameModeConfig: isGameModeOn = false
11-29 07:22:55.334 1491 1760 I GameModeConfig: isGameModeOn = false
11-29 07:22:55.334 1491 1760 I GameModeConfig: isGameModeOn = false
11-29 07:22:55.335 19842 19842 I sysui_multi_action: [757,111,758,2]
11-29 07:22:55.335 19842 19842 I sysui_multi_action: [757,111,758,2]
11-29 07:22:55.335 1491 1491 I notification_enqueue: [10082,19842,com.android.systemui,2048,NULL,0,Notification(channel=updateNotification shortcut=null contentView=null vibrate=null sound=null defaults=0x0 flags=0x0 color=0x00000000 vis=PRIVATE),1]
11-29 07:22:55.337 19842 19842 I sysui_multi_action: [757,111,758,1]
11-29 07:22:55.338 19842 19842 I sysui_multi_action: [757,126,758,1,759,126,927,0,928,1,1593,0]
11-29 07:22:55.338 19842 19842 I sysui_multi_action: [757,113,758,1,759,113,927,1,928,1,1593,0]
11-29 07:22:55.338 19842 19842 I sysui_multi_action: [757,0,758,1,759,0,927,2,928,0,1593,1]
11-29 07:22:55.338 19842 19842 I sysui_multi_action: [757,0,758,1,759,0,927,3,928,0,1593,1]
11-29 07:22:55.338 19842 19842 I sysui_multi_action: [757,491,758,1,759,491,927,4,928,0,1311,-1,1593,0]
11-29 07:22:55.338 19842 19842 I sysui_multi_action: [757,0,758,1,759,0,927,5,928,0,1593,0]
11-29 07:22:55.338 19842 19842 I sysui_multi_action: [757,111,758,1]
11-29 07:22:55.338 19842 19842 I sysui_multi_action: [757,126,758,1,759,126,927,0,928,1,1593,1]
11-29 07:22:55.338 19842 19842 I sysui_multi_action: [757,113,758,1,759,113,927,1,928,1,1593,1]
11-29 07:22:55.339 19842 19842 I sysui_multi_action: [757,0,758,1,759,0,927,2,928,0,1593,1]
11-29 07:22:55.339 19842 19842 I sysui_multi_action: [757,0,758,1,759,0,927,3,928,0,1593,1]
11-29 07:22:55.350 1491 1760 I GameModeConfig: isGameModeOn = false
11-29 07:22:55.350 1491 1760 I GameModeConfig: isGameModeOn = false
11-29 07:22:55.350 1491 1760 I GameModeConfig: isGameModeOn = false
11-29 07:22:55.350 1491 1760 I GameModeConfig: isGameModeOn = false
11-29 07:22:55.350 1491 1760 I GameModeConfig: isGameModeOn = false
11-29 07:22:55.351 1491 1760 I GameModeConfig: isGameModeOn = false
11-29 07:22:55.351 19842 19842 I sysui_multi_action: [757,111,758,2]
11-29 07:22:55.351 19842 19842 I sysui_multi_action: [757,111,758,2]
11-29 07:22:55.351 1491 1491 I notification_enqueue: [10082,19842,com.android.systemui,2048,NULL,0,Notification(channel=updateNotification shortcut=null contentView=null vibrate=null sound=null defaults=0x0 flags=0x0 color=0x00000000 vis=PRIVATE),1]
11-29 07:22:55.354 19842 19842 I sysui_multi_action: [757,111,758,1]
11-29 07:22:55.354 19842 19842 I sysui_multi_action: [757,126,758,1,759,126,927,0,928,1,1593,1]
11-29 07:22:55.354 19842 19842 I sysui_multi_action: [757,113,758,1,759,113,927,1,928,1,1593,1]
11-29 07:22:55.354 19842 19842 I sysui_multi_action: [757,0,758,1,759,0,927,2,928,0,1593,1]
11-29 07:22:55.354 19842 19842 I sysui_multi_action: [757,0,758,1,759,0,927,3,928,0,1593,1]
11-29 07:22:55.354 19842 19842 I sysui_multi_action: [757,491,758,1,759,491,927,4,928,0,1311,-1,1593,0]
11-29 07:22:55.354 19842 19842 I sysui_multi_action: [757,0,758,1,759,0,927,5,928,0,1593,0]
11-29 07:22:55.354 19842 19842 I sysui_multi_action: [757,111,758,1]
11-29 07:22:55.354 19842 19842 I sysui_multi_action: [757,126,758,1,759,126,927,0,928,1,1593,1]
11-29 07:22:55.354 19842 19842 I sysui_multi_action: [757,113,758,1,759,113,927,1,928,1,1593,1]
11-29 07:22:55.354 19842 19842 I sysui_multi_action: [757,0,758,1,759,0,927,2,928,0,1593,1]
11-29 07:22:55.354 19842 19842 I sysui_multi_action: [757,0,758,1,759,0,927,3,928,0,1593,1]
11-29 07:22:55.358 1491 1491 I GameModeConfig: isGameModeOn = false
11-29 07:22:55.358 1491 1491 E NotificationService: Muting recently noisy 0|com.android.systemui|2048|null|10082
11-29 07:22:55.367 1491 1760 I GameModeConfig: isGameModeOn = false
11-29 07:22:55.367 1491 1760 I GameModeConfig: isGameModeOn = false
11-29 07:22:55.367 1491 1760 I GameModeConfig: isGameModeOn = false
11-29 07:22:55.367 1491 1760 I GameModeConfig: isGameModeOn = false
11-29 07:22:55.367 1491 1760 I GameModeConfig: isGameModeOn = false
11-29 07:22:55.367 1491 1760 I GameModeConfig: isGameModeOn = false
11-29 07:22:55.368 19842 19842 I sysui_multi_action: [757,111,758,2]
11-29 07:22:55.368 19842 19842 I sysui_multi_action: [757,111,758,2]
11-29 07:22:55.368 1491 1491 I notification_enqueue: [10082,19842,com.android.systemui,2048,NULL,0,Notification(channel=updateNotification shortcut=null contentView=null vibrate=null sound=null defaults=0x0 flags=0x0 color=0x00000000 vis=PRIVATE),1]
11-29 07:22:55.370 19842 19842 I sysui_multi_action: [757,111,758,1]
11-29 07:22:55.371 19842 19842 I sysui_multi_action: [757,126,758,1,759,126,927,0,928,1,1593,1]
11-29 07:22:55.371 19842 19842 I sysui_multi_action: [757,113,758,1,759,113,927,1,928,1,1593,1]
11-29 07:22:55.371 19842 19842 I sysui_multi_action: [757,0,758,1,759,0,927,2,928,0,1593,1]
11-29 07:22:55.371 19842 19842 I sysui_multi_action: [757,0,758,1,759,0,927,3,928,0,1593,1]
11-29 07:22:55.371 19842 19842 I sysui_multi_action: [757,491,758,1,759,491,927,4,928,0,1311,-1,1593,0]
11-29 07:22:55.371 19842 19842 I sysui_multi_action: [757,0,758,1,759,0,927,5,928,0,1593,0]
11-29 07:22:55.371 19842 19842 I sysui_multi_action: [757,111,758,1]
11-29 07:22:55.371 19842 19842 I sysui_multi_action: [757,126,758,1,759,126,927,0,928,1,1593,1]
11-29 07:22:55.371 19842 19842 I sysui_multi_action: [757,113,758,1,759,113,927,1,928,1,1593,1]
11-29 07:22:55.371 19842 19842 I sysui_multi_action: [757,0,758,1,759,0,927,2,928,0,1593,1]
11-29 07:22:55.371 19842 19842 I sysui_multi_action: [757,0,758,1,759,0,927,3,928,0,1593,1]
11-29 07:22:55.375 1491 1491 I GameModeConfig: isGameModeOn = false
11-29 07:22:55.375 1491 1491 E NotificationService: Muting recently noisy 0|com.android.systemui|2048|null|10082
11-29 07:22:55.383 1491 1760 I GameModeConfig: isGameModeOn = false
11-29 07:22:55.383 1491 1760 I GameModeConfig: isGameModeOn = false
11-29 07:22:55.384 1491 1760 I GameModeConfig: isGameModeOn = false
11-29 07:22:55.384 1491 1760 I GameModeConfig: isGameModeOn = false
11-29 07:22:55.384 1491 1760 I GameModeConfig: isGameModeOn = false
11-29 07:22:55.384 1491 1760 I GameModeConfig: isGameModeOn = false
11-29 07:22:55.385 19842 19842 I sysui_multi_action: [757,111,758,2]
11-29 07:22:55.385 19842 19842 I sysui_multi_action: [757,111,758,2]
11-29 07:22:55.385 1491 1491 I notification_enqueue: [10082,19842,com.android.systemui,2048,NULL,0,Notification(channel=updateNotification shortcut=null contentView=null vibrate=null sound=null defaults=0x0 flags=0x0 color=0x00000000 vis=PRIVATE),1]
11-29 07:22:55.387 19842 19842 I sysui_multi_action: [757,111,758,1]
11-29 07:22:55.387 19842 19842 I sysui_multi_action: [757,126,758,1,759,126,927,0,928,1,1593,1]
11-29 07:22:55.387 19842 19842 I sysui_multi_action: [757,113,758,1,759,113,927,1,928,1,1593,1]
11-29 07:22:55.387 19842 19842 I sysui_multi_action: [757,0,758,1,759,0,927,2,928,0,1593,1]
11-29 07:22:55.387 19842 19842 I sysui_multi_action: [757,0,758,1,759,0,927,3,928,0,1593,1]
11-29 07:22:55.387 19842 19842 I sysui_multi_action: [757,491,758,1,759,491,927,4,928,0,1311,-1,1593,0]
11-29 07:22:55.387 19842 19842 I sysui_multi_action: [757,0,758,1,759,0,927,5,928,0,1593,0]
11-29 07:22:55.387 19842 19842 I sysui_multi_action: [757,111,758,1]
11-29 07:22:55.388 19842 19842 I sysui_multi_action: [757,126,758,1,759,126,927,0,928,1,1593,1]
11-29 07:22:55.388 19842 19842 I sysui_multi_action: [757,113,758,1,759,113,927,1,928,1,1593,1]
11-29 07:22:55.388 19842 19842 I sysui_multi_action: [757,0,758,1,759,0,927,2,928,0,1593,1]
11-29 07:22:55.388 19842 19842 I sysui_multi_action: [757,0,758,1,759,0,927,3,928,0,1593,1]
11-29 07:22:55.391 1491 1491 I GameModeConfig: isGameModeOn = false
11-29 07:22:55.391 1491 1491 E NotificationService: Muting recently noisy 0|com.android.systemui|2048|null|10082
11-29 07:22:55.400 1491 1760 I GameModeConfig: isGameModeOn = false
11-29 07:22:55.400 1491 1760 I GameModeConfig: isGameModeOn = false
11-29 07:22:55.400 1491 1760 I GameModeConfig: isGameModeOn = false
11-29 07:22:55.400 1491 1760 I GameModeConfig: isGameModeOn = false
11-29 07:22:55.401 1491 1760 I GameModeConfig: isGameModeOn = false
11-29 07:22:55.401 1491 1760 I GameModeConfig: isGameModeOn = false
11-29 07:22:55.401 19842 19842 I sysui_multi_action: [757,111,758,2]
11-29 07:22:55.401 19842 19842 I sysui_multi_action: [757,111,758,2]
11-29 07:22:55.402 1491 1491 I notification_enqueue: [10082,19842,com.android.systemui,2048,NULL,0,Notification(channel=updateNotification shortcut=null contentView=null vibrate=null sound=null defaults=0x0 flags=0x0 color=0x00000000 vis=PRIVATE),1]
11-29 07:22:55.404 19842 19842 I sysui_multi_action: [757,111,758,1]
11-29 07:22:55.404 19842 19842 I sysui_multi_action: [757,126,758,1,759,126,927,0,928,1,1593,0]
11-29 07:22:55.404 1491 1491 I GameModeConfig: isGameModeOn = false
11-29 07:22:55.404 19842 19842 I sysui_multi_action: [757,113,758,1,759,113,927,1,928,1,1593,0]
11-29 07:22:55.404 19842 19842 I sysui_multi_action: [757,0,758,1,759,0,927,2,928,0,1593,0]
11-29 07:22:55.404 19842 19842 I sysui_multi_action: [757,0,758,1,759,0,927,3,928,0,1593,0]
11-29 07:22:55.405 19842 19842 I sysui_multi_action: [757,491,758,1,759,491,927,4,928,0,1311,-1,1593,0]
11-29 07:22:55.405 19842 19842 I sysui_multi_action: [757,0,758,1,759,0,927,5,928,0,1593,0]
11-29 07:22:55.405 1491 1491 E NotificationService: Muting recently noisy 0|com.android.systemui|2048|null|10082
11-29 07:22:55.405 19842 19842 I sysui_multi_action: [757,111,758,1]
11-29 07:22:55.405 19842 19842 I sysui_multi_action: [757,126,758,1,759,126,927,0,928,1,1593,0]
11-29 07:22:55.405 19842 19842 I sysui_multi_action: [757,113,758,1,759,113,927,1,928,1,1593,1]
11-29 07:22:55.405 19842 19842 I sysui_multi_action: [757,0,758,1,759,0,927,2,928,0,1593,1]
11-29 07:22:55.405 19842 19842 I sysui_multi_action: [757,0,758,1,759,0,927,3,928,0,1593,1]
11-29 07:22:55.417 19842 19842 I sysui_multi_action: [757,111,758,2]
11-29 07:22:55.417 19842 19842 I sysui_multi_action: [757,111,758,2]
11-29 07:22:55.417 1491 1491 I notification_enqueue: [10082,19842,com.android.systemui,2048,NULL,0,Notification(channel=updateNotification shortcut=null contentView=null vibrate=null sound=null defaults=0x0 flags=0x0 color=0x00000000 vis=PRIVATE),1]
11-29 07:22:55.419 1491 1491 I GameModeConfig: isGameModeOn = false
11-29 07:22:55.419 1491 1491 E NotificationService: Muting recently noisy 0|com.android.systemui|2048|null|10082
11-29 07:22:55.419 19842 19842 I sysui_multi_action: [757,111,758,1]
11-29 07:22:55.419 19842 19842 I sysui_multi_action: [757,126,758,1,759,126,927,0,928,1,1593,0]
11-29 07:22:55.419 19842 19842 I sysui_multi_action: [757,113,758,1,759,113,927,1,928,1,1593,0]
11-29 07:22:55.419 19842 19842 I sysui_multi_action: [757,0,758,1,759,0,927,2,928,0,1593,0]
11-29 07:22:55.419 19842 19842 I sysui_multi_action: [757,0,758,1,759,0,927,3,928,0,1593,0]
11-29 07:22:55.420 19842 19842 I sysui_multi_action: [757,491,758,1,759,491,927,4,928,0,1311,-1,1593,0]
11-29 07:22:55.420 19842 19842 I sysui_multi_action: [757,0,758,1,759,0,927,5,928,0,1593,0]
11-29 07:22:55.420 19842 19842 I sysui_multi_action: [757,111,758,1]
11-29 07:22:55.420 19842 19842 I sysui_multi_action: [757,126,758,1,759,126,927,0,928,1,1593,0]
11-29 07:22:55.420 19842 19842 I sysui_multi_action: [757,113,758,1,759,113,927,1,928,1,1593,0]
11-29 07:22:55.420 19842 19842 I sysui_multi_action: [757,0,758,1,759,0,927,2,928,0,1593,0]
11-29 07:22:55.420 19842 19842 I sysui_multi_action: [757,0,758,1,759,0,927,3,928,0,1593,0]
11-29 07:22:55.420 1491 1760 I GameModeConfig: isGameModeOn = false
11-29 07:22:55.422 1491 1760 I GameModeConfig: isGameModeOn = false
11-29 07:22:55.422 1491 1760 I GameModeConfig: isGameModeOn = false
11-29 07:22:55.422 1491 1760 I GameModeConfig: isGameModeOn = false
11-29 07:22:55.422 1491 1760 I GameModeConfig: isGameModeOn = false
11-29 07:22:55.422 1491 1760 I GameModeConfig: isGameModeOn = false
11-29 07:22:55.423 1491 1760 I GameModeConfig: isGameModeOn = false
11-29 07:22:55.433 1491 1760 I GameModeConfig: isGameModeOn = false
11-29 07:22:55.434 1491 1760 I GameModeConfig: isGameModeOn = false
11-29 07:22:55.434 1491 1760 I GameModeConfig: isGameModeOn = false
11-29 07:22:55.434 1491 1760 I GameModeConfig: isGameModeOn = false
11-29 07:22:55.434 1491 1760 I GameModeConfig: isGameModeOn = false
11-29 07:22:55.434 1491 1760 I GameModeConfig: isGameModeOn = false
11-29 07:22:55.435 19842 19842 I sysui_multi_action: [757,111,758,2]
11-29 07:22:55.435 19842 19842 I sysui_multi_action: [757,111,758,2]
11-29 07:22:55.435 1491 1491 I notification_enqueue: [10082,19842,com.android.systemui,2048,NULL,0,Notification(channel=updateNotification shortcut=null contentView=null vibrate=null sound=null defaults=0x0 flags=0x0 color=0x00000000 vis=PRIVATE),1]
11-29 07:22:55.436 1491 1491 I GameModeConfig: isGameModeOn = false
11-29 07:22:55.437 1491 1491 E NotificationService: Muting recently noisy 0|com.android.systemui|2048|null|10082
11-29 07:22:55.437 19842 19842 I sysui_multi_action: [757,111,758,1]
11-29 07:22:55.437 19842 19842 I sysui_multi_action: [757,126,758,1,759,126,927,0,928,1,1593,0]
11-29 07:22:55.438 19842 19842 I sysui_multi_action: [757,113,758,1,759,113,927,1,928,1,1593,0]
11-29 07:22:55.438 19842 19842 I sysui_multi_action: [757,0,758,1,759,0,927,2,928,0,1593,0]
11-29 07:22:55.438 19842 19842 I sysui_multi_action: [757,0,758,1,759,0,927,3,928,0,1593,0]
11-29 07:22:55.438 19842 19842 I sysui_multi_action: [757,491,758,1,759,491,927,4,928,0,1311,-1,1593,0]
11-29 07:22:55.438 19842 19842 I sysui_multi_action: [757,0,758,1,759,0,927,5,928,0,1593,0]
11-29 07:22:55.438 19842 19842 I sysui_multi_action: [757,111,758,1]
11-29 07:22:55.438 19842 19842 I sysui_multi_action: [757,126,758,1,759,126,927,0,928,1,1593,0]
11-29 07:22:55.438 19842 19842 I sysui_multi_action: [757,113,758,1,759,113,927,1,928,1,1593,0]
11-29 07:22:55.438 19842 19842 I sysui_multi_action: [757,0,758,1,759,0,927,2,928,0,1593,0]
11-29 07:22:55.438 19842 19842 I sysui_multi_action: [757,0,758,1,759,0,927,3,928,0,1593,1]
11-29 07:22:55.447 1491 1760 I GameModeConfig: isGameModeOn = false
11-29 07:22:55.450 1491 1760 I GameModeConfig: isGameModeOn = false
11-29 07:22:55.450 1491 1760 I GameModeConfig: isGameModeOn = false
11-29 07:22:55.450 1491 1760 I GameModeConfig: isGameModeOn = false
11-29 07:22:55.451 1491 1760 I GameModeConfig: isGameModeOn = false
11-29 07:22:55.451 1491 1760 I GameModeConfig: isGameModeOn = false
