11-29 07:21:09.271 1491 2068 I wm_create_activity: [0,207897651,185,com.android.packageinstaller/.InstallStaging,android.intent.action.VIEW,application/vnd.android.package-archive,content://com.tencent.pangu.fileprovider/external_path/Android/data/com.tencent.android.qqdownloader/files/tassistant/apk/com.miHoYo.Yuanshen_469.apk,33554433]
11-29 07:21:09.272 1491 2068 I wm_pause_activity: [0,191820106,com.android.packageinstaller/.InstallStart,userLeaving=true,resumeTopActivityInnerLocked]
11-29 07:21:09.278 1491 2068 I wm_finish_activity: [0,191820106,185,com.android.packageinstaller/.InstallStart,app-request]
11-29 07:21:09.278 3512 3512 I wm_on_create_called: [191820106,com.android.packageinstaller.InstallStart,performCreate]
11-29 07:21:09.281 1491 2068 I wm_add_to_stopping: [0,191820106,com.android.packageinstaller/.InstallStart,completeFinishing]
11-29 07:21:09.281 1491 2068 I ActivityTaskManager: FOREGROUND_APPLICATION_CHANGED to com.android.packageinstaller.InstallStaging
11-29 07:21:09.281 1491 2068 I ActivityTaskManager: The Process com.android.packageinstaller Already Exists in BG. So sending its PID: 3512
11-29 07:21:09.282 1491 2068 W ActivityTaskManager: Tried to set launchTime (0) < mLastActivityLaunchTime (14847702)
11-29 07:21:09.283 1491 2068 I wm_restart_activity: [0,207897651,185,com.android.packageinstaller/.InstallStaging]
11-29 07:21:09.283 1491 2068 I wm_set_resumed_activity: [0,com.android.packageinstaller/.InstallStaging,minimalResumeActivityLocked]
11-29 07:21:09.287 1491 1599 I sysui_multi_action: [757,803,799,window_time_0,802,0]
11-29 07:21:09.293 1491 2923 I wm_destroy_activity: [0,191820106,185,com.android.packageinstaller/.InstallStart,finish-imm:idle]
11-29 07:21:09.293 16043 16059 W ContextImpl: Calling a method in the system process without a qualified user: android.app.ContextImpl.startService:1816 android.content.ContextWrapper.startService:774 com.thundercomm.gamemode.ingame.services.GameModeActionUtils.startGameModeService:93 com.thundercomm.gamemode.ingame.services.GameModeActionUtils.startGameModeEntry:21 com.thundercomm.gamemode.ingame.services.ActivityMonitoringService$1.onActivityLaunch:127
11-29 07:21:09.294 3512 3512 I wm_on_create_called: [207897651,com.android.packageinstaller.InstallStaging,performCreate]
11-29 07:21:09.295 3512 3512 I wm_on_start_called: [207897651,com.android.packageinstaller.InstallStaging,handleStartActivity]
11-29 07:21:09.300 3512 3512 I wm_on_resume_called: [207897651,com.android.packageinstaller.InstallStaging,RESUME_ACTIVITY]
11-29 07:21:09.302 3512 3512 I wm_on_top_resumed_gained_called: [207897651,com.android.packageinstaller.InstallStaging,topStateChangedWhenResumed]
11-29 07:21:09.302 3512 3512 I wm_on_destroy_called: [191820106,com.android.packageinstaller.InstallStart,performDestroy]
11-29 07:21:09.307 1491 1491 I GameModeConfig: Current uri is uri = content://com.thundercomm.gamemode.api/gamemode_settings/gamemode_isgaming
11-29 07:21:09.309 1491 1491 I GameModeConfig: isGameModeOn = false
11-29 07:21:09.310 1491 1491 I GameModeConfig: isGameModeOn = false
11-29 07:21:09.310 1491 1491 I GameModeConfig: isDisableVoice = true
11-29 07:21:09.320 1491 1600 I input_focus: [Focus request 9d02f1c com.android.packageinstaller/com.android.packageinstaller.InstallStaging,reason=UpdateInputWindows]
11-29 07:21:09.327 1491 1596 I wm_activity_launch_time: [0,207897651,com.android.packageinstaller/.InstallStaging,169]
11-29 07:21:09.334 1491 1693 I input_focus: [Focus leaving d4b2b26 com.tencent.android.qqdownloader/com.tencent.nucleus.search.SearchActivity (server),reason=Waiting for window because NOT_VISIBLE]
11-29 07:21:09.349 1491 1693 I input_focus: [Focus entering 9d02f1c com.android.packageinstaller/com.android.packageinstaller.InstallStaging (server),reason=Window became focusable. Previous reason: NOT_VISIBLE]
11-29 07:21:09.399 16043 16059 W ContextImpl: Calling a method in the system process without a qualified user: android.app.ContextImpl.startService:1816 android.content.ContextWrapper.startService:774 com.thundercomm.gamemode.ingame.services.GameModeActionUtils.startGameModeService:93 com.thundercomm.gamemode.ingame.services.GameModeActionUtils.startGameModeEntry:21 com.thundercomm.gamemode.ingame.services.ActivityMonitoringService$1.onActivityLaunch:127
11-29 07:21:09.406 1491 1491 I GameModeConfig: Current uri is uri = content://com.thundercomm.gamemode.api/gamemode_settings/gamemode_isgaming
11-29 07:21:09.409 1491 1491 I GameModeConfig: isGameModeOn = false
11-29 07:21:09.409 1491 1491 I GameModeConfig: isGameModeOn = false
11-29 07:21:09.409 1491 1491 I GameModeConfig: isDisableVoice = true
11-29 07:21:09.456 1491 1693 I input_interaction: Interaction with: 9d02f1c com.android.packageinstaller/com.android.packageinstaller.InstallStaging (server), edge-swipe (server), swipe-up (server), PointerEventDispatcher0 (server),
11-29 07:21:09.511 1491 7158 I ActivityTaskManager: START u0 {act=android.intent.action.VIEW dat=file:///data/user_de/0/com.android.packageinstaller/no_backup/package7958048431764138603.apk flg=0x2010001 cmp=com.android.packageinstaller/.DeleteStagedFileOnResult (has extras)} from uid 10019
11-29 07:21:09.513 1491 7158 I wm_task_moved: [185,1,8]
11-29 07:21:09.513 1491 7158 I wm_set_resumed_activity: [0,com.android.packageinstaller/.InstallStaging,positionChildAt]
11-29 07:21:09.513 1491 7158 I wm_create_activity: [0,155623459,185,com.android.packageinstaller/.DeleteStagedFileOnResult,android.intent.action.VIEW,NULL,file:///data/user_de/0/com.android.packageinstaller/no_backup/package7958048431764138603.apk,33619969]
11-29 07:21:09.514 1491 7158 I wm_pause_activity: [0,207897651,com.android.packageinstaller/.InstallStaging,userLeaving=true,resumeTopActivityInnerLocked]
11-29 07:21:09.520 1491 7158 I wm_finish_activity: [0,207897651,185,com.android.packageinstaller/.InstallStaging,app-request]
11-29 07:21:09.521 1491 2770 W ActivityTaskManager: Duplicate finish request for r=ActivityRecord{c644433 u0 com.android.packageinstaller/.InstallStaging t185 f}}
11-29 07:21:09.521 3512 3512 I wm_on_top_resumed_lost_called: [207897651,com.android.packageinstaller.InstallStaging,topStateChangedWhenResumed]
11-29 07:21:09.521 3512 3512 I wm_on_paused_called: [207897651,com.android.packageinstaller.InstallStaging,performPause]
11-29 07:21:09.521 1491 2068 I wm_add_to_stopping: [0,207897651,com.android.packageinstaller/.InstallStaging,completeFinishing]
11-29 07:21:09.522 1491 2068 I ActivityTaskManager: FOREGROUND_APPLICATION_CHANGED to com.android.packageinstaller.DeleteStagedFileOnResult
11-29 07:21:09.522 1491 2068 I ActivityTaskManager: The Process com.android.packageinstaller Already Exists in BG. So sending its PID: 3512
11-29 07:21:09.522 1491 2068 W ActivityTaskManager: Tried to set launchTime (0) < mLastActivityLaunchTime (14847761)
11-29 07:21:09.523 1491 2068 I wm_restart_activity: [0,155623459,185,com.android.packageinstaller/.DeleteStagedFileOnResult]
11-29 07:21:09.524 1491 2068 I wm_set_resumed_activity: [0,com.android.packageinstaller/.DeleteStagedFileOnResult,minimalResumeActivityLocked]
11-29 07:21:09.528 1491 1599 I sysui_multi_action: [757,803,799,window_time_0,802,1]
11-29 07:21:09.529 1491 2770 I ActivityTaskManager: START u0 {act=android.intent.action.VIEW dat=file:///data/user_de/0/com.android.packageinstaller/no_backup/package7958048431764138603.apk flg=0x10000 cmp=com.android.packageinstaller/.PackageInstallerActivity (has extras)} from uid 10019
11-29 07:21:09.530 1491 2770 I wm_task_moved: [185,1,8]
11-29 07:21:09.530 1491 2770 I wm_set_resumed_activity: [0,com.android.packageinstaller/.DeleteStagedFileOnResult,positionChildAt]
11-29 07:21:09.530 1491 2770 I wm_create_activity: [0,188275882,185,com.android.packageinstaller/.PackageInstallerActivity,android.intent.action.VIEW,NULL,file:///data/user_de/0/com.android.packageinstaller/no_backup/package7958048431764138603.apk,65536]
11-29 07:21:09.531 1491 2770 I wm_pause_activity: [0,155623459,com.android.packageinstaller/.DeleteStagedFileOnResult,userLeaving=true,resumeTopActivityInnerLocked]
11-29 07:21:09.532 3512 3512 I wm_on_create_called: [155623459,com.android.packageinstaller.DeleteStagedFileOnResult,performCreate]
11-29 07:21:09.534 3512 3512 I wm_on_start_called: [155623459,com.android.packageinstaller.DeleteStagedFileOnResult,handleStartActivity]
11-29 07:21:09.534 3512 3512 I wm_on_resume_called: [155623459,com.android.packageinstaller.DeleteStagedFileOnResult,RESUME_ACTIVITY]
11-29 07:21:09.535 1491 1693 I input_focus: [Focus leaving 9d02f1c com.android.packageinstaller/com.android.packageinstaller.InstallStaging (server),reason=NO_WINDOW]
11-29 07:21:09.535 3512 3512 I wm_on_top_resumed_gained_called: [155623459,com.android.packageinstaller.DeleteStagedFileOnResult,topStateChangedWhenResumed]
11-29 07:21:09.535 3512 3512 I wm_on_top_resumed_lost_called: [155623459,com.android.packageinstaller.DeleteStagedFileOnResult,topStateChangedWhenResumed]
11-29 07:21:09.536 3512 3512 I wm_on_paused_called: [155623459,com.android.packageinstaller.DeleteStagedFileOnResult,performPause]
11-29 07:21:09.536 1491 2068 I ActivityTaskManager: FOREGROUND_APPLICATION_CHANGED to com.android.packageinstaller.PackageInstallerActivity
11-29 07:21:09.536 1491 2068 I ActivityTaskManager: The Process com.android.packageinstaller Already Exists in BG. So sending its PID: 3512
11-29 07:21:09.537 1491 2068 W ActivityTaskManager: Tried to set launchTime (0) < mLastActivityLaunchTime (14848001)
11-29 07:21:09.538 1491 2068 I wm_restart_activity: [0,188275882,185,com.android.packageinstaller/.PackageInstallerActivity]
11-29 07:21:09.539 1491 2068 I wm_set_resumed_activity: [0,com.android.packageinstaller/.PackageInstallerActivity,minimalResumeActivityLocked]
11-29 07:21:09.542 1491 1599 I sysui_multi_action: [757,803,799,window_time_0,802,0]
11-29 07:21:09.562 3512 3512 W PackageParsing: No actions in intent-filter at /data/user_de/0/com.android.packageinstaller/no_backup/package7958048431764138603.apk Binary XML file line #625
11-29 07:21:09.562 3512 3512 W PackageParsing: No actions in intent-filter at /data/user_de/0/com.android.packageinstaller/no_backup/package7958048431764138603.apk Binary XML file line #650
11-29 07:21:09.563 3512 3512 I wm_on_create_called: [188275882,com.android.packageinstaller.PackageInstallerActivity,performCreate]
11-29 07:21:09.564 3512 3512 I wm_on_start_called: [188275882,com.android.packageinstaller.PackageInstallerActivity,handleStartActivity]
11-29 07:21:09.568 3512 3512 I wm_on_resume_called: [188275882,com.android.packageinstaller.PackageInstallerActivity,RESUME_ACTIVITY]
11-29 07:21:09.570 3512 3512 I wm_on_top_resumed_gained_called: [188275882,com.android.packageinstaller.PackageInstallerActivity,topStateChangedWhenResumed]
11-29 07:21:09.576 1491 1600 I input_focus: [Focus request a2fd813 com.android.packageinstaller/com.android.packageinstaller.PackageInstallerActivity,reason=UpdateInputWindows]
11-29 07:21:09.584 1491 1596 I wm_activity_launch_time: [0,188275882,com.android.packageinstaller/.PackageInstallerActivity,72]
11-29 07:21:09.585 1491 1599 I wm_destroy_activity: [0,207897651,185,com.android.packageinstaller/.InstallStaging,finish-imm:transit]
11-29 07:21:09.600 3512 3512 I wm_on_stop_called: [207897651,com.android.packageinstaller.InstallStaging,LIFECYCLER_STOP_ACTIVITY]
11-29 07:21:09.600 3512 3512 I wm_on_destroy_called: [207897651,com.android.packageinstaller.InstallStaging,performDestroy]
11-29 07:21:09.600 1491 1693 I input_focus: [Focus entering a2fd813 com.android.packageinstaller/com.android.packageinstaller.PackageInstallerActivity (server),reason=setFocusedWindow]
11-29 07:21:09.645 16043 16059 W ContextImpl: Calling a method in the system process without a qualified user: android.app.ContextImpl.startService:1816 android.content.ContextWrapper.startService:774 com.thundercomm.gamemode.ingame.services.GameModeActionUtils.startGameModeService:93 com.thundercomm.gamemode.ingame.services.GameModeActionUtils.startGameModeEntry:21 com.thundercomm.gamemode.ingame.services.ActivityMonitoringService$1.onActivityLaunch:127
11-29 07:21:09.649 1491 1491 I GameModeConfig: Current uri is uri = content://com.thundercomm.gamemode.api/gamemode_settings/gamemode_isgaming
11-29 07:21:09.650 1491 1491 I GameModeConfig: isGameModeOn = false
11-29 07:21:09.650 1491 1491 I GameModeConfig: isGameModeOn = false
11-29 07:21:09.650 1491 1491 I GameModeConfig: isDisableVoice = true
11-29 07:21:10.079 0 0 I auditd : type=1400 audit(0.0:16824): avc: denied { kill } for comm="swapper/2" capability=5 scontext=u:r:kernel:s0 tcontext=u:r:kernel:s0 tclass=capability permissive=0
11-29 07:21:10.628 1491 1693 I input_interaction: Interaction with: a2fd813 com.android.packageinstaller/com.android.packageinstaller.PackageInstallerActivity (server), edge-swipe (server), swipe-up (server), PointerEventDispatcher0 (server),
11-29 07:21:10.752 1491 2068 I ActivityTaskManager: START u0 {dat=file:///data/user_de/0/com.android.packageinstaller/no_backup/package7958048431764138603.apk flg=0x2000000 cmp=com.android.packageinstaller/.InstallInstalling (has extras)} from uid 10019
11-29 07:21:10.756 1491 2068 I wm_task_moved: [185,1,8]
11-29 07:21:10.756 1491 2068 I wm_set_resumed_activity: [0,com.android.packageinstaller/.PackageInstallerActivity,positionChildAt]
11-29 07:21:10.756 1491 2068 I wm_create_activity: [0,100230845,185,com.android.packageinstaller/.InstallInstalling,NULL,NULL,file:///data/user_de/0/com.android.packageinstaller/no_backup/package7958048431764138603.apk,33554432]
11-29 07:21:10.758 1491 2068 I wm_pause_activity: [0,188275882,com.android.packageinstaller/.PackageInstallerActivity,userLeaving=true,resumeTopActivityInnerLocked]
11-29 07:21:10.764 1491 2770 I wm_finish_activity: [0,188275882,185,com.android.packageinstaller/.PackageInstallerActivity,app-request]
11-29 07:21:10.764 3512 3512 I wm_on_top_resumed_lost_called: [188275882,com.android.packageinstaller.PackageInstallerActivity,topStateChangedWhenResumed]
11-29 07:21:10.765 3512 3512 I wm_on_paused_called: [188275882,com.android.packageinstaller.PackageInstallerActivity,performPause]
11-29 07:21:10.766 1491 2068 I wm_add_to_stopping: [0,188275882,com.android.packageinstaller/.PackageInstallerActivity,completeFinishing]
11-29 07:21:10.766 1491 2068 I ActivityTaskManager: FOREGROUND_APPLICATION_CHANGED to com.android.packageinstaller.InstallInstalling
11-29 07:21:10.767 1491 2068 I ActivityTaskManager: The Process com.android.packageinstaller Already Exists in BG. So sending its PID: 3512
11-29 07:21:10.767 1491 2068 W ActivityTaskManager: Tried to set launchTime (0) < mLastActivityLaunchTime (14848016)
11-29 07:21:10.768 1491 2068 I wm_restart_activity: [0,100230845,185,com.android.packageinstaller/.InstallInstalling]
11-29 07:21:10.771 1491 2068 I wm_set_resumed_activity: [0,com.android.packageinstaller/.InstallInstalling,minimalResumeActivityLocked]
11-29 07:21:10.782 1491 1599 I sysui_multi_action: [757,803,799,window_time_0,802,1]
11-29 07:21:10.802 1491 1693 I input_focus: [Focus leaving a2fd813 com.android.packageinstaller/com.android.packageinstaller.PackageInstallerActivity (server),reason=NO_WINDOW]
11-29 07:21:10.819 3512 3512 I wm_on_create_called: [100230845,com.android.packageinstaller.InstallInstalling,performCreate]
11-29 07:21:10.820 3512 3512 I wm_on_start_called: [100230845,com.android.packageinstaller.InstallInstalling,handleStartActivity]
11-29 07:21:10.821 3512 3512 I wm_on_resume_called: [100230845,com.android.packageinstaller.InstallInstalling,RESUME_ACTIVITY]
11-29 07:21:10.830 3512 3512 I wm_on_top_resumed_gained_called: [100230845,com.android.packageinstaller.InstallInstalling,topStateChangedWhenResumed]
11-29 07:21:10.841 1491 1600 I input_focus: [Focus request a5ed698 com.android.packageinstaller/com.android.packageinstaller.InstallInstalling,reason=UpdateInputWindows]
11-29 07:21:10.846 1491 1598 I commit_sys_config_file: [package-session,14839303]
11-29 07:21:10.850 1491 1596 I wm_activity_launch_time: [0,100230845,com.android.packageinstaller/.InstallInstalling,97]
11-29 07:21:10.853 1491 1599 I wm_destroy_activity: [0,188275882,185,com.android.packageinstaller/.PackageInstallerActivity,finish-imm:transit]
11-29 07:21:10.857 3512 3512 I wm_on_stop_called: [188275882,com.android.packageinstaller.PackageInstallerActivity,LIFECYCLER_STOP_ACTIVITY]
11-29 07:21:10.857 3512 3512 I wm_on_destroy_called: [188275882,com.android.packageinstaller.PackageInstallerActivity,performDestroy]
11-29 07:21:10.871 1491 1693 I input_focus: [Focus entering a5ed698 com.android.packageinstaller/com.android.packageinstaller.InstallInstalling (server),reason=Window became focusable. Previous reason: NOT_VISIBLE]
11-29 07:21:10.889 16043 16059 W ContextImpl: Calling a method in the system process without a qualified user: android.app.ContextImpl.startService:1816 android.content.ContextWrapper.startService:774 com.thundercomm.gamemode.ingame.services.GameModeActionUtils.startGameModeService:93 com.thundercomm.gamemode.ingame.services.GameModeActionUtils.startGameModeEntry:21 com.thundercomm.gamemode.ingame.services.ActivityMonitoringService$1.onActivityLaunch:127
11-29 07:21:10.900 1491 1491 I GameModeConfig: Current uri is uri = content://com.thundercomm.gamemode.api/gamemode_settings/gamemode_isgaming
11-29 07:21:10.902 1491 1491 I GameModeConfig: isGameModeOn = false
11-29 07:21:10.906 1491 1491 I GameModeConfig: isGameModeOn = false
11-29 07:21:10.906 1491 1491 I GameModeConfig: isDisableVoice = true
11-29 07:21:11.079 0 0 I auditd : type=1400 audit(0.0:16825): avc: denied { kill } for comm="swapper/2" capability=5 scontext=u:r:kernel:s0 tcontext=u:r:kernel:s0 tclass=capability permissive=0
11-29 07:21:12.304 1491 1654 I commit_sys_config_file: [package-session,14840762]
11-29 07:21:13.079 0 0 I auditd : type=1400 audit(0.0:16826): avc: denied { kill } for comm="swapper/3" capability=5 scontext=u:r:kernel:s0 tcontext=u:r:kernel:s0 tclass=capability permissive=0
11-29 07:21:13.707 1491 1704 W PackageParsing: No actions in intent-filter at /data/app/vmdl872138499.tmp/base.apk Binary XML file line #625
11-29 07:21:13.707 1491 1704 W PackageParsing: No actions in intent-filter at /data/app/vmdl872138499.tmp/base.apk Binary XML file line #650
11-29 07:21:13.711 1491 1704 W RuleEvaluation: Integrity rule files are not available.
11-29 07:21:13.716 1491 1635 I PackageManager: Integrity check passed for file:///data/app/vmdl872138499.tmp
11-29 07:21:13.728 1491 1635 W PackageParsing: No actions in intent-filter at /data/app/vmdl872138499.tmp/base.apk Binary XML file line #625
11-29 07:21:13.729 1491 1635 W PackageParsing: No actions in intent-filter at /data/app/vmdl872138499.tmp/base.apk Binary XML file line #650
11-29 07:21:13.851 1491 1635 D CompatibilityChangeReporter: Compat change id reported: 133396946; UID -1; state: ENABLED
11-29 07:21:13.853 1491 1635 I PackageManager: Permission ownership changed. Updating all permissions.
11-29 07:21:13.901 1491 1635 I commit_sys_config_file: [package-user-0,1]
11-29 07:21:13.901 1491 1635 I commit_sys_config_file: [package,31]
11-29 07:21:13.986 1491 1596 V StorageManagerService: Package null does not have legacy storage
11-29 07:21:14.582 1491 1491 V BackupManagerService: [UserID:0] Scheduling immediate backup pass
11-29 07:21:14.582 1491 1491 W BackupManagerService: [UserID:0] Backup pass but enabled=false setupComplete=true
11-29 07:21:14.667 1491 2068 I am_uid_running: 90000
11-29 07:21:14.671 1491 2068 D CompatibilityChangeReporter: Compat change id reported: 135634846; UID 10036; state: DISABLED
11-29 07:21:14.671 1491 2068 D CompatibilityChangeReporter: Compat change id reported: 177438394; UID 10036; state: DISABLED
11-29 07:21:14.671 1491 2068 D CompatibilityChangeReporter: Compat change id reported: 135772972; UID 10036; state: DISABLED
11-29 07:21:14.671 1491 2068 D CompatibilityChangeReporter: Compat change id reported: 135754954; UID 10036; state: ENABLED
11-29 07:21:14.672 1491 1609 D CompatibilityChangeReporter: Compat change id reported: 143937733; UID 10036; state: ENABLED
11-29 07:21:14.716 1491 1635 V BackupManagerService: [UserID:0] restoreAtInstall pkg=com.miHoYo.Yuanshen token=2 restoreSet=0
11-29 07:21:14.716 1491 1635 V BackupManagerService: [UserID:0] Finishing install immediately
11-29 07:21:14.718 1491 1635 I unknown_sources_enabled: 1
11-29 07:21:14.724 1491 1654 I commit_sys_config_file: [package-session,14843181]
11-29 07:21:14.724 1491 1635 D CompatibilityChangeReporter: Compat change id reported: 168419799; UID 10098; state: DISABLED
11-29 07:21:14.725 1491 2068 I ActivityTaskManager: START u0 {dat=file:///data/user_de/0/com.android.packageinstaller/no_backup/package7958048431764138603.apk flg=0x2000000 cmp=com.android.packageinstaller/.InstallSuccess (has extras)} from uid 10019
11-29 07:21:14.726 1491 1491 I notification_cancel_all: [1000,1491,com.miHoYo.Yuanshen,0,0,0,5,NULL]
11-29 07:21:14.730 1491 2068 I wm_task_moved: [185,1,8]
11-29 07:21:14.731 1491 2068 I wm_set_resumed_activity: [0,com.android.packageinstaller/.InstallInstalling,positionChildAt]
11-29 07:21:14.733 1491 2068 I wm_create_activity: [0,256098226,185,com.android.packageinstaller/.InstallSuccess,NULL,NULL,file:///data/user_de/0/com.android.packageinstaller/no_backup/package7958048431764138603.apk,33554432]
11-29 07:21:14.734 1491 2068 I wm_pause_activity: [0,100230845,com.android.packageinstaller/.InstallInstalling,userLeaving=true,resumeTopActivityInnerLocked]
11-29 07:21:14.739 1491 1491 I Telecom : DefaultDialerCache: Refreshing default dialer for user 0: now null: DDC.oR@AJ4
11-29 07:21:14.741 1491 1655 I commit_sys_config_file: [overlays,14843846]
11-29 07:21:14.742 1491 7658 I wm_finish_activity: [0,100230845,185,com.android.packageinstaller/.InstallInstalling,app-request]
11-29 07:21:14.742 3512 3512 I wm_on_top_resumed_lost_called: [100230845,com.android.packageinstaller.InstallInstalling,topStateChangedWhenResumed]
11-29 07:21:14.742 3512 3512 I wm_on_paused_called: [100230845,com.android.packageinstaller.InstallInstalling,performPause]
11-29 07:21:14.743 1491 7158 I wm_add_to_stopping: [0,100230845,com.android.packageinstaller/.InstallInstalling,completeFinishing]
11-29 07:21:14.744 1491 1491 V BackupManagerConstants: getFullBackupIntervalMilliseconds(...) returns 86400000
11-29 07:21:14.744 1491 1491 V BackupManagerConstants: getFullBackupRequiredNetworkType(...) returns 2
11-29 07:21:14.744 1491 1491 V BackupManagerConstants: getFullBackupRequireCharging(...) returns true
11-29 07:21:14.744 1491 1491 V BackupManagerConstants: getKeyValueBackupIntervalMilliseconds(...) returns 14400000
11-29 07:21:14.744 1491 1491 V BackupManagerConstants: getKeyValueBackupFuzzMilliseconds(...) returns 600000
11-29 07:21:14.744 1491 1491 V BackupManagerConstants: getKeyValueBackupRequiredNetworkType(...) returns 1
11-29 07:21:14.744 1491 1491 V BackupManagerConstants: getKeyValueBackupRequireCharging(...) returns true
11-29 07:21:14.744 1491 1491 V KeyValueBackupJob: Scheduling k/v pass in 246 minutes
11-29 07:21:14.746 1491 7158 I ActivityTaskManager: FOREGROUND_APPLICATION_CHANGED to com.android.packageinstaller.InstallSuccess
11-29 07:21:14.746 1491 7158 I ActivityTaskManager: The Process com.android.packageinstaller Already Exists in BG. So sending its PID: 3512
11-29 07:21:14.747 1491 7158 W ActivityTaskManager: Tried to set launchTime (0) < mLastActivityLaunchTime (14849247)
11-29 07:21:14.750 1491 7158 I wm_restart_activity: [0,256098226,185,com.android.packageinstaller/.InstallSuccess]
11-29 07:21:14.756 1491 7158 I wm_set_resumed_activity: [0,com.android.packageinstaller/.InstallSuccess,minimalResumeActivityLocked]
11-29 07:21:14.773 1491 1608 I service_manager_stats: [100,83,33552]
11-29 07:21:14.782 1491 1693 I input_focus: [Focus leaving a5ed698 com.android.packageinstaller/com.android.packageinstaller.InstallInstalling (server),reason=NO_WINDOW]
11-29 07:21:14.785 3512 3512 I wm_on_create_called: [256098226,com.android.packageinstaller.InstallSuccess,performCreate]
11-29 07:21:14.786 3512 3512 I wm_on_start_called: [256098226,com.android.packageinstaller.InstallSuccess,handleStartActivity]
11-29 07:21:14.789 1491 1675 I am_uid_active: 10094
11-29 07:21:14.794 3512 3512 I wm_on_resume_called: [256098226,com.android.packageinstaller.InstallSuccess,RESUME_ACTIVITY]
11-29 07:21:14.797 3512 3512 I wm_on_top_resumed_gained_called: [256098226,com.android.packageinstaller.InstallSuccess,topStateChangedWhenResumed]
11-29 07:21:14.800 1491 1599 I sysui_multi_action: [757,803,799,window_time_0,802,4]
11-29 07:21:14.806 1491 2068 W BroadcastQueue: Background execution not allowed: receiving Intent { act=android.intent.action.PACKAGE_ADDED dat=package:com.miHoYo.Yuanshen flg=0x4000010 (has extras) } to com.android.packageinstaller/.PackageInstalledReceiver
11-29 07:21:14.806 1491 1607 W VoiceInteractionManager: no available voice recognition services found for user 0
11-29 07:21:14.807 1491 1607 W PackageManager: Failed registering loading progress callback. Package is fully loaded.
11-29 07:21:14.808 1491 1596 D CompanionDeviceManagerService: onPackageModified(packageName = com.miHoYo.Yuanshen)
11-29 07:21:14.809 1491 1608 W BroadcastQueue: Background execution not allowed: receiving Intent { act=android.intent.action.PACKAGE_ADDED dat=package:com.miHoYo.Yuanshen flg=0x4000010 (has extras) } to com.android.gallery3d/.app.PackagesMonitor
11-29 07:21:14.811 1491 1491 I Telecom : DefaultDialerCache: Refreshing default dialer for user 0: now null: DDC.oR@AJ8
11-29 07:21:14.817 1491 1600 I input_focus: [Focus request 7aad2ba com.android.packageinstaller/com.android.packageinstaller.InstallSuccess,reason=UpdateInputWindows]
11-29 07:21:14.827 1491 1596 I wm_activity_launch_time: [0,256098226,com.android.packageinstaller/.InstallSuccess,100]
11-29 07:21:14.838 1491 1599 I wm_destroy_activity: [0,100230845,185,com.android.packageinstaller/.InstallInstalling,finish-imm:transit]
11-29 07:21:14.848 1491 1693 I input_focus: [Focus entering 7aad2ba com.android.packageinstaller/com.android.packageinstaller.InstallSuccess (server),reason=Window became focusable. Previous reason: NOT_VISIBLE]
11-29 07:21:14.853 3512 3512 I wm_on_stop_called: [100230845,com.android.packageinstaller.InstallInstalling,LIFECYCLER_STOP_ACTIVITY]
11-29 07:21:14.853 3512 3512 I wm_on_destroy_called: [100230845,com.android.packageinstaller.InstallInstalling,performDestroy]
11-29 07:21:14.861 1491 1609 W ActivityManager: Slow operation: 193ms so far, now at startProcess: returned from zygote!
11-29 07:21:14.862 1491 1609 W ActivityManager: Slow operation: 194ms so far, now at startProcess: done updating battery stats
11-29 07:21:14.862 1491 1609 I am_proc_start: [0,24487,90000,com.microsoft.emmx:sandboxed_process0:org.chromium.content.app.SandboxedProcessService0:1,,{com.microsoft.emmx/org.chromium.content.app.SandboxedProcessService0:1}]
11-29 07:21:14.862 1491 1609 W ActivityManager: Slow operation: 194ms so far, now at startProcess: building log message
11-29 07:21:14.862 1491 1609 I ActivityManager: Start proc 24487:com.microsoft.emmx:sandboxed_process0:org.chromium.content.app.SandboxedProcessService0:1/u0ai0 for {com.microsoft.emmx/org.chromium.content.app.SandboxedProcessService0:1}
11-29 07:21:14.862 1491 1609 W ActivityManager: Slow operation: 194ms so far, now at startProcess: starting to update pids map
11-29 07:21:14.889 1491 1609 W ActivityManager: Slow operation: 221ms so far, now at startProcess: done updating pids map
11-29 07:21:14.890 1491 9370 I am_proc_bound: [0,24487,com.microsoft.emmx:sandboxed_process0:org.chromium.content.app.SandboxedProcessService0:1]
11-29 07:21:14.893 16043 16059 W ContextImpl: Calling a method in the system process without a qualified user: android.app.ContextImpl.startService:1816 android.content.ContextWrapper.startService:774 com.thundercomm.gamemode.ingame.services.GameModeActionUtils.startGameModeService:93 com.thundercomm.gamemode.ingame.services.GameModeActionUtils.startGameModeEntry:21 com.thundercomm.gamemode.ingame.services.ActivityMonitoringService$1.onActivityLaunch:127
11-29 07:21:14.900 1491 1607 W VoiceInteractionManager: no available voice recognition services found for user 0
11-29 07:21:14.901 1491 1491 I GameModeConfig: Current uri is uri = content://com.thundercomm.gamemode.api/gamemode_settings/gamemode_isgaming
11-29 07:21:14.905 1491 1491 I GameModeConfig: isGameModeOn = false
11-29 07:21:14.905 1491 1491 I GameModeConfig: isGameModeOn = false
11-29 07:21:14.905 1491 1491 I GameModeConfig: isDisableVoice = true
11-29 07:21:14.918 1491 1491 I notification_enqueue: [10097,22070,com.tencent.android.qqdownloader,54086601,NULL,0,Notification(channel=channel_id_default_silent shortcut=null contentView=null vibrate=null sound=null tick defaults=0x0 flags=0x210 color=0x00000000 groupKey=com.tencent.android.qqdownloader vis=PRIVATE),0]
11-29 07:21:14.934 503 503 I auditd : avc: denied { find } for pid=24487 uid=90000 name=content_capture scontext=u:r:isolated_app:s0:c512,c768 tcontext=u:object_r:content_capture_service:s0 tclass=service_manager permissive=0
11-29 07:21:15.079 0 0 I auditd : type=1400 audit(0.0:16827): avc: denied { kill } for comm="swapper/3" capability=5 scontext=u:r:kernel:s0 tcontext=u:r:kernel:s0 tclass=capability permissive=0
11-29 07:21:15.264 1491 1491 I GameModeConfig: isGameModeOn = false
11-29 07:21:15.265 1491 1491 W Looper : Slow dispatch took 144ms main h=com.android.server.notification.NotificationManagerService$WorkerHandler c=com.android.server.notification.NotificationManagerService$PostNotificationRunnable@cbe05d m=0
11-29 07:21:15.267 1491 9370 D CompatibilityChangeReporter: Compat change id reported: 128611929; UID 10097; state: DISABLED
11-29 07:21:15.592 22037 22037 E ActivityThread: Failed to find provider info for com.android.badge
11-29 07:21:16.079 0 0 I auditd : type=1400 audit(0.0:16828): avc: denied { kill } for comm="swapper/3" capability=5 scontext=u:r:kernel:s0 tcontext=u:r:kernel:s0 tclass=capability permissive=0
11-29 07:21:18.794 1491 9370 W NotificationService: Toast already killed. pkg=com.tencent.android.qqdownloader token=android.os.BinderProxy@88cffe8
11-29 07:21:20.400 1491 1693 I input_interaction: Interaction with: 7aad2ba com.android.packageinstaller/com.android.packageinstaller.InstallSuccess (server), edge-swipe (server), swipe-up (server), PointerEventDispatcher0 (server),
11-29 07:21:20.512 1491 9370 I ActivityTaskManager: START u0 {act=android.intent.action.MAIN cat=[android.intent.category.LAUNCHER] flg=0x10000000 pkg=com.miHoYo.Yuanshen cmp=com.miHoYo.Yuanshen/com.miHoYo.GetMobileInfo.MainActivity} from uid 10019
11-29 07:21:20.522 1491 9370 I wm_task_created: [186,-1]
11-29 07:21:20.522 1491 9370 W ActivityTaskManager: Can't find TaskDisplayArea to determine support for multi window. Task id=186 attached=false
11-29 07:21:20.527 1491 9370 D CompatibilityChangeReporter: Compat change id reported: 174042980; UID 10098; state: DISABLED
11-29 07:21:20.527 1491 9370 D CompatibilityChangeReporter: Compat change id reported: 184838306; UID 10098; state: DISABLED
11-29 07:21:20.528 1491 9370 D CompatibilityChangeReporter: Compat change id reported: 185004937; UID 10098; state: DISABLED
11-29 07:21:20.529 1491 9370 D CompatibilityChangeReporter: Compat change id reported: 181136395; UID 10098; state: DISABLED
11-29 07:21:20.531 1491 9370 D CompatibilityChangeReporter: Compat change id reported: 174042936; UID 10098; state: DISABLED
11-29 07:21:20.531 1491 9370 I wm_task_moved: [186,1,9]
11-29 07:21:20.531 1491 9370 I wm_task_to_front: [0,186]
11-29 07:21:20.532 1491 9370 I wm_create_task: [0,186]
11-29 07:21:20.532 1491 9370 I wm_create_activity: [0,118413051,186,com.miHoYo.Yuanshen/com.miHoYo.GetMobileInfo.MainActivity,android.intent.action.MAIN,NULL,NULL,268435456]
11-29 07:21:20.532 1491 9370 I wm_task_moved: [186,1,9]
11-29 07:21:20.534 1491 9370 I wm_pause_activity: [0,256098226,com.android.packageinstaller/.InstallSuccess,userLeaving=true,pauseBackTasks]
11-29 07:21:20.545 1491 1599 I am_uid_running: 10098
11-29 07:21:20.551 1491 1599 D CompatibilityChangeReporter: Compat change id reported: 135634846; UID 10098; state: DISABLED
11-29 07:21:20.551 1491 1599 D CompatibilityChangeReporter: Compat change id reported: 177438394; UID 10098; state: DISABLED
11-29 07:21:20.551 1491 1599 D CompatibilityChangeReporter: Compat change id reported: 135772972; UID 10098; state: DISABLED
11-29 07:21:20.551 1491 1599 D CompatibilityChangeReporter: Compat change id reported: 135754954; UID 10098; state: ENABLED
11-29 07:21:20.551 1491 2061 I wm_finish_activity: [0,256098226,185,com.android.packageinstaller/.InstallSuccess,app-request]
11-29 07:21:20.551 1491 1609 D CompatibilityChangeReporter: Compat change id reported: 143937733; UID 10098; state: ENABLED
11-29 07:21:20.553 3512 3512 I wm_on_top_resumed_lost_called: [256098226,com.android.packageinstaller.InstallSuccess,topStateChangedWhenResumed]
11-29 07:21:20.553 3512 3512 I wm_on_paused_called: [256098226,com.android.packageinstaller.InstallSuccess,performPause]
11-29 07:21:20.554 1491 2061 I wm_add_to_stopping: [0,256098226,com.android.packageinstaller/.InstallSuccess,completeFinishing]
11-29 07:21:20.555 1491 2061 I ActivityTaskManager: FOREGROUND_APPLICATION_CHANGED to com.miHoYo.GetMobileInfo.MainActivity
11-29 07:21:20.559 1491 2061 I wm_add_to_stopping: [0,155623459,com.android.packageinstaller/.DeleteStagedFileOnResult,makeInvisible]
11-29 07:21:20.559 1491 2061 I wm_add_to_stopping: [0,265929795,com.tencent.android.qqdownloader/com.tencent.pangu.activity.InstallerListenerActivity,makeInvisible]
11-29 07:21:20.559 1491 2061 I wm_add_to_stopping: [0,36061001,com.tencent.android.qqdownloader/com.tencent.nucleus.search.SearchActivity,makeInvisible]
11-29 07:21:20.559 1491 2061 I wm_add_to_stopping: [0,179324335,com.tencent.android.qqdownloader/com.tencent.assistantv2.activity.MainActivity,makeInvisible]
11-29 07:21:20.562 1491 1609 I am_proc_start: [0,24595,10098,com.miHoYo.Yuanshen,pre-top-activity,{com.miHoYo.Yuanshen/com.miHoYo.GetMobileInfo.MainActivity}]
11-29 07:21:20.563 1491 1609 I ActivityManager: Start proc 24595:com.miHoYo.Yuanshen/u0a98 for pre-top-activity {com.miHoYo.Yuanshen/com.miHoYo.GetMobileInfo.MainActivity}
11-29 07:21:20.563 1491 24596 W ContextImpl: Calling a method in the system process without a qualified user: android.app.ContextImpl.sendBroadcast:1173 com.qualcomm.qti.Performance$SendGameLaunchBroadcast.run:217 java.lang.Thread.run:920
11-29 07:21:20.569 1491 1599 I sysui_multi_action: [757,803,799,window_time_0,802,6]
11-29 07:21:20.577 1491 1693 I input_focus: [Focus leaving 7aad2ba com.android.packageinstaller/com.android.packageinstaller.InstallSuccess (server),reason=NO_WINDOW]
11-29 07:21:20.587 1491 2061 I am_proc_bound: [0,24595,com.miHoYo.Yuanshen]
11-29 07:21:20.614 1491 1607 I am_pss : [3512,10019,com.android.packageinstaller,39724032,32157696,2628608,134672384,0,2,7]
11-29 07:21:20.622 1491 2061 I wm_restart_activity: [0,118413051,186,com.miHoYo.Yuanshen/com.miHoYo.GetMobileInfo.MainActivity]
11-29 07:21:20.625 1491 2061 I wm_set_resumed_activity: [0,com.miHoYo.Yuanshen/com.miHoYo.GetMobileInfo.MainActivity,minimalResumeActivityLocked]
11-29 07:21:20.629 1491 1599 I am_uid_active: 10098
11-29 07:21:20.631 1491 1607 I am_pss : [23792,10020,com.hryt.hiphishowfsecontrol,16655360,7659520,6359040,85520384,0,19,7]
11-29 07:21:20.641 1491 1607 I am_pss : [23793,10064,com.android.calendar,7784448,1695744,4658176,56864768,0,19,6]
11-29 07:21:20.645 16043 16059 W ContextImpl: Calling a method in the system process without a qualified user: android.app.ContextImpl.startService:1816 android.content.ContextWrapper.startService:774 com.thundercomm.gamemode.ingame.services.GameModeActionUtils.startGameModeService:93 com.thundercomm.gamemode.ingame.services.GameModeActionUtils.startGameModeEntry:21 com.thundercomm.gamemode.ingame.services.ActivityMonitoringService$1.onActivityLaunch:127
11-29 07:21:20.653 1491 1491 I GameModeConfig: Current uri is uri = content://com.thundercomm.gamemode.api/gamemode_settings/gamemode_isgaming
11-29 07:21:20.657 1491 1491 I GameModeConfig: isGameModeOn = false
11-29 07:21:20.658 1491 1491 I GameModeConfig: isGameModeOn = false
11-29 07:21:20.658 1491 1491 I GameModeConfig: isDisableVoice = true
11-29 07:21:20.672 16043 16059 W ContextImpl: Calling a method in the system process without a qualified user: android.app.ContextImpl.startService:1816 android.content.ContextWrapper.startService:774 com.thundercomm.gamemode.ingame.services.GameModeActionUtils.startGameModeService:93 com.thundercomm.gamemode.ingame.services.GameModeActionUtils.startGameModeEntry:21 com.thundercomm.gamemode.ingame.services.ActivityMonitoringService$1.onActivityLaunch:127
11-29 07:21:20.678 1491 1491 I GameModeConfig: Current uri is uri = content://com.thundercomm.gamemode.api/gamemode_settings/gamemode_isgaming
11-29 07:21:20.679 1491 1491 I GameModeConfig: isGameModeOn = false
11-29 07:21:20.680 1491 1491 I GameModeConfig: isGameModeOn = false
11-29 07:21:20.680 1491 1491 I GameModeConfig: isDisableVoice = true
11-29 07:21:20.683 24595 24595 E ActivityThread: Failed to find provider info for com.combosdk.framework.control
11-29 07:21:20.763 24595 24595 I wm_on_create_called: [118413051,com.miHoYo.GetMobileInfo.MainActivity,performCreate]
11-29 07:21:20.764 24595 24595 I wm_on_start_called: [118413051,com.miHoYo.GetMobileInfo.MainActivity,handleStartActivity]
11-29 07:21:20.764 24595 24595 I wm_on_resume_called: [118413051,com.miHoYo.GetMobileInfo.MainActivity,RESUME_ACTIVITY]
11-29 07:21:20.769 24595 24595 I wm_on_top_resumed_gained_called: [118413051,com.miHoYo.GetMobileInfo.MainActivity,topStateChangedWhenResumed]
11-29 07:21:20.781 1491 1600 I input_focus: [Focus request c01c4cb com.miHoYo.Yuanshen/com.miHoYo.GetMobileInfo.MainActivity,reason=UpdateInputWindows]
11-29 07:21:20.782 1491 1760 I GameModeConfig: isGameModeOn = false
11-29 07:21:20.783 1491 1760 I GameModeConfig: isGameModeOn = false
11-29 07:21:20.783 1491 1760 I GameModeConfig: isGameModeOn = false
11-29 07:21:20.783 1491 1760 I GameModeConfig: isGameModeOn = false
11-29 07:21:20.783 1491 1760 I GameModeConfig: isGameModeOn = false
11-29 07:21:20.783 1491 1760 I GameModeConfig: isGameModeOn = false
11-29 07:21:20.784 1491 1491 I notification_enqueue: [10082,19842,com.android.systemui,2048,NULL,0,Notification(channel=updateNotification shortcut=null contentView=null vibrate=null sound=null defaults=0x0 flags=0x0 color=0x00000000 vis=PRIVATE),1]
11-29 07:21:20.784 19842 19842 I sysui_multi_action: [757,111,758,2]
11-29 07:21:20.785 19842 19842 I sysui_multi_action: [757,111,758,2]
11-29 07:21:20.794 19842 19842 I sysui_multi_action: [757,111,758,1]
11-29 07:21:20.794 19842 19842 I sysui_multi_action: [757,126,758,1,759,126,927,0,928,1,1593,0]
11-29 07:21:20.794 19842 19842 I sysui_multi_action: [757,113,758,1,759,113,927,1,928,1,1593,0]
11-29 07:21:20.794 19842 19842 I sysui_multi_action: [757,0,758,1,759,0,927,2,928,0,1593,0]
11-29 07:21:20.794 19842 19842 I sysui_multi_action: [757,0,758,1,759,0,927,3,928,0,1593,0]
11-29 07:21:20.794 19842 19842 I sysui_multi_action: [757,491,758,1,759,491,927,4,928,0,1311,-1,1593,0]
11-29 07:21:20.794 19842 19842 I sysui_multi_action: [757,0,758,1,759,0,927,5,928,0,1593,0]
11-29 07:21:20.794 19842 19842 I sysui_multi_action: [757,111,758,1]
11-29 07:21:20.794 19842 19842 I sysui_multi_action: [757,126,758,1,759,126,927,0,928,1,1593,0]
11-29 07:21:20.794 19842 19842 I sysui_multi_action: [757,113,758,1,759,113,927,1,928,1,1593,0]
11-29 07:21:20.794 19842 19842 I sysui_multi_action: [757,0,758,1,759,0,927,2,928,0,1593,0]
11-29 07:21:20.794 19842 19842 I sysui_multi_action: [757,0,758,1,759,0,927,3,928,0,1593,0]
11-29 07:21:20.806 1491 1596 I sysui_multi_action: [319,101,321,73,322,292,325,14858,757,761,758,7,759,1,806,com.miHoYo.Yuanshen,871,com.miHoYo.GetMobileInfo.MainActivity,904,com.android.packageinstaller,905,0,945,107,1320,4,1321,4]
11-29 07:21:20.807 1491 1596 I wm_activity_launch_time: [0,118413051,com.miHoYo.Yuanshen/com.miHoYo.GetMobileInfo.MainActivity,292]
11-29 07:21:20.811 1491 1693 I input_focus: [Focus entering c01c4cb com.miHoYo.Yuanshen/com.miHoYo.GetMobileInfo.MainActivity (server),reason=setFocusedWindow]
11-29 07:21:20.893 1491 1723 I netstats_mobile_sample: [0,0,0,0,0,0,0,0,0,0,0,0,1669677680893]
11-29 07:21:20.894 1491 1723 I netstats_wifi_sample: [747475497,1122131,165814028,403355,747475497,1122131,165814028,403355,828491223,1742663,84813761,219809,1669677680893]
11-29 07:21:20.989 1491 1491 I GameModeConfig: isGameModeOn = false
11-29 07:21:20.990 1491 1491 I sysui_multi_action: [757,1501,758,1,793,14838251,794,0,795,208,796,2048,806,com.android.systemui,857,updateNotification,858,3,947,0,1500,0,1688,1]
11-29 07:21:20.990 1491 1491 I sysui_multi_action: [757,804,799,note_interruptive,801,0,802,1]
11-29 07:21:20.991 1491 1491 I sysui_multi_action: [757,199,758,1,759,2,793,14838251,794,0,795,208,796,2048,806,com.android.systemui,857,updateNotification,858,3,947,0,1500,0,1688,1]
11-29 07:21:20.991 1491 1491 I notification_alert: [0|com.android.systemui|2048|null|10082,0,1,0]
11-29 07:21:20.995 1491 1491 W NotificationHistory: Attempted to add notif for locked/gone/disabled user 0
11-29 07:21:21.076 1491 1599 I wm_stop_activity: [0,155623459,com.android.packageinstaller/.DeleteStagedFileOnResult]
11-29 07:21:21.076 1491 1599 I wm_destroy_activity: [0,256098226,185,com.android.packageinstaller/.InstallSuccess,finish-imm:idle]
11-29 07:21:21.080 1491 1599 I wm_stop_activity: [0,179324335,com.tencent.android.qqdownloader/com.tencent.assistantv2.activity.MainActivity]
11-29 07:21:21.081 1491 1599 I wm_stop_activity: [0,36061001,com.tencent.android.qqdownloader/com.tencent.nucleus.search.SearchActivity]
11-29 07:21:21.081 1491 1599 I wm_stop_activity: [0,265929795,com.tencent.android.qqdownloader/com.tencent.pangu.activity.InstallerListenerActivity]
11-29 07:21:21.102 3512 3512 I wm_on_stop_called: [155623459,com.android.packageinstaller.DeleteStagedFileOnResult,STOP_ACTIVITY_ITEM]
11-29 07:21:21.106 3512 3512 I wm_on_stop_called: [256098226,com.android.packageinstaller.InstallSuccess,LIFECYCLER_STOP_ACTIVITY]
11-29 07:21:21.106 3512 3512 I wm_on_destroy_called: [256098226,com.android.packageinstaller.InstallSuccess,performDestroy]
11-29 07:21:21.154 16043 16059 W ContextImpl: Calling a method in the system process without a qualified user: android.app.ContextImpl.startService:1816 android.content.ContextWrapper.startService:774 com.thundercomm.gamemode.ingame.services.GameModeActionUtils.startGameModeService:93 com.thundercomm.gamemode.ingame.services.GameModeActionUtils.startGameModeEntry:21 com.thundercomm.gamemode.ingame.services.ActivityMonitoringService$1.onActivityLaunch:127
11-29 07:21:21.155 22070 22070 I wm_on_stop_called: [179324335,com.tencent.assistantv2.activity.MainActivity,STOP_ACTIVITY_ITEM]
11-29 07:21:21.159 22070 22070 I wm_on_stop_called: [36061001,com.tencent.nucleus.search.SearchActivity,STOP_ACTIVITY_ITEM]
11-29 07:21:21.160 22070 22070 I wm_on_stop_called: [265929795,com.tencent.pangu.activity.InstallerListenerActivity,STOP_ACTIVITY_ITEM]
11-29 07:21:21.161 1491 1491 I GameModeConfig: Current uri is uri = content://com.thundercomm.gamemode.api/gamemode_settings/gamemode_isgaming
11-29 07:21:21.164 1491 1491 I GameModeConfig: isGameModeOn = false
11-29 07:21:21.165 1491 1491 I GameModeConfig: isGameModeOn = false
11-29 07:21:21.165 1491 1491 I GameModeConfig: isDisableVoice = true
11-29 07:21:21.165 1491 1607 W UsageStatsService: Unexpected activity event reported! (com.tencent.android.qqdownloader/com.tencent.assistantv2.activity.MainActivity event : 23 instanceId : 266147984)
11-29 07:21:21.178 16043 16059 W ContextImpl: Calling a method in the system process without a qualified user: android.app.ContextImpl.startService:1816 android.content.ContextWrapper.startService:774 com.thundercomm.gamemode.ingame.services.GameModeActionUtils.startGameModeService:93 com.thundercomm.gamemode.ingame.services.GameModeActionUtils.startGameModeEntry:21 com.thundercomm.gamemode.ingame.services.ActivityMonitoringService$1.onActivityLaunch:127
11-29 07:21:21.182 1491 1491 I GameModeConfig: Current uri is uri = content://com.thundercomm.gamemode.api/gamemode_settings/gamemode_isgaming
11-29 07:21:21.185 1491 1491 I GameModeConfig: isGameModeOn = false
11-29 07:21:21.186 1491 1491 I GameModeConfig: isGameModeOn = false
11-29 07:21:21.186 1491 1491 I GameModeConfig: isDisableVoice = true
11-29 07:21:21.650 1491 1600 I input_focus: [Focus request 455c181 ImmersiveModeConfirmation,reason=UpdateInputWindows]
11-29 07:21:21.664 1491 1693 I input_focus: [Focus leaving c01c4cb com.miHoYo.Yuanshen/com.miHoYo.GetMobileInfo.MainActivity (server),reason=Waiting for window because NOT_VISIBLE]
11-29 07:21:21.680 1491 1693 I input_focus: [Focus entering 455c181 ImmersiveModeConfirmation (server),reason=Window became focusable. Previous reason: NOT_VISIBLE]
11-29 07:21:22.079 0 0 I auditd : type=1400 audit(0.0:16829): avc: denied { kill } for comm="swapper/0" capability=5 scontext=u:r:kernel:s0 tcontext=u:r:kernel:s0 tclass=capability permissive=0
11-29 07:21:22.755 1491 1693 I input_interaction: Interaction with: 455c181 ImmersiveModeConfirmation (server), edge-swipe (server), swipe-up (server), PointerEventDispatcher0 (server),
11-29 07:21:22.872 1491 1600 I input_focus: [Focus request c01c4cb com.miHoYo.Yuanshen/com.miHoYo.GetMobileInfo.MainActivity,reason=UpdateInputWindows]
11-29 07:21:22.900 1491 1693 I input_focus: [Focus entering c01c4cb com.miHoYo.Yuanshen/com.miHoYo.GetMobileInfo.MainActivity (server),reason=setFocusedWindow]
11-29 07:21:23.079 0 0 I auditd : type=1400 audit(0.0:16830): avc: denied { kill } for comm="swapper/0" capability=5 scontext=u:r:kernel:s0 tcontext=u:r:kernel:s0 tclass=capability permissive=0
11-29 07:21:23.085 1491 1673 I commit_sys_config_file: [settings-2-0,24]
11-29 07:21:24.079 0 0 I auditd : type=1400 audit(0.0:16831): avc: denied { kill } for comm="swapper/0" capability=5 scontext=u:r:kernel:s0 tcontext=u:r:kernel:s0 tclass=capability permissive=0
11-29 07:21:24.308 1491 1693 I input_interaction: Interaction with: c01c4cb com.miHoYo.Yuanshen/com.miHoYo.GetMobileInfo.MainActivity (server), edge-swipe (server), swipe-up (server), PointerEventDispatcher0 (server),
11-29 07:21:24.853 24595 24595 I view_enqueue_input_event: [Motion - Cancel,com.miHoYo.Yuanshen/com.miHoYo.GetMobileInfo.MainActivity]
11-29 07:21:24.854 1491 9370 I wm_task_moved: [32,0,0]
11-29 07:21:24.856 1491 9370 I wm_task_moved: [32,0,8]
11-29 07:21:24.858 1491 1693 I input_interaction: Interaction with: edge-swipe (server), swipe-up (server), PointerEventDispatcher0 (server),
11-29 07:21:24.869 9956 9956 I wm_on_restart_called: [254362067,com.android.launcher3.uioverrides.QuickstepLauncher,performRestartActivity]
11-29 07:21:24.883 16043 16059 W ContextImpl: Calling a method in the system process without a qualified user: android.app.ContextImpl.startService:1816 android.content.ContextWrapper.startService:774 com.thundercomm.gamemode.ingame.services.GameModeActionUtils.startGameModeService:93 com.thundercomm.gamemode.ingame.services.GameModeActionUtils.startGameModeEntry:21 com.thundercomm.gamemode.ingame.services.ActivityMonitoringService$1.onActivityLaunch:127
11-29 07:21:24.892 9956 9956 I wm_on_start_called: [254362067,com.android.launcher3.uioverrides.QuickstepLauncher,handleStartActivity]
11-29 07:21:24.892 1491 1491 I GameModeConfig: Current uri is uri = content://com.thundercomm.gamemode.api/gamemode_settings/gamemode_isgaming
11-29 07:21:24.895 1491 1600 I input_focus: [Focus request recents_animation_input_consumer,reason=UpdateInputWindows]
11-29 07:21:24.898 1491 1491 I GameModeConfig: isGameModeOn = false
11-29 07:21:24.899 1491 1491 I GameModeConfig: isGameModeOn = false
11-29 07:21:24.899 1491 1491 I GameModeConfig: isDisableVoice = true
11-29 07:21:24.903 1491 1693 I input_focus: [Focus leaving c01c4cb com.miHoYo.Yuanshen/com.miHoYo.GetMobileInfo.MainActivity (server),reason=NOT_FOCUSABLE]
11-29 07:21:24.903 1491 1693 I input_focus: [Focus entering recents_animation_input_consumer (server),reason=setFocusedWindow]
11-29 07:21:24.913 9956 9956 I sysui_latency: [1,89]
11-29 07:21:24.927 1491 9370 W ActivityTaskManager: getTaskSnapshot: taskId=3182 not found
11-29 07:21:24.930 1491 2923 W ActivityTaskManager: getTaskSnapshot: taskId=2182 not found
11-29 07:21:24.932 1491 2068 W ActivityTaskManager: getTaskSnapshot: taskId=1182 not found
11-29 07:21:24.936 1491 1596 I sysui_multi_action: [319,11,322,64,325,14863,757,761,758,9,759,5,806,com.android.launcher3,871,com.android.launcher3.uioverrides.QuickstepLauncher,905,0,1320,8,1321,5]
11-29 07:21:25.096 1491 1673 I commit_sys_config_file: [settings-1-0,5]
11-29 07:21:25.220 1491 1607 I sysui_latency: [8,87]
11-29 07:21:25.546 1491 8854 I wm_task_moved: [32,1,9]
11-29 07:21:25.547 1491 8854 I wm_task_moved: [41,1,2147483647]
11-29 07:21:25.547 1491 8854 I wm_task_to_front: [0,41]
11-29 07:21:25.547 1491 8854 I wm_focused_root_task: [0,0,32,186,RecentsAnimation.onAnimationFinished()]
11-29 07:21:25.547 1491 8854 I wm_set_resumed_activity: [0,com.android.launcher3/.uioverrides.QuickstepLauncher,RecentsAnimation.onAnimationFinished()]
11-29 07:21:25.547 24595 24595 I wm_on_top_resumed_lost_called: [118413051,com.miHoYo.GetMobileInfo.MainActivity,topStateChangedWhenResumed]
11-29 07:21:25.549 1491 8854 I wm_pause_activity: [0,118413051,com.miHoYo.Yuanshen/com.miHoYo.GetMobileInfo.MainActivity,userLeaving=true,pauseBackTasks]
11-29 07:21:25.549 1491 8854 I wm_add_to_stopping: [0,118413051,com.miHoYo.Yuanshen/com.miHoYo.GetMobileInfo.MainActivity,makeInvisible]
