11-29 07:05:46.518 16043 16059 W ContextImpl: Calling a method in the system process without a qualified user: android.app.ContextImpl.startService:1816 android.content.ContextWrapper.startService:774 com.thundercomm.gamemode.ingame.services.GameModeActionUtils.startGameModeService:93 com.thundercomm.gamemode.ingame.services.GameModeActionUtils.startGameModeEntry:21 com.thundercomm.gamemode.ingame.services.ActivityMonitoringService$1.onActivityLaunch:127
11-29 07:05:46.522 1491 1491 I GameModeConfig: Current uri is uri = content://com.thundercomm.gamemode.api/gamemode_settings/gamemode_isgaming
11-29 07:05:46.523 1491 1491 I GameModeConfig: isGameModeOn = false
11-29 07:05:46.523 1491 1491 I GameModeConfig: isGameModeOn = false
11-29 07:05:46.523 1491 1491 I GameModeConfig: isDisableVoice = true
11-29 07:05:46.532 1491 1874 E DisplayDeviceConfig: requesting nits when no mapping exists.
11-29 07:05:46.533 1491 1874 E DisplayDeviceConfig: requesting nits when no mapping exists.
11-29 07:05:46.548 1491 1874 E DisplayDeviceConfig: requesting nits when no mapping exists.
11-29 07:05:46.549 1491 1874 E DisplayDeviceConfig: requesting nits when no mapping exists.
11-29 07:05:46.568 1491 1874 E DisplayDeviceConfig: requesting nits when no mapping exists.
11-29 07:05:46.568 1491 1874 E DisplayDeviceConfig: requesting nits when no mapping exists.
11-29 07:05:46.581 1491 1874 E DisplayDeviceConfig: requesting nits when no mapping exists.
11-29 07:05:46.582 1491 1874 E DisplayDeviceConfig: requesting nits when no mapping exists.
11-29 07:05:46.598 1491 1874 E DisplayDeviceConfig: requesting nits when no mapping exists.
11-29 07:05:46.599 1491 1874 E DisplayDeviceConfig: requesting nits when no mapping exists.
11-29 07:05:46.619 1491 1874 E DisplayDeviceConfig: requesting nits when no mapping exists.
11-29 07:05:46.620 1491 1874 E DisplayDeviceConfig: requesting nits when no mapping exists.
11-29 07:05:46.631 1491 1874 E DisplayDeviceConfig: requesting nits when no mapping exists.
11-29 07:05:46.634 1491 1874 E DisplayDeviceConfig: requesting nits when no mapping exists.
11-29 07:05:46.648 1491 1874 E DisplayDeviceConfig: requesting nits when no mapping exists.
11-29 07:05:46.648 1491 1874 E DisplayDeviceConfig: requesting nits when no mapping exists.
11-29 07:05:46.666 1491 1874 E DisplayDeviceConfig: requesting nits when no mapping exists.
11-29 07:05:46.667 1491 1874 E DisplayDeviceConfig: requesting nits when no mapping exists.
11-29 07:05:46.670 1491 1491 I GameModeConfig: isGameModeOn = false
11-29 07:05:46.672 1491 1491 W NotificationHistory: Attempted to add notif for locked/gone/disabled user 0
11-29 07:05:46.681 1491 1874 E DisplayDeviceConfig: requesting nits when no mapping exists.
11-29 07:05:46.682 1491 1874 E DisplayDeviceConfig: requesting nits when no mapping exists.
11-29 07:05:46.701 1491 1874 E DisplayDeviceConfig: requesting nits when no mapping exists.
11-29 07:05:46.701 1491 1874 E DisplayDeviceConfig: requesting nits when no mapping exists.
11-29 07:05:46.715 1491 1874 E DisplayDeviceConfig: requesting nits when no mapping exists.
11-29 07:05:46.715 1491 1874 E DisplayDeviceConfig: requesting nits when no mapping exists.
11-29 07:05:46.731 1491 1874 E DisplayDeviceConfig: requesting nits when no mapping exists.
11-29 07:05:46.732 1491 1874 E DisplayDeviceConfig: requesting nits when no mapping exists.
11-29 07:05:46.749 1491 1874 E DisplayDeviceConfig: requesting nits when no mapping exists.
11-29 07:05:46.749 1491 1874 E DisplayDeviceConfig: requesting nits when no mapping exists.
11-29 07:05:46.766 1491 1874 E DisplayDeviceConfig: requesting nits when no mapping exists.
11-29 07:05:46.767 1491 1874 E DisplayDeviceConfig: requesting nits when no mapping exists.
11-29 07:05:46.769 1491 1600 W WindowManager: updateScale0.4617737
11-29 07:05:46.784 1491 1874 E DisplayDeviceConfig: requesting nits when no mapping exists.
11-29 07:05:46.785 1491 1874 E DisplayDeviceConfig: requesting nits when no mapping exists.
11-29 07:05:46.796 1491 8854 W WindowManager: updateScale0.4617737
11-29 07:05:46.799 1491 1874 E DisplayDeviceConfig: requesting nits when no mapping exists.
11-29 07:05:46.800 1491 1874 E DisplayDeviceConfig: requesting nits when no mapping exists.
11-29 07:05:46.819 1491 1874 E DisplayDeviceConfig: requesting nits when no mapping exists.
11-29 07:05:46.820 1491 1874 E DisplayDeviceConfig: requesting nits when no mapping exists.
11-29 07:05:46.826 16043 16059 W ContextImpl: Calling a method in the system process without a qualified user: android.app.ContextImpl.startService:1816 android.content.ContextWrapper.startService:774 com.thundercomm.gamemode.ingame.services.GameModeActionUtils.startGameModeService:93 com.thundercomm.gamemode.ingame.services.GameModeActionUtils.startGameModeEntry:21 com.thundercomm.gamemode.ingame.services.ActivityMonitoringService$1.onActivityLaunch:127
11-29 07:05:46.830 1491 1874 E DisplayDeviceConfig: requesting nits when no mapping exists.
11-29 07:05:46.830 1491 1874 E DisplayDeviceConfig: requesting nits when no mapping exists.
11-29 07:05:46.831 1491 1491 I GameModeConfig: Current uri is uri = content://com.thundercomm.gamemode.api/gamemode_settings/gamemode_isgaming
11-29 07:05:46.836 1491 1491 I GameModeConfig: isGameModeOn = false
11-29 07:05:46.836 1491 1491 I GameModeConfig: isGameModeOn = false
11-29 07:05:46.836 1491 1491 I GameModeConfig: isDisableVoice = true
11-29 07:05:46.846 1491 1874 E DisplayDeviceConfig: requesting nits when no mapping exists.
11-29 07:05:46.846 1491 1874 E DisplayDeviceConfig: requesting nits when no mapping exists.
11-29 07:05:46.863 1491 1874 E DisplayDeviceConfig: requesting nits when no mapping exists.
11-29 07:05:46.863 1491 1874 E DisplayDeviceConfig: requesting nits when no mapping exists.
11-29 07:05:46.879 1491 1874 E DisplayDeviceConfig: requesting nits when no mapping exists.
11-29 07:05:46.880 1491 1874 E DisplayDeviceConfig: requesting nits when no mapping exists.
11-29 07:05:46.896 1491 1874 E DisplayDeviceConfig: requesting nits when no mapping exists.
11-29 07:05:46.897 1491 1874 E DisplayDeviceConfig: requesting nits when no mapping exists.
11-29 07:05:46.913 1491 1874 E DisplayDeviceConfig: requesting nits when no mapping exists.
11-29 07:05:46.914 1491 1874 E DisplayDeviceConfig: requesting nits when no mapping exists.
11-29 07:05:46.930 1491 1874 E DisplayDeviceConfig: requesting nits when no mapping exists.
11-29 07:05:46.931 1491 1874 E DisplayDeviceConfig: requesting nits when no mapping exists.
11-29 07:05:46.947 1491 1874 E DisplayDeviceConfig: requesting nits when no mapping exists.
11-29 07:05:46.947 1491 1874 E DisplayDeviceConfig: requesting nits when no mapping exists.
11-29 07:05:46.963 1491 1874 E DisplayDeviceConfig: requesting nits when no mapping exists.
11-29 07:05:46.964 1491 1874 E DisplayDeviceConfig: requesting nits when no mapping exists.
11-29 07:05:46.980 1491 1874 E DisplayDeviceConfig: requesting nits when no mapping exists.
11-29 07:05:46.981 1491 1874 E DisplayDeviceConfig: requesting nits when no mapping exists.
11-29 07:05:46.997 1491 1874 E DisplayDeviceConfig: requesting nits when no mapping exists.
11-29 07:05:46.997 1491 1874 E DisplayDeviceConfig: requesting nits when no mapping exists.
11-29 07:05:47.014 1491 1874 E DisplayDeviceConfig: requesting nits when no mapping exists.
11-29 07:05:47.014 1491 1874 E DisplayDeviceConfig: requesting nits when no mapping exists.
11-29 07:05:47.030 1491 1874 E DisplayDeviceConfig: requesting nits when no mapping exists.
11-29 07:05:47.031 1491 1874 E DisplayDeviceConfig: requesting nits when no mapping exists.
11-29 07:05:47.047 1491 1874 E DisplayDeviceConfig: requesting nits when no mapping exists.
11-29 07:05:47.047 1491 1874 E DisplayDeviceConfig: requesting nits when no mapping exists.
11-29 07:05:47.063 1491 1874 E DisplayDeviceConfig: requesting nits when no mapping exists.
11-29 07:05:47.065 1491 1874 E DisplayDeviceConfig: requesting nits when no mapping exists.
11-29 07:05:47.080 1491 1874 E DisplayDeviceConfig: requesting nits when no mapping exists.
11-29 07:05:47.082 1491 1874 E DisplayDeviceConfig: requesting nits when no mapping exists.
11-29 07:05:47.097 1491 1874 E DisplayDeviceConfig: requesting nits when no mapping exists.
11-29 07:05:47.099 1491 1874 E DisplayDeviceConfig: requesting nits when no mapping exists.
11-29 07:05:47.114 1491 1874 E DisplayDeviceConfig: requesting nits when no mapping exists.
11-29 07:05:47.114 1491 1874 E DisplayDeviceConfig: requesting nits when no mapping exists.
11-29 07:05:47.130 1491 1874 E DisplayDeviceConfig: requesting nits when no mapping exists.
11-29 07:05:47.131 1491 1874 E DisplayDeviceConfig: requesting nits when no mapping exists.
11-29 07:05:47.148 1491 1874 E DisplayDeviceConfig: requesting nits when no mapping exists.
11-29 07:05:47.149 1491 1874 E DisplayDeviceConfig: requesting nits when no mapping exists.
11-29 07:05:47.164 1491 1874 E DisplayDeviceConfig: requesting nits when no mapping exists.
11-29 07:05:47.164 1491 1874 E DisplayDeviceConfig: requesting nits when no mapping exists.
11-29 07:05:47.180 1491 1874 E DisplayDeviceConfig: requesting nits when no mapping exists.
11-29 07:05:47.181 1491 1874 E DisplayDeviceConfig: requesting nits when no mapping exists.
11-29 07:05:47.197 1491 1874 E DisplayDeviceConfig: requesting nits when no mapping exists.
11-29 07:05:47.198 1491 1874 E DisplayDeviceConfig: requesting nits when no mapping exists.
11-29 07:05:47.214 1491 1874 E DisplayDeviceConfig: requesting nits when no mapping exists.
11-29 07:05:47.214 1491 1874 E DisplayDeviceConfig: requesting nits when no mapping exists.
11-29 07:05:47.231 1491 1874 E DisplayDeviceConfig: requesting nits when no mapping exists.
11-29 07:05:47.232 1491 1874 E DisplayDeviceConfig: requesting nits when no mapping exists.
11-29 07:05:47.249 1491 1874 E DisplayDeviceConfig: requesting nits when no mapping exists.
11-29 07:05:47.250 1491 1874 E DisplayDeviceConfig: requesting nits when no mapping exists.
11-29 07:05:47.264 1491 1874 E DisplayDeviceConfig: requesting nits when no mapping exists.
11-29 07:05:47.264 1491 1874 E DisplayDeviceConfig: requesting nits when no mapping exists.
11-29 07:05:47.282 1491 1874 E DisplayDeviceConfig: requesting nits when no mapping exists.
11-29 07:05:47.282 1491 1874 E DisplayDeviceConfig: requesting nits when no mapping exists.
11-29 07:05:47.297 1491 1874 E DisplayDeviceConfig: requesting nits when no mapping exists.
11-29 07:05:47.298 1491 1874 E DisplayDeviceConfig: requesting nits when no mapping exists.
11-29 07:05:47.314 1491 1874 E DisplayDeviceConfig: requesting nits when no mapping exists.
11-29 07:05:47.314 1491 1874 E DisplayDeviceConfig: requesting nits when no mapping exists.
11-29 07:05:47.333 1491 1874 E DisplayDeviceConfig: requesting nits when no mapping exists.
11-29 07:05:47.333 1491 1874 E DisplayDeviceConfig: requesting nits when no mapping exists.
11-29 07:05:47.347 1491 1874 E DisplayDeviceConfig: requesting nits when no mapping exists.
11-29 07:05:47.348 1491 1874 E DisplayDeviceConfig: requesting nits when no mapping exists.
11-29 07:05:47.364 1491 1874 E DisplayDeviceConfig: requesting nits when no mapping exists.
11-29 07:05:47.364 1491 1874 E DisplayDeviceConfig: requesting nits when no mapping exists.
11-29 07:05:47.381 1491 1874 E DisplayDeviceConfig: requesting nits when no mapping exists.
11-29 07:05:47.381 1491 1874 E DisplayDeviceConfig: requesting nits when no mapping exists.
11-29 07:05:47.397 1491 1874 E DisplayDeviceConfig: requesting nits when no mapping exists.
11-29 07:05:47.398 1491 1874 E DisplayDeviceConfig: requesting nits when no mapping exists.
11-29 07:05:47.414 1491 1874 E DisplayDeviceConfig: requesting nits when no mapping exists.
11-29 07:05:47.415 1491 1874 E DisplayDeviceConfig: requesting nits when no mapping exists.
11-29 07:05:47.431 1491 1874 E DisplayDeviceConfig: requesting nits when no mapping exists.
11-29 07:05:47.432 1491 1874 E DisplayDeviceConfig: requesting nits when no mapping exists.
11-29 07:05:56.117 1491 8701 W WindowManager: updateScale0.4617737
11-29 07:05:56.124 1491 8701 I DreamManagerService: Gently waking up from dream.
11-29 07:05:56.125 1491 1596 I DreamManagerService: Performing gentle wake from dream.
11-29 07:05:56.127 1491 8701 I ActivityTaskManager: FOREGROUND_APPLICATION_CHANGED to com.android.launcher3.uioverrides.QuickstepLauncher
11-29 07:05:56.131 1491 8701 I ActivityTaskManager: FOREGROUND_APPLICATION_CHANGED to com.android.soundrecorder.SoundRecorder
11-29 07:05:56.132 1491 8701 W WindowManager: updateScale0.4617737
11-29 07:05:56.138 1491 8701 W WindowManager: updateScale0.4617737
11-29 07:05:56.140 1491 11109 W WindowManager: updateScale0.4617737
11-29 07:05:56.149 1491 1600 W WindowManager: updateScale0.4617737
11-29 07:05:56.150 1491 1600 W WindowManager: updateScale0.4617737
11-29 07:05:56.152 16043 16059 W ContextImpl: Calling a method in the system process without a qualified user: android.app.ContextImpl.startService:1816 android.content.ContextWrapper.startService:774 com.thundercomm.gamemode.ingame.services.GameModeActionUtils.startGameModeService:93 com.thundercomm.gamemode.ingame.services.GameModeActionUtils.startGameModeEntry:21 com.thundercomm.gamemode.ingame.services.ActivityMonitoringService$1.onActivityLaunch:127
11-29 07:05:56.158 1491 1491 I GameModeConfig: Current uri is uri = content://com.thundercomm.gamemode.api/gamemode_settings/gamemode_isgaming
11-29 07:05:56.162 1491 1491 I GameModeConfig: isGameModeOn = false
11-29 07:05:56.162 1491 1491 I GameModeConfig: isGameModeOn = false
11-29 07:05:56.162 1491 1491 I GameModeConfig: isDisableVoice = true
11-29 07:05:56.163 1491 1599 W WindowManager: updateScale0.4617737
11-29 07:05:56.166 1491 8854 W WindowManager: updateScale0.4617737
11-29 07:05:56.170 1491 1599 W WindowManager: updateScale0.4617737
11-29 07:05:56.182 1491 1600 W WindowManager: updateScale0.4617737
11-29 07:05:56.185 16043 16059 W ContextImpl: Calling a method in the system process without a qualified user: android.app.ContextImpl.startService:1816 android.content.ContextWrapper.startService:774 com.thundercomm.gamemode.ingame.services.GameModeActionUtils.startGameModeService:93 com.thundercomm.gamemode.ingame.services.GameModeActionUtils.startGameModeEntry:21 com.thundercomm.gamemode.ingame.services.ActivityMonitoringService$1.onActivityLaunch:127
11-29 07:05:56.185 1491 1600 W WindowManager: updateScale0.4617737
11-29 07:05:56.187 1491 1600 W WindowManager: updateScale0.4617737
11-29 07:05:56.189 1491 1491 I GameModeConfig: Current uri is uri = content://com.thundercomm.gamemode.api/gamemode_settings/gamemode_isgaming
11-29 07:05:56.198 1491 1491 I GameModeConfig: isGameModeOn = false
11-29 07:05:56.199 1491 1491 I GameModeConfig: isGameModeOn = false
11-29 07:05:56.199 1491 1491 I GameModeConfig: isDisableVoice = true
11-29 07:05:56.222 1491 1626 I PowerManagerService: Powering on display group fromDreaming (groupId=0, uid=1000, reason=WAKE_REASON_UNKNOWN, details=android.server.power:DREAM_FINISHED)...
11-29 07:05:56.222 1491 1626 I PowerManagerService: Waking up from Dreaming (uid=1000, reason=WAKE_REASON_UNKNOWN, details=android.server.power:DREAM_FINISHED)...
11-29 07:05:56.234 1491 11109 I DreamManagerService: Leaving dreamland.
11-29 07:05:56.235 1491 1596 I DreamManagerService: Performing gentle wake from dream.
11-29 07:05:56.235 1491 1596 I DreamController: Stopping dream: name=ComponentInfo{com.thundercomm.screensaver/com.thundercomm.saverclock.service.ClockScreensaver}, isTest=false, canDoze=false, userId=0, reason='finished self'(from 'finished self')
11-29 07:05:56.245 1491 8854 W WindowManager: updateScale0.4617737
11-29 07:05:56.246 16043 16059 W ContextImpl: Calling a method in the system process without a qualified user: android.app.ContextImpl.startService:1816 android.content.ContextWrapper.startService:774 com.thundercomm.gamemode.ingame.services.GameModeActionUtils.startGameModeService:93 com.thundercomm.gamemode.ingame.services.GameModeActionUtils.startGameModeEntry:21 com.thundercomm.gamemode.ingame.services.ActivityMonitoringService$1.onActivityLaunch:127
11-29 07:05:56.253 1491 1491 I GameModeConfig: Current uri is uri = content://com.thundercomm.gamemode.api/gamemode_settings/gamemode_isgaming
11-29 07:05:56.255 1491 1491 I GameModeConfig: isGameModeOn = false
11-29 07:05:56.255 1491 1491 I GameModeConfig: isGameModeOn = false
11-29 07:05:56.255 1491 1491 I GameModeConfig: isDisableVoice = true
11-29 07:05:56.426 1491 1600 W WindowManager: updateScale0.4617737
11-29 07:05:56.429 1491 1600 W WindowManager: updateScale0.4617737
11-29 07:05:56.441 1491 1600 W ActivityTaskManager: Can't find TaskDisplayArea to determine support for multi window. Task id=168 attached=false
11-29 07:05:56.442 1491 1600 W WindowManager: updateScale0.4617737
11-29 07:05:56.719 1491 1760 I GameModeConfig: isGameModeOn = false
11-29 07:05:58.157 1491 8854 I ActivityTaskManager: START u0 {act=android.intent.action.MAIN cat=[android.intent.category.HOME] flg=0x10000000 cmp=com.android.launcher3/.uioverrides.QuickstepLauncher} from uid 10077
11-29 07:05:58.166 1491 8854 I ActivityTaskManager: FOREGROUND_APPLICATION_CHANGED to com.android.launcher3.uioverrides.QuickstepLauncher
11-29 07:05:58.167 1491 8854 W WindowManager: updateScale0.4617737
11-29 07:05:58.173 1491 8854 W WindowManager: updateScale0.4617737
11-29 07:05:58.517 1491 8854 W ActivityTaskManager: getTaskSnapshot: taskId=4165 not found
11-29 07:05:58.517 1491 8854 W ActivityTaskManager: getTaskSnapshot: taskId=3165 not found
11-29 07:05:58.518 1491 8854 W ActivityTaskManager: getTaskSnapshot: taskId=1165 not found
11-29 07:05:59.184 1491 8854 W ActivityTaskManager: getTaskSnapshot: taskId=4165 not found
11-29 07:05:59.185 1491 8854 W ActivityTaskManager: getTaskSnapshot: taskId=2165 not found
11-29 07:06:00.163 1491 9682 W ActivityTaskManager: getTaskSnapshot: taskId=3165 not found
11-29 07:06:00.164 1491 9682 W ActivityTaskManager: getTaskSnapshot: taskId=1165 not found
11-29 07:06:01.382 1491 8854 W ActivityTaskManager: getTaskSnapshot: taskId=4165 not found
11-29 07:06:01.382 1491 8854 W ActivityTaskManager: getTaskSnapshot: taskId=2165 not found
11-29 07:06:02.384 1491 8854 W ActivityTaskManager: getTaskSnapshot: taskId=3165 not found
11-29 07:06:02.384 1491 8854 W ActivityTaskManager: getTaskSnapshot: taskId=1165 not found
11-29 07:06:03.446 1491 1599 W WindowManager: updateScale0.4617737
11-29 07:06:03.451 1491 1599 I ActivityTaskManager: FOREGROUND_APPLICATION_CHANGED to com.android.soundrecorder.SoundRecorder
11-29 07:06:03.748 1491 8854 W WindowManager: updateScale0.7996942
11-29 07:06:03.752 1491 8854 W WindowManager: updateScale0.7996942
11-29 07:06:03.785 1491 8854 W AS.AudioService: Updated cached param hdr_record_on from false to false
11-29 07:06:03.786 1491 8854 W AS.AudioService: Updated cached param hdr_audio_channel_count from 0 to 0
11-29 07:06:03.788 1491 8854 W AS.AudioService: Updated cached param hdr_audio_sampling_rate from 0 to 0
11-29 07:06:03.818 1491 8854 W WindowManager: updateScale0.7996942
11-29 07:06:03.821 1491 8854 W WindowManager: updateScale0.7996942
11-29 07:06:05.815 1491 8854 W WindowManager: updateScale0.4617737
11-29 07:06:05.818 1491 8854 W WindowManager: updateScale0.4617737
11-29 07:06:05.837 1491 9682 W AS.AudioService: Updated cached param hdr_record_on from false to false
11-29 07:06:05.839 1491 9682 W AS.AudioService: Updated cached param hdr_audio_channel_count from 0 to 0
11-29 07:06:05.840 1491 9682 W AS.AudioService: Updated cached param hdr_audio_sampling_rate from 0 to 0
11-29 07:06:05.866 1491 9682 W WindowManager: updateScale0.4617737
11-29 07:06:05.869 1491 9682 W WindowManager: updateScale0.4617737
11-29 07:06:21.668 834 834 E android.hardware.wifi@1.0-service: Failed to open directory: Permission denied
11-29 07:06:21.668 834 834 E android.hardware.wifi@1.0-service: Error occurred while deleting old tombstone files
11-29 07:06:21.668 834 834 E android.hardware.wifi@1.0-service: Error writing files to flash
11-29 07:06:25.006 834 834 E android.hardware.wifi@1.0-service: Failed to open directory: Permission denied
11-29 07:06:25.006 834 834 E android.hardware.wifi@1.0-service: Error occurred while deleting old tombstone files
11-29 07:06:25.006 834 834 E android.hardware.wifi@1.0-service: Error writing files to flash
11-29 07:06:30.313 834 834 E android.hardware.wifi@1.0-service: Failed to open directory: Permission denied
11-29 07:06:30.313 834 834 E android.hardware.wifi@1.0-service: Error occurred while deleting old tombstone files
11-29 07:06:30.313 834 834 E android.hardware.wifi@1.0-service: Error writing files to flash
11-29 07:06:32.608 834 834 E android.hardware.wifi@1.0-service: Failed to open directory: Permission denied
11-29 07:06:32.608 834 834 E android.hardware.wifi@1.0-service: Error occurred while deleting old tombstone files
11-29 07:06:32.608 834 834 E android.hardware.wifi@1.0-service: Error writing files to flash
11-29 07:06:35.622 834 834 E android.hardware.wifi@1.0-service: Failed to open directory: Permission denied
11-29 07:06:35.622 834 834 E android.hardware.wifi@1.0-service: Error occurred while deleting old tombstone files
11-29 07:06:35.622 834 834 E android.hardware.wifi@1.0-service: Error writing files to flash
11-29 07:06:37.930 834 834 E android.hardware.wifi@1.0-service: Failed to open directory: Permission denied
11-29 07:06:37.930 834 834 E android.hardware.wifi@1.0-service: Error occurred while deleting old tombstone files
11-29 07:06:37.930 834 834 E android.hardware.wifi@1.0-service: Error writing files to flash
11-29 07:06:40.931 834 834 E android.hardware.wifi@1.0-service: Failed to open directory: Permission denied
11-29 07:06:40.931 834 834 E android.hardware.wifi@1.0-service: Error occurred while deleting old tombstone files
11-29 07:06:40.931 834 834 E android.hardware.wifi@1.0-service: Error writing files to flash
11-29 07:06:43.236 834 834 E android.hardware.wifi@1.0-service: Failed to open directory: Permission denied
11-29 07:06:43.236 834 834 E android.hardware.wifi@1.0-service: Error occurred while deleting old tombstone files
11-29 07:06:43.236 834 834 E android.hardware.wifi@1.0-service: Error writing files to flash
11-29 07:06:46.243 834 834 E android.hardware.wifi@1.0-service: Failed to open directory: Permission denied
11-29 07:06:46.243 834 834 E android.hardware.wifi@1.0-service: Error occurred while deleting old tombstone files
11-29 07:06:46.243 834 834 E android.hardware.wifi@1.0-service: Error writing files to flash
11-29 07:06:48.551 834 834 E android.hardware.wifi@1.0-service: Failed to open directory: Permission denied
11-29 07:06:48.551 834 834 E android.hardware.wifi@1.0-service: Error occurred while deleting old tombstone files
11-29 07:06:48.551 834 834 E android.hardware.wifi@1.0-service: Error writing files to flash
11-29 07:06:51.559 834 834 E android.hardware.wifi@1.0-service: Failed to open directory: Permission denied
11-29 07:06:51.560 834 834 E android.hardware.wifi@1.0-service: Error occurred while deleting old tombstone files
11-29 07:06:51.560 834 834 E android.hardware.wifi@1.0-service: Error writing files to flash
11-29 07:06:53.859 834 834 E android.hardware.wifi@1.0-service: Failed to open directory: Permission denied
11-29 07:06:53.859 834 834 E android.hardware.wifi@1.0-service: Error occurred while deleting old tombstone files
11-29 07:06:53.859 834 834 E android.hardware.wifi@1.0-service: Error writing files to flash
11-29 07:06:56.868 834 834 E android.hardware.wifi@1.0-service: Failed to open directory: Permission denied
11-29 07:06:56.868 834 834 E android.hardware.wifi@1.0-service: Error occurred while deleting old tombstone files
11-29 07:06:56.868 834 834 E android.hardware.wifi@1.0-service: Error writing files to flash
11-29 07:06:58.742 1491 1626 V DisplayPowerController[0]: Brightness [0.05] reason changing to: 'manual [ dim ]', previous reason: 'manual'.
11-29 07:06:58.743 1491 1626 W PowerManagerService: Screen on took 62521 ms
11-29 07:06:58.749 1491 1874 E DisplayDeviceConfig: requesting nits when no mapping exists.
11-29 07:06:58.749 1491 1874 E DisplayDeviceConfig: requesting nits when no mapping exists.
11-29 07:06:58.753 1491 1608 I DropBoxManagerService: add tag=system_server_wtf isTagEnabled=true flags=0x2
11-29 07:06:58.756 1491 1608 I DropBoxManagerService: add tag=system_server_wtf isTagEnabled=true flags=0x2
11-29 07:06:58.765 1491 1874 E DisplayDeviceConfig: requesting nits when no mapping exists.
11-29 07:06:58.765 1491 1874 E DisplayDeviceConfig: requesting nits when no mapping exists.
11-29 07:06:58.766 1491 1608 I DropBoxManagerService: add tag=system_server_wtf isTagEnabled=true flags=0x2
11-29 07:06:58.767 1491 1608 I DropBoxManagerService: add tag=system_server_wtf isTagEnabled=true flags=0x2
11-29 07:06:58.781 1491 1874 E DisplayDeviceConfig: requesting nits when no mapping exists.
11-29 07:06:58.781 1491 1874 E DisplayDeviceConfig: requesting nits when no mapping exists.
11-29 07:06:58.782 1491 1608 I DropBoxManagerService: add tag=system_server_wtf isTagEnabled=true flags=0x2
11-29 07:06:58.785 1491 1874 E DisplayDeviceConfig: requesting nits when no mapping exists.
11-29 07:06:58.785 1491 1874 E DisplayDeviceConfig: requesting nits when no mapping exists.
11-29 07:06:58.802 1491 1874 E DisplayDeviceConfig: requesting nits when no mapping exists.
11-29 07:06:58.802 1491 1874 E DisplayDeviceConfig: requesting nits when no mapping exists.
11-29 07:06:58.819 1491 1874 E DisplayDeviceConfig: requesting nits when no mapping exists.
11-29 07:06:58.819 1491 1874 E DisplayDeviceConfig: requesting nits when no mapping exists.
11-29 07:06:58.836 1491 1874 E DisplayDeviceConfig: requesting nits when no mapping exists.
11-29 07:06:58.836 1491 1874 E DisplayDeviceConfig: requesting nits when no mapping exists.
11-29 07:06:58.852 1491 1874 E DisplayDeviceConfig: requesting nits when no mapping exists.
11-29 07:06:58.853 1491 1874 E DisplayDeviceConfig: requesting nits when no mapping exists.
11-29 07:06:58.869 1491 1874 E DisplayDeviceConfig: requesting nits when no mapping exists.
11-29 07:06:58.870 1491 1874 E DisplayDeviceConfig: requesting nits when no mapping exists.
11-29 07:06:58.886 1491 1874 E DisplayDeviceConfig: requesting nits when no mapping exists.
11-29 07:06:58.886 1491 1874 E DisplayDeviceConfig: requesting nits when no mapping exists.
11-29 07:06:58.903 1491 1874 E DisplayDeviceConfig: requesting nits when no mapping exists.
11-29 07:06:58.903 1491 1874 E DisplayDeviceConfig: requesting nits when no mapping exists.
11-29 07:06:58.919 1491 1874 E DisplayDeviceConfig: requesting nits when no mapping exists.
11-29 07:06:58.920 1491 1874 E DisplayDeviceConfig: requesting nits when no mapping exists.
11-29 07:06:58.936 1491 1874 E DisplayDeviceConfig: requesting nits when no mapping exists.
11-29 07:06:58.937 1491 1874 E DisplayDeviceConfig: requesting nits when no mapping exists.
11-29 07:06:58.953 1491 1874 E DisplayDeviceConfig: requesting nits when no mapping exists.
11-29 07:06:58.954 1491 1874 E DisplayDeviceConfig: requesting nits when no mapping exists.
11-29 07:06:58.969 1491 1874 E DisplayDeviceConfig: requesting nits when no mapping exists.
11-29 07:06:58.970 1491 1874 E DisplayDeviceConfig: requesting nits when no mapping exists.
11-29 07:06:58.986 1491 1874 E DisplayDeviceConfig: requesting nits when no mapping exists.
11-29 07:06:58.986 1491 1874 E DisplayDeviceConfig: requesting nits when no mapping exists.
11-29 07:06:59.003 1491 1874 E DisplayDeviceConfig: requesting nits when no mapping exists.
11-29 07:06:59.004 1491 1874 E DisplayDeviceConfig: requesting nits when no mapping exists.
11-29 07:06:59.019 1491 1874 E DisplayDeviceConfig: requesting nits when no mapping exists.
11-29 07:06:59.020 1491 1874 E DisplayDeviceConfig: requesting nits when no mapping exists.
11-29 07:06:59.036 1491 1874 E DisplayDeviceConfig: requesting nits when no mapping exists.
11-29 07:06:59.038 1491 1874 E DisplayDeviceConfig: requesting nits when no mapping exists.
11-29 07:06:59.053 1491 1874 E DisplayDeviceConfig: requesting nits when no mapping exists.
11-29 07:06:59.055 1491 1874 E DisplayDeviceConfig: requesting nits when no mapping exists.
11-29 07:06:59.070 1491 1874 E DisplayDeviceConfig: requesting nits when no mapping exists.
11-29 07:06:59.071 1491 1874 E DisplayDeviceConfig: requesting nits when no mapping exists.
11-29 07:06:59.087 1491 1874 E DisplayDeviceConfig: requesting nits when no mapping exists.
11-29 07:06:59.087 1491 1874 E DisplayDeviceConfig: requesting nits when no mapping exists.
11-29 07:06:59.103 1491 1874 E DisplayDeviceConfig: requesting nits when no mapping exists.
11-29 07:06:59.104 1491 1874 E DisplayDeviceConfig: requesting nits when no mapping exists.
11-29 07:06:59.120 1491 1874 E DisplayDeviceConfig: requesting nits when no mapping exists.
11-29 07:06:59.122 1491 1874 E DisplayDeviceConfig: requesting nits when no mapping exists.
11-29 07:06:59.137 1491 1874 E DisplayDeviceConfig: requesting nits when no mapping exists.
11-29 07:06:59.137 1491 1874 E DisplayDeviceConfig: requesting nits when no mapping exists.
11-29 07:06:59.153 1491 1874 E DisplayDeviceConfig: requesting nits when no mapping exists.
11-29 07:06:59.154 1491 1874 E DisplayDeviceConfig: requesting nits when no mapping exists.
11-29 07:06:59.170 1491 1874 E DisplayDeviceConfig: requesting nits when no mapping exists.
11-29 07:06:59.171 1491 1874 E DisplayDeviceConfig: requesting nits when no mapping exists.
11-29 07:06:59.187 1491 1874 E DisplayDeviceConfig: requesting nits when no mapping exists.
11-29 07:06:59.187 1491 1874 E DisplayDeviceConfig: requesting nits when no mapping exists.
11-29 07:06:59.204 1491 1874 E DisplayDeviceConfig: requesting nits when no mapping exists.
11-29 07:06:59.204 1491 1874 E DisplayDeviceConfig: requesting nits when no mapping exists.
11-29 07:06:59.220 1491 1874 E DisplayDeviceConfig: requesting nits when no mapping exists.
11-29 07:06:59.222 1491 1874 E DisplayDeviceConfig: requesting nits when no mapping exists.
11-29 07:06:59.237 1491 1874 E DisplayDeviceConfig: requesting nits when no mapping exists.
11-29 07:06:59.237 1491 1874 E DisplayDeviceConfig: requesting nits when no mapping exists.
11-29 07:06:59.253 1491 1874 E DisplayDeviceConfig: requesting nits when no mapping exists.
11-29 07:06:59.254 1491 1874 E DisplayDeviceConfig: requesting nits when no mapping exists.
11-29 07:06:59.270 1491 1874 E DisplayDeviceConfig: requesting nits when no mapping exists.
11-29 07:06:59.272 1491 1874 E DisplayDeviceConfig: requesting nits when no mapping exists.
11-29 07:06:59.287 1491 1874 E DisplayDeviceConfig: requesting nits when no mapping exists.
11-29 07:06:59.287 1491 1874 E DisplayDeviceConfig: requesting nits when no mapping exists.
11-29 07:06:59.303 1491 1874 E DisplayDeviceConfig: requesting nits when no mapping exists.
11-29 07:06:59.306 1491 1874 E DisplayDeviceConfig: requesting nits when no mapping exists.
11-29 07:06:59.320 1491 1874 E DisplayDeviceConfig: requesting nits when no mapping exists.
11-29 07:06:59.322 1491 1874 E DisplayDeviceConfig: requesting nits when no mapping exists.
11-29 07:06:59.337 1491 1874 E DisplayDeviceConfig: requesting nits when no mapping exists.
11-29 07:06:59.337 1491 1874 E DisplayDeviceConfig: requesting nits when no mapping exists.
11-29 07:06:59.353 1491 1874 E DisplayDeviceConfig: requesting nits when no mapping exists.
11-29 07:06:59.354 1491 1874 E DisplayDeviceConfig: requesting nits when no mapping exists.
11-29 07:06:59.370 1491 1874 E DisplayDeviceConfig: requesting nits when no mapping exists.
11-29 07:06:59.371 1491 1874 E DisplayDeviceConfig: requesting nits when no mapping exists.
11-29 07:06:59.387 1491 1874 E DisplayDeviceConfig: requesting nits when no mapping exists.
11-29 07:06:59.387 1491 1874 E DisplayDeviceConfig: requesting nits when no mapping exists.
11-29 07:06:59.404 1491 1874 E DisplayDeviceConfig: requesting nits when no mapping exists.
11-29 07:06:59.404 1491 1874 E DisplayDeviceConfig: requesting nits when no mapping exists.
11-29 07:06:59.420 1491 1874 E DisplayDeviceConfig: requesting nits when no mapping exists.
11-29 07:06:59.421 1491 1874 E DisplayDeviceConfig: requesting nits when no mapping exists.
11-29 07:06:59.437 1491 1874 E DisplayDeviceConfig: requesting nits when no mapping exists.
11-29 07:06:59.438 1491 1874 E DisplayDeviceConfig: requesting nits when no mapping exists.
11-29 07:06:59.454 1491 1874 E DisplayDeviceConfig: requesting nits when no mapping exists.
11-29 07:06:59.454 1491 1874 E DisplayDeviceConfig: requesting nits when no mapping exists.
11-29 07:06:59.471 1491 1874 E DisplayDeviceConfig: requesting nits when no mapping exists.
11-29 07:06:59.471 1491 1874 E DisplayDeviceConfig: requesting nits when no mapping exists.
11-29 07:06:59.487 1491 1874 E DisplayDeviceConfig: requesting nits when no mapping exists.
11-29 07:06:59.488 1491 1874 E DisplayDeviceConfig: requesting nits when no mapping exists.
11-29 07:06:59.504 1491 1874 E DisplayDeviceConfig: requesting nits when no mapping exists.
11-29 07:06:59.506 1491 1874 E DisplayDeviceConfig: requesting nits when no mapping exists.
11-29 07:06:59.520 1491 1874 E DisplayDeviceConfig: requesting nits when no mapping exists.
11-29 07:06:59.521 1491 1874 E DisplayDeviceConfig: requesting nits when no mapping exists.
11-29 07:06:59.538 1491 1874 E DisplayDeviceConfig: requesting nits when no mapping exists.
11-29 07:06:59.539 1491 1874 E DisplayDeviceConfig: requesting nits when no mapping exists.
11-29 07:06:59.554 1491 1874 E DisplayDeviceConfig: requesting nits when no mapping exists.
11-29 07:06:59.555 1491 1874 E DisplayDeviceConfig: requesting nits when no mapping exists.
11-29 07:06:59.571 1491 1874 E DisplayDeviceConfig: requesting nits when no mapping exists.
11-29 07:06:59.572 1491 1874 E DisplayDeviceConfig: requesting nits when no mapping exists.
11-29 07:06:59.587 1491 1874 E DisplayDeviceConfig: requesting nits when no mapping exists.
11-29 07:06:59.588 1491 1874 E DisplayDeviceConfig: requesting nits when no mapping exists.
11-29 07:06:59.604 1491 1874 E DisplayDeviceConfig: requesting nits when no mapping exists.
11-29 07:06:59.605 1491 1874 E DisplayDeviceConfig: requesting nits when no mapping exists.
11-29 07:06:59.621 1491 1874 E DisplayDeviceConfig: requesting nits when no mapping exists.
11-29 07:06:59.621 1491 1874 E DisplayDeviceConfig: requesting nits when no mapping exists.
11-29 07:06:59.637 1491 1874 E DisplayDeviceConfig: requesting nits when no mapping exists.
11-29 07:06:59.639 1491 1874 E DisplayDeviceConfig: requesting nits when no mapping exists.
11-29 07:06:59.654 1491 1874 E DisplayDeviceConfig: requesting nits when no mapping exists.
11-29 07:06:59.655 1491 1874 E DisplayDeviceConfig: requesting nits when no mapping exists.
11-29 07:06:59.671 1491 1874 E DisplayDeviceConfig: requesting nits when no mapping exists.
11-29 07:06:59.671 1491 1874 E DisplayDeviceConfig: requesting nits when no mapping exists.
11-29 07:06:59.688 1491 1874 E DisplayDeviceConfig: requesting nits when no mapping exists.
11-29 07:06:59.688 1491 1874 E DisplayDeviceConfig: requesting nits when no mapping exists.
11-29 07:06:59.704 1491 1874 E DisplayDeviceConfig: requesting nits when no mapping exists.
11-29 07:06:59.705 1491 1874 E DisplayDeviceConfig: requesting nits when no mapping exists.
11-29 07:07:05.745 1491 1626 I PowerManagerService: Napping display group (groupId=0, uid=1000)...
11-29 07:07:05.745 1491 1626 I PowerManagerService: Nap time (uid 1000)...
11-29 07:07:05.748 1491 1626 I DreamManagerService: Entering dreamland.
11-29 07:07:05.753 1491 1626 I PowerManagerService: Dreaming...
11-29 07:07:05.754 1491 1596 I DreamController: Starting dream: name=ComponentInfo{com.thundercomm.screensaver/com.thundercomm.saverclock.service.ClockScreensaver}, isTest=false, canDoze=false, userId=0
11-29 07:07:05.781 1491 9950 I ActivityTaskManager: START u0 {flg=0x10000000 pkg=com.thundercomm.screensaver cmp=com.thundercomm.screensaver/android.service.dreams.DreamActivity (has extras)} from uid 10052
11-29 07:07:05.786 1491 9950 W ActivityTaskManager: Can't find TaskDisplayArea to determine support for multi window. Task id=169 attached=false
11-29 07:07:05.800 1491 9950 W WindowManager: updateScale0.4617737
11-29 07:07:05.809 1491 8854 I ActivityTaskManager: FOREGROUND_APPLICATION_CHANGED to android.service.dreams.DreamActivity
11-29 07:07:05.810 1491 8854 I ActivityTaskManager: The Process com.thundercomm.screensaver Already Exists in BG. So sending its PID: 5601
11-29 07:07:05.810 1491 8854 W ActivityTaskManager: Tried to set launchTime (0) < mLastActivityLaunchTime (13924884)
11-29 07:07:05.842 16043 16059 W ContextImpl: Calling a method in the system process without a qualified user: android.app.ContextImpl.startService:1816 android.content.ContextWrapper.startService:774 com.thundercomm.gamemode.ingame.services.GameModeActionUtils.startGameModeService:93 com.thundercomm.gamemode.ingame.services.GameModeActionUtils.startGameModeEntry:21 com.thundercomm.gamemode.ingame.services.ActivityMonitoringService$1.onActivityLaunch:127
11-29 07:07:05.850 1491 1491 I GameModeConfig: Current uri is uri = content://com.thundercomm.gamemode.api/gamemode_settings/gamemode_isgaming
11-29 07:07:05.852 1491 7158 W WindowManager: updateScale0.4617737
11-29 07:07:05.853 1491 1491 I GameModeConfig: isGameModeOn = false
11-29 07:07:05.854 1491 1491 I GameModeConfig: isGameModeOn = false
11-29 07:07:05.854 1491 1491 I GameModeConfig: isDisableVoice = true
11-29 07:07:05.857 1491 1760 I GameModeConfig: isGameModeOn = false
11-29 07:07:05.858 1491 1760 I GameModeConfig: isGameModeOn = false
11-29 07:07:05.858 1491 1760 I GameModeConfig: isGameModeOn = false
11-29 07:07:05.858 1491 1760 I GameModeConfig: isGameModeOn = false
11-29 07:07:05.866 1491 1599 W WindowManager: updateScale0.4617737
11-29 07:07:05.869 1491 1600 W WindowManager: updateScale0.4617737
11-29 07:07:05.873 1491 1600 W WindowManager: updateScale0.4617737
11-29 07:07:05.875 1491 1600 W WindowManager: updateScale0.4617737
11-29 07:07:05.877 1491 1599 W WindowManager: updateScale0.4617737
11-29 07:07:05.877 1491 1626 V DisplayPowerController[0]: Brightness [1.0] reason changing to: 'manual', previous reason: 'manual [ dim ]'.
11-29 07:07:05.890 1491 1874 E DisplayDeviceConfig: requesting nits when no mapping exists.
11-29 07:07:05.890 1491 1874 E DisplayDeviceConfig: requesting nits when no mapping exists.
11-29 07:07:05.907 1491 1874 E DisplayDeviceConfig: requesting nits when no mapping exists.
11-29 07:07:05.908 1491 1874 E DisplayDeviceConfig: requesting nits when no mapping exists.
11-29 07:07:05.924 1491 1874 E DisplayDeviceConfig: requesting nits when no mapping exists.
11-29 07:07:05.924 1491 1874 E DisplayDeviceConfig: requesting nits when no mapping exists.
11-29 07:07:05.927 16043 16059 W ContextImpl: Calling a method in the system process without a qualified user: android.app.ContextImpl.startService:1816 android.content.ContextWrapper.startService:774 com.thundercomm.gamemode.ingame.services.GameModeActionUtils.startGameModeService:93 com.thundercomm.gamemode.ingame.services.GameModeActionUtils.startGameModeEntry:21 com.thundercomm.gamemode.ingame.services.ActivityMonitoringService$1.onActivityLaunch:127
11-29 07:07:05.937 1491 1491 I GameModeConfig: Current uri is uri = content://com.thundercomm.gamemode.api/gamemode_settings/gamemode_isgaming
11-29 07:07:05.938 1491 1874 E DisplayDeviceConfig: requesting nits when no mapping exists.
11-29 07:07:05.939 1491 1874 E DisplayDeviceConfig: requesting nits when no mapping exists.
11-29 07:07:05.942 1491 1491 I GameModeConfig: isGameModeOn = false
11-29 07:07:05.942 1491 1491 I GameModeConfig: isGameModeOn = false
11-29 07:07:05.942 1491 1491 I GameModeConfig: isDisableVoice = true
11-29 07:07:05.957 1491 1874 E DisplayDeviceConfig: requesting nits when no mapping exists.
11-29 07:07:05.958 1491 1874 E DisplayDeviceConfig: requesting nits when no mapping exists.
11-29 07:07:05.973 1491 1874 E DisplayDeviceConfig: requesting nits when no mapping exists.
11-29 07:07:05.974 1491 1874 E DisplayDeviceConfig: requesting nits when no mapping exists.
11-29 07:07:05.992 1491 1874 E DisplayDeviceConfig: requesting nits when no mapping exists.
11-29 07:07:05.993 1491 1874 E DisplayDeviceConfig: requesting nits when no mapping exists.
11-29 07:07:06.009 1491 1874 E DisplayDeviceConfig: requesting nits when no mapping exists.
11-29 07:07:06.010 1491 1874 E DisplayDeviceConfig: requesting nits when no mapping exists.
11-29 07:07:06.027 1491 1874 E DisplayDeviceConfig: requesting nits when no mapping exists.
11-29 07:07:06.027 1491 1874 E DisplayDeviceConfig: requesting nits when no mapping exists.
11-29 07:07:06.039 1491 1874 E DisplayDeviceConfig: requesting nits when no mapping exists.
11-29 07:07:06.040 1491 1874 E DisplayDeviceConfig: requesting nits when no mapping exists.
11-29 07:07:06.055 1491 1874 E DisplayDeviceConfig: requesting nits when no mapping exists.
11-29 07:07:06.056 1491 1874 E DisplayDeviceConfig: requesting nits when no mapping exists.
11-29 07:07:06.063 1491 1491 I GameModeConfig: isGameModeOn = false
11-29 07:07:06.065 1491 1491 W NotificationHistory: Attempted to add notif for locked/gone/disabled user 0
11-29 07:07:06.074 1491 1874 E DisplayDeviceConfig: requesting nits when no mapping exists.
11-29 07:07:06.074 1491 1874 E DisplayDeviceConfig: requesting nits when no mapping exists.
11-29 07:07:06.089 1491 1874 E DisplayDeviceConfig: requesting nits when no mapping exists.
11-29 07:07:06.090 1491 1874 E DisplayDeviceConfig: requesting nits when no mapping exists.
11-29 07:07:06.108 1491 1874 E DisplayDeviceConfig: requesting nits when no mapping exists.
11-29 07:07:06.108 1491 1874 E DisplayDeviceConfig: requesting nits when no mapping exists.
11-29 07:07:06.125 1491 1874 E DisplayDeviceConfig: requesting nits when no mapping exists.
11-29 07:07:06.125 1491 1874 E DisplayDeviceConfig: requesting nits when no mapping exists.
11-29 07:07:06.140 1491 1874 E DisplayDeviceConfig: requesting nits when no mapping exists.
11-29 07:07:06.141 1491 1874 E DisplayDeviceConfig: requesting nits when no mapping exists.
11-29 07:07:06.156 1491 1874 E DisplayDeviceConfig: requesting nits when no mapping exists.
11-29 07:07:06.157 1491 1874 E DisplayDeviceConfig: requesting nits when no mapping exists.
11-29 07:07:06.175 1491 1874 E DisplayDeviceConfig: requesting nits when no mapping exists.
11-29 07:07:06.175 1491 1600 W WindowManager: updateScale0.4617737
11-29 07:07:06.175 1491 1874 E DisplayDeviceConfig: requesting nits when no mapping exists.
11-29 07:07:06.193 1491 1874 E DisplayDeviceConfig: requesting nits when no mapping exists.
11-29 07:07:06.193 1491 1874 E DisplayDeviceConfig: requesting nits when no mapping exists.
11-29 07:07:06.199 1491 7158 W WindowManager: updateScale0.4617737
11-29 07:07:06.206 1491 1874 E DisplayDeviceConfig: requesting nits when no mapping exists.
11-29 07:07:06.206 1491 1874 E DisplayDeviceConfig: requesting nits when no mapping exists.
11-29 07:07:06.230 1491 1874 E DisplayDeviceConfig: requesting nits when no mapping exists.
11-29 07:07:06.231 1491 1874 E DisplayDeviceConfig: requesting nits when no mapping exists.
11-29 07:07:06.232 16043 16059 W ContextImpl: Calling a method in the system process without a qualified user: android.app.ContextImpl.startService:1816 android.content.ContextWrapper.startService:774 com.thundercomm.gamemode.ingame.services.GameModeActionUtils.startGameModeService:93 com.thundercomm.gamemode.ingame.services.GameModeActionUtils.startGameModeEntry:21 com.thundercomm.gamemode.ingame.services.ActivityMonitoringService$1.onActivityLaunch:127
11-29 07:07:06.237 1491 1491 I GameModeConfig: Current uri is uri = content://com.thundercomm.gamemode.api/gamemode_settings/gamemode_isgaming
11-29 07:07:06.240 1491 1491 I GameModeConfig: isGameModeOn = false
11-29 07:07:06.240 1491 1491 I GameModeConfig: isGameModeOn = false
11-29 07:07:06.240 1491 1491 I GameModeConfig: isDisableVoice = true
11-29 07:07:06.241 1491 1874 E DisplayDeviceConfig: requesting nits when no mapping exists.
11-29 07:07:06.241 1491 1874 E DisplayDeviceConfig: requesting nits when no mapping exists.
11-29 07:07:06.253 1491 1874 E DisplayDeviceConfig: requesting nits when no mapping exists.
11-29 07:07:06.254 1491 1874 E DisplayDeviceConfig: requesting nits when no mapping exists.
11-29 07:07:06.270 1491 1874 E DisplayDeviceConfig: requesting nits when no mapping exists.
11-29 07:07:06.271 1491 1874 E DisplayDeviceConfig: requesting nits when no mapping exists.
11-29 07:07:06.287 1491 1874 E DisplayDeviceConfig: requesting nits when no mapping exists.
11-29 07:07:06.287 1491 1874 E DisplayDeviceConfig: requesting nits when no mapping exists.
11-29 07:07:06.304 1491 1874 E DisplayDeviceConfig: requesting nits when no mapping exists.
11-29 07:07:06.305 1491 1874 E DisplayDeviceConfig: requesting nits when no mapping exists.
11-29 07:07:06.320 1491 1874 E DisplayDeviceConfig: requesting nits when no mapping exists.
11-29 07:07:06.321 1491 1874 E DisplayDeviceConfig: requesting nits when no mapping exists.
11-29 07:07:06.337 1491 1874 E DisplayDeviceConfig: requesting nits when no mapping exists.
11-29 07:07:06.338 1491 1874 E DisplayDeviceConfig: requesting nits when no mapping exists.
11-29 07:07:06.354 1491 1874 E DisplayDeviceConfig: requesting nits when no mapping exists.
11-29 07:07:06.354 1491 1874 E DisplayDeviceConfig: requesting nits when no mapping exists.
11-29 07:07:06.370 1491 1874 E DisplayDeviceConfig: requesting nits when no mapping exists.
11-29 07:07:06.371 1491 1874 E DisplayDeviceConfig: requesting nits when no mapping exists.
11-29 07:07:06.387 1491 1874 E DisplayDeviceConfig: requesting nits when no mapping exists.
11-29 07:07:06.388 1491 1874 E DisplayDeviceConfig: requesting nits when no mapping exists.
11-29 07:07:06.404 1491 1874 E DisplayDeviceConfig: requesting nits when no mapping exists.
11-29 07:07:06.405 1491 1874 E DisplayDeviceConfig: requesting nits when no mapping exists.
11-29 07:07:06.421 1491 1874 E DisplayDeviceConfig: requesting nits when no mapping exists.
11-29 07:07:06.422 1491 1874 E DisplayDeviceConfig: requesting nits when no mapping exists.
11-29 07:07:06.438 1491 1874 E DisplayDeviceConfig: requesting nits when no mapping exists.
11-29 07:07:06.438 1491 1874 E DisplayDeviceConfig: requesting nits when no mapping exists.
11-29 07:07:06.454 1491 1874 E DisplayDeviceConfig: requesting nits when no mapping exists.
11-29 07:07:06.455 1491 1874 E DisplayDeviceConfig: requesting nits when no mapping exists.
11-29 07:07:06.471 1491 1874 E DisplayDeviceConfig: requesting nits when no mapping exists.
11-29 07:07:06.472 1491 1874 E DisplayDeviceConfig: requesting nits when no mapping exists.
11-29 07:07:06.488 1491 1874 E DisplayDeviceConfig: requesting nits when no mapping exists.
11-29 07:07:06.489 1491 1874 E DisplayDeviceConfig: requesting nits when no mapping exists.
11-29 07:07:06.504 1491 1874 E DisplayDeviceConfig: requesting nits when no mapping exists.
11-29 07:07:06.505 1491 1874 E DisplayDeviceConfig: requesting nits when no mapping exists.
11-29 07:07:06.521 1491 1874 E DisplayDeviceConfig: requesting nits when no mapping exists.
11-29 07:07:06.522 1491 1874 E DisplayDeviceConfig: requesting nits when no mapping exists.
11-29 07:07:06.538 1491 1874 E DisplayDeviceConfig: requesting nits when no mapping exists.
11-29 07:07:06.538 1491 1874 E DisplayDeviceConfig: requesting nits when no mapping exists.
11-29 07:07:06.554 1491 1874 E DisplayDeviceConfig: requesting nits when no mapping exists.
11-29 07:07:06.555 1491 1874 E DisplayDeviceConfig: requesting nits when no mapping exists.
11-29 07:07:06.571 1491 1874 E DisplayDeviceConfig: requesting nits when no mapping exists.
11-29 07:07:06.572 1491 1874 E DisplayDeviceConfig: requesting nits when no mapping exists.
11-29 07:07:06.588 1491 1874 E DisplayDeviceConfig: requesting nits when no mapping exists.
11-29 07:07:06.589 1491 1874 E DisplayDeviceConfig: requesting nits when no mapping exists.
11-29 07:07:06.608 1491 1874 E DisplayDeviceConfig: requesting nits when no mapping exists.
11-29 07:07:06.613 1491 1874 E DisplayDeviceConfig: requesting nits when no mapping exists.
11-29 07:07:06.622 1491 1874 E DisplayDeviceConfig: requesting nits when no mapping exists.
11-29 07:07:06.623 1491 1874 E DisplayDeviceConfig: requesting nits when no mapping exists.
11-29 07:07:06.638 1491 1874 E DisplayDeviceConfig: requesting nits when no mapping exists.
11-29 07:07:06.639 1491 1874 E DisplayDeviceConfig: requesting nits when no mapping exists.
11-29 07:07:06.662 1491 1874 E DisplayDeviceConfig: requesting nits when no mapping exists.
11-29 07:07:06.662 1491 1874 E DisplayDeviceConfig: requesting nits when no mapping exists.
11-29 07:07:06.678 1491 1874 E DisplayDeviceConfig: requesting nits when no mapping exists.
11-29 07:07:06.678 1491 1874 E DisplayDeviceConfig: requesting nits when no mapping exists.
11-29 07:07:06.688 1491 1874 E DisplayDeviceConfig: requesting nits when no mapping exists.
11-29 07:07:06.689 1491 1874 E DisplayDeviceConfig: requesting nits when no mapping exists.
11-29 07:07:06.706 1491 1874 E DisplayDeviceConfig: requesting nits when no mapping exists.
11-29 07:07:06.706 1491 1874 E DisplayDeviceConfig: requesting nits when no mapping exists.
11-29 07:07:06.721 1491 1874 E DisplayDeviceConfig: requesting nits when no mapping exists.
11-29 07:07:06.722 1491 1874 E DisplayDeviceConfig: requesting nits when no mapping exists.
11-29 07:07:06.738 1491 1874 E DisplayDeviceConfig: requesting nits when no mapping exists.
11-29 07:07:06.739 1491 1874 E DisplayDeviceConfig: requesting nits when no mapping exists.
