11-29 06:59:20.007 1491 1874 E DisplayDeviceConfig: requesting nits when no mapping exists.
11-29 06:59:20.008 1491 1874 E DisplayDeviceConfig: requesting nits when no mapping exists.
11-29 06:59:20.021 1491 1874 E DisplayDeviceConfig: requesting nits when no mapping exists.
11-29 06:59:20.023 1491 1874 E DisplayDeviceConfig: requesting nits when no mapping exists.
11-29 06:59:20.033 16043 16059 W ContextImpl: Calling a method in the system process without a qualified user: android.app.ContextImpl.startService:1816 android.content.ContextWrapper.startService:774 com.thundercomm.gamemode.ingame.services.GameModeActionUtils.startGameModeService:93 com.thundercomm.gamemode.ingame.services.GameModeActionUtils.startGameModeEntry:21 com.thundercomm.gamemode.ingame.services.ActivityMonitoringService$1.onActivityLaunch:127
11-29 06:59:20.034 1491 1874 E DisplayDeviceConfig: requesting nits when no mapping exists.
11-29 06:59:20.034 1491 1874 E DisplayDeviceConfig: requesting nits when no mapping exists.
11-29 06:59:20.037 1491 1491 I GameModeConfig: Current uri is uri = content://com.thundercomm.gamemode.api/gamemode_settings/gamemode_isgaming
11-29 06:59:20.042 1491 1491 I GameModeConfig: isGameModeOn = false
11-29 06:59:20.043 1491 1491 I GameModeConfig: isGameModeOn = false
11-29 06:59:20.043 1491 1491 I GameModeConfig: isDisableVoice = true
11-29 06:59:20.050 1491 1874 E DisplayDeviceConfig: requesting nits when no mapping exists.
11-29 06:59:20.051 1491 1874 E DisplayDeviceConfig: requesting nits when no mapping exists.
11-29 06:59:20.067 1491 1874 E DisplayDeviceConfig: requesting nits when no mapping exists.
11-29 06:59:20.068 1491 1874 E DisplayDeviceConfig: requesting nits when no mapping exists.
11-29 06:59:20.084 1491 1874 E DisplayDeviceConfig: requesting nits when no mapping exists.
11-29 06:59:20.085 1491 1874 E DisplayDeviceConfig: requesting nits when no mapping exists.
11-29 06:59:20.102 1491 1874 E DisplayDeviceConfig: requesting nits when no mapping exists.
11-29 06:59:20.102 1491 1874 E DisplayDeviceConfig: requesting nits when no mapping exists.
11-29 06:59:20.118 1491 1874 E DisplayDeviceConfig: requesting nits when no mapping exists.
11-29 06:59:20.118 1491 1874 E DisplayDeviceConfig: requesting nits when no mapping exists.
11-29 06:59:20.134 1491 1874 E DisplayDeviceConfig: requesting nits when no mapping exists.
11-29 06:59:20.134 1491 1874 E DisplayDeviceConfig: requesting nits when no mapping exists.
11-29 06:59:20.153 1491 1874 E DisplayDeviceConfig: requesting nits when no mapping exists.
11-29 06:59:20.153 1491 1874 E DisplayDeviceConfig: requesting nits when no mapping exists.
11-29 06:59:20.168 1491 1874 E DisplayDeviceConfig: requesting nits when no mapping exists.
11-29 06:59:20.168 1491 1874 E DisplayDeviceConfig: requesting nits when no mapping exists.
11-29 06:59:20.184 1491 1874 E DisplayDeviceConfig: requesting nits when no mapping exists.
11-29 06:59:20.186 1491 1874 E DisplayDeviceConfig: requesting nits when no mapping exists.
11-29 06:59:20.201 1491 1874 E DisplayDeviceConfig: requesting nits when no mapping exists.
11-29 06:59:20.202 1491 1874 E DisplayDeviceConfig: requesting nits when no mapping exists.
11-29 06:59:20.217 1491 1874 E DisplayDeviceConfig: requesting nits when no mapping exists.
11-29 06:59:20.218 1491 1874 E DisplayDeviceConfig: requesting nits when no mapping exists.
11-29 06:59:20.235 1491 1874 E DisplayDeviceConfig: requesting nits when no mapping exists.
11-29 06:59:20.235 1491 1874 E DisplayDeviceConfig: requesting nits when no mapping exists.
11-29 06:59:20.251 1491 1874 E DisplayDeviceConfig: requesting nits when no mapping exists.
11-29 06:59:20.252 1491 1874 E DisplayDeviceConfig: requesting nits when no mapping exists.
11-29 06:59:20.268 1491 1874 E DisplayDeviceConfig: requesting nits when no mapping exists.
11-29 06:59:20.269 1491 1874 E DisplayDeviceConfig: requesting nits when no mapping exists.
11-29 06:59:20.287 1491 1874 E DisplayDeviceConfig: requesting nits when no mapping exists.
11-29 06:59:20.288 1491 1874 E DisplayDeviceConfig: requesting nits when no mapping exists.
11-29 06:59:20.301 1491 1874 E DisplayDeviceConfig: requesting nits when no mapping exists.
11-29 06:59:20.302 1491 1874 E DisplayDeviceConfig: requesting nits when no mapping exists.
11-29 06:59:20.318 1491 1874 E DisplayDeviceConfig: requesting nits when no mapping exists.
11-29 06:59:20.319 1491 1874 E DisplayDeviceConfig: requesting nits when no mapping exists.
11-29 06:59:20.335 1491 1874 E DisplayDeviceConfig: requesting nits when no mapping exists.
11-29 06:59:20.335 1491 1874 E DisplayDeviceConfig: requesting nits when no mapping exists.
11-29 06:59:20.351 1491 1874 E DisplayDeviceConfig: requesting nits when no mapping exists.
11-29 06:59:20.352 1491 1874 E DisplayDeviceConfig: requesting nits when no mapping exists.
11-29 06:59:20.368 1491 1874 E DisplayDeviceConfig: requesting nits when no mapping exists.
11-29 06:59:20.368 1491 1874 E DisplayDeviceConfig: requesting nits when no mapping exists.
11-29 06:59:20.385 1491 1874 E DisplayDeviceConfig: requesting nits when no mapping exists.
11-29 06:59:20.386 1491 1874 E DisplayDeviceConfig: requesting nits when no mapping exists.
11-29 06:59:20.402 1491 1874 E DisplayDeviceConfig: requesting nits when no mapping exists.
11-29 06:59:20.402 1491 1874 E DisplayDeviceConfig: requesting nits when no mapping exists.
11-29 06:59:20.418 1491 1874 E DisplayDeviceConfig: requesting nits when no mapping exists.
11-29 06:59:20.419 1491 1874 E DisplayDeviceConfig: requesting nits when no mapping exists.
11-29 06:59:20.435 1491 1874 E DisplayDeviceConfig: requesting nits when no mapping exists.
11-29 06:59:20.436 1491 1874 E DisplayDeviceConfig: requesting nits when no mapping exists.
11-29 06:59:20.453 1491 1874 E DisplayDeviceConfig: requesting nits when no mapping exists.
11-29 06:59:20.469 1491 1874 E DisplayDeviceConfig: requesting nits when no mapping exists.
11-29 06:59:20.471 1491 1874 E DisplayDeviceConfig: requesting nits when no mapping exists.
11-29 06:59:20.471 1491 1874 E DisplayDeviceConfig: requesting nits when no mapping exists.
11-29 06:59:20.487 1491 1874 E DisplayDeviceConfig: requesting nits when no mapping exists.
11-29 06:59:20.488 1491 1874 E DisplayDeviceConfig: requesting nits when no mapping exists.
11-29 06:59:20.502 1491 1874 E DisplayDeviceConfig: requesting nits when no mapping exists.
11-29 06:59:20.502 1491 1874 E DisplayDeviceConfig: requesting nits when no mapping exists.
11-29 06:59:20.518 1491 1874 E DisplayDeviceConfig: requesting nits when no mapping exists.
11-29 06:59:20.519 1491 1874 E DisplayDeviceConfig: requesting nits when no mapping exists.
11-29 06:59:20.535 1491 1874 E DisplayDeviceConfig: requesting nits when no mapping exists.
11-29 06:59:20.536 1491 1874 E DisplayDeviceConfig: requesting nits when no mapping exists.
11-29 06:59:20.552 1491 1874 E DisplayDeviceConfig: requesting nits when no mapping exists.
11-29 06:59:20.552 1491 1874 E DisplayDeviceConfig: requesting nits when no mapping exists.
11-29 06:59:20.583 1491 1874 E DisplayDeviceConfig: requesting nits when no mapping exists.
11-29 06:59:20.584 1491 1874 E DisplayDeviceConfig: requesting nits when no mapping exists.
11-29 06:59:20.587 1491 1874 E DisplayDeviceConfig: requesting nits when no mapping exists.
11-29 06:59:20.588 1491 1874 E DisplayDeviceConfig: requesting nits when no mapping exists.
11-29 06:59:20.602 1491 1874 E DisplayDeviceConfig: requesting nits when no mapping exists.
11-29 06:59:20.603 1491 1874 E DisplayDeviceConfig: requesting nits when no mapping exists.
11-29 06:59:20.619 1491 1874 E DisplayDeviceConfig: requesting nits when no mapping exists.
11-29 06:59:20.619 1491 1874 E DisplayDeviceConfig: requesting nits when no mapping exists.
11-29 06:59:20.635 1491 1874 E DisplayDeviceConfig: requesting nits when no mapping exists.
11-29 06:59:20.635 1491 1874 E DisplayDeviceConfig: requesting nits when no mapping exists.
11-29 06:59:29.882 1491 1760 I GameModeConfig: isGameModeOn = false
11-29 07:00:00.026 1491 1491 D ConditionProviders.SCP: onReceive ScheduleConditionProvider.EVALUATE
11-29 07:00:00.026 1491 1491 D ConditionProviders.SCP: evaluateSubscriptionLocked cal=ScheduleCalendar[mDays={1, 2, 3, 4, 5, 6, 7}, mSchedule=ScheduleInfo{days=[1, 2, 3, 4, 5, 6, 7], startHour=22, startMinute=0, endHour=7, endMinute=0, exitAtAlarm=true, nextAlarm=Thu Jan 01 08:00:00 GMT+08:00 1970 (0)}], now=Tue Nov 29 07:00:00 GMT+08:00 2022 (1669676400026), nextUserAlarmTime=Thu Jan 01 08:00:00 GMT+08:00 1970 (0)
11-29 07:00:00.027 1491 1491 D ConditionProviders.SCP: notifyCondition condition://android/schedule?days=1.2.3.4.5.6.7&start=22.0&end=7.0&exitAtAlarm=true STATE_FALSE reason=!meetsSchedule
11-29 07:00:00.028 1491 1491 D ConditionProviders.SCP: Scheduling evaluate for Tue Nov 29 22:00:00 GMT+08:00 2022 (1669730400000), in +14h59m59s974ms, now=Tue Nov 29 07:00:00 GMT+08:00 2022 (1669676400026)
11-29 07:00:00.030 1491 1491 D CompatibilityChangeReporter: Compat change id reported: 171306433; UID 1000; state: ENABLED
11-29 07:00:00.041 1491 1491 I GameModeConfig: isGameModeOn = false
11-29 07:00:26.311 1491 1674 D ActivityManager: freezing 19067 com.android.calendar
11-29 07:00:26.311 1491 1674 E ActivityManager: Unable to freeze binder for 19067 com.android.calendar
11-29 07:00:26.313 1491 1674 D ActivityManager: froze 19067 com.android.calendar
11-29 07:00:26.314 1491 1674 E ActivityManager: Unable to freeze binder for 19067 com.android.calendar
11-29 07:00:26.315 1491 1674 D ActivityManager: freezing 19066 com.hryt.hiphishowfsecontrol
11-29 07:00:26.315 1491 1674 E ActivityManager: Unable to freeze binder for 19066 com.hryt.hiphishowfsecontrol
11-29 07:00:26.317 1491 1674 D ActivityManager: froze 19066 com.hryt.hiphishowfsecontrol
11-29 07:00:26.317 1491 1674 E ActivityManager: Unable to freeze binder for 19066 com.hryt.hiphishowfsecontrol
11-29 07:00:26.318 1491 1674 I ActivityManager: Killing 19067:com.android.calendar/u0a64 (adj 965): Unable to freeze binder interface
11-29 07:00:26.322 1491 1674 I ActivityManager: Killing 19066:com.hryt.hiphishowfsecontrol/u0a20 (adj 955): Unable to freeze binder interface
11-29 07:00:26.350 1491 1599 D CompatibilityChangeReporter: Compat change id reported: 135634846; UID 10020; state: DISABLED
11-29 07:00:26.351 1491 1599 D CompatibilityChangeReporter: Compat change id reported: 177438394; UID 10020; state: DISABLED
11-29 07:00:26.351 1491 1599 D CompatibilityChangeReporter: Compat change id reported: 135772972; UID 10020; state: DISABLED
11-29 07:00:26.351 1491 1599 D CompatibilityChangeReporter: Compat change id reported: 135754954; UID 10020; state: ENABLED
11-29 07:00:26.351 1491 1609 D CompatibilityChangeReporter: Compat change id reported: 143937733; UID 10020; state: ENABLED
11-29 07:00:26.352 1491 1599 D CompatibilityChangeReporter: Compat change id reported: 135634846; UID 10064; state: DISABLED
11-29 07:00:26.352 1491 1599 D CompatibilityChangeReporter: Compat change id reported: 177438394; UID 10064; state: DISABLED
11-29 07:00:26.352 1491 1599 D CompatibilityChangeReporter: Compat change id reported: 135772972; UID 10064; state: DISABLED
11-29 07:00:26.352 1491 1599 D CompatibilityChangeReporter: Compat change id reported: 135754954; UID 10064; state: DISABLED
11-29 07:00:26.359 1491 1609 I ActivityManager: Start proc 20082:com.hryt.hiphishowfsecontrol/u0a20 for null
11-29 07:00:26.359 1491 1609 D CompatibilityChangeReporter: Compat change id reported: 143937733; UID 10064; state: DISABLED
11-29 07:00:26.366 1491 1609 I ActivityManager: Start proc 20083:com.android.calendar/u0a64 for null
11-29 07:00:26.406 1491 10783 D CompatibilityChangeReporter: Compat change id reported: 168419799; UID 10064; state: DISABLED
11-29 07:00:26.420 1491 10783 D CompatibilityChangeReporter: Compat change id reported: 168419799; UID 10020; state: DISABLED
11-29 07:01:28.512 1491 7658 I DreamManagerService: Gently waking up from dream.
11-29 07:01:28.513 1491 1596 I DreamManagerService: Performing gentle wake from dream.
11-29 07:01:28.516 1491 7658 I ActivityTaskManager: FOREGROUND_APPLICATION_CHANGED to com.android.launcher3.uioverrides.QuickstepLauncher
11-29 07:01:28.542 16043 16059 W ContextImpl: Calling a method in the system process without a qualified user: android.app.ContextImpl.startService:1816 android.content.ContextWrapper.startService:774 com.thundercomm.gamemode.ingame.services.GameModeActionUtils.startGameModeService:93 com.thundercomm.gamemode.ingame.services.GameModeActionUtils.startGameModeEntry:21 com.thundercomm.gamemode.ingame.services.ActivityMonitoringService$1.onActivityLaunch:127
11-29 07:01:28.548 1491 1491 I GameModeConfig: Current uri is uri = content://com.thundercomm.gamemode.api/gamemode_settings/gamemode_isgaming
11-29 07:01:28.555 1491 1491 I GameModeConfig: isGameModeOn = false
11-29 07:01:28.555 1491 1491 I GameModeConfig: isGameModeOn = false
11-29 07:01:28.555 1491 1491 I GameModeConfig: isDisableVoice = true
11-29 07:01:28.583 1491 1626 I PowerManagerService: Powering on display group fromDreaming (groupId=0, uid=1000, reason=WAKE_REASON_UNKNOWN, details=android.server.power:DREAM_FINISHED)...
11-29 07:01:28.583 1491 1626 I PowerManagerService: Waking up from Dreaming (uid=1000, reason=WAKE_REASON_UNKNOWN, details=android.server.power:DREAM_FINISHED)...
11-29 07:01:28.628 16043 16059 W ContextImpl: Calling a method in the system process without a qualified user: android.app.ContextImpl.startService:1816 android.content.ContextWrapper.startService:774 com.thundercomm.gamemode.ingame.services.GameModeActionUtils.startGameModeService:93 com.thundercomm.gamemode.ingame.services.GameModeActionUtils.startGameModeEntry:21 com.thundercomm.gamemode.ingame.services.ActivityMonitoringService$1.onActivityLaunch:127
11-29 07:01:28.636 1491 1491 I GameModeConfig: Current uri is uri = content://com.thundercomm.gamemode.api/gamemode_settings/gamemode_isgaming
11-29 07:01:28.637 1491 1491 I GameModeConfig: isGameModeOn = false
11-29 07:01:28.638 1491 1491 I GameModeConfig: isGameModeOn = false
11-29 07:01:28.638 1491 1491 I GameModeConfig: isDisableVoice = true
11-29 07:01:28.839 16043 16059 W ContextImpl: Calling a method in the system process without a qualified user: android.app.ContextImpl.startService:1816 android.content.ContextWrapper.startService:774 com.thundercomm.gamemode.ingame.services.GameModeActionUtils.startGameModeService:93 com.thundercomm.gamemode.ingame.services.GameModeActionUtils.startGameModeEntry:21 com.thundercomm.gamemode.ingame.services.ActivityMonitoringService$1.onActivityLaunch:127
11-29 07:01:28.848 1491 1491 I GameModeConfig: Current uri is uri = content://com.thundercomm.gamemode.api/gamemode_settings/gamemode_isgaming
11-29 07:01:28.850 1491 1491 I GameModeConfig: isGameModeOn = false
11-29 07:01:28.851 1491 1491 I GameModeConfig: isGameModeOn = false
11-29 07:01:28.851 1491 1491 I GameModeConfig: isDisableVoice = true
11-29 07:01:28.853 1491 1525 I DreamManagerService: Leaving dreamland.
11-29 07:01:28.854 1491 1596 I DreamManagerService: Performing gentle wake from dream.
11-29 07:01:28.854 1491 1596 I DreamController: Stopping dream: name=ComponentInfo{com.thundercomm.screensaver/com.thundercomm.saverclock.service.ClockScreensaver}, isTest=false, canDoze=false, userId=0, reason='finished self'(from 'finished self')
11-29 07:01:28.871 1491 1600 W ActivityTaskManager: Can't find TaskDisplayArea to determine support for multi window. Task id=164 attached=false
11-29 07:01:29.562 1491 2923 W ActivityTaskManager: getTaskSnapshot: taskId=3156 not found
11-29 07:01:29.563 1491 2923 W ActivityTaskManager: getTaskSnapshot: taskId=2156 not found
11-29 07:01:29.563 1491 2923 W ActivityTaskManager: getTaskSnapshot: taskId=1156 not found
11-29 07:01:30.643 1491 7658 W ActivityTaskManager: getTaskSnapshot: taskId=4156 not found
11-29 07:01:32.545 1491 2756 E TaskPersister: File error accessing recents directory (directory doesn't exist?).
11-29 07:01:32.547 1491 1599 I ActivityManager: Killing 19783:com.android.settings/1000 (adj 905): remove task
11-29 07:01:32.563 1491 1600 W ActivityTaskManager: Can't find TaskDisplayArea to determine support for multi window. Task id=156 attached=false
11-29 07:01:32.563 1491 1600 W ActivityTaskManager: Can't find TaskDisplayArea to determine support for multi window. Task id=156 attached=false
11-29 07:01:32.565 1491 1607 W UsageStatsService: Unexpected activity event reported! (com.android.music/com.android.music.MusicBrowserActivity event : 23 instanceId : 188759084)
11-29 07:01:32.568 1491 2756 E TaskPersister: File error accessing recents directory (directory doesn't exist?).
11-29 07:01:32.610 1491 9370 I WindowManager: WIN DEATH: Window{734ec4f u0 com.android.settings/com.android.settings.homepage.SettingsHomepageActivity}
11-29 07:01:32.619 1491 1600 W ActivityTaskManager: Can't find TaskDisplayArea to determine support for multi window. Task id=163 attached=false
11-29 07:01:32.619 1491 1600 W ActivityTaskManager: Can't find TaskDisplayArea to determine support for multi window. Task id=163 attached=false
11-29 07:01:32.620 1491 1599 W ActivityManager: setHasOverlayUi called on unknown pid: 19783
11-29 07:01:32.620 1491 1607 W UsageStatsService: Unexpected activity event reported! (com.android.settings/com.android.settings.homepage.SettingsHomepageActivity event : 23 instanceId : 57398550)
11-29 07:01:32.625 1491 1599 D CompatibilityChangeReporter: Compat change id reported: 135634846; UID 1000; state: DISABLED
11-29 07:01:32.625 1491 1599 D CompatibilityChangeReporter: Compat change id reported: 177438394; UID 1000; state: DISABLED
11-29 07:01:32.625 1491 1599 D CompatibilityChangeReporter: Compat change id reported: 135772972; UID 1000; state: DISABLED
11-29 07:01:32.626 1491 1599 D CompatibilityChangeReporter: Compat change id reported: 135754954; UID 1000; state: ENABLED
11-29 07:01:32.641 1491 1609 I ActivityManager: Start proc 20125:com.android.settings/1000 for null
11-29 07:01:32.646 16043 16059 W ContextImpl: Calling a method in the system process without a qualified user: android.app.ContextImpl.startService:1816 android.content.ContextWrapper.startService:774 com.thundercomm.gamemode.ingame.services.GameModeActionUtils.startGameModeService:93 com.thundercomm.gamemode.ingame.services.GameModeActionUtils.startGameModeEntry:21 com.thundercomm.gamemode.ingame.services.ActivityMonitoringService$1.onActivityLaunch:127
11-29 07:01:32.650 1491 1491 I GameModeConfig: Current uri is uri = content://com.thundercomm.gamemode.api/gamemode_settings/gamemode_isgaming
11-29 07:01:32.651 1491 1491 I GameModeConfig: isGameModeOn = false
11-29 07:01:32.652 1491 1491 I GameModeConfig: isGameModeOn = false
11-29 07:01:32.652 1491 1491 I GameModeConfig: isDisableVoice = true
11-29 07:01:33.073 1491 1608 D CompatibilityChangeReporter: Compat change id reported: 135634846; UID 10021; state: DISABLED
11-29 07:01:33.073 1491 1608 D CompatibilityChangeReporter: Compat change id reported: 177438394; UID 10021; state: DISABLED
11-29 07:01:33.073 1491 1608 D CompatibilityChangeReporter: Compat change id reported: 135772972; UID 10021; state: DISABLED
11-29 07:01:33.073 1491 1608 D CompatibilityChangeReporter: Compat change id reported: 135754954; UID 10021; state: ENABLED
11-29 07:01:33.074 1491 1609 D CompatibilityChangeReporter: Compat change id reported: 143937733; UID 10021; state: ENABLED
11-29 07:01:33.084 1491 1609 I ActivityManager: Start proc 20145:com.android.musicfx/u0a21 for broadcast {com.android.musicfx/com.android.musicfx.ControlPanelReceiver}
11-29 07:01:33.090 1491 1760 I GameModeConfig: isGameModeOn = false
11-29 07:01:33.093 1491 1760 I GameModeConfig: isGameModeOn = false
11-29 07:01:33.097 1491 1760 I GameModeConfig: isGameModeOn = false
11-29 07:01:33.097 1491 1760 I GameModeConfig: isGameModeOn = false
11-29 07:01:33.213 1491 1491 I GameModeConfig: isGameModeOn = false
11-29 07:01:33.376 1491 1491 I GameModeConfig: isGameModeOn = false
11-29 07:01:34.505 1491 2068 I ActivityTaskManager: START u0 {flg=0x10008000 cmp=com.android.music/.VideoBrowserActivity} from uid 10077
11-29 07:01:34.511 1491 2068 W ActivityTaskManager: Can't find TaskDisplayArea to determine support for multi window. Task id=165 attached=false
11-29 07:01:34.513 1491 2068 D FreeFormWindowHelper: Add freeform task=Task{e18af03 #165 type=standard ?? U=0 visible=false mode=freeform translucent=true sz=0}
11-29 07:01:34.523 1491 2068 I ActivityTaskManager: FOREGROUND_APPLICATION_CHANGED to com.android.music.VideoBrowserActivity
11-29 07:01:34.523 1491 2068 I ActivityTaskManager: The Process com.android.music Already Exists in BG. So sending its PID: 18447
11-29 07:01:34.524 1491 2068 W ActivityTaskManager: Tried to set launchTime (0) < mLastActivityLaunchTime (13459000)
11-29 07:01:34.529 1491 1772 W ActivityManager: Receiver with filter android.content.IntentFilter@b29acb9 already registered for pid 18447, callerPackage is com.android.music
11-29 07:01:34.551 16043 16059 W ContextImpl: Calling a method in the system process without a qualified user: android.app.ContextImpl.startService:1816 android.content.ContextWrapper.startService:774 com.thundercomm.gamemode.ingame.services.GameModeActionUtils.startGameModeService:93 com.thundercomm.gamemode.ingame.services.GameModeActionUtils.startGameModeEntry:21 com.thundercomm.gamemode.ingame.services.ActivityMonitoringService$1.onActivityLaunch:127
11-29 07:01:34.557 1491 1491 I GameModeConfig: Current uri is uri = content://com.thundercomm.gamemode.api/gamemode_settings/gamemode_isgaming
11-29 07:01:34.559 1491 1491 I GameModeConfig: isGameModeOn = false
11-29 07:01:34.559 1491 1491 I GameModeConfig: isGameModeOn = false
11-29 07:01:34.559 1491 1491 I GameModeConfig: isDisableVoice = true
11-29 07:01:34.583 1491 2068 W WindowManager: updateScale0.7996942
11-29 07:01:34.598 1491 1600 W WindowManager: updateScale0.7996942
11-29 07:01:34.600 1491 1600 W WindowManager: updateScale0.7996942
11-29 07:01:34.601 1491 1600 W WindowManager: updateScale0.7996942
11-29 07:01:34.880 1491 1600 W WindowManager: updateScale0.7996942
11-29 07:01:35.902 1491 2059 W WindowManager: updateScale0.4617737
11-29 07:01:35.905 1491 2059 W WindowManager: updateScale0.4617737
11-29 07:01:35.919 1491 2059 W ActivityManager: Receiver with filter android.content.IntentFilter@e9bd29d already registered for pid 18447, callerPackage is com.android.music
11-29 07:01:35.955 1491 2068 W WindowManager: updateScale0.4617737
11-29 07:01:35.957 1491 2068 W WindowManager: updateScale0.4617737
11-29 07:01:36.136 1491 2756 E TaskPersister: File error accessing recents directory (directory doesn't exist?).
11-29 07:01:36.808 1491 2068 I ActivityTaskManager: START u0 {act=android.intent.action.MAIN cat=[android.intent.category.HOME] flg=0x10000000 cmp=com.android.launcher3/.uioverrides.QuickstepLauncher} from uid 10077
11-29 07:01:36.819 1491 2068 I ActivityTaskManager: FOREGROUND_APPLICATION_CHANGED to com.android.launcher3.uioverrides.QuickstepLauncher
11-29 07:01:36.819 1491 2068 W WindowManager: updateScale0.4617737
11-29 07:01:36.824 1491 2068 W WindowManager: updateScale0.4617737
11-29 07:01:36.850 1491 2068 W WindowManager: updateScale0.4617737
11-29 07:01:37.154 1491 1599 W WindowManager: updateScale0.4617737
11-29 07:01:37.158 1491 1599 I ActivityTaskManager: FOREGROUND_APPLICATION_CHANGED to com.android.music.VideoBrowserActivity
11-29 07:01:37.218 1491 1600 D FreeFormWindowHelper: refreshTipWindow windowDragBounds:Rect(-8, 19 - 294, 557)
11-29 07:01:37.219 1491 1600 W WindowManager: updateScale0.4617737
11-29 07:01:37.232 1491 7658 W WindowManager: updateScale0.4617737
11-29 07:01:37.234 1491 1600 D FreeFormWindowHelper: refreshTipWindow windowDragBounds:Rect(-8, -42 - 294, 496)
11-29 07:01:37.236 1491 1600 W WindowManager: updateScale0.4617737
11-29 07:01:37.250 1491 2068 W WindowManager: updateScale0.4617737
11-29 07:01:37.252 1491 1600 D FreeFormWindowHelper: refreshTipWindow windowDragBounds:Rect(-8, -109 - 294, 429)
11-29 07:01:37.253 1491 1600 W WindowManager: updateScale0.4617737
11-29 07:01:37.266 1491 2068 W WindowManager: updateScale0.4617737
11-29 07:01:37.268 1491 1600 D FreeFormWindowHelper: refreshTipWindow windowDragBounds:Rect(1, -170 - 303, 368)
11-29 07:01:37.269 1491 1600 W WindowManager: updateScale0.4617737
11-29 07:01:37.284 1491 1600 D FreeFormWindowHelper: refreshTipWindow windowDragBounds:Rect(8, -230 - 310, 308)
11-29 07:01:37.285 1491 1600 W WindowManager: updateScale0.4617737
11-29 07:01:37.299 1491 7658 W WindowManager: updateScale0.4617737
11-29 07:01:37.302 1491 1600 D FreeFormWindowHelper: refreshTipWindow windowDragBounds:Rect(16, -284 - 318, 254)
11-29 07:01:37.303 1491 1600 W WindowManager: updateScale0.4617737
11-29 07:01:37.317 1491 7658 W WindowManager: updateScale0.4617737
11-29 07:01:37.319 1491 1600 D FreeFormWindowHelper: refreshTipWindow windowDragBounds:Rect(26, -342 - 328, 196)
11-29 07:01:37.320 1491 1600 W WindowManager: updateScale0.4617737
11-29 07:01:37.332 1491 7658 W WindowManager: updateScale0.4617737
11-29 07:01:37.335 1491 1600 D FreeFormWindowHelper: refreshTipWindow windowDragBounds:Rect(40, -402 - 342, 136)
11-29 07:01:37.336 1491 1600 W WindowManager: updateScale0.4617737
11-29 07:01:37.351 1491 1600 D FreeFormWindowHelper: refreshTipWindow windowDragBounds:Rect(59, -467 - 361, 71)
11-29 07:01:37.352 1491 1600 W WindowManager: updateScale0.4617737
11-29 07:01:37.368 1491 1600 D FreeFormWindowHelper: refreshTipWindow windowDragBounds:Rect(85, -490 - 387, 48)
11-29 07:01:37.369 1491 1600 W WindowManager: updateScale0.4617737
11-29 07:01:37.396 1491 1600 D WindowManager: updateWindowDragBounds: mIsSwipeYtrue
11-29 07:01:37.396 1491 1600 D WindowManager: updateWindowDragBounds: mIsTopfalse
11-29 07:01:37.396 1491 1600 D WindowManager: updateWindowDragBounds: mIsSwipeXfalse
11-29 07:01:37.397 1491 1600 W WindowManager: updateScale0.4617737
11-29 07:01:37.416 1491 2068 W WindowManager: updateScale0.4617737
11-29 07:01:37.736 1491 1600 D FreeFormWindowHelper: refreshTipWindow windowDragBounds:Rect(-13, 13 - 289, 551)
11-29 07:01:37.738 1491 1600 W WindowManager: updateScale0.4617737
11-29 07:01:37.750 1491 2068 W WindowManager: updateScale0.4617737
11-29 07:01:37.752 1491 1600 D FreeFormWindowHelper: refreshTipWindow windowDragBounds:Rect(-19, -55 - 283, 483)
11-29 07:01:37.755 1491 1600 W WindowManager: updateScale0.4617737
11-29 07:01:37.769 1491 1600 D FreeFormWindowHelper: refreshTipWindow windowDragBounds:Rect(-19, -117 - 283, 421)
11-29 07:01:37.770 1491 1600 W WindowManager: updateScale0.4617737
11-29 07:01:37.784 1491 2068 W WindowManager: updateScale0.4617737
11-29 07:01:37.787 1491 1600 D FreeFormWindowHelper: refreshTipWindow windowDragBounds:Rect(-20, -170 - 282, 368)
11-29 07:01:37.788 1491 1600 W WindowManager: updateScale0.4617737
11-29 07:01:37.803 1491 1600 D FreeFormWindowHelper: refreshTipWindow windowDragBounds:Rect(-21, -224 - 281, 314)
11-29 07:01:37.804 1491 1600 W WindowManager: updateScale0.4617737
11-29 07:01:37.819 1491 1600 D FreeFormWindowHelper: refreshTipWindow windowDragBounds:Rect(-23, -272 - 279, 266)
11-29 07:01:37.822 1491 1600 W WindowManager: updateScale0.4617737
11-29 07:01:37.833 1491 7658 W WindowManager: updateScale0.4617737
11-29 07:01:37.836 1491 1600 D FreeFormWindowHelper: refreshTipWindow windowDragBounds:Rect(-25, -310 - 277, 228)
11-29 07:01:37.837 1491 1600 W WindowManager: updateScale0.4617737
11-29 07:01:37.854 1491 1600 D FreeFormWindowHelper: refreshTipWindow windowDragBounds:Rect(-27, -344 - 275, 194)
11-29 07:01:37.855 1491 1600 W WindowManager: updateScale0.4617737
11-29 07:01:37.869 1491 1600 D FreeFormWindowHelper: refreshTipWindow windowDragBounds:Rect(-29, -364 - 273, 174)
11-29 07:01:37.871 1491 1600 W WindowManager: updateScale0.4617737
11-29 07:01:37.883 1491 7658 W WindowManager: updateScale0.4617737
11-29 07:01:37.887 1491 1600 D FreeFormWindowHelper: refreshTipWindow windowDragBounds:Rect(-30, -376 - 272, 162)
11-29 07:01:37.888 1491 1600 W WindowManager: updateScale0.4617737
11-29 07:01:37.903 1491 1600 D FreeFormWindowHelper: refreshTipWindow windowDragBounds:Rect(-31, -383 - 271, 155)
11-29 07:01:37.907 1491 1600 W WindowManager: updateScale0.4617737
11-29 07:01:37.919 1491 1600 D FreeFormWindowHelper: refreshTipWindow windowDragBounds:Rect(-31, -388 - 271, 150)
11-29 07:01:37.920 1491 1600 W WindowManager: updateScale0.4617737
11-29 07:01:37.936 1491 1600 D FreeFormWindowHelper: refreshTipWindow windowDragBounds:Rect(-31, -391 - 271, 147)
11-29 07:01:37.938 1491 1600 W WindowManager: updateScale0.4617737
11-29 07:01:37.952 1491 7658 W WindowManager: updateScale0.4617737
11-29 07:01:37.955 1491 1600 D FreeFormWindowHelper: refreshTipWindow windowDragBounds:Rect(-31, -393 - 271, 145)
11-29 07:01:37.957 1491 1600 W WindowManager: updateScale0.4617737
11-29 07:01:37.969 1491 1600 D FreeFormWindowHelper: refreshTipWindow windowDragBounds:Rect(-31, -395 - 271, 143)
11-29 07:01:37.971 1491 1600 W WindowManager: updateScale0.4617737
11-29 07:01:37.987 1491 1600 D FreeFormWindowHelper: refreshTipWindow windowDragBounds:Rect(-31, -397 - 271, 141)
11-29 07:01:37.988 1491 1600 W WindowManager: updateScale0.4617737
11-29 07:01:38.001 1491 7658 W WindowManager: updateScale0.4617737
11-29 07:01:38.004 1491 1600 D FreeFormWindowHelper: refreshTipWindow windowDragBounds:Rect(-29, -402 - 273, 136)
11-29 07:01:38.007 1491 1600 W WindowManager: updateScale0.4617737
11-29 07:01:38.020 1491 1600 D FreeFormWindowHelper: refreshTipWindow windowDragBounds:Rect(-18, -406 - 284, 132)
11-29 07:01:38.023 1491 1600 W WindowManager: updateScale0.4617737
11-29 07:01:38.034 1491 7658 W WindowManager: updateScale0.4617737
11-29 07:01:38.037 1491 1600 D WindowManager: updateWindowDragBounds: mIsSwipeYfalse
11-29 07:01:38.037 1491 1600 D WindowManager: updateWindowDragBounds: mIsTopfalse
11-29 07:01:38.037 1491 1600 D WindowManager: updateWindowDragBounds: mIsSwipeXfalse
11-29 07:01:38.040 1491 1600 W WindowManager: updateScale0.4617737
11-29 07:01:38.084 1491 2068 W WindowManager: updateScale0.4617737
11-29 07:01:38.304 1491 1600 D FreeFormWindowHelper: refreshTipWindow windowDragBounds:Rect(0, 45 - 302, 583)
11-29 07:01:38.306 1491 1600 W WindowManager: updateScale0.4617737
11-29 07:01:38.318 1491 2068 W WindowManager: updateScale0.4617737
11-29 07:01:38.320 1491 1600 D FreeFormWindowHelper: refreshTipWindow windowDragBounds:Rect(0, -1 - 302, 537)
11-29 07:01:38.322 1491 1600 W WindowManager: updateScale0.4617737
11-29 07:01:38.334 1491 9370 W WindowManager: updateScale0.4617737
11-29 07:01:38.339 1491 1600 D FreeFormWindowHelper: refreshTipWindow windowDragBounds:Rect(10, -59 - 312, 479)
11-29 07:01:38.340 1491 1600 W WindowManager: updateScale0.4617737
11-29 07:01:38.354 1491 1600 D FreeFormWindowHelper: refreshTipWindow windowDragBounds:Rect(16, -137 - 318, 401)
11-29 07:01:38.356 1491 1600 W WindowManager: updateScale0.4617737
11-29 07:01:38.370 1491 1600 D FreeFormWindowHelper: refreshTipWindow windowDragBounds:Rect(25, -209 - 327, 329)
11-29 07:01:38.371 1491 1600 W WindowManager: updateScale0.4617737
11-29 07:01:38.387 1491 1600 D FreeFormWindowHelper: refreshTipWindow windowDragBounds:Rect(38, -284 - 340, 254)
11-29 07:01:38.388 1491 1600 W WindowManager: updateScale0.4617737
11-29 07:01:38.401 1491 9370 W WindowManager: updateScale0.4617737
11-29 07:01:38.404 1491 1600 D FreeFormWindowHelper: refreshTipWindow windowDragBounds:Rect(51, -330 - 353, 208)
11-29 07:01:38.405 1491 1600 W WindowManager: updateScale0.4617737
11-29 07:01:38.427 1491 1600 D WindowManager: updateWindowDragBounds: mIsSwipeYtrue
11-29 07:01:38.427 1491 1600 D WindowManager: updateWindowDragBounds: mIsTopfalse
11-29 07:01:38.427 1491 1600 D WindowManager: updateWindowDragBounds: mIsSwipeXfalse
11-29 07:01:38.429 1491 1600 W WindowManager: updateScale0.4617737
11-29 07:01:38.452 1491 9370 W WindowManager: updateScale0.4617737
11-29 07:01:38.722 1491 1600 D FreeFormWindowHelper: refreshTipWindow windowDragBounds:Rect(0, 38 - 302, 576)
11-29 07:01:38.723 1491 1600 W WindowManager: updateScale0.4617737
11-29 07:01:38.738 1491 1600 D FreeFormWindowHelper: refreshTipWindow windowDragBounds:Rect(12, -41 - 314, 497)
11-29 07:01:38.739 1491 1600 W WindowManager: updateScale0.4617737
11-29 07:01:38.752 1491 2068 W WindowManager: updateScale0.4617737
11-29 07:01:38.756 1491 1600 D FreeFormWindowHelper: refreshTipWindow windowDragBounds:Rect(26, -145 - 328, 393)
11-29 07:01:38.757 1491 1600 W WindowManager: updateScale0.4617737
11-29 07:01:38.774 1491 1600 D FreeFormWindowHelper: refreshTipWindow windowDragBounds:Rect(47, -258 - 349, 280)
11-29 07:01:38.776 1491 1600 W WindowManager: updateScale0.4617737
11-29 07:01:38.787 1491 9370 W WindowManager: updateScale0.4617737
11-29 07:01:38.790 1491 1600 D FreeFormWindowHelper: refreshTipWindow windowDragBounds:Rect(78, -378 - 380, 160)
11-29 07:01:38.791 1491 1600 W WindowManager: updateScale0.4617737
11-29 07:01:38.807 1491 1600 D FreeFormWindowHelper: refreshTipWindow windowDragBounds:Rect(101, -440 - 403, 98)
11-29 07:01:38.808 1491 1600 W WindowManager: updateScale0.4617737
11-29 07:01:38.825 1491 1600 D WindowManager: updateWindowDragBounds: mIsSwipeYtrue
11-29 07:01:38.825 1491 1600 D WindowManager: updateWindowDragBounds: mIsTopfalse
11-29 07:01:38.825 1491 1600 D WindowManager: updateWindowDragBounds: mIsSwipeXfalse
11-29 07:01:38.830 1491 1600 W WindowManager: updateScale0.4617737
11-29 07:01:38.852 1491 9370 W WindowManager: updateScale0.4617737
11-29 07:01:39.105 1491 1600 D FreeFormWindowHelper: refreshTipWindow windowDragBounds:Rect(-10, 17 - 292, 555)
11-29 07:01:39.108 1491 1600 W WindowManager: updateScale0.4617737
11-29 07:01:39.120 1491 9370 W WindowManager: updateScale0.4617737
11-29 07:01:39.123 1491 1600 D FreeFormWindowHelper: refreshTipWindow windowDragBounds:Rect(-11, -60 - 291, 478)
11-29 07:01:39.124 1491 1600 W WindowManager: updateScale0.4617737
11-29 07:01:39.139 1491 1600 D FreeFormWindowHelper: refreshTipWindow windowDragBounds:Rect(-11, -153 - 291, 385)
11-29 07:01:39.141 1491 1600 W WindowManager: updateScale0.4617737
11-29 07:01:39.155 1491 2059 W WindowManager: updateScale0.4617737
11-29 07:01:39.156 1491 1600 D FreeFormWindowHelper: refreshTipWindow windowDragBounds:Rect(1, -238 - 303, 300)
11-29 07:01:39.158 1491 1600 W WindowManager: updateScale0.4617737
11-29 07:01:39.169 1491 2059 W WindowManager: updateScale0.4617737
11-29 07:01:39.173 1491 1600 D FreeFormWindowHelper: refreshTipWindow windowDragBounds:Rect(12, -337 - 314, 201)
11-29 07:01:39.175 1491 1600 W WindowManager: updateScale0.4617737
11-29 07:01:39.189 1491 1600 D FreeFormWindowHelper: refreshTipWindow windowDragBounds:Rect(29, -428 - 331, 110)
11-29 07:01:39.191 1491 1600 W WindowManager: updateScale0.4617737
11-29 07:01:39.208 1491 1600 D FreeFormWindowHelper: refreshTipWindow windowDragBounds:Rect(34, -446 - 336, 92)
11-29 07:01:39.209 1491 1600 W WindowManager: updateScale0.4617737
11-29 07:01:39.220 1491 1600 D WindowManager: updateWindowDragBounds: mIsSwipeYtrue
11-29 07:01:39.220 1491 1600 D WindowManager: updateWindowDragBounds: mIsTopfalse
11-29 07:01:39.220 1491 1600 D WindowManager: updateWindowDragBounds: mIsSwipeXfalse
11-29 07:01:39.221 1491 1600 W WindowManager: updateScale0.4617737
11-29 07:01:39.245 1491 9370 W WindowManager: updateScale0.4617737
11-29 07:01:39.523 1491 1600 D FreeFormWindowHelper: refreshTipWindow windowDragBounds:Rect(0, 34 - 302, 572)
11-29 07:01:39.525 1491 1600 W WindowManager: updateScale0.4617737
11-29 07:01:39.540 1491 1600 D FreeFormWindowHelper: refreshTipWindow windowDragBounds:Rect(0, -47 - 302, 491)
11-29 07:01:39.544 1491 1600 W WindowManager: updateScale0.4617737
11-29 07:01:39.554 1491 9370 W WindowManager: updateScale0.4617737
11-29 07:01:39.557 1491 1600 D FreeFormWindowHelper: refreshTipWindow windowDragBounds:Rect(0, -142 - 302, 396)
11-29 07:01:39.559 1491 1600 W WindowManager: updateScale0.4617737
11-29 07:01:39.571 1491 2068 W WindowManager: updateScale0.4617737
11-29 07:01:39.574 1491 1600 D FreeFormWindowHelper: refreshTipWindow windowDragBounds:Rect(12, -247 - 314, 291)
11-29 07:01:39.577 1491 1600 W WindowManager: updateScale0.4617737
11-29 07:01:39.590 1491 1600 D FreeFormWindowHelper: refreshTipWindow windowDragBounds:Rect(29, -357 - 331, 181)
11-29 07:01:39.591 1491 1600 W WindowManager: updateScale0.4617737
11-29 07:01:39.605 1491 2068 W WindowManager: updateScale0.4617737
11-29 07:01:39.608 1491 1600 D FreeFormWindowHelper: refreshTipWindow windowDragBounds:Rect(52, -459 - 354, 79)
11-29 07:01:39.609 1491 1600 W WindowManager: updateScale0.4617737
11-29 07:01:39.635 1491 1600 D WindowManager: updateWindowDragBounds: mIsSwipeYtrue
11-29 07:01:39.635 1491 1600 D WindowManager: updateWindowDragBounds: mIsTopfalse
11-29 07:01:39.635 1491 1600 D WindowManager: updateWindowDragBounds: mIsSwipeXfalse
11-29 07:01:39.637 1491 1600 W WindowManager: updateScale0.4617737
11-29 07:01:39.667 1491 2068 W WindowManager: updateScale0.4617737
11-29 07:02:27.446 1491 2068 W WindowManager: updateScale0.7996942
11-29 07:02:27.450 1491 2068 W WindowManager: updateScale0.7996942
11-29 07:02:27.476 1491 2068 W ActivityManager: Receiver with filter android.content.IntentFilter@e58494b already registered for pid 18447, callerPackage is com.android.music
11-29 07:02:27.531 1491 2068 W WindowManager: updateScale0.7996942
11-29 07:02:27.534 1491 2068 W WindowManager: updateScale0.7996942
11-29 07:02:29.325 1491 2756 E TaskPersister: File error accessing recents directory (directory doesn't exist?).
11-29 07:02:29.336 1491 2068 I ActivityTaskManager: FOREGROUND_APPLICATION_CHANGED to com.android.launcher3.uioverrides.QuickstepLauncher
11-29 07:02:29.355 1491 1772 W ActivityManager: Receiver with filter android.content.IntentFilter@9b21b3b already registered for pid 18447, callerPackage is com.android.music
11-29 07:02:29.359 1491 1491 D CompatibilityChangeReporter: Compat change id reported: 175319604; UID 1000; state: ENABLED
11-29 07:02:29.360 1491 1491 D CompatibilityChangeReporter: Compat change id reported: 175319604; UID 1000; state: DISABLED
11-29 07:02:29.363 16043 16059 W ContextImpl: Calling a method in the system process without a qualified user: android.app.ContextImpl.startService:1816 android.content.ContextWrapper.startService:774 com.thundercomm.gamemode.ingame.services.GameModeActionUtils.startGameModeService:93 com.thundercomm.gamemode.ingame.services.GameModeActionUtils.startGameModeEntry:21 com.thundercomm.gamemode.ingame.services.ActivityMonitoringService$1.onActivityLaunch:127
11-29 07:02:29.370 1491 1491 I GameModeConfig: Current uri is uri = content://com.thundercomm.gamemode.api/gamemode_settings/gamemode_isgaming
11-29 07:02:29.379 1491 1491 I GameModeConfig: isGameModeOn = false
11-29 07:02:29.379 1491 1491 I GameModeConfig: isGameModeOn = false
11-29 07:02:29.379 1491 1491 I GameModeConfig: isDisableVoice = true
11-29 07:02:29.384 1491 1760 I GameModeConfig: isGameModeOn = false
11-29 07:02:29.384 1491 1760 I GameModeConfig: isGameModeOn = false
11-29 07:02:29.384 1491 1760 I GameModeConfig: isGameModeOn = false
11-29 07:02:29.449 16043 16059 W ContextImpl: Calling a method in the system process without a qualified user: android.app.ContextImpl.startService:1816 android.content.ContextWrapper.startService:774 com.thundercomm.gamemode.ingame.services.GameModeActionUtils.startGameModeService:93 com.thundercomm.gamemode.ingame.services.GameModeActionUtils.startGameModeEntry:21 com.thundercomm.gamemode.ingame.services.ActivityMonitoringService$1.onActivityLaunch:127
11-29 07:02:29.453 1491 1491 I GameModeConfig: Current uri is uri = content://com.thundercomm.gamemode.api/gamemode_settings/gamemode_isgaming
11-29 07:02:29.455 1491 1491 I GameModeConfig: isGameModeOn = false
11-29 07:02:29.456 1491 1491 I GameModeConfig: isGameModeOn = false
11-29 07:02:29.456 1491 1491 I GameModeConfig: isDisableVoice = true
11-29 07:02:29.587 1491 1491 I GameModeConfig: isGameModeOn = false
11-29 07:02:29.596 1491 1491 W NotificationHistory: Attempted to add notif for locked/gone/disabled user 0
11-29 07:02:29.641 1491 1600 D FreeFormWindowHelper: Remove freefrom task=Task{e18af03 #165 type=standard A=10089:android.task.video U=0 visible=false mode=freeform translucent=true sz=0}
11-29 07:02:31.123 1491 7658 I ActivityTaskManager: START u0 {act=android.intent.action.MAIN cat=[android.intent.category.LAUNCHER] flg=0x10200000 cmp=com.android.settings/.Settings bnds=[2308,740][2494,940]} from uid 10077
11-29 07:02:31.128 1491 7658 W ActivityTaskManager: Can't find TaskDisplayArea to determine support for multi window. Task id=166 attached=false
11-29 07:02:31.132 1491 7658 D CompatibilityChangeReporter: Compat change id reported: 174042980; UID 1000; state: DISABLED
11-29 07:02:31.145 1491 7658 I ActivityTaskManager: FOREGROUND_APPLICATION_CHANGED to com.android.settings.homepage.SettingsHomepageActivity
11-29 07:02:31.145 1491 7658 I ActivityTaskManager: The Process com.android.settings Already Exists in BG. So sending its PID: 20125
11-29 07:02:31.147 1491 7658 D CompatibilityChangeReporter: Compat change id reported: 181136395; UID 1000; state: DISABLED
11-29 07:02:31.148 1491 7658 D CompatibilityChangeReporter: Compat change id reported: 174042936; UID 1000; state: DISABLED
11-29 07:02:31.174 16043 16059 W ContextImpl: Calling a method in the system process without a qualified user: android.app.ContextImpl.startService:1816 android.content.ContextWrapper.startService:774 com.thundercomm.gamemode.ingame.services.GameModeActionUtils.startGameModeService:93 com.thundercomm.gamemode.ingame.services.GameModeActionUtils.startGameModeEntry:21 com.thundercomm.gamemode.ingame.services.ActivityMonitoringService$1.onActivityLaunch:127
11-29 07:02:31.181 1491 1491 I GameModeConfig: Current uri is uri = content://com.thundercomm.gamemode.api/gamemode_settings/gamemode_isgaming
11-29 07:02:31.191 1491 1491 I GameModeConfig: isGameModeOn = false
11-29 07:02:31.191 1491 1491 I GameModeConfig: isGameModeOn = false
11-29 07:02:31.191 1491 1491 I GameModeConfig: isDisableVoice = true
11-29 07:02:31.194 1491 9370 E UserRestrictionsUtils: Unknown restriction queried by uid 1000 (com.qualcomm.qti.qdma et al): null
11-29 07:02:31.195 1491 2059 E UserRestrictionsUtils: Unknown restriction queried by uid 1000 (com.qualcomm.qti.qdma et al): null
11-29 07:02:31.195 1491 2068 E UserRestrictionsUtils: Unknown restriction queried by uid 1000 (com.qualcomm.qti.qdma et al): null
11-29 07:02:31.195 1491 8854 E UserRestrictionsUtils: Unknown restriction queried by uid 1000 (com.qualcomm.qti.qdma et al): null
11-29 07:02:31.195 1491 1772 E UserRestrictionsUtils: Unknown restriction queried by uid 1000 (com.qualcomm.qti.qdma et al): null
11-29 07:02:31.195 1491 9315 E UserRestrictionsUtils: Unknown restriction queried by uid 1000 (com.qualcomm.qti.qdma et al): null
11-29 07:02:31.195 1491 7072 E UserRestrictionsUtils: Unknown restriction queried by uid 1000 (com.qualcomm.qti.qdma et al): null
11-29 07:02:31.196 1491 10067 E UserRestrictionsUtils: Unknown restriction queried by uid 1000 (com.qualcomm.qti.qdma et al): null
11-29 07:02:31.196 1491 9682 E UserRestrictionsUtils: Unknown restriction queried by uid 1000 (com.qualcomm.qti.qdma et al): null
11-29 07:02:31.196 1491 7158 E UserRestrictionsUtils: Unknown restriction queried by uid 1000 (com.qualcomm.qti.qdma et al): null
11-29 07:02:31.196 1491 8854 E UserRestrictionsUtils: Unknown restriction queried by uid 1000 (com.qualcomm.qti.qdma et al): null
11-29 07:02:31.196 1491 10067 E UserRestrictionsUtils: Unknown restriction queried by uid 1000 (com.qualcomm.qti.qdma et al): null
11-29 07:02:31.197 1491 7072 E UserRestrictionsUtils: Unknown restriction queried by uid 1000 (com.qualcomm.qti.qdma et al): null
11-29 07:02:31.197 1491 1772 E UserRestrictionsUtils: Unknown restriction queried by uid 1000 (com.qualcomm.qti.qdma et al): null
11-29 07:02:31.197 1491 7658 E UserRestrictionsUtils: Unknown restriction queried by uid 1000 (com.qualcomm.qti.qdma et al): null
11-29 07:02:31.197 1491 2059 E UserRestrictionsUtils: Unknown restriction queried by uid 1000 (com.qualcomm.qti.qdma et al): null
11-29 07:02:31.197 1491 7158 E UserRestrictionsUtils: Unknown restriction queried by uid 1000 (com.qualcomm.qti.qdma et al): null
11-29 07:02:31.198 1491 7158 E UserRestrictionsUtils: Unknown restriction queried by uid 1000 (com.qualcomm.qti.qdma et al): null
11-29 07:02:31.226 1491 1618 W BatteryExternalStatsWorker: error reading modem stats:ERROR_PHONE_NOT_AVAILABLE
11-29 07:02:31.256 1491 1618 E KernelCpuSpeedReader: Failed to read cpu-freq: /sys/devices/system/cpu/cpu4/cpufreq/stats/time_in_state: open failed: ENOENT (No such file or directory)
11-29 07:02:31.256 1491 1618 E KernelCpuSpeedReader: Failed to read cpu-freq: /sys/devices/system/cpu/cpu0/cpufreq/stats/time_in_state: open failed: ENOENT (No such file or directory)
11-29 07:02:31.259 16043 16059 W ContextImpl: Calling a method in the system process without a qualified user: android.app.ContextImpl.startService:1816 android.content.ContextWrapper.startService:774 com.thundercomm.gamemode.ingame.services.GameModeActionUtils.startGameModeService:93 com.thundercomm.gamemode.ingame.services.GameModeActionUtils.startGameModeEntry:21 com.thundercomm.gamemode.ingame.services.ActivityMonitoringService$1.onActivityLaunch:127
11-29 07:02:31.264 1491 1491 I GameModeConfig: Current uri is uri = content://com.thundercomm.gamemode.api/gamemode_settings/gamemode_isgaming
11-29 07:02:31.270 1491 1491 I GameModeConfig: isGameModeOn = false
11-29 07:02:31.270 1491 1491 I GameModeConfig: isGameModeOn = false
11-29 07:02:31.270 1491 1491 I GameModeConfig: isDisableVoice = true
11-29 07:02:31.298 1491 1618 W BatteryExternalStatsWorker: error reading modem stats:ERROR_PHONE_NOT_AVAILABLE
11-29 07:02:31.303 1491 1618 E KernelCpuSpeedReader: Failed to read cpu-freq: /sys/devices/system/cpu/cpu4/cpufreq/stats/time_in_state: open failed: ENOENT (No such file or directory)
11-29 07:02:31.303 1491 1618 E KernelCpuSpeedReader: Failed to read cpu-freq: /sys/devices/system/cpu/cpu0/cpufreq/stats/time_in_state: open failed: ENOENT (No such file or directory)
11-29 07:02:31.331 20125 20125 W CarrierConfigManager: Error getting config for subId -1 ICarrierConfigLoader is null
11-29 07:02:31.334 1491 9315 E UserRestrictionsUtils: Unknown restriction queried by uid 1000 (com.qualcomm.qti.qdma et al): null
11-29 07:02:31.363 1491 2059 D TelephonyRegistry: listen oscl: mHasNotifySubscriptionInfoChangedOccurred==false no callback
11-29 07:02:31.368 1491 9315 D TelephonyRegistry: listen oscl: mHasNotifySubscriptionInfoChangedOccurred==false no callback
11-29 07:02:31.792 16043 16059 W ContextImpl: Calling a method in the system process without a qualified user: android.app.ContextImpl.startService:1816 android.content.ContextWrapper.startService:774 com.thundercomm.gamemode.ingame.services.GameModeActionUtils.startGameModeService:93 com.thundercomm.gamemode.ingame.services.GameModeActionUtils.startGameModeEntry:21 com.thundercomm.gamemode.ingame.services.ActivityMonitoringService$1.onActivityLaunch:127
11-29 07:02:31.798 1491 1491 I GameModeConfig: Current uri is uri = content://com.thundercomm.gamemode.api/gamemode_settings/gamemode_isgaming
11-29 07:02:31.800 1491 1491 I GameModeConfig: isGameModeOn = false
11-29 07:02:31.800 1491 1491 I GameModeConfig: isGameModeOn = false
11-29 07:02:31.800 1491 1491 I GameModeConfig: isDisableVoice = true
11-29 07:02:33.163 1491 2756 E TaskPersister: File error accessing recents directory (directory doesn't exist?).
11-29 07:02:33.683 20125 20125 W CarrierConfigManager: Error getting config for subId -1 ICarrierConfigLoader is null
11-29 07:02:33.687 1491 7658 E UserRestrictionsUtils: Unknown restriction queried by uid 1000 (com.qualcomm.qti.qdma et al): null
11-29 07:02:33.725 1491 7658 D TelephonyRegistry: listen oscl: mHasNotifySubscriptionInfoChangedOccurred==false no callback
11-29 07:02:33.727 1491 7658 D TelephonyRegistry: listen oscl: mHasNotifySubscriptionInfoChangedOccurred==false no callback
11-29 07:02:34.989 1491 7658 W BluetoothManagerService: psc is not null in bindBluetoothProfileService
11-29 07:02:35.038 20125 20125 E ActivityThread: Failed to find provider info for com.google.android.gms.nearby.fastpair
11-29 07:02:35.038 20125 20214 E ActivityThread: Failed to find provider info for com.google.android.gms.nearby.fastpair
11-29 07:02:39.606 1491 1760 I GameModeConfig: isGameModeOn = false
11-29 07:03:29.345 1491 1608 W ActivityManager: Stopping service due to app idle: u0a89 -3h1m59s219ms com.android.music/.MediaPlaybackService
11-29 07:03:29.355 1491 1608 D CompatibilityChangeReporter: Compat change id reported: 168419799; UID 10021; state: DISABLED
11-29 07:03:29.468 1491 1608 W BroadcastQueue: Background execution not allowed: receiving Intent { act=com.android.music.updatewidget flg=0x10 } to com.android.music/.MediaAppWidgetProvider
11-29 07:03:29.468 1491 1608 W BroadcastQueue: Background execution not allowed: receiving Intent { act=com.android.music.updatewidget flg=0x10 } to com.android.music/.MediaAppWidgetProviderLarge
11-29 07:03:29.468 1491 11109 W NotificationHistory: Attempted to remove channel for locked/gone/disabled user 0
11-29 07:03:29.873 1491 1626 V DisplayPowerController[0]: Brightness [0.05] reason changing to: 'manual [ dim ]', previous reason: 'manual'.
11-29 07:03:29.874 1491 1626 W PowerManagerService: Screen on took 121291 ms
11-29 07:03:29.879 1491 1874 E DisplayDeviceConfig: requesting nits when no mapping exists.
11-29 07:03:29.880 1491 1874 E DisplayDeviceConfig: requesting nits when no mapping exists.
11-29 07:03:29.882 1491 1608 I DropBoxManagerService: add tag=system_server_wtf isTagEnabled=true flags=0x2
