11-29 07:19:45.716 22070 22070 I view_enqueue_input_event: [Motion - Cancel,com.tencent.android.qqdownloader/com.tencent.assistantv2.activity.MainActivity]
11-29 07:19:45.716 9956 9956 I sysui_latency: [1,90]
11-29 07:19:45.717 1491 1600 I input_focus: [Focus request recents_animation_input_consumer,reason=UpdateInputWindows]
11-29 07:19:45.718 1491 1693 I input_interaction: Interaction with: edge-swipe (server), swipe-up (server), PointerEventDispatcher0 (server),
11-29 07:19:45.726 1491 8854 W ActivityTaskManager: getTaskSnapshot: taskId=5180 not found
11-29 07:19:45.726 1491 8854 W ActivityTaskManager: getTaskSnapshot: taskId=4180 not found
11-29 07:19:45.727 1491 1596 I sysui_multi_action: [319,12,322,77,325,14764,757,761,758,9,759,5,806,com.android.launcher3,871,com.android.launcher3.uioverrides.QuickstepLauncher,905,0,1320,8,1321,5]
11-29 07:19:45.729 1491 8854 W ActivityTaskManager: getTaskSnapshot: taskId=3180 not found
11-29 07:19:45.731 1491 1693 I input_focus: [Focus leaving eeb7dec com.tencent.android.qqdownloader/com.tencent.assistantv2.activity.MainActivity (server),reason=NOT_FOCUSABLE]
11-29 07:19:45.731 1491 1693 I input_focus: [Focus entering recents_animation_input_consumer (server),reason=setFocusedWindow]
11-29 07:19:45.733 1491 7658 W ActivityTaskManager: getTaskSnapshot: taskId=2180 not found
11-29 07:19:45.738 1491 7658 W ActivityTaskManager: getTaskSnapshot: taskId=1180 not found
11-29 07:19:45.902 1491 1673 I commit_sys_config_file: [settings-1-0,5]
11-29 07:19:45.977 1491 1608 I am_uid_idle: 10052
11-29 07:19:46.020 1491 1607 I sysui_latency: [8,93]
11-29 07:19:46.079 0 0 I auditd : type=1400 audit(0.0:16568): avc: denied { kill } for comm="swapper/0" capability=5 scontext=u:r:kernel:s0 tcontext=u:r:kernel:s0 tclass=capability permissive=0
11-29 07:19:46.135 1491 1673 I commit_sys_config_file: [settings-1-0,5]
11-29 07:19:46.514 1491 1693 I input_interaction: Interaction with: 89b8349 StatusBar (server), edge-swipe (server), swipe-up (server), PointerEventDispatcher0 (server),
11-29 07:19:46.526 19842 19842 I sysui_multi_action: [757,803,799,panel_open,802,1]
11-29 07:19:46.527 19842 19842 I sysui_multi_action: [757,1328,758,4,1326,74,1327,1,1329,0]
11-29 07:19:46.545 1491 8854 I wm_task_moved: [32,1,6]
11-29 07:19:46.545 1491 8854 I wm_task_moved: [41,1,2147483647]
11-29 07:19:46.545 1491 8854 I wm_task_to_front: [0,41]
11-29 07:19:46.545 1491 8854 I wm_focused_root_task: [0,0,32,180,RecentsAnimation.onAnimationFinished()]
11-29 07:19:46.545 1491 8854 I wm_set_resumed_activity: [0,com.android.launcher3/.uioverrides.QuickstepLauncher,RecentsAnimation.onAnimationFinished()]
11-29 07:19:46.545 22070 22070 I wm_on_top_resumed_lost_called: [179324335,com.tencent.assistantv2.activity.MainActivity,topStateChangedWhenResumed]
11-29 07:19:46.546 1491 8854 I wm_pause_activity: [0,179324335,com.tencent.android.qqdownloader/com.tencent.assistantv2.activity.MainActivity,userLeaving=true,pauseBackTasks]
11-29 07:19:46.547 1491 8854 I wm_add_to_stopping: [0,179324335,com.tencent.android.qqdownloader/com.tencent.assistantv2.activity.MainActivity,makeInvisible]
11-29 07:19:46.547 1491 8854 I ActivityTaskManager: FOREGROUND_APPLICATION_CHANGED to com.android.launcher3.uioverrides.QuickstepLauncher
11-29 07:19:46.548 1491 8854 I wm_set_resumed_activity: [0,com.android.launcher3/.uioverrides.QuickstepLauncher,resumeTopActivityInnerLocked]
11-29 07:19:46.552 1491 1760 I GameModeConfig: isGameModeOn = false
11-29 07:19:46.553 1491 1760 I GameModeConfig: isGameModeOn = false
11-29 07:19:46.553 1491 1760 I GameModeConfig: isGameModeOn = false
11-29 07:19:46.553 1491 1760 I GameModeConfig: isGameModeOn = false
11-29 07:19:46.554 1491 2061 I sysui_multi_action: [757,127,758,1]
11-29 07:19:46.554 1491 2061 I sysui_multi_action: [757,804,799,note_load,801,2,802,1]
11-29 07:19:46.554 19842 19842 I sysui_multi_action: [757,111,758,2]
11-29 07:19:46.554 1491 2061 I notification_panel_revealed: 2
11-29 07:19:46.554 19842 19842 I sysui_multi_action: [757,111,758,2]
11-29 07:19:46.554 1491 8854 I wm_resume_activity: [0,254362067,41,com.android.launcher3/.uioverrides.QuickstepLauncher]
11-29 07:19:46.556 9956 9956 I wm_on_resume_called: [254362067,com.android.launcher3.uioverrides.QuickstepLauncher,RESUME_ACTIVITY]
11-29 07:19:46.557 1491 1491 I notification_enqueue: [10082,19842,com.android.systemui,2048,NULL,0,Notification(channel=updateNotification shortcut=null contentView=null vibrate=null sound=null defaults=0x0 flags=0x0 color=0x00000000 vis=PRIVATE),1]
11-29 07:19:46.563 1491 1600 I input_focus: [Focus request cd0514f com.android.launcher3/com.android.launcher3.uioverrides.QuickstepLauncher,reason=UpdateInputWindows]
11-29 07:19:46.567 1491 1693 I input_focus: [Focus leaving recents_animation_input_consumer (server),reason=NOT_VISIBLE]
11-29 07:19:46.578 1491 7658 I wm_stop_activity: [0,179324335,com.tencent.android.qqdownloader/com.tencent.assistantv2.activity.MainActivity]
11-29 07:19:46.578 19842 19842 I sysui_multi_action: [757,111,758,1]
11-29 07:19:46.578 19842 19842 I sysui_multi_action: [757,126,758,1,759,126,927,0,928,1,1593,0]
11-29 07:19:46.578 19842 19842 I sysui_multi_action: [757,113,758,1,759,113,927,1,928,1,1593,0]
11-29 07:19:46.578 19842 19842 I sysui_multi_action: [757,0,758,1,759,0,927,2,928,0,1593,0]
11-29 07:19:46.578 19842 19842 I sysui_multi_action: [757,0,758,1,759,0,927,3,928,0,1593,0]
11-29 07:19:46.578 19842 19842 I sysui_multi_action: [757,491,758,1,759,491,927,4,928,0,1311,-1,1593,0]
11-29 07:19:46.578 19842 19842 I sysui_multi_action: [757,0,758,1,759,0,927,5,928,0,1593,0]
11-29 07:19:46.578 19842 19842 I sysui_multi_action: [757,111,758,1]
11-29 07:19:46.578 19842 19842 I sysui_multi_action: [757,126,758,1,759,126,927,0,928,1,1593,0]
11-29 07:19:46.579 19842 19842 I sysui_multi_action: [757,113,758,1,759,113,927,1,928,1,1593,0]
11-29 07:19:46.579 19842 19842 I sysui_multi_action: [757,0,758,1,759,0,927,2,928,0,1593,0]
11-29 07:19:46.579 19842 19842 I sysui_multi_action: [757,0,758,1,759,0,927,3,928,0,1593,0]
11-29 07:19:46.582 1491 1599 I sysui_multi_action: [757,803,799,window_time_0,802,4]
11-29 07:19:46.583 1491 1600 I input_focus: [Focus request 3124ee4 NotificationShade,reason=UpdateInputWindows]
11-29 07:19:46.584 1491 1599 I sysui_multi_action: [757,803,799,window_time_0,802,0]
11-29 07:19:46.585 22070 22070 I wm_on_paused_called: [179324335,com.tencent.assistantv2.activity.MainActivity,performPause]
11-29 07:19:46.585 1491 1693 I input_focus: [Focus entering cd0514f com.android.launcher3/com.android.launcher3.uioverrides.QuickstepLauncher (server),reason=setFocusedWindow]
11-29 07:19:46.591 1491 1760 I GameModeConfig: isGameModeOn = false
11-29 07:19:46.591 22070 22070 I wm_on_stop_called: [179324335,com.tencent.assistantv2.activity.MainActivity,STOP_ACTIVITY_ITEM]
11-29 07:19:46.591 1491 1760 I GameModeConfig: isGameModeOn = false
11-29 07:19:46.591 1491 1760 I GameModeConfig: isGameModeOn = false
11-29 07:19:46.591 1491 1760 I GameModeConfig: isGameModeOn = false
11-29 07:19:46.594 1491 1491 I notification_enqueue: [10082,19842,com.android.systemui,2048,NULL,0,Notification(channel=updateNotification shortcut=null contentView=null vibrate=null sound=null defaults=0x0 flags=0x0 color=0x00000000 vis=PRIVATE),1]
11-29 07:19:46.594 19842 19842 I sysui_multi_action: [757,111,758,2]
11-29 07:19:46.594 9956 9956 I wm_on_top_resumed_gained_called: [254362067,com.android.launcher3.uioverrides.QuickstepLauncher,topStateChangedWhenResumed]
11-29 07:19:46.594 19842 19842 I sysui_multi_action: [757,111,758,2]
11-29 07:19:46.597 19842 19842 I sysui_multi_action: [757,111,758,1]
11-29 07:19:46.597 19842 19842 I sysui_multi_action: [757,126,758,1,759,126,927,0,928,1,1593,0]
11-29 07:19:46.597 19842 19842 I sysui_multi_action: [757,113,758,1,759,113,927,1,928,1,1593,0]
11-29 07:19:46.598 19842 19842 I sysui_multi_action: [757,0,758,1,759,0,927,2,928,0,1593,0]
11-29 07:19:46.598 19842 19842 I sysui_multi_action: [757,0,758,1,759,0,927,3,928,0,1593,0]
11-29 07:19:46.598 19842 19842 I sysui_multi_action: [757,491,758,1,759,491,927,4,928,0,1311,-1,1593,0]
11-29 07:19:46.598 19842 19842 I sysui_multi_action: [757,0,758,1,759,0,927,5,928,0,1593,0]
11-29 07:19:46.598 19842 19842 I sysui_multi_action: [757,111,758,1]
11-29 07:19:46.598 19842 19842 I sysui_multi_action: [757,126,758,1,759,126,927,0,928,1,1593,0]
11-29 07:19:46.598 19842 19842 I sysui_multi_action: [757,113,758,1,759,113,927,1,928,1,1593,0]
11-29 07:19:46.598 19842 19842 I sysui_multi_action: [757,0,758,1,759,0,927,2,928,0,1593,0]
11-29 07:19:46.598 19842 19842 I sysui_multi_action: [757,0,758,1,759,0,927,3,928,0,1593,0]
11-29 07:19:46.601 1491 1693 I input_focus: [Focus leaving cd0514f com.android.launcher3/com.android.launcher3.uioverrides.QuickstepLauncher (server),reason=setFocusedWindow]
11-29 07:19:46.601 1491 1693 I input_focus: [Focus entering 3124ee4 NotificationShade (server),reason=setFocusedWindow]
11-29 07:19:46.612 19842 19842 I sysui_multi_action: [757,111,758,2]
11-29 07:19:46.612 1491 1491 I notification_enqueue: [10082,19842,com.android.systemui,2048,NULL,0,Notification(channel=updateNotification shortcut=null contentView=null vibrate=null sound=null defaults=0x0 flags=0x0 color=0x00000000 vis=PRIVATE),1]
11-29 07:19:46.612 19842 19842 I sysui_multi_action: [757,111,758,2]
11-29 07:19:46.613 1491 1760 I GameModeConfig: isGameModeOn = false
11-29 07:19:46.614 1491 1760 I GameModeConfig: isGameModeOn = false
11-29 07:19:46.614 1491 1760 I GameModeConfig: isGameModeOn = false
11-29 07:19:46.614 1491 1760 I GameModeConfig: isGameModeOn = false
11-29 07:19:46.617 19842 19842 I sysui_multi_action: [757,111,758,1]
11-29 07:19:46.617 19842 19842 I sysui_multi_action: [757,126,758,1,759,126,927,0,928,1,1593,0]
11-29 07:19:46.617 19842 19842 I sysui_multi_action: [757,113,758,1,759,113,927,1,928,1,1593,0]
11-29 07:19:46.617 19842 19842 I sysui_multi_action: [757,0,758,1,759,0,927,2,928,0,1593,0]
11-29 07:19:46.617 19842 19842 I sysui_multi_action: [757,0,758,1,759,0,927,3,928,0,1593,0]
11-29 07:19:46.617 19842 19842 I sysui_multi_action: [757,491,758,1,759,491,927,4,928,0,1311,-1,1593,0]
11-29 07:19:46.617 19842 19842 I sysui_multi_action: [757,0,758,1,759,0,927,5,928,0,1593,0]
11-29 07:19:46.617 19842 19842 I sysui_multi_action: [757,111,758,1]
11-29 07:19:46.617 19842 19842 I sysui_multi_action: [757,126,758,1,759,126,927,0,928,1,1593,0]
11-29 07:19:46.617 19842 19842 I sysui_multi_action: [757,113,758,1,759,113,927,1,928,1,1593,0]
11-29 07:19:46.617 19842 19842 I sysui_multi_action: [757,0,758,1,759,0,927,2,928,0,1593,0]
11-29 07:19:46.618 19842 19842 I sysui_multi_action: [757,0,758,1,759,0,927,3,928,0,1593,0]
11-29 07:19:46.625 1491 1760 I GameModeConfig: isGameModeOn = false
11-29 07:19:46.625 1491 1760 I GameModeConfig: isGameModeOn = false
11-29 07:19:46.625 1491 1760 I GameModeConfig: isGameModeOn = false
11-29 07:19:46.626 1491 1760 I GameModeConfig: isGameModeOn = false
11-29 07:19:46.626 19842 19842 I sysui_multi_action: [757,111,758,2]
11-29 07:19:46.626 1491 1491 I notification_enqueue: [10082,19842,com.android.systemui,2048,NULL,0,Notification(channel=updateNotification shortcut=null contentView=null vibrate=null sound=null defaults=0x0 flags=0x0 color=0x00000000 vis=PRIVATE),1]
11-29 07:19:46.626 19842 19842 I sysui_multi_action: [757,111,758,2]
11-29 07:19:46.628 19842 19842 I sysui_multi_action: [757,111,758,1]
11-29 07:19:46.628 19842 19842 I sysui_multi_action: [757,126,758,1,759,126,927,0,928,1,1593,0]
11-29 07:19:46.629 19842 19842 I sysui_multi_action: [757,113,758,1,759,113,927,1,928,1,1593,0]
11-29 07:19:46.629 19842 19842 I sysui_multi_action: [757,0,758,1,759,0,927,2,928,0,1593,0]
11-29 07:19:46.629 19842 19842 I sysui_multi_action: [757,0,758,1,759,0,927,3,928,0,1593,0]
11-29 07:19:46.629 19842 19842 I sysui_multi_action: [757,491,758,1,759,491,927,4,928,0,1311,-1,1593,0]
11-29 07:19:46.629 19842 19842 I sysui_multi_action: [757,0,758,1,759,0,927,5,928,0,1593,0]
11-29 07:19:46.629 19842 19842 I sysui_multi_action: [757,111,758,1]
11-29 07:19:46.629 19842 19842 I sysui_multi_action: [757,126,758,1,759,126,927,0,928,1,1593,0]
11-29 07:19:46.629 19842 19842 I sysui_multi_action: [757,113,758,1,759,113,927,1,928,1,1593,0]
11-29 07:19:46.629 19842 19842 I sysui_multi_action: [757,0,758,1,759,0,927,2,928,0,1593,0]
11-29 07:19:46.629 19842 19842 I sysui_multi_action: [757,0,758,1,759,0,927,3,928,0,1593,0]
11-29 07:19:46.637 19842 19842 I sysui_multi_action: [757,111,758,2]
11-29 07:19:46.637 19842 19842 I sysui_multi_action: [757,111,758,2]
11-29 07:19:46.637 1491 1491 I notification_enqueue: [10082,19842,com.android.systemui,2048,NULL,0,Notification(channel=updateNotification shortcut=null contentView=null vibrate=null sound=null defaults=0x0 flags=0x0 color=0x00000000 vis=PRIVATE),1]
11-29 07:19:46.637 1491 1760 I GameModeConfig: isGameModeOn = false
11-29 07:19:46.638 1491 1760 I GameModeConfig: isGameModeOn = false
11-29 07:19:46.638 1491 1760 I GameModeConfig: isGameModeOn = false
11-29 07:19:46.638 1491 1760 I GameModeConfig: isGameModeOn = false
11-29 07:19:46.639 19842 19842 I sysui_multi_action: [757,111,758,1]
11-29 07:19:46.639 19842 19842 I sysui_multi_action: [757,126,758,1,759,126,927,0,928,1,1593,0]
11-29 07:19:46.639 19842 19842 I sysui_multi_action: [757,113,758,1,759,113,927,1,928,1,1593,0]
11-29 07:19:46.639 19842 19842 I sysui_multi_action: [757,0,758,1,759,0,927,2,928,0,1593,0]
11-29 07:19:46.639 19842 19842 I sysui_multi_action: [757,0,758,1,759,0,927,3,928,0,1593,0]
11-29 07:19:46.639 19842 19842 I sysui_multi_action: [757,491,758,1,759,491,927,4,928,0,1311,-1,1593,0]
11-29 07:19:46.639 19842 19842 I sysui_multi_action: [757,0,758,1,759,0,927,5,928,0,1593,0]
11-29 07:19:46.639 19842 19842 I sysui_multi_action: [757,111,758,1]
11-29 07:19:46.639 19842 19842 I sysui_multi_action: [757,126,758,1,759,126,927,0,928,1,1593,0]
11-29 07:19:46.639 19842 19842 I sysui_multi_action: [757,113,758,1,759,113,927,1,928,1,1593,0]
11-29 07:19:46.639 19842 19842 I sysui_multi_action: [757,0,758,1,759,0,927,2,928,0,1593,0]
11-29 07:19:46.639 19842 19842 I sysui_multi_action: [757,0,758,1,759,0,927,3,928,0,1593,0]
11-29 07:19:46.653 1491 1760 I GameModeConfig: isGameModeOn = false
11-29 07:19:46.653 1491 1760 I GameModeConfig: isGameModeOn = false
11-29 07:19:46.653 1491 1760 I GameModeConfig: isGameModeOn = false
11-29 07:19:46.653 1491 1760 I GameModeConfig: isGameModeOn = false
11-29 07:19:46.653 19842 19842 I sysui_multi_action: [757,111,758,2]
11-29 07:19:46.653 19842 19842 I sysui_multi_action: [757,111,758,2]
11-29 07:19:46.655 16043 16059 W ContextImpl: Calling a method in the system process without a qualified user: android.app.ContextImpl.startService:1816 android.content.ContextWrapper.startService:774 com.thundercomm.gamemode.ingame.services.GameModeActionUtils.startGameModeService:93 com.thundercomm.gamemode.ingame.services.GameModeActionUtils.startGameModeEntry:21 com.thundercomm.gamemode.ingame.services.ActivityMonitoringService$1.onActivityLaunch:127
11-29 07:19:46.656 19842 19842 I sysui_multi_action: [757,111,758,1]
11-29 07:19:46.656 19842 19842 I sysui_multi_action: [757,126,758,1,759,126,927,0,928,1,1593,0]
11-29 07:19:46.656 19842 19842 I sysui_multi_action: [757,113,758,1,759,113,927,1,928,1,1593,0]
11-29 07:19:46.656 19842 19842 I sysui_multi_action: [757,0,758,1,759,0,927,2,928,0,1593,0]
11-29 07:19:46.656 19842 19842 I sysui_multi_action: [757,0,758,1,759,0,927,3,928,0,1593,0]
11-29 07:19:46.656 19842 19842 I sysui_multi_action: [757,491,758,1,759,491,927,4,928,0,1311,-1,1593,0]
11-29 07:19:46.656 19842 19842 I sysui_multi_action: [757,0,758,1,759,0,927,5,928,0,1593,0]
11-29 07:19:46.656 19842 19842 I sysui_multi_action: [757,111,758,1]
11-29 07:19:46.656 19842 19842 I sysui_multi_action: [757,126,758,1,759,126,927,0,928,1,1593,0]
11-29 07:19:46.656 19842 19842 I sysui_multi_action: [757,113,758,1,759,113,927,1,928,1,1593,0]
11-29 07:19:46.656 19842 19842 I sysui_multi_action: [757,0,758,1,759,0,927,2,928,0,1593,0]
11-29 07:19:46.656 19842 19842 I sysui_multi_action: [757,0,758,1,759,0,927,3,928,0,1593,0]
11-29 07:19:46.656 1491 1491 I notification_enqueue: [10082,19842,com.android.systemui,2048,NULL,0,Notification(channel=updateNotification shortcut=null contentView=null vibrate=null sound=null defaults=0x0 flags=0x0 color=0x00000000 vis=PRIVATE),1]
11-29 07:19:46.660 1491 1491 I GameModeConfig: Current uri is uri = content://com.thundercomm.gamemode.api/gamemode_settings/gamemode_isgaming
11-29 07:19:46.662 1491 1491 I GameModeConfig: isGameModeOn = false
11-29 07:19:46.662 1491 1491 I GameModeConfig: isGameModeOn = false
11-29 07:19:46.662 1491 1491 I GameModeConfig: isDisableVoice = true
11-29 07:19:46.668 1491 1760 I GameModeConfig: isGameModeOn = false
11-29 07:19:46.668 1491 1760 I GameModeConfig: isGameModeOn = false
11-29 07:19:46.668 1491 1760 I GameModeConfig: isGameModeOn = false
11-29 07:19:46.668 1491 1760 I GameModeConfig: isGameModeOn = false
11-29 07:19:46.669 1491 1491 I notification_enqueue: [10082,19842,com.android.systemui,2048,NULL,0,Notification(channel=updateNotification shortcut=null contentView=null vibrate=null sound=null defaults=0x0 flags=0x0 color=0x00000000 vis=PRIVATE),1]
11-29 07:19:46.669 19842 19842 I sysui_multi_action: [757,111,758,2]
11-29 07:19:46.669 19842 19842 I sysui_multi_action: [757,111,758,2]
11-29 07:19:46.672 19842 19842 I sysui_multi_action: [757,111,758,1]
11-29 07:19:46.673 19842 19842 I sysui_multi_action: [757,126,758,1,759,126,927,0,928,1,1593,0]
11-29 07:19:46.673 19842 19842 I sysui_multi_action: [757,113,758,1,759,113,927,1,928,1,1593,0]
11-29 07:19:46.673 19842 19842 I sysui_multi_action: [757,0,758,1,759,0,927,2,928,0,1593,0]
11-29 07:19:46.673 19842 19842 I sysui_multi_action: [757,0,758,1,759,0,927,3,928,0,1593,0]
11-29 07:19:46.673 19842 19842 I sysui_multi_action: [757,491,758,1,759,491,927,4,928,0,1311,-1,1593,0]
11-29 07:19:46.673 19842 19842 I sysui_multi_action: [757,0,758,1,759,0,927,5,928,0,1593,0]
11-29 07:19:46.673 19842 19842 I sysui_multi_action: [757,111,758,1]
11-29 07:19:46.673 19842 19842 I sysui_multi_action: [757,126,758,1,759,126,927,0,928,1,1593,0]
11-29 07:19:46.673 19842 19842 I sysui_multi_action: [757,113,758,1,759,113,927,1,928,1,1593,0]
11-29 07:19:46.673 19842 19842 I sysui_multi_action: [757,0,758,1,759,0,927,2,928,0,1593,0]
11-29 07:19:46.673 19842 19842 I sysui_multi_action: [757,0,758,1,759,0,927,3,928,0,1593,0]
11-29 07:19:46.673 16043 16059 W ContextImpl: Calling a method in the system process without a qualified user: android.app.ContextImpl.startService:1816 android.content.ContextWrapper.startService:774 com.thundercomm.gamemode.ingame.services.GameModeActionUtils.startGameModeService:93 com.thundercomm.gamemode.ingame.services.GameModeActionUtils.startGameModeEntry:21 com.thundercomm.gamemode.ingame.services.ActivityMonitoringService$1.onActivityLaunch:127
11-29 07:19:46.677 1491 1491 I GameModeConfig: Current uri is uri = content://com.thundercomm.gamemode.api/gamemode_settings/gamemode_isgaming
11-29 07:19:46.678 1491 1491 I GameModeConfig: isGameModeOn = false
11-29 07:19:46.678 1491 1491 I GameModeConfig: isGameModeOn = false
11-29 07:19:46.678 1491 1491 I GameModeConfig: isDisableVoice = true
11-29 07:19:46.686 1491 1760 I GameModeConfig: isGameModeOn = false
11-29 07:19:46.686 1491 1760 I GameModeConfig: isGameModeOn = false
11-29 07:19:46.686 1491 1760 I GameModeConfig: isGameModeOn = false
11-29 07:19:46.686 1491 1760 I GameModeConfig: isGameModeOn = false
11-29 07:19:46.687 19842 19842 I sysui_multi_action: [757,111,758,2]
11-29 07:19:46.687 19842 19842 I sysui_multi_action: [757,111,758,2]
11-29 07:19:46.687 1491 1491 I notification_enqueue: [10082,19842,com.android.systemui,2048,NULL,0,Notification(channel=updateNotification shortcut=null contentView=null vibrate=null sound=null defaults=0x0 flags=0x0 color=0x00000000 vis=PRIVATE),1]
11-29 07:19:46.691 19842 19842 I sysui_multi_action: [757,111,758,1]
11-29 07:19:46.691 19842 19842 I sysui_multi_action: [757,126,758,1,759,126,927,0,928,1,1593,0]
11-29 07:19:46.691 19842 19842 I sysui_multi_action: [757,113,758,1,759,113,927,1,928,1,1593,0]
11-29 07:19:46.691 19842 19842 I sysui_multi_action: [757,0,758,1,759,0,927,2,928,0,1593,0]
11-29 07:19:46.691 19842 19842 I sysui_multi_action: [757,0,758,1,759,0,927,3,928,0,1593,0]
11-29 07:19:46.692 19842 19842 I sysui_multi_action: [757,491,758,1,759,491,927,4,928,0,1311,-1,1593,0]
11-29 07:19:46.692 19842 19842 I sysui_multi_action: [757,0,758,1,759,0,927,5,928,0,1593,0]
11-29 07:19:46.692 19842 19842 I sysui_multi_action: [757,111,758,1]
11-29 07:19:46.692 19842 19842 I sysui_multi_action: [757,126,758,1,759,126,927,0,928,1,1593,0]
11-29 07:19:46.692 19842 19842 I sysui_multi_action: [757,113,758,1,759,113,927,1,928,1,1593,0]
11-29 07:19:46.692 19842 19842 I sysui_multi_action: [757,0,758,1,759,0,927,2,928,0,1593,0]
11-29 07:19:46.692 19842 19842 I sysui_multi_action: [757,0,758,1,759,0,927,3,928,0,1593,0]
11-29 07:19:46.705 1491 1760 I GameModeConfig: isGameModeOn = false
11-29 07:19:46.706 1491 1760 I GameModeConfig: isGameModeOn = false
11-29 07:19:46.706 1491 1760 I GameModeConfig: isGameModeOn = false
11-29 07:19:46.706 1491 1760 I GameModeConfig: isGameModeOn = false
11-29 07:19:46.707 1491 1491 I notification_enqueue: [10082,19842,com.android.systemui,2048,NULL,0,Notification(channel=updateNotification shortcut=null contentView=null vibrate=null sound=null defaults=0x0 flags=0x0 color=0x00000000 vis=PRIVATE),1]
11-29 07:19:46.707 19842 19842 I sysui_multi_action: [757,111,758,2]
11-29 07:19:46.707 19842 19842 I sysui_multi_action: [757,111,758,2]
11-29 07:19:46.709 19842 19842 I sysui_multi_action: [757,111,758,1]
11-29 07:19:46.710 19842 19842 I sysui_multi_action: [757,126,758,1,759,126,927,0,928,1,1593,0]
11-29 07:19:46.710 19842 19842 I sysui_multi_action: [757,113,758,1,759,113,927,1,928,1,1593,0]
11-29 07:19:46.710 19842 19842 I sysui_multi_action: [757,0,758,1,759,0,927,2,928,0,1593,0]
11-29 07:19:46.710 19842 19842 I sysui_multi_action: [757,0,758,1,759,0,927,3,928,0,1593,0]
11-29 07:19:46.710 19842 19842 I sysui_multi_action: [757,491,758,1,759,491,927,4,928,0,1311,-1,1593,0]
11-29 07:19:46.710 19842 19842 I sysui_multi_action: [757,0,758,1,759,0,927,5,928,0,1593,0]
11-29 07:19:46.710 19842 19842 I sysui_multi_action: [757,111,758,1]
11-29 07:19:46.710 19842 19842 I sysui_multi_action: [757,126,758,1,759,126,927,0,928,1,1593,0]
11-29 07:19:46.710 19842 19842 I sysui_multi_action: [757,113,758,1,759,113,927,1,928,1,1593,0]
11-29 07:19:46.710 19842 19842 I sysui_multi_action: [757,0,758,1,759,0,927,2,928,0,1593,0]
11-29 07:19:46.710 19842 19842 I sysui_multi_action: [757,0,758,1,759,0,927,3,928,0,1593,0]
11-29 07:19:46.735 22070 22070 I auditd : type=1400 audit(0.0:16569): avc: denied { read } for comm="qimei-thread-2" name="/" dev="dm-5" ino=2 scontext=u:r:untrusted_app_27:s0:c512,c768 tcontext=u:object_r:rootfs:s0 tclass=dir permissive=0 app=com.tencent.android.qqdownloader
11-29 07:19:46.761 1491 1491 I GameModeConfig: isGameModeOn = false
11-29 07:19:46.761 1491 1491 I sysui_multi_action: [757,1501,758,1,793,14744022,794,0,795,209,796,2048,806,com.android.systemui,857,updateNotification,858,3,947,0,1500,0,1688,1]
11-29 07:19:46.762 1491 1491 I sysui_multi_action: [757,804,799,note_interruptive,801,0,802,1]
11-29 07:19:46.762 1491 1491 I sysui_multi_action: [757,199,758,1,759,2,793,14744023,794,0,795,210,796,2048,806,com.android.systemui,857,updateNotification,858,3,947,0,1500,1,1688,1]
11-29 07:19:46.762 1491 1491 I notification_alert: [0|com.android.systemui|2048|null|10082,0,1,0]
11-29 07:19:46.763 1491 1491 W NotificationHistory: Attempted to add notif for locked/gone/disabled user 0
11-29 07:19:46.795 1491 1491 I GameModeConfig: isGameModeOn = false
11-29 07:19:46.796 1491 1491 E NotificationService: Muting recently noisy 0|com.android.systemui|2048|null|10082
11-29 07:19:46.814 1491 1491 I GameModeConfig: isGameModeOn = false
11-29 07:19:46.815 1491 1491 E NotificationService: Muting recently noisy 0|com.android.systemui|2048|null|10082
11-29 07:19:46.830 1491 1491 I GameModeConfig: isGameModeOn = false
11-29 07:19:46.832 1491 1491 E NotificationService: Muting recently noisy 0|com.android.systemui|2048|null|10082
11-29 07:19:46.839 1491 1491 I GameModeConfig: isGameModeOn = false
11-29 07:19:46.840 1491 1491 E NotificationService: Muting recently noisy 0|com.android.systemui|2048|null|10082
11-29 07:19:46.858 1491 1491 I GameModeConfig: isGameModeOn = false
11-29 07:19:46.859 1491 1491 E NotificationService: Muting recently noisy 0|com.android.systemui|2048|null|10082
11-29 07:19:46.873 1491 1491 I GameModeConfig: isGameModeOn = false
11-29 07:19:46.873 1491 1491 E NotificationService: Muting recently noisy 0|com.android.systemui|2048|null|10082
11-29 07:19:46.891 1491 1491 I GameModeConfig: isGameModeOn = false
11-29 07:19:46.892 1491 1491 E NotificationService: Muting recently noisy 0|com.android.systemui|2048|null|10082
11-29 07:19:46.908 1491 1491 I GameModeConfig: isGameModeOn = false
11-29 07:19:46.908 1491 1491 E NotificationService: Muting recently noisy 0|com.android.systemui|2048|null|10082
11-29 07:19:47.079 0 0 I auditd : type=1400 audit(0.0:16570): avc: denied { kill } for comm="swapper/0" capability=5 scontext=u:r:kernel:s0 tcontext=u:r:kernel:s0 tclass=capability permissive=0
11-29 07:19:47.105 1491 7158 I sysui_multi_action: [757,128,758,1,793,13351878,794,0,795,13351878,796,26,798,0,806,android,857,DEVELOPER_IMPORTANT,858,4,947,0,1395,2,1500,13351673,1688,1]
11-29 07:19:47.106 1491 7158 I sysui_multi_action: [757,804,799,note_freshness,801,13351878,802,1]
11-29 07:19:47.106 1491 7158 I notification_visibility: [-1|android|26|null|1000,1,13351878,13351878,0,0]
11-29 07:19:47.106 1491 7158 I sysui_multi_action: [757,128,758,1,793,13351882,794,0,795,13351882,796,32,798,1,806,android,857,USB,858,1,947,0,1395,2,1500,13351679,1688,1]
11-29 07:19:47.106 1491 7158 I sysui_multi_action: [757,804,799,note_freshness,801,13351882,802,1]
11-29 07:19:47.106 1491 7158 I notification_visibility: [-1|android|32|null|1000,1,13351882,13351882,0,1]
11-29 07:19:47.811 22037 22037 I auditd : type=1400 audit(0.0:16571): avc: denied { read } for comm="protocalManager" name="/" dev="dm-5" ino=2 scontext=u:r:untrusted_app_27:s0:c512,c768 tcontext=u:object_r:rootfs:s0 tclass=dir permissive=0 app=com.tencent.android.qqdownloader
11-29 07:19:48.079 0 0 I auditd : type=1400 audit(0.0:16572): avc: denied { kill } for comm="swapper/0" capability=5 scontext=u:r:kernel:s0 tcontext=u:r:kernel:s0 tclass=capability permissive=0
11-29 07:19:49.079 353 353 I auditd : type=1400 audit(0.0:16573): avc: denied { kill } for comm="irq/382-atmel_m" capability=5 scontext=u:r:kernel:s0 tcontext=u:r:kernel:s0 tclass=capability permissive=0
11-29 07:19:50.027 1491 1693 I input_interaction: Interaction with: 3124ee4 NotificationShade (server), edge-swipe (server), swipe-up (server), PointerEventDispatcher0 (server),
11-29 07:19:50.432 19842 19842 I sysui_multi_action: [757,366,758,4,759,126,927,0,928,1,1592,0,1593,1]
11-29 07:19:50.455 1491 2061 I ActivityTaskManager: START u0 {act=android.settings.WIFI_SETTINGS flg=0x14000000 cmp=com.android.settings/.Settings$WifiSettingsActivity} from uid 10082
11-29 07:19:50.468 1491 2061 I wm_task_created: [181,-1]
11-29 07:19:50.468 1491 2061 W ActivityTaskManager: Can't find TaskDisplayArea to determine support for multi window. Task id=181 attached=false
11-29 07:19:50.471 1491 2061 D CompatibilityChangeReporter: Compat change id reported: 174042980; UID 1000; state: DISABLED
11-29 07:19:50.473 1491 2061 I wm_task_moved: [181,1,7]
11-29 07:19:50.473 1491 2061 I wm_task_to_front: [0,181]
11-29 07:19:50.474 1491 2061 I wm_create_task: [0,181]
11-29 07:19:50.474 1491 2061 I wm_create_activity: [0,73520727,181,com.android.settings/.Settings$WifiSettingsActivity,android.settings.WIFI_SETTINGS,NULL,NULL,335544320]
11-29 07:19:50.474 1491 2061 I wm_task_moved: [181,1,7]
11-29 07:19:50.474 9956 9956 I wm_on_top_resumed_lost_called: [254362067,com.android.launcher3.uioverrides.QuickstepLauncher,topStateChangedWhenResumed]
11-29 07:19:50.475 1491 2061 D CompatibilityChangeReporter: Compat change id reported: 168419799; UID 1000; state: DISABLED
11-29 07:19:50.477 1491 2061 I wm_pause_activity: [0,254362067,com.android.launcher3/.uioverrides.QuickstepLauncher,userLeaving=true,pauseBackTasks]
11-29 07:19:50.483 9956 9956 I wm_on_paused_called: [254362067,com.android.launcher3.uioverrides.QuickstepLauncher,performPause]
11-29 07:19:50.485 1491 2068 I ActivityTaskManager: FOREGROUND_APPLICATION_CHANGED to com.android.settings.Settings$WifiSettingsActivity
11-29 07:19:50.486 1491 2068 I ActivityTaskManager: The Process com.android.settings Already Exists in BG. So sending its PID: 21963
11-29 07:19:50.486 1491 2068 I wm_add_to_stopping: [0,254362067,com.android.launcher3/.uioverrides.QuickstepLauncher,makeInvisible]
11-29 07:19:50.488 1491 2068 D CompatibilityChangeReporter: Compat change id reported: 181136395; UID 1000; state: DISABLED
11-29 07:19:50.488 1491 2068 D CompatibilityChangeReporter: Compat change id reported: 174042936; UID 1000; state: DISABLED
11-29 07:19:50.488 1491 2068 I wm_restart_activity: [0,73520727,181,com.android.settings/.Settings$WifiSettingsActivity]
11-29 07:19:50.489 1491 2068 I wm_set_resumed_activity: [0,com.android.settings/.Settings$WifiSettingsActivity,minimalResumeActivityLocked]
11-29 07:19:50.498 1491 1599 I sysui_multi_action: [757,803,799,window_time_0,802,3]
11-29 07:19:50.504 16043 16059 W ContextImpl: Calling a method in the system process without a qualified user: android.app.ContextImpl.startService:1816 android.content.ContextWrapper.startService:774 com.thundercomm.gamemode.ingame.services.GameModeActionUtils.startGameModeService:93 com.thundercomm.gamemode.ingame.services.GameModeActionUtils.startGameModeEntry:21 com.thundercomm.gamemode.ingame.services.ActivityMonitoringService$1.onActivityLaunch:127
11-29 07:19:50.513 1491 1491 I GameModeConfig: Current uri is uri = content://com.thundercomm.gamemode.api/gamemode_settings/gamemode_isgaming
11-29 07:19:50.526 1491 1491 I GameModeConfig: isGameModeOn = false
11-29 07:19:50.527 1491 1491 I GameModeConfig: isGameModeOn = false
11-29 07:19:50.527 1491 1491 I GameModeConfig: isDisableVoice = true
11-29 07:19:50.528 1491 8854 I am_uid_running: 10083
11-29 07:19:50.529 1491 8854 D CompatibilityChangeReporter: Compat change id reported: 135634846; UID 10083; state: DISABLED
11-29 07:19:50.529 1491 8854 D CompatibilityChangeReporter: Compat change id reported: 177438394; UID 10083; state: DISABLED
11-29 07:19:50.529 1491 8854 D CompatibilityChangeReporter: Compat change id reported: 135772972; UID 10083; state: DISABLED
11-29 07:19:50.530 1491 8854 D CompatibilityChangeReporter: Compat change id reported: 135754954; UID 10083; state: ENABLED
11-29 07:19:50.530 1491 1609 D CompatibilityChangeReporter: Compat change id reported: 143937733; UID 10083; state: ENABLED
11-29 07:19:50.531 1491 8854 I ActivityTaskManager: START u0 {act=android.settings.WIFI_SETTINGS flg=0x14000000 cmp=com.android.settings/.homepage.SettingsHomepageActivity (has extras)} from uid 1000
11-29 07:19:50.533 1491 8854 I wm_task_created: [182,-1]
11-29 07:19:50.533 1491 8854 W ActivityTaskManager: Can't find TaskDisplayArea to determine support for multi window. Task id=182 attached=false
11-29 07:19:50.534 1491 8854 I wm_task_moved: [182,1,8]
11-29 07:19:50.534 1491 8854 I wm_task_to_front: [0,182]
11-29 07:19:50.534 1491 8854 I wm_create_task: [0,182]
11-29 07:19:50.534 1491 8854 I wm_create_activity: [0,1880250,182,com.android.settings/.homepage.SettingsHomepageActivity,android.settings.WIFI_SETTINGS,NULL,NULL,335544320]
11-29 07:19:50.534 1491 8854 I wm_task_moved: [182,1,8]
11-29 07:19:50.535 1491 8854 I wm_pause_activity: [0,73520727,com.android.settings/.Settings$WifiSettingsActivity,userLeaving=true,pauseBackTasks]
11-29 07:19:50.537 1491 1609 I am_proc_start: [0,22996,10083,com.qualcomm.qti.qccauthmgr,content provider,{com.qualcomm.qti.qccauthmgr/com.qualcomm.qti.qccauthmgr.providers.SMQContentProvider}]
11-29 07:19:50.537 1491 1609 I ActivityManager: Start proc 22996:com.qualcomm.qti.qccauthmgr/u0a83 for content provider {com.qualcomm.qti.qccauthmgr/com.qualcomm.qti.qccauthmgr.providers.SMQContentProvider}
11-29 07:19:50.537 1491 8854 I wm_finish_activity: [0,73520727,181,com.android.settings/.Settings$WifiSettingsActivity,app-request]
11-29 07:19:50.538 21963 21963 I wm_on_create_called: [73520727,com.android.settings.Settings$WifiSettingsActivity,performCreate]
11-29 07:19:50.540 1491 2923 I wm_add_to_stopping: [0,73520727,com.android.settings/.Settings$WifiSettingsActivity,completeFinishing]
11-29 07:19:50.540 1491 2923 I ActivityTaskManager: FOREGROUND_APPLICATION_CHANGED to com.android.settings.homepage.SettingsHomepageActivity
11-29 07:19:50.541 1491 2923 I ActivityTaskManager: The Process com.android.settings Already Exists in BG. So sending its PID: 21963
11-29 07:19:50.542 1491 2923 W ActivityTaskManager: Tried to set launchTime (0) < mLastActivityLaunchTime (14768967)
11-29 07:19:50.543 1491 2923 I wm_restart_activity: [0,1880250,182,com.android.settings/.homepage.SettingsHomepageActivity]
11-29 07:19:50.544 1491 2923 I wm_set_resumed_activity: [0,com.android.settings/.homepage.SettingsHomepageActivity,minimalResumeActivityLocked]
11-29 07:19:50.552 1491 1599 I wm_destroy_activity: [0,73520727,181,com.android.settings/.Settings$WifiSettingsActivity,finish-imm:idle]
11-29 07:19:50.555 1491 1599 I sysui_multi_action: [757,803,799,window_time_0,802,1]
11-29 07:19:50.561 1491 2068 I am_proc_bound: [0,22996,com.qualcomm.qti.qccauthmgr]
11-29 07:19:50.563 1491 2068 D CompatibilityChangeReporter: Compat change id reported: 168419799; UID 10083; state: DISABLED
11-29 07:19:50.565 1491 2068 I am_uid_active: 10083
11-29 07:19:50.569 21963 21963 I wm_on_create_called: [1880250,com.android.settings.homepage.SettingsHomepageActivity,performCreate]
11-29 07:19:50.578 1491 2923 E UserRestrictionsUtils: Unknown restriction queried by uid 1000 (com.qualcomm.qti.qdma et al): null
11-29 07:19:50.579 1491 2923 E UserRestrictionsUtils: Unknown restriction queried by uid 1000 (com.qualcomm.qti.qdma et al): null
11-29 07:19:50.579 1491 2068 E UserRestrictionsUtils: Unknown restriction queried by uid 1000 (com.qualcomm.qti.qdma et al): null
11-29 07:19:50.579 1491 2923 E UserRestrictionsUtils: Unknown restriction queried by uid 1000 (com.qualcomm.qti.qdma et al): null
11-29 07:19:50.579 1491 2923 E UserRestrictionsUtils: Unknown restriction queried by uid 1000 (com.qualcomm.qti.qdma et al): null
11-29 07:19:50.579 1491 2923 E UserRestrictionsUtils: Unknown restriction queried by uid 1000 (com.qualcomm.qti.qdma et al): null
11-29 07:19:50.580 1491 2923 E UserRestrictionsUtils: Unknown restriction queried by uid 1000 (com.qualcomm.qti.qdma et al): null
11-29 07:19:50.580 1491 2923 E UserRestrictionsUtils: Unknown restriction queried by uid 1000 (com.qualcomm.qti.qdma et al): null
11-29 07:19:50.580 1491 2923 E UserRestrictionsUtils: Unknown restriction queried by uid 1000 (com.qualcomm.qti.qdma et al): null
11-29 07:19:50.580 1491 2923 E UserRestrictionsUtils: Unknown restriction queried by uid 1000 (com.qualcomm.qti.qdma et al): null
11-29 07:19:50.580 1491 2923 E UserRestrictionsUtils: Unknown restriction queried by uid 1000 (com.qualcomm.qti.qdma et al): null
11-29 07:19:50.581 1491 2923 E UserRestrictionsUtils: Unknown restriction queried by uid 1000 (com.qualcomm.qti.qdma et al): null
11-29 07:19:50.581 1491 2068 E UserRestrictionsUtils: Unknown restriction queried by uid 1000 (com.qualcomm.qti.qdma et al): null
11-29 07:19:50.581 1491 2068 E UserRestrictionsUtils: Unknown restriction queried by uid 1000 (com.qualcomm.qti.qdma et al): null
11-29 07:19:50.581 1491 2068 E UserRestrictionsUtils: Unknown restriction queried by uid 1000 (com.qualcomm.qti.qdma et al): null
11-29 07:19:50.581 1491 2068 E UserRestrictionsUtils: Unknown restriction queried by uid 1000 (com.qualcomm.qti.qdma et al): null
11-29 07:19:50.582 1491 2068 E UserRestrictionsUtils: Unknown restriction queried by uid 1000 (com.qualcomm.qti.qdma et al): null
11-29 07:19:50.582 1491 2923 E UserRestrictionsUtils: Unknown restriction queried by uid 1000 (com.qualcomm.qti.qdma et al): null
11-29 07:19:50.602 21963 21963 I wm_on_start_called: [1880250,com.android.settings.homepage.SettingsHomepageActivity,handleStartActivity]
11-29 07:19:50.602 21963 21963 I snet_event_log: [120484087,-1,]
11-29 07:19:50.603 21963 21963 I wm_on_resume_called: [1880250,com.android.settings.homepage.SettingsHomepageActivity,RESUME_ACTIVITY]
11-29 07:19:50.604 21963 21963 I sysui_multi_action: [757,35,758,1,833,0,1089,32]
11-29 07:19:50.611 21963 21963 I sysui_multi_action: [757,1729,758,4,854,isParalleledControllers:false,1089,39]
11-29 07:19:50.617 1491 1618 W BatteryExternalStatsWorker: error reading modem stats:ERROR_PHONE_NOT_AVAILABLE
11-29 07:19:50.624 21963 21963 I wm_on_top_resumed_gained_called: [1880250,com.android.settings.homepage.SettingsHomepageActivity,topStateChangedWhenResumed]
11-29 07:19:50.625 21963 21963 I wm_on_destroy_called: [73520727,com.android.settings.Settings$WifiSettingsActivity,performDestroy]
11-29 07:19:50.627 1491 7158 I wm_task_removed: [181,removeChild:removeChild last r=ActivityRecord{461d657 u0 com.android.settings/.Settings$WifiSettingsActivity t-1 f}} in t=Task{ba476c8 #181 type=standard A=1000:com.android.settings U=0 visible=false mode=fullscreen translucent=true sz=0}]
11-29 07:19:50.627 1491 7158 I wm_task_removed: [181,removeChild]
11-29 07:19:50.629 1491 1600 W ActivityTaskManager: Can't find TaskDisplayArea to determine support for multi window. Task id=181 attached=false
11-29 07:19:50.629 1491 1600 W ActivityTaskManager: Can't find TaskDisplayArea to determine support for multi window. Task id=181 attached=false
11-29 07:19:50.651 1491 1618 E KernelCpuSpeedReader: Failed to read cpu-freq: /sys/devices/system/cpu/cpu4/cpufreq/stats/time_in_state: open failed: ENOENT (No such file or directory)
11-29 07:19:50.652 1491 1618 E KernelCpuSpeedReader: Failed to read cpu-freq: /sys/devices/system/cpu/cpu0/cpufreq/stats/time_in_state: open failed: ENOENT (No such file or directory)
11-29 07:19:50.655 568 568 I auditd : type=1400 audit(0.0:16574): avc: denied { read } for comm="Binder:568_2" name="wakeup58" dev="sysfs" ino=71848 scontext=u:r:system_suspend:s0 tcontext=u:object_r:sysfs:s0 tclass=dir permissive=0
11-29 07:19:50.659 568 568 I auditd : type=1400 audit(0.0:16575): avc: denied { read } for comm="Binder:568_2" name="wakeup48" dev="sysfs" ino=67173 scontext=u:r:system_suspend:s0 tcontext=u:object_r:sysfs:s0 tclass=dir permissive=0
11-29 07:19:50.659 568 568 I auditd : type=1400 audit(0.0:16576): avc: denied { read } for comm="Binder:568_2" name="wakeup4" dev="sysfs" ino=47032 scontext=u:r:system_suspend:s0 tcontext=u:object_r:sysfs:s0 tclass=dir permissive=0
11-29 07:19:50.659 568 568 I auditd : type=1400 audit(0.0:16577): avc: denied { read } for comm="Binder:568_2" name="wakeup76" dev="sysfs" ino=76854 scontext=u:r:system_suspend:s0 tcontext=u:object_r:sysfs:s0 tclass=dir permissive=0
11-29 07:19:50.659 568 568 I auditd : type=1400 audit(0.0:16578): avc: denied { read } for comm="Binder:568_2" name="wakeup28" dev="sysfs" ino=53097 scontext=u:r:system_suspend:s0 tcontext=u:object_r:sysfs:s0 tclass=dir permissive=0
11-29 07:19:50.659 568 568 I auditd : type=1400 audit(0.0:16579): avc: denied { read } for comm="Binder:568_2" name="wakeup56" dev="sysfs" ino=71776 scontext=u:r:system_suspend:s0 tcontext=u:object_r:sysfs:s0 tclass=dir permissive=0
11-29 07:19:50.663 568 568 I auditd : type=1400 audit(0.0:16580): avc: denied { read } for comm="Binder:568_2" name="wakeup2" dev="sysfs" ino=46556 scontext=u:r:system_suspend:s0 tcontext=u:object_r:sysfs:s0 tclass=dir permissive=0
11-29 07:19:50.673 16043 16059 W ContextImpl: Calling a method in the system process without a qualified user: android.app.ContextImpl.startService:1816 android.content.ContextWrapper.startService:774 com.thundercomm.gamemode.ingame.services.GameModeActionUtils.startGameModeService:93 com.thundercomm.gamemode.ingame.services.GameModeActionUtils.startGameModeEntry:21 com.thundercomm.gamemode.ingame.services.ActivityMonitoringService$1.onActivityLaunch:127
11-29 07:19:50.682 1491 1491 I GameModeConfig: Current uri is uri = content://com.thundercomm.gamemode.api/gamemode_settings/gamemode_isgaming
11-29 07:19:50.685 1491 1491 I GameModeConfig: isGameModeOn = false
11-29 07:19:50.686 1491 1491 I GameModeConfig: isGameModeOn = false
11-29 07:19:50.686 1491 1491 I GameModeConfig: isDisableVoice = true
11-29 07:19:50.701 1491 1600 I sysui_multi_action: [324,1,757,1090,758,12,806,com.android.settings,871,com.android.settings.homepage.SettingsHomepageActivity,1091,247]
11-29 07:19:50.703 1491 1596 I sysui_multi_action: [319,158,321,156,322,247,325,14768,757,761,758,8,759,1,806,com.android.settings,871,com.android.settings.homepage.SettingsHomepageActivity,904,com.android.settings,905,0,1320,8,1321,5]
11-29 07:19:50.704 1491 1596 I wm_activity_launch_time: [0,1880250,com.android.settings/.homepage.SettingsHomepageActivity,247]
11-29 07:19:50.713 1491 1618 W BatteryExternalStatsWorker: error reading modem stats:ERROR_PHONE_NOT_AVAILABLE
11-29 07:19:50.718 1491 1618 E KernelCpuSpeedReader: Failed to read cpu-freq: /sys/devices/system/cpu/cpu4/cpufreq/stats/time_in_state: open failed: ENOENT (No such file or directory)
11-29 07:19:50.719 1491 1618 E KernelCpuSpeedReader: Failed to read cpu-freq: /sys/devices/system/cpu/cpu0/cpufreq/stats/time_in_state: open failed: ENOENT (No such file or directory)
11-29 07:19:50.830 1491 7658 I netstats_mobile_sample: [0,0,0,0,0,0,0,0,0,0,0,0,1669677590830]
11-29 07:19:50.831 1491 7658 I netstats_wifi_sample: [369537389,854116,161961284,373188,369537389,854116,161961284,373188,449974509,1470552,81583031,191231,1669677590830]
11-29 07:19:50.847 1491 2770 I netstats_mobile_sample: [0,0,0,0,0,0,0,0,0,0,0,0,1669677590847]
11-29 07:19:50.847 1491 2770 I netstats_wifi_sample: [369537389,854116,161961284,373188,369537389,854116,161961284,373188,449974509,1470552,81583031,191231,1669677590847]
11-29 07:19:50.879 21963 21963 I sysui_multi_action: [757,103,758,1,833,0,1089,70]
11-29 07:19:51.152 1491 1599 I wm_stop_activity: [0,254362067,com.android.launcher3/.uioverrides.QuickstepLauncher]
11-29 07:19:51.152 1491 1760 I GameModeConfig: isGameModeOn = false
11-29 07:19:51.153 1491 1760 I GameModeConfig: isGameModeOn = false
11-29 07:19:51.153 1491 1760 I GameModeConfig: isGameModeOn = false
11-29 07:19:51.153 1491 1760 I GameModeConfig: isGameModeOn = false
11-29 07:19:51.155 19842 19842 I sysui_multi_action: [757,111,758,2]
11-29 07:19:51.155 19842 19842 I sysui_multi_action: [757,111,758,2]
11-29 07:19:51.156 1491 1491 I notification_enqueue: [10082,19842,com.android.systemui,2048,NULL,0,Notification(channel=updateNotification shortcut=null contentView=null vibrate=null sound=null defaults=0x0 flags=0x0 color=0x00000000 vis=PRIVATE),1]
11-29 07:19:51.172 1491 1600 I input_focus: [Focus request cdb357d com.android.settings/com.android.settings.homepage.SettingsHomepageActivity,reason=UpdateInputWindows]
11-29 07:19:51.175 19842 19842 I sysui_multi_action: [757,111,758,1]
11-29 07:19:51.175 19842 19842 I sysui_multi_action: [757,126,758,1,759,126,927,0,928,1,1593,1]
11-29 07:19:51.175 19842 19842 I sysui_multi_action: [757,113,758,1,759,113,927,1,928,1,1593,1]
11-29 07:19:51.175 19842 19842 I sysui_multi_action: [757,0,758,1,759,0,927,2,928,0,1593,1]
11-29 07:19:51.175 19842 19842 I sysui_multi_action: [757,0,758,1,759,0,927,3,928,0,1593,1]
11-29 07:19:51.176 19842 19842 I sysui_multi_action: [757,491,758,1,759,491,927,4,928,0,1311,-1,1593,0]
11-29 07:19:51.176 19842 19842 I sysui_multi_action: [757,0,758,1,759,0,927,5,928,0,1593,0]
11-29 07:19:51.176 19842 19842 I sysui_multi_action: [757,111,758,1]
11-29 07:19:51.177 19842 19842 I sysui_multi_action: [757,126,758,1,759,126,927,0,928,1,1593,1]
11-29 07:19:51.177 19842 19842 I sysui_multi_action: [757,113,758,1,759,113,927,1,928,1,1593,1]
11-29 07:19:51.177 19842 19842 I sysui_multi_action: [757,0,758,1,759,0,927,2,928,0,1593,1]
11-29 07:19:51.177 19842 19842 I sysui_multi_action: [757,0,758,1,759,0,927,3,928,0,1593,1]
11-29 07:19:51.187 1491 1760 I GameModeConfig: isGameModeOn = false
11-29 07:19:51.188 1491 1760 I GameModeConfig: isGameModeOn = false
11-29 07:19:51.188 1491 1760 I GameModeConfig: isGameModeOn = false
11-29 07:19:51.188 1491 1760 I GameModeConfig: isGameModeOn = false
11-29 07:19:51.188 1491 2923 I sysui_multi_action: [757,128,758,2,793,13355961,794,4083,795,13355961,796,26,798,0,806,android,857,DEVELOPER_IMPORTANT,858,4,947,0,1395,2,1500,13355756,1688,1]
11-29 07:19:51.188 1491 2923 I notification_visibility: [-1|android|26|null|1000,0,13355961,13355961,0,0]
11-29 07:19:51.189 1491 2923 I sysui_multi_action: [757,128,758,2,793,13355965,794,4083,795,13355965,796,32,798,1,806,android,857,USB,858,1,947,0,1395,2,1500,13355762,1688,1]
11-29 07:19:51.189 1491 2923 I notification_visibility: [-1|android|32|null|1000,0,13355965,13355965,0,1]
11-29 07:19:51.189 19842 19842 I sysui_multi_action: [757,111,758,2]
11-29 07:19:51.189 19842 19842 I sysui_multi_action: [757,111,758,2]
11-29 07:19:51.190 1491 1491 I notification_enqueue: [10082,19842,com.android.systemui,2048,NULL,0,Notification(channel=updateNotification shortcut=null contentView=null vibrate=null sound=null defaults=0x0 flags=0x0 color=0x00000000 vis=PRIVATE),1]
11-29 07:19:51.190 9956 9956 I wm_on_stop_called: [254362067,com.android.launcher3.uioverrides.QuickstepLauncher,STOP_ACTIVITY_ITEM]
11-29 07:19:51.191 1491 2923 I sysui_multi_action: [757,127,758,2]
11-29 07:19:51.191 1491 2923 I notification_panel_hidden:
11-29 07:19:51.196 1491 1693 I input_focus: [Focus leaving 3124ee4 NotificationShade (server),reason=NOT_FOCUSABLE]
11-29 07:19:51.199 1491 1693 I input_focus: [Focus entering cdb357d com.android.settings/com.android.settings.homepage.SettingsHomepageActivity (server),reason=setFocusedWindow]
11-29 07:19:51.205 19842 19842 I sysui_multi_action: [757,111,758,1]
11-29 07:19:51.205 19842 19842 I sysui_multi_action: [757,126,758,1,759,126,927,0,928,1,1593,1]
11-29 07:19:51.206 19842 19842 I sysui_multi_action: [757,113,758,1,759,113,927,1,928,1,1593,1]
11-29 07:19:51.206 19842 19842 I sysui_multi_action: [757,0,758,1,759,0,927,2,928,0,1593,1]
11-29 07:19:51.206 19842 19842 I sysui_multi_action: [757,0,758,1,759,0,927,3,928,0,1593,1]
11-29 07:19:51.206 19842 19842 I sysui_multi_action: [757,491,758,1,759,491,927,4,928,0,1311,-1,1593,1]
11-29 07:19:51.206 19842 19842 I sysui_multi_action: [757,0,758,1,759,0,927,5,928,0,1593,1]
11-29 07:19:51.207 19842 19842 I sysui_multi_action: [757,111,758,1]
11-29 07:19:51.207 19842 19842 I sysui_multi_action: [757,126,758,1,759,126,927,0,928,1,1593,1]
11-29 07:19:51.207 19842 19842 I sysui_multi_action: [757,113,758,1,759,113,927,1,928,1,1593,1]
11-29 07:19:51.207 19842 19842 I sysui_multi_action: [757,0,758,1,759,0,927,2,928,0,1593,1]
11-29 07:19:51.207 19842 19842 I sysui_multi_action: [757,0,758,1,759,0,927,3,928,0,1593,1]
11-29 07:19:51.210 16043 16059 W ContextImpl: Calling a method in the system process without a qualified user: android.app.ContextImpl.startService:1816 android.content.ContextWrapper.startService:774 com.thundercomm.gamemode.ingame.services.GameModeActionUtils.startGameModeService:93 com.thundercomm.gamemode.ingame.services.GameModeActionUtils.startGameModeEntry:21 com.thundercomm.gamemode.ingame.services.ActivityMonitoringService$1.onActivityLaunch:127
11-29 07:19:51.215 1491 1491 I GameModeConfig: Current uri is uri = content://com.thundercomm.gamemode.api/gamemode_settings/gamemode_isgaming
11-29 07:19:51.217 1491 1491 I GameModeConfig: isGameModeOn = false
11-29 07:19:51.217 1491 1491 I GameModeConfig: isGameModeOn = false
11-29 07:19:51.217 1491 1491 I GameModeConfig: isDisableVoice = true
11-29 07:19:51.359 1491 1491 I GameModeConfig: isGameModeOn = false
11-29 07:19:51.360 1491 1491 I sysui_multi_action: [757,1501,758,1,793,14748620,794,0,795,207,796,2048,806,com.android.systemui,857,updateNotification,858,3,947,0,1500,0,1688,1]
11-29 07:19:51.360 1491 1491 I sysui_multi_action: [757,804,799,note_interruptive,801,0,802,1]
11-29 07:19:51.360 1491 1491 I sysui_multi_action: [757,199,758,1,759,2,793,14748621,794,0,795,208,796,2048,806,com.android.systemui,857,updateNotification,858,3,947,0,1500,1,1688,1]
11-29 07:19:51.360 1491 1491 I notification_alert: [0|com.android.systemui|2048|null|10082,0,1,0]
11-29 07:19:51.364 1491 1491 W NotificationHistory: Attempted to add notif for locked/gone/disabled user 0
11-29 07:19:51.391 1491 1491 I GameModeConfig: isGameModeOn = false
11-29 07:19:51.392 1491 1491 E NotificationService: Muting recently noisy 0|com.android.systemui|2048|null|10082
11-29 07:19:52.872 1381 12439 I liblog : 51
11-29 07:19:53.079 353 353 I auditd : type=1400 audit(0.0:16672): avc: denied { kill } for comm="irq/382-atmel_m" capability=5 scontext=u:r:kernel:s0 tcontext=u:r:kernel:s0 tclass=capability permissive=0
11-29 07:19:54.368 1491 1760 I GameModeConfig: isGameModeOn = false
11-29 07:19:54.368 1491 1760 I GameModeConfig: isGameModeOn = false
11-29 07:19:54.380 1491 1760 I GameModeConfig: isGameModeOn = false
11-29 07:19:54.388 1491 1760 I GameModeConfig: isGameModeOn = false
11-29 07:19:54.398 1491 1760 I GameModeConfig: isGameModeOn = false
11-29 07:19:54.404 1491 1760 I GameModeConfig: isGameModeOn = false
11-29 07:19:54.408 1491 1760 I GameModeConfig: isGameModeOn = false
11-29 07:19:54.434 1491 1760 I GameModeConfig: isGameModeOn = false
11-29 07:19:54.447 1491 1760 I GameModeConfig: isGameModeOn = false
