11-29 07:07:06.755 1491 1874 E DisplayDeviceConfig: requesting nits when no mapping exists.
11-29 07:07:06.755 1491 1874 E DisplayDeviceConfig: requesting nits when no mapping exists.
11-29 07:07:06.771 1491 1874 E DisplayDeviceConfig: requesting nits when no mapping exists.
11-29 07:07:06.772 1491 1874 E DisplayDeviceConfig: requesting nits when no mapping exists.
11-29 07:07:06.789 1491 1874 E DisplayDeviceConfig: requesting nits when no mapping exists.
11-29 07:07:06.789 1491 1874 E DisplayDeviceConfig: requesting nits when no mapping exists.
11-29 07:07:06.806 1491 1874 E DisplayDeviceConfig: requesting nits when no mapping exists.
11-29 07:07:06.806 1491 1874 E DisplayDeviceConfig: requesting nits when no mapping exists.
11-29 07:07:06.822 1491 1874 E DisplayDeviceConfig: requesting nits when no mapping exists.
11-29 07:07:06.823 1491 1874 E DisplayDeviceConfig: requesting nits when no mapping exists.
11-29 07:07:06.839 1491 1874 E DisplayDeviceConfig: requesting nits when no mapping exists.
11-29 07:07:06.840 1491 1874 E DisplayDeviceConfig: requesting nits when no mapping exists.
11-29 07:07:11.751 1491 1674 D ActivityManager: freezing 18441 com.android.gallery3d
11-29 07:07:11.752 1491 1674 E ActivityManager: Unable to freeze binder for 18441 com.android.gallery3d
11-29 07:07:11.755 1491 1674 D ActivityManager: froze 18441 com.android.gallery3d
11-29 07:07:11.755 1491 1674 E ActivityManager: Unable to freeze binder for 18441 com.android.gallery3d
11-29 07:07:11.756 1491 1674 I ActivityManager: Killing 18441:com.android.gallery3d/u0a68 (adj 905): Unable to freeze binder interface
11-29 07:07:11.825 1491 1599 D CompatibilityChangeReporter: Compat change id reported: 135634846; UID 10068; state: DISABLED
11-29 07:07:11.825 1491 1599 D CompatibilityChangeReporter: Compat change id reported: 177438394; UID 10068; state: DISABLED
11-29 07:07:11.825 1491 1599 D CompatibilityChangeReporter: Compat change id reported: 135772972; UID 10068; state: DISABLED
11-29 07:07:11.826 1491 1599 D CompatibilityChangeReporter: Compat change id reported: 135754954; UID 10068; state: DISABLED
11-29 07:07:11.826 1491 1609 D CompatibilityChangeReporter: Compat change id reported: 143937733; UID 10068; state: DISABLED
11-29 07:07:11.844 1491 1609 I ActivityManager: Start proc 20584:com.android.gallery3d/u0a68 for null
11-29 07:07:16.065 1491 1760 I GameModeConfig: isGameModeOn = false
11-29 07:07:51.782 834 834 E android.hardware.wifi@1.0-service: Failed to open directory: Permission denied
11-29 07:07:51.783 834 834 E android.hardware.wifi@1.0-service: Error occurred while deleting old tombstone files
11-29 07:07:51.783 834 834 E android.hardware.wifi@1.0-service: Error writing files to flash
11-29 07:08:25.751 1491 1674 D ActivityManager: freezing 19950 com.android.permissioncontroller
11-29 07:08:25.751 1491 1674 E ActivityManager: Unable to freeze binder for 19950 com.android.permissioncontroller
11-29 07:08:25.754 1491 1674 D ActivityManager: froze 19950 com.android.permissioncontroller
11-29 07:08:25.755 1491 1674 E ActivityManager: Unable to freeze binder for 19950 com.android.permissioncontroller
11-29 07:08:25.756 1491 1674 I ActivityManager: Killing 19950:com.android.permissioncontroller/u0a94 (adj 945): Unable to freeze binder interface
11-29 07:09:19.589 1491 1674 D ActivityManager: freezing 18910 android.process.acore
11-29 07:09:19.589 1491 1674 E ActivityManager: Unable to freeze binder for 18910 android.process.acore
11-29 07:09:19.590 1491 1674 D ActivityManager: froze 18910 android.process.acore
11-29 07:09:19.591 1491 1674 E ActivityManager: Unable to freeze binder for 18910 android.process.acore
11-29 07:09:19.594 1491 1674 I ActivityManager: Killing 18910:android.process.acore/u0a32 (adj 965): Unable to freeze binder interface
11-29 07:09:19.642 1491 2058 D CountryDetector: No listener is left
11-29 07:10:26.479 1491 1674 D ActivityManager: freezing 20083 com.android.calendar
11-29 07:10:26.480 1491 1674 E ActivityManager: Unable to freeze binder for 20083 com.android.calendar
11-29 07:10:26.481 1491 1674 D ActivityManager: froze 20083 com.android.calendar
11-29 07:10:26.482 1491 1674 E ActivityManager: Unable to freeze binder for 20083 com.android.calendar
11-29 07:10:26.486 1491 1674 D ActivityManager: freezing 20082 com.hryt.hiphishowfsecontrol
11-29 07:10:26.487 1491 1674 E ActivityManager: Unable to freeze binder for 20082 com.hryt.hiphishowfsecontrol
11-29 07:10:26.488 1491 1674 D ActivityManager: froze 20082 com.hryt.hiphishowfsecontrol
11-29 07:10:26.489 1491 1674 E ActivityManager: Unable to freeze binder for 20082 com.hryt.hiphishowfsecontrol
11-29 07:10:26.490 1491 1674 I ActivityManager: Killing 20083:com.android.calendar/u0a64 (adj 955): Unable to freeze binder interface
11-29 07:10:26.493 1491 1674 I ActivityManager: Killing 20082:com.hryt.hiphishowfsecontrol/u0a20 (adj 945): Unable to freeze binder interface
11-29 07:10:26.520 1491 1599 W ActivityManager: ProcessRecord{2009e2a 20082:com.hryt.hiphishowfsecontrol/u0a20} is attached to a previous process
11-29 07:10:26.521 1491 1599 W ActivityManager: Existing proc ProcessRecord{2009e2a 20082:com.hryt.hiphishowfsecontrol/u0a20} was killed 28ms ago when adding ProcessRecord{c53aaa3 0:com.hryt.hiphishowfsecontrol/u0a20}
11-29 07:10:26.521 1491 1599 D CompatibilityChangeReporter: Compat change id reported: 135634846; UID 10020; state: DISABLED
11-29 07:10:26.522 1491 1599 D CompatibilityChangeReporter: Compat change id reported: 177438394; UID 10020; state: DISABLED
11-29 07:10:26.522 1491 1599 D CompatibilityChangeReporter: Compat change id reported: 135772972; UID 10020; state: DISABLED
11-29 07:10:26.522 1491 1599 D CompatibilityChangeReporter: Compat change id reported: 135754954; UID 10020; state: ENABLED
11-29 07:10:26.523 1491 1599 D CompatibilityChangeReporter: Compat change id reported: 135634846; UID 10064; state: DISABLED
11-29 07:10:26.523 1491 1599 D CompatibilityChangeReporter: Compat change id reported: 177438394; UID 10064; state: DISABLED
11-29 07:10:26.523 1491 1599 D CompatibilityChangeReporter: Compat change id reported: 135772972; UID 10064; state: DISABLED
11-29 07:10:26.523 1491 1599 D CompatibilityChangeReporter: Compat change id reported: 135754954; UID 10064; state: DISABLED
11-29 07:10:26.527 1491 1609 D CompatibilityChangeReporter: Compat change id reported: 143937733; UID 10020; state: ENABLED
11-29 07:10:26.546 1491 1609 I ActivityManager: Start proc 20646:com.hryt.hiphishowfsecontrol/u0a20 for null
11-29 07:10:26.547 1491 1609 D CompatibilityChangeReporter: Compat change id reported: 143937733; UID 10064; state: DISABLED
11-29 07:10:26.565 1491 1609 I ActivityManager: Start proc 20647:com.android.calendar/u0a64 for null
11-29 07:10:26.602 1491 9370 D CompatibilityChangeReporter: Compat change id reported: 168419799; UID 10064; state: DISABLED
11-29 07:10:26.607 1491 9480 D CompatibilityChangeReporter: Compat change id reported: 168419799; UID 10020; state: DISABLED
11-29 07:13:29.437 1491 1674 D ActivityManager: freezing 20145 com.android.musicfx
11-29 07:13:29.438 1491 1674 E ActivityManager: Unable to freeze binder for 20145 com.android.musicfx
11-29 07:13:29.439 1491 1674 D ActivityManager: froze 20145 com.android.musicfx
11-29 07:13:29.439 1491 1674 E ActivityManager: Unable to freeze binder for 20145 com.android.musicfx
11-29 07:13:29.441 1491 1674 I ActivityManager: Killing 20145:com.android.musicfx/u0a21 (adj 925): Unable to freeze binder interface
11-29 07:13:29.493 1491 1674 D ActivityManager: freezing 18447 com.android.music
11-29 07:13:29.494 1491 1674 E ActivityManager: Unable to freeze binder for 18447 com.android.music
11-29 07:13:29.494 1491 1674 D ActivityManager: froze 18447 com.android.music
11-29 07:13:29.495 1491 1674 E ActivityManager: Unable to freeze binder for 18447 com.android.music
11-29 07:13:29.495 1491 1674 I ActivityManager: Killing 18447:com.android.music/u0a89 (adj 900): Unable to freeze binder interface
11-29 07:13:29.559 1491 1599 W ActivityManager: setHasOverlayUi called on unknown pid: 18447
11-29 07:13:29.563 1491 1599 D CompatibilityChangeReporter: Compat change id reported: 135634846; UID 10089; state: DISABLED
11-29 07:13:29.563 1491 1599 D CompatibilityChangeReporter: Compat change id reported: 177438394; UID 10089; state: DISABLED
11-29 07:13:29.564 1491 1599 D CompatibilityChangeReporter: Compat change id reported: 135772972; UID 10089; state: DISABLED
11-29 07:13:29.564 1491 1599 D CompatibilityChangeReporter: Compat change id reported: 135754954; UID 10089; state: ENABLED
11-29 07:13:29.564 1491 1609 D CompatibilityChangeReporter: Compat change id reported: 143937733; UID 10089; state: ENABLED
11-29 07:13:29.583 1491 1609 I ActivityManager: Start proc 20697:com.android.music/u0a89 for null
11-29 07:13:37.623 1491 1674 D ActivityManager: freezing 18019 com.qualcomm.qti.qccauthmgr
11-29 07:13:37.623 1491 1674 E ActivityManager: Unable to freeze binder for 18019 com.qualcomm.qti.qccauthmgr
11-29 07:13:37.625 1491 1674 D ActivityManager: froze 18019 com.qualcomm.qti.qccauthmgr
11-29 07:13:37.626 1491 1674 E ActivityManager: Unable to freeze binder for 18019 com.qualcomm.qti.qccauthmgr
11-29 07:13:37.627 1491 1674 I ActivityManager: Killing 18019:com.qualcomm.qti.qccauthmgr/u0a83 (adj 945): Unable to freeze binder interface
11-29 07:13:41.849 1491 1618 W BatteryExternalStatsWorker: error reading modem stats:ERROR_PHONE_NOT_AVAILABLE
11-29 07:13:41.886 1491 1618 E KernelCpuSpeedReader: Failed to read cpu-freq: /sys/devices/system/cpu/cpu4/cpufreq/stats/time_in_state: open failed: ENOENT (No such file or directory)
11-29 07:13:41.886 1491 1618 E KernelCpuSpeedReader: Failed to read cpu-freq: /sys/devices/system/cpu/cpu0/cpufreq/stats/time_in_state: open failed: ENOENT (No such file or directory)
11-29 07:13:52.122 1491 1607 I UsageStatsService: User[0] Flushing usage stats to disk
11-29 07:15:42.823 1491 8592 W WindowManager: updateScale0.4617737
11-29 07:15:42.827 1491 1525 I DreamManagerService: Gently waking up from dream.
11-29 07:15:42.829 1491 1596 I DreamManagerService: Performing gentle wake from dream.
11-29 07:15:42.833 1491 1525 I ActivityTaskManager: FOREGROUND_APPLICATION_CHANGED to com.android.launcher3.uioverrides.QuickstepLauncher
11-29 07:15:42.838 1491 1525 I ActivityTaskManager: FOREGROUND_APPLICATION_CHANGED to com.android.soundrecorder.SoundRecorder
11-29 07:15:42.839 1491 1525 W WindowManager: updateScale0.4617737
11-29 07:15:42.843 1491 1525 W WindowManager: updateScale0.4617737
11-29 07:15:42.845 1491 8592 W WindowManager: updateScale0.4617737
11-29 07:15:42.851 1491 1600 W WindowManager: updateScale0.4617737
11-29 07:15:42.856 1491 1600 W WindowManager: updateScale0.4617737
11-29 07:15:42.862 1491 1599 W WindowManager: updateScale0.4617737
11-29 07:15:42.870 1491 2059 W WindowManager: updateScale0.4617737
11-29 07:15:42.872 1491 1599 W WindowManager: updateScale0.4617737
11-29 07:15:42.875 16043 16059 W ContextImpl: Calling a method in the system process without a qualified user: android.app.ContextImpl.startService:1816 android.content.ContextWrapper.startService:774 com.thundercomm.gamemode.ingame.services.GameModeActionUtils.startGameModeService:93 com.thundercomm.gamemode.ingame.services.GameModeActionUtils.startGameModeEntry:21 com.thundercomm.gamemode.ingame.services.ActivityMonitoringService$1.onActivityLaunch:127
11-29 07:15:42.882 1491 1491 I GameModeConfig: Current uri is uri = content://com.thundercomm.gamemode.api/gamemode_settings/gamemode_isgaming
11-29 07:15:42.887 1491 1491 I GameModeConfig: isGameModeOn = false
11-29 07:15:42.888 1491 1491 I GameModeConfig: isGameModeOn = false
11-29 07:15:42.889 1491 1491 I GameModeConfig: isDisableVoice = true
11-29 07:15:42.893 16043 16059 W ContextImpl: Calling a method in the system process without a qualified user: android.app.ContextImpl.startService:1816 android.content.ContextWrapper.startService:774 com.thundercomm.gamemode.ingame.services.GameModeActionUtils.startGameModeService:93 com.thundercomm.gamemode.ingame.services.GameModeActionUtils.startGameModeEntry:21 com.thundercomm.gamemode.ingame.services.ActivityMonitoringService$1.onActivityLaunch:127
11-29 07:15:42.897 1491 1491 I GameModeConfig: Current uri is uri = content://com.thundercomm.gamemode.api/gamemode_settings/gamemode_isgaming
11-29 07:15:42.899 1491 1491 I GameModeConfig: isGameModeOn = false
11-29 07:15:42.899 1491 1491 I GameModeConfig: isGameModeOn = false
11-29 07:15:42.899 1491 1491 I GameModeConfig: isDisableVoice = true
11-29 07:15:42.924 1491 1600 W WindowManager: updateScale0.4617737
11-29 07:15:42.929 1491 1600 W WindowManager: updateScale0.4617737
11-29 07:15:42.932 1491 1600 W WindowManager: updateScale0.4617737
11-29 07:15:42.943 1491 1626 I PowerManagerService: Powering on display group fromDreaming (groupId=0, uid=1000, reason=WAKE_REASON_UNKNOWN, details=android.server.power:DREAM_FINISHED)...
11-29 07:15:42.943 1491 1626 I PowerManagerService: Waking up from Dreaming (uid=1000, reason=WAKE_REASON_UNKNOWN, details=android.server.power:DREAM_FINISHED)...
11-29 07:15:42.953 16043 16059 W ContextImpl: Calling a method in the system process without a qualified user: android.app.ContextImpl.startService:1816 android.content.ContextWrapper.startService:774 com.thundercomm.gamemode.ingame.services.GameModeActionUtils.startGameModeService:93 com.thundercomm.gamemode.ingame.services.GameModeActionUtils.startGameModeEntry:21 com.thundercomm.gamemode.ingame.services.ActivityMonitoringService$1.onActivityLaunch:127
11-29 07:15:42.961 1491 1491 I GameModeConfig: Current uri is uri = content://com.thundercomm.gamemode.api/gamemode_settings/gamemode_isgaming
11-29 07:15:42.962 1491 1491 I GameModeConfig: isGameModeOn = false
11-29 07:15:42.963 1491 1491 I GameModeConfig: isGameModeOn = false
11-29 07:15:42.963 1491 1491 I GameModeConfig: isDisableVoice = true
11-29 07:15:42.995 1491 2106 I DreamManagerService: Leaving dreamland.
11-29 07:15:42.996 1491 1596 I DreamManagerService: Performing gentle wake from dream.
11-29 07:15:42.997 1491 1596 I DreamController: Stopping dream: name=ComponentInfo{com.thundercomm.screensaver/com.thundercomm.saverclock.service.ClockScreensaver}, isTest=false, canDoze=false, userId=0, reason='finished self'(from 'finished self')
11-29 07:15:43.005 1491 2059 W WindowManager: updateScale0.4617737
11-29 07:15:43.167 1491 1600 W WindowManager: updateScale0.4617737
11-29 07:15:43.171 1491 1600 W WindowManager: updateScale0.4617737
11-29 07:15:43.173 1491 1600 W WindowManager: updateScale0.4617737
11-29 07:15:43.175 1491 1600 W WindowManager: updateScale0.4617737
11-29 07:15:43.182 1491 1600 W ActivityTaskManager: Can't find TaskDisplayArea to determine support for multi window. Task id=169 attached=false
11-29 07:15:43.688 1491 1760 I GameModeConfig: isGameModeOn = false
11-29 07:15:43.688 1491 1760 I GameModeConfig: isGameModeOn = false
11-29 07:15:43.688 1491 1760 I GameModeConfig: isGameModeOn = false
11-29 07:15:43.688 1491 1760 I GameModeConfig: isGameModeOn = false
11-29 07:15:43.705 1491 2059 W WindowManager: updateScale0.4617737
11-29 07:15:43.723 1491 1600 W WindowManager: updateScale0.4617737
11-29 07:15:43.728 1491 1760 I GameModeConfig: isGameModeOn = false
11-29 07:15:43.728 1491 1760 I GameModeConfig: isGameModeOn = false
11-29 07:15:43.728 1491 1760 I GameModeConfig: isGameModeOn = false
11-29 07:15:43.728 1491 1760 I GameModeConfig: isGameModeOn = false
11-29 07:15:43.740 1491 1760 I GameModeConfig: isGameModeOn = false
11-29 07:15:43.741 1491 1760 I GameModeConfig: isGameModeOn = false
11-29 07:15:43.741 1491 1760 I GameModeConfig: isGameModeOn = false
11-29 07:15:43.742 1491 1760 I GameModeConfig: isGameModeOn = false
11-29 07:15:43.759 1491 1760 I GameModeConfig: isGameModeOn = false
11-29 07:15:43.759 1491 1760 I GameModeConfig: isGameModeOn = false
11-29 07:15:43.759 1491 1760 I GameModeConfig: isGameModeOn = false
11-29 07:15:43.759 1491 1760 I GameModeConfig: isGameModeOn = false
11-29 07:15:43.772 1491 1760 I GameModeConfig: isGameModeOn = false
11-29 07:15:43.773 1491 1760 I GameModeConfig: isGameModeOn = false
11-29 07:15:43.773 1491 1760 I GameModeConfig: isGameModeOn = false
11-29 07:15:43.773 1491 1760 I GameModeConfig: isGameModeOn = false
11-29 07:15:43.790 1491 1760 I GameModeConfig: isGameModeOn = false
11-29 07:15:43.790 1491 1760 I GameModeConfig: isGameModeOn = false
11-29 07:15:43.790 1491 1760 I GameModeConfig: isGameModeOn = false
11-29 07:15:43.790 1491 1760 I GameModeConfig: isGameModeOn = false
11-29 07:15:43.809 1491 1760 I GameModeConfig: isGameModeOn = false
11-29 07:15:43.809 1491 1760 I GameModeConfig: isGameModeOn = false
11-29 07:15:43.809 1491 1760 I GameModeConfig: isGameModeOn = false
11-29 07:15:43.809 1491 1760 I GameModeConfig: isGameModeOn = false
11-29 07:15:43.825 1491 1760 I GameModeConfig: isGameModeOn = false
11-29 07:15:43.826 1491 1760 I GameModeConfig: isGameModeOn = false
11-29 07:15:43.826 1491 1760 I GameModeConfig: isGameModeOn = false
11-29 07:15:43.826 1491 1760 I GameModeConfig: isGameModeOn = false
11-29 07:15:43.843 1491 1760 I GameModeConfig: isGameModeOn = false
11-29 07:15:43.843 1491 1760 I GameModeConfig: isGameModeOn = false
11-29 07:15:43.843 1491 1760 I GameModeConfig: isGameModeOn = false
11-29 07:15:43.843 1491 1760 I GameModeConfig: isGameModeOn = false
11-29 07:15:43.874 1491 1760 I GameModeConfig: isGameModeOn = false
11-29 07:15:43.874 1491 1760 I GameModeConfig: isGameModeOn = false
11-29 07:15:43.874 1491 1760 I GameModeConfig: isGameModeOn = false
11-29 07:15:43.875 1491 1760 I GameModeConfig: isGameModeOn = false
11-29 07:15:43.893 1491 1491 I GameModeConfig: isGameModeOn = false
11-29 07:15:43.901 1491 1491 W NotificationHistory: Attempted to add notif for locked/gone/disabled user 0
11-29 07:15:43.901 1491 1760 I GameModeConfig: isGameModeOn = false
11-29 07:15:43.902 1491 1760 I GameModeConfig: isGameModeOn = false
11-29 07:15:43.902 1491 1760 I GameModeConfig: isGameModeOn = false
11-29 07:15:43.902 1491 1760 I GameModeConfig: isGameModeOn = false
11-29 07:15:43.926 1491 1491 I GameModeConfig: isGameModeOn = false
11-29 07:15:43.927 1491 1491 E NotificationService: Muting recently noisy 0|com.android.systemui|2048|null|10082
11-29 07:15:43.945 1491 1491 I GameModeConfig: isGameModeOn = false
11-29 07:15:43.945 1491 1491 E NotificationService: Muting recently noisy 0|com.android.systemui|2048|null|10082
11-29 07:15:43.964 1491 1491 I GameModeConfig: isGameModeOn = false
11-29 07:15:43.965 1491 1491 E NotificationService: Muting recently noisy 0|com.android.systemui|2048|null|10082
11-29 07:15:43.975 1491 1491 I GameModeConfig: isGameModeOn = false
11-29 07:15:43.976 1491 1491 E NotificationService: Muting recently noisy 0|com.android.systemui|2048|null|10082
11-29 07:15:43.993 1491 1491 I GameModeConfig: isGameModeOn = false
11-29 07:15:43.993 1491 1491 E NotificationService: Muting recently noisy 0|com.android.systemui|2048|null|10082
11-29 07:15:44.016 1491 1491 I GameModeConfig: isGameModeOn = false
11-29 07:15:44.017 1491 1491 E NotificationService: Muting recently noisy 0|com.android.systemui|2048|null|10082
11-29 07:15:44.029 1491 1491 I GameModeConfig: isGameModeOn = false
11-29 07:15:44.029 1491 1491 E NotificationService: Muting recently noisy 0|com.android.systemui|2048|null|10082
11-29 07:15:44.046 1491 1491 I GameModeConfig: isGameModeOn = false
11-29 07:15:44.046 1491 1491 E NotificationService: Muting recently noisy 0|com.android.systemui|2048|null|10082
11-29 07:15:44.083 1491 1491 I GameModeConfig: isGameModeOn = false
11-29 07:15:44.083 1491 1491 E NotificationService: Muting recently noisy 0|com.android.systemui|2048|null|10082
11-29 07:15:44.106 1491 1491 I GameModeConfig: isGameModeOn = false
11-29 07:15:44.107 1491 1491 E NotificationService: Muting recently noisy 0|com.android.systemui|2048|null|10082
11-29 07:15:44.224 1491 2106 W WindowManager: updateScale0.4617737
11-29 07:15:44.228 1491 2059 W WindowManager: updateScale0.4617737
11-29 07:15:44.660 1491 8646 I ActivityTaskManager: START u0 {act=android.intent.action.MAIN cat=[android.intent.category.HOME] flg=0x10000000 cmp=com.android.launcher3/.uioverrides.QuickstepLauncher} from uid 10077
11-29 07:15:44.666 1491 8646 I ActivityTaskManager: FOREGROUND_APPLICATION_CHANGED to com.android.launcher3.uioverrides.QuickstepLauncher
11-29 07:15:44.666 1491 8646 W WindowManager: updateScale0.4617737
11-29 07:15:44.673 1491 8646 W WindowManager: updateScale0.4617737
11-29 07:15:44.699 1491 5277 W WindowManager: updateScale0.4617737
11-29 07:15:44.712 1491 5277 W WindowManager: updateScale0.4617737
11-29 07:15:44.716 1491 8592 W WindowManager: updateScale0.4617737
11-29 07:15:44.884 1491 5277 W WindowManager: updateScale0.4617737
11-29 07:15:44.951 1491 1760 I GameModeConfig: isGameModeOn = false
11-29 07:15:44.952 1491 1760 I GameModeConfig: isGameModeOn = false
11-29 07:15:44.952 1491 1760 I GameModeConfig: isGameModeOn = false
11-29 07:15:44.952 1491 1760 I GameModeConfig: isGameModeOn = false
11-29 07:15:44.973 1491 1760 I GameModeConfig: isGameModeOn = false
11-29 07:15:44.973 1491 1760 I GameModeConfig: isGameModeOn = false
11-29 07:15:44.974 1491 1760 I GameModeConfig: isGameModeOn = false
11-29 07:15:44.974 1491 1760 I GameModeConfig: isGameModeOn = false
11-29 07:15:44.988 1491 1760 I GameModeConfig: isGameModeOn = false
11-29 07:15:44.991 1491 1760 I GameModeConfig: isGameModeOn = false
11-29 07:15:44.991 1491 1760 I GameModeConfig: isGameModeOn = false
11-29 07:15:44.991 1491 1760 I GameModeConfig: isGameModeOn = false
11-29 07:15:45.005 1491 1760 I GameModeConfig: isGameModeOn = false
11-29 07:15:45.005 1491 1760 I GameModeConfig: isGameModeOn = false
11-29 07:15:45.006 1491 1760 I GameModeConfig: isGameModeOn = false
11-29 07:15:45.006 1491 1760 I GameModeConfig: isGameModeOn = false
11-29 07:15:45.016 1491 1760 I GameModeConfig: isGameModeOn = false
11-29 07:15:45.016 1491 1760 I GameModeConfig: isGameModeOn = false
11-29 07:15:45.017 1491 1760 I GameModeConfig: isGameModeOn = false
11-29 07:15:45.017 1491 1760 I GameModeConfig: isGameModeOn = false
11-29 07:15:45.033 1491 1760 I GameModeConfig: isGameModeOn = false
11-29 07:15:45.034 1491 1760 I GameModeConfig: isGameModeOn = false
11-29 07:15:45.034 1491 1760 I GameModeConfig: isGameModeOn = false
11-29 07:15:45.034 1491 1760 I GameModeConfig: isGameModeOn = false
11-29 07:15:45.050 1491 1760 I GameModeConfig: isGameModeOn = false
11-29 07:15:45.050 1491 1760 I GameModeConfig: isGameModeOn = false
11-29 07:15:45.050 1491 1760 I GameModeConfig: isGameModeOn = false
11-29 07:15:45.050 1491 1760 I GameModeConfig: isGameModeOn = false
11-29 07:15:45.067 1491 1760 I GameModeConfig: isGameModeOn = false
11-29 07:15:45.067 1491 1760 I GameModeConfig: isGameModeOn = false
11-29 07:15:45.067 1491 1760 I GameModeConfig: isGameModeOn = false
11-29 07:15:45.067 1491 1760 I GameModeConfig: isGameModeOn = false
11-29 07:15:45.084 1491 1760 I GameModeConfig: isGameModeOn = false
11-29 07:15:45.084 1491 1760 I GameModeConfig: isGameModeOn = false
11-29 07:15:45.084 1491 1760 I GameModeConfig: isGameModeOn = false
11-29 07:15:45.084 1491 1760 I GameModeConfig: isGameModeOn = false
11-29 07:15:45.100 1491 1760 I GameModeConfig: isGameModeOn = false
11-29 07:15:45.102 1491 1760 I GameModeConfig: isGameModeOn = false
11-29 07:15:45.102 1491 1760 I GameModeConfig: isGameModeOn = false
11-29 07:15:45.102 1491 1760 I GameModeConfig: isGameModeOn = false
11-29 07:15:45.117 1491 1760 I GameModeConfig: isGameModeOn = false
11-29 07:15:45.117 1491 1760 I GameModeConfig: isGameModeOn = false
11-29 07:15:45.118 1491 1760 I GameModeConfig: isGameModeOn = false
11-29 07:15:45.118 1491 1760 I GameModeConfig: isGameModeOn = false
11-29 07:15:45.133 1491 1760 I GameModeConfig: isGameModeOn = false
11-29 07:15:45.134 1491 1760 I GameModeConfig: isGameModeOn = false
11-29 07:15:45.134 1491 1760 I GameModeConfig: isGameModeOn = false
11-29 07:15:45.134 1491 1760 I GameModeConfig: isGameModeOn = false
11-29 07:15:45.150 1491 1760 I GameModeConfig: isGameModeOn = false
11-29 07:15:45.151 1491 1760 I GameModeConfig: isGameModeOn = false
11-29 07:15:45.151 1491 1760 I GameModeConfig: isGameModeOn = false
11-29 07:15:45.151 1491 1760 I GameModeConfig: isGameModeOn = false
11-29 07:15:45.154 1491 1491 I GameModeConfig: isGameModeOn = false
11-29 07:15:45.156 1491 1491 W NotificationHistory: Attempted to add notif for locked/gone/disabled user 0
11-29 07:15:45.167 1491 1760 I GameModeConfig: isGameModeOn = false
11-29 07:15:45.167 1491 1760 I GameModeConfig: isGameModeOn = false
11-29 07:15:45.168 1491 1760 I GameModeConfig: isGameModeOn = false
11-29 07:15:45.168 1491 1760 I GameModeConfig: isGameModeOn = false
11-29 07:15:45.173 1491 1491 I GameModeConfig: isGameModeOn = false
11-29 07:15:45.174 1491 1491 E NotificationService: Muting recently noisy 0|com.android.systemui|2048|null|10082
11-29 07:15:45.184 1491 1760 I GameModeConfig: isGameModeOn = false
11-29 07:15:45.184 1491 1760 I GameModeConfig: isGameModeOn = false
11-29 07:15:45.184 1491 1760 I GameModeConfig: isGameModeOn = false
11-29 07:15:45.184 1491 1760 I GameModeConfig: isGameModeOn = false
11-29 07:15:45.194 1491 1491 I GameModeConfig: isGameModeOn = false
11-29 07:15:45.194 1491 1491 E NotificationService: Muting recently noisy 0|com.android.systemui|2048|null|10082
11-29 07:15:45.200 1491 1760 I GameModeConfig: isGameModeOn = false
11-29 07:15:45.200 1491 1760 I GameModeConfig: isGameModeOn = false
11-29 07:15:45.200 1491 1760 I GameModeConfig: isGameModeOn = false
11-29 07:15:45.200 1491 1760 I GameModeConfig: isGameModeOn = false
11-29 07:15:45.206 1491 1491 I GameModeConfig: isGameModeOn = false
11-29 07:15:45.206 1491 8646 W WindowManager: updateScale0.4617737
11-29 07:15:45.206 1491 1491 E NotificationService: Muting recently noisy 0|com.android.systemui|2048|null|10082
11-29 07:15:45.216 1491 1760 I GameModeConfig: isGameModeOn = false
11-29 07:15:45.216 1491 1760 I GameModeConfig: isGameModeOn = false
11-29 07:15:45.216 1491 1760 I GameModeConfig: isGameModeOn = false
11-29 07:15:45.216 1491 1760 I GameModeConfig: isGameModeOn = false
11-29 07:15:45.220 1491 1491 I GameModeConfig: isGameModeOn = false
11-29 07:15:45.220 1491 1491 E NotificationService: Muting recently noisy 0|com.android.systemui|2048|null|10082
11-29 07:15:45.225 1491 2060 W WindowManager: updateScale0.4617737
11-29 07:15:45.236 1491 1491 I GameModeConfig: isGameModeOn = false
11-29 07:15:45.237 1491 1491 E NotificationService: Muting recently noisy 0|com.android.systemui|2048|null|10082
11-29 07:15:45.252 1491 1491 I GameModeConfig: isGameModeOn = false
11-29 07:15:45.253 1491 1491 E NotificationService: Muting recently noisy 0|com.android.systemui|2048|null|10082
11-29 07:15:45.270 1491 1491 I GameModeConfig: isGameModeOn = false
11-29 07:15:45.271 1491 1491 E NotificationService: Muting recently noisy 0|com.android.systemui|2048|null|10082
11-29 07:15:45.287 1491 1491 I GameModeConfig: isGameModeOn = false
11-29 07:15:45.288 1491 1491 E NotificationService: Muting recently noisy 0|com.android.systemui|2048|null|10082
11-29 07:15:45.306 1491 1491 I GameModeConfig: isGameModeOn = false
11-29 07:15:45.306 1491 1491 E NotificationService: Muting recently noisy 0|com.android.systemui|2048|null|10082
11-29 07:15:45.322 1491 1491 I GameModeConfig: isGameModeOn = false
11-29 07:15:45.323 1491 1491 E NotificationService: Muting recently noisy 0|com.android.systemui|2048|null|10082
11-29 07:15:45.336 1491 1491 I GameModeConfig: isGameModeOn = false
11-29 07:15:45.337 1491 1491 E NotificationService: Muting recently noisy 0|com.android.systemui|2048|null|10082
11-29 07:15:45.354 1491 1491 I GameModeConfig: isGameModeOn = false
11-29 07:15:45.354 1491 1491 E NotificationService: Muting recently noisy 0|com.android.systemui|2048|null|10082
11-29 07:15:45.379 1491 1491 I GameModeConfig: isGameModeOn = false
11-29 07:15:45.380 1491 1491 E NotificationService: Muting recently noisy 0|com.android.systemui|2048|null|10082
11-29 07:15:45.387 1491 1491 I GameModeConfig: isGameModeOn = false
11-29 07:15:45.387 1491 1491 E NotificationService: Muting recently noisy 0|com.android.systemui|2048|null|10082
11-29 07:15:45.403 1491 1491 I GameModeConfig: isGameModeOn = false
11-29 07:15:45.403 1491 1491 E NotificationService: Muting recently noisy 0|com.android.systemui|2048|null|10082
11-29 07:15:45.420 1491 1491 I GameModeConfig: isGameModeOn = false
11-29 07:15:45.420 1491 1491 E NotificationService: Muting recently noisy 0|com.android.systemui|2048|null|10082
11-29 07:15:45.467 1491 1599 W WindowManager: updateScale0.4617737
11-29 07:15:45.471 1491 1599 I ActivityTaskManager: FOREGROUND_APPLICATION_CHANGED to com.android.soundrecorder.SoundRecorder
11-29 07:15:45.746 1491 8592 W WindowManager: updateScale0.7996942
11-29 07:15:45.747 1491 8592 D CompatibilityChangeReporter: Compat change id reported: 184838306; UID 10061; state: DISABLED
11-29 07:15:45.748 1491 8592 D CompatibilityChangeReporter: Compat change id reported: 185004937; UID 10061; state: DISABLED
11-29 07:15:45.750 1491 8592 W WindowManager: updateScale0.7996942
11-29 07:15:45.777 1491 2068 W AS.AudioService: Updated cached param hdr_record_on from false to false
11-29 07:15:45.778 1491 2068 W AS.AudioService: Updated cached param hdr_audio_channel_count from 0 to 0
11-29 07:15:45.779 1491 2068 W AS.AudioService: Updated cached param hdr_audio_sampling_rate from 0 to 0
11-29 07:15:45.802 1491 8786 W WindowManager: updateScale0.7996942
11-29 07:15:45.804 1491 8786 W WindowManager: updateScale0.7996942
11-29 07:15:46.437 1491 2756 E TaskPersister: File error accessing recents directory (directory doesn't exist?).
11-29 07:15:46.457 1491 8786 I ActivityTaskManager: FOREGROUND_APPLICATION_CHANGED to com.android.launcher3.uioverrides.QuickstepLauncher
11-29 07:15:46.491 16043 16059 W ContextImpl: Calling a method in the system process without a qualified user: android.app.ContextImpl.startService:1816 android.content.ContextWrapper.startService:774 com.thundercomm.gamemode.ingame.services.GameModeActionUtils.startGameModeService:93 com.thundercomm.gamemode.ingame.services.GameModeActionUtils.startGameModeEntry:21 com.thundercomm.gamemode.ingame.services.ActivityMonitoringService$1.onActivityLaunch:127
11-29 07:15:46.493 1491 8592 W AS.AudioService: Updated cached param hdr_record_on from false to false
11-29 07:15:46.494 1491 5277 W AS.AudioService: Updated cached param hdr_audio_channel_count from 0 to 0
11-29 07:15:46.496 1491 8592 W AS.AudioService: Updated cached param hdr_audio_sampling_rate from 0 to 0
11-29 07:15:46.498 1491 1491 I GameModeConfig: Current uri is uri = content://com.thundercomm.gamemode.api/gamemode_settings/gamemode_isgaming
11-29 07:15:46.501 1491 1491 I GameModeConfig: isGameModeOn = false
11-29 07:15:46.502 1491 1491 I GameModeConfig: isGameModeOn = false
11-29 07:15:46.502 1491 1491 I GameModeConfig: isDisableVoice = true
11-29 07:15:46.570 16043 16059 W ContextImpl: Calling a method in the system process without a qualified user: android.app.ContextImpl.startService:1816 android.content.ContextWrapper.startService:774 com.thundercomm.gamemode.ingame.services.GameModeActionUtils.startGameModeService:93 com.thundercomm.gamemode.ingame.services.GameModeActionUtils.startGameModeEntry:21 com.thundercomm.gamemode.ingame.services.ActivityMonitoringService$1.onActivityLaunch:127
11-29 07:15:46.579 1491 1491 I GameModeConfig: Current uri is uri = content://com.thundercomm.gamemode.api/gamemode_settings/gamemode_isgaming
11-29 07:15:46.582 1491 1491 I GameModeConfig: isGameModeOn = false
11-29 07:15:46.582 1491 1491 I GameModeConfig: isGameModeOn = false
11-29 07:15:46.582 1491 1491 I GameModeConfig: isDisableVoice = true
11-29 07:15:46.756 1491 1600 D FreeFormWindowHelper: Remove freefrom task=Task{996fa #167 type=standard A=10061:com.android.soundrecorder U=0 visible=false mode=freeform translucent=true sz=0}
11-29 07:15:46.930 1491 1760 I GameModeConfig: isGameModeOn = false
11-29 07:15:46.931 1491 1760 I GameModeConfig: isGameModeOn = false
11-29 07:15:46.931 1491 1760 I GameModeConfig: isGameModeOn = false
11-29 07:15:46.931 1491 1760 I GameModeConfig: isGameModeOn = false
11-29 07:15:46.960 1491 1760 I GameModeConfig: isGameModeOn = false
11-29 07:15:46.960 1491 1760 I GameModeConfig: isGameModeOn = false
11-29 07:15:46.961 1491 1760 I GameModeConfig: isGameModeOn = false
11-29 07:15:46.961 1491 1760 I GameModeConfig: isGameModeOn = false
11-29 07:15:47.134 1491 1491 I GameModeConfig: isGameModeOn = false
11-29 07:15:47.137 1491 1491 W NotificationHistory: Attempted to add notif for locked/gone/disabled user 0
11-29 07:15:47.165 1491 1491 I GameModeConfig: isGameModeOn = false
11-29 07:15:47.170 1491 1491 E NotificationService: Muting recently noisy 0|com.android.systemui|2048|null|10082
11-29 07:15:47.954 1491 5277 I ActivityTaskManager: START u0 {act=android.intent.action.MAIN cat=[android.intent.category.HOME] flg=0x10000000 cmp=com.android.launcher3/.uioverrides.QuickstepLauncher} from uid 10077
11-29 07:15:48.242 1491 1760 I GameModeConfig: isGameModeOn = false
11-29 07:15:48.242 1491 1760 I GameModeConfig: isGameModeOn = false
11-29 07:15:48.243 1491 1760 I GameModeConfig: isGameModeOn = false
11-29 07:15:48.243 1491 1760 I GameModeConfig: isGameModeOn = false
11-29 07:15:48.270 1491 1760 I GameModeConfig: isGameModeOn = false
11-29 07:15:48.271 1491 1760 I GameModeConfig: isGameModeOn = false
11-29 07:15:48.271 1491 1760 I GameModeConfig: isGameModeOn = false
11-29 07:15:48.271 1491 1760 I GameModeConfig: isGameModeOn = false
11-29 07:15:48.286 1491 1760 I GameModeConfig: isGameModeOn = false
11-29 07:15:48.287 1491 1760 I GameModeConfig: isGameModeOn = false
11-29 07:15:48.287 1491 1760 I GameModeConfig: isGameModeOn = false
11-29 07:15:48.288 1491 1760 I GameModeConfig: isGameModeOn = false
11-29 07:15:48.300 1491 1760 I GameModeConfig: isGameModeOn = false
11-29 07:15:48.301 1491 1760 I GameModeConfig: isGameModeOn = false
11-29 07:15:48.302 1491 1760 I GameModeConfig: isGameModeOn = false
11-29 07:15:48.302 1491 1760 I GameModeConfig: isGameModeOn = false
11-29 07:15:48.311 1491 1760 I GameModeConfig: isGameModeOn = false
11-29 07:15:48.313 1491 1760 I GameModeConfig: isGameModeOn = false
11-29 07:15:48.313 1491 1760 I GameModeConfig: isGameModeOn = false
11-29 07:15:48.313 1491 1760 I GameModeConfig: isGameModeOn = false
11-29 07:15:48.324 1491 1760 I GameModeConfig: isGameModeOn = false
11-29 07:15:48.325 1491 1760 I GameModeConfig: isGameModeOn = false
11-29 07:15:48.325 1491 1760 I GameModeConfig: isGameModeOn = false
11-29 07:15:48.325 1491 1760 I GameModeConfig: isGameModeOn = false
11-29 07:15:48.344 1491 1760 I GameModeConfig: isGameModeOn = false
11-29 07:15:48.344 1491 1760 I GameModeConfig: isGameModeOn = false
11-29 07:15:48.351 1491 1760 I GameModeConfig: isGameModeOn = false
11-29 07:15:48.351 1491 1760 I GameModeConfig: isGameModeOn = false
11-29 07:15:48.358 1491 1760 I GameModeConfig: isGameModeOn = false
11-29 07:15:48.358 1491 1760 I GameModeConfig: isGameModeOn = false
11-29 07:15:48.358 1491 1760 I GameModeConfig: isGameModeOn = false
11-29 07:15:48.358 1491 1760 I GameModeConfig: isGameModeOn = false
11-29 07:15:48.375 1491 1760 I GameModeConfig: isGameModeOn = false
11-29 07:15:48.375 1491 1760 I GameModeConfig: isGameModeOn = false
11-29 07:15:48.375 1491 1760 I GameModeConfig: isGameModeOn = false
11-29 07:15:48.375 1491 1760 I GameModeConfig: isGameModeOn = false
11-29 07:15:48.391 1491 1760 I GameModeConfig: isGameModeOn = false
11-29 07:15:48.391 1491 1760 I GameModeConfig: isGameModeOn = false
11-29 07:15:48.392 1491 1760 I GameModeConfig: isGameModeOn = false
11-29 07:15:48.392 1491 1760 I GameModeConfig: isGameModeOn = false
11-29 07:15:48.409 1491 1760 I GameModeConfig: isGameModeOn = false
11-29 07:15:48.409 1491 1760 I GameModeConfig: isGameModeOn = false
11-29 07:15:48.409 1491 1760 I GameModeConfig: isGameModeOn = false
11-29 07:15:48.409 1491 1760 I GameModeConfig: isGameModeOn = false
11-29 07:15:48.425 1491 1760 I GameModeConfig: isGameModeOn = false
11-29 07:15:48.425 1491 1760 I GameModeConfig: isGameModeOn = false
11-29 07:15:48.425 1491 1760 I GameModeConfig: isGameModeOn = false
11-29 07:15:48.425 1491 1760 I GameModeConfig: isGameModeOn = false
11-29 07:15:48.441 1491 1760 I GameModeConfig: isGameModeOn = false
11-29 07:15:48.442 1491 1760 I GameModeConfig: isGameModeOn = false
11-29 07:15:48.442 1491 1760 I GameModeConfig: isGameModeOn = false
11-29 07:15:48.442 1491 1760 I GameModeConfig: isGameModeOn = false
11-29 07:15:48.448 1491 1491 I GameModeConfig: isGameModeOn = false
11-29 07:15:48.450 1491 1491 W NotificationHistory: Attempted to add notif for locked/gone/disabled user 0
11-29 07:15:48.458 1491 1760 I GameModeConfig: isGameModeOn = false
11-29 07:15:48.460 1491 1760 I GameModeConfig: isGameModeOn = false
11-29 07:15:48.460 1491 1760 I GameModeConfig: isGameModeOn = false
11-29 07:15:48.460 1491 1760 I GameModeConfig: isGameModeOn = false
11-29 07:15:48.475 1491 1491 I GameModeConfig: isGameModeOn = false
11-29 07:15:48.476 1491 1491 E NotificationService: Muting recently noisy 0|com.android.systemui|2048|null|10082
11-29 07:15:48.477 1491 1760 I GameModeConfig: isGameModeOn = false
11-29 07:15:48.478 1491 1760 I GameModeConfig: isGameModeOn = false
11-29 07:15:48.479 1491 1760 I GameModeConfig: isGameModeOn = false
11-29 07:15:48.480 1491 1760 I GameModeConfig: isGameModeOn = false
11-29 07:15:48.490 1491 1491 I GameModeConfig: isGameModeOn = false
11-29 07:15:48.491 1491 1491 E NotificationService: Muting recently noisy 0|com.android.systemui|2048|null|10082
11-29 07:15:48.491 1491 1760 I GameModeConfig: isGameModeOn = false
11-29 07:15:48.492 1491 1760 I GameModeConfig: isGameModeOn = false
11-29 07:15:48.492 1491 1760 I GameModeConfig: isGameModeOn = false
11-29 07:15:48.492 1491 1760 I GameModeConfig: isGameModeOn = false
11-29 07:15:48.504 1491 1491 I GameModeConfig: isGameModeOn = false
11-29 07:15:48.504 1491 1491 E NotificationService: Muting recently noisy 0|com.android.systemui|2048|null|10082
11-29 07:15:48.510 1491 1760 I GameModeConfig: isGameModeOn = false
11-29 07:15:48.510 1491 1760 I GameModeConfig: isGameModeOn = false
11-29 07:15:48.510 1491 1760 I GameModeConfig: isGameModeOn = false
11-29 07:15:48.510 1491 1760 I GameModeConfig: isGameModeOn = false
11-29 07:15:48.517 1491 1491 I GameModeConfig: isGameModeOn = false
11-29 07:15:48.517 1491 1491 E NotificationService: Muting recently noisy 0|com.android.systemui|2048|null|10082
11-29 07:15:48.528 1491 1491 I GameModeConfig: isGameModeOn = false
11-29 07:15:48.528 1491 1491 E NotificationService: Muting recently noisy 0|com.android.systemui|2048|null|10082
11-29 07:15:48.544 1491 1491 I GameModeConfig: isGameModeOn = false
11-29 07:15:48.544 1491 1491 E NotificationService: Muting recently noisy 0|com.android.systemui|2048|null|10082
11-29 07:15:48.560 1491 1491 I GameModeConfig: isGameModeOn = false
11-29 07:15:48.561 1491 1491 E NotificationService: Muting recently noisy 0|com.android.systemui|2048|null|10082
11-29 07:15:48.578 1491 1491 I GameModeConfig: isGameModeOn = false
11-29 07:15:48.578 1491 1491 E NotificationService: Muting recently noisy 0|com.android.systemui|2048|null|10082
11-29 07:15:48.595 1491 1491 I GameModeConfig: isGameModeOn = false
11-29 07:15:48.595 1491 1491 E NotificationService: Muting recently noisy 0|com.android.systemui|2048|null|10082
11-29 07:15:48.611 1491 1491 I GameModeConfig: isGameModeOn = false
11-29 07:15:48.612 1491 1491 E NotificationService: Muting recently noisy 0|com.android.systemui|2048|null|10082
11-29 07:15:48.627 1491 1491 I GameModeConfig: isGameModeOn = false
11-29 07:15:48.628 1491 1491 E NotificationService: Muting recently noisy 0|com.android.systemui|2048|null|10082
11-29 07:15:48.645 1491 1491 I GameModeConfig: isGameModeOn = false
11-29 07:15:48.645 1491 1491 E NotificationService: Muting recently noisy 0|com.android.systemui|2048|null|10082
11-29 07:15:48.663 1491 1491 I GameModeConfig: isGameModeOn = false
11-29 07:15:48.663 1491 1491 E NotificationService: Muting recently noisy 0|com.android.systemui|2048|null|10082
11-29 07:15:48.684 1491 1491 I GameModeConfig: isGameModeOn = false
11-29 07:15:48.684 1491 1491 E NotificationService: Muting recently noisy 0|com.android.systemui|2048|null|10082
11-29 07:15:48.700 1491 1491 I GameModeConfig: isGameModeOn = false
11-29 07:15:48.701 1491 1491 E NotificationService: Muting recently noisy 0|com.android.systemui|2048|null|10082
11-29 07:15:48.714 1491 1491 I GameModeConfig: isGameModeOn = false
11-29 07:15:48.715 1491 1491 E NotificationService: Muting recently noisy 0|com.android.systemui|2048|null|10082
11-29 07:15:49.766 1491 2756 E TaskPersister: File error accessing recents directory (directory doesn't exist?).
11-29 07:15:50.078 1491 8786 I ActivityTaskManager: START u0 {act=android.intent.action.MAIN cat=[android.intent.category.LAUNCHER] flg=0x10200000 cmp=com.android.music/.MusicBrowserActivity bnds=[2308,340][2494,540]} from uid 10077
11-29 07:15:50.083 1491 8786 W ActivityTaskManager: Can't find TaskDisplayArea to determine support for multi window. Task id=170 attached=false
11-29 07:15:50.087 1491 8786 D CompatibilityChangeReporter: Compat change id reported: 174042980; UID 10089; state: DISABLED
11-29 07:15:50.087 1491 8786 D CompatibilityChangeReporter: Compat change id reported: 184838306; UID 10089; state: DISABLED
11-29 07:15:50.088 1491 8786 D CompatibilityChangeReporter: Compat change id reported: 185004937; UID 10089; state: DISABLED
11-29 07:15:50.089 1491 8786 D CompatibilityChangeReporter: Compat change id reported: 181136395; UID 10089; state: DISABLED
11-29 07:15:50.089 1491 8786 D CompatibilityChangeReporter: Compat change id reported: 174042936; UID 10089; state: DISABLED
11-29 07:15:50.112 1491 5277 I ActivityTaskManager: FOREGROUND_APPLICATION_CHANGED to com.android.music.MusicBrowserActivity
11-29 07:15:50.112 1491 5277 I ActivityTaskManager: The Process com.android.music Already Exists in BG. So sending its PID: 20697
11-29 07:15:50.160 16043 16059 W ContextImpl: Calling a method in the system process without a qualified user: android.app.ContextImpl.startService:1816 android.content.ContextWrapper.startService:774 com.thundercomm.gamemode.ingame.services.GameModeActionUtils.startGameModeService:93 com.thundercomm.gamemode.ingame.services.GameModeActionUtils.startGameModeEntry:21 com.thundercomm.gamemode.ingame.services.ActivityMonitoringService$1.onActivityLaunch:127
11-29 07:15:50.171 1491 1491 I GameModeConfig: Current uri is uri = content://com.thundercomm.gamemode.api/gamemode_settings/gamemode_isgaming
11-29 07:15:50.176 1491 1491 I GameModeConfig: isGameModeOn = false
11-29 07:15:50.177 1491 1491 I GameModeConfig: isGameModeOn = false
11-29 07:15:50.177 1491 1491 I GameModeConfig: isDisableVoice = true
11-29 07:15:50.227 16043 16059 W ContextImpl: Calling a method in the system process without a qualified user: android.app.ContextImpl.startService:1816 android.content.ContextWrapper.startService:774 com.thundercomm.gamemode.ingame.services.GameModeActionUtils.startGameModeService:93 com.thundercomm.gamemode.ingame.services.GameModeActionUtils.startGameModeEntry:21 com.thundercomm.gamemode.ingame.services.ActivityMonitoringService$1.onActivityLaunch:127
11-29 07:15:50.230 1491 1491 I GameModeConfig: Current uri is uri = content://com.thundercomm.gamemode.api/gamemode_settings/gamemode_isgaming
11-29 07:15:50.232 1491 1491 I GameModeConfig: isGameModeOn = false
11-29 07:15:50.233 1491 1491 I GameModeConfig: isGameModeOn = false
11-29 07:15:50.233 1491 1491 I GameModeConfig: isDisableVoice = true
11-29 07:15:50.246 1491 1608 D CompatibilityChangeReporter: Compat change id reported: 135634846; UID 10021; state: DISABLED
11-29 07:15:50.246 1491 1608 D CompatibilityChangeReporter: Compat change id reported: 177438394; UID 10021; state: DISABLED
11-29 07:15:50.246 1491 1608 D CompatibilityChangeReporter: Compat change id reported: 135772972; UID 10021; state: DISABLED
11-29 07:15:50.246 1491 1608 D CompatibilityChangeReporter: Compat change id reported: 135754954; UID 10021; state: ENABLED
11-29 07:15:50.249 1491 1609 D CompatibilityChangeReporter: Compat change id reported: 143937733; UID 10021; state: ENABLED
11-29 07:15:50.256 1491 1609 I ActivityManager: Start proc 20866:com.android.musicfx/u0a21 for broadcast {com.android.musicfx/com.android.musicfx.ControlPanelReceiver}
11-29 07:15:50.260 1491 1760 I GameModeConfig: isGameModeOn = false
11-29 07:15:50.260 1491 1760 I GameModeConfig: isGameModeOn = false
11-29 07:15:50.260 1491 1760 I GameModeConfig: isGameModeOn = false
11-29 07:15:50.260 1491 1760 I GameModeConfig: isGameModeOn = false
11-29 07:15:50.281 1491 1760 I GameModeConfig: isGameModeOn = false
11-29 07:15:50.283 1491 1760 I GameModeConfig: isGameModeOn = false
11-29 07:15:50.283 1491 1760 I GameModeConfig: isGameModeOn = false
11-29 07:15:50.283 1491 1760 I GameModeConfig: isGameModeOn = false
11-29 07:15:50.299 1491 1760 I GameModeConfig: isGameModeOn = false
11-29 07:15:50.299 1491 1760 I GameModeConfig: isGameModeOn = false
11-29 07:15:50.299 1491 1760 I GameModeConfig: isGameModeOn = false
11-29 07:15:50.299 1491 1760 I GameModeConfig: isGameModeOn = false
11-29 07:15:50.356 1491 9480 D CompatibilityChangeReporter: Compat change id reported: 157233955; UID 10089; state: ENABLED
11-29 07:15:50.481 1491 1491 I GameModeConfig: isGameModeOn = false
11-29 07:15:50.487 1491 1491 W NotificationHistory: Attempted to add notif for locked/gone/disabled user 0
11-29 07:15:50.489 1491 1491 I GameModeConfig: isGameModeOn = false
11-29 07:15:50.495 1491 1491 I GameModeConfig: isGameModeOn = false
11-29 07:15:50.496 1491 1491 I GameModeConfig: isGameModeOn = false
11-29 07:15:50.508 1491 1491 I GameModeConfig: isGameModeOn = false
11-29 07:15:50.508 1491 1491 I GameModeConfig: isGameModeOn = false
11-29 07:15:50.760 16043 16059 W ContextImpl: Calling a method in the system process without a qualified user: android.app.ContextImpl.startService:1816 android.content.ContextWrapper.startService:774 com.thundercomm.gamemode.ingame.services.GameModeActionUtils.startGameModeService:93 com.thundercomm.gamemode.ingame.services.GameModeActionUtils.startGameModeEntry:21 com.thundercomm.gamemode.ingame.services.ActivityMonitoringService$1.onActivityLaunch:127
11-29 07:15:50.764 1491 1491 I GameModeConfig: Current uri is uri = content://com.thundercomm.gamemode.api/gamemode_settings/gamemode_isgaming
11-29 07:15:50.766 1491 1491 I GameModeConfig: isGameModeOn = false
11-29 07:15:50.766 1491 1491 I GameModeConfig: isGameModeOn = false
11-29 07:15:50.766 1491 1491 I GameModeConfig: isDisableVoice = true
11-29 07:15:52.829 16043 16059 W ContextImpl: Calling a method in the system process without a qualified user: android.app.ContextImpl.startService:1816 android.content.ContextWrapper.startService:774 com.thundercomm.gamemode.ingame.services.GameModeActionUtils.startGameModeService:93 com.thundercomm.gamemode.ingame.services.GameModeActionUtils.startGameModeEntry:21 com.thundercomm.gamemode.ingame.services.ActivityMonitoringService$1.onActivityLaunch:127
11-29 07:15:52.833 1491 1491 I GameModeConfig: Current uri is uri = content://com.thundercomm.gamemode.api/gamemode_settings/gamemode_isgaming
11-29 07:15:52.839 1491 1491 I GameModeConfig: isGameModeOn = false
11-29 07:15:52.839 1491 1491 I GameModeConfig: isGameModeOn = false
11-29 07:15:52.839 1491 1491 I GameModeConfig: isDisableVoice = true
11-29 07:15:52.875 1491 9480 W ActivityTaskManager: getTaskSnapshot: taskId=1166 not found
11-29 07:15:52.878 1491 2068 W ActivityTaskManager: getTaskSnapshot: taskId=2166 not found
11-29 07:15:52.879 1491 2068 W ActivityTaskManager: getTaskSnapshot: taskId=3166 not found
11-29 07:15:53.100 1491 2756 E TaskPersister: File error accessing recents directory (directory doesn't exist?).
11-29 07:15:53.701 1491 2923 I ActivityTaskManager: FOREGROUND_APPLICATION_CHANGED to com.android.launcher3.uioverrides.QuickstepLauncher
11-29 07:15:53.751 16043 16059 W ContextImpl: Calling a method in the system process without a qualified user: android.app.ContextImpl.startService:1816 android.content.ContextWrapper.startService:774 com.thundercomm.gamemode.ingame.services.GameModeActionUtils.startGameModeService:93 com.thundercomm.gamemode.ingame.services.GameModeActionUtils.startGameModeEntry:21 com.thundercomm.gamemode.ingame.services.ActivityMonitoringService$1.onActivityLaunch:127
11-29 07:15:53.756 1491 1491 I GameModeConfig: Current uri is uri = content://com.thundercomm.gamemode.api/gamemode_settings/gamemode_isgaming
11-29 07:15:53.758 1491 1491 I GameModeConfig: isGameModeOn = false
11-29 07:15:53.758 1491 1491 I GameModeConfig: isGameModeOn = false
11-29 07:15:53.759 1491 1491 I GameModeConfig: isDisableVoice = true
11-29 07:15:53.823 16043 16059 W ContextImpl: Calling a method in the system process without a qualified user: android.app.ContextImpl.startService:1816 android.content.ContextWrapper.startService:774 com.thundercomm.gamemode.ingame.services.GameModeActionUtils.startGameModeService:93 com.thundercomm.gamemode.ingame.services.GameModeActionUtils.startGameModeEntry:21 com.thundercomm.gamemode.ingame.services.ActivityMonitoringService$1.onActivityLaunch:127
11-29 07:15:53.829 1491 1491 I GameModeConfig: Current uri is uri = content://com.thundercomm.gamemode.api/gamemode_settings/gamemode_isgaming
11-29 07:15:53.831 1491 1491 I GameModeConfig: isGameModeOn = false
11-29 07:15:53.832 1491 1491 I GameModeConfig: isGameModeOn = false
11-29 07:15:53.832 1491 1491 I GameModeConfig: isDisableVoice = true
11-29 07:15:53.909 1491 1760 I GameModeConfig: isGameModeOn = false
11-29 07:15:53.910 1491 1760 I GameModeConfig: isGameModeOn = false
