11-29 07:21:47.056 19842 19842 I sysui_multi_action: [757,113,758,1,759,113,927,1,928,1,1593,0]
11-29 07:21:47.056 19842 19842 I sysui_multi_action: [757,0,758,1,759,0,927,2,928,0,1593,0]
11-29 07:21:47.056 19842 19842 I sysui_multi_action: [757,0,758,1,759,0,927,3,928,0,1593,0]
11-29 07:21:47.056 19842 19842 I sysui_multi_action: [757,491,758,1,759,491,927,4,928,0,1311,-1,1593,0]
11-29 07:21:47.056 19842 19842 I sysui_multi_action: [757,0,758,1,759,0,927,5,928,0,1593,0]
11-29 07:21:47.056 19842 19842 I sysui_multi_action: [757,111,758,1]
11-29 07:21:47.056 1491 1760 I GameModeConfig: isGameModeOn = false
11-29 07:21:47.056 19842 19842 I sysui_multi_action: [757,126,758,1,759,126,927,0,928,1,1593,0]
11-29 07:21:47.056 19842 19842 I sysui_multi_action: [757,113,758,1,759,113,927,1,928,1,1593,0]
11-29 07:21:47.056 19842 19842 I sysui_multi_action: [757,0,758,1,759,0,927,2,928,0,1593,0]
11-29 07:21:47.056 19842 19842 I sysui_multi_action: [757,0,758,1,759,0,927,3,928,0,1593,1]
11-29 07:21:47.057 1491 1760 I GameModeConfig: isGameModeOn = false
11-29 07:21:47.057 1491 1760 I GameModeConfig: isGameModeOn = false
11-29 07:21:47.058 1491 1491 I notification_enqueue: [10082,19842,com.android.systemui,2048,NULL,0,Notification(channel=updateNotification shortcut=null contentView=null vibrate=null sound=null defaults=0x0 flags=0x0 color=0x00000000 vis=PRIVATE),1]
11-29 07:21:47.069 1491 1760 I GameModeConfig: isGameModeOn = false
11-29 07:21:47.069 1491 1760 I GameModeConfig: isGameModeOn = false
11-29 07:21:47.069 1491 1760 I GameModeConfig: isGameModeOn = false
11-29 07:21:47.070 1491 1760 I GameModeConfig: isGameModeOn = false
11-29 07:21:47.070 1491 1760 I GameModeConfig: isGameModeOn = false
11-29 07:21:47.070 1491 1760 I GameModeConfig: isGameModeOn = false
11-29 07:21:47.070 19842 19842 I sysui_multi_action: [757,111,758,2]
11-29 07:21:47.071 19842 19842 I sysui_multi_action: [757,111,758,2]
11-29 07:21:47.071 1491 1491 I notification_enqueue: [10082,19842,com.android.systemui,2048,NULL,0,Notification(channel=updateNotification shortcut=null contentView=null vibrate=null sound=null defaults=0x0 flags=0x0 color=0x00000000 vis=PRIVATE),1]
11-29 07:21:47.072 19842 19842 I sysui_multi_action: [757,111,758,1]
11-29 07:21:47.072 19842 19842 I sysui_multi_action: [757,126,758,1,759,126,927,0,928,1,1593,1]
11-29 07:21:47.072 19842 19842 I sysui_multi_action: [757,113,758,1,759,113,927,1,928,1,1593,1]
11-29 07:21:47.072 19842 19842 I sysui_multi_action: [757,0,758,1,759,0,927,2,928,0,1593,1]
11-29 07:21:47.072 19842 19842 I sysui_multi_action: [757,0,758,1,759,0,927,3,928,0,1593,1]
11-29 07:21:47.073 19842 19842 I sysui_multi_action: [757,491,758,1,759,491,927,4,928,0,1311,-1,1593,0]
11-29 07:21:47.073 19842 19842 I sysui_multi_action: [757,0,758,1,759,0,927,5,928,0,1593,0]
11-29 07:21:47.073 19842 19842 I sysui_multi_action: [757,111,758,1]
11-29 07:21:47.073 19842 19842 I sysui_multi_action: [757,126,758,1,759,126,927,0,928,1,1593,1]
11-29 07:21:47.073 19842 19842 I sysui_multi_action: [757,113,758,1,759,113,927,1,928,1,1593,1]
11-29 07:21:47.073 19842 19842 I sysui_multi_action: [757,0,758,1,759,0,927,2,928,0,1593,1]
11-29 07:21:47.073 19842 19842 I sysui_multi_action: [757,0,758,1,759,0,927,3,928,0,1593,1]
11-29 07:21:47.079 0 0 I auditd : type=1400 audit(0.0:16845): avc: denied { kill } for comm="swapper/2" capability=5 scontext=u:r:kernel:s0 tcontext=u:r:kernel:s0 tclass=capability permissive=0
11-29 07:21:47.087 1491 1760 I GameModeConfig: isGameModeOn = false
11-29 07:21:47.087 1491 1760 I GameModeConfig: isGameModeOn = false
11-29 07:21:47.087 1491 1760 I GameModeConfig: isGameModeOn = false
11-29 07:21:47.087 1491 1760 I GameModeConfig: isGameModeOn = false
11-29 07:21:47.087 1491 1760 I GameModeConfig: isGameModeOn = false
11-29 07:21:47.088 1491 1760 I GameModeConfig: isGameModeOn = false
11-29 07:21:47.089 19842 19842 I sysui_multi_action: [757,111,758,2]
11-29 07:21:47.089 1491 1491 I notification_enqueue: [10082,19842,com.android.systemui,2048,NULL,0,Notification(channel=updateNotification shortcut=null contentView=null vibrate=null sound=null defaults=0x0 flags=0x0 color=0x00000000 vis=PRIVATE),1]
11-29 07:21:47.089 19842 19842 I sysui_multi_action: [757,111,758,2]
11-29 07:21:47.091 19842 19842 I sysui_multi_action: [757,111,758,1]
11-29 07:21:47.091 19842 19842 I sysui_multi_action: [757,126,758,1,759,126,927,0,928,1,1593,1]
11-29 07:21:47.091 19842 19842 I sysui_multi_action: [757,113,758,1,759,113,927,1,928,1,1593,1]
11-29 07:21:47.092 19842 19842 I sysui_multi_action: [757,0,758,1,759,0,927,2,928,0,1593,1]
11-29 07:21:47.092 19842 19842 I sysui_multi_action: [757,0,758,1,759,0,927,3,928,0,1593,1]
11-29 07:21:47.092 19842 19842 I sysui_multi_action: [757,491,758,1,759,491,927,4,928,0,1311,-1,1593,0]
11-29 07:21:47.092 19842 19842 I sysui_multi_action: [757,0,758,1,759,0,927,5,928,0,1593,0]
11-29 07:21:47.092 19842 19842 I sysui_multi_action: [757,111,758,1]
11-29 07:21:47.092 19842 19842 I sysui_multi_action: [757,126,758,1,759,126,927,0,928,1,1593,1]
11-29 07:21:47.092 19842 19842 I sysui_multi_action: [757,113,758,1,759,113,927,1,928,1,1593,1]
11-29 07:21:47.092 19842 19842 I sysui_multi_action: [757,0,758,1,759,0,927,2,928,0,1593,1]
11-29 07:21:47.092 19842 19842 I sysui_multi_action: [757,0,758,1,759,0,927,3,928,0,1593,1]
11-29 07:21:47.103 1491 1760 I GameModeConfig: isGameModeOn = false
11-29 07:21:47.103 1491 1760 I GameModeConfig: isGameModeOn = false
11-29 07:21:47.103 1491 1760 I GameModeConfig: isGameModeOn = false
11-29 07:21:47.104 1491 1760 I GameModeConfig: isGameModeOn = false
11-29 07:21:47.104 1491 1760 I GameModeConfig: isGameModeOn = false
11-29 07:21:47.104 1491 1760 I GameModeConfig: isGameModeOn = false
11-29 07:21:47.104 19842 19842 I sysui_multi_action: [757,111,758,2]
11-29 07:21:47.105 19842 19842 I sysui_multi_action: [757,111,758,2]
11-29 07:21:47.105 1491 1491 I notification_enqueue: [10082,19842,com.android.systemui,2048,NULL,0,Notification(channel=updateNotification shortcut=null contentView=null vibrate=null sound=null defaults=0x0 flags=0x0 color=0x00000000 vis=PRIVATE),1]
11-29 07:21:47.107 19842 19842 I sysui_multi_action: [757,111,758,1]
11-29 07:21:47.107 19842 19842 I sysui_multi_action: [757,126,758,1,759,126,927,0,928,1,1593,1]
11-29 07:21:47.107 19842 19842 I sysui_multi_action: [757,113,758,1,759,113,927,1,928,1,1593,1]
11-29 07:21:47.107 19842 19842 I sysui_multi_action: [757,0,758,1,759,0,927,2,928,0,1593,1]
11-29 07:21:47.107 19842 19842 I sysui_multi_action: [757,0,758,1,759,0,927,3,928,0,1593,1]
11-29 07:21:47.107 19842 19842 I sysui_multi_action: [757,491,758,1,759,491,927,4,928,0,1311,-1,1593,0]
11-29 07:21:47.107 19842 19842 I sysui_multi_action: [757,0,758,1,759,0,927,5,928,0,1593,0]
11-29 07:21:47.107 19842 19842 I sysui_multi_action: [757,111,758,1]
11-29 07:21:47.107 19842 19842 I sysui_multi_action: [757,126,758,1,759,126,927,0,928,1,1593,1]
11-29 07:21:47.107 19842 19842 I sysui_multi_action: [757,113,758,1,759,113,927,1,928,1,1593,1]
11-29 07:21:47.107 19842 19842 I sysui_multi_action: [757,0,758,1,759,0,927,2,928,0,1593,1]
11-29 07:21:47.107 19842 19842 I sysui_multi_action: [757,0,758,1,759,0,927,3,928,0,1593,1]
11-29 07:21:47.162 1491 1491 I GameModeConfig: isGameModeOn = false
11-29 07:21:47.165 1491 1491 I sysui_multi_action: [757,1501,758,1,793,14864426,794,0,795,206,796,2048,806,com.android.systemui,857,updateNotification,858,3,947,0,1500,0,1688,1]
11-29 07:21:47.165 1491 1491 I sysui_multi_action: [757,804,799,note_interruptive,801,0,802,1]
11-29 07:21:47.165 1491 1491 I sysui_multi_action: [757,199,758,1,759,2,793,14864426,794,0,795,206,796,2048,806,com.android.systemui,857,updateNotification,858,3,947,0,1500,0,1688,1]
11-29 07:21:47.165 1491 1491 I notification_alert: [0|com.android.systemui|2048|null|10082,0,1,0]
11-29 07:21:47.166 1491 1491 W NotificationHistory: Attempted to add notif for locked/gone/disabled user 0
11-29 07:21:47.190 1491 1491 I GameModeConfig: isGameModeOn = false
11-29 07:21:47.190 1491 1491 E NotificationService: Muting recently noisy 0|com.android.systemui|2048|null|10082
11-29 07:21:47.228 1491 1491 I GameModeConfig: isGameModeOn = false
11-29 07:21:47.228 1491 1491 E NotificationService: Muting recently noisy 0|com.android.systemui|2048|null|10082
11-29 07:21:47.243 1491 1491 I GameModeConfig: isGameModeOn = false
11-29 07:21:47.243 1491 1491 E NotificationService: Muting recently noisy 0|com.android.systemui|2048|null|10082
11-29 07:21:47.260 1491 1491 I GameModeConfig: isGameModeOn = false
11-29 07:21:47.261 1491 1491 E NotificationService: Muting recently noisy 0|com.android.systemui|2048|null|10082
11-29 07:21:47.271 1491 1491 I GameModeConfig: isGameModeOn = false
11-29 07:21:47.272 1491 1491 E NotificationService: Muting recently noisy 0|com.android.systemui|2048|null|10082
11-29 07:21:47.290 1491 1491 I GameModeConfig: isGameModeOn = false
11-29 07:21:47.290 1491 1491 E NotificationService: Muting recently noisy 0|com.android.systemui|2048|null|10082
11-29 07:21:47.306 1491 1491 I GameModeConfig: isGameModeOn = false
11-29 07:21:47.306 1491 1491 E NotificationService: Muting recently noisy 0|com.android.systemui|2048|null|10082
11-29 07:21:47.489 1491 2061 I sysui_multi_action: [757,128,758,1,793,13472262,794,0,795,13472262,796,26,798,0,806,android,857,DEVELOPER_IMPORTANT,858,4,947,0,1395,2,1500,13472057,1688,1]
11-29 07:21:47.490 1491 2061 I sysui_multi_action: [757,804,799,note_freshness,801,13472262,802,1]
11-29 07:21:47.490 1491 2061 I notification_visibility: [-1|android|26|null|1000,1,13472262,13472262,0,0]
11-29 07:21:47.490 1491 2061 I sysui_multi_action: [757,128,758,1,793,13472266,794,0,795,13472266,796,32,798,1,806,android,857,USB,858,1,947,0,1395,2,1500,13472063,1688,1]
11-29 07:21:47.490 1491 2061 I sysui_multi_action: [757,804,799,note_freshness,801,13472266,802,1]
11-29 07:21:47.490 1491 2061 I notification_visibility: [-1|android|32|null|1000,1,13472266,13472266,0,1]
11-29 07:21:49.079 0 0 I auditd : type=1400 audit(0.0:16846): avc: denied { kill } for comm="swapper/2" capability=5 scontext=u:r:kernel:s0 tcontext=u:r:kernel:s0 tclass=capability permissive=0
11-29 07:21:49.753 1491 1693 I input_interaction: Interaction with: 3124ee4 NotificationShade (server), edge-swipe (server), swipe-up (server), PointerEventDispatcher0 (server),
11-29 07:21:49.772 1491 1693 I input_interaction: Interaction with: edge-swipe (server), swipe-up (server), PointerEventDispatcher0 (server),
11-29 07:21:49.776 19842 19842 I view_enqueue_input_event: [Motion - Cancel,NotificationShade]
11-29 07:21:49.809 1491 8646 I ActivityTaskManager: START u0 {act=android.intent.action.MAIN cat=[android.intent.category.HOME] flg=0x10000000 cmp=com.android.launcher3/.uioverrides.QuickstepLauncher} from uid 10077
11-29 07:21:49.821 1491 8646 I wm_new_intent: [0,254362067,41,com.android.launcher3/.uioverrides.QuickstepLauncher,android.intent.action.MAIN,NULL,NULL,268435712]
11-29 07:21:49.821 1491 8646 I wm_task_moved: [32,1,9]
11-29 07:21:49.822 1491 8646 I wm_set_resumed_activity: [0,com.android.launcher3/.uioverrides.QuickstepLauncher,positionChildAt]
11-29 07:21:49.826 9956 9956 I wm_on_top_resumed_lost_called: [254362067,com.android.launcher3.uioverrides.QuickstepLauncher,pausing]
11-29 07:21:49.827 9956 9956 I wm_on_paused_called: [254362067,com.android.launcher3.uioverrides.QuickstepLauncher,performPause]
11-29 07:21:49.829 9956 9956 I wm_on_resume_called: [254362067,com.android.launcher3.uioverrides.QuickstepLauncher,LIFECYCLER_RESUME_ACTIVITY]
11-29 07:21:49.829 9956 9956 I wm_on_top_resumed_gained_called: [254362067,com.android.launcher3.uioverrides.QuickstepLauncher,topWhenResuming]
11-29 07:21:49.863 1491 1600 I input_focus: [Focus request cd0514f com.android.launcher3/com.android.launcher3.uioverrides.QuickstepLauncher,reason=UpdateInputWindows]
11-29 07:21:49.883 1491 1693 I input_focus: [Focus leaving 3124ee4 NotificationShade (server),reason=NOT_FOCUSABLE]
11-29 07:21:49.883 1491 1693 I input_focus: [Focus entering cd0514f com.android.launcher3/com.android.launcher3.uioverrides.QuickstepLauncher (server),reason=setFocusedWindow]
11-29 07:21:50.028 1491 1760 I GameModeConfig: isGameModeOn = false
11-29 07:21:50.029 1491 1760 I GameModeConfig: isGameModeOn = false
11-29 07:21:50.030 1491 1760 I GameModeConfig: isGameModeOn = false
11-29 07:21:50.030 1491 1760 I GameModeConfig: isGameModeOn = false
11-29 07:21:50.030 1491 1760 I GameModeConfig: isGameModeOn = false
11-29 07:21:50.031 1491 1760 I GameModeConfig: isGameModeOn = false
11-29 07:21:50.039 19842 19842 I sysui_multi_action: [757,111,758,2]
11-29 07:21:50.039 19842 19842 I sysui_multi_action: [757,111,758,2]
11-29 07:21:50.039 1491 1491 I notification_enqueue: [10082,19842,com.android.systemui,2048,NULL,0,Notification(channel=updateNotification shortcut=null contentView=null vibrate=null sound=null defaults=0x0 flags=0x0 color=0x00000000 vis=PRIVATE),1]
11-29 07:21:50.047 19842 19842 I sysui_multi_action: [757,111,758,1]
11-29 07:21:50.048 19842 19842 I sysui_multi_action: [757,126,758,1,759,126,927,0,928,1,1593,0]
11-29 07:21:50.048 19842 19842 I sysui_multi_action: [757,113,758,1,759,113,927,1,928,1,1593,0]
11-29 07:21:50.048 19842 19842 I sysui_multi_action: [757,0,758,1,759,0,927,2,928,0,1593,0]
11-29 07:21:50.049 19842 19842 I sysui_multi_action: [757,0,758,1,759,0,927,3,928,0,1593,1]
11-29 07:21:50.050 19842 19842 I sysui_multi_action: [757,491,758,1,759,491,927,4,928,0,1311,-1,1593,0]
11-29 07:21:50.050 19842 19842 I sysui_multi_action: [757,0,758,1,759,0,927,5,928,0,1593,1]
11-29 07:21:50.050 19842 19842 I sysui_multi_action: [757,111,758,1]
11-29 07:21:50.051 19842 19842 I sysui_multi_action: [757,126,758,1,759,126,927,0,928,1,1593,1]
11-29 07:21:50.051 19842 19842 I sysui_multi_action: [757,113,758,1,759,113,927,1,928,1,1593,1]
11-29 07:21:50.051 19842 19842 I sysui_multi_action: [757,0,758,1,759,0,927,2,928,0,1593,1]
11-29 07:21:50.051 19842 19842 I sysui_multi_action: [757,0,758,1,759,0,927,3,928,0,1593,1]
11-29 07:21:50.061 1491 1760 I GameModeConfig: isGameModeOn = false
11-29 07:21:50.062 1491 1760 I GameModeConfig: isGameModeOn = false
11-29 07:21:50.062 1491 1760 I GameModeConfig: isGameModeOn = false
11-29 07:21:50.062 1491 1760 I GameModeConfig: isGameModeOn = false
11-29 07:21:50.063 1491 1760 I GameModeConfig: isGameModeOn = false
11-29 07:21:50.063 1491 1760 I GameModeConfig: isGameModeOn = false
11-29 07:21:50.065 19842 19842 I sysui_multi_action: [757,111,758,2]
11-29 07:21:50.066 19842 19842 I sysui_multi_action: [757,111,758,2]
11-29 07:21:50.066 1491 1491 I notification_enqueue: [10082,19842,com.android.systemui,2048,NULL,0,Notification(channel=updateNotification shortcut=null contentView=null vibrate=null sound=null defaults=0x0 flags=0x0 color=0x00000000 vis=PRIVATE),1]
11-29 07:21:50.069 19842 19842 I sysui_multi_action: [757,111,758,1]
11-29 07:21:50.069 19842 19842 I sysui_multi_action: [757,126,758,1,759,126,927,0,928,1,1593,1]
11-29 07:21:50.069 19842 19842 I sysui_multi_action: [757,113,758,1,759,113,927,1,928,1,1593,1]
11-29 07:21:50.069 19842 19842 I sysui_multi_action: [757,0,758,1,759,0,927,2,928,0,1593,1]
11-29 07:21:50.069 19842 19842 I sysui_multi_action: [757,0,758,1,759,0,927,3,928,0,1593,1]
11-29 07:21:50.069 19842 19842 I sysui_multi_action: [757,491,758,1,759,491,927,4,928,0,1311,-1,1593,0]
11-29 07:21:50.069 19842 19842 I sysui_multi_action: [757,0,758,1,759,0,927,5,928,0,1593,0]
11-29 07:21:50.069 19842 19842 I sysui_multi_action: [757,111,758,1]
11-29 07:21:50.069 19842 19842 I sysui_multi_action: [757,126,758,1,759,126,927,0,928,1,1593,1]
11-29 07:21:50.069 19842 19842 I sysui_multi_action: [757,113,758,1,759,113,927,1,928,1,1593,1]
11-29 07:21:50.069 19842 19842 I sysui_multi_action: [757,0,758,1,759,0,927,2,928,0,1593,1]
11-29 07:21:50.070 19842 19842 I sysui_multi_action: [757,0,758,1,759,0,927,3,928,0,1593,1]
11-29 07:21:50.077 1491 1760 I GameModeConfig: isGameModeOn = false
11-29 07:21:50.078 1491 1760 I GameModeConfig: isGameModeOn = false
11-29 07:21:50.078 1491 1760 I GameModeConfig: isGameModeOn = false
11-29 07:21:50.078 1491 1760 I GameModeConfig: isGameModeOn = false
11-29 07:21:50.078 1491 1760 I GameModeConfig: isGameModeOn = false
11-29 07:21:50.078 1491 1760 I GameModeConfig: isGameModeOn = false
11-29 07:21:50.079 19842 19842 I sysui_multi_action: [757,111,758,2]
11-29 07:21:50.079 19842 19842 I sysui_multi_action: [757,111,758,2]
11-29 07:21:50.080 1491 1491 I notification_enqueue: [10082,19842,com.android.systemui,2048,NULL,0,Notification(channel=updateNotification shortcut=null contentView=null vibrate=null sound=null defaults=0x0 flags=0x0 color=0x00000000 vis=PRIVATE),1]
11-29 07:21:50.082 19842 19842 I sysui_multi_action: [757,111,758,1]
11-29 07:21:50.082 19842 19842 I sysui_multi_action: [757,126,758,1,759,126,927,0,928,1,1593,1]
11-29 07:21:50.082 19842 19842 I sysui_multi_action: [757,113,758,1,759,113,927,1,928,1,1593,1]
11-29 07:21:50.082 19842 19842 I sysui_multi_action: [757,0,758,1,759,0,927,2,928,0,1593,1]
11-29 07:21:50.082 19842 19842 I sysui_multi_action: [757,0,758,1,759,0,927,3,928,0,1593,1]
11-29 07:21:50.083 19842 19842 I sysui_multi_action: [757,491,758,1,759,491,927,4,928,0,1311,-1,1593,0]
11-29 07:21:50.083 19842 19842 I sysui_multi_action: [757,0,758,1,759,0,927,5,928,0,1593,0]
11-29 07:21:50.083 19842 19842 I sysui_multi_action: [757,111,758,1]
11-29 07:21:50.083 19842 19842 I sysui_multi_action: [757,126,758,1,759,126,927,0,928,1,1593,1]
11-29 07:21:50.083 19842 19842 I sysui_multi_action: [757,113,758,1,759,113,927,1,928,1,1593,1]
11-29 07:21:50.083 19842 19842 I sysui_multi_action: [757,0,758,1,759,0,927,2,928,0,1593,1]
11-29 07:21:50.083 19842 19842 I sysui_multi_action: [757,0,758,1,759,0,927,3,928,0,1593,1]
11-29 07:21:50.079 0 0 I auditd : type=1400 audit(0.0:16847): avc: denied { kill } for comm="swapper/2" capability=5 scontext=u:r:kernel:s0 tcontext=u:r:kernel:s0 tclass=capability permissive=0
11-29 07:21:50.093 1491 1760 I GameModeConfig: isGameModeOn = false
11-29 07:21:50.094 1491 1760 I GameModeConfig: isGameModeOn = false
11-29 07:21:50.094 1491 1760 I GameModeConfig: isGameModeOn = false
11-29 07:21:50.094 1491 1760 I GameModeConfig: isGameModeOn = false
11-29 07:21:50.094 1491 1760 I GameModeConfig: isGameModeOn = false
11-29 07:21:50.094 1491 1760 I GameModeConfig: isGameModeOn = false
11-29 07:21:50.095 19842 19842 I sysui_multi_action: [757,111,758,2]
11-29 07:21:50.095 19842 19842 I sysui_multi_action: [757,111,758,2]
11-29 07:21:50.095 1491 1491 I notification_enqueue: [10082,19842,com.android.systemui,2048,NULL,0,Notification(channel=updateNotification shortcut=null contentView=null vibrate=null sound=null defaults=0x0 flags=0x0 color=0x00000000 vis=PRIVATE),1]
11-29 07:21:50.098 19842 19842 I sysui_multi_action: [757,111,758,1]
11-29 07:21:50.098 19842 19842 I sysui_multi_action: [757,126,758,1,759,126,927,0,928,1,1593,0]
11-29 07:21:50.098 19842 19842 I sysui_multi_action: [757,113,758,1,759,113,927,1,928,1,1593,1]
11-29 07:21:50.098 19842 19842 I sysui_multi_action: [757,0,758,1,759,0,927,2,928,0,1593,1]
11-29 07:21:50.098 19842 19842 I sysui_multi_action: [757,0,758,1,759,0,927,3,928,0,1593,1]
11-29 07:21:50.098 19842 19842 I sysui_multi_action: [757,491,758,1,759,491,927,4,928,0,1311,-1,1593,0]
11-29 07:21:50.098 19842 19842 I sysui_multi_action: [757,0,758,1,759,0,927,5,928,0,1593,0]
11-29 07:21:50.098 19842 19842 I sysui_multi_action: [757,111,758,1]
11-29 07:21:50.098 19842 19842 I sysui_multi_action: [757,126,758,1,759,126,927,0,928,1,1593,1]
11-29 07:21:50.098 19842 19842 I sysui_multi_action: [757,113,758,1,759,113,927,1,928,1,1593,1]
11-29 07:21:50.099 19842 19842 I sysui_multi_action: [757,0,758,1,759,0,927,2,928,0,1593,1]
11-29 07:21:50.099 19842 19842 I sysui_multi_action: [757,0,758,1,759,0,927,3,928,0,1593,1]
11-29 07:21:50.110 1491 1760 I GameModeConfig: isGameModeOn = false
11-29 07:21:50.111 1491 1760 I GameModeConfig: isGameModeOn = false
11-29 07:21:50.111 1491 1760 I GameModeConfig: isGameModeOn = false
11-29 07:21:50.111 1491 1760 I GameModeConfig: isGameModeOn = false
11-29 07:21:50.111 1491 1760 I GameModeConfig: isGameModeOn = false
11-29 07:21:50.112 1491 1760 I GameModeConfig: isGameModeOn = false
11-29 07:21:50.112 19842 19842 I sysui_multi_action: [757,111,758,2]
11-29 07:21:50.113 19842 19842 I sysui_multi_action: [757,111,758,2]
11-29 07:21:50.113 1491 1491 I notification_enqueue: [10082,19842,com.android.systemui,2048,NULL,0,Notification(channel=updateNotification shortcut=null contentView=null vibrate=null sound=null defaults=0x0 flags=0x0 color=0x00000000 vis=PRIVATE),1]
11-29 07:21:50.116 19842 19842 I sysui_multi_action: [757,111,758,1]
11-29 07:21:50.116 19842 19842 I sysui_multi_action: [757,126,758,1,759,126,927,0,928,1,1593,1]
11-29 07:21:50.116 19842 19842 I sysui_multi_action: [757,113,758,1,759,113,927,1,928,1,1593,1]
11-29 07:21:50.116 19842 19842 I sysui_multi_action: [757,0,758,1,759,0,927,2,928,0,1593,1]
11-29 07:21:50.116 19842 19842 I sysui_multi_action: [757,0,758,1,759,0,927,3,928,0,1593,1]
11-29 07:21:50.116 19842 19842 I sysui_multi_action: [757,491,758,1,759,491,927,4,928,0,1311,-1,1593,0]
11-29 07:21:50.116 19842 19842 I sysui_multi_action: [757,0,758,1,759,0,927,5,928,0,1593,0]
11-29 07:21:50.116 19842 19842 I sysui_multi_action: [757,111,758,1]
11-29 07:21:50.117 19842 19842 I sysui_multi_action: [757,126,758,1,759,126,927,0,928,1,1593,1]
11-29 07:21:50.117 19842 19842 I sysui_multi_action: [757,113,758,1,759,113,927,1,928,1,1593,1]
11-29 07:21:50.117 19842 19842 I sysui_multi_action: [757,0,758,1,759,0,927,2,928,0,1593,1]
11-29 07:21:50.117 19842 19842 I sysui_multi_action: [757,0,758,1,759,0,927,3,928,0,1593,1]
11-29 07:21:50.127 1491 1760 I GameModeConfig: isGameModeOn = false
11-29 07:21:50.128 1491 1760 I GameModeConfig: isGameModeOn = false
11-29 07:21:50.129 1491 1760 I GameModeConfig: isGameModeOn = false
11-29 07:21:50.129 1491 1760 I GameModeConfig: isGameModeOn = false
11-29 07:21:50.129 1491 1760 I GameModeConfig: isGameModeOn = false
11-29 07:21:50.129 1491 1760 I GameModeConfig: isGameModeOn = false
11-29 07:21:50.130 19842 19842 I sysui_multi_action: [757,111,758,2]
11-29 07:21:50.130 19842 19842 I sysui_multi_action: [757,111,758,2]
11-29 07:21:50.131 1491 1491 I notification_enqueue: [10082,19842,com.android.systemui,2048,NULL,0,Notification(channel=updateNotification shortcut=null contentView=null vibrate=null sound=null defaults=0x0 flags=0x0 color=0x00000000 vis=PRIVATE),1]
11-29 07:21:50.133 19842 19842 I sysui_multi_action: [757,111,758,1]
11-29 07:21:50.133 19842 19842 I sysui_multi_action: [757,126,758,1,759,126,927,0,928,1,1593,1]
11-29 07:21:50.133 19842 19842 I sysui_multi_action: [757,113,758,1,759,113,927,1,928,1,1593,1]
11-29 07:21:50.133 19842 19842 I sysui_multi_action: [757,0,758,1,759,0,927,2,928,0,1593,1]
11-29 07:21:50.134 19842 19842 I sysui_multi_action: [757,0,758,1,759,0,927,3,928,0,1593,1]
11-29 07:21:50.134 19842 19842 I sysui_multi_action: [757,491,758,1,759,491,927,4,928,0,1311,-1,1593,0]
11-29 07:21:50.134 19842 19842 I sysui_multi_action: [757,0,758,1,759,0,927,5,928,0,1593,0]
11-29 07:21:50.134 19842 19842 I sysui_multi_action: [757,111,758,1]
11-29 07:21:50.134 19842 19842 I sysui_multi_action: [757,126,758,1,759,126,927,0,928,1,1593,1]
11-29 07:21:50.134 19842 19842 I sysui_multi_action: [757,113,758,1,759,113,927,1,928,1,1593,1]
11-29 07:21:50.134 19842 19842 I sysui_multi_action: [757,0,758,1,759,0,927,2,928,0,1593,1]
11-29 07:21:50.134 19842 19842 I sysui_multi_action: [757,0,758,1,759,0,927,3,928,0,1593,1]
11-29 07:21:50.144 1491 1760 I GameModeConfig: isGameModeOn = false
11-29 07:21:50.145 1491 1760 I GameModeConfig: isGameModeOn = false
11-29 07:21:50.145 1491 1760 I GameModeConfig: isGameModeOn = false
11-29 07:21:50.145 1491 1760 I GameModeConfig: isGameModeOn = false
11-29 07:21:50.146 1491 1760 I GameModeConfig: isGameModeOn = false
11-29 07:21:50.146 1491 1760 I GameModeConfig: isGameModeOn = false
11-29 07:21:50.147 19842 19842 I sysui_multi_action: [757,111,758,2]
11-29 07:21:50.147 19842 19842 I sysui_multi_action: [757,111,758,2]
11-29 07:21:50.147 1491 1491 I notification_enqueue: [10082,19842,com.android.systemui,2048,NULL,0,Notification(channel=updateNotification shortcut=null contentView=null vibrate=null sound=null defaults=0x0 flags=0x0 color=0x00000000 vis=PRIVATE),1]
11-29 07:21:50.150 19842 19842 I sysui_multi_action: [757,111,758,1]
11-29 07:21:50.150 19842 19842 I sysui_multi_action: [757,126,758,1,759,126,927,0,928,1,1593,1]
11-29 07:21:50.150 19842 19842 I sysui_multi_action: [757,113,758,1,759,113,927,1,928,1,1593,1]
11-29 07:21:50.150 19842 19842 I sysui_multi_action: [757,0,758,1,759,0,927,2,928,0,1593,1]
11-29 07:21:50.150 19842 19842 I sysui_multi_action: [757,0,758,1,759,0,927,3,928,0,1593,1]
11-29 07:21:50.151 19842 19842 I sysui_multi_action: [757,491,758,1,759,491,927,4,928,0,1311,-1,1593,0]
11-29 07:21:50.151 19842 19842 I sysui_multi_action: [757,0,758,1,759,0,927,5,928,0,1593,0]
11-29 07:21:50.151 19842 19842 I sysui_multi_action: [757,111,758,1]
11-29 07:21:50.151 19842 19842 I sysui_multi_action: [757,126,758,1,759,126,927,0,928,1,1593,1]
11-29 07:21:50.151 19842 19842 I sysui_multi_action: [757,113,758,1,759,113,927,1,928,1,1593,1]
11-29 07:21:50.151 19842 19842 I sysui_multi_action: [757,0,758,1,759,0,927,2,928,0,1593,1]
11-29 07:21:50.151 19842 19842 I sysui_multi_action: [757,0,758,1,759,0,927,3,928,0,1593,1]
11-29 07:21:50.161 1491 1760 I GameModeConfig: isGameModeOn = false
11-29 07:21:50.161 1491 1760 I GameModeConfig: isGameModeOn = false
11-29 07:21:50.162 1491 1760 I GameModeConfig: isGameModeOn = false
11-29 07:21:50.162 1491 1760 I GameModeConfig: isGameModeOn = false
11-29 07:21:50.162 1491 1760 I GameModeConfig: isGameModeOn = false
11-29 07:21:50.162 1491 1760 I GameModeConfig: isGameModeOn = false
11-29 07:21:50.163 19842 19842 I sysui_multi_action: [757,111,758,2]
11-29 07:21:50.163 19842 19842 I sysui_multi_action: [757,111,758,2]
11-29 07:21:50.163 1491 1491 I notification_enqueue: [10082,19842,com.android.systemui,2048,NULL,0,Notification(channel=updateNotification shortcut=null contentView=null vibrate=null sound=null defaults=0x0 flags=0x0 color=0x00000000 vis=PRIVATE),1]
11-29 07:21:50.166 19842 19842 I sysui_multi_action: [757,111,758,1]
11-29 07:21:50.166 19842 19842 I sysui_multi_action: [757,126,758,1,759,126,927,0,928,1,1593,1]
11-29 07:21:50.166 19842 19842 I sysui_multi_action: [757,113,758,1,759,113,927,1,928,1,1593,1]
11-29 07:21:50.166 19842 19842 I sysui_multi_action: [757,0,758,1,759,0,927,2,928,0,1593,1]
11-29 07:21:50.166 19842 19842 I sysui_multi_action: [757,0,758,1,759,0,927,3,928,0,1593,1]
11-29 07:21:50.166 19842 19842 I sysui_multi_action: [757,491,758,1,759,491,927,4,928,0,1311,-1,1593,0]
11-29 07:21:50.166 19842 19842 I sysui_multi_action: [757,0,758,1,759,0,927,5,928,0,1593,0]
11-29 07:21:50.167 19842 19842 I sysui_multi_action: [757,111,758,1]
11-29 07:21:50.167 19842 19842 I sysui_multi_action: [757,126,758,1,759,126,927,0,928,1,1593,1]
11-29 07:21:50.167 19842 19842 I sysui_multi_action: [757,113,758,1,759,113,927,1,928,1,1593,1]
11-29 07:21:50.167 19842 19842 I sysui_multi_action: [757,0,758,1,759,0,927,2,928,0,1593,1]
11-29 07:21:50.167 19842 19842 I sysui_multi_action: [757,0,758,1,759,0,927,3,928,0,1593,1]
11-29 07:21:50.177 1491 1760 I GameModeConfig: isGameModeOn = false
11-29 07:21:50.178 1491 1760 I GameModeConfig: isGameModeOn = false
11-29 07:21:50.178 1491 1760 I GameModeConfig: isGameModeOn = false
11-29 07:21:50.178 1491 1760 I GameModeConfig: isGameModeOn = false
11-29 07:21:50.179 1491 1760 I GameModeConfig: isGameModeOn = false
11-29 07:21:50.179 1491 1760 I GameModeConfig: isGameModeOn = false
11-29 07:21:50.180 19842 19842 I sysui_multi_action: [757,111,758,2]
11-29 07:21:50.180 19842 19842 I sysui_multi_action: [757,111,758,2]
11-29 07:21:50.180 1491 1491 I notification_enqueue: [10082,19842,com.android.systemui,2048,NULL,0,Notification(channel=updateNotification shortcut=null contentView=null vibrate=null sound=null defaults=0x0 flags=0x0 color=0x00000000 vis=PRIVATE),1]
11-29 07:21:50.183 19842 19842 I sysui_multi_action: [757,111,758,1]
11-29 07:21:50.183 19842 19842 I sysui_multi_action: [757,126,758,1,759,126,927,0,928,1,1593,1]
11-29 07:21:50.183 19842 19842 I sysui_multi_action: [757,113,758,1,759,113,927,1,928,1,1593,1]
11-29 07:21:50.183 19842 19842 I sysui_multi_action: [757,0,758,1,759,0,927,2,928,0,1593,1]
11-29 07:21:50.183 19842 19842 I sysui_multi_action: [757,0,758,1,759,0,927,3,928,0,1593,1]
11-29 07:21:50.184 19842 19842 I sysui_multi_action: [757,491,758,1,759,491,927,4,928,0,1311,-1,1593,0]
11-29 07:21:50.184 19842 19842 I sysui_multi_action: [757,0,758,1,759,0,927,5,928,0,1593,0]
11-29 07:21:50.184 19842 19842 I sysui_multi_action: [757,111,758,1]
11-29 07:21:50.184 19842 19842 I sysui_multi_action: [757,126,758,1,759,126,927,0,928,1,1593,1]
11-29 07:21:50.184 19842 19842 I sysui_multi_action: [757,113,758,1,759,113,927,1,928,1,1593,1]
11-29 07:21:50.184 19842 19842 I sysui_multi_action: [757,0,758,1,759,0,927,2,928,0,1593,1]
11-29 07:21:50.184 19842 19842 I sysui_multi_action: [757,0,758,1,759,0,927,3,928,0,1593,1]
11-29 07:21:50.194 1491 1760 I GameModeConfig: isGameModeOn = false
11-29 07:21:50.194 1491 1760 I GameModeConfig: isGameModeOn = false
11-29 07:21:50.195 1491 1760 I GameModeConfig: isGameModeOn = false
11-29 07:21:50.195 1491 1760 I GameModeConfig: isGameModeOn = false
11-29 07:21:50.195 1491 1760 I GameModeConfig: isGameModeOn = false
11-29 07:21:50.195 1491 1760 I GameModeConfig: isGameModeOn = false
11-29 07:21:50.196 19842 19842 I sysui_multi_action: [757,111,758,2]
11-29 07:21:50.196 19842 19842 I sysui_multi_action: [757,111,758,2]
11-29 07:21:50.197 1491 1491 I notification_enqueue: [10082,19842,com.android.systemui,2048,NULL,0,Notification(channel=updateNotification shortcut=null contentView=null vibrate=null sound=null defaults=0x0 flags=0x0 color=0x00000000 vis=PRIVATE),1]
11-29 07:21:50.199 19842 19842 I sysui_multi_action: [757,111,758,1]
11-29 07:21:50.199 19842 19842 I sysui_multi_action: [757,126,758,1,759,126,927,0,928,1,1593,1]
11-29 07:21:50.199 19842 19842 I sysui_multi_action: [757,113,758,1,759,113,927,1,928,1,1593,1]
11-29 07:21:50.199 19842 19842 I sysui_multi_action: [757,0,758,1,759,0,927,2,928,0,1593,1]
11-29 07:21:50.199 19842 19842 I sysui_multi_action: [757,0,758,1,759,0,927,3,928,0,1593,1]
11-29 07:21:50.199 19842 19842 I sysui_multi_action: [757,491,758,1,759,491,927,4,928,0,1311,-1,1593,0]
11-29 07:21:50.199 19842 19842 I sysui_multi_action: [757,0,758,1,759,0,927,5,928,0,1593,0]
11-29 07:21:50.199 19842 19842 I sysui_multi_action: [757,111,758,1]
11-29 07:21:50.200 19842 19842 I sysui_multi_action: [757,126,758,1,759,126,927,0,928,1,1593,1]
11-29 07:21:50.200 19842 19842 I sysui_multi_action: [757,113,758,1,759,113,927,1,928,1,1593,1]
11-29 07:21:50.200 19842 19842 I sysui_multi_action: [757,0,758,1,759,0,927,2,928,0,1593,1]
11-29 07:21:50.200 19842 19842 I sysui_multi_action: [757,0,758,1,759,0,927,3,928,0,1593,1]
11-29 07:21:50.210 1491 1760 I GameModeConfig: isGameModeOn = false
11-29 07:21:50.211 1491 1760 I GameModeConfig: isGameModeOn = false
11-29 07:21:50.211 1491 1760 I GameModeConfig: isGameModeOn = false
11-29 07:21:50.211 1491 1760 I GameModeConfig: isGameModeOn = false
11-29 07:21:50.211 1491 1760 I GameModeConfig: isGameModeOn = false
11-29 07:21:50.212 1491 1760 I GameModeConfig: isGameModeOn = false
11-29 07:21:50.213 19842 19842 I sysui_multi_action: [757,111,758,2]
11-29 07:21:50.213 1491 1491 I notification_enqueue: [10082,19842,com.android.systemui,2048,NULL,0,Notification(channel=updateNotification shortcut=null contentView=null vibrate=null sound=null defaults=0x0 flags=0x0 color=0x00000000 vis=PRIVATE),1]
11-29 07:21:50.213 19842 19842 I sysui_multi_action: [757,111,758,2]
11-29 07:21:50.215 19842 19842 I sysui_multi_action: [757,111,758,1]
11-29 07:21:50.215 19842 19842 I sysui_multi_action: [757,126,758,1,759,126,927,0,928,1,1593,1]
11-29 07:21:50.216 19842 19842 I sysui_multi_action: [757,113,758,1,759,113,927,1,928,1,1593,1]
11-29 07:21:50.216 19842 19842 I sysui_multi_action: [757,0,758,1,759,0,927,2,928,0,1593,1]
11-29 07:21:50.216 19842 19842 I sysui_multi_action: [757,0,758,1,759,0,927,3,928,0,1593,1]
11-29 07:21:50.216 19842 19842 I sysui_multi_action: [757,491,758,1,759,491,927,4,928,0,1311,-1,1593,0]
11-29 07:21:50.216 19842 19842 I sysui_multi_action: [757,0,758,1,759,0,927,5,928,0,1593,0]
11-29 07:21:50.216 19842 19842 I sysui_multi_action: [757,111,758,1]
11-29 07:21:50.216 19842 19842 I sysui_multi_action: [757,126,758,1,759,126,927,0,928,1,1593,1]
11-29 07:21:50.216 19842 19842 I sysui_multi_action: [757,113,758,1,759,113,927,1,928,1,1593,1]
11-29 07:21:50.216 19842 19842 I sysui_multi_action: [757,0,758,1,759,0,927,2,928,0,1593,1]
11-29 07:21:50.216 19842 19842 I sysui_multi_action: [757,0,758,1,759,0,927,3,928,0,1593,1]
11-29 07:21:50.227 1491 1760 I GameModeConfig: isGameModeOn = false
11-29 07:21:50.228 1491 1760 I GameModeConfig: isGameModeOn = false
11-29 07:21:50.228 1491 1760 I GameModeConfig: isGameModeOn = false
11-29 07:21:50.228 1491 1760 I GameModeConfig: isGameModeOn = false
11-29 07:21:50.228 1491 1760 I GameModeConfig: isGameModeOn = false
11-29 07:21:50.229 1491 1760 I GameModeConfig: isGameModeOn = false
11-29 07:21:50.229 19842 19842 I sysui_multi_action: [757,111,758,2]
11-29 07:21:50.230 19842 19842 I sysui_multi_action: [757,111,758,2]
11-29 07:21:50.230 1491 1491 I notification_enqueue: [10082,19842,com.android.systemui,2048,NULL,0,Notification(channel=updateNotification shortcut=null contentView=null vibrate=null sound=null defaults=0x0 flags=0x0 color=0x00000000 vis=PRIVATE),1]
11-29 07:21:50.232 19842 19842 I sysui_multi_action: [757,111,758,1]
11-29 07:21:50.232 19842 19842 I sysui_multi_action: [757,126,758,1,759,126,927,0,928,1,1593,1]
11-29 07:21:50.232 19842 19842 I sysui_multi_action: [757,113,758,1,759,113,927,1,928,1,1593,1]
11-29 07:21:50.232 19842 19842 I sysui_multi_action: [757,0,758,1,759,0,927,2,928,0,1593,1]
11-29 07:21:50.232 19842 19842 I sysui_multi_action: [757,0,758,1,759,0,927,3,928,0,1593,1]
11-29 07:21:50.232 19842 19842 I sysui_multi_action: [757,491,758,1,759,491,927,4,928,0,1311,-1,1593,0]
11-29 07:21:50.233 19842 19842 I sysui_multi_action: [757,0,758,1,759,0,927,5,928,0,1593,0]
11-29 07:21:50.233 19842 19842 I sysui_multi_action: [757,111,758,1]
11-29 07:21:50.233 19842 19842 I sysui_multi_action: [757,126,758,1,759,126,927,0,928,1,1593,1]
11-29 07:21:50.233 19842 19842 I sysui_multi_action: [757,113,758,1,759,113,927,1,928,1,1593,1]
11-29 07:21:50.233 19842 19842 I sysui_multi_action: [757,0,758,1,759,0,927,2,928,0,1593,1]
11-29 07:21:50.233 19842 19842 I sysui_multi_action: [757,0,758,1,759,0,927,3,928,0,1593,1]
11-29 07:21:50.241 1491 1491 I GameModeConfig: isGameModeOn = false
11-29 07:21:50.242 1491 1491 I sysui_multi_action: [757,1501,758,1,793,14867503,794,0,795,214,796,2048,806,com.android.systemui,857,updateNotification,858,3,947,0,1500,0,1688,1]
11-29 07:21:50.242 1491 1491 I sysui_multi_action: [757,804,799,note_interruptive,801,0,802,1]
11-29 07:21:50.242 1491 1491 I sysui_multi_action: [757,199,758,1,759,2,793,14867503,794,0,795,214,796,2048,806,com.android.systemui,857,updateNotification,858,3,947,0,1500,0,1688,1]
11-29 07:21:50.242 1491 1491 I notification_alert: [0|com.android.systemui|2048|null|10082,0,1,0]
11-29 07:21:50.243 1491 1491 W NotificationHistory: Attempted to add notif for locked/gone/disabled user 0
11-29 07:21:50.243 1491 1760 I GameModeConfig: isGameModeOn = false
11-29 07:21:50.244 1491 1760 I GameModeConfig: isGameModeOn = false
11-29 07:21:50.244 1491 1760 I GameModeConfig: isGameModeOn = false
11-29 07:21:50.244 1491 1760 I GameModeConfig: isGameModeOn = false
11-29 07:21:50.244 1491 1760 I GameModeConfig: isGameModeOn = false
11-29 07:21:50.244 1491 1760 I GameModeConfig: isGameModeOn = false
11-29 07:21:50.245 19842 19842 I sysui_multi_action: [757,111,758,2]
11-29 07:21:50.245 19842 19842 I sysui_multi_action: [757,111,758,2]
11-29 07:21:50.246 1491 1491 I notification_enqueue: [10082,19842,com.android.systemui,2048,NULL,0,Notification(channel=updateNotification shortcut=null contentView=null vibrate=null sound=null defaults=0x0 flags=0x0 color=0x00000000 vis=PRIVATE),1]
11-29 07:21:50.248 19842 19842 I sysui_multi_action: [757,111,758,1]
11-29 07:21:50.248 19842 19842 I sysui_multi_action: [757,126,758,1,759,126,927,0,928,1,1593,0]
11-29 07:21:50.248 19842 19842 I sysui_multi_action: [757,113,758,1,759,113,927,1,928,1,1593,0]
11-29 07:21:50.248 19842 19842 I sysui_multi_action: [757,0,758,1,759,0,927,2,928,0,1593,0]
11-29 07:21:50.248 19842 19842 I sysui_multi_action: [757,0,758,1,759,0,927,3,928,0,1593,0]
11-29 07:21:50.248 19842 19842 I sysui_multi_action: [757,491,758,1,759,491,927,4,928,0,1311,-1,1593,0]
11-29 07:21:50.248 19842 19842 I sysui_multi_action: [757,0,758,1,759,0,927,5,928,0,1593,0]
11-29 07:21:50.248 19842 19842 I sysui_multi_action: [757,111,758,1]
11-29 07:21:50.248 19842 19842 I sysui_multi_action: [757,126,758,1,759,126,927,0,928,1,1593,0]
11-29 07:21:50.248 19842 19842 I sysui_multi_action: [757,113,758,1,759,113,927,1,928,1,1593,0]
11-29 07:21:50.248 19842 19842 I sysui_multi_action: [757,0,758,1,759,0,927,2,928,0,1593,0]
11-29 07:21:50.248 19842 19842 I sysui_multi_action: [757,0,758,1,759,0,927,3,928,0,1593,0]
11-29 07:21:50.260 1491 1760 I GameModeConfig: isGameModeOn = false
11-29 07:21:50.261 1491 1760 I GameModeConfig: isGameModeOn = false
11-29 07:21:50.261 1491 1760 I GameModeConfig: isGameModeOn = false
11-29 07:21:50.262 1491 1760 I GameModeConfig: isGameModeOn = false
11-29 07:21:50.262 1491 1760 I GameModeConfig: isGameModeOn = false
11-29 07:21:50.262 1491 1760 I GameModeConfig: isGameModeOn = false
11-29 07:21:50.263 19842 19842 I sysui_multi_action: [757,111,758,2]
11-29 07:21:50.263 19842 19842 I sysui_multi_action: [757,111,758,2]
11-29 07:21:50.263 1491 1491 I notification_enqueue: [10082,19842,com.android.systemui,2048,NULL,0,Notification(channel=updateNotification shortcut=null contentView=null vibrate=null sound=null defaults=0x0 flags=0x0 color=0x00000000 vis=PRIVATE),1]
11-29 07:21:50.266 19842 19842 I sysui_multi_action: [757,111,758,1]
11-29 07:21:50.266 19842 19842 I sysui_multi_action: [757,126,758,1,759,126,927,0,928,1,1593,1]
11-29 07:21:50.266 19842 19842 I sysui_multi_action: [757,113,758,1,759,113,927,1,928,1,1593,1]
11-29 07:21:50.266 19842 19842 I sysui_multi_action: [757,0,758,1,759,0,927,2,928,0,1593,1]
11-29 07:21:50.266 19842 19842 I sysui_multi_action: [757,0,758,1,759,0,927,3,928,0,1593,1]
11-29 07:21:50.266 19842 19842 I sysui_multi_action: [757,491,758,1,759,491,927,4,928,0,1311,-1,1593,0]
11-29 07:21:50.266 19842 19842 I sysui_multi_action: [757,0,758,1,759,0,927,5,928,0,1593,0]
11-29 07:21:50.266 19842 19842 I sysui_multi_action: [757,111,758,1]
11-29 07:21:50.266 19842 19842 I sysui_multi_action: [757,126,758,1,759,126,927,0,928,1,1593,1]
11-29 07:21:50.267 19842 19842 I sysui_multi_action: [757,113,758,1,759,113,927,1,928,1,1593,1]
11-29 07:21:50.267 19842 19842 I sysui_multi_action: [757,0,758,1,759,0,927,2,928,0,1593,1]
11-29 07:21:50.267 19842 19842 I sysui_multi_action: [757,0,758,1,759,0,927,3,928,0,1593,1]
11-29 07:21:50.267 1491 1491 I GameModeConfig: isGameModeOn = false
11-29 07:21:50.268 1491 1491 E NotificationService: Muting recently noisy 0|com.android.systemui|2048|null|10082
11-29 07:21:50.277 1491 1760 I GameModeConfig: isGameModeOn = false
11-29 07:21:50.277 1491 1760 I GameModeConfig: isGameModeOn = false
11-29 07:21:50.278 1491 1760 I GameModeConfig: isGameModeOn = false
11-29 07:21:50.278 1491 1760 I GameModeConfig: isGameModeOn = false
11-29 07:21:50.278 1491 1760 I GameModeConfig: isGameModeOn = false
11-29 07:21:50.278 1491 1760 I GameModeConfig: isGameModeOn = false
11-29 07:21:50.279 19842 19842 I sysui_multi_action: [757,111,758,2]
11-29 07:21:50.279 1491 1491 I notification_enqueue: [10082,19842,com.android.systemui,2048,NULL,0,Notification(channel=updateNotification shortcut=null contentView=null vibrate=null sound=null defaults=0x0 flags=0x0 color=0x00000000 vis=PRIVATE),1]
11-29 07:21:50.279 19842 19842 I sysui_multi_action: [757,111,758,2]
11-29 07:21:50.281 1491 1491 I GameModeConfig: isGameModeOn = false
11-29 07:21:50.281 1491 1491 E NotificationService: Muting recently noisy 0|com.android.systemui|2048|null|10082
11-29 07:21:50.281 19842 19842 I sysui_multi_action: [757,111,758,1]
11-29 07:21:50.281 19842 19842 I sysui_multi_action: [757,126,758,1,759,126,927,0,928,1,1593,1]
11-29 07:21:50.281 19842 19842 I sysui_multi_action: [757,113,758,1,759,113,927,1,928,1,1593,1]
11-29 07:21:50.281 19842 19842 I sysui_multi_action: [757,0,758,1,759,0,927,2,928,0,1593,1]
11-29 07:21:50.281 19842 19842 I sysui_multi_action: [757,0,758,1,759,0,927,3,928,0,1593,1]
11-29 07:21:50.282 19842 19842 I sysui_multi_action: [757,491,758,1,759,491,927,4,928,0,1311,-1,1593,0]
11-29 07:21:50.282 19842 19842 I sysui_multi_action: [757,0,758,1,759,0,927,5,928,0,1593,0]
11-29 07:21:50.282 19842 19842 I sysui_multi_action: [757,111,758,1]
11-29 07:21:50.282 19842 19842 I sysui_multi_action: [757,126,758,1,759,126,927,0,928,1,1593,1]
11-29 07:21:50.282 19842 19842 I sysui_multi_action: [757,113,758,1,759,113,927,1,928,1,1593,1]
11-29 07:21:50.282 19842 19842 I sysui_multi_action: [757,0,758,1,759,0,927,2,928,0,1593,1]
11-29 07:21:50.282 19842 19842 I sysui_multi_action: [757,0,758,1,759,0,927,3,928,0,1593,1]
11-29 07:21:50.294 1491 1760 I GameModeConfig: isGameModeOn = false
11-29 07:21:50.294 1491 1760 I GameModeConfig: isGameModeOn = false
11-29 07:21:50.294 1491 1760 I GameModeConfig: isGameModeOn = false
11-29 07:21:50.294 1491 1760 I GameModeConfig: isGameModeOn = false
11-29 07:21:50.294 1491 1760 I GameModeConfig: isGameModeOn = false
11-29 07:21:50.294 1491 1760 I GameModeConfig: isGameModeOn = false
11-29 07:21:50.295 19842 19842 I sysui_multi_action: [757,111,758,2]
11-29 07:21:50.295 1491 1491 I notification_enqueue: [10082,19842,com.android.systemui,2048,NULL,0,Notification(channel=updateNotification shortcut=null contentView=null vibrate=null sound=null defaults=0x0 flags=0x0 color=0x00000000 vis=PRIVATE),1]
11-29 07:21:50.295 19842 19842 I sysui_multi_action: [757,111,758,2]
11-29 07:21:50.296 1491 1491 I GameModeConfig: isGameModeOn = false
11-29 07:21:50.296 1491 1491 E NotificationService: Muting recently noisy 0|com.android.systemui|2048|null|10082
11-29 07:21:50.298 19842 19842 I sysui_multi_action: [757,111,758,1]
11-29 07:21:50.298 19842 19842 I sysui_multi_action: [757,126,758,1,759,126,927,0,928,1,1593,1]
11-29 07:21:50.298 19842 19842 I sysui_multi_action: [757,113,758,1,759,113,927,1,928,1,1593,1]
11-29 07:21:50.298 19842 19842 I sysui_multi_action: [757,0,758,1,759,0,927,2,928,0,1593,1]
11-29 07:21:50.298 19842 19842 I sysui_multi_action: [757,0,758,1,759,0,927,3,928,0,1593,1]
11-29 07:21:50.298 19842 19842 I sysui_multi_action: [757,491,758,1,759,491,927,4,928,0,1311,-1,1593,0]
11-29 07:21:50.298 19842 19842 I sysui_multi_action: [757,0,758,1,759,0,927,5,928,0,1593,0]
11-29 07:21:50.299 19842 19842 I sysui_multi_action: [757,111,758,1]
11-29 07:21:50.299 19842 19842 I sysui_multi_action: [757,126,758,1,759,126,927,0,928,1,1593,1]
11-29 07:21:50.299 19842 19842 I sysui_multi_action: [757,113,758,1,759,113,927,1,928,1,1593,1]
11-29 07:21:50.299 19842 19842 I sysui_multi_action: [757,0,758,1,759,0,927,2,928,0,1593,1]
11-29 07:21:50.299 19842 19842 I sysui_multi_action: [757,0,758,1,759,0,927,3,928,0,1593,1]
11-29 07:21:50.303 1491 8646 I sysui_multi_action: [757,128,758,2,793,13475076,794,2814,795,13475076,796,26,798,0,806,android,857,DEVELOPER_IMPORTANT,858,4,947,0,1395,2,1500,13474871,1688,1]
11-29 07:21:50.303 1491 8646 I notification_visibility: [-1|android|26|null|1000,0,13475076,13475076,0,0]
11-29 07:21:50.303 1491 8646 I sysui_multi_action: [757,128,758,2,793,13475079,794,2813,795,13475079,796,32,798,1,806,android,857,USB,858,1,947,0,1395,2,1500,13474876,1688,1]
11-29 07:21:50.303 1491 8646 I notification_visibility: [-1|android|32|null|1000,0,13475079,13475079,0,1]
11-29 07:21:50.305 1491 1693 I input_interaction: Interaction with: 3124ee4 NotificationShade (server), 5c05474 com.android.systemui.ImageWallpaper (server), edge-swipe (server), swipe-up (server), PointerEventDispatcher0 (server),
11-29 07:21:50.313 1491 1600 I input_focus: [Focus request 3124ee4 NotificationShade,reason=UpdateInputWindows]
11-29 07:21:50.317 1491 1491 I GameModeConfig: isGameModeOn = false
11-29 07:21:50.318 1491 1491 E NotificationService: Muting recently noisy 0|com.android.systemui|2048|null|10082
11-29 07:21:50.332 1491 1491 I GameModeConfig: isGameModeOn = false
11-29 07:21:50.333 1491 1491 E NotificationService: Muting recently noisy 0|com.android.systemui|2048|null|10082
11-29 07:21:50.333 1491 1693 I input_focus: [Focus leaving cd0514f com.android.launcher3/com.android.launcher3.uioverrides.QuickstepLauncher (server),reason=setFocusedWindow]
11-29 07:21:50.333 1491 1693 I input_focus: [Focus entering 3124ee4 NotificationShade (server),reason=setFocusedWindow]
11-29 07:21:50.346 19842 19842 I sysui_multi_action: [757,111,758,2]
11-29 07:21:50.346 19842 19842 I sysui_multi_action: [757,111,758,2]
11-29 07:21:50.346 1491 1491 I notification_enqueue: [10082,19842,com.android.systemui,2048,NULL,0,Notification(channel=updateNotification shortcut=null contentView=null vibrate=null sound=null defaults=0x0 flags=0x0 color=0x00000000 vis=PRIVATE),1]
11-29 07:21:50.348 1491 1760 I GameModeConfig: isGameModeOn = false
11-29 07:21:50.348 1491 1760 I GameModeConfig: isGameModeOn = false
11-29 07:21:50.348 1491 1760 I GameModeConfig: isGameModeOn = false
11-29 07:21:50.348 1491 1760 I GameModeConfig: isGameModeOn = false
11-29 07:21:50.348 1491 1760 I GameModeConfig: isGameModeOn = false
11-29 07:21:50.349 1491 1760 I GameModeConfig: isGameModeOn = false
11-29 07:21:50.349 1491 1491 I GameModeConfig: isGameModeOn = false
11-29 07:21:50.350 1491 1491 E NotificationService: Muting recently noisy 0|com.android.systemui|2048|null|10082
11-29 07:21:50.357 1491 1600 I input_focus: [Focus request cd0514f com.android.launcher3/com.android.launcher3.uioverrides.QuickstepLauncher,reason=UpdateInputWindows]
11-29 07:21:50.359 19842 19842 I sysui_multi_action: [757,111,758,1]
11-29 07:21:50.360 19842 19842 I sysui_multi_action: [757,126,758,1,759,126,927,0,928,1,1593,1]
11-29 07:21:50.360 19842 19842 I sysui_multi_action: [757,113,758,1,759,113,927,1,928,1,1593,1]
11-29 07:21:50.360 19842 19842 I sysui_multi_action: [757,0,758,1,759,0,927,2,928,0,1593,1]
11-29 07:21:50.360 19842 19842 I sysui_multi_action: [757,0,758,1,759,0,927,3,928,0,1593,1]
11-29 07:21:50.360 19842 19842 I sysui_multi_action: [757,491,758,1,759,491,927,4,928,0,1311,-1,1593,0]
11-29 07:21:50.361 19842 19842 I sysui_multi_action: [757,0,758,1,759,0,927,5,928,0,1593,0]
11-29 07:21:50.361 19842 19842 I sysui_multi_action: [757,111,758,1]
11-29 07:21:50.361 19842 19842 I sysui_multi_action: [757,126,758,1,759,126,927,0,928,1,1593,1]
11-29 07:21:50.361 19842 19842 I sysui_multi_action: [757,113,758,1,759,113,927,1,928,1,1593,1]
11-29 07:21:50.361 19842 19842 I sysui_multi_action: [757,0,758,1,759,0,927,2,928,0,1593,1]
11-29 07:21:50.361 19842 19842 I sysui_multi_action: [757,0,758,1,759,0,927,3,928,0,1593,1]
11-29 07:21:50.365 1491 1491 I GameModeConfig: isGameModeOn = false
11-29 07:21:50.365 1491 1491 E NotificationService: Muting recently noisy 0|com.android.systemui|2048|null|10082
11-29 07:21:50.372 19842 19842 I view_enqueue_input_event: [Motion - Cancel,NotificationShade]
11-29 07:21:50.373 1491 1760 I GameModeConfig: isGameModeOn = false
11-29 07:21:50.375 1491 2061 W ActivityTaskManager: getTaskSnapshot: taskId=3180 not found
11-29 07:21:50.377 1491 1693 I input_interaction: Interaction with: edge-swipe (server), swipe-up (server), PointerEventDispatcher0 (server),
11-29 07:21:50.378 1491 1760 I GameModeConfig: isGameModeOn = false
11-29 07:21:50.378 1491 1760 I GameModeConfig: isGameModeOn = false
11-29 07:21:50.378 1491 1760 I GameModeConfig: isGameModeOn = false
11-29 07:21:50.378 1491 1760 I GameModeConfig: isGameModeOn = false
11-29 07:21:50.378 1491 1760 I GameModeConfig: isGameModeOn = false
11-29 07:21:50.379 19842 19842 I sysui_multi_action: [757,111,758,2]
11-29 07:21:50.380 19842 19842 I sysui_multi_action: [757,111,758,2]
11-29 07:21:50.380 1491 1491 I notification_enqueue: [10082,19842,com.android.systemui,2048,NULL,0,Notification(channel=updateNotification shortcut=null contentView=null vibrate=null sound=null defaults=0x0 flags=0x0 color=0x00000000 vis=PRIVATE),1]
11-29 07:21:50.380 1491 8646 W ActivityTaskManager: getTaskSnapshot: taskId=2180 not found
11-29 07:21:50.380 1491 8646 W ActivityTaskManager: getTaskSnapshot: taskId=1180 not found
11-29 07:21:50.381 1491 1491 I GameModeConfig: isGameModeOn = false
11-29 07:21:50.381 1491 1491 E NotificationService: Muting recently noisy 0|com.android.systemui|2048|null|10082
11-29 07:21:50.384 19842 19842 I sysui_multi_action: [757,111,758,1]
11-29 07:21:50.384 19842 19842 I sysui_multi_action: [757,126,758,1,759,126,927,0,928,1,1593,1]
11-29 07:21:50.384 19842 19842 I sysui_multi_action: [757,113,758,1,759,113,927,1,928,1,1593,1]
11-29 07:21:50.384 19842 19842 I sysui_multi_action: [757,0,758,1,759,0,927,2,928,0,1593,1]
11-29 07:21:50.384 19842 19842 I sysui_multi_action: [757,0,758,1,759,0,927,3,928,0,1593,1]
11-29 07:21:50.384 19842 19842 I sysui_multi_action: [757,491,758,1,759,491,927,4,928,0,1311,-1,1593,0]
11-29 07:21:50.384 19842 19842 I sysui_multi_action: [757,0,758,1,759,0,927,5,928,0,1593,0]
11-29 07:21:50.384 19842 19842 I sysui_multi_action: [757,111,758,1]
