11-29 07:20:58.956 1491 2923 I wm_pause_activity: [0,197263127,com.android.packageinstaller/.InstallStaging,userLeaving=true,resumeTopActivityInnerLocked]
11-29 07:20:58.959 1491 2923 I wm_finish_activity: [0,197263127,184,com.android.packageinstaller/.InstallStaging,app-request]
11-29 07:20:58.959 3512 3512 I wm_on_top_resumed_lost_called: [197263127,com.android.packageinstaller.InstallStaging,topStateChangedWhenResumed]
11-29 07:20:58.960 3512 3512 I wm_on_paused_called: [197263127,com.android.packageinstaller.InstallStaging,performPause]
11-29 07:20:58.960 1491 7658 I wm_add_to_stopping: [0,197263127,com.android.packageinstaller/.InstallStaging,completeFinishing]
11-29 07:20:58.960 1491 7658 I ActivityTaskManager: FOREGROUND_APPLICATION_CHANGED to com.android.packageinstaller.DeleteStagedFileOnResult
11-29 07:20:58.960 1491 7658 I ActivityTaskManager: The Process com.android.packageinstaller Already Exists in BG. So sending its PID: 3512
11-29 07:20:58.960 1491 7658 W ActivityTaskManager: Tried to set launchTime (0) < mLastActivityLaunchTime (14837093)
11-29 07:20:58.961 1491 7658 I wm_restart_activity: [0,58247445,184,com.android.packageinstaller/.DeleteStagedFileOnResult]
11-29 07:20:58.962 1491 7658 I wm_set_resumed_activity: [0,com.android.packageinstaller/.DeleteStagedFileOnResult,minimalResumeActivityLocked]
11-29 07:20:58.966 1491 1599 I sysui_multi_action: [757,803,799,window_time_0,802,0]
11-29 07:20:58.971 1491 7658 I ActivityTaskManager: START u0 {act=android.intent.action.VIEW dat=file:///data/user_de/0/com.android.packageinstaller/no_backup/package8312763227734172990.apk flg=0x10000 cmp=com.android.packageinstaller/.PackageInstallerActivity (has extras)} from uid 10019
11-29 07:20:58.972 1491 7658 I wm_task_moved: [184,1,8]
11-29 07:20:58.972 1491 7658 I wm_set_resumed_activity: [0,com.android.packageinstaller/.DeleteStagedFileOnResult,positionChildAt]
11-29 07:20:58.973 1491 7658 I wm_create_activity: [0,26484580,184,com.android.packageinstaller/.PackageInstallerActivity,android.intent.action.VIEW,NULL,file:///data/user_de/0/com.android.packageinstaller/no_backup/package8312763227734172990.apk,65536]
11-29 07:20:58.973 1491 7658 I wm_pause_activity: [0,58247445,com.android.packageinstaller/.DeleteStagedFileOnResult,userLeaving=true,resumeTopActivityInnerLocked]
11-29 07:20:58.976 1491 1693 I input_focus: [Focus leaving b9cfa9c com.android.packageinstaller/com.android.packageinstaller.InstallStaging (server),reason=NO_WINDOW]
11-29 07:20:58.981 3512 3512 I wm_on_create_called: [58247445,com.android.packageinstaller.DeleteStagedFileOnResult,performCreate]
11-29 07:20:58.983 3512 3512 I wm_on_start_called: [58247445,com.android.packageinstaller.DeleteStagedFileOnResult,handleStartActivity]
11-29 07:20:58.983 3512 3512 I wm_on_resume_called: [58247445,com.android.packageinstaller.DeleteStagedFileOnResult,RESUME_ACTIVITY]
11-29 07:20:58.988 3512 3512 I wm_on_top_resumed_gained_called: [58247445,com.android.packageinstaller.DeleteStagedFileOnResult,topStateChangedWhenResumed]
11-29 07:20:58.995 1491 1600 I input_focus: [Focus request 9c71e82 com.android.packageinstaller/com.android.packageinstaller.DeleteStagedFileOnResult,reason=UpdateInputWindows]
11-29 07:20:59.005 3512 3512 I wm_on_top_resumed_lost_called: [58247445,com.android.packageinstaller.DeleteStagedFileOnResult,topStateChangedWhenResumed]
11-29 07:20:59.008 3512 3512 I wm_on_paused_called: [58247445,com.android.packageinstaller.DeleteStagedFileOnResult,performPause]
11-29 07:20:59.009 1491 7658 I ActivityTaskManager: FOREGROUND_APPLICATION_CHANGED to com.android.packageinstaller.PackageInstallerActivity
11-29 07:20:59.009 1491 7658 I ActivityTaskManager: The Process com.android.packageinstaller Already Exists in BG. So sending its PID: 3512
11-29 07:20:59.009 1491 7658 W ActivityTaskManager: Tried to set launchTime (0) < mLastActivityLaunchTime (14837439)
11-29 07:20:59.010 1491 7658 I wm_restart_activity: [0,26484580,184,com.android.packageinstaller/.PackageInstallerActivity]
11-29 07:20:59.013 1491 7658 I wm_set_resumed_activity: [0,com.android.packageinstaller/.PackageInstallerActivity,minimalResumeActivityLocked]
11-29 07:20:59.021 1491 1599 I sysui_multi_action: [757,803,799,window_time_0,802,0]
11-29 07:20:59.032 3512 3512 W PackageParsing: No actions in intent-filter at /data/user_de/0/com.android.packageinstaller/no_backup/package8312763227734172990.apk Binary XML file line #625
11-29 07:20:59.032 3512 3512 W PackageParsing: No actions in intent-filter at /data/user_de/0/com.android.packageinstaller/no_backup/package8312763227734172990.apk Binary XML file line #650
11-29 07:20:59.079 0 0 I auditd : type=1400 audit(0.0:16757): avc: denied { kill } for comm="swapper/2" capability=5 scontext=u:r:kernel:s0 tcontext=u:r:kernel:s0 tclass=capability permissive=0
11-29 07:20:59.121 16043 16059 W ContextImpl: Calling a method in the system process without a qualified user: android.app.ContextImpl.startService:1816 android.content.ContextWrapper.startService:774 com.thundercomm.gamemode.ingame.services.GameModeActionUtils.startGameModeService:93 com.thundercomm.gamemode.ingame.services.GameModeActionUtils.startGameModeEntry:21 com.thundercomm.gamemode.ingame.services.ActivityMonitoringService$1.onActivityLaunch:127
11-29 07:20:59.125 1491 1491 I GameModeConfig: Current uri is uri = content://com.thundercomm.gamemode.api/gamemode_settings/gamemode_isgaming
11-29 07:20:59.127 1491 1491 I GameModeConfig: isGameModeOn = false
11-29 07:20:59.127 1491 1491 I GameModeConfig: isGameModeOn = false
11-29 07:20:59.127 1491 1491 I GameModeConfig: isDisableVoice = true
11-29 07:20:59.161 3512 3512 I wm_on_create_called: [26484580,com.android.packageinstaller.PackageInstallerActivity,performCreate]
11-29 07:20:59.163 3512 3512 I wm_on_start_called: [26484580,com.android.packageinstaller.PackageInstallerActivity,handleStartActivity]
11-29 07:20:59.172 3512 3512 I wm_on_resume_called: [26484580,com.android.packageinstaller.PackageInstallerActivity,RESUME_ACTIVITY]
11-29 07:20:59.187 3512 3512 I wm_on_top_resumed_gained_called: [26484580,com.android.packageinstaller.PackageInstallerActivity,topStateChangedWhenResumed]
11-29 07:20:59.195 1491 1600 I input_focus: [Focus request 764fc3d com.android.packageinstaller/com.android.packageinstaller.PackageInstallerActivity,reason=UpdateInputWindows]
11-29 07:20:59.249 1491 1596 I wm_activity_launch_time: [0,26484580,com.android.packageinstaller/.PackageInstallerActivity,295]
11-29 07:20:59.259 1491 1693 I input_focus: [Focus entering 764fc3d com.android.packageinstaller/com.android.packageinstaller.PackageInstallerActivity (server),reason=Window became focusable. Previous reason: NOT_VISIBLE]
11-29 07:20:59.309 1491 7658 I wm_destroy_activity: [0,197263127,184,com.android.packageinstaller/.InstallStaging,finish-imm:idle]
11-29 07:20:59.324 3512 3512 I wm_on_stop_called: [197263127,com.android.packageinstaller.InstallStaging,LIFECYCLER_STOP_ACTIVITY]
11-29 07:20:59.325 3512 3512 I wm_on_destroy_called: [197263127,com.android.packageinstaller.InstallStaging,performDestroy]
11-29 07:21:01.079 0 0 I auditd : type=1400 audit(0.0:16758): avc: denied { kill } for comm="swapper/3" capability=5 scontext=u:r:kernel:s0 tcontext=u:r:kernel:s0 tclass=capability permissive=0
11-29 07:21:02.312 1491 1693 I input_interaction: Interaction with: 764fc3d com.android.packageinstaller/com.android.packageinstaller.PackageInstallerActivity (server), edge-swipe (server), swipe-up (server), PointerEventDispatcher0 (server),
11-29 07:21:02.473 1491 7658 I ActivityTaskManager: START u0 {act=android.settings.MANAGE_UNKNOWN_APP_SOURCES dat=package:com.tencent.android.qqdownloader flg=0x40000000 cmp=com.android.settings/.Settings$ManageAppExternalSourcesActivity} from uid 10019
11-29 07:21:02.478 1491 7658 I wm_task_moved: [184,1,8]
11-29 07:21:02.478 1491 7658 I wm_set_resumed_activity: [0,com.android.packageinstaller/.PackageInstallerActivity,positionChildAt]
11-29 07:21:02.478 1491 7658 I wm_create_activity: [0,197093319,184,com.android.settings/.Settings$ManageAppExternalSourcesActivity,android.settings.MANAGE_UNKNOWN_APP_SOURCES,NULL,package:com.tencent.android.qqdownloader,1073741824]
11-29 07:21:02.481 1491 7658 I wm_pause_activity: [0,26484580,com.android.packageinstaller/.PackageInstallerActivity,userLeaving=true,resumeTopActivityInnerLocked]
11-29 07:21:02.510 3512 3512 I wm_on_top_resumed_lost_called: [26484580,com.android.packageinstaller.PackageInstallerActivity,topStateChangedWhenResumed]
11-29 07:21:02.510 1491 1600 I input_focus: [Focus request 90f172c com.android.packageinstaller/com.android.packageinstaller.PackageInstallerActivity,reason=UpdateInputWindows]
11-29 07:21:02.510 3512 3512 I wm_on_paused_called: [26484580,com.android.packageinstaller.PackageInstallerActivity,performPause]
11-29 07:21:02.511 1491 7658 I ActivityTaskManager: FOREGROUND_APPLICATION_CHANGED to com.android.settings.Settings$ManageAppExternalSourcesActivity
11-29 07:21:02.511 1491 7658 I ActivityTaskManager: The Process com.android.settings Already Exists in BG. So sending its PID: 21963
11-29 07:21:02.512 1491 7658 W ActivityTaskManager: Tried to set launchTime (0) < mLastActivityLaunchTime (14775858)
11-29 07:21:02.512 1491 7658 I wm_add_to_stopping: [0,26484580,com.android.packageinstaller/.PackageInstallerActivity,makeInvisible]
11-29 07:21:02.512 1491 7658 I wm_add_to_stopping: [0,58247445,com.android.packageinstaller/.DeleteStagedFileOnResult,makeInvisible]
11-29 07:21:02.512 1491 7658 I wm_add_to_stopping: [0,248176578,com.tencent.android.qqdownloader/com.tencent.pangu.activity.InstallerListenerActivity,makeInvisible]
11-29 07:21:02.512 1491 7658 I wm_add_to_stopping: [0,36061001,com.tencent.android.qqdownloader/com.tencent.nucleus.search.SearchActivity,makeInvisible]
11-29 07:21:02.512 1491 7658 I wm_add_to_stopping: [0,179324335,com.tencent.android.qqdownloader/com.tencent.assistantv2.activity.MainActivity,makeInvisible]
11-29 07:21:02.518 1491 7658 I wm_restart_activity: [0,197093319,184,com.android.settings/.Settings$ManageAppExternalSourcesActivity]
11-29 07:21:02.526 1491 7658 I wm_set_resumed_activity: [0,com.android.settings/.Settings$ManageAppExternalSourcesActivity,minimalResumeActivityLocked]
11-29 07:21:02.539 1491 1599 I sysui_multi_action: [757,803,799,window_time_0,802,4]
11-29 07:21:02.552 1491 7158 I ActivityTaskManager: START u0 {act=android.settings.MANAGE_UNKNOWN_APP_SOURCES dat=package:com.tencent.android.qqdownloader flg=0x40000000 cmp=com.android.settings/.homepage.SettingsHomepageActivity (has extras)} from uid 1000
11-29 07:21:02.553 1491 7158 I wm_task_moved: [182,1,8]
11-29 07:21:02.553 1491 7158 I wm_task_to_front: [0,182]
11-29 07:21:02.554 1491 7158 I wm_focused_root_task: [0,0,182,184,bringingFoundTaskToFront]
11-29 07:21:02.554 1491 7158 I wm_set_resumed_activity: [0,com.android.settings/.homepage.SettingsHomepageActivity,bringingFoundTaskToFront]
11-29 07:21:02.554 1491 7158 I wm_new_intent: [0,1880250,182,com.android.settings/.homepage.SettingsHomepageActivity,android.settings.WIFI_SETTINGS,NULL,NULL,335544320]
11-29 07:21:02.555 1491 7158 I wm_pause_activity: [0,197093319,com.android.settings/.Settings$ManageAppExternalSourcesActivity,userLeaving=true,pauseBackTasks]
11-29 07:21:02.557 16043 16059 W ContextImpl: Calling a method in the system process without a qualified user: android.app.ContextImpl.startService:1816 android.content.ContextWrapper.startService:774 com.thundercomm.gamemode.ingame.services.GameModeActionUtils.startGameModeService:93 com.thundercomm.gamemode.ingame.services.GameModeActionUtils.startGameModeEntry:21 com.thundercomm.gamemode.ingame.services.ActivityMonitoringService$1.onActivityLaunch:127
11-29 07:21:02.558 1491 7658 I wm_finish_activity: [0,197093319,184,com.android.settings/.Settings$ManageAppExternalSourcesActivity,app-request]
11-29 07:21:02.558 21963 21963 I wm_on_create_called: [197093319,com.android.settings.Settings$ManageAppExternalSourcesActivity,performCreate]
11-29 07:21:02.560 1491 8592 I wm_add_to_stopping: [0,197093319,com.android.settings/.Settings$ManageAppExternalSourcesActivity,completeFinishing]
11-29 07:21:02.560 1491 8592 I ActivityTaskManager: FOREGROUND_APPLICATION_CHANGED to com.android.settings.homepage.SettingsHomepageActivity
11-29 07:21:02.561 1491 8592 I wm_set_resumed_activity: [0,com.android.settings/.homepage.SettingsHomepageActivity,resumeTopActivityInnerLocked]
11-29 07:21:02.562 1491 8592 I wm_resume_activity: [0,1880250,182,com.android.settings/.homepage.SettingsHomepageActivity]
11-29 07:21:02.567 1491 1491 I GameModeConfig: Current uri is uri = content://com.thundercomm.gamemode.api/gamemode_settings/gamemode_isgaming
11-29 07:21:02.569 1491 1491 I GameModeConfig: isGameModeOn = false
11-29 07:21:02.569 21963 21963 I wm_on_restart_called: [1880250,com.android.settings.homepage.SettingsHomepageActivity,performRestartActivity]
11-29 07:21:02.569 1491 1491 I GameModeConfig: isGameModeOn = false
11-29 07:21:02.569 1491 1491 I GameModeConfig: isDisableVoice = true
11-29 07:21:02.569 1491 1599 I wm_destroy_activity: [0,197093319,184,com.android.settings/.Settings$ManageAppExternalSourcesActivity,finish-imm:idle]
11-29 07:21:02.570 1491 1599 I sysui_multi_action: [757,803,799,window_time_0,802,0]
11-29 07:21:02.579 21963 21963 I wm_on_start_called: [1880250,com.android.settings.homepage.SettingsHomepageActivity,handleStartActivity]
11-29 07:21:02.580 21963 21963 I snet_event_log: [120484087,-1,]
11-29 07:21:02.581 21963 21963 I wm_on_resume_called: [1880250,com.android.settings.homepage.SettingsHomepageActivity,RESUME_ACTIVITY]
11-29 07:21:02.581 21963 21963 I sysui_multi_action: [757,35,758,1,833,0,1089,0]
11-29 07:21:02.582 21963 21963 I sysui_multi_action: [757,103,758,1,833,0,1089,0]
11-29 07:21:02.583 21963 21963 I wm_on_top_resumed_gained_called: [1880250,com.android.settings.homepage.SettingsHomepageActivity,topWhenResuming]
11-29 07:21:02.597 1491 1600 I input_focus: [Focus request cdb357d com.android.settings/com.android.settings.homepage.SettingsHomepageActivity,reason=UpdateInputWindows]
11-29 07:21:02.606 21963 21963 I wm_on_destroy_called: [197093319,com.android.settings.Settings$ManageAppExternalSourcesActivity,performDestroy]
11-29 07:21:02.664 1491 1596 I sysui_multi_action: [319,182,322,140,325,14840,757,761,758,8,759,2,806,com.android.settings,871,com.android.settings.homepage.SettingsHomepageActivity,904,com.android.settings,905,0,1320,8,1321,5]
11-29 07:21:02.665 1491 1596 I wm_activity_launch_time: [0,1880250,com.android.settings/.homepage.SettingsHomepageActivity,140]
11-29 07:21:02.672 1491 1693 I input_focus: [Focus entering cdb357d com.android.settings/com.android.settings.homepage.SettingsHomepageActivity (server),reason=Window became focusable. Previous reason: NOT_VISIBLE]
11-29 07:21:02.683 16043 16059 W ContextImpl: Calling a method in the system process without a qualified user: android.app.ContextImpl.startService:1816 android.content.ContextWrapper.startService:774 com.thundercomm.gamemode.ingame.services.GameModeActionUtils.startGameModeService:93 com.thundercomm.gamemode.ingame.services.GameModeActionUtils.startGameModeEntry:21 com.thundercomm.gamemode.ingame.services.ActivityMonitoringService$1.onActivityLaunch:127
11-29 07:21:02.691 1491 1491 I GameModeConfig: Current uri is uri = content://com.thundercomm.gamemode.api/gamemode_settings/gamemode_isgaming
11-29 07:21:02.692 1491 1491 I GameModeConfig: isGameModeOn = false
11-29 07:21:02.692 1491 1491 I GameModeConfig: isGameModeOn = false
11-29 07:21:02.692 1491 1491 I GameModeConfig: isDisableVoice = true
11-29 07:21:02.802 21963 21963 I sysui_multi_action: [757,103,758,2,1089,220]
11-29 07:21:02.832 1491 7158 E UserRestrictionsUtils: Unknown restriction queried by uid 1000 (com.qualcomm.qti.qdma et al): null
11-29 07:21:02.842 21963 21963 I sysui_multi_action: [757,808,758,1,833,0,1089,33]
11-29 07:21:03.106 1491 1599 I wm_stop_activity: [0,179324335,com.tencent.android.qqdownloader/com.tencent.assistantv2.activity.MainActivity]
11-29 07:21:03.107 1491 1599 I wm_stop_activity: [0,36061001,com.tencent.android.qqdownloader/com.tencent.nucleus.search.SearchActivity]
11-29 07:21:03.107 1491 1599 I wm_stop_activity: [0,248176578,com.tencent.android.qqdownloader/com.tencent.pangu.activity.InstallerListenerActivity]
11-29 07:21:03.108 1491 1599 I wm_stop_activity: [0,58247445,com.android.packageinstaller/.DeleteStagedFileOnResult]
11-29 07:21:03.108 1491 1599 I wm_stop_activity: [0,26484580,com.android.packageinstaller/.PackageInstallerActivity]
11-29 07:21:03.135 3512 3512 I wm_on_stop_called: [58247445,com.android.packageinstaller.DeleteStagedFileOnResult,STOP_ACTIVITY_ITEM]
11-29 07:21:03.135 3512 3512 I wm_on_stop_called: [26484580,com.android.packageinstaller.PackageInstallerActivity,STOP_ACTIVITY_ITEM]
11-29 07:21:03.165 22070 22070 I wm_on_stop_called: [179324335,com.tencent.assistantv2.activity.MainActivity,STOP_ACTIVITY_ITEM]
11-29 07:21:03.169 22070 22070 I wm_on_stop_called: [36061001,com.tencent.nucleus.search.SearchActivity,STOP_ACTIVITY_ITEM]
11-29 07:21:03.174 22070 22070 I wm_on_stop_called: [248176578,com.tencent.pangu.activity.InstallerListenerActivity,STOP_ACTIVITY_ITEM]
11-29 07:21:03.178 16043 16059 W ContextImpl: Calling a method in the system process without a qualified user: android.app.ContextImpl.startService:1816 android.content.ContextWrapper.startService:774 com.thundercomm.gamemode.ingame.services.GameModeActionUtils.startGameModeService:93 com.thundercomm.gamemode.ingame.services.GameModeActionUtils.startGameModeEntry:21 com.thundercomm.gamemode.ingame.services.ActivityMonitoringService$1.onActivityLaunch:127
11-29 07:21:03.182 1491 1491 I GameModeConfig: Current uri is uri = content://com.thundercomm.gamemode.api/gamemode_settings/gamemode_isgaming
11-29 07:21:03.184 1491 1607 W UsageStatsService: Unexpected activity event reported! (com.tencent.android.qqdownloader/com.tencent.assistantv2.activity.MainActivity event : 23 instanceId : 266147984)
11-29 07:21:03.185 1491 1491 I GameModeConfig: isGameModeOn = false
11-29 07:21:03.185 1491 1491 I GameModeConfig: isGameModeOn = false
11-29 07:21:03.185 1491 1491 I GameModeConfig: isDisableVoice = true
11-29 07:21:03.193 16043 16059 W ContextImpl: Calling a method in the system process without a qualified user: android.app.ContextImpl.startService:1816 android.content.ContextWrapper.startService:774 com.thundercomm.gamemode.ingame.services.GameModeActionUtils.startGameModeService:93 com.thundercomm.gamemode.ingame.services.GameModeActionUtils.startGameModeEntry:21 com.thundercomm.gamemode.ingame.services.ActivityMonitoringService$1.onActivityLaunch:127
11-29 07:21:03.198 1491 1491 I GameModeConfig: Current uri is uri = content://com.thundercomm.gamemode.api/gamemode_settings/gamemode_isgaming
11-29 07:21:03.200 1491 1491 I GameModeConfig: isGameModeOn = false
11-29 07:21:03.200 1491 1491 I GameModeConfig: isGameModeOn = false
11-29 07:21:03.200 1491 1491 I GameModeConfig: isDisableVoice = true
11-29 07:21:03.634 1491 1693 I input_interaction: Interaction with: cdb357d com.android.settings/com.android.settings.homepage.SettingsHomepageActivity (server), edge-swipe (server), swipe-up (server), PointerEventDispatcher0 (server),
11-29 07:21:03.726 21963 21963 I sysui_multi_action: [757,830,758,4,833,0,854,external_sources_settings_switch,1089,0]
11-29 07:21:04.079 22504 22504 I auditd : type=1400 audit(0.0:16759): avc: denied { kill } for comm="kworker/u16:13" capability=5 scontext=u:r:kernel:s0 tcontext=u:r:kernel:s0 tclass=capability permissive=0
11-29 07:21:04.115 1491 1608 I am_uid_idle: 10089
11-29 07:21:04.233 1491 7158 I ActivityTaskManager: START u0 {act=android.intent.action.VIEW dat=file:///data/user_de/0/com.android.packageinstaller/no_backup/package8312763227734172990.apk flg=0x30000 cmp=com.android.packageinstaller/.PackageInstallerActivity (has extras)} from uid 10019
11-29 07:21:04.235 1491 7158 I wm_task_moved: [184,1,8]
11-29 07:21:04.236 1491 7158 I wm_task_to_front: [0,184]
11-29 07:21:04.236 1491 7158 I wm_focused_root_task: [0,0,184,182,bringingFoundTaskToFront]
11-29 07:21:04.238 1491 7158 I wm_set_resumed_activity: [0,com.android.packageinstaller/.PackageInstallerActivity,bringingFoundTaskToFront]
11-29 07:21:04.238 1491 7158 I wm_new_intent: [0,26484580,184,com.android.packageinstaller/.PackageInstallerActivity,android.intent.action.VIEW,NULL,file:///data/user_de/0/com.android.packageinstaller/no_backup/package8312763227734172990.apk,65536]
11-29 07:21:04.240 1491 7158 I wm_pause_activity: [0,1880250,com.android.settings/.homepage.SettingsHomepageActivity,userLeaving=true,pauseBackTasks]
11-29 07:21:04.254 21963 21963 I wm_on_top_resumed_lost_called: [1880250,com.android.settings.homepage.SettingsHomepageActivity,topStateChangedWhenResumed]
11-29 07:21:04.255 21963 21963 I sysui_multi_action: [757,35,758,2,1089,1675]
11-29 07:21:04.256 21963 21963 I sysui_multi_action: [757,808,758,2,1089,1414]
11-29 07:21:04.256 21963 21963 I wm_on_paused_called: [1880250,com.android.settings.homepage.SettingsHomepageActivity,performPause]
11-29 07:21:04.257 1491 2923 I ActivityTaskManager: FOREGROUND_APPLICATION_CHANGED to com.android.packageinstaller.PackageInstallerActivity
11-29 07:21:04.258 1491 2923 I wm_set_resumed_activity: [0,com.android.packageinstaller/.PackageInstallerActivity,resumeTopActivityInnerLocked]
11-29 07:21:04.260 1491 2923 I wm_resume_activity: [0,26484580,184,com.android.packageinstaller/.PackageInstallerActivity]
11-29 07:21:04.268 1491 1599 I sysui_multi_action: [757,803,799,window_time_0,802,1]
11-29 07:21:04.273 16043 16059 W ContextImpl: Calling a method in the system process without a qualified user: android.app.ContextImpl.startService:1816 android.content.ContextWrapper.startService:774 com.thundercomm.gamemode.ingame.services.GameModeActionUtils.startGameModeService:93 com.thundercomm.gamemode.ingame.services.GameModeActionUtils.startGameModeEntry:21 com.thundercomm.gamemode.ingame.services.ActivityMonitoringService$1.onActivityLaunch:127
11-29 07:21:04.281 1491 1491 I GameModeConfig: Current uri is uri = content://com.thundercomm.gamemode.api/gamemode_settings/gamemode_isgaming
11-29 07:21:04.283 1491 1491 I GameModeConfig: isGameModeOn = false
11-29 07:21:04.283 1491 1491 I GameModeConfig: isGameModeOn = false
11-29 07:21:04.283 1491 1491 I GameModeConfig: isDisableVoice = true
11-29 07:21:04.284 3512 3512 I wm_on_restart_called: [58247445,com.android.packageinstaller.DeleteStagedFileOnResult,performRestartActivity]
11-29 07:21:04.284 3512 3512 I wm_on_start_called: [58247445,com.android.packageinstaller.DeleteStagedFileOnResult,handleStartActivity]
11-29 07:21:04.284 1491 2923 I wm_finish_activity: [0,26484580,184,com.android.packageinstaller/.PackageInstallerActivity,app-request]
11-29 07:21:04.285 1491 2923 I wm_pause_activity: [0,26484580,com.android.packageinstaller/.PackageInstallerActivity,userLeaving=false,finish]
11-29 07:21:04.286 3512 3512 I wm_on_activity_result_called: [26484580,com.android.packageinstaller.PackageInstallerActivity,ACTIVITY_RESULT]
11-29 07:21:04.286 3512 3512 I wm_on_restart_called: [26484580,com.android.packageinstaller.PackageInstallerActivity,performRestartActivity]
11-29 07:21:04.296 1491 2923 I wm_add_to_stopping: [0,26484580,com.android.packageinstaller/.PackageInstallerActivity,completeFinishing]
11-29 07:21:04.296 1491 2923 I ActivityTaskManager: FOREGROUND_APPLICATION_CHANGED to com.android.packageinstaller.DeleteStagedFileOnResult
11-29 07:21:04.297 1491 2923 I wm_set_resumed_activity: [0,com.android.packageinstaller/.DeleteStagedFileOnResult,resumeTopActivityInnerLocked]
11-29 07:21:04.298 1491 2923 I wm_resume_activity: [0,58247445,184,com.android.packageinstaller/.DeleteStagedFileOnResult]
11-29 07:21:04.307 1491 1599 I sysui_multi_action: [757,1144,758,9,806,com.android.packageinstaller,871,com.android.packageinstaller.PackageInstallerActivity]
11-29 07:21:04.308 1491 1599 I sysui_multi_action: [757,803,799,window_time_0,802,0]
11-29 07:21:04.308 1491 2923 I wm_finish_activity: [0,58247445,184,com.android.packageinstaller/.DeleteStagedFileOnResult,app-request]
11-29 07:21:04.308 1491 2923 I wm_task_moved: [182,1,8]
11-29 07:21:04.308 1491 2923 I wm_task_to_front: [0,182]
11-29 07:21:04.309 1491 2923 I wm_focused_root_task: [0,0,182,184,finish-top adjustFocusToNextFocusableTask]
11-29 07:21:04.317 1491 2923 I wm_pause_activity: [0,58247445,com.android.packageinstaller/.DeleteStagedFileOnResult,userLeaving=false,finish]
11-29 07:21:04.320 3512 3512 I wm_on_activity_result_called: [58247445,com.android.packageinstaller.DeleteStagedFileOnResult,ACTIVITY_RESULT]
11-29 07:21:04.322 1491 1599 I wm_destroy_activity: [0,26484580,184,com.android.packageinstaller/.PackageInstallerActivity,finish-imm:transit]
11-29 07:21:04.322 1491 1600 I input_focus: [Focus request cdb357d com.android.settings/com.android.settings.homepage.SettingsHomepageActivity,reason=UpdateInputWindows]
11-29 07:21:04.327 1491 2770 I ActivityTaskManager: FOREGROUND_APPLICATION_CHANGED to com.android.settings.homepage.SettingsHomepageActivity
11-29 07:21:04.327 1491 2770 I wm_set_resumed_activity: [0,com.android.settings/.homepage.SettingsHomepageActivity,resumeTopActivityInnerLocked]
11-29 07:21:04.328 1491 2770 I wm_resume_activity: [0,1880250,182,com.android.settings/.homepage.SettingsHomepageActivity]
11-29 07:21:04.334 3512 3512 I wm_on_destroy_called: [26484580,com.android.packageinstaller.PackageInstallerActivity,performDestroy]
11-29 07:21:04.337 21963 21963 I wm_on_resume_called: [1880250,com.android.settings.homepage.SettingsHomepageActivity,RESUME_ACTIVITY]
11-29 07:21:04.337 21963 21963 I sysui_multi_action: [757,35,758,1,833,0,1089,0]
11-29 07:21:04.338 21963 21963 I sysui_multi_action: [757,808,758,1,833,0,1089,0]
11-29 07:21:04.342 21963 21963 I wm_on_top_resumed_gained_called: [1880250,com.android.settings.homepage.SettingsHomepageActivity,topWhenResuming]
11-29 07:21:04.346 1491 1599 I sysui_multi_action: [757,803,799,window_time_0,802,0]
11-29 07:21:04.387 22037 22037 I auditd : type=1400 audit(0.0:16760): avc: denied { read } for comm="TuringFdCore_68" name="tcp" dev="proc" ino=4026532256 scontext=u:r:untrusted_app_27:s0:c512,c768 tcontext=u:object_r:proc_net_tcp_udp:s0 tclass=file permissive=0 app=com.tencent.android.qqdownloader
11-29 07:21:04.387 22037 22037 I auditd : type=1400 audit(0.0:16761): avc: denied { read } for comm="TuringFdCore_68" name="tcp6" dev="proc" ino=4026533083 scontext=u:r:untrusted_app_27:s0:c512,c768 tcontext=u:object_r:proc_net_tcp_udp:s0 tclass=file permissive=0 app=com.tencent.android.qqdownloader
11-29 07:21:04.437 16043 16059 W ContextImpl: Calling a method in the system process without a qualified user: android.app.ContextImpl.startService:1816 android.content.ContextWrapper.startService:774 com.thundercomm.gamemode.ingame.services.GameModeActionUtils.startGameModeService:93 com.thundercomm.gamemode.ingame.services.GameModeActionUtils.startGameModeEntry:21 com.thundercomm.gamemode.ingame.services.ActivityMonitoringService$1.onActivityLaunch:127
11-29 07:21:04.435 22037 22037 I auditd : type=1400 audit(0.0:16762): avc: granted { nlmsg_readpriv } for comm="TuringFdCore_68" scontext=u:r:untrusted_app_27:s0:c512,c768 tcontext=u:r:untrusted_app_27:s0:c512,c768 tclass=netlink_route_socket app=com.tencent.android.qqdownloader
11-29 07:21:04.439 22037 22037 I auditd : type=1400 audit(0.0:16763): avc: denied { read } for comm="TuringFdCore_68" name="version" dev="proc" ino=4026532238 scontext=u:r:untrusted_app_27:s0:c512,c768 tcontext=u:object_r:proc_version:s0 tclass=file permissive=0 app=com.tencent.android.qqdownloader
11-29 07:21:04.444 1491 1491 I GameModeConfig: Current uri is uri = content://com.thundercomm.gamemode.api/gamemode_settings/gamemode_isgaming
11-29 07:21:04.446 1491 1491 I GameModeConfig: isGameModeOn = false
11-29 07:21:04.446 1491 1491 I GameModeConfig: isGameModeOn = false
11-29 07:21:04.446 1491 1491 I GameModeConfig: isDisableVoice = true
11-29 07:21:04.479 24312 24312 I auditd : type=1400 audit(0.0:16764): avc: denied { search } for comm="df" name="vendor" dev="tmpfs" ino=13324 scontext=u:r:untrusted_app_27:s0:c512,c768 tcontext=u:object_r:mnt_vendor_file:s0 tclass=dir permissive=0 app=com.tencent.android.qqdownloader
11-29 07:21:04.479 24312 24312 I auditd : type=1400 audit(0.0:16765): avc: denied { search } for comm="df" name="vendor" dev="tmpfs" ino=13324 scontext=u:r:untrusted_app_27:s0:c512,c768 tcontext=u:object_r:mnt_vendor_file:s0 tclass=dir permissive=0 app=com.tencent.android.qqdownloader
11-29 07:21:04.479 24312 24312 I auditd : type=1400 audit(0.0:16766): avc: denied { getattr } for comm="df" path="/metadata" dev="sda11" ino=2 scontext=u:r:untrusted_app_27:s0:c512,c768 tcontext=u:object_r:metadata_file:s0 tclass=dir permissive=0 app=com.tencent.android.qqdownloader
11-29 07:21:04.479 24312 24312 I auditd : type=1400 audit(0.0:16767): avc: denied { getattr } for comm="df" path="/vendor/firmware_mnt" dev="sde4" ino=1 scontext=u:r:untrusted_app_27:s0:c512,c768 tcontext=u:object_r:firmware_file:s0 tclass=dir permissive=0 app=com.tencent.android.qqdownloader
11-29 07:21:04.512 21963 21963 I view_enqueue_input_event: [Motion - Cancel,com.android.settings/com.android.settings.homepage.SettingsHomepageActivity]
11-29 07:21:04.517 1491 1693 I input_interaction: Interaction with: edge-swipe (server), swipe-up (server), PointerEventDispatcher0 (server),
11-29 07:21:04.570 1491 1599 I wm_destroy_activity: [0,58247445,184,com.android.packageinstaller/.DeleteStagedFileOnResult,finish-transit]
11-29 07:21:04.593 16043 16059 W ContextImpl: Calling a method in the system process without a qualified user: android.app.ContextImpl.startService:1816 android.content.ContextWrapper.startService:774 com.thundercomm.gamemode.ingame.services.GameModeActionUtils.startGameModeService:93 com.thundercomm.gamemode.ingame.services.GameModeActionUtils.startGameModeEntry:21 com.thundercomm.gamemode.ingame.services.ActivityMonitoringService$1.onActivityLaunch:127
11-29 07:21:04.595 3512 3512 I wm_on_stop_called: [58247445,com.android.packageinstaller.DeleteStagedFileOnResult,LIFECYCLER_STOP_ACTIVITY]
11-29 07:21:04.597 3512 3512 I wm_on_destroy_called: [58247445,com.android.packageinstaller.DeleteStagedFileOnResult,performDestroy]
11-29 07:21:04.600 1491 1491 I GameModeConfig: Current uri is uri = content://com.thundercomm.gamemode.api/gamemode_settings/gamemode_isgaming
11-29 07:21:04.602 1491 1491 I GameModeConfig: isGameModeOn = false
11-29 07:21:04.603 1491 1491 I GameModeConfig: isGameModeOn = false
11-29 07:21:04.603 1491 1491 I GameModeConfig: isDisableVoice = true
11-29 07:21:04.607 1491 7158 I wm_task_removed: [184,removeChild:removeChild last r=ActivityRecord{378c915 u0 com.android.packageinstaller/.DeleteStagedFileOnResult t-1 f}} in t=Task{cbd6722 #184 type=standard A=10019:com.android.packageinstaller U=0 visible=false mode=fullscreen translucent=true sz=0}]
11-29 07:21:04.607 1491 7158 I wm_task_removed: [184,removeChild]
11-29 07:21:04.608 1491 1600 W ActivityTaskManager: Can't find TaskDisplayArea to determine support for multi window. Task id=184 attached=false
11-29 07:21:04.608 1491 1600 W ActivityTaskManager: Can't find TaskDisplayArea to determine support for multi window. Task id=184 attached=false
11-29 07:21:04.631 1491 9370 I sysui_multi_action: [757,803,799,key_back_press,802,1]
11-29 07:21:04.638 1491 1693 I input_interaction: Interaction with: cdb357d com.android.settings/com.android.settings.homepage.SettingsHomepageActivity (server), PointerEventDispatcher0 (server),
11-29 07:21:04.641 1491 9370 I ActivityTaskManager: moveTaskToBack: Task{a4ef09 #182 type=standard A=1000:com.android.settings.root U=0 visible=true mode=fullscreen translucent=false sz=1}
11-29 07:21:04.642 1491 9370 I wm_task_moved: [182,0,0]
11-29 07:21:04.644 1491 9370 I wm_focused_root_task: [0,0,180,182,moveTaskToBackLocked]
11-29 07:21:04.644 1491 9370 I wm_add_to_stopping: [0,1880250,com.android.settings/.homepage.SettingsHomepageActivity,makeInvisible]
11-29 07:21:04.645 1491 9370 I wm_pause_activity: [0,1880250,com.android.settings/.homepage.SettingsHomepageActivity,userLeaving=false,pauseBackTasks]
11-29 07:21:04.653 21963 21963 I wm_on_top_resumed_lost_called: [1880250,com.android.settings.homepage.SettingsHomepageActivity,topStateChangedWhenResumed]
11-29 07:21:04.656 1491 1693 I input_focus: [Focus leaving cdb357d com.android.settings/com.android.settings.homepage.SettingsHomepageActivity (server),reason=NO_WINDOW]
11-29 07:21:04.657 21963 21963 I sysui_multi_action: [757,35,758,2,1089,320]
11-29 07:21:04.658 21963 21963 I sysui_multi_action: [757,808,758,2,1089,321]
11-29 07:21:04.658 21963 21963 I wm_on_paused_called: [1880250,com.android.settings.homepage.SettingsHomepageActivity,performPause]
11-29 07:21:04.659 1491 9370 I ActivityTaskManager: FOREGROUND_APPLICATION_CHANGED to com.tencent.pangu.activity.InstallerListenerActivity
11-29 07:21:04.660 1491 9370 I wm_set_resumed_activity: [0,com.tencent.android.qqdownloader/com.tencent.pangu.activity.InstallerListenerActivity,resumeTopActivityInnerLocked]
11-29 07:21:04.661 1491 9370 I wm_resume_activity: [0,248176578,180,com.tencent.android.qqdownloader/com.tencent.pangu.activity.InstallerListenerActivity]
11-29 07:21:04.665 16043 16059 W ContextImpl: Calling a method in the system process without a qualified user: android.app.ContextImpl.startService:1816 android.content.ContextWrapper.startService:774 com.thundercomm.gamemode.ingame.services.GameModeActionUtils.startGameModeService:93 com.thundercomm.gamemode.ingame.services.GameModeActionUtils.startGameModeEntry:21 com.thundercomm.gamemode.ingame.services.ActivityMonitoringService$1.onActivityLaunch:127
11-29 07:21:04.666 1491 1599 I sysui_multi_action: [757,803,799,window_time_0,802,1]
11-29 07:21:04.672 22070 22070 I wm_on_restart_called: [36061001,com.tencent.nucleus.search.SearchActivity,performRestartActivity]
11-29 07:21:04.674 22070 22070 I wm_on_start_called: [36061001,com.tencent.nucleus.search.SearchActivity,handleStartActivity]
11-29 07:21:04.674 22070 22070 I wm_on_restart_called: [179324335,com.tencent.assistantv2.activity.MainActivity,performRestartActivity]
11-29 07:21:04.674 1491 1491 I GameModeConfig: Current uri is uri = content://com.thundercomm.gamemode.api/gamemode_settings/gamemode_isgaming
11-29 07:21:04.675 1491 1491 I GameModeConfig: isGameModeOn = false
11-29 07:21:04.675 22070 22070 I wm_on_start_called: [179324335,com.tencent.assistantv2.activity.MainActivity,handleStartActivity]
11-29 07:21:04.675 1491 1491 I GameModeConfig: isGameModeOn = false
11-29 07:21:04.675 1491 1491 I GameModeConfig: isDisableVoice = true
11-29 07:21:04.676 22070 22070 I wm_on_restart_called: [248176578,com.tencent.pangu.activity.InstallerListenerActivity,performRestartActivity]
11-29 07:21:04.676 22070 22070 I wm_on_start_called: [248176578,com.tencent.pangu.activity.InstallerListenerActivity,handleStartActivity]
11-29 07:21:04.677 22070 22070 I wm_on_resume_called: [248176578,com.tencent.pangu.activity.InstallerListenerActivity,RESUME_ACTIVITY]
11-29 07:21:04.677 22070 22070 I wm_on_top_resumed_gained_called: [248176578,com.tencent.pangu.activity.InstallerListenerActivity,topWhenResuming]
11-29 07:21:04.706 1491 1600 I input_focus: [Focus request 5a33e27 com.tencent.android.qqdownloader/com.tencent.pangu.activity.InstallerListenerActivity,reason=UpdateInputWindows]
11-29 07:21:04.740 1491 1693 I input_focus: [Focus entering 5a33e27 com.tencent.android.qqdownloader/com.tencent.pangu.activity.InstallerListenerActivity (server),reason=Window became focusable. Previous reason: NOT_VISIBLE]
11-29 07:21:04.781 16043 16059 W ContextImpl: Calling a method in the system process without a qualified user: android.app.ContextImpl.startService:1816 android.content.ContextWrapper.startService:774 com.thundercomm.gamemode.ingame.services.GameModeActionUtils.startGameModeService:93 com.thundercomm.gamemode.ingame.services.GameModeActionUtils.startGameModeEntry:21 com.thundercomm.gamemode.ingame.services.ActivityMonitoringService$1.onActivityLaunch:127
11-29 07:21:04.785 1491 1491 I GameModeConfig: Current uri is uri = content://com.thundercomm.gamemode.api/gamemode_settings/gamemode_isgaming
11-29 07:21:04.789 1491 1491 I GameModeConfig: isGameModeOn = false
11-29 07:21:04.790 1491 1491 I GameModeConfig: isGameModeOn = false
11-29 07:21:04.790 1491 1491 I GameModeConfig: isDisableVoice = true
11-29 07:21:05.179 1491 7158 I wm_finish_activity: [0,248176578,180,com.tencent.android.qqdownloader/com.tencent.pangu.activity.InstallerListenerActivity,app-request]
11-29 07:21:05.192 1491 7158 I wm_pause_activity: [0,248176578,com.tencent.android.qqdownloader/com.tencent.pangu.activity.InstallerListenerActivity,userLeaving=false,finish]
11-29 07:21:05.201 22070 22070 I wm_on_top_resumed_lost_called: [248176578,com.tencent.pangu.activity.InstallerListenerActivity,topStateChangedWhenResumed]
11-29 07:21:05.203 22070 22070 I wm_on_paused_called: [248176578,com.tencent.pangu.activity.InstallerListenerActivity,performPause]
11-29 07:21:05.203 1491 7158 I wm_add_to_stopping: [0,248176578,com.tencent.android.qqdownloader/com.tencent.pangu.activity.InstallerListenerActivity,completeFinishing]
11-29 07:21:05.204 1491 7158 I ActivityTaskManager: FOREGROUND_APPLICATION_CHANGED to com.tencent.nucleus.search.SearchActivity
11-29 07:21:05.207 1491 7158 I wm_set_resumed_activity: [0,com.tencent.android.qqdownloader/com.tencent.nucleus.search.SearchActivity,resumeTopActivityInnerLocked]
11-29 07:21:05.209 1491 7158 I wm_resume_activity: [0,36061001,180,com.tencent.android.qqdownloader/com.tencent.nucleus.search.SearchActivity]
11-29 07:21:05.223 1491 1693 I input_focus: [Focus leaving 5a33e27 com.tencent.android.qqdownloader/com.tencent.pangu.activity.InstallerListenerActivity (server),reason=NO_WINDOW]
11-29 07:21:05.225 1491 1600 I input_focus: [Focus request d4b2b26 com.tencent.android.qqdownloader/com.tencent.nucleus.search.SearchActivity,reason=UpdateInputWindows]
11-29 07:21:05.227 1491 1599 I sysui_multi_action: [757,803,799,window_time_0,802,0]
11-29 07:21:05.228 1491 1599 I wm_stop_activity: [0,1880250,com.android.settings/.homepage.SettingsHomepageActivity]
11-29 07:21:05.229 22070 22070 I wm_on_resume_called: [36061001,com.tencent.nucleus.search.SearchActivity,RESUME_ACTIVITY]
11-29 07:21:05.230 22070 22070 I wm_on_top_resumed_gained_called: [36061001,com.tencent.nucleus.search.SearchActivity,topWhenResuming]
11-29 07:21:05.240 1491 1693 I input_focus: [Focus entering d4b2b26 com.tencent.android.qqdownloader/com.tencent.nucleus.search.SearchActivity (server),reason=setFocusedWindow]
11-29 07:21:05.247 21963 21963 I wm_on_stop_called: [1880250,com.android.settings.homepage.SettingsHomepageActivity,STOP_ACTIVITY_ITEM]
11-29 07:21:05.278 16043 16059 W ContextImpl: Calling a method in the system process without a qualified user: android.app.ContextImpl.startService:1816 android.content.ContextWrapper.startService:774 com.thundercomm.gamemode.ingame.services.GameModeActionUtils.startGameModeService:93 com.thundercomm.gamemode.ingame.services.GameModeActionUtils.startGameModeEntry:21 com.thundercomm.gamemode.ingame.services.ActivityMonitoringService$1.onActivityLaunch:127
11-29 07:21:05.282 1491 1491 I GameModeConfig: Current uri is uri = content://com.thundercomm.gamemode.api/gamemode_settings/gamemode_isgaming
11-29 07:21:05.285 1491 1491 I GameModeConfig: isGameModeOn = false
11-29 07:21:05.285 1491 1491 I GameModeConfig: isGameModeOn = false
11-29 07:21:05.285 1491 1491 I GameModeConfig: isDisableVoice = true
11-29 07:21:05.321 16043 16059 W ContextImpl: Calling a method in the system process without a qualified user: android.app.ContextImpl.startService:1816 android.content.ContextWrapper.startService:774 com.thundercomm.gamemode.ingame.services.GameModeActionUtils.startGameModeService:93 com.thundercomm.gamemode.ingame.services.GameModeActionUtils.startGameModeEntry:21 com.thundercomm.gamemode.ingame.services.ActivityMonitoringService$1.onActivityLaunch:127
11-29 07:21:05.327 1491 1491 I GameModeConfig: Current uri is uri = content://com.thundercomm.gamemode.api/gamemode_settings/gamemode_isgaming
11-29 07:21:05.328 1491 1491 I GameModeConfig: isGameModeOn = false
11-29 07:21:05.329 1491 1491 I GameModeConfig: isGameModeOn = false
11-29 07:21:05.329 1491 1491 I GameModeConfig: isDisableVoice = true
11-29 07:21:05.455 1491 1599 I wm_destroy_activity: [0,248176578,180,com.tencent.android.qqdownloader/com.tencent.pangu.activity.InstallerListenerActivity,finish-imm:idle]
11-29 07:21:05.461 22070 22070 I wm_on_stop_called: [248176578,com.tencent.pangu.activity.InstallerListenerActivity,LIFECYCLER_STOP_ACTIVITY]
11-29 07:21:05.465 22070 22070 I wm_on_destroy_called: [248176578,com.tencent.pangu.activity.InstallerListenerActivity,performDestroy]
11-29 07:21:06.079 0 0 I auditd : type=1400 audit(0.0:16821): avc: denied { kill } for comm="swapper/0" capability=5 scontext=u:r:kernel:s0 tcontext=u:r:kernel:s0 tclass=capability permissive=0
11-29 07:21:06.787 1491 1693 I input_interaction: Interaction with: d4b2b26 com.tencent.android.qqdownloader/com.tencent.nucleus.search.SearchActivity (server), edge-swipe (server), swipe-up (server), PointerEventDispatcher0 (server),
11-29 07:21:06.931 22070 22136 W PackageParsing: No actions in intent-filter at /storage/emulated/0/Android/data/com.tencent.android.qqdownloader/files/tassistant/apk/com.miHoYo.Yuanshen_469.apk Binary XML file line #625
11-29 07:21:06.931 22070 22136 W PackageParsing: No actions in intent-filter at /storage/emulated/0/Android/data/com.tencent.android.qqdownloader/files/tassistant/apk/com.miHoYo.Yuanshen_469.apk Binary XML file line #650
11-29 07:21:06.966 1491 1600 I input_focus: [Focus request 752ad65 com.tencent.android.qqdownloader/com.tencent.nucleus.search.SearchActivity,reason=UpdateInputWindows]
11-29 07:21:06.980 1491 1693 I input_focus: [Focus leaving d4b2b26 com.tencent.android.qqdownloader/com.tencent.nucleus.search.SearchActivity (server),reason=Waiting for window because NOT_VISIBLE]
11-29 07:21:06.996 1491 1693 I input_focus: [Focus entering 752ad65 com.tencent.android.qqdownloader/com.tencent.nucleus.search.SearchActivity (server),reason=Window became focusable. Previous reason: NOT_VISIBLE]
11-29 07:21:06.997 1491 1763 I storage_state: [41217664-9172-527a-b3d5-edabb50a7d69,0,0,115109834752,118610538496]
11-29 07:21:08.079 0 0 I auditd : type=1400 audit(0.0:16822): avc: denied { kill } for comm="swapper/2" capability=5 scontext=u:r:kernel:s0 tcontext=u:r:kernel:s0 tclass=capability permissive=0
11-29 07:21:08.771 1491 1693 I input_interaction: Interaction with: 752ad65 com.tencent.android.qqdownloader/com.tencent.nucleus.search.SearchActivity (server), edge-swipe (server), swipe-up (server), PointerEventDispatcher0 (server),
11-29 07:21:08.890 1491 1600 I input_focus: [Focus request d4b2b26 com.tencent.android.qqdownloader/com.tencent.nucleus.search.SearchActivity,reason=UpdateInputWindows]
11-29 07:21:08.894 22070 24180 W PackageParsing: No actions in intent-filter at /storage/emulated/0/Android/data/com.tencent.android.qqdownloader/files/tassistant/apk/com.miHoYo.Yuanshen_469.apk Binary XML file line #625
11-29 07:21:08.895 22070 24180 W PackageParsing: No actions in intent-filter at /storage/emulated/0/Android/data/com.tencent.android.qqdownloader/files/tassistant/apk/com.miHoYo.Yuanshen_469.apk Binary XML file line #650
11-29 07:21:08.901 1491 1693 I input_focus: [Focus entering d4b2b26 com.tencent.android.qqdownloader/com.tencent.nucleus.search.SearchActivity (server),reason=setFocusedWindow]
11-29 07:21:09.079 0 0 I auditd : type=1400 audit(0.0:16823): avc: denied { kill } for comm="swapper/2" capability=5 scontext=u:r:kernel:s0 tcontext=u:r:kernel:s0 tclass=capability permissive=0
11-29 07:21:09.157 1491 7158 I ActivityTaskManager: START u0 {flg=0x10000000 cmp=com.tencent.android.qqdownloader/com.tencent.pangu.activity.InstallerListenerActivity (has extras)} from uid 10097
11-29 07:21:09.163 1491 7158 I wm_task_moved: [180,1,7]
11-29 07:21:09.163 1491 7158 I wm_task_to_front: [0,180]
11-29 07:21:09.164 1491 7158 I wm_set_resumed_activity: [0,com.tencent.android.qqdownloader/com.tencent.nucleus.search.SearchActivity,positionChildAt]
11-29 07:21:09.164 1491 7158 I wm_create_activity: [0,265929795,180,com.tencent.android.qqdownloader/com.tencent.pangu.activity.InstallerListenerActivity,NULL,NULL,NULL,268435456]
11-29 07:21:09.167 1491 7158 I wm_pause_activity: [0,36061001,com.tencent.android.qqdownloader/com.tencent.nucleus.search.SearchActivity,userLeaving=true,resumeTopActivityInnerLocked]
11-29 07:21:09.167 22070 22070 I wm_on_top_resumed_lost_called: [36061001,com.tencent.nucleus.search.SearchActivity,topStateChangedWhenResumed]
11-29 07:21:09.179 22070 22070 I wm_on_paused_called: [36061001,com.tencent.nucleus.search.SearchActivity,performPause]
11-29 07:21:09.179 1491 20081 I commit_sys_config_file: [appops,14827526]
11-29 07:21:09.180 1491 7158 I ActivityTaskManager: FOREGROUND_APPLICATION_CHANGED to com.tencent.pangu.activity.InstallerListenerActivity
11-29 07:21:09.180 1491 7158 I ActivityTaskManager: The Process com.tencent.android.qqdownloader Already Exists in BG. So sending its PID: 22070
11-29 07:21:09.180 1491 7158 W ActivityTaskManager: Tried to set launchTime (0) < mLastActivityLaunchTime (14836978)
11-29 07:21:09.182 1491 7158 I wm_restart_activity: [0,265929795,180,com.tencent.android.qqdownloader/com.tencent.pangu.activity.InstallerListenerActivity]
11-29 07:21:09.183 1491 7158 I wm_set_resumed_activity: [0,com.tencent.android.qqdownloader/com.tencent.pangu.activity.InstallerListenerActivity,minimalResumeActivityLocked]
11-29 07:21:09.190 1491 1599 I sysui_multi_action: [757,803,799,window_time_0,802,4]
11-29 07:21:09.201 1491 2770 I ActivityTaskManager: START u0 {act=android.intent.action.VIEW dat=content://com.tencent.pangu.fileprovider/external_path/Android/data/com.tencent.android.qqdownloader/files/tassistant/apk/com.miHoYo.Yuanshen_469.apk typ=application/vnd.android.package-archive flg=0x10000003 cmp=com.android.packageinstaller/.InstallStart} from uid 10097
11-29 07:21:09.201 1491 2770 W ActivityTaskManager: Activity is launching as a new task, so cancelling activity result.
11-29 07:21:09.203 1491 2770 I wm_task_created: [185,-1]
11-29 07:21:09.203 1491 2770 W ActivityTaskManager: Can't find TaskDisplayArea to determine support for multi window. Task id=185 attached=false
11-29 07:21:09.204 1491 2770 I wm_task_moved: [185,1,8]
11-29 07:21:09.204 1491 2770 I wm_task_to_front: [0,185]
11-29 07:21:09.205 1491 2770 I wm_create_task: [0,185]
11-29 07:21:09.205 1491 2770 I wm_create_activity: [0,191820106,185,com.android.packageinstaller/.InstallStart,android.intent.action.VIEW,application/vnd.android.package-archive,content://com.tencent.pangu.fileprovider/external_path/Android/data/com.tencent.android.qqdownloader/files/tassistant/apk/com.miHoYo.Yuanshen_469.apk,276824067]
11-29 07:21:09.205 1491 2770 I wm_task_moved: [185,1,8]
11-29 07:21:09.206 1491 2770 I wm_pause_activity: [0,265929795,com.tencent.android.qqdownloader/com.tencent.pangu.activity.InstallerListenerActivity,userLeaving=true,pauseBackTasks]
11-29 07:21:09.208 22070 22070 I wm_on_create_called: [265929795,com.tencent.pangu.activity.InstallerListenerActivity,performCreate]
11-29 07:21:09.210 22070 22070 I wm_on_start_called: [265929795,com.tencent.pangu.activity.InstallerListenerActivity,handleStartActivity]
11-29 07:21:09.212 22070 22070 I wm_on_resume_called: [265929795,com.tencent.pangu.activity.InstallerListenerActivity,RESUME_ACTIVITY]
11-29 07:21:09.215 22070 22070 I wm_on_top_resumed_gained_called: [265929795,com.tencent.pangu.activity.InstallerListenerActivity,topStateChangedWhenResumed]
11-29 07:21:09.216 22070 22070 I wm_on_paused_called: [265929795,com.tencent.pangu.activity.InstallerListenerActivity,performPause]
11-29 07:21:09.217 22070 22070 I wm_on_activity_result_called: [265929795,com.tencent.pangu.activity.InstallerListenerActivity,ACTIVITY_RESULT]
11-29 07:21:09.218 22070 22070 I wm_on_resume_called: [265929795,com.tencent.pangu.activity.InstallerListenerActivity,ACTIVITY_RESULT]
11-29 07:21:09.218 22070 22070 I wm_on_top_resumed_lost_called: [265929795,com.tencent.pangu.activity.InstallerListenerActivity,topStateChangedWhenResumed]
11-29 07:21:09.219 22070 22070 I wm_on_paused_called: [265929795,com.tencent.pangu.activity.InstallerListenerActivity,performPause]
11-29 07:21:09.220 1491 2770 I ActivityTaskManager: FOREGROUND_APPLICATION_CHANGED to com.android.packageinstaller.InstallStart
11-29 07:21:09.221 1491 2770 I ActivityTaskManager: The Process com.android.packageinstaller Already Exists in BG. So sending its PID: 3512
11-29 07:21:09.222 1491 2770 W ActivityTaskManager: Tried to set launchTime (0) < mLastActivityLaunchTime (14837489)
11-29 07:21:09.223 1491 2770 I wm_restart_activity: [0,191820106,185,com.android.packageinstaller/.InstallStart]
11-29 07:21:09.225 1491 2770 I wm_set_resumed_activity: [0,com.android.packageinstaller/.InstallStart,minimalResumeActivityLocked]
11-29 07:21:09.267 1491 1599 I sysui_multi_action: [757,803,799,window_time_0,802,0]
11-29 07:21:09.269 1491 2068 I ActivityTaskManager: START u0 {act=android.intent.action.VIEW dat=content://com.tencent.pangu.fileprovider/external_path/Android/data/com.tencent.android.qqdownloader/files/tassistant/apk/com.miHoYo.Yuanshen_469.apk typ=application/vnd.android.package-archive flg=0x2000001 cmp=com.android.packageinstaller/.InstallStaging (has extras)} from uid 10019
11-29 07:21:09.271 1491 2068 I wm_task_moved: [185,1,8]
11-29 07:21:09.271 1491 2068 I wm_set_resumed_activity: [0,com.android.packageinstaller/.InstallStart,positionChildAt]
