11-29 07:22:30.883 19842 19842 I sysui_multi_action: [757,111,758,1]
11-29 07:22:30.883 19842 19842 I sysui_multi_action: [757,126,758,1,759,126,927,0,928,1,1593,1]
11-29 07:22:30.883 19842 19842 I sysui_multi_action: [757,113,758,1,759,113,927,1,928,1,1593,1]
11-29 07:22:30.883 19842 19842 I sysui_multi_action: [757,0,758,1,759,0,927,2,928,0,1593,1]
11-29 07:22:30.883 19842 19842 I sysui_multi_action: [757,0,758,1,759,0,927,3,928,0,1593,1]
11-29 07:22:30.884 19842 19842 I sysui_multi_action: [757,491,758,1,759,491,927,4,928,0,1311,-1,1593,0]
11-29 07:22:30.884 19842 19842 I sysui_multi_action: [757,0,758,1,759,0,927,5,928,0,1593,0]
11-29 07:22:30.884 19842 19842 I sysui_multi_action: [757,111,758,1]
11-29 07:22:30.884 19842 19842 I sysui_multi_action: [757,126,758,1,759,126,927,0,928,1,1593,1]
11-29 07:22:30.884 19842 19842 I sysui_multi_action: [757,113,758,1,759,113,927,1,928,1,1593,1]
11-29 07:22:30.884 19842 19842 I sysui_multi_action: [757,0,758,1,759,0,927,2,928,0,1593,1]
11-29 07:22:30.884 19842 19842 I sysui_multi_action: [757,0,758,1,759,0,927,3,928,0,1593,1]
11-29 07:22:30.885 1491 1607 I sysui_latency: [8,101]
11-29 07:22:30.894 1491 1760 I GameModeConfig: isGameModeOn = false
11-29 07:22:30.894 1491 1760 I GameModeConfig: isGameModeOn = false
11-29 07:22:30.894 1491 1760 I GameModeConfig: isGameModeOn = false
11-29 07:22:30.894 1491 1760 I GameModeConfig: isGameModeOn = false
11-29 07:22:30.894 1491 1760 I GameModeConfig: isGameModeOn = false
11-29 07:22:30.895 1491 1760 I GameModeConfig: isGameModeOn = false
11-29 07:22:30.896 19842 19842 I sysui_multi_action: [757,111,758,2]
11-29 07:22:30.896 19842 19842 I sysui_multi_action: [757,111,758,2]
11-29 07:22:30.896 1491 1491 I notification_enqueue: [10082,19842,com.android.systemui,2048,NULL,0,Notification(channel=updateNotification shortcut=null contentView=null vibrate=null sound=null defaults=0x0 flags=0x0 color=0x00000000 vis=PRIVATE),1]
11-29 07:22:30.899 19842 19842 I sysui_multi_action: [757,111,758,1]
11-29 07:22:30.899 19842 19842 I sysui_multi_action: [757,126,758,1,759,126,927,0,928,1,1593,1]
11-29 07:22:30.899 19842 19842 I sysui_multi_action: [757,113,758,1,759,113,927,1,928,1,1593,1]
11-29 07:22:30.899 19842 19842 I sysui_multi_action: [757,0,758,1,759,0,927,2,928,0,1593,1]
11-29 07:22:30.899 19842 19842 I sysui_multi_action: [757,0,758,1,759,0,927,3,928,0,1593,1]
11-29 07:22:30.899 19842 19842 I sysui_multi_action: [757,491,758,1,759,491,927,4,928,0,1311,-1,1593,0]
11-29 07:22:30.899 19842 19842 I sysui_multi_action: [757,0,758,1,759,0,927,5,928,0,1593,0]
11-29 07:22:30.899 19842 19842 I sysui_multi_action: [757,111,758,1]
11-29 07:22:30.899 19842 19842 I sysui_multi_action: [757,126,758,1,759,126,927,0,928,1,1593,1]
11-29 07:22:30.899 19842 19842 I sysui_multi_action: [757,113,758,1,759,113,927,1,928,1,1593,1]
11-29 07:22:30.900 19842 19842 I sysui_multi_action: [757,0,758,1,759,0,927,2,928,0,1593,1]
11-29 07:22:30.900 19842 19842 I sysui_multi_action: [757,0,758,1,759,0,927,3,928,0,1593,1]
11-29 07:22:30.901 1491 1693 I input_interaction: Interaction with: 3124ee4 NotificationShade (server), 5c05474 com.android.systemui.ImageWallpaper (server), edge-swipe (server), swipe-up (server), PointerEventDispatcher0 (server),
11-29 07:22:30.913 1491 1760 I GameModeConfig: isGameModeOn = false
11-29 07:22:30.913 1491 1760 I GameModeConfig: isGameModeOn = false
11-29 07:22:30.913 1491 1760 I GameModeConfig: isGameModeOn = false
11-29 07:22:30.914 1491 1760 I GameModeConfig: isGameModeOn = false
11-29 07:22:30.914 1491 1760 I GameModeConfig: isGameModeOn = false
11-29 07:22:30.914 1491 1760 I GameModeConfig: isGameModeOn = false
11-29 07:22:30.915 1491 1491 I GameModeConfig: isGameModeOn = false
11-29 07:22:30.915 1491 1491 E NotificationService: Muting recently noisy 0|com.android.systemui|2048|null|10082
11-29 07:22:30.916 19842 19842 I sysui_multi_action: [757,111,758,2]
11-29 07:22:30.916 19842 19842 I sysui_multi_action: [757,111,758,2]
11-29 07:22:30.917 1491 1491 I notification_enqueue: [10082,19842,com.android.systemui,2048,NULL,0,Notification(channel=updateNotification shortcut=null contentView=null vibrate=null sound=null defaults=0x0 flags=0x0 color=0x00000000 vis=PRIVATE),1]
11-29 07:22:30.919 1491 1693 I input_interaction: Interaction with: edge-swipe (server), swipe-up (server), PointerEventDispatcher0 (server),
11-29 07:22:30.930 1491 1600 I input_focus: [Focus request 3124ee4 NotificationShade,reason=UpdateInputWindows]
11-29 07:22:30.931 19842 19842 I sysui_multi_action: [757,111,758,1]
11-29 07:22:30.931 19842 19842 I sysui_multi_action: [757,126,758,1,759,126,927,0,928,1,1593,0]
11-29 07:22:30.931 19842 19842 I sysui_multi_action: [757,113,758,1,759,113,927,1,928,1,1593,0]
11-29 07:22:30.931 19842 19842 I sysui_multi_action: [757,0,758,1,759,0,927,2,928,0,1593,0]
11-29 07:22:30.931 19842 19842 I sysui_multi_action: [757,0,758,1,759,0,927,3,928,0,1593,0]
11-29 07:22:30.932 19842 19842 I sysui_multi_action: [757,491,758,1,759,491,927,4,928,0,1311,-1,1593,0]
11-29 07:22:30.932 19842 19842 I sysui_multi_action: [757,0,758,1,759,0,927,5,928,0,1593,0]
11-29 07:22:30.932 19842 19842 I sysui_multi_action: [757,111,758,1]
11-29 07:22:30.932 19842 19842 I sysui_multi_action: [757,126,758,1,759,126,927,0,928,1,1593,0]
11-29 07:22:30.932 19842 19842 I sysui_multi_action: [757,113,758,1,759,113,927,1,928,1,1593,0]
11-29 07:22:30.932 19842 19842 I sysui_multi_action: [757,0,758,1,759,0,927,2,928,0,1593,0]
11-29 07:22:30.932 19842 19842 I sysui_multi_action: [757,0,758,1,759,0,927,3,928,0,1593,0]
11-29 07:22:30.935 19842 19842 I view_enqueue_input_event: [Motion - Cancel,NotificationShade]
11-29 07:22:30.936 1491 1760 I GameModeConfig: isGameModeOn = false
11-29 07:22:30.936 1491 1760 I GameModeConfig: isGameModeOn = false
11-29 07:22:30.937 1491 1760 I GameModeConfig: isGameModeOn = false
11-29 07:22:30.937 1491 1760 I GameModeConfig: isGameModeOn = false
11-29 07:22:30.937 1491 1760 I GameModeConfig: isGameModeOn = false
11-29 07:22:30.937 1491 1760 I GameModeConfig: isGameModeOn = false
11-29 07:22:30.938 1491 1491 I notification_enqueue: [10082,19842,com.android.systemui,2048,NULL,0,Notification(channel=updateNotification shortcut=null contentView=null vibrate=null sound=null defaults=0x0 flags=0x0 color=0x00000000 vis=PRIVATE),1]
11-29 07:22:30.940 19842 19842 I sysui_multi_action: [757,111,758,2]
11-29 07:22:30.942 1491 8592 I wm_task_moved: [32,1,9]
11-29 07:22:30.942 1491 8592 I wm_task_moved: [41,1,2147483647]
11-29 07:22:30.942 1491 8592 I wm_task_to_front: [0,41]
11-29 07:22:30.942 1491 8592 I wm_focused_root_task: [0,0,32,186,RecentsAnimation.onAnimationFinished()]
11-29 07:22:30.942 24595 24595 I wm_on_top_resumed_lost_called: [1935209,com.miHoYo.sdk.platform.SdkActivity,topStateChangedWhenResumed]
11-29 07:22:30.942 1491 8592 I wm_set_resumed_activity: [0,com.android.launcher3/.uioverrides.QuickstepLauncher,RecentsAnimation.onAnimationFinished()]
11-29 07:22:30.943 1491 8592 I wm_pause_activity: [0,1935209,com.miHoYo.Yuanshen/com.miHoYo.sdk.platform.SdkActivity,userLeaving=true,pauseBackTasks]
11-29 07:22:30.943 1491 8592 I wm_add_to_stopping: [0,1935209,com.miHoYo.Yuanshen/com.miHoYo.sdk.platform.SdkActivity,makeInvisible]
11-29 07:22:30.943 1491 8592 I wm_add_to_stopping: [0,118413051,com.miHoYo.Yuanshen/com.miHoYo.GetMobileInfo.MainActivity,makeInvisible]
11-29 07:22:30.943 1491 8592 I ActivityTaskManager: FOREGROUND_APPLICATION_CHANGED to com.android.launcher3.uioverrides.QuickstepLauncher
11-29 07:22:30.944 1491 8592 I wm_set_resumed_activity: [0,com.android.launcher3/.uioverrides.QuickstepLauncher,resumeTopActivityInnerLocked]
11-29 07:22:30.945 19842 19842 I sysui_multi_action: [757,111,758,2]
11-29 07:22:30.946 1491 1491 I GameModeConfig: isGameModeOn = false
11-29 07:22:30.947 1491 1491 E NotificationService: Muting recently noisy 0|com.android.systemui|2048|null|10082
11-29 07:22:30.948 19842 19842 I sysui_multi_action: [757,111,758,1]
11-29 07:22:30.948 19842 19842 I sysui_multi_action: [757,126,758,1,759,126,927,0,928,1,1593,1]
11-29 07:22:30.948 19842 19842 I sysui_multi_action: [757,113,758,1,759,113,927,1,928,1,1593,1]
11-29 07:22:30.948 19842 19842 I sysui_multi_action: [757,0,758,1,759,0,927,2,928,0,1593,1]
11-29 07:22:30.948 19842 19842 I sysui_multi_action: [757,0,758,1,759,0,927,3,928,0,1593,1]
11-29 07:22:30.948 19842 19842 I sysui_multi_action: [757,491,758,1,759,491,927,4,928,0,1311,-1,1593,0]
11-29 07:22:30.948 19842 19842 I sysui_multi_action: [757,0,758,1,759,0,927,5,928,0,1593,0]
11-29 07:22:30.948 19842 19842 I sysui_multi_action: [757,111,758,1]
11-29 07:22:30.949 19842 19842 I sysui_multi_action: [757,126,758,1,759,126,927,0,928,1,1593,1]
11-29 07:22:30.949 19842 19842 I sysui_multi_action: [757,113,758,1,759,113,927,1,928,1,1593,1]
11-29 07:22:30.949 19842 19842 I sysui_multi_action: [757,0,758,1,759,0,927,2,928,0,1593,1]
11-29 07:22:30.949 19842 19842 I sysui_multi_action: [757,0,758,1,759,0,927,3,928,0,1593,1]
11-29 07:22:30.953 1491 8592 I wm_resume_activity: [0,254362067,41,com.android.launcher3/.uioverrides.QuickstepLauncher]
11-29 07:22:30.958 1491 1760 I GameModeConfig: isGameModeOn = false
11-29 07:22:30.958 1491 1760 I GameModeConfig: isGameModeOn = false
11-29 07:22:30.958 1491 1760 I GameModeConfig: isGameModeOn = false
11-29 07:22:30.958 1491 1760 I GameModeConfig: isGameModeOn = false
11-29 07:22:30.959 1491 1760 I GameModeConfig: isGameModeOn = false
11-29 07:22:30.961 1491 1760 I GameModeConfig: isGameModeOn = false
11-29 07:22:30.962 1491 7658 W ActivityTaskManager: getTaskSnapshot: taskId=3180 not found
11-29 07:22:30.962 19842 19842 I sysui_multi_action: [757,111,758,2]
11-29 07:22:30.962 19842 19842 I sysui_multi_action: [757,111,758,2]
11-29 07:22:30.963 1491 1491 I notification_enqueue: [10082,19842,com.android.systemui,2048,NULL,0,Notification(channel=updateNotification shortcut=null contentView=null vibrate=null sound=null defaults=0x0 flags=0x0 color=0x00000000 vis=PRIVATE),1]
11-29 07:22:30.963 24595 24595 I wm_on_paused_called: [1935209,com.miHoYo.sdk.platform.SdkActivity,performPause]
11-29 07:22:30.964 1491 1599 I wm_stop_activity: [0,118413051,com.miHoYo.Yuanshen/com.miHoYo.GetMobileInfo.MainActivity]
11-29 07:22:30.964 1491 1599 I wm_stop_activity: [0,1935209,com.miHoYo.Yuanshen/com.miHoYo.sdk.platform.SdkActivity]
11-29 07:22:30.965 1491 1693 I input_focus: [Focus entering 3124ee4 NotificationShade (server),reason=setFocusedWindow]
11-29 07:22:30.965 1491 1599 I sysui_multi_action: [757,803,799,window_time_0,802,29]
11-29 07:22:30.965 1491 1599 I sysui_multi_action: [757,803,799,window_time_0,802,0]
11-29 07:22:30.967 9956 9956 I wm_on_resume_called: [254362067,com.android.launcher3.uioverrides.QuickstepLauncher,RESUME_ACTIVITY]
11-29 07:22:30.968 1491 1491 I GameModeConfig: isGameModeOn = false
11-29 07:22:30.968 1491 1491 E NotificationService: Muting recently noisy 0|com.android.systemui|2048|null|10082
11-29 07:22:30.969 9956 9956 I wm_on_top_resumed_gained_called: [254362067,com.android.launcher3.uioverrides.QuickstepLauncher,topStateChangedWhenResumed]
11-29 07:22:30.973 1491 1600 I input_focus: [Focus request cd0514f com.android.launcher3/com.android.launcher3.uioverrides.QuickstepLauncher,reason=UpdateInputWindows]
11-29 07:22:30.973 19842 19842 I sysui_multi_action: [757,111,758,1]
11-29 07:22:30.974 19842 19842 I sysui_multi_action: [757,126,758,1,759,126,927,0,928,1,1593,1]
11-29 07:22:30.974 19842 19842 I sysui_multi_action: [757,113,758,1,759,113,927,1,928,1,1593,1]
11-29 07:22:30.974 19842 19842 I sysui_multi_action: [757,0,758,1,759,0,927,2,928,0,1593,1]
11-29 07:22:30.974 19842 19842 I sysui_multi_action: [757,0,758,1,759,0,927,3,928,0,1593,1]
11-29 07:22:30.974 19842 19842 I sysui_multi_action: [757,491,758,1,759,491,927,4,928,0,1311,-1,1593,0]
11-29 07:22:30.974 19842 19842 I sysui_multi_action: [757,0,758,1,759,0,927,5,928,0,1593,0]
11-29 07:22:30.974 19842 19842 I sysui_multi_action: [757,111,758,1]
11-29 07:22:30.974 19842 19842 I sysui_multi_action: [757,126,758,1,759,126,927,0,928,1,1593,1]
11-29 07:22:30.974 19842 19842 I sysui_multi_action: [757,113,758,1,759,113,927,1,928,1,1593,1]
11-29 07:22:30.974 19842 19842 I sysui_multi_action: [757,0,758,1,759,0,927,2,928,0,1593,1]
11-29 07:22:30.974 19842 19842 I sysui_multi_action: [757,0,758,1,759,0,927,3,928,0,1593,1]
11-29 07:22:30.974 1491 8592 W ActivityTaskManager: getTaskSnapshot: taskId=2180 not found
11-29 07:22:30.982 1491 1760 I GameModeConfig: isGameModeOn = false
11-29 07:22:30.982 1491 1760 I GameModeConfig: isGameModeOn = false
11-29 07:22:30.982 1491 1760 I GameModeConfig: isGameModeOn = false
11-29 07:22:30.982 1491 1760 I GameModeConfig: isGameModeOn = false
11-29 07:22:30.982 1491 1760 I GameModeConfig: isGameModeOn = false
11-29 07:22:30.982 1491 1760 I GameModeConfig: isGameModeOn = false
11-29 07:22:30.983 19842 19842 I sysui_multi_action: [757,111,758,2]
11-29 07:22:30.983 19842 19842 I sysui_multi_action: [757,111,758,2]
11-29 07:22:30.983 1491 1491 I notification_enqueue: [10082,19842,com.android.systemui,2048,NULL,0,Notification(channel=updateNotification shortcut=null contentView=null vibrate=null sound=null defaults=0x0 flags=0x0 color=0x00000000 vis=PRIVATE),1]
11-29 07:22:30.986 19842 19842 I sysui_multi_action: [757,111,758,1]
11-29 07:22:30.986 19842 19842 I sysui_multi_action: [757,126,758,1,759,126,927,0,928,1,1593,1]
11-29 07:22:30.986 19842 19842 I sysui_multi_action: [757,113,758,1,759,113,927,1,928,1,1593,1]
11-29 07:22:30.986 19842 19842 I sysui_multi_action: [757,0,758,1,759,0,927,2,928,0,1593,1]
11-29 07:22:30.986 19842 19842 I sysui_multi_action: [757,0,758,1,759,0,927,3,928,0,1593,1]
11-29 07:22:30.986 19842 19842 I sysui_multi_action: [757,491,758,1,759,491,927,4,928,0,1311,-1,1593,0]
11-29 07:22:30.986 19842 19842 I sysui_multi_action: [757,0,758,1,759,0,927,5,928,0,1593,0]
11-29 07:22:30.987 19842 19842 I sysui_multi_action: [757,111,758,1]
11-29 07:22:30.987 19842 19842 I sysui_multi_action: [757,126,758,1,759,126,927,0,928,1,1593,1]
11-29 07:22:30.987 19842 19842 I sysui_multi_action: [757,113,758,1,759,113,927,1,928,1,1593,1]
11-29 07:22:30.987 19842 19842 I sysui_multi_action: [757,0,758,1,759,0,927,2,928,0,1593,1]
11-29 07:22:30.987 19842 19842 I sysui_multi_action: [757,0,758,1,759,0,927,3,928,0,1593,1]
11-29 07:22:30.995 1491 1693 I input_focus: [Focus leaving 3124ee4 NotificationShade (server),reason=NOT_FOCUSABLE]
11-29 07:22:30.995 1491 1693 I input_focus: [Focus entering cd0514f com.android.launcher3/com.android.launcher3.uioverrides.QuickstepLauncher (server),reason=setFocusedWindow]
11-29 07:22:30.997 1491 1491 I GameModeConfig: isGameModeOn = false
11-29 07:22:30.998 1491 1491 E NotificationService: Muting recently noisy 0|com.android.systemui|2048|null|10082
11-29 07:22:31.006 1491 1760 I GameModeConfig: isGameModeOn = false
11-29 07:22:31.007 1491 1760 I GameModeConfig: isGameModeOn = false
11-29 07:22:31.007 1491 1760 I GameModeConfig: isGameModeOn = false
11-29 07:22:31.007 1491 1760 I GameModeConfig: isGameModeOn = false
11-29 07:22:31.007 1491 1760 I GameModeConfig: isGameModeOn = false
11-29 07:22:31.007 1491 1760 I GameModeConfig: isGameModeOn = false
11-29 07:22:31.008 19842 19842 I sysui_multi_action: [757,111,758,2]
11-29 07:22:31.008 19842 19842 I sysui_multi_action: [757,111,758,2]
11-29 07:22:31.008 1491 1491 I notification_enqueue: [10082,19842,com.android.systemui,2048,NULL,0,Notification(channel=updateNotification shortcut=null contentView=null vibrate=null sound=null defaults=0x0 flags=0x0 color=0x00000000 vis=PRIVATE),1]
11-29 07:22:31.011 19842 19842 I sysui_multi_action: [757,111,758,1]
11-29 07:22:31.011 19842 19842 I sysui_multi_action: [757,126,758,1,759,126,927,0,928,1,1593,1]
11-29 07:22:31.011 19842 19842 I sysui_multi_action: [757,113,758,1,759,113,927,1,928,1,1593,1]
11-29 07:22:31.011 19842 19842 I sysui_multi_action: [757,0,758,1,759,0,927,2,928,0,1593,1]
11-29 07:22:31.011 19842 19842 I sysui_multi_action: [757,0,758,1,759,0,927,3,928,0,1593,1]
11-29 07:22:31.012 19842 19842 I sysui_multi_action: [757,491,758,1,759,491,927,4,928,0,1311,-1,1593,0]
11-29 07:22:31.012 19842 19842 I sysui_multi_action: [757,0,758,1,759,0,927,5,928,0,1593,0]
11-29 07:22:31.012 19842 19842 I sysui_multi_action: [757,111,758,1]
11-29 07:22:31.012 19842 19842 I sysui_multi_action: [757,126,758,1,759,126,927,0,928,1,1593,1]
11-29 07:22:31.012 19842 19842 I sysui_multi_action: [757,113,758,1,759,113,927,1,928,1,1593,1]
11-29 07:22:31.012 19842 19842 I sysui_multi_action: [757,0,758,1,759,0,927,2,928,0,1593,1]
11-29 07:22:31.012 19842 19842 I sysui_multi_action: [757,0,758,1,759,0,927,3,928,0,1593,1]
11-29 07:22:31.016 1491 1491 I GameModeConfig: isGameModeOn = false
11-29 07:22:31.016 1491 1491 E NotificationService: Muting recently noisy 0|com.android.systemui|2048|null|10082
11-29 07:22:31.026 1491 1760 I GameModeConfig: isGameModeOn = false
11-29 07:22:31.026 24595 24595 I wm_on_stop_called: [118413051,com.miHoYo.GetMobileInfo.MainActivity,STOP_ACTIVITY_ITEM]
11-29 07:22:31.027 1491 1760 I GameModeConfig: isGameModeOn = false
11-29 07:22:31.027 1491 1760 I GameModeConfig: isGameModeOn = false
11-29 07:22:31.027 1491 1760 I GameModeConfig: isGameModeOn = false
11-29 07:22:31.027 1491 1760 I GameModeConfig: isGameModeOn = false
11-29 07:22:31.028 1491 1760 I GameModeConfig: isGameModeOn = false
11-29 07:22:31.028 19842 19842 I sysui_multi_action: [757,111,758,2]
11-29 07:22:31.028 19842 19842 I sysui_multi_action: [757,111,758,2]
11-29 07:22:31.028 1491 1491 I notification_enqueue: [10082,19842,com.android.systemui,2048,NULL,0,Notification(channel=updateNotification shortcut=null contentView=null vibrate=null sound=null defaults=0x0 flags=0x0 color=0x00000000 vis=PRIVATE),1]
11-29 07:22:31.030 19842 19842 I sysui_multi_action: [757,111,758,1]
11-29 07:22:31.030 19842 19842 I sysui_multi_action: [757,126,758,1,759,126,927,0,928,1,1593,1]
11-29 07:22:31.030 19842 19842 I sysui_multi_action: [757,113,758,1,759,113,927,1,928,1,1593,1]
11-29 07:22:31.031 19842 19842 I sysui_multi_action: [757,0,758,1,759,0,927,2,928,0,1593,1]
11-29 07:22:31.031 19842 19842 I sysui_multi_action: [757,0,758,1,759,0,927,3,928,0,1593,1]
11-29 07:22:31.031 19842 19842 I sysui_multi_action: [757,491,758,1,759,491,927,4,928,0,1311,-1,1593,0]
11-29 07:22:31.031 19842 19842 I sysui_multi_action: [757,0,758,1,759,0,927,5,928,0,1593,0]
11-29 07:22:31.031 19842 19842 I sysui_multi_action: [757,111,758,1]
11-29 07:22:31.031 19842 19842 I sysui_multi_action: [757,126,758,1,759,126,927,0,928,1,1593,1]
11-29 07:22:31.031 19842 19842 I sysui_multi_action: [757,113,758,1,759,113,927,1,928,1,1593,1]
11-29 07:22:31.031 19842 19842 I sysui_multi_action: [757,0,758,1,759,0,927,2,928,0,1593,1]
11-29 07:22:31.031 19842 19842 I sysui_multi_action: [757,0,758,1,759,0,927,3,928,0,1593,1]
11-29 07:22:31.035 1491 1491 I GameModeConfig: isGameModeOn = false
11-29 07:22:31.036 1491 1491 E NotificationService: Muting recently noisy 0|com.android.systemui|2048|null|10082
11-29 07:22:31.038 24595 24595 I wm_on_stop_called: [1935209,com.miHoYo.sdk.platform.SdkActivity,STOP_ACTIVITY_ITEM]
11-29 07:22:31.042 1491 1760 I GameModeConfig: isGameModeOn = false
11-29 07:22:31.042 19842 19842 I sysui_multi_action: [757,111,758,2]
11-29 07:22:31.042 19842 19842 I sysui_multi_action: [757,111,758,2]
11-29 07:22:31.043 1491 1760 I GameModeConfig: isGameModeOn = false
11-29 07:22:31.043 1491 1760 I GameModeConfig: isGameModeOn = false
11-29 07:22:31.044 1491 1760 I GameModeConfig: isGameModeOn = false
11-29 07:22:31.044 1491 1760 I GameModeConfig: isGameModeOn = false
11-29 07:22:31.044 1491 1760 I GameModeConfig: isGameModeOn = false
11-29 07:22:31.045 1491 1491 I notification_enqueue: [10082,19842,com.android.systemui,2048,NULL,0,Notification(channel=updateNotification shortcut=null contentView=null vibrate=null sound=null defaults=0x0 flags=0x0 color=0x00000000 vis=PRIVATE),1]
11-29 07:22:31.051 1491 1491 I GameModeConfig: isGameModeOn = false
11-29 07:22:31.052 1491 1491 E NotificationService: Muting recently noisy 0|com.android.systemui|2048|null|10082
11-29 07:22:31.053 19842 19842 I sysui_multi_action: [757,111,758,1]
11-29 07:22:31.053 19842 19842 I sysui_multi_action: [757,126,758,1,759,126,927,0,928,1,1593,1]
11-29 07:22:31.053 19842 19842 I sysui_multi_action: [757,113,758,1,759,113,927,1,928,1,1593,1]
11-29 07:22:31.054 19842 19842 I sysui_multi_action: [757,0,758,1,759,0,927,2,928,0,1593,1]
11-29 07:22:31.054 19842 19842 I sysui_multi_action: [757,0,758,1,759,0,927,3,928,0,1593,1]
11-29 07:22:31.054 19842 19842 I sysui_multi_action: [757,491,758,1,759,491,927,4,928,0,1311,-1,1593,0]
11-29 07:22:31.054 19842 19842 I sysui_multi_action: [757,0,758,1,759,0,927,5,928,0,1593,0]
11-29 07:22:31.054 19842 19842 I sysui_multi_action: [757,111,758,1]
11-29 07:22:31.054 19842 19842 I sysui_multi_action: [757,126,758,1,759,126,927,0,928,1,1593,1]
11-29 07:22:31.054 19842 19842 I sysui_multi_action: [757,113,758,1,759,113,927,1,928,1,1593,1]
11-29 07:22:31.054 19842 19842 I sysui_multi_action: [757,0,758,1,759,0,927,2,928,0,1593,1]
11-29 07:22:31.054 19842 19842 I sysui_multi_action: [757,0,758,1,759,0,927,3,928,0,1593,1]
11-29 07:22:31.058 1491 8854 I sysui_multi_action: [757,128,758,2,793,13515831,794,6999,795,13515831,796,26,798,0,806,android,857,DEVELOPER_IMPORTANT,858,4,947,0,1395,2,1500,13515626,1688,1]
11-29 07:22:31.059 1491 8854 I notification_visibility: [-1|android|26|null|1000,0,13515831,13515831,0,0]
11-29 07:22:31.060 1491 8854 I sysui_multi_action: [757,128,758,2,793,13515836,794,7000,795,13515836,796,32,798,1,806,android,857,USB,858,1,947,0,1395,2,1500,13515633,1688,1]
11-29 07:22:31.060 1491 8854 I notification_visibility: [-1|android|32|null|1000,0,13515836,13515836,0,1]
11-29 07:22:31.061 1491 1760 I GameModeConfig: isGameModeOn = false
11-29 07:22:31.066 1491 1760 I GameModeConfig: isGameModeOn = false
11-29 07:22:31.067 1491 1760 I GameModeConfig: isGameModeOn = false
11-29 07:22:31.067 1491 1760 I GameModeConfig: isGameModeOn = false
11-29 07:22:31.067 1491 1760 I GameModeConfig: isGameModeOn = false
11-29 07:22:31.067 1491 1760 I GameModeConfig: isGameModeOn = false
11-29 07:22:31.067 19842 19842 I sysui_multi_action: [757,111,758,2]
11-29 07:22:31.067 19842 19842 I sysui_multi_action: [757,111,758,2]
11-29 07:22:31.070 1491 1491 I GameModeConfig: isGameModeOn = false
11-29 07:22:31.070 1491 1491 E NotificationService: Muting recently noisy 0|com.android.systemui|2048|null|10082
11-29 07:22:31.071 1491 1491 I notification_enqueue: [10082,19842,com.android.systemui,2048,NULL,0,Notification(channel=updateNotification shortcut=null contentView=null vibrate=null sound=null defaults=0x0 flags=0x0 color=0x00000000 vis=PRIVATE),1]
11-29 07:22:31.071 1491 8854 I sysui_multi_action: [757,127,758,2]
11-29 07:22:31.071 1491 8854 I notification_panel_hidden:
11-29 07:22:31.080 16043 16059 W ContextImpl: Calling a method in the system process without a qualified user: android.app.ContextImpl.startService:1816 android.content.ContextWrapper.startService:774 com.thundercomm.gamemode.ingame.services.GameModeActionUtils.startGameModeService:93 com.thundercomm.gamemode.ingame.services.GameModeActionUtils.startGameModeEntry:21 com.thundercomm.gamemode.ingame.services.ActivityMonitoringService$1.onActivityLaunch:127
11-29 07:22:31.081 19842 19842 I sysui_multi_action: [757,111,758,1]
11-29 07:22:31.082 19842 19842 I sysui_multi_action: [757,126,758,1,759,126,927,0,928,1,1593,1]
11-29 07:22:31.082 19842 19842 I sysui_multi_action: [757,113,758,1,759,113,927,1,928,1,1593,1]
11-29 07:22:31.082 19842 19842 I sysui_multi_action: [757,0,758,1,759,0,927,2,928,0,1593,1]
11-29 07:22:31.082 19842 19842 I sysui_multi_action: [757,0,758,1,759,0,927,3,928,0,1593,1]
11-29 07:22:31.082 19842 19842 I sysui_multi_action: [757,491,758,1,759,491,927,4,928,0,1311,-1,1593,0]
11-29 07:22:31.082 19842 19842 I sysui_multi_action: [757,0,758,1,759,0,927,5,928,0,1593,0]
11-29 07:22:31.082 19842 19842 I sysui_multi_action: [757,111,758,1]
11-29 07:22:31.082 19842 19842 I sysui_multi_action: [757,126,758,1,759,126,927,0,928,1,1593,1]
11-29 07:22:31.082 19842 19842 I sysui_multi_action: [757,113,758,1,759,113,927,1,928,1,1593,1]
11-29 07:22:31.082 19842 19842 I sysui_multi_action: [757,0,758,1,759,0,927,2,928,0,1593,1]
11-29 07:22:31.082 19842 19842 I sysui_multi_action: [757,0,758,1,759,0,927,3,928,0,1593,1]
11-29 07:22:31.082 1491 1491 I GameModeConfig: isGameModeOn = false
11-29 07:22:31.083 1491 1491 E NotificationService: Muting recently noisy 0|com.android.systemui|2048|null|10082
11-29 07:22:31.090 1491 1491 I GameModeConfig: Current uri is uri = content://com.thundercomm.gamemode.api/gamemode_settings/gamemode_isgaming
11-29 07:22:31.092 1491 1491 I GameModeConfig: isGameModeOn = false
11-29 07:22:31.092 1491 1491 I GameModeConfig: isGameModeOn = false
11-29 07:22:31.092 1491 1491 I GameModeConfig: isDisableVoice = true
11-29 07:22:31.097 1491 1491 I GameModeConfig: isGameModeOn = false
11-29 07:22:31.098 1491 1491 E NotificationService: Muting recently noisy 0|com.android.systemui|2048|null|10082
11-29 07:22:31.100 16043 16059 W ContextImpl: Calling a method in the system process without a qualified user: android.app.ContextImpl.startService:1816 android.content.ContextWrapper.startService:774 com.thundercomm.gamemode.ingame.services.GameModeActionUtils.startGameModeService:93 com.thundercomm.gamemode.ingame.services.GameModeActionUtils.startGameModeEntry:21 com.thundercomm.gamemode.ingame.services.ActivityMonitoringService$1.onActivityLaunch:127
11-29 07:22:31.104 1491 1491 I GameModeConfig: Current uri is uri = content://com.thundercomm.gamemode.api/gamemode_settings/gamemode_isgaming
11-29 07:22:31.105 1491 1491 I GameModeConfig: isGameModeOn = false
11-29 07:22:31.106 1491 1491 I GameModeConfig: isGameModeOn = false
11-29 07:22:31.106 1491 1491 I GameModeConfig: isDisableVoice = true
11-29 07:22:31.117 1491 1673 I commit_sys_config_file: [settings-1-0,4]
11-29 07:22:31.118 1491 1491 I GameModeConfig: isGameModeOn = false
11-29 07:22:31.119 1491 1491 E NotificationService: Muting recently noisy 0|com.android.systemui|2048|null|10082
11-29 07:22:31.139 1491 1491 I GameModeConfig: isGameModeOn = false
11-29 07:22:31.140 1491 1491 E NotificationService: Muting recently noisy 0|com.android.systemui|2048|null|10082
11-29 07:22:31.165 1491 1491 I GameModeConfig: isGameModeOn = false
11-29 07:22:31.166 1491 1491 E NotificationService: Muting recently noisy 0|com.android.systemui|2048|null|10082
11-29 07:22:31.189 1491 1491 I GameModeConfig: isGameModeOn = false
11-29 07:22:31.189 1491 1491 E NotificationService: Muting recently noisy 0|com.android.systemui|2048|null|10082
11-29 07:22:31.210 1491 1491 I GameModeConfig: isGameModeOn = false
11-29 07:22:31.210 1491 1491 E NotificationService: Muting recently noisy 0|com.android.systemui|2048|null|10082
11-29 07:22:31.237 1491 1491 I GameModeConfig: isGameModeOn = false
11-29 07:22:31.237 1491 1491 E NotificationService: Muting recently noisy 0|com.android.systemui|2048|null|10082
11-29 07:22:31.247 1491 1491 I GameModeConfig: isGameModeOn = false
11-29 07:22:31.247 1491 1491 E NotificationService: Muting recently noisy 0|com.android.systemui|2048|null|10082
11-29 07:22:31.272 1491 1491 I GameModeConfig: isGameModeOn = false
11-29 07:22:31.273 1491 1491 E NotificationService: Muting recently noisy 0|com.android.systemui|2048|null|10082
11-29 07:22:32.030 1491 1693 I input_interaction: Interaction with: cd0514f com.android.launcher3/com.android.launcher3.uioverrides.QuickstepLauncher (server), 5c05474 com.android.systemui.ImageWallpaper (server), edge-swipe (server), swipe-up (server), PointerEventDispatcher0 (server),
11-29 07:22:32.079 0 0 I auditd : type=1400 audit(0.0:16883): avc: denied { kill } for comm="swapper/0" capability=5 scontext=u:r:kernel:s0 tcontext=u:r:kernel:s0 tclass=capability permissive=0
11-29 07:22:32.119 1491 2770 I ActivityTaskManager: START u0 {act=android.intent.action.MAIN cat=[android.intent.category.LAUNCHER] flg=0x10200000 cmp=com.android.settings/.Settings bnds=[2308,740][2494,940]} from uid 10077
11-29 07:22:32.130 1491 2770 I wm_task_moved: [182,1,9]
11-29 07:22:32.130 1491 2770 I wm_task_to_front: [0,182]
11-29 07:22:32.131 1491 2770 I wm_focused_root_task: [0,0,182,32,bringingFoundTaskToFront]
11-29 07:22:32.132 1491 2770 I wm_set_resumed_activity: [0,com.android.settings.intelligence/.search.SearchActivity,bringingFoundTaskToFront]
11-29 07:22:32.133 1491 2770 I wm_finish_activity: [0,218633568,182,com.android.settings.intelligence/.search.SearchActivity,clear-task-stack]
11-29 07:22:32.134 1491 2770 I wm_destroy_activity: [0,218633568,182,com.android.settings.intelligence/.search.SearchActivity,finish-imm:finishIfPossible]
11-29 07:22:32.134 1491 2770 I wm_new_intent: [0,1880250,182,com.android.settings/.homepage.SettingsHomepageActivity,android.settings.WIFI_SETTINGS,NULL,NULL,335544320]
11-29 07:22:32.136 1491 2770 I wm_pause_activity: [0,254362067,com.android.launcher3/.uioverrides.QuickstepLauncher,userLeaving=true,pauseBackTasks]
11-29 07:22:32.141 24749 24749 I wm_on_destroy_called: [218633568,com.android.settings.intelligence.search.SearchActivity,performDestroy]
11-29 07:22:32.145 9956 9956 I wm_on_top_resumed_lost_called: [254362067,com.android.launcher3.uioverrides.QuickstepLauncher,topStateChangedWhenResumed]
11-29 07:22:32.149 9956 9956 I wm_on_paused_called: [254362067,com.android.launcher3.uioverrides.QuickstepLauncher,performPause]
11-29 07:22:32.156 1491 7158 I ActivityTaskManager: FOREGROUND_APPLICATION_CHANGED to com.android.settings.homepage.SettingsHomepageActivity
11-29 07:22:32.160 1491 7158 I wm_set_resumed_activity: [0,com.android.settings/.homepage.SettingsHomepageActivity,resumeTopActivityInnerLocked]
11-29 07:22:32.160 1491 7158 I wm_add_to_stopping: [0,254362067,com.android.launcher3/.uioverrides.QuickstepLauncher,makeInvisible]
11-29 07:22:32.163 1491 7158 D CompatibilityChangeReporter: Compat change id reported: 174042980; UID 10062; state: DISABLED
11-29 07:22:32.163 1491 7158 D CompatibilityChangeReporter: Compat change id reported: 184838306; UID 10062; state: DISABLED
11-29 07:22:32.164 1491 7158 D CompatibilityChangeReporter: Compat change id reported: 185004937; UID 10062; state: DISABLED
11-29 07:22:32.165 1491 7158 D CompatibilityChangeReporter: Compat change id reported: 181136395; UID 10062; state: DISABLED
11-29 07:22:32.165 1491 7158 D CompatibilityChangeReporter: Compat change id reported: 174042936; UID 10062; state: DISABLED
11-29 07:22:32.167 1491 7158 I wm_resume_activity: [0,1880250,182,com.android.settings/.homepage.SettingsHomepageActivity]
11-29 07:22:32.180 21963 21963 I wm_on_activity_result_called: [1880250,com.android.settings.homepage.SettingsHomepageActivity,ACTIVITY_RESULT]
11-29 07:22:32.181 21963 21963 I wm_on_restart_called: [1880250,com.android.settings.homepage.SettingsHomepageActivity,performRestartActivity]
11-29 07:22:32.181 1491 1599 I sysui_multi_action: [757,803,799,window_time_0,802,1]
11-29 07:22:32.182 1491 1599 I ActivityManager: Killing 3605:com.android.shell/2000 (adj 985): empty for 12365s
11-29 07:22:32.182 1491 1599 I am_kill : [0,3605,com.android.shell,985,empty for 12365s]
11-29 07:22:32.182 16043 16059 W ContextImpl: Calling a method in the system process without a qualified user: android.app.ContextImpl.startService:1816 android.content.ContextWrapper.startService:774 com.thundercomm.gamemode.ingame.services.GameModeActionUtils.startGameModeService:93 com.thundercomm.gamemode.ingame.services.GameModeActionUtils.startGameModeEntry:21 com.thundercomm.gamemode.ingame.services.ActivityMonitoringService$1.onActivityLaunch:127
11-29 07:22:32.183 1491 1693 I input_focus: [Focus leaving cd0514f com.android.launcher3/com.android.launcher3.uioverrides.QuickstepLauncher (server),reason=NO_WINDOW]
11-29 07:22:32.191 21963 21963 I wm_on_start_called: [1880250,com.android.settings.homepage.SettingsHomepageActivity,handleStartActivity]
11-29 07:22:32.192 21963 21963 I snet_event_log: [120484087,-1,]
11-29 07:22:32.193 21963 21963 I wm_on_resume_called: [1880250,com.android.settings.homepage.SettingsHomepageActivity,RESUME_ACTIVITY]
11-29 07:22:32.194 21963 21963 I sysui_multi_action: [757,35,758,1,833,0,1089,0]
11-29 07:22:32.195 21963 21963 I sysui_multi_action: [757,808,758,1,833,0,1089,0]
11-29 07:22:32.210 1491 1607 W UsageStatsService: Unexpected activity event reported! (com.android.settings.intelligence/com.android.settings.intelligence.search.SearchActivity event : 23 instanceId : 245839203)
11-29 07:22:32.210 1491 1491 I GameModeConfig: Current uri is uri = content://com.thundercomm.gamemode.api/gamemode_settings/gamemode_isgaming
11-29 07:22:32.213 21963 21963 I wm_on_top_resumed_gained_called: [1880250,com.android.settings.homepage.SettingsHomepageActivity,topWhenResuming]
11-29 07:22:32.215 1491 1491 I GameModeConfig: isGameModeOn = false
11-29 07:22:32.216 1491 1491 I GameModeConfig: isGameModeOn = false
11-29 07:22:32.216 1491 1491 I GameModeConfig: isDisableVoice = true
11-29 07:22:32.218 1491 1600 I input_focus: [Focus request cdb357d com.android.settings/com.android.settings.homepage.SettingsHomepageActivity,reason=UpdateInputWindows]
11-29 07:22:32.228 1491 7158 I am_proc_died: [0,3605,com.android.shell,985,19]
11-29 07:22:32.230 1491 7158 I am_uid_stopped: 2000
11-29 07:22:32.240 16043 16059 W ContextImpl: Calling a method in the system process without a qualified user: android.app.ContextImpl.startService:1816 android.content.ContextWrapper.startService:774 com.thundercomm.gamemode.ingame.services.GameModeActionUtils.startGameModeService:93 com.thundercomm.gamemode.ingame.services.GameModeActionUtils.startGameModeEntry:21 com.thundercomm.gamemode.ingame.services.ActivityMonitoringService$1.onActivityLaunch:127
11-29 07:22:32.245 1491 1596 I sysui_multi_action: [319,103,321,99,322,115,325,14930,757,761,758,9,759,1,806,com.android.settings,871,com.android.settings.homepage.SettingsHomepageActivity,904,com.android.settings,905,0,1320,8,1321,5]
11-29 07:22:32.248 1491 1693 I input_focus: [Focus entering cdb357d com.android.settings/com.android.settings.homepage.SettingsHomepageActivity (server),reason=Window became focusable. Previous reason: NOT_VISIBLE]
11-29 07:22:32.251 1491 1491 I GameModeConfig: Current uri is uri = content://com.thundercomm.gamemode.api/gamemode_settings/gamemode_isgaming
11-29 07:22:32.257 1491 1491 I GameModeConfig: isGameModeOn = false
11-29 07:22:32.258 1491 1491 I GameModeConfig: isGameModeOn = false
11-29 07:22:32.258 1491 1491 I GameModeConfig: isDisableVoice = true
11-29 07:22:32.262 16043 16059 W ContextImpl: Calling a method in the system process without a qualified user: android.app.ContextImpl.startService:1816 android.content.ContextWrapper.startService:774 com.thundercomm.gamemode.ingame.services.GameModeActionUtils.startGameModeService:93 com.thundercomm.gamemode.ingame.services.GameModeActionUtils.startGameModeEntry:21 com.thundercomm.gamemode.ingame.services.ActivityMonitoringService$1.onActivityLaunch:127
11-29 07:22:32.269 1491 1491 I GameModeConfig: Current uri is uri = content://com.thundercomm.gamemode.api/gamemode_settings/gamemode_isgaming
11-29 07:22:32.272 1491 1491 I GameModeConfig: isGameModeOn = false
11-29 07:22:32.272 1491 1491 I GameModeConfig: isGameModeOn = false
11-29 07:22:32.272 1491 1491 I GameModeConfig: isDisableVoice = true
11-29 07:22:32.282 16043 16059 W ContextImpl: Calling a method in the system process without a qualified user: android.app.ContextImpl.startService:1816 android.content.ContextWrapper.startService:774 com.thundercomm.gamemode.ingame.services.GameModeActionUtils.startGameModeService:93 com.thundercomm.gamemode.ingame.services.GameModeActionUtils.startGameModeEntry:21 com.thundercomm.gamemode.ingame.services.ActivityMonitoringService$1.onActivityLaunch:127
11-29 07:22:32.284 1491 1491 I GameModeConfig: Current uri is uri = content://com.thundercomm.gamemode.api/gamemode_settings/gamemode_isgaming
11-29 07:22:32.287 1491 1491 I GameModeConfig: isGameModeOn = false
11-29 07:22:32.288 1491 1491 I GameModeConfig: isGameModeOn = false
11-29 07:22:32.288 1491 1491 I GameModeConfig: isDisableVoice = true
11-29 07:22:32.773 1491 1599 I wm_stop_activity: [0,254362067,com.android.launcher3/.uioverrides.QuickstepLauncher]
11-29 07:22:32.811 9956 9956 I wm_on_stop_called: [254362067,com.android.launcher3.uioverrides.QuickstepLauncher,STOP_ACTIVITY_ITEM]
11-29 07:22:32.831 16043 16059 W ContextImpl: Calling a method in the system process without a qualified user: android.app.ContextImpl.startService:1816 android.content.ContextWrapper.startService:774 com.thundercomm.gamemode.ingame.services.GameModeActionUtils.startGameModeService:93 com.thundercomm.gamemode.ingame.services.GameModeActionUtils.startGameModeEntry:21 com.thundercomm.gamemode.ingame.services.ActivityMonitoringService$1.onActivityLaunch:127
11-29 07:22:32.835 1491 1491 I GameModeConfig: Current uri is uri = content://com.thundercomm.gamemode.api/gamemode_settings/gamemode_isgaming
11-29 07:22:32.837 1491 1491 I GameModeConfig: isGameModeOn = false
11-29 07:22:32.838 1491 1491 I GameModeConfig: isGameModeOn = false
11-29 07:22:32.838 1491 1491 I GameModeConfig: isDisableVoice = true
11-29 07:22:33.079 0 0 I auditd : type=1400 audit(0.0:16884): avc: denied { kill } for comm="swapper/0" capability=5 scontext=u:r:kernel:s0 tcontext=u:r:kernel:s0 tclass=capability permissive=0
11-29 07:22:33.565 1491 1608 I am_uid_idle: 10080
11-29 07:22:33.731 1491 1760 I GameModeConfig: isGameModeOn = false
11-29 07:22:33.753 1491 1760 I GameModeConfig: isGameModeOn = false
11-29 07:22:33.774 1491 1760 I GameModeConfig: isGameModeOn = false
11-29 07:22:33.795 1491 1760 I GameModeConfig: isGameModeOn = false
11-29 07:22:33.814 1491 1760 I GameModeConfig: isGameModeOn = false
11-29 07:22:33.816 1491 1693 I input_interaction: Interaction with: cdb357d com.android.settings/com.android.settings.homepage.SettingsHomepageActivity (server), edge-swipe (server), swipe-up (server), PointerEventDispatcher0 (server),
11-29 07:22:33.909 21963 21963 I sysui_multi_action: [757,830,758,4,833,0,854,top_level_network,1089,0]
11-29 07:22:33.975 1491 1608 I am_uid_idle: 10031
11-29 07:22:34.020 21963 21963 I sysui_multi_action: [757,808,758,2,1089,1825]
11-29 07:22:34.041 21963 21963 W CarrierConfigManager: Error getting config for subId -1 ICarrierConfigLoader is null
11-29 07:22:34.048 1491 8592 E UserRestrictionsUtils: Unknown restriction queried by uid 1000 (com.qualcomm.qti.qdma et al): null
11-29 07:22:34.099 21963 21963 I sysui_multi_action: [757,746,758,1,833,0,1089,74]
11-29 07:22:34.100 1491 7158 D TelephonyRegistry: listen oscl: mHasNotifySubscriptionInfoChangedOccurred==false no callback
11-29 07:22:34.104 1491 8592 D TelephonyRegistry: listen oscl: mHasNotifySubscriptionInfoChangedOccurred==false no callback
11-29 07:22:34.112 21963 21963 I sysui_multi_action: [757,1729,758,4,854,isParalleledControllers:false,1089,86]
11-29 07:22:35.079 0 0 I auditd : type=1400 audit(0.0:16885): avc: denied { kill } for comm="swapper/2" capability=5 scontext=u:r:kernel:s0 tcontext=u:r:kernel:s0 tclass=capability permissive=0
11-29 07:22:35.129 1491 1693 I input_interaction: Interaction with: 89b8349 StatusBar (server), edge-swipe (server), swipe-up (server), PointerEventDispatcher0 (server),
11-29 07:22:35.132 19842 19842 I sysui_multi_action: [757,803,799,panel_open,802,1]
11-29 07:22:35.134 19842 19842 I sysui_multi_action: [757,1328,758,4,1326,52,1327,0,1329,0]
11-29 07:22:35.173 1491 7158 I sysui_multi_action: [757,127,758,1]
11-29 07:22:35.173 1491 7158 I sysui_multi_action: [757,804,799,note_load,801,2,802,1]
11-29 07:22:35.173 1491 7158 I notification_panel_revealed: 2
11-29 07:22:35.183 1491 1760 I GameModeConfig: isGameModeOn = false
11-29 07:22:35.183 1491 1760 I GameModeConfig: isGameModeOn = false
11-29 07:22:35.183 1491 1760 I GameModeConfig: isGameModeOn = false
11-29 07:22:35.183 1491 1760 I GameModeConfig: isGameModeOn = false
11-29 07:22:35.183 1491 1760 I GameModeConfig: isGameModeOn = false
11-29 07:22:35.183 1491 1760 I GameModeConfig: isGameModeOn = false
11-29 07:22:35.184 19842 19842 I sysui_multi_action: [757,111,758,2]
11-29 07:22:35.184 19842 19842 I sysui_multi_action: [757,111,758,2]
11-29 07:22:35.184 1491 1491 I notification_enqueue: [10082,19842,com.android.systemui,2048,NULL,0,Notification(channel=updateNotification shortcut=null contentView=null vibrate=null sound=null defaults=0x0 flags=0x0 color=0x00000000 vis=PRIVATE),1]
11-29 07:22:35.196 1491 1600 I input_focus: [Focus request 3124ee4 NotificationShade,reason=UpdateInputWindows]
11-29 07:22:35.199 19842 19842 I sysui_multi_action: [757,111,758,1]
11-29 07:22:35.199 19842 19842 I sysui_multi_action: [757,126,758,1,759,126,927,0,928,1,1593,0]
11-29 07:22:35.199 19842 19842 I sysui_multi_action: [757,113,758,1,759,113,927,1,928,1,1593,0]
11-29 07:22:35.199 19842 19842 I sysui_multi_action: [757,0,758,1,759,0,927,2,928,0,1593,0]
11-29 07:22:35.199 19842 19842 I sysui_multi_action: [757,0,758,1,759,0,927,3,928,0,1593,0]
11-29 07:22:35.200 19842 19842 I sysui_multi_action: [757,491,758,1,759,491,927,4,928,0,1311,-1,1593,0]
11-29 07:22:35.200 19842 19842 I sysui_multi_action: [757,0,758,1,759,0,927,5,928,0,1593,0]
11-29 07:22:35.200 19842 19842 I sysui_multi_action: [757,111,758,1]
11-29 07:22:35.200 19842 19842 I sysui_multi_action: [757,126,758,1,759,126,927,0,928,1,1593,0]
11-29 07:22:35.200 19842 19842 I sysui_multi_action: [757,113,758,1,759,113,927,1,928,1,1593,0]
11-29 07:22:35.200 19842 19842 I sysui_multi_action: [757,0,758,1,759,0,927,2,928,0,1593,0]
11-29 07:22:35.200 19842 19842 I sysui_multi_action: [757,0,758,1,759,0,927,3,928,0,1593,0]
11-29 07:22:35.211 1491 1760 I GameModeConfig: isGameModeOn = false
11-29 07:22:35.211 1491 1760 I GameModeConfig: isGameModeOn = false
11-29 07:22:35.211 1491 1760 I GameModeConfig: isGameModeOn = false
11-29 07:22:35.211 1491 1760 I GameModeConfig: isGameModeOn = false
11-29 07:22:35.212 1491 1760 I GameModeConfig: isGameModeOn = false
11-29 07:22:35.212 1491 1760 I GameModeConfig: isGameModeOn = false
11-29 07:22:35.213 19842 19842 I sysui_multi_action: [757,111,758,2]
11-29 07:22:35.213 1491 1491 I notification_enqueue: [10082,19842,com.android.systemui,2048,NULL,0,Notification(channel=updateNotification shortcut=null contentView=null vibrate=null sound=null defaults=0x0 flags=0x0 color=0x00000000 vis=PRIVATE),1]
11-29 07:22:35.213 19842 19842 I sysui_multi_action: [757,111,758,2]
11-29 07:22:35.218 19842 19842 I sysui_multi_action: [757,111,758,1]
11-29 07:22:35.218 19842 19842 I sysui_multi_action: [757,126,758,1,759,126,927,0,928,1,1593,0]
11-29 07:22:35.218 19842 19842 I sysui_multi_action: [757,113,758,1,759,113,927,1,928,1,1593,0]
11-29 07:22:35.218 19842 19842 I sysui_multi_action: [757,0,758,1,759,0,927,2,928,0,1593,0]
11-29 07:22:35.218 19842 19842 I sysui_multi_action: [757,0,758,1,759,0,927,3,928,0,1593,0]
11-29 07:22:35.219 19842 19842 I sysui_multi_action: [757,491,758,1,759,491,927,4,928,0,1311,-1,1593,0]
11-29 07:22:35.219 19842 19842 I sysui_multi_action: [757,0,758,1,759,0,927,5,928,0,1593,0]
11-29 07:22:35.219 19842 19842 I sysui_multi_action: [757,111,758,1]
11-29 07:22:35.219 19842 19842 I sysui_multi_action: [757,126,758,1,759,126,927,0,928,1,1593,0]
11-29 07:22:35.219 19842 19842 I sysui_multi_action: [757,113,758,1,759,113,927,1,928,1,1593,0]
11-29 07:22:35.219 19842 19842 I sysui_multi_action: [757,0,758,1,759,0,927,2,928,0,1593,0]
11-29 07:22:35.219 19842 19842 I sysui_multi_action: [757,0,758,1,759,0,927,3,928,0,1593,0]
11-29 07:22:35.225 1491 1693 I input_focus: [Focus leaving cdb357d com.android.settings/com.android.settings.homepage.SettingsHomepageActivity (server),reason=setFocusedWindow]
11-29 07:22:35.225 1491 1693 I input_focus: [Focus entering 3124ee4 NotificationShade (server),reason=setFocusedWindow]
11-29 07:22:35.229 1491 1760 I GameModeConfig: isGameModeOn = false
11-29 07:22:35.230 1491 1760 I GameModeConfig: isGameModeOn = false
11-29 07:22:35.230 1491 1760 I GameModeConfig: isGameModeOn = false
11-29 07:22:35.230 1491 1760 I GameModeConfig: isGameModeOn = false
11-29 07:22:35.230 1491 1760 I GameModeConfig: isGameModeOn = false
11-29 07:22:35.230 1491 1760 I GameModeConfig: isGameModeOn = false
11-29 07:22:35.231 19842 19842 I sysui_multi_action: [757,111,758,2]
11-29 07:22:35.232 1491 1491 I notification_enqueue: [10082,19842,com.android.systemui,2048,NULL,0,Notification(channel=updateNotification shortcut=null contentView=null vibrate=null sound=null defaults=0x0 flags=0x0 color=0x00000000 vis=PRIVATE),1]
11-29 07:22:35.232 19842 19842 I sysui_multi_action: [757,111,758,2]
11-29 07:22:35.235 19842 19842 I sysui_multi_action: [757,111,758,1]
11-29 07:22:35.236 19842 19842 I sysui_multi_action: [757,126,758,1,759,126,927,0,928,1,1593,0]
11-29 07:22:35.236 19842 19842 I sysui_multi_action: [757,113,758,1,759,113,927,1,928,1,1593,0]
11-29 07:22:35.236 19842 19842 I sysui_multi_action: [757,0,758,1,759,0,927,2,928,0,1593,0]
11-29 07:22:35.236 19842 19842 I sysui_multi_action: [757,0,758,1,759,0,927,3,928,0,1593,0]
11-29 07:22:35.236 19842 19842 I sysui_multi_action: [757,491,758,1,759,491,927,4,928,0,1311,-1,1593,0]
11-29 07:22:35.236 19842 19842 I sysui_multi_action: [757,0,758,1,759,0,927,5,928,0,1593,0]
11-29 07:22:35.236 19842 19842 I sysui_multi_action: [757,111,758,1]
11-29 07:22:35.236 19842 19842 I sysui_multi_action: [757,126,758,1,759,126,927,0,928,1,1593,0]
11-29 07:22:35.236 19842 19842 I sysui_multi_action: [757,113,758,1,759,113,927,1,928,1,1593,0]
11-29 07:22:35.236 19842 19842 I sysui_multi_action: [757,0,758,1,759,0,927,2,928,0,1593,0]
11-29 07:22:35.236 19842 19842 I sysui_multi_action: [757,0,758,1,759,0,927,3,928,0,1593,0]
11-29 07:22:35.248 1491 1760 I GameModeConfig: isGameModeOn = false
11-29 07:22:35.248 1491 1760 I GameModeConfig: isGameModeOn = false
11-29 07:22:35.249 1491 1760 I GameModeConfig: isGameModeOn = false
11-29 07:22:35.249 1491 1760 I GameModeConfig: isGameModeOn = false
11-29 07:22:35.250 1491 1760 I GameModeConfig: isGameModeOn = false
11-29 07:22:35.250 1491 1760 I GameModeConfig: isGameModeOn = false
11-29 07:22:35.251 19842 19842 I sysui_multi_action: [757,111,758,2]
11-29 07:22:35.251 19842 19842 I sysui_multi_action: [757,111,758,2]
11-29 07:22:35.251 1491 1491 I notification_enqueue: [10082,19842,com.android.systemui,2048,NULL,0,Notification(channel=updateNotification shortcut=null contentView=null vibrate=null sound=null defaults=0x0 flags=0x0 color=0x00000000 vis=PRIVATE),1]
11-29 07:22:35.255 19842 19842 I sysui_multi_action: [757,111,758,1]
11-29 07:22:35.255 19842 19842 I sysui_multi_action: [757,126,758,1,759,126,927,0,928,1,1593,0]
11-29 07:22:35.255 19842 19842 I sysui_multi_action: [757,113,758,1,759,113,927,1,928,1,1593,0]
11-29 07:22:35.255 19842 19842 I sysui_multi_action: [757,0,758,1,759,0,927,2,928,0,1593,0]
11-29 07:22:35.256 19842 19842 I sysui_multi_action: [757,0,758,1,759,0,927,3,928,0,1593,0]
11-29 07:22:35.256 19842 19842 I sysui_multi_action: [757,491,758,1,759,491,927,4,928,0,1311,-1,1593,0]
11-29 07:22:35.256 19842 19842 I sysui_multi_action: [757,0,758,1,759,0,927,5,928,0,1593,0]
11-29 07:22:35.256 19842 19842 I sysui_multi_action: [757,111,758,1]
11-29 07:22:35.256 19842 19842 I sysui_multi_action: [757,126,758,1,759,126,927,0,928,1,1593,0]
11-29 07:22:35.256 19842 19842 I sysui_multi_action: [757,113,758,1,759,113,927,1,928,1,1593,0]
11-29 07:22:35.256 19842 19842 I sysui_multi_action: [757,0,758,1,759,0,927,2,928,0,1593,0]
11-29 07:22:35.256 19842 19842 I sysui_multi_action: [757,0,758,1,759,0,927,3,928,0,1593,0]
11-29 07:22:35.269 19842 19842 I sysui_multi_action: [757,111,758,2]
11-29 07:22:35.269 19842 19842 I sysui_multi_action: [757,111,758,2]
11-29 07:22:35.269 1491 1491 I notification_enqueue: [10082,19842,com.android.systemui,2048,NULL,0,Notification(channel=updateNotification shortcut=null contentView=null vibrate=null sound=null defaults=0x0 flags=0x0 color=0x00000000 vis=PRIVATE),1]
11-29 07:22:35.270 1491 1760 I GameModeConfig: isGameModeOn = false
11-29 07:22:35.270 1491 1760 I GameModeConfig: isGameModeOn = false
11-29 07:22:35.270 1491 1760 I GameModeConfig: isGameModeOn = false
11-29 07:22:35.270 1491 1760 I GameModeConfig: isGameModeOn = false
11-29 07:22:35.271 19842 19842 I sysui_multi_action: [757,111,758,1]
11-29 07:22:35.271 1491 1760 I GameModeConfig: isGameModeOn = false
11-29 07:22:35.271 19842 19842 I sysui_multi_action: [757,126,758,1,759,126,927,0,928,1,1593,0]
11-29 07:22:35.271 19842 19842 I sysui_multi_action: [757,113,758,1,759,113,927,1,928,1,1593,0]
11-29 07:22:35.271 19842 19842 I sysui_multi_action: [757,0,758,1,759,0,927,2,928,0,1593,0]
11-29 07:22:35.271 19842 19842 I sysui_multi_action: [757,0,758,1,759,0,927,3,928,0,1593,0]
11-29 07:22:35.271 19842 19842 I sysui_multi_action: [757,491,758,1,759,491,927,4,928,0,1311,-1,1593,0]
11-29 07:22:35.271 19842 19842 I sysui_multi_action: [757,0,758,1,759,0,927,5,928,0,1593,0]
11-29 07:22:35.271 19842 19842 I sysui_multi_action: [757,111,758,1]
11-29 07:22:35.271 19842 19842 I sysui_multi_action: [757,126,758,1,759,126,927,0,928,1,1593,0]
11-29 07:22:35.271 19842 19842 I sysui_multi_action: [757,113,758,1,759,113,927,1,928,1,1593,0]
11-29 07:22:35.271 19842 19842 I sysui_multi_action: [757,0,758,1,759,0,927,2,928,0,1593,0]
11-29 07:22:35.271 19842 19842 I sysui_multi_action: [757,0,758,1,759,0,927,3,928,0,1593,0]
11-29 07:22:35.271 1491 1760 I GameModeConfig: isGameModeOn = false
11-29 07:22:35.285 1491 1760 I GameModeConfig: isGameModeOn = false
11-29 07:22:35.286 1491 1760 I GameModeConfig: isGameModeOn = false
11-29 07:22:35.286 1491 1760 I GameModeConfig: isGameModeOn = false
11-29 07:22:35.286 1491 1760 I GameModeConfig: isGameModeOn = false
