11-29 07:20:13.038 1491 1723 I netstats_mobile_sample: [0,0,0,0,0,0,0,0,0,0,0,0,1669677613038]
11-29 07:20:13.038 1491 1723 I netstats_wifi_sample: [373458172,858173,162523533,375590,373458172,858173,162523533,375590,454061947,1475606,82018357,193322,1669677613038]
11-29 07:20:13.079 353 353 I auditd : type=1400 audit(0.0:16714): avc: denied { kill } for comm="irq/382-atmel_m" capability=5 scontext=u:r:kernel:s0 tcontext=u:r:kernel:s0 tclass=capability permissive=0
11-29 07:20:14.079 0 0 I auditd : type=1400 audit(0.0:16715): avc: denied { kill } for comm="swapper/0" capability=5 scontext=u:r:kernel:s0 tcontext=u:r:kernel:s0 tclass=capability permissive=0
11-29 07:20:14.481 1491 1760 I GameModeConfig: isGameModeOn = false
11-29 07:20:14.643 1491 2002 I ntp_failure: [time.android.com/216.239.35.0,java.net.SocketTimeoutException: Poll timed out]
11-29 07:20:15.079 353 353 I auditd : type=1400 audit(0.0:16716): avc: denied { kill } for comm="irq/382-atmel_m" capability=5 scontext=u:r:kernel:s0 tcontext=u:r:kernel:s0 tclass=capability permissive=0
11-29 07:20:16.620 1491 7658 I ActivityTaskManager: START u0 {cmp=com.tencent.android.qqdownloader/com.tencent.nucleus.search.SearchActivity (has extras)} from uid 10097
11-29 07:20:16.623 1491 7658 I wm_task_moved: [180,1,7]
11-29 07:20:16.623 1491 7658 I wm_set_resumed_activity: [0,com.tencent.android.qqdownloader/com.tencent.assistantv2.activity.MainActivity,positionChildAt]
11-29 07:20:16.623 1491 7658 I wm_create_activity: [0,36061001,180,com.tencent.android.qqdownloader/com.tencent.nucleus.search.SearchActivity,NULL,NULL,NULL,0]
11-29 07:20:16.625 1491 7658 I wm_pause_activity: [0,179324335,com.tencent.android.qqdownloader/com.tencent.assistantv2.activity.MainActivity,userLeaving=true,resumeTopActivityInnerLocked]
11-29 07:20:16.628 22070 22070 I wm_on_top_resumed_lost_called: [179324335,com.tencent.assistantv2.activity.MainActivity,topStateChangedWhenResumed]
11-29 07:20:16.641 22070 22070 I wm_on_paused_called: [179324335,com.tencent.assistantv2.activity.MainActivity,performPause]
11-29 07:20:16.642 1491 2061 I ActivityTaskManager: FOREGROUND_APPLICATION_CHANGED to com.tencent.nucleus.search.SearchActivity
11-29 07:20:16.642 1491 2061 I ActivityTaskManager: The Process com.tencent.android.qqdownloader Already Exists in BG. So sending its PID: 22070
11-29 07:20:16.642 1491 2061 W ActivityTaskManager: Tried to set launchTime (0) < mLastActivityLaunchTime (14736446)
11-29 07:20:16.643 1491 2061 I wm_restart_activity: [0,36061001,180,com.tencent.android.qqdownloader/com.tencent.nucleus.search.SearchActivity]
11-29 07:20:16.644 1491 2061 I wm_set_resumed_activity: [0,com.tencent.android.qqdownloader/com.tencent.nucleus.search.SearchActivity,minimalResumeActivityLocked]
11-29 07:20:16.651 1491 1599 I sysui_multi_action: [757,803,799,window_time_0,802,7]
11-29 07:20:16.663 1491 2061 I ActivityTaskManager: Activity requesting to dismiss Keyguard: ActivityRecord{2263f49 u0 com.tencent.android.qqdownloader/com.tencent.nucleus.search.SearchActivity t180}
11-29 07:20:16.679 22070 22070 I wm_on_create_called: [36061001,com.tencent.nucleus.search.SearchActivity,performCreate]
11-29 07:20:16.680 22070 22070 I wm_on_start_called: [36061001,com.tencent.nucleus.search.SearchActivity,handleStartActivity]
11-29 07:20:16.685 22070 22070 I wm_on_resume_called: [36061001,com.tencent.nucleus.search.SearchActivity,RESUME_ACTIVITY]
11-29 07:20:16.688 22070 22070 I wm_on_top_resumed_gained_called: [36061001,com.tencent.nucleus.search.SearchActivity,topStateChangedWhenResumed]
11-29 07:20:16.697 1491 1600 I input_focus: [Focus request d4b2b26 com.tencent.android.qqdownloader/com.tencent.nucleus.search.SearchActivity,reason=UpdateInputWindows]
11-29 07:20:16.710 1491 1596 I wm_activity_launch_time: [0,36061001,com.tencent.android.qqdownloader/com.tencent.nucleus.search.SearchActivity,88]
11-29 07:20:16.728 1491 1693 I input_focus: [Focus leaving eeb7dec com.tencent.android.qqdownloader/com.tencent.assistantv2.activity.MainActivity (server),reason=NOT_FOCUSABLE]
11-29 07:20:16.728 1491 1693 I input_focus: [Focus entering d4b2b26 com.tencent.android.qqdownloader/com.tencent.nucleus.search.SearchActivity (server),reason=setFocusedWindow]
11-29 07:20:16.751 16043 16059 W ContextImpl: Calling a method in the system process without a qualified user: android.app.ContextImpl.startService:1816 android.content.ContextWrapper.startService:774 com.thundercomm.gamemode.ingame.services.GameModeActionUtils.startGameModeService:93 com.thundercomm.gamemode.ingame.services.GameModeActionUtils.startGameModeEntry:21 com.thundercomm.gamemode.ingame.services.ActivityMonitoringService$1.onActivityLaunch:127
11-29 07:20:16.756 1491 1491 I GameModeConfig: Current uri is uri = content://com.thundercomm.gamemode.api/gamemode_settings/gamemode_isgaming
11-29 07:20:16.768 1491 1491 I GameModeConfig: isGameModeOn = false
11-29 07:20:16.769 1491 1491 I GameModeConfig: isGameModeOn = false
11-29 07:20:16.769 1491 1491 I GameModeConfig: isDisableVoice = true
11-29 07:20:16.807 22070 22070 I auditd : type=1400 audit(0.0:16717): avc: denied { read } for comm="qimei-thread-2" name="/" dev="dm-5" ino=2 scontext=u:r:untrusted_app_27:s0:c512,c768 tcontext=u:object_r:rootfs:s0 tclass=dir permissive=0 app=com.tencent.android.qqdownloader
11-29 07:20:17.079 0 0 I auditd : type=1400 audit(0.0:16718): avc: denied { kill } for comm="swapper/3" capability=5 scontext=u:r:kernel:s0 tcontext=u:r:kernel:s0 tclass=capability permissive=0
11-29 07:20:17.107 22070 22070 I auditd : type=1400 audit(0.0:16719): avc: granted { nlmsg_readpriv } for comm="qimei-thread-3" scontext=u:r:untrusted_app_27:s0:c512,c768 tcontext=u:r:untrusted_app_27:s0:c512,c768 tclass=netlink_route_socket app=com.tencent.android.qqdownloader
11-29 07:20:18.079 0 0 I auditd : type=1400 audit(0.0:16720): avc: denied { kill } for comm="swapper/3" capability=5 scontext=u:r:kernel:s0 tcontext=u:r:kernel:s0 tclass=capability permissive=0
11-29 07:20:19.079 0 0 I auditd : type=1400 audit(0.0:16721): avc: denied { kill } for comm="swapper/3" capability=5 scontext=u:r:kernel:s0 tcontext=u:r:kernel:s0 tclass=capability permissive=0
11-29 07:20:19.650 1491 2002 I ntp_failure: [time.android.com/216.239.35.8,java.net.SocketTimeoutException: Poll timed out]
11-29 07:20:19.825 1491 1608 I am_uid_idle: 10070
11-29 07:20:19.923 1491 1723 I netstats_mobile_sample: [0,0,0,0,0,0,0,0,0,0,0,0,1669677619923]
11-29 07:20:19.924 1491 1723 I netstats_wifi_sample: [375220279,860049,162977309,377293,375220279,860049,162977309,377293,455861623,1477753,82417726,194888,1669677619923]
11-29 07:20:20.079 0 0 I auditd : type=1400 audit(0.0:16722): avc: denied { kill } for comm="swapper/3" capability=5 scontext=u:r:kernel:s0 tcontext=u:r:kernel:s0 tclass=capability permissive=0
11-29 07:20:20.556 1491 1608 I am_uid_idle: 10094
11-29 07:20:20.714 1491 1693 I input_interaction: Interaction with: e15813f InputMethod (server), edge-swipe (server), swipe-up (server), PointerEventDispatcher0 (server),
11-29 07:20:21.079 0 0 I auditd : type=1400 audit(0.0:16723): avc: denied { kill } for comm="swapper/3" capability=5 scontext=u:r:kernel:s0 tcontext=u:r:kernel:s0 tclass=capability permissive=0
11-29 07:20:21.159 22070 22070 I auditd : type=1400 audit(0.0:16724): avc: denied { read } for comm="qimei-s-thread-" name="u:object_r:wifi_hal_prop:s0" dev="tmpfs" ino=11890 scontext=u:r:untrusted_app_27:s0:c512,c768 tcontext=u:object_r:wifi_hal_prop:s0 tclass=file permissive=0 app=com.tencent.android.qqdownloader
11-29 07:20:21.167 22070 22070 I auditd : type=1400 audit(0.0:16725): avc: denied { read } for comm="qimei-s-thread-" name="ioports" dev="proc" ino=4026532273 scontext=u:r:untrusted_app_27:s0:c512,c768 tcontext=u:object_r:proc:s0 tclass=file permissive=0 app=com.tencent.android.qqdownloader
11-29 07:20:21.183 22070 22070 I auditd : type=1400 audit(0.0:16726): avc: granted { nlmsg_readpriv } for comm="qimei-s-thread-" scontext=u:r:untrusted_app_27:s0:c512,c768 tcontext=u:r:untrusted_app_27:s0:c512,c768 tclass=netlink_route_socket app=com.tencent.android.qqdownloader
11-29 07:20:22.079 0 0 I auditd : type=1400 audit(0.0:16727): avc: denied { kill } for comm="swapper/3" capability=5 scontext=u:r:kernel:s0 tcontext=u:r:kernel:s0 tclass=capability permissive=0
11-29 07:20:23.079 0 0 I auditd : type=1400 audit(0.0:16728): avc: denied { kill } for comm="swapper/3" capability=5 scontext=u:r:kernel:s0 tcontext=u:r:kernel:s0 tclass=capability permissive=0
11-29 07:20:24.079 0 0 I auditd : type=1400 audit(0.0:16729): avc: denied { kill } for comm="swapper/3" capability=5 scontext=u:r:kernel:s0 tcontext=u:r:kernel:s0 tclass=capability permissive=0
11-29 07:20:24.658 1491 2002 I ntp_failure: [time.android.com/216.239.35.12,java.net.SocketTimeoutException: Poll timed out]
11-29 07:20:25.374 1491 1693 I input_interaction: Interaction with: d4b2b26 com.tencent.android.qqdownloader/com.tencent.nucleus.search.SearchActivity (server), edge-swipe (server), swipe-up (server), PointerEventDispatcher0 (server),
11-29 07:20:25.439 1491 7158 I ActivityTaskManager: START u0 {cmp=com.tencent.android.qqdownloader/com.tencent.pangu.activity.MixedAppDetailActivity (has extras)} from uid 10097
11-29 07:20:25.440 1491 7158 I wm_task_moved: [180,1,7]
11-29 07:20:25.440 1491 7158 I wm_set_resumed_activity: [0,com.tencent.android.qqdownloader/com.tencent.nucleus.search.SearchActivity,positionChildAt]
11-29 07:20:25.440 1491 7158 I wm_create_activity: [0,127698388,180,com.tencent.android.qqdownloader/com.tencent.pangu.activity.MixedAppDetailActivity,NULL,NULL,NULL,0]
11-29 07:20:25.441 1491 7158 I wm_pause_activity: [0,36061001,com.tencent.android.qqdownloader/com.tencent.nucleus.search.SearchActivity,userLeaving=true,resumeTopActivityInnerLocked]
11-29 07:20:25.444 22070 22070 I wm_on_top_resumed_lost_called: [36061001,com.tencent.nucleus.search.SearchActivity,topStateChangedWhenResumed]
11-29 07:20:25.447 22070 22070 I wm_on_paused_called: [36061001,com.tencent.nucleus.search.SearchActivity,performPause]
11-29 07:20:25.447 1491 7658 I ActivityTaskManager: FOREGROUND_APPLICATION_CHANGED to com.tencent.pangu.activity.MixedAppDetailActivity
11-29 07:20:25.447 1491 7658 I ActivityTaskManager: The Process com.tencent.android.qqdownloader Already Exists in BG. So sending its PID: 22070
11-29 07:20:25.450 1491 7658 W ActivityTaskManager: Tried to set launchTime (0) < mLastActivityLaunchTime (14795122)
11-29 07:20:25.450 1491 7658 I wm_add_to_stopping: [0,36061001,com.tencent.android.qqdownloader/com.tencent.nucleus.search.SearchActivity,makeInvisible]
11-29 07:20:25.451 1491 7658 I wm_add_to_stopping: [0,179324335,com.tencent.android.qqdownloader/com.tencent.assistantv2.activity.MainActivity,makeInvisible]
11-29 07:20:25.452 1491 7658 I wm_restart_activity: [0,127698388,180,com.tencent.android.qqdownloader/com.tencent.pangu.activity.MixedAppDetailActivity]
11-29 07:20:25.453 1491 7658 I wm_set_resumed_activity: [0,com.tencent.android.qqdownloader/com.tencent.pangu.activity.MixedAppDetailActivity,minimalResumeActivityLocked]
11-29 07:20:25.458 1491 1599 I sysui_multi_action: [757,803,799,window_time_0,802,8]
11-29 07:20:25.472 1491 2061 I ActivityTaskManager: Activity requesting to dismiss Keyguard: ActivityRecord{79c85d4 u0 com.tencent.android.qqdownloader/com.tencent.pangu.activity.MixedAppDetailActivity t180}
11-29 07:20:25.477 1491 1693 I input_focus: [Focus leaving d4b2b26 com.tencent.android.qqdownloader/com.tencent.nucleus.search.SearchActivity (server),reason=NO_WINDOW]
11-29 07:20:25.493 1491 1607 I am_pss : [20697,10089,com.android.music,29465600,22642688,393216,150745088,0,19,6]
11-29 07:20:25.494 1491 1723 I netstats_mobile_sample: [0,0,0,0,0,0,0,0,0,0,0,0,1669677625494]
11-29 07:20:25.494 1491 1723 I netstats_wifi_sample: [377649146,862085,163216062,378533,377649146,862085,163216062,378533,458327629,1480011,82611300,196016,1669677625494]
11-29 07:20:25.498 22070 22070 I wm_on_create_called: [127698388,com.tencent.pangu.activity.MixedAppDetailActivity,performCreate]
11-29 07:20:25.498 22070 22070 I wm_on_start_called: [127698388,com.tencent.pangu.activity.MixedAppDetailActivity,handleStartActivity]
11-29 07:20:25.502 22070 22070 I wm_on_resume_called: [127698388,com.tencent.pangu.activity.MixedAppDetailActivity,RESUME_ACTIVITY]
11-29 07:20:25.502 1491 1607 I am_pss : [21979,10036,com.microsoft.emmx,100665344,65187840,3011584,216428544,0,19,8]
11-29 07:20:25.505 22070 22070 I wm_on_top_resumed_gained_called: [127698388,com.tencent.pangu.activity.MixedAppDetailActivity,topStateChangedWhenResumed]
11-29 07:20:25.511 1491 1607 I am_pss : [22841,10036,com.microsoft.emmx:privileged_process0,53505024,19369984,2903040,153964544,0,19,7]
11-29 07:20:25.517 1491 1607 I am_pss : [22996,10083,com.qualcomm.qti.qccauthmgr,6777856,4030464,589824,89403392,0,19,5]
11-29 07:20:25.518 1491 1600 I input_focus: [Focus request fd70c04 com.tencent.android.qqdownloader/com.tencent.pangu.activity.MixedAppDetailActivity,reason=UpdateInputWindows]
11-29 07:20:25.529 1491 1596 I wm_activity_launch_time: [0,127698388,com.tencent.android.qqdownloader/com.tencent.pangu.activity.MixedAppDetailActivity,90]
11-29 07:20:25.531 1491 1599 I wm_stop_activity: [0,179324335,com.tencent.android.qqdownloader/com.tencent.assistantv2.activity.MainActivity]
11-29 07:20:25.531 1491 1599 I wm_stop_activity: [0,36061001,com.tencent.android.qqdownloader/com.tencent.nucleus.search.SearchActivity]
11-29 07:20:25.539 22070 22070 I wm_on_stop_called: [179324335,com.tencent.assistantv2.activity.MainActivity,STOP_ACTIVITY_ITEM]
11-29 07:20:25.547 1491 1693 I input_focus: [Focus entering fd70c04 com.tencent.android.qqdownloader/com.tencent.pangu.activity.MixedAppDetailActivity (server),reason=setFocusedWindow]
11-29 07:20:25.548 22070 22070 I wm_on_stop_called: [36061001,com.tencent.nucleus.search.SearchActivity,STOP_ACTIVITY_ITEM]
11-29 07:20:25.574 16043 16059 W ContextImpl: Calling a method in the system process without a qualified user: android.app.ContextImpl.startService:1816 android.content.ContextWrapper.startService:774 com.thundercomm.gamemode.ingame.services.GameModeActionUtils.startGameModeService:93 com.thundercomm.gamemode.ingame.services.GameModeActionUtils.startGameModeEntry:21 com.thundercomm.gamemode.ingame.services.ActivityMonitoringService$1.onActivityLaunch:127
11-29 07:20:25.581 1491 1491 I GameModeConfig: Current uri is uri = content://com.thundercomm.gamemode.api/gamemode_settings/gamemode_isgaming
11-29 07:20:25.583 1491 1491 I GameModeConfig: isGameModeOn = false
11-29 07:20:25.583 1491 1491 I GameModeConfig: isGameModeOn = false
11-29 07:20:25.583 1491 1491 I GameModeConfig: isDisableVoice = true
11-29 07:20:26.695 1491 1674 D ActivityManager: freezing 20647 com.android.calendar
11-29 07:20:26.695 1491 1674 E ActivityManager: Unable to freeze binder for 20647 com.android.calendar
11-29 07:20:26.697 1491 1674 D ActivityManager: froze 20647 com.android.calendar
11-29 07:20:26.697 1491 1674 I am_freeze: [20647,com.android.calendar]
11-29 07:20:26.697 1491 1674 E ActivityManager: Unable to freeze binder for 20647 com.android.calendar
11-29 07:20:26.700 1491 1674 D ActivityManager: freezing 20646 com.hryt.hiphishowfsecontrol
11-29 07:20:26.700 1491 1674 E ActivityManager: Unable to freeze binder for 20646 com.hryt.hiphishowfsecontrol
11-29 07:20:26.701 1491 1674 D ActivityManager: froze 20646 com.hryt.hiphishowfsecontrol
11-29 07:20:26.701 1491 1674 I am_freeze: [20646,com.hryt.hiphishowfsecontrol]
11-29 07:20:26.701 1491 1674 E ActivityManager: Unable to freeze binder for 20646 com.hryt.hiphishowfsecontrol
11-29 07:20:26.704 1491 1674 I ActivityManager: Killing 20647:com.android.calendar/u0a64 (adj 965): Unable to freeze binder interface
11-29 07:20:26.704 1491 1674 I am_kill : [0,20647,com.android.calendar,965,Unable to freeze binder interface]
11-29 07:20:26.706 1491 1674 I ActivityManager: Killing 20646:com.hryt.hiphishowfsecontrol/u0a20 (adj 965): Unable to freeze binder interface
11-29 07:20:26.709 1491 1674 I am_kill : [0,20646,com.hryt.hiphishowfsecontrol,965,Unable to freeze binder interface]
11-29 07:20:26.734 1491 7658 I am_proc_died: [0,20647,com.android.calendar,965,19]
11-29 07:20:26.734 1491 7658 I am_uid_stopped: 10064
11-29 07:20:26.743 1491 1599 W ActivityManager: ProcessRecord{c53aaa3 20646:com.hryt.hiphishowfsecontrol/u0a20} is attached to a previous process
11-29 07:20:26.744 1491 1599 I am_uid_stopped: 10020
11-29 07:20:26.744 1491 1599 W ActivityManager: Existing proc ProcessRecord{c53aaa3 20646:com.hryt.hiphishowfsecontrol/u0a20} was killed 34ms ago when adding ProcessRecord{aa2d07 0:com.hryt.hiphishowfsecontrol/u0a20}
11-29 07:20:26.744 1491 1599 I am_uid_running: 10020
11-29 07:20:26.745 1491 1599 D CompatibilityChangeReporter: Compat change id reported: 135634846; UID 10020; state: DISABLED
11-29 07:20:26.745 1491 1599 D CompatibilityChangeReporter: Compat change id reported: 177438394; UID 10020; state: DISABLED
11-29 07:20:26.745 1491 1599 D CompatibilityChangeReporter: Compat change id reported: 135772972; UID 10020; state: DISABLED
11-29 07:20:26.745 1491 1599 D CompatibilityChangeReporter: Compat change id reported: 135754954; UID 10020; state: ENABLED
11-29 07:20:26.746 1491 1599 I am_uid_running: 10064
11-29 07:20:26.746 1491 1599 D CompatibilityChangeReporter: Compat change id reported: 135634846; UID 10064; state: DISABLED
11-29 07:20:26.746 1491 1599 D CompatibilityChangeReporter: Compat change id reported: 177438394; UID 10064; state: DISABLED
11-29 07:20:26.746 1491 1599 D CompatibilityChangeReporter: Compat change id reported: 135772972; UID 10064; state: DISABLED
11-29 07:20:26.746 1491 1599 D CompatibilityChangeReporter: Compat change id reported: 135754954; UID 10064; state: DISABLED
11-29 07:20:26.757 1491 7658 I am_proc_died: [0,20646,com.hryt.hiphishowfsecontrol,965,19]
11-29 07:20:26.758 1491 1609 D CompatibilityChangeReporter: Compat change id reported: 143937733; UID 10020; state: ENABLED
11-29 07:20:26.764 1491 1609 I am_proc_start: [0,23792,10020,com.hryt.hiphishowfsecontrol,NULL,]
11-29 07:20:26.764 1491 1609 I ActivityManager: Start proc 23792:com.hryt.hiphishowfsecontrol/u0a20 for null
11-29 07:20:26.764 1491 1609 D CompatibilityChangeReporter: Compat change id reported: 143937733; UID 10064; state: DISABLED
11-29 07:20:26.769 1491 1609 I am_proc_start: [0,23793,10064,com.android.calendar,NULL,]
11-29 07:20:26.769 1491 1609 I ActivityManager: Start proc 23793:com.android.calendar/u0a64 for null
11-29 07:20:26.791 1491 7658 I am_proc_bound: [0,23793,com.android.calendar]
11-29 07:20:26.792 1491 7658 D CompatibilityChangeReporter: Compat change id reported: 168419799; UID 10064; state: DISABLED
11-29 07:20:26.802 1491 7658 I am_proc_bound: [0,23792,com.hryt.hiphishowfsecontrol]
11-29 07:20:26.803 1491 7658 D CompatibilityChangeReporter: Compat change id reported: 168419799; UID 10020; state: DISABLED
11-29 07:20:26.813 22070 22201 I liblog : 13
11-29 07:20:27.079 16714 16714 I auditd : type=1400 audit(0.0:16730): avc: denied { kill } for comm="kworker/u16:9" capability=5 scontext=u:r:kernel:s0 tcontext=u:r:kernel:s0 tclass=capability permissive=0
11-29 07:20:27.732 1491 1723 I netstats_mobile_sample: [0,0,0,0,0,0,0,0,0,0,0,0,1669677627732]
11-29 07:20:27.733 1491 1723 I netstats_wifi_sample: [390751124,871838,163459806,380406,390751124,871838,163459806,380406,471438557,1489771,82845935,197847,1669677627732]
11-29 07:20:28.079 0 0 I auditd : type=1400 audit(0.0:16731): avc: denied { kill } for comm="swapper/1" capability=5 scontext=u:r:kernel:s0 tcontext=u:r:kernel:s0 tclass=capability permissive=0
11-29 07:20:29.079 0 0 I auditd : type=1400 audit(0.0:16732): avc: denied { kill } for comm="swapper/1" capability=5 scontext=u:r:kernel:s0 tcontext=u:r:kernel:s0 tclass=capability permissive=0
11-29 07:20:30.079 0 0 I auditd : type=1400 audit(0.0:16733): avc: denied { kill } for comm="swapper/1" capability=5 scontext=u:r:kernel:s0 tcontext=u:r:kernel:s0 tclass=capability permissive=0
11-29 07:20:31.079 0 0 I auditd : type=1400 audit(0.0:16734): avc: denied { kill } for comm="swapper/1" capability=5 scontext=u:r:kernel:s0 tcontext=u:r:kernel:s0 tclass=capability permissive=0
11-29 07:20:32.472 1491 1693 I input_interaction: Interaction with: fd70c04 com.tencent.android.qqdownloader/com.tencent.pangu.activity.MixedAppDetailActivity (server), edge-swipe (server), swipe-up (server), PointerEventDispatcher0 (server),
11-29 07:20:32.648 1491 1491 I sysui_multi_action: [757,128,758,5,759,8,793,26406,794,0,795,26406,796,112,806,com.tencent.android.qqdownloader,857,channel_id_default_silent,858,3,946,com.tencent.android.qqdownloader,947,1,1500,26406,1688,1]
11-29 07:20:32.648 1491 1491 I notification_canceled: [0|com.tencent.android.qqdownloader|112|null|10097,8,26406,26406,0,-1,-1,NULL]
11-29 07:20:32.689 1491 1608 I ActivityManager: Deferring FGS notification in legacy app com.tencent.android.qqdownloader/u0a97 : Notification(channel=channel_id_default_silent shortcut=null contentView=null vibrate=null sound=null tick defaults=0x0 flags=0x240 color=0x00000000 groupKey=com.tencent.android.qqdownloader vis=PRIVATE)
11-29 07:20:33.863 1491 1607 I am_pss : [22742,99000,com.android.webview:sandboxed_process0:org.chromium.content.app.SandboxedProcessService0:0,41751552,16498688,974848,123355136,0,3,6]
11-29 07:20:35.079 0 0 I auditd : type=1400 audit(0.0:16735): avc: denied { kill } for comm="swapper/3" capability=5 scontext=u:r:kernel:s0 tcontext=u:r:kernel:s0 tclass=capability permissive=0
11-29 07:20:35.767 1491 7658 I wm_finish_activity: [0,127698388,180,com.tencent.android.qqdownloader/com.tencent.pangu.activity.MixedAppDetailActivity,app-request]
11-29 07:20:35.788 1491 7658 I wm_pause_activity: [0,127698388,com.tencent.android.qqdownloader/com.tencent.pangu.activity.MixedAppDetailActivity,userLeaving=false,finish]
11-29 07:20:35.796 22070 22070 I wm_on_top_resumed_lost_called: [127698388,com.tencent.pangu.activity.MixedAppDetailActivity,topStateChangedWhenResumed]
11-29 07:20:35.811 22070 22070 I wm_on_paused_called: [127698388,com.tencent.pangu.activity.MixedAppDetailActivity,performPause]
11-29 07:20:35.811 1491 7658 I wm_add_to_stopping: [0,127698388,com.tencent.android.qqdownloader/com.tencent.pangu.activity.MixedAppDetailActivity,completeFinishing]
11-29 07:20:35.812 1491 7658 I ActivityTaskManager: FOREGROUND_APPLICATION_CHANGED to com.tencent.nucleus.search.SearchActivity
11-29 07:20:35.813 1491 7658 I wm_set_resumed_activity: [0,com.tencent.android.qqdownloader/com.tencent.nucleus.search.SearchActivity,resumeTopActivityInnerLocked]
11-29 07:20:35.815 1491 7658 I wm_resume_activity: [0,36061001,180,com.tencent.android.qqdownloader/com.tencent.nucleus.search.SearchActivity]
11-29 07:20:35.819 1491 1599 I sysui_multi_action: [757,803,799,window_time_0,802,11]
11-29 07:20:35.823 1491 1693 I input_focus: [Focus leaving fd70c04 com.tencent.android.qqdownloader/com.tencent.pangu.activity.MixedAppDetailActivity (server),reason=NO_WINDOW]
11-29 07:20:35.825 22070 22070 I wm_on_restart_called: [179324335,com.tencent.assistantv2.activity.MainActivity,performRestartActivity]
11-29 07:20:35.826 22070 22070 I wm_on_start_called: [179324335,com.tencent.assistantv2.activity.MainActivity,handleStartActivity]
11-29 07:20:35.827 22070 22070 I wm_on_restart_called: [36061001,com.tencent.nucleus.search.SearchActivity,performRestartActivity]
11-29 07:20:35.828 22070 22070 I wm_on_start_called: [36061001,com.tencent.nucleus.search.SearchActivity,handleStartActivity]
11-29 07:20:35.840 22070 22070 I wm_on_resume_called: [36061001,com.tencent.nucleus.search.SearchActivity,RESUME_ACTIVITY]
11-29 07:20:35.841 22070 22070 I wm_on_top_resumed_gained_called: [36061001,com.tencent.nucleus.search.SearchActivity,topWhenResuming]
11-29 07:20:35.850 1491 1600 I input_focus: [Focus request d4b2b26 com.tencent.android.qqdownloader/com.tencent.nucleus.search.SearchActivity,reason=UpdateInputWindows]
11-29 07:20:35.887 1491 1693 I input_focus: [Focus entering d4b2b26 com.tencent.android.qqdownloader/com.tencent.nucleus.search.SearchActivity (server),reason=Window became focusable. Previous reason: NOT_VISIBLE]
11-29 07:20:35.931 16043 16059 W ContextImpl: Calling a method in the system process without a qualified user: android.app.ContextImpl.startService:1816 android.content.ContextWrapper.startService:774 com.thundercomm.gamemode.ingame.services.GameModeActionUtils.startGameModeService:93 com.thundercomm.gamemode.ingame.services.GameModeActionUtils.startGameModeEntry:21 com.thundercomm.gamemode.ingame.services.ActivityMonitoringService$1.onActivityLaunch:127
11-29 07:20:35.939 1491 1491 I GameModeConfig: Current uri is uri = content://com.thundercomm.gamemode.api/gamemode_settings/gamemode_isgaming
11-29 07:20:35.945 1491 1491 I GameModeConfig: isGameModeOn = false
11-29 07:20:35.945 1491 1491 I GameModeConfig: isGameModeOn = false
11-29 07:20:35.945 1491 1491 I GameModeConfig: isDisableVoice = true
11-29 07:20:36.079 0 0 I auditd : type=1400 audit(0.0:16736): avc: denied { kill } for comm="swapper/0" capability=5 scontext=u:r:kernel:s0 tcontext=u:r:kernel:s0 tclass=capability permissive=0
11-29 07:20:36.342 1491 1599 I wm_destroy_activity: [0,127698388,180,com.tencent.android.qqdownloader/com.tencent.pangu.activity.MixedAppDetailActivity,finish-imm:transit]
11-29 07:20:36.363 22070 22070 I wm_on_stop_called: [127698388,com.tencent.pangu.activity.MixedAppDetailActivity,LIFECYCLER_STOP_ACTIVITY]
11-29 07:20:36.374 22070 22070 I wm_on_destroy_called: [127698388,com.tencent.pangu.activity.MixedAppDetailActivity,performDestroy]
11-29 07:20:36.409 1491 1607 I am_pss : [21963,1000,com.android.settings,52365312,39059456,3277824,157835264,0,15,11]
11-29 07:20:38.079 9 9 I auditd : type=1400 audit(0.0:16737): avc: denied { kill } for comm="ksoftirqd/0" capability=5 scontext=u:r:kernel:s0 tcontext=u:r:kernel:s0 tclass=capability permissive=0
11-29 07:20:38.828 1491 1723 I netstats_mobile_sample: [0,0,0,0,0,0,0,0,0,0,0,0,1669677638828]
11-29 07:20:38.829 1491 1723 I netstats_wifi_sample: [402082868,880702,163805365,382617,402082868,880702,163805365,382617,482760428,1499056,83110040,199852,1669677638828]
11-29 07:20:39.079 9 9 I auditd : type=1400 audit(0.0:16738): avc: denied { kill } for comm="ksoftirqd/0" capability=5 scontext=u:r:kernel:s0 tcontext=u:r:kernel:s0 tclass=capability permissive=0
11-29 07:20:39.573 1491 1491 D CompatibilityChangeReporter: Compat change id reported: 168419799; UID 10036; state: DISABLED
11-29 07:20:40.026 1491 1723 I netstats_mobile_sample: [0,0,0,0,0,0,0,0,0,0,0,0,1669677640026]
11-29 07:20:40.026 1491 1723 I netstats_wifi_sample: [418830426,892346,163883676,383513,418791830,892320,163883676,383513,499361650,1510701,83178626,200714,1669677640026]
11-29 07:20:40.079 0 0 I auditd : type=1400 audit(0.0:16739): avc: denied { kill } for comm="swapper/0" capability=5 scontext=u:r:kernel:s0 tcontext=u:r:kernel:s0 tclass=capability permissive=0
11-29 07:20:41.079 0 0 I auditd : type=1400 audit(0.0:16740): avc: denied { kill } for comm="swapper/0" capability=5 scontext=u:r:kernel:s0 tcontext=u:r:kernel:s0 tclass=capability permissive=0
11-29 07:20:41.214 1491 1723 I netstats_mobile_sample: [0,0,0,0,0,0,0,0,0,0,0,0,1669677641214]
11-29 07:20:41.215 1491 1723 I netstats_wifi_sample: [439703933,906774,163963443,384511,439703933,906774,163963443,384511,520237953,1525226,83249522,201690,1669677641214]
11-29 07:20:41.221 1491 1724 I service_manager_stats: [100,93,36639]
11-29 07:20:41.624 1491 1598 I commit_sys_config_file: [jobs,15]
11-29 07:20:42.079 0 0 I auditd : type=1400 audit(0.0:16741): avc: denied { kill } for comm="swapper/0" capability=5 scontext=u:r:kernel:s0 tcontext=u:r:kernel:s0 tclass=capability permissive=0
11-29 07:20:42.410 1491 1723 I netstats_mobile_sample: [0,0,0,0,0,0,0,0,0,0,0,0,1669677642410]
11-29 07:20:42.410 1491 1723 I netstats_wifi_sample: [461629025,921923,164037010,385491,461629025,921923,164036950,385490,542334521,1540514,83317543,202662,1669677642410]
11-29 07:20:42.696 1491 1491 I notification_enqueue: [10097,22070,com.tencent.android.qqdownloader,101,NULL,0,Notification(channel=channel_id_default_silent shortcut=null contentView=null vibrate=null sound=null tick defaults=0x0 flags=0x240 color=0x00000000 groupKey=com.tencent.android.qqdownloader vis=PRIVATE),0]
11-29 07:20:42.898 1491 1491 I GameModeConfig: isGameModeOn = false
11-29 07:20:43.079 0 0 I auditd : type=1400 audit(0.0:16742): avc: denied { kill } for comm="swapper/0" capability=5 scontext=u:r:kernel:s0 tcontext=u:r:kernel:s0 tclass=capability permissive=0
11-29 07:20:43.694 1491 1723 I netstats_mobile_sample: [0,0,0,0,0,0,0,0,0,0,0,0,1669677643694]
11-29 07:20:43.694 1491 1723 I netstats_wifi_sample: [478504943,933676,164130240,386678,478504943,933676,164130240,386678,559228289,1552288,83399485,203821,1669677643694]
11-29 07:20:44.079 353 353 I auditd : type=1400 audit(0.0:16743): avc: denied { kill } for comm="irq/382-atmel_m" capability=5 scontext=u:r:kernel:s0 tcontext=u:r:kernel:s0 tclass=capability permissive=0
11-29 07:20:44.834 1491 1723 I netstats_mobile_sample: [0,0,0,0,0,0,0,0,0,0,0,0,1669677644834]
11-29 07:20:44.834 1491 1723 I netstats_wifi_sample: [502869648,950518,164208939,387764,502802072,950472,164208759,387761,583487093,1569190,83471802,204884,1669677644834]
11-29 07:20:45.079 0 0 I auditd : type=1400 audit(0.0:16744): avc: denied { kill } for comm="swapper/0" capability=5 scontext=u:r:kernel:s0 tcontext=u:r:kernel:s0 tclass=capability permissive=0
11-29 07:20:45.954 1491 1723 I netstats_mobile_sample: [0,0,0,0,0,0,0,0,0,0,0,0,1669677645954]
11-29 07:20:45.954 1491 1723 I netstats_wifi_sample: [524557644,965520,164286989,388833,524513512,965490,164286989,388833,605242062,1584296,83544014,205940,1669677645954]
11-29 07:20:46.079 0 0 I auditd : type=1400 audit(0.0:16745): avc: denied { kill } for comm="swapper/0" capability=5 scontext=u:r:kernel:s0 tcontext=u:r:kernel:s0 tclass=capability permissive=0
11-29 07:20:47.079 0 0 I auditd : type=1400 audit(0.0:16746): avc: denied { kill } for comm="swapper/0" capability=5 scontext=u:r:kernel:s0 tcontext=u:r:kernel:s0 tclass=capability permissive=0
11-29 07:20:47.087 1491 1723 I netstats_mobile_sample: [0,0,0,0,0,0,0,0,0,0,0,0,1669677647086]
11-29 07:20:47.087 1491 1723 I netstats_wifi_sample: [547774055,981522,164368165,389794,547774055,981522,164368165,389794,628582348,1600405,83613984,206878,1669677647086]
11-29 07:20:48.079 0 0 I auditd : type=1400 audit(0.0:16747): avc: denied { kill } for comm="swapper/3" capability=5 scontext=u:r:kernel:s0 tcontext=u:r:kernel:s0 tclass=capability permissive=0
11-29 07:20:48.407 1491 1723 I netstats_mobile_sample: [0,0,0,0,0,0,0,0,0,0,0,0,1669677648406]
11-29 07:20:48.407 1491 1723 I netstats_wifi_sample: [568725885,996119,164494931,391453,568687289,996093,164494871,391452,649348635,1614893,83728890,208502,1669677648406]
11-29 07:20:49.079 0 0 I auditd : type=1400 audit(0.0:16748): avc: denied { kill } for comm="swapper/3" capability=5 scontext=u:r:kernel:s0 tcontext=u:r:kernel:s0 tclass=capability permissive=0
11-29 07:20:49.529 1491 1723 I netstats_mobile_sample: [0,0,0,0,0,0,0,0,0,0,0,0,1669677649528]
11-29 07:20:49.529 1491 1723 I netstats_wifi_sample: [595542019,1014607,164579313,392616,595542019,1014607,164579313,392616,676247730,1633560,83806628,209642,1669677649528]
11-29 07:20:50.079 0 0 I auditd : type=1400 audit(0.0:16749): avc: denied { kill } for comm="swapper/3" capability=5 scontext=u:r:kernel:s0 tcontext=u:r:kernel:s0 tclass=capability permissive=0
11-29 07:20:50.662 1491 1723 I netstats_mobile_sample: [0,0,0,0,0,0,0,0,0,0,0,0,1669677650662]
11-29 07:20:50.664 1491 1723 I netstats_wifi_sample: [617941549,1030096,164655672,393702,617941549,1030096,164655672,393702,698777682,1649212,83877533,210721,1669677650662]
11-29 07:20:51.079 0 0 I auditd : type=1400 audit(0.0:16750): avc: denied { kill } for comm="swapper/3" capability=5 scontext=u:r:kernel:s0 tcontext=u:r:kernel:s0 tclass=capability permissive=0
11-29 07:20:51.791 1491 1723 I netstats_mobile_sample: [0,0,0,0,0,0,0,0,0,0,0,0,1669677651791]
11-29 07:20:51.791 1491 1723 I netstats_wifi_sample: [641840734,1046634,164731822,394777,641832381,1046627,164731762,394776,722525362,1665688,83947177,211772,1669677651791]
11-29 07:20:52.079 0 0 I auditd : type=1400 audit(0.0:16751): avc: denied { kill } for comm="swapper/0" capability=5 scontext=u:r:kernel:s0 tcontext=u:r:kernel:s0 tclass=capability permissive=0
11-29 07:20:52.901 1491 1723 I netstats_mobile_sample: [0,0,0,0,0,0,0,0,0,0,0,0,1669677652901]
11-29 07:20:52.902 1491 1723 I netstats_wifi_sample: [666881914,1063993,164833757,396034,666881914,1063993,164833757,396034,747486654,1682995,84035523,213003,1669677652901]
11-29 07:20:53.079 0 0 I auditd : type=1400 audit(0.0:16752): avc: denied { kill } for comm="swapper/0" capability=5 scontext=u:r:kernel:s0 tcontext=u:r:kernel:s0 tclass=capability permissive=0
11-29 07:20:54.015 1491 1723 I netstats_mobile_sample: [0,0,0,0,0,0,0,0,0,0,0,0,1669677654015]
11-29 07:20:54.016 1491 1723 I netstats_wifi_sample: [693156810,1082144,164920369,397133,693155485,1082141,164917719,397127,773912313,1701354,84110638,214071,1669677654015]
11-29 07:20:54.079 3345 3345 I auditd : type=1400 audit(0.0:16753): avc: denied { kill } for comm="dp_rx_thread_0" capability=5 scontext=u:r:kernel:s0 tcontext=u:r:kernel:s0 tclass=capability permissive=0
11-29 07:20:55.079 0 0 I auditd : type=1400 audit(0.0:16754): avc: denied { kill } for comm="swapper/0" capability=5 scontext=u:r:kernel:s0 tcontext=u:r:kernel:s0 tclass=capability permissive=0
11-29 07:20:55.128 1491 1723 I netstats_mobile_sample: [0,0,0,0,0,0,0,0,0,0,0,0,1669677655128]
11-29 07:20:55.128 1491 1723 I netstats_wifi_sample: [712733791,1095630,164987863,397929,712733791,1095630,164987863,397929,793536944,1714943,84169286,214846,1669677655128]
11-29 07:20:56.266 1491 1723 I netstats_mobile_sample: [0,0,0,0,0,0,0,0,0,0,0,0,1669677656266]
11-29 07:20:56.267 1491 1723 I netstats_wifi_sample: [726013613,1104853,165039994,398575,726013613,1104853,165039994,398575,806830317,1724198,84215629,215479,1669677656266]
11-29 07:20:57.079 0 0 I auditd : type=1400 audit(0.0:16755): avc: denied { kill } for comm="swapper/2" capability=5 scontext=u:r:kernel:s0 tcontext=u:r:kernel:s0 tclass=capability permissive=0
11-29 07:20:57.437 1491 1723 I netstats_mobile_sample: [0,0,0,0,0,0,0,0,0,0,0,0,1669677657437]
11-29 07:20:57.438 1491 1723 I netstats_wifi_sample: [743038880,1116683,165112976,399464,743038880,1116683,165112976,399464,823676144,1735902,84278528,216341,1669677657437]
11-29 07:20:58.079 0 0 I auditd : type=1400 audit(0.0:16756): avc: denied { kill } for comm="swapper/2" capability=5 scontext=u:r:kernel:s0 tcontext=u:r:kernel:s0 tclass=capability permissive=0
11-29 07:20:58.124 1491 1607 I am_pss : [22742,99000,com.android.webview:sandboxed_process0:org.chromium.content.app.SandboxedProcessService0:0,41824256,16531456,942080,123387904,0,3,8]
11-29 07:20:58.132 1491 1491 I sysui_multi_action: [757,128,758,5,759,8,793,15438,794,0,795,15438,796,101,806,com.tencent.android.qqdownloader,857,channel_id_default_silent,858,3,946,com.tencent.android.qqdownloader,947,1,1500,15438,1688,1]
11-29 07:20:58.132 1491 1491 I notification_canceled: [0|com.tencent.android.qqdownloader|101|null|10097,8,15438,15438,0,-1,-1,NULL]
11-29 07:20:58.163 22037 22526 W PackageParsing: No actions in intent-filter at /storage/emulated/0/Android/data/com.tencent.android.qqdownloader/files/tassistant/apk/com.miHoYo.Yuanshen_469.apk Binary XML file line #625
11-29 07:20:58.163 22037 22526 W PackageParsing: No actions in intent-filter at /storage/emulated/0/Android/data/com.tencent.android.qqdownloader/files/tassistant/apk/com.miHoYo.Yuanshen_469.apk Binary XML file line #650
11-29 07:20:58.173 22070 22456 W PackageParsing: No actions in intent-filter at /storage/emulated/0/Android/data/com.tencent.android.qqdownloader/files/tassistant/apk/com.miHoYo.Yuanshen_469.apk Binary XML file line #625
11-29 07:20:58.174 22070 22456 W PackageParsing: No actions in intent-filter at /storage/emulated/0/Android/data/com.tencent.android.qqdownloader/files/tassistant/apk/com.miHoYo.Yuanshen_469.apk Binary XML file line #650
11-29 07:20:58.176 22037 22526 W PackageParsing: No actions in intent-filter at /storage/emulated/0/Android/data/com.tencent.android.qqdownloader/files/tassistant/apk/com.miHoYo.Yuanshen_469.apk Binary XML file line #625
11-29 07:20:58.177 22037 22526 W PackageParsing: No actions in intent-filter at /storage/emulated/0/Android/data/com.tencent.android.qqdownloader/files/tassistant/apk/com.miHoYo.Yuanshen_469.apk Binary XML file line #650
11-29 07:20:58.186 22070 24180 W PackageParsing: No actions in intent-filter at /storage/emulated/0/Android/data/com.tencent.android.qqdownloader/files/tassistant/apk/com.miHoYo.Yuanshen_469.apk Binary XML file line #625
11-29 07:20:58.186 22070 24180 W PackageParsing: No actions in intent-filter at /storage/emulated/0/Android/data/com.tencent.android.qqdownloader/files/tassistant/apk/com.miHoYo.Yuanshen_469.apk Binary XML file line #650
11-29 07:20:58.460 1491 7158 I ActivityTaskManager: START u0 {flg=0x10000000 cmp=com.tencent.android.qqdownloader/com.tencent.pangu.activity.InstallerListenerActivity (has extras)} from uid 10097
11-29 07:20:58.470 1491 7158 I wm_task_moved: [180,1,7]
11-29 07:20:58.471 1491 7158 I wm_set_resumed_activity: [0,com.tencent.android.qqdownloader/com.tencent.nucleus.search.SearchActivity,positionChildAt]
11-29 07:20:58.471 1491 7158 I wm_create_activity: [0,248176578,180,com.tencent.android.qqdownloader/com.tencent.pangu.activity.InstallerListenerActivity,NULL,NULL,NULL,268435456]
11-29 07:20:58.475 1491 7158 I wm_pause_activity: [0,36061001,com.tencent.android.qqdownloader/com.tencent.nucleus.search.SearchActivity,userLeaving=true,resumeTopActivityInnerLocked]
11-29 07:20:58.475 22070 22070 I wm_on_top_resumed_lost_called: [36061001,com.tencent.nucleus.search.SearchActivity,topStateChangedWhenResumed]
11-29 07:20:58.492 22070 22070 I wm_on_paused_called: [36061001,com.tencent.nucleus.search.SearchActivity,performPause]
11-29 07:20:58.493 1491 8592 I ActivityTaskManager: FOREGROUND_APPLICATION_CHANGED to com.tencent.pangu.activity.InstallerListenerActivity
11-29 07:20:58.493 1491 8592 I ActivityTaskManager: The Process com.tencent.android.qqdownloader Already Exists in BG. So sending its PID: 22070
11-29 07:20:58.497 1491 8592 W ActivityTaskManager: Tried to set launchTime (0) < mLastActivityLaunchTime (14803930)
11-29 07:20:58.499 1491 8592 I wm_restart_activity: [0,248176578,180,com.tencent.android.qqdownloader/com.tencent.pangu.activity.InstallerListenerActivity]
11-29 07:20:58.501 1491 8592 I wm_set_resumed_activity: [0,com.tencent.android.qqdownloader/com.tencent.pangu.activity.InstallerListenerActivity,minimalResumeActivityLocked]
11-29 07:20:58.506 1491 1599 I sysui_multi_action: [757,803,799,window_time_0,802,22]
11-29 07:20:58.529 1491 8592 I ActivityTaskManager: START u0 {act=android.intent.action.VIEW dat=content://com.tencent.pangu.fileprovider/external_path/Android/data/com.tencent.android.qqdownloader/files/tassistant/apk/com.miHoYo.Yuanshen_469.apk typ=application/vnd.android.package-archive flg=0x10000003 cmp=com.android.packageinstaller/.InstallStart} from uid 10097
11-29 07:20:58.531 1491 8592 W ActivityTaskManager: Activity is launching as a new task, so cancelling activity result.
11-29 07:20:58.532 1491 8592 I wm_task_created: [184,-1]
11-29 07:20:58.532 1491 8592 W ActivityTaskManager: Can't find TaskDisplayArea to determine support for multi window. Task id=184 attached=false
11-29 07:20:58.535 1491 8592 D CompatibilityChangeReporter: Compat change id reported: 174042980; UID 10019; state: DISABLED
11-29 07:20:58.535 1491 8592 D CompatibilityChangeReporter: Compat change id reported: 184838306; UID 10019; state: DISABLED
11-29 07:20:58.536 1491 8592 D CompatibilityChangeReporter: Compat change id reported: 185004937; UID 10019; state: DISABLED
11-29 07:20:58.536 1491 8592 D CompatibilityChangeReporter: Compat change id reported: 181136395; UID 10019; state: DISABLED
11-29 07:20:58.537 1491 8592 D CompatibilityChangeReporter: Compat change id reported: 174042936; UID 10019; state: DISABLED
11-29 07:20:58.538 1491 8592 I wm_task_moved: [184,1,8]
11-29 07:20:58.538 1491 8592 I wm_task_to_front: [0,184]
11-29 07:20:58.541 1491 8592 I wm_create_task: [0,184]
11-29 07:20:58.541 1491 8592 I wm_create_activity: [0,111715610,184,com.android.packageinstaller/.InstallStart,android.intent.action.VIEW,application/vnd.android.package-archive,content://com.tencent.pangu.fileprovider/external_path/Android/data/com.tencent.android.qqdownloader/files/tassistant/apk/com.miHoYo.Yuanshen_469.apk,276824067]
11-29 07:20:58.541 1491 8592 I wm_task_moved: [184,1,8]
11-29 07:20:58.542 1491 8592 I wm_pause_activity: [0,248176578,com.tencent.android.qqdownloader/com.tencent.pangu.activity.InstallerListenerActivity,userLeaving=true,pauseBackTasks]
11-29 07:20:58.546 22070 22070 I wm_on_create_called: [248176578,com.tencent.pangu.activity.InstallerListenerActivity,performCreate]
11-29 07:20:58.548 22070 22070 I wm_on_start_called: [248176578,com.tencent.pangu.activity.InstallerListenerActivity,handleStartActivity]
11-29 07:20:58.549 22070 22070 I wm_on_resume_called: [248176578,com.tencent.pangu.activity.InstallerListenerActivity,RESUME_ACTIVITY]
11-29 07:20:58.553 22070 22070 I wm_on_top_resumed_gained_called: [248176578,com.tencent.pangu.activity.InstallerListenerActivity,topStateChangedWhenResumed]
11-29 07:20:58.562 1491 1600 I input_focus: [Focus request 5a33e27 com.tencent.android.qqdownloader/com.tencent.pangu.activity.InstallerListenerActivity,reason=UpdateInputWindows]
11-29 07:20:58.574 22070 22070 I wm_on_paused_called: [248176578,com.tencent.pangu.activity.InstallerListenerActivity,performPause]
11-29 07:20:58.576 22070 22070 I wm_on_activity_result_called: [248176578,com.tencent.pangu.activity.InstallerListenerActivity,ACTIVITY_RESULT]
11-29 07:20:58.578 22070 22070 I wm_on_resume_called: [248176578,com.tencent.pangu.activity.InstallerListenerActivity,ACTIVITY_RESULT]
11-29 07:20:58.578 22070 22070 I wm_on_top_resumed_lost_called: [248176578,com.tencent.pangu.activity.InstallerListenerActivity,topStateChangedWhenResumed]
11-29 07:20:58.579 22070 22070 I wm_on_paused_called: [248176578,com.tencent.pangu.activity.InstallerListenerActivity,performPause]
11-29 07:20:58.580 1491 8592 I ActivityTaskManager: FOREGROUND_APPLICATION_CHANGED to com.android.packageinstaller.InstallStart
11-29 07:20:58.580 1491 8592 I ActivityTaskManager: The Process com.android.packageinstaller Already Exists in BG. So sending its PID: 3512
11-29 07:20:58.581 1491 8592 I wm_restart_activity: [0,111715610,184,com.android.packageinstaller/.InstallStart]
11-29 07:20:58.582 1491 8592 I wm_set_resumed_activity: [0,com.android.packageinstaller/.InstallStart,minimalResumeActivityLocked]
11-29 07:20:58.587 1491 1599 I am_uid_active: 10019
11-29 07:20:58.591 1491 1693 I input_focus: [Focus leaving d4b2b26 com.tencent.android.qqdownloader/com.tencent.nucleus.search.SearchActivity (server),reason=NOT_FOCUSABLE]
11-29 07:20:58.598 1491 1599 I sysui_multi_action: [757,803,799,window_time_0,802,1]
11-29 07:20:58.603 1491 7158 I ActivityTaskManager: START u0 {act=android.intent.action.VIEW dat=content://com.tencent.pangu.fileprovider/external_path/Android/data/com.tencent.android.qqdownloader/files/tassistant/apk/com.miHoYo.Yuanshen_469.apk typ=application/vnd.android.package-archive flg=0x2000001 cmp=com.android.packageinstaller/.InstallStaging (has extras)} from uid 10019
11-29 07:20:58.605 1491 7158 I wm_task_moved: [184,1,8]
11-29 07:20:58.605 1491 7158 I wm_set_resumed_activity: [0,com.android.packageinstaller/.InstallStart,positionChildAt]
11-29 07:20:58.605 1491 7158 I wm_create_activity: [0,197263127,184,com.android.packageinstaller/.InstallStaging,android.intent.action.VIEW,application/vnd.android.package-archive,content://com.tencent.pangu.fileprovider/external_path/Android/data/com.tencent.android.qqdownloader/files/tassistant/apk/com.miHoYo.Yuanshen_469.apk,33554433]
11-29 07:20:58.606 1491 7158 I wm_pause_activity: [0,111715610,com.android.packageinstaller/.InstallStart,userLeaving=true,resumeTopActivityInnerLocked]
11-29 07:20:58.609 1491 7658 I wm_finish_activity: [0,111715610,184,com.android.packageinstaller/.InstallStart,app-request]
11-29 07:20:58.609 3512 3512 I wm_on_create_called: [111715610,com.android.packageinstaller.InstallStart,performCreate]
11-29 07:20:58.611 16043 16059 W ContextImpl: Calling a method in the system process without a qualified user: android.app.ContextImpl.startService:1816 android.content.ContextWrapper.startService:774 com.thundercomm.gamemode.ingame.services.GameModeActionUtils.startGameModeService:93 com.thundercomm.gamemode.ingame.services.GameModeActionUtils.startGameModeEntry:21 com.thundercomm.gamemode.ingame.services.ActivityMonitoringService$1.onActivityLaunch:127
11-29 07:20:58.613 1491 2923 I wm_add_to_stopping: [0,111715610,com.android.packageinstaller/.InstallStart,completeFinishing]
11-29 07:20:58.614 1491 2923 I ActivityTaskManager: FOREGROUND_APPLICATION_CHANGED to com.android.packageinstaller.InstallStaging
11-29 07:20:58.614 1491 2923 I ActivityTaskManager: The Process com.android.packageinstaller Already Exists in BG. So sending its PID: 3512
11-29 07:20:58.614 1491 2923 W ActivityTaskManager: Tried to set launchTime (0) < mLastActivityLaunchTime (14837059)
11-29 07:20:58.615 1491 2923 I wm_restart_activity: [0,197263127,184,com.android.packageinstaller/.InstallStaging]
11-29 07:20:58.615 1491 2923 I wm_set_resumed_activity: [0,com.android.packageinstaller/.InstallStaging,minimalResumeActivityLocked]
11-29 07:20:58.618 1491 1599 I sysui_multi_action: [757,803,799,window_time_0,802,0]
11-29 07:20:58.621 1491 1491 I GameModeConfig: Current uri is uri = content://com.thundercomm.gamemode.api/gamemode_settings/gamemode_isgaming
11-29 07:20:58.625 1491 1491 I GameModeConfig: isGameModeOn = false
11-29 07:20:58.626 1491 1491 I GameModeConfig: isGameModeOn = false
11-29 07:20:58.626 1491 1491 I GameModeConfig: isDisableVoice = true
11-29 07:20:58.627 3512 3512 I wm_on_create_called: [197263127,com.android.packageinstaller.InstallStaging,performCreate]
11-29 07:20:58.628 3512 3512 I wm_on_start_called: [197263127,com.android.packageinstaller.InstallStaging,handleStartActivity]
11-29 07:20:58.628 1491 1607 I am_pss : [21963,1000,com.android.settings,51908608,37244928,4732928,155389952,0,15,8]
11-29 07:20:58.629 3512 3512 I wm_on_resume_called: [197263127,com.android.packageinstaller.InstallStaging,RESUME_ACTIVITY]
11-29 07:20:58.636 1491 1607 I am_pss : [23792,10020,com.hryt.hiphishowfsecontrol,18112512,12242944,2808832,93782016,0,19,6]
11-29 07:20:58.636 3512 3512 I wm_on_top_resumed_gained_called: [197263127,com.android.packageinstaller.InstallStaging,topStateChangedWhenResumed]
11-29 07:20:58.643 1491 1607 I am_pss : [23793,10064,com.android.calendar,7696384,2916352,3228672,60084224,0,19,5]
11-29 07:20:58.645 1491 1600 I input_focus: [Focus request b9cfa9c com.android.packageinstaller/com.android.packageinstaller.InstallStaging,reason=UpdateInputWindows]
11-29 07:20:58.652 1491 1607 I am_pss : [20697,10089,com.android.music,30405632,20070400,4862976,119808000,0,19,7]
11-29 07:20:58.659 1491 1607 I am_pss : [22996,10083,com.qualcomm.qti.qccauthmgr,7797760,2723840,3707904,62177280,0,19,4]
11-29 07:20:58.721 16043 16059 W ContextImpl: Calling a method in the system process without a qualified user: android.app.ContextImpl.startService:1816 android.content.ContextWrapper.startService:774 com.thundercomm.gamemode.ingame.services.GameModeActionUtils.startGameModeService:93 com.thundercomm.gamemode.ingame.services.GameModeActionUtils.startGameModeEntry:21 com.thundercomm.gamemode.ingame.services.ActivityMonitoringService$1.onActivityLaunch:127
11-29 07:20:58.727 1491 1491 I GameModeConfig: Current uri is uri = content://com.thundercomm.gamemode.api/gamemode_settings/gamemode_isgaming
11-29 07:20:58.728 1491 1491 I GameModeConfig: isGameModeOn = false
11-29 07:20:58.729 1491 1491 I GameModeConfig: isGameModeOn = false
11-29 07:20:58.729 1491 1491 I GameModeConfig: isDisableVoice = true
11-29 07:20:58.819 1491 1596 I wm_activity_launch_time: [0,197263127,com.android.packageinstaller/.InstallStaging,358]
11-29 07:20:58.823 1491 1599 I wm_destroy_activity: [0,111715610,184,com.android.packageinstaller/.InstallStart,finish-imm:transit]
11-29 07:20:58.824 3512 3512 I wm_on_destroy_called: [111715610,com.android.packageinstaller.InstallStart,performDestroy]
11-29 07:20:58.841 1491 1693 I input_focus: [Focus entering b9cfa9c com.android.packageinstaller/com.android.packageinstaller.InstallStaging (server),reason=Window became focusable. Previous reason: NOT_VISIBLE]
11-29 07:20:58.920 1491 1723 I netstats_mobile_sample: [0,0,0,0,0,0,0,0,0,0,0,0,1669677658920]
11-29 07:20:58.920 1491 1723 I netstats_wifi_sample: [745742936,1118744,165177277,399801,745742936,1118744,165177277,399801,826632064,1738310,84334978,216656,1669677658920]
11-29 07:20:58.953 1491 2923 I ActivityTaskManager: START u0 {act=android.intent.action.VIEW dat=file:///data/user_de/0/com.android.packageinstaller/no_backup/package8312763227734172990.apk flg=0x2010001 cmp=com.android.packageinstaller/.DeleteStagedFileOnResult (has extras)} from uid 10019
11-29 07:20:58.955 1491 2923 I wm_task_moved: [184,1,8]
11-29 07:20:58.955 1491 2923 I wm_set_resumed_activity: [0,com.android.packageinstaller/.InstallStaging,positionChildAt]
11-29 07:20:58.955 1491 2923 I wm_create_activity: [0,58247445,184,com.android.packageinstaller/.DeleteStagedFileOnResult,android.intent.action.VIEW,NULL,file:///data/user_de/0/com.android.packageinstaller/no_backup/package8312763227734172990.apk,33619969]
