11-29 07:21:50.384 19842 19842 I sysui_multi_action: [757,126,758,1,759,126,927,0,928,1,1593,1]
11-29 07:21:50.384 19842 19842 I sysui_multi_action: [757,113,758,1,759,113,927,1,928,1,1593,1]
11-29 07:21:50.384 19842 19842 I sysui_multi_action: [757,0,758,1,759,0,927,2,928,0,1593,1]
11-29 07:21:50.384 19842 19842 I sysui_multi_action: [757,0,758,1,759,0,927,3,928,0,1593,1]
11-29 07:21:50.384 1491 1693 I input_focus: [Focus leaving 3124ee4 NotificationShade (server),reason=NOT_FOCUSABLE]
11-29 07:21:50.385 1491 1693 I input_focus: [Focus entering cd0514f com.android.launcher3/com.android.launcher3.uioverrides.QuickstepLauncher (server),reason=setFocusedWindow]
11-29 07:21:50.397 1491 1760 I GameModeConfig: isGameModeOn = false
11-29 07:21:50.397 1491 1760 I GameModeConfig: isGameModeOn = false
11-29 07:21:50.397 1491 1760 I GameModeConfig: isGameModeOn = false
11-29 07:21:50.398 1491 1760 I GameModeConfig: isGameModeOn = false
11-29 07:21:50.398 1491 1760 I GameModeConfig: isGameModeOn = false
11-29 07:21:50.398 1491 1760 I GameModeConfig: isGameModeOn = false
11-29 07:21:50.399 19842 19842 I sysui_multi_action: [757,111,758,2]
11-29 07:21:50.399 19842 19842 I sysui_multi_action: [757,111,758,2]
11-29 07:21:50.399 1491 1491 I GameModeConfig: isGameModeOn = false
11-29 07:21:50.399 1491 1491 E NotificationService: Muting recently noisy 0|com.android.systemui|2048|null|10082
11-29 07:21:50.400 1491 1491 I notification_enqueue: [10082,19842,com.android.systemui,2048,NULL,0,Notification(channel=updateNotification shortcut=null contentView=null vibrate=null sound=null defaults=0x0 flags=0x0 color=0x00000000 vis=PRIVATE),1]
11-29 07:21:50.410 1491 1600 I input_focus: [Focus request 3124ee4 NotificationShade,reason=UpdateInputWindows]
11-29 07:21:50.412 19842 19842 I sysui_multi_action: [757,111,758,1]
11-29 07:21:50.412 19842 19842 I sysui_multi_action: [757,126,758,1,759,126,927,0,928,1,1593,1]
11-29 07:21:50.412 19842 19842 I sysui_multi_action: [757,113,758,1,759,113,927,1,928,1,1593,1]
11-29 07:21:50.412 19842 19842 I sysui_multi_action: [757,0,758,1,759,0,927,2,928,0,1593,1]
11-29 07:21:50.412 19842 19842 I sysui_multi_action: [757,0,758,1,759,0,927,3,928,0,1593,1]
11-29 07:21:50.412 19842 19842 I sysui_multi_action: [757,491,758,1,759,491,927,4,928,0,1311,-1,1593,0]
11-29 07:21:50.412 19842 19842 I sysui_multi_action: [757,0,758,1,759,0,927,5,928,0,1593,0]
11-29 07:21:50.412 19842 19842 I sysui_multi_action: [757,111,758,1]
11-29 07:21:50.412 19842 19842 I sysui_multi_action: [757,126,758,1,759,126,927,0,928,1,1593,1]
11-29 07:21:50.412 19842 19842 I sysui_multi_action: [757,113,758,1,759,113,927,1,928,1,1593,1]
11-29 07:21:50.412 19842 19842 I sysui_multi_action: [757,0,758,1,759,0,927,2,928,0,1593,1]
11-29 07:21:50.412 19842 19842 I sysui_multi_action: [757,0,758,1,759,0,927,3,928,0,1593,1]
11-29 07:21:50.414 1491 1491 I GameModeConfig: isGameModeOn = false
11-29 07:21:50.415 1491 1491 E NotificationService: Muting recently noisy 0|com.android.systemui|2048|null|10082
11-29 07:21:50.423 1491 1760 I GameModeConfig: isGameModeOn = false
11-29 07:21:50.423 1491 1760 I GameModeConfig: isGameModeOn = false
11-29 07:21:50.424 1491 1760 I GameModeConfig: isGameModeOn = false
11-29 07:21:50.424 1491 1760 I GameModeConfig: isGameModeOn = false
11-29 07:21:50.424 1491 1760 I GameModeConfig: isGameModeOn = false
11-29 07:21:50.424 1491 1760 I GameModeConfig: isGameModeOn = false
11-29 07:21:50.425 19842 19842 I sysui_multi_action: [757,111,758,2]
11-29 07:21:50.425 19842 19842 I sysui_multi_action: [757,111,758,2]
11-29 07:21:50.425 1491 1491 I notification_enqueue: [10082,19842,com.android.systemui,2048,NULL,0,Notification(channel=updateNotification shortcut=null contentView=null vibrate=null sound=null defaults=0x0 flags=0x0 color=0x00000000 vis=PRIVATE),1]
11-29 07:21:50.427 19842 19842 I sysui_multi_action: [757,111,758,1]
11-29 07:21:50.427 19842 19842 I sysui_multi_action: [757,126,758,1,759,126,927,0,928,1,1593,1]
11-29 07:21:50.427 19842 19842 I sysui_multi_action: [757,113,758,1,759,113,927,1,928,1,1593,1]
11-29 07:21:50.427 19842 19842 I sysui_multi_action: [757,0,758,1,759,0,927,2,928,0,1593,1]
11-29 07:21:50.427 19842 19842 I sysui_multi_action: [757,0,758,1,759,0,927,3,928,0,1593,1]
11-29 07:21:50.427 19842 19842 I sysui_multi_action: [757,491,758,1,759,491,927,4,928,0,1311,-1,1593,0]
11-29 07:21:50.427 19842 19842 I sysui_multi_action: [757,0,758,1,759,0,927,5,928,0,1593,0]
11-29 07:21:50.427 19842 19842 I sysui_multi_action: [757,111,758,1]
11-29 07:21:50.427 19842 19842 I sysui_multi_action: [757,126,758,1,759,126,927,0,928,1,1593,1]
11-29 07:21:50.427 19842 19842 I sysui_multi_action: [757,113,758,1,759,113,927,1,928,1,1593,1]
11-29 07:21:50.427 19842 19842 I sysui_multi_action: [757,0,758,1,759,0,927,2,928,0,1593,1]
11-29 07:21:50.428 19842 19842 I sysui_multi_action: [757,0,758,1,759,0,927,3,928,0,1593,1]
11-29 07:21:50.431 1491 1491 I GameModeConfig: isGameModeOn = false
11-29 07:21:50.433 1491 1491 E NotificationService: Muting recently noisy 0|com.android.systemui|2048|null|10082
11-29 07:21:50.434 1491 1693 I input_focus: [Focus leaving cd0514f com.android.launcher3/com.android.launcher3.uioverrides.QuickstepLauncher (server),reason=setFocusedWindow]
11-29 07:21:50.434 1491 1693 I input_focus: [Focus entering 3124ee4 NotificationShade (server),reason=setFocusedWindow]
11-29 07:21:50.437 19842 19842 I sysui_multi_action: [757,111,758,2]
11-29 07:21:50.437 19842 19842 I sysui_multi_action: [757,111,758,2]
11-29 07:21:50.437 1491 1491 I notification_enqueue: [10082,19842,com.android.systemui,2048,NULL,0,Notification(channel=updateNotification shortcut=null contentView=null vibrate=null sound=null defaults=0x0 flags=0x0 color=0x00000000 vis=PRIVATE),1]
11-29 07:21:50.438 1491 1760 I GameModeConfig: isGameModeOn = false
11-29 07:21:50.438 1491 1760 I GameModeConfig: isGameModeOn = false
11-29 07:21:50.438 1491 1760 I GameModeConfig: isGameModeOn = false
11-29 07:21:50.439 1491 1760 I GameModeConfig: isGameModeOn = false
11-29 07:21:50.439 1491 1760 I GameModeConfig: isGameModeOn = false
11-29 07:21:50.439 1491 1760 I GameModeConfig: isGameModeOn = false
11-29 07:21:50.439 19842 19842 I sysui_multi_action: [757,111,758,1]
11-29 07:21:50.439 19842 19842 I sysui_multi_action: [757,126,758,1,759,126,927,0,928,1,1593,1]
11-29 07:21:50.439 19842 19842 I sysui_multi_action: [757,113,758,1,759,113,927,1,928,1,1593,1]
11-29 07:21:50.439 19842 19842 I sysui_multi_action: [757,0,758,1,759,0,927,2,928,0,1593,1]
11-29 07:21:50.439 19842 19842 I sysui_multi_action: [757,0,758,1,759,0,927,3,928,0,1593,1]
11-29 07:21:50.440 19842 19842 I sysui_multi_action: [757,491,758,1,759,491,927,4,928,0,1311,-1,1593,0]
11-29 07:21:50.440 19842 19842 I sysui_multi_action: [757,0,758,1,759,0,927,5,928,0,1593,0]
11-29 07:21:50.440 19842 19842 I sysui_multi_action: [757,111,758,1]
11-29 07:21:50.440 19842 19842 I sysui_multi_action: [757,126,758,1,759,126,927,0,928,1,1593,1]
11-29 07:21:50.440 19842 19842 I sysui_multi_action: [757,113,758,1,759,113,927,1,928,1,1593,1]
11-29 07:21:50.440 19842 19842 I sysui_multi_action: [757,0,758,1,759,0,927,2,928,0,1593,1]
11-29 07:21:50.440 19842 19842 I sysui_multi_action: [757,0,758,1,759,0,927,3,928,0,1593,1]
11-29 07:21:50.446 1491 1491 I GameModeConfig: isGameModeOn = false
11-29 07:21:50.447 1491 1491 E NotificationService: Muting recently noisy 0|com.android.systemui|2048|null|10082
11-29 07:21:50.448 1491 1760 I GameModeConfig: isGameModeOn = false
11-29 07:21:50.448 1491 1760 I GameModeConfig: isGameModeOn = false
11-29 07:21:50.448 1491 1760 I GameModeConfig: isGameModeOn = false
11-29 07:21:50.448 1491 1760 I GameModeConfig: isGameModeOn = false
11-29 07:21:50.449 1491 1760 I GameModeConfig: isGameModeOn = false
11-29 07:21:50.449 1491 1760 I GameModeConfig: isGameModeOn = false
11-29 07:21:50.450 19842 19842 I sysui_multi_action: [757,111,758,2]
11-29 07:21:50.450 19842 19842 I sysui_multi_action: [757,111,758,2]
11-29 07:21:50.451 1491 1491 I notification_enqueue: [10082,19842,com.android.systemui,2048,NULL,0,Notification(channel=updateNotification shortcut=null contentView=null vibrate=null sound=null defaults=0x0 flags=0x0 color=0x00000000 vis=PRIVATE),1]
11-29 07:21:50.451 19842 19842 I sysui_multi_action: [757,111,758,1]
11-29 07:21:50.452 19842 19842 I sysui_multi_action: [757,126,758,1,759,126,927,0,928,1,1593,1]
11-29 07:21:50.452 19842 19842 I sysui_multi_action: [757,113,758,1,759,113,927,1,928,1,1593,1]
11-29 07:21:50.452 19842 19842 I sysui_multi_action: [757,0,758,1,759,0,927,2,928,0,1593,1]
11-29 07:21:50.452 19842 19842 I sysui_multi_action: [757,0,758,1,759,0,927,3,928,0,1593,1]
11-29 07:21:50.452 19842 19842 I sysui_multi_action: [757,491,758,1,759,491,927,4,928,0,1311,-1,1593,0]
11-29 07:21:50.452 19842 19842 I sysui_multi_action: [757,0,758,1,759,0,927,5,928,0,1593,0]
11-29 07:21:50.452 19842 19842 I sysui_multi_action: [757,111,758,1]
11-29 07:21:50.452 19842 19842 I sysui_multi_action: [757,126,758,1,759,126,927,0,928,1,1593,1]
11-29 07:21:50.452 19842 19842 I sysui_multi_action: [757,113,758,1,759,113,927,1,928,1,1593,1]
11-29 07:21:50.452 19842 19842 I sysui_multi_action: [757,0,758,1,759,0,927,2,928,0,1593,1]
11-29 07:21:50.452 19842 19842 I sysui_multi_action: [757,0,758,1,759,0,927,3,928,0,1593,1]
11-29 07:21:50.461 1491 1760 I GameModeConfig: isGameModeOn = false
11-29 07:21:50.461 1491 1760 I GameModeConfig: isGameModeOn = false
11-29 07:21:50.461 1491 1760 I GameModeConfig: isGameModeOn = false
11-29 07:21:50.461 1491 1760 I GameModeConfig: isGameModeOn = false
11-29 07:21:50.462 1491 1760 I GameModeConfig: isGameModeOn = false
11-29 07:21:50.462 1491 1760 I GameModeConfig: isGameModeOn = false
11-29 07:21:50.462 19842 19842 I sysui_multi_action: [757,111,758,2]
11-29 07:21:50.462 19842 19842 I sysui_multi_action: [757,111,758,2]
11-29 07:21:50.463 1491 1491 I notification_enqueue: [10082,19842,com.android.systemui,2048,NULL,0,Notification(channel=updateNotification shortcut=null contentView=null vibrate=null sound=null defaults=0x0 flags=0x0 color=0x00000000 vis=PRIVATE),1]
11-29 07:21:50.465 19842 19842 I sysui_multi_action: [757,111,758,1]
11-29 07:21:50.465 19842 19842 I sysui_multi_action: [757,126,758,1,759,126,927,0,928,1,1593,1]
11-29 07:21:50.465 19842 19842 I sysui_multi_action: [757,113,758,1,759,113,927,1,928,1,1593,1]
11-29 07:21:50.465 19842 19842 I sysui_multi_action: [757,0,758,1,759,0,927,2,928,0,1593,1]
11-29 07:21:50.465 19842 19842 I sysui_multi_action: [757,0,758,1,759,0,927,3,928,0,1593,1]
11-29 07:21:50.465 19842 19842 I sysui_multi_action: [757,491,758,1,759,491,927,4,928,0,1311,-1,1593,0]
11-29 07:21:50.466 19842 19842 I sysui_multi_action: [757,0,758,1,759,0,927,5,928,0,1593,0]
11-29 07:21:50.466 1491 1491 I GameModeConfig: isGameModeOn = false
11-29 07:21:50.466 19842 19842 I sysui_multi_action: [757,111,758,1]
11-29 07:21:50.466 19842 19842 I sysui_multi_action: [757,126,758,1,759,126,927,0,928,1,1593,1]
11-29 07:21:50.466 19842 19842 I sysui_multi_action: [757,113,758,1,759,113,927,1,928,1,1593,1]
11-29 07:21:50.466 19842 19842 I sysui_multi_action: [757,0,758,1,759,0,927,2,928,0,1593,1]
11-29 07:21:50.466 19842 19842 I sysui_multi_action: [757,0,758,1,759,0,927,3,928,0,1593,1]
11-29 07:21:50.466 1491 1491 E NotificationService: Muting recently noisy 0|com.android.systemui|2048|null|10082
11-29 07:21:50.478 1491 1760 I GameModeConfig: isGameModeOn = false
11-29 07:21:50.479 1491 1760 I GameModeConfig: isGameModeOn = false
11-29 07:21:50.479 1491 1760 I GameModeConfig: isGameModeOn = false
11-29 07:21:50.479 1491 1760 I GameModeConfig: isGameModeOn = false
11-29 07:21:50.479 1491 1760 I GameModeConfig: isGameModeOn = false
11-29 07:21:50.479 1491 1760 I GameModeConfig: isGameModeOn = false
11-29 07:21:50.480 19842 19842 I sysui_multi_action: [757,111,758,2]
11-29 07:21:50.480 19842 19842 I sysui_multi_action: [757,111,758,2]
11-29 07:21:50.481 1491 1491 I GameModeConfig: isGameModeOn = false
11-29 07:21:50.482 1491 1491 E NotificationService: Muting recently noisy 0|com.android.systemui|2048|null|10082
11-29 07:21:50.482 1491 1491 I notification_enqueue: [10082,19842,com.android.systemui,2048,NULL,0,Notification(channel=updateNotification shortcut=null contentView=null vibrate=null sound=null defaults=0x0 flags=0x0 color=0x00000000 vis=PRIVATE),1]
11-29 07:21:50.483 19842 19842 I sysui_multi_action: [757,111,758,1]
11-29 07:21:50.483 19842 19842 I sysui_multi_action: [757,126,758,1,759,126,927,0,928,1,1593,1]
11-29 07:21:50.483 19842 19842 I sysui_multi_action: [757,113,758,1,759,113,927,1,928,1,1593,1]
11-29 07:21:50.483 19842 19842 I sysui_multi_action: [757,0,758,1,759,0,927,2,928,0,1593,1]
11-29 07:21:50.483 19842 19842 I sysui_multi_action: [757,0,758,1,759,0,927,3,928,0,1593,1]
11-29 07:21:50.483 19842 19842 I sysui_multi_action: [757,491,758,1,759,491,927,4,928,0,1311,-1,1593,0]
11-29 07:21:50.483 19842 19842 I sysui_multi_action: [757,0,758,1,759,0,927,5,928,0,1593,0]
11-29 07:21:50.483 19842 19842 I sysui_multi_action: [757,111,758,1]
11-29 07:21:50.483 19842 19842 I sysui_multi_action: [757,126,758,1,759,126,927,0,928,1,1593,1]
11-29 07:21:50.484 19842 19842 I sysui_multi_action: [757,113,758,1,759,113,927,1,928,1,1593,1]
11-29 07:21:50.484 19842 19842 I sysui_multi_action: [757,0,758,1,759,0,927,2,928,0,1593,1]
11-29 07:21:50.484 19842 19842 I sysui_multi_action: [757,0,758,1,759,0,927,3,928,0,1593,1]
11-29 07:21:50.494 1491 1760 I GameModeConfig: isGameModeOn = false
11-29 07:21:50.494 1491 1760 I GameModeConfig: isGameModeOn = false
11-29 07:21:50.494 1491 1760 I GameModeConfig: isGameModeOn = false
11-29 07:21:50.494 1491 1760 I GameModeConfig: isGameModeOn = false
11-29 07:21:50.494 1491 1760 I GameModeConfig: isGameModeOn = false
11-29 07:21:50.495 1491 1760 I GameModeConfig: isGameModeOn = false
11-29 07:21:50.496 1491 1491 I GameModeConfig: isGameModeOn = false
11-29 07:21:50.496 1491 1491 E NotificationService: Muting recently noisy 0|com.android.systemui|2048|null|10082
11-29 07:21:50.497 19842 19842 I sysui_multi_action: [757,111,758,2]
11-29 07:21:50.497 19842 19842 I sysui_multi_action: [757,111,758,2]
11-29 07:21:50.497 1491 1491 I notification_enqueue: [10082,19842,com.android.systemui,2048,NULL,0,Notification(channel=updateNotification shortcut=null contentView=null vibrate=null sound=null defaults=0x0 flags=0x0 color=0x00000000 vis=PRIVATE),1]
11-29 07:21:50.500 19842 19842 I sysui_multi_action: [757,111,758,1]
11-29 07:21:50.500 19842 19842 I sysui_multi_action: [757,126,758,1,759,126,927,0,928,1,1593,1]
11-29 07:21:50.500 19842 19842 I sysui_multi_action: [757,113,758,1,759,113,927,1,928,1,1593,1]
11-29 07:21:50.500 19842 19842 I sysui_multi_action: [757,0,758,1,759,0,927,2,928,0,1593,1]
11-29 07:21:50.500 19842 19842 I sysui_multi_action: [757,0,758,1,759,0,927,3,928,0,1593,1]
11-29 07:21:50.501 19842 19842 I sysui_multi_action: [757,491,758,1,759,491,927,4,928,0,1311,-1,1593,0]
11-29 07:21:50.501 19842 19842 I sysui_multi_action: [757,0,758,1,759,0,927,5,928,0,1593,0]
11-29 07:21:50.501 19842 19842 I sysui_multi_action: [757,111,758,1]
11-29 07:21:50.501 19842 19842 I sysui_multi_action: [757,126,758,1,759,126,927,0,928,1,1593,1]
11-29 07:21:50.501 19842 19842 I sysui_multi_action: [757,113,758,1,759,113,927,1,928,1,1593,1]
11-29 07:21:50.501 19842 19842 I sysui_multi_action: [757,0,758,1,759,0,927,2,928,0,1593,1]
11-29 07:21:50.501 19842 19842 I sysui_multi_action: [757,0,758,1,759,0,927,3,928,0,1593,1]
11-29 07:21:50.511 1491 1760 I GameModeConfig: isGameModeOn = false
11-29 07:21:50.511 1491 1760 I GameModeConfig: isGameModeOn = false
11-29 07:21:50.511 1491 1760 I GameModeConfig: isGameModeOn = false
11-29 07:21:50.511 1491 1760 I GameModeConfig: isGameModeOn = false
11-29 07:21:50.511 1491 1760 I GameModeConfig: isGameModeOn = false
11-29 07:21:50.511 1491 1760 I GameModeConfig: isGameModeOn = false
11-29 07:21:50.512 19842 19842 I sysui_multi_action: [757,111,758,2]
11-29 07:21:50.513 19842 19842 I sysui_multi_action: [757,111,758,2]
11-29 07:21:50.513 1491 1491 I notification_enqueue: [10082,19842,com.android.systemui,2048,NULL,0,Notification(channel=updateNotification shortcut=null contentView=null vibrate=null sound=null defaults=0x0 flags=0x0 color=0x00000000 vis=PRIVATE),1]
11-29 07:21:50.516 19842 19842 I sysui_multi_action: [757,111,758,1]
11-29 07:21:50.516 19842 19842 I sysui_multi_action: [757,126,758,1,759,126,927,0,928,1,1593,1]
11-29 07:21:50.516 19842 19842 I sysui_multi_action: [757,113,758,1,759,113,927,1,928,1,1593,1]
11-29 07:21:50.516 19842 19842 I sysui_multi_action: [757,0,758,1,759,0,927,2,928,0,1593,1]
11-29 07:21:50.516 19842 19842 I sysui_multi_action: [757,0,758,1,759,0,927,3,928,0,1593,1]
11-29 07:21:50.517 19842 19842 I sysui_multi_action: [757,491,758,1,759,491,927,4,928,0,1311,-1,1593,0]
11-29 07:21:50.517 19842 19842 I sysui_multi_action: [757,0,758,1,759,0,927,5,928,0,1593,0]
11-29 07:21:50.517 19842 19842 I sysui_multi_action: [757,111,758,1]
11-29 07:21:50.517 19842 19842 I sysui_multi_action: [757,126,758,1,759,126,927,0,928,1,1593,1]
11-29 07:21:50.517 19842 19842 I sysui_multi_action: [757,113,758,1,759,113,927,1,928,1,1593,1]
11-29 07:21:50.517 19842 19842 I sysui_multi_action: [757,0,758,1,759,0,927,2,928,0,1593,1]
11-29 07:21:50.517 19842 19842 I sysui_multi_action: [757,0,758,1,759,0,927,3,928,0,1593,1]
11-29 07:21:50.549 1491 1491 I GameModeConfig: isGameModeOn = false
11-29 07:21:50.550 1491 1491 E NotificationService: Muting recently noisy 0|com.android.systemui|2048|null|10082
11-29 07:21:50.558 1491 1673 I commit_sys_config_file: [settings-1-0,14]
11-29 07:21:50.582 1491 1491 I GameModeConfig: isGameModeOn = false
11-29 07:21:50.582 1491 1491 E NotificationService: Muting recently noisy 0|com.android.systemui|2048|null|10082
11-29 07:21:50.602 1491 1491 I GameModeConfig: isGameModeOn = false
11-29 07:21:50.602 1491 1491 E NotificationService: Muting recently noisy 0|com.android.systemui|2048|null|10082
11-29 07:21:50.628 1491 1491 I GameModeConfig: isGameModeOn = false
11-29 07:21:50.629 1491 1491 E NotificationService: Muting recently noisy 0|com.android.systemui|2048|null|10082
11-29 07:21:50.639 1491 1491 I GameModeConfig: isGameModeOn = false
11-29 07:21:50.639 1491 1491 E NotificationService: Muting recently noisy 0|com.android.systemui|2048|null|10082
11-29 07:21:50.653 1491 1491 I GameModeConfig: isGameModeOn = false
11-29 07:21:50.654 1491 1491 E NotificationService: Muting recently noisy 0|com.android.systemui|2048|null|10082
11-29 07:21:50.666 1491 1491 I GameModeConfig: isGameModeOn = false
11-29 07:21:50.666 1491 1491 E NotificationService: Muting recently noisy 0|com.android.systemui|2048|null|10082
11-29 07:21:50.692 1491 1491 I GameModeConfig: isGameModeOn = false
11-29 07:21:50.692 1491 1491 E NotificationService: Muting recently noisy 0|com.android.systemui|2048|null|10082
11-29 07:21:50.700 1491 1491 I GameModeConfig: isGameModeOn = false
11-29 07:21:50.701 1491 1491 E NotificationService: Muting recently noisy 0|com.android.systemui|2048|null|10082
11-29 07:21:50.715 1491 1491 I GameModeConfig: isGameModeOn = false
11-29 07:21:50.716 1491 1491 E NotificationService: Muting recently noisy 0|com.android.systemui|2048|null|10082
11-29 07:21:50.821 1491 2923 I sysui_multi_action: [757,128,758,1,793,13475594,794,0,795,13475594,796,26,798,0,806,android,857,DEVELOPER_IMPORTANT,858,4,947,0,1395,2,1500,13475389,1688,1]
11-29 07:21:50.821 1491 2923 I sysui_multi_action: [757,804,799,note_freshness,801,13475594,802,1]
11-29 07:21:50.821 1491 2923 I notification_visibility: [-1|android|26|null|1000,1,13475594,13475594,0,0]
11-29 07:21:50.822 1491 2923 I sysui_multi_action: [757,128,758,1,793,13475597,794,0,795,13475597,796,32,798,1,806,android,857,USB,858,1,947,0,1395,2,1500,13475394,1688,1]
11-29 07:21:50.822 1491 2923 I sysui_multi_action: [757,804,799,note_freshness,801,13475597,802,1]
11-29 07:21:50.822 1491 2923 I notification_visibility: [-1|android|32|null|1000,1,13475597,13475597,0,1]
11-29 07:21:50.902 1491 1673 I commit_sys_config_file: [settings-1-0,5]
11-29 07:21:51.128 1491 1693 I input_interaction: Interaction with: 3124ee4 NotificationShade (server), edge-swipe (server), swipe-up (server), PointerEventDispatcher0 (server),
11-29 07:21:51.136 19842 19842 I view_enqueue_input_event: [Motion - Cancel,NotificationShade]
11-29 07:21:51.142 1491 1693 I input_interaction: Interaction with: edge-swipe (server), swipe-up (server), PointerEventDispatcher0 (server),
11-29 07:21:51.198 1491 2923 I ActivityTaskManager: START u0 {act=android.intent.action.MAIN cat=[android.intent.category.HOME] flg=0x10000000 cmp=com.android.launcher3/.uioverrides.QuickstepLauncher} from uid 10077
11-29 07:21:51.199 1491 2923 I wm_new_intent: [0,254362067,41,com.android.launcher3/.uioverrides.QuickstepLauncher,android.intent.action.MAIN,NULL,NULL,268435712]
11-29 07:21:51.199 1491 2923 I wm_task_moved: [32,1,9]
11-29 07:21:51.199 1491 2923 I wm_set_resumed_activity: [0,com.android.launcher3/.uioverrides.QuickstepLauncher,positionChildAt]
11-29 07:21:51.204 9956 9956 I wm_on_top_resumed_lost_called: [254362067,com.android.launcher3.uioverrides.QuickstepLauncher,pausing]
11-29 07:21:51.204 9956 9956 I wm_on_paused_called: [254362067,com.android.launcher3.uioverrides.QuickstepLauncher,performPause]
11-29 07:21:51.206 9956 9956 I wm_on_resume_called: [254362067,com.android.launcher3.uioverrides.QuickstepLauncher,LIFECYCLER_RESUME_ACTIVITY]
11-29 07:21:51.206 9956 9956 I wm_on_top_resumed_gained_called: [254362067,com.android.launcher3.uioverrides.QuickstepLauncher,topWhenResuming]
11-29 07:21:51.220 1491 1600 I input_focus: [Focus request cd0514f com.android.launcher3/com.android.launcher3.uioverrides.QuickstepLauncher,reason=UpdateInputWindows]
11-29 07:21:51.235 1491 1693 I input_focus: [Focus leaving 3124ee4 NotificationShade (server),reason=NOT_FOCUSABLE]
11-29 07:21:51.236 1491 1693 I input_focus: [Focus entering cd0514f com.android.launcher3/com.android.launcher3.uioverrides.QuickstepLauncher (server),reason=setFocusedWindow]
11-29 07:21:51.245 1491 1607 I am_pss : [5601,10052,com.thundercomm.screensaver,22071296,8957952,10327040,95117312,0,19,7]
11-29 07:21:51.267 1491 1607 I am_pss : [19842,10082,com.android.systemui,217253888,206098432,0,360607744,0,1,19]
11-29 07:21:51.381 1491 1760 I GameModeConfig: isGameModeOn = false
11-29 07:21:51.382 1491 1760 I GameModeConfig: isGameModeOn = false
11-29 07:21:51.382 1491 1760 I GameModeConfig: isGameModeOn = false
11-29 07:21:51.382 1491 1760 I GameModeConfig: isGameModeOn = false
11-29 07:21:51.382 1491 1760 I GameModeConfig: isGameModeOn = false
11-29 07:21:51.382 1491 1760 I GameModeConfig: isGameModeOn = false
11-29 07:21:51.383 19842 19842 I sysui_multi_action: [757,111,758,2]
11-29 07:21:51.383 19842 19842 I sysui_multi_action: [757,111,758,2]
11-29 07:21:51.384 1491 1491 I notification_enqueue: [10082,19842,com.android.systemui,2048,NULL,0,Notification(channel=updateNotification shortcut=null contentView=null vibrate=null sound=null defaults=0x0 flags=0x0 color=0x00000000 vis=PRIVATE),1]
11-29 07:21:51.395 19842 19842 I sysui_multi_action: [757,111,758,1]
11-29 07:21:51.395 19842 19842 I sysui_multi_action: [757,126,758,1,759,126,927,0,928,1,1593,0]
11-29 07:21:51.395 19842 19842 I sysui_multi_action: [757,113,758,1,759,113,927,1,928,1,1593,1]
11-29 07:21:51.396 19842 19842 I sysui_multi_action: [757,0,758,1,759,0,927,2,928,0,1593,1]
11-29 07:21:51.396 19842 19842 I sysui_multi_action: [757,0,758,1,759,0,927,3,928,0,1593,1]
11-29 07:21:51.396 19842 19842 I sysui_multi_action: [757,491,758,1,759,491,927,4,928,0,1311,-1,1593,0]
11-29 07:21:51.396 19842 19842 I sysui_multi_action: [757,0,758,1,759,0,927,5,928,0,1593,0]
11-29 07:21:51.396 19842 19842 I sysui_multi_action: [757,111,758,1]
11-29 07:21:51.397 19842 19842 I sysui_multi_action: [757,126,758,1,759,126,927,0,928,1,1593,1]
11-29 07:21:51.397 19842 19842 I sysui_multi_action: [757,113,758,1,759,113,927,1,928,1,1593,1]
11-29 07:21:51.397 19842 19842 I sysui_multi_action: [757,0,758,1,759,0,927,2,928,0,1593,1]
11-29 07:21:51.397 19842 19842 I sysui_multi_action: [757,0,758,1,759,0,927,3,928,0,1593,1]
11-29 07:21:51.408 1491 1760 I GameModeConfig: isGameModeOn = false
11-29 07:21:51.408 1491 1760 I GameModeConfig: isGameModeOn = false
11-29 07:21:51.408 1491 1760 I GameModeConfig: isGameModeOn = false
11-29 07:21:51.408 1491 1760 I GameModeConfig: isGameModeOn = false
11-29 07:21:51.408 1491 1760 I GameModeConfig: isGameModeOn = false
11-29 07:21:51.409 1491 1760 I GameModeConfig: isGameModeOn = false
11-29 07:21:51.411 19842 19842 I sysui_multi_action: [757,111,758,2]
11-29 07:21:51.411 19842 19842 I sysui_multi_action: [757,111,758,2]
11-29 07:21:51.411 1491 1491 I notification_enqueue: [10082,19842,com.android.systemui,2048,NULL,0,Notification(channel=updateNotification shortcut=null contentView=null vibrate=null sound=null defaults=0x0 flags=0x0 color=0x00000000 vis=PRIVATE),1]
11-29 07:21:51.415 19842 19842 I sysui_multi_action: [757,111,758,1]
11-29 07:21:51.415 19842 19842 I sysui_multi_action: [757,126,758,1,759,126,927,0,928,1,1593,1]
11-29 07:21:51.415 19842 19842 I sysui_multi_action: [757,113,758,1,759,113,927,1,928,1,1593,1]
11-29 07:21:51.415 19842 19842 I sysui_multi_action: [757,0,758,1,759,0,927,2,928,0,1593,1]
11-29 07:21:51.415 19842 19842 I sysui_multi_action: [757,0,758,1,759,0,927,3,928,0,1593,1]
11-29 07:21:51.415 19842 19842 I sysui_multi_action: [757,491,758,1,759,491,927,4,928,0,1311,-1,1593,0]
11-29 07:21:51.416 19842 19842 I sysui_multi_action: [757,0,758,1,759,0,927,5,928,0,1593,0]
11-29 07:21:51.416 19842 19842 I sysui_multi_action: [757,111,758,1]
11-29 07:21:51.416 19842 19842 I sysui_multi_action: [757,126,758,1,759,126,927,0,928,1,1593,1]
11-29 07:21:51.416 19842 19842 I sysui_multi_action: [757,113,758,1,759,113,927,1,928,1,1593,1]
11-29 07:21:51.416 19842 19842 I sysui_multi_action: [757,0,758,1,759,0,927,2,928,0,1593,1]
11-29 07:21:51.416 19842 19842 I sysui_multi_action: [757,0,758,1,759,0,927,3,928,0,1593,1]
11-29 07:21:51.425 1491 1760 I GameModeConfig: isGameModeOn = false
11-29 07:21:51.426 1491 1760 I GameModeConfig: isGameModeOn = false
11-29 07:21:51.426 1491 1760 I GameModeConfig: isGameModeOn = false
11-29 07:21:51.426 1491 1760 I GameModeConfig: isGameModeOn = false
11-29 07:21:51.426 1491 1760 I GameModeConfig: isGameModeOn = false
11-29 07:21:51.427 1491 1760 I GameModeConfig: isGameModeOn = false
11-29 07:21:51.428 19842 19842 I sysui_multi_action: [757,111,758,2]
11-29 07:21:51.428 19842 19842 I sysui_multi_action: [757,111,758,2]
11-29 07:21:51.428 1491 1491 I notification_enqueue: [10082,19842,com.android.systemui,2048,NULL,0,Notification(channel=updateNotification shortcut=null contentView=null vibrate=null sound=null defaults=0x0 flags=0x0 color=0x00000000 vis=PRIVATE),1]
11-29 07:21:51.430 19842 19842 I sysui_multi_action: [757,111,758,1]
11-29 07:21:51.430 19842 19842 I sysui_multi_action: [757,126,758,1,759,126,927,0,928,1,1593,1]
11-29 07:21:51.431 19842 19842 I sysui_multi_action: [757,113,758,1,759,113,927,1,928,1,1593,1]
11-29 07:21:51.431 19842 19842 I sysui_multi_action: [757,0,758,1,759,0,927,2,928,0,1593,1]
11-29 07:21:51.431 19842 19842 I sysui_multi_action: [757,0,758,1,759,0,927,3,928,0,1593,1]
11-29 07:21:51.431 19842 19842 I sysui_multi_action: [757,491,758,1,759,491,927,4,928,0,1311,-1,1593,0]
11-29 07:21:51.431 19842 19842 I sysui_multi_action: [757,0,758,1,759,0,927,5,928,0,1593,0]
11-29 07:21:51.431 19842 19842 I sysui_multi_action: [757,111,758,1]
11-29 07:21:51.431 19842 19842 I sysui_multi_action: [757,126,758,1,759,126,927,0,928,1,1593,1]
11-29 07:21:51.431 19842 19842 I sysui_multi_action: [757,113,758,1,759,113,927,1,928,1,1593,1]
11-29 07:21:51.431 19842 19842 I sysui_multi_action: [757,0,758,1,759,0,927,2,928,0,1593,1]
11-29 07:21:51.431 19842 19842 I sysui_multi_action: [757,0,758,1,759,0,927,3,928,0,1593,1]
11-29 07:21:51.440 1491 1760 I GameModeConfig: isGameModeOn = false
11-29 07:21:51.441 1491 1760 I GameModeConfig: isGameModeOn = false
11-29 07:21:51.442 1491 1760 I GameModeConfig: isGameModeOn = false
11-29 07:21:51.442 1491 1760 I GameModeConfig: isGameModeOn = false
11-29 07:21:51.442 1491 1760 I GameModeConfig: isGameModeOn = false
11-29 07:21:51.442 1491 1760 I GameModeConfig: isGameModeOn = false
11-29 07:21:51.443 19842 19842 I sysui_multi_action: [757,111,758,2]
11-29 07:21:51.443 19842 19842 I sysui_multi_action: [757,111,758,2]
11-29 07:21:51.443 1491 1491 I notification_enqueue: [10082,19842,com.android.systemui,2048,NULL,0,Notification(channel=updateNotification shortcut=null contentView=null vibrate=null sound=null defaults=0x0 flags=0x0 color=0x00000000 vis=PRIVATE),1]
11-29 07:21:51.446 19842 19842 I sysui_multi_action: [757,111,758,1]
11-29 07:21:51.446 19842 19842 I sysui_multi_action: [757,126,758,1,759,126,927,0,928,1,1593,1]
11-29 07:21:51.446 19842 19842 I sysui_multi_action: [757,113,758,1,759,113,927,1,928,1,1593,1]
11-29 07:21:51.446 19842 19842 I sysui_multi_action: [757,0,758,1,759,0,927,2,928,0,1593,1]
11-29 07:21:51.446 19842 19842 I sysui_multi_action: [757,0,758,1,759,0,927,3,928,0,1593,1]
11-29 07:21:51.447 19842 19842 I sysui_multi_action: [757,491,758,1,759,491,927,4,928,0,1311,-1,1593,0]
11-29 07:21:51.447 19842 19842 I sysui_multi_action: [757,0,758,1,759,0,927,5,928,0,1593,0]
11-29 07:21:51.447 19842 19842 I sysui_multi_action: [757,111,758,1]
11-29 07:21:51.447 19842 19842 I sysui_multi_action: [757,126,758,1,759,126,927,0,928,1,1593,1]
11-29 07:21:51.447 19842 19842 I sysui_multi_action: [757,113,758,1,759,113,927,1,928,1,1593,1]
11-29 07:21:51.447 19842 19842 I sysui_multi_action: [757,0,758,1,759,0,927,2,928,0,1593,1]
11-29 07:21:51.447 19842 19842 I sysui_multi_action: [757,0,758,1,759,0,927,3,928,0,1593,1]
11-29 07:21:51.454 1491 1760 I GameModeConfig: isGameModeOn = false
11-29 07:21:51.455 1491 1760 I GameModeConfig: isGameModeOn = false
11-29 07:21:51.456 1491 1760 I GameModeConfig: isGameModeOn = false
11-29 07:21:51.456 1491 1760 I GameModeConfig: isGameModeOn = false
11-29 07:21:51.456 1491 1760 I GameModeConfig: isGameModeOn = false
11-29 07:21:51.456 1491 1760 I GameModeConfig: isGameModeOn = false
11-29 07:21:51.457 19842 19842 I sysui_multi_action: [757,111,758,2]
11-29 07:21:51.457 19842 19842 I sysui_multi_action: [757,111,758,2]
11-29 07:21:51.459 1491 1491 I notification_enqueue: [10082,19842,com.android.systemui,2048,NULL,0,Notification(channel=updateNotification shortcut=null contentView=null vibrate=null sound=null defaults=0x0 flags=0x0 color=0x00000000 vis=PRIVATE),1]
11-29 07:21:51.460 19842 19842 I sysui_multi_action: [757,111,758,1]
11-29 07:21:51.460 19842 19842 I sysui_multi_action: [757,126,758,1,759,126,927,0,928,1,1593,1]
11-29 07:21:51.460 19842 19842 I sysui_multi_action: [757,113,758,1,759,113,927,1,928,1,1593,1]
11-29 07:21:51.460 19842 19842 I sysui_multi_action: [757,0,758,1,759,0,927,2,928,0,1593,1]
11-29 07:21:51.460 19842 19842 I sysui_multi_action: [757,0,758,1,759,0,927,3,928,0,1593,1]
11-29 07:21:51.460 19842 19842 I sysui_multi_action: [757,491,758,1,759,491,927,4,928,0,1311,-1,1593,0]
11-29 07:21:51.460 19842 19842 I sysui_multi_action: [757,0,758,1,759,0,927,5,928,0,1593,0]
11-29 07:21:51.460 19842 19842 I sysui_multi_action: [757,111,758,1]
11-29 07:21:51.460 19842 19842 I sysui_multi_action: [757,126,758,1,759,126,927,0,928,1,1593,1]
11-29 07:21:51.460 19842 19842 I sysui_multi_action: [757,113,758,1,759,113,927,1,928,1,1593,1]
11-29 07:21:51.460 19842 19842 I sysui_multi_action: [757,0,758,1,759,0,927,2,928,0,1593,1]
11-29 07:21:51.460 19842 19842 I sysui_multi_action: [757,0,758,1,759,0,927,3,928,0,1593,1]
11-29 07:21:51.466 19842 19842 I sysui_multi_action: [757,111,758,2]
11-29 07:21:51.466 19842 19842 I sysui_multi_action: [757,111,758,2]
11-29 07:21:51.466 1491 1491 I notification_enqueue: [10082,19842,com.android.systemui,2048,NULL,0,Notification(channel=updateNotification shortcut=null contentView=null vibrate=null sound=null defaults=0x0 flags=0x0 color=0x00000000 vis=PRIVATE),1]
11-29 07:21:51.469 1491 1760 I GameModeConfig: isGameModeOn = false
11-29 07:21:51.469 1491 1760 I GameModeConfig: isGameModeOn = false
11-29 07:21:51.469 1491 1760 I GameModeConfig: isGameModeOn = false
11-29 07:21:51.469 1491 1760 I GameModeConfig: isGameModeOn = false
11-29 07:21:51.470 1491 1760 I GameModeConfig: isGameModeOn = false
11-29 07:21:51.470 1491 1760 I GameModeConfig: isGameModeOn = false
11-29 07:21:51.470 19842 19842 I sysui_multi_action: [757,111,758,1]
11-29 07:21:51.470 19842 19842 I sysui_multi_action: [757,126,758,1,759,126,927,0,928,1,1593,1]
11-29 07:21:51.470 19842 19842 I sysui_multi_action: [757,113,758,1,759,113,927,1,928,1,1593,1]
11-29 07:21:51.470 19842 19842 I sysui_multi_action: [757,0,758,1,759,0,927,2,928,0,1593,1]
11-29 07:21:51.470 19842 19842 I sysui_multi_action: [757,0,758,1,759,0,927,3,928,0,1593,1]
11-29 07:21:51.471 19842 19842 I sysui_multi_action: [757,491,758,1,759,491,927,4,928,0,1311,-1,1593,0]
11-29 07:21:51.471 19842 19842 I sysui_multi_action: [757,0,758,1,759,0,927,5,928,0,1593,0]
11-29 07:21:51.471 19842 19842 I sysui_multi_action: [757,111,758,1]
11-29 07:21:51.471 19842 19842 I sysui_multi_action: [757,126,758,1,759,126,927,0,928,1,1593,1]
11-29 07:21:51.471 19842 19842 I sysui_multi_action: [757,113,758,1,759,113,927,1,928,1,1593,1]
11-29 07:21:51.471 19842 19842 I sysui_multi_action: [757,0,758,1,759,0,927,2,928,0,1593,1]
11-29 07:21:51.471 19842 19842 I sysui_multi_action: [757,0,758,1,759,0,927,3,928,0,1593,1]
11-29 07:21:51.480 1491 1760 I GameModeConfig: isGameModeOn = false
11-29 07:21:51.481 1491 1760 I GameModeConfig: isGameModeOn = false
11-29 07:21:51.481 1491 1760 I GameModeConfig: isGameModeOn = false
11-29 07:21:51.481 1491 1760 I GameModeConfig: isGameModeOn = false
11-29 07:21:51.481 1491 1760 I GameModeConfig: isGameModeOn = false
11-29 07:21:51.482 1491 1760 I GameModeConfig: isGameModeOn = false
11-29 07:21:51.483 19842 19842 I sysui_multi_action: [757,111,758,2]
11-29 07:21:51.483 19842 19842 I sysui_multi_action: [757,111,758,2]
11-29 07:21:51.483 1491 1491 I notification_enqueue: [10082,19842,com.android.systemui,2048,NULL,0,Notification(channel=updateNotification shortcut=null contentView=null vibrate=null sound=null defaults=0x0 flags=0x0 color=0x00000000 vis=PRIVATE),1]
11-29 07:21:51.486 19842 19842 I sysui_multi_action: [757,111,758,1]
11-29 07:21:51.486 19842 19842 I sysui_multi_action: [757,126,758,1,759,126,927,0,928,1,1593,1]
11-29 07:21:51.486 19842 19842 I sysui_multi_action: [757,113,758,1,759,113,927,1,928,1,1593,1]
11-29 07:21:51.486 19842 19842 I sysui_multi_action: [757,0,758,1,759,0,927,2,928,0,1593,1]
11-29 07:21:51.486 19842 19842 I sysui_multi_action: [757,0,758,1,759,0,927,3,928,0,1593,1]
11-29 07:21:51.486 19842 19842 I sysui_multi_action: [757,491,758,1,759,491,927,4,928,0,1311,-1,1593,0]
11-29 07:21:51.486 19842 19842 I sysui_multi_action: [757,0,758,1,759,0,927,5,928,0,1593,0]
11-29 07:21:51.486 19842 19842 I sysui_multi_action: [757,111,758,1]
11-29 07:21:51.486 19842 19842 I sysui_multi_action: [757,126,758,1,759,126,927,0,928,1,1593,1]
11-29 07:21:51.486 19842 19842 I sysui_multi_action: [757,113,758,1,759,113,927,1,928,1,1593,1]
11-29 07:21:51.487 19842 19842 I sysui_multi_action: [757,0,758,1,759,0,927,2,928,0,1593,1]
11-29 07:21:51.487 19842 19842 I sysui_multi_action: [757,0,758,1,759,0,927,3,928,0,1593,1]
11-29 07:21:51.496 1491 1760 I GameModeConfig: isGameModeOn = false
11-29 07:21:51.497 1491 1760 I GameModeConfig: isGameModeOn = false
11-29 07:21:51.497 1491 1760 I GameModeConfig: isGameModeOn = false
11-29 07:21:51.497 1491 1760 I GameModeConfig: isGameModeOn = false
11-29 07:21:51.497 1491 1760 I GameModeConfig: isGameModeOn = false
11-29 07:21:51.497 1491 1760 I GameModeConfig: isGameModeOn = false
11-29 07:21:51.498 19842 19842 I sysui_multi_action: [757,111,758,2]
11-29 07:21:51.498 19842 19842 I sysui_multi_action: [757,111,758,2]
11-29 07:21:51.499 1491 1491 I notification_enqueue: [10082,19842,com.android.systemui,2048,NULL,0,Notification(channel=updateNotification shortcut=null contentView=null vibrate=null sound=null defaults=0x0 flags=0x0 color=0x00000000 vis=PRIVATE),1]
11-29 07:21:51.501 19842 19842 I sysui_multi_action: [757,111,758,1]
11-29 07:21:51.501 19842 19842 I sysui_multi_action: [757,126,758,1,759,126,927,0,928,1,1593,1]
11-29 07:21:51.502 19842 19842 I sysui_multi_action: [757,113,758,1,759,113,927,1,928,1,1593,1]
11-29 07:21:51.502 19842 19842 I sysui_multi_action: [757,0,758,1,759,0,927,2,928,0,1593,1]
11-29 07:21:51.502 19842 19842 I sysui_multi_action: [757,0,758,1,759,0,927,3,928,0,1593,1]
11-29 07:21:51.502 19842 19842 I sysui_multi_action: [757,491,758,1,759,491,927,4,928,0,1311,-1,1593,0]
11-29 07:21:51.502 19842 19842 I sysui_multi_action: [757,0,758,1,759,0,927,5,928,0,1593,0]
11-29 07:21:51.502 19842 19842 I sysui_multi_action: [757,111,758,1]
11-29 07:21:51.502 19842 19842 I sysui_multi_action: [757,126,758,1,759,126,927,0,928,1,1593,1]
11-29 07:21:51.502 19842 19842 I sysui_multi_action: [757,113,758,1,759,113,927,1,928,1,1593,1]
11-29 07:21:51.502 19842 19842 I sysui_multi_action: [757,0,758,1,759,0,927,2,928,0,1593,1]
11-29 07:21:51.502 19842 19842 I sysui_multi_action: [757,0,758,1,759,0,927,3,928,0,1593,1]
11-29 07:21:51.513 1491 1760 I GameModeConfig: isGameModeOn = false
11-29 07:21:51.514 1491 1760 I GameModeConfig: isGameModeOn = false
11-29 07:21:51.514 1491 1760 I GameModeConfig: isGameModeOn = false
11-29 07:21:51.514 1491 1760 I GameModeConfig: isGameModeOn = false
11-29 07:21:51.514 1491 1760 I GameModeConfig: isGameModeOn = false
11-29 07:21:51.515 1491 1760 I GameModeConfig: isGameModeOn = false
11-29 07:21:51.516 19842 19842 I sysui_multi_action: [757,111,758,2]
11-29 07:21:51.516 19842 19842 I sysui_multi_action: [757,111,758,2]
11-29 07:21:51.516 1491 1491 I notification_enqueue: [10082,19842,com.android.systemui,2048,NULL,0,Notification(channel=updateNotification shortcut=null contentView=null vibrate=null sound=null defaults=0x0 flags=0x0 color=0x00000000 vis=PRIVATE),1]
11-29 07:21:51.518 19842 19842 I sysui_multi_action: [757,111,758,1]
11-29 07:21:51.519 19842 19842 I sysui_multi_action: [757,126,758,1,759,126,927,0,928,1,1593,1]
11-29 07:21:51.519 19842 19842 I sysui_multi_action: [757,113,758,1,759,113,927,1,928,1,1593,1]
11-29 07:21:51.519 19842 19842 I sysui_multi_action: [757,0,758,1,759,0,927,2,928,0,1593,1]
11-29 07:21:51.519 19842 19842 I sysui_multi_action: [757,0,758,1,759,0,927,3,928,0,1593,1]
11-29 07:21:51.519 19842 19842 I sysui_multi_action: [757,491,758,1,759,491,927,4,928,0,1311,-1,1593,0]
11-29 07:21:51.519 19842 19842 I sysui_multi_action: [757,0,758,1,759,0,927,5,928,0,1593,0]
11-29 07:21:51.519 19842 19842 I sysui_multi_action: [757,111,758,1]
11-29 07:21:51.519 19842 19842 I sysui_multi_action: [757,126,758,1,759,126,927,0,928,1,1593,1]
11-29 07:21:51.519 19842 19842 I sysui_multi_action: [757,113,758,1,759,113,927,1,928,1,1593,1]
11-29 07:21:51.519 19842 19842 I sysui_multi_action: [757,0,758,1,759,0,927,2,928,0,1593,1]
11-29 07:21:51.519 19842 19842 I sysui_multi_action: [757,0,758,1,759,0,927,3,928,0,1593,1]
11-29 07:21:51.530 1491 1760 I GameModeConfig: isGameModeOn = false
11-29 07:21:51.530 1491 1760 I GameModeConfig: isGameModeOn = false
11-29 07:21:51.530 1491 1760 I GameModeConfig: isGameModeOn = false
11-29 07:21:51.531 1491 1760 I GameModeConfig: isGameModeOn = false
11-29 07:21:51.531 1491 1760 I GameModeConfig: isGameModeOn = false
11-29 07:21:51.531 1491 1760 I GameModeConfig: isGameModeOn = false
11-29 07:21:51.532 19842 19842 I sysui_multi_action: [757,111,758,2]
11-29 07:21:51.532 19842 19842 I sysui_multi_action: [757,111,758,2]
11-29 07:21:51.532 1491 1491 I notification_enqueue: [10082,19842,com.android.systemui,2048,NULL,0,Notification(channel=updateNotification shortcut=null contentView=null vibrate=null sound=null defaults=0x0 flags=0x0 color=0x00000000 vis=PRIVATE),1]
11-29 07:21:51.535 19842 19842 I sysui_multi_action: [757,111,758,1]
11-29 07:21:51.535 19842 19842 I sysui_multi_action: [757,126,758,1,759,126,927,0,928,1,1593,1]
11-29 07:21:51.535 19842 19842 I sysui_multi_action: [757,113,758,1,759,113,927,1,928,1,1593,1]
11-29 07:21:51.535 19842 19842 I sysui_multi_action: [757,0,758,1,759,0,927,2,928,0,1593,1]
11-29 07:21:51.536 19842 19842 I sysui_multi_action: [757,0,758,1,759,0,927,3,928,0,1593,1]
11-29 07:21:51.536 19842 19842 I sysui_multi_action: [757,491,758,1,759,491,927,4,928,0,1311,-1,1593,0]
11-29 07:21:51.536 19842 19842 I sysui_multi_action: [757,0,758,1,759,0,927,5,928,0,1593,0]
11-29 07:21:51.536 19842 19842 I sysui_multi_action: [757,111,758,1]
11-29 07:21:51.536 19842 19842 I sysui_multi_action: [757,126,758,1,759,126,927,0,928,1,1593,1]
11-29 07:21:51.536 19842 19842 I sysui_multi_action: [757,113,758,1,759,113,927,1,928,1,1593,1]
11-29 07:21:51.536 19842 19842 I sysui_multi_action: [757,0,758,1,759,0,927,2,928,0,1593,1]
11-29 07:21:51.536 19842 19842 I sysui_multi_action: [757,0,758,1,759,0,927,3,928,0,1593,1]
11-29 07:21:51.547 1491 1760 I GameModeConfig: isGameModeOn = false
11-29 07:21:51.547 1491 1760 I GameModeConfig: isGameModeOn = false
11-29 07:21:51.547 1491 1760 I GameModeConfig: isGameModeOn = false
11-29 07:21:51.547 1491 1760 I GameModeConfig: isGameModeOn = false
11-29 07:21:51.547 1491 1760 I GameModeConfig: isGameModeOn = false
11-29 07:21:51.547 1491 1760 I GameModeConfig: isGameModeOn = false
11-29 07:21:51.549 19842 19842 I sysui_multi_action: [757,111,758,2]
11-29 07:21:51.549 19842 19842 I sysui_multi_action: [757,111,758,2]
11-29 07:21:51.549 1491 1491 I notification_enqueue: [10082,19842,com.android.systemui,2048,NULL,0,Notification(channel=updateNotification shortcut=null contentView=null vibrate=null sound=null defaults=0x0 flags=0x0 color=0x00000000 vis=PRIVATE),1]
11-29 07:21:51.552 19842 19842 I sysui_multi_action: [757,111,758,1]
11-29 07:21:51.552 19842 19842 I sysui_multi_action: [757,126,758,1,759,126,927,0,928,1,1593,1]
11-29 07:21:51.552 19842 19842 I sysui_multi_action: [757,113,758,1,759,113,927,1,928,1,1593,1]
11-29 07:21:51.552 19842 19842 I sysui_multi_action: [757,0,758,1,759,0,927,2,928,0,1593,1]
11-29 07:21:51.552 19842 19842 I sysui_multi_action: [757,0,758,1,759,0,927,3,928,0,1593,1]
11-29 07:21:51.552 19842 19842 I sysui_multi_action: [757,491,758,1,759,491,927,4,928,0,1311,-1,1593,0]
11-29 07:21:51.552 19842 19842 I sysui_multi_action: [757,0,758,1,759,0,927,5,928,0,1593,0]
11-29 07:21:51.552 19842 19842 I sysui_multi_action: [757,111,758,1]
11-29 07:21:51.552 19842 19842 I sysui_multi_action: [757,126,758,1,759,126,927,0,928,1,1593,1]
11-29 07:21:51.552 19842 19842 I sysui_multi_action: [757,113,758,1,759,113,927,1,928,1,1593,1]
11-29 07:21:51.552 19842 19842 I sysui_multi_action: [757,0,758,1,759,0,927,2,928,0,1593,1]
11-29 07:21:51.552 19842 19842 I sysui_multi_action: [757,0,758,1,759,0,927,3,928,0,1593,1]
11-29 07:21:51.563 1491 1760 I GameModeConfig: isGameModeOn = false
11-29 07:21:51.564 1491 1760 I GameModeConfig: isGameModeOn = false
11-29 07:21:51.564 1491 1760 I GameModeConfig: isGameModeOn = false
11-29 07:21:51.564 1491 1760 I GameModeConfig: isGameModeOn = false
11-29 07:21:51.564 1491 1760 I GameModeConfig: isGameModeOn = false
11-29 07:21:51.564 1491 1760 I GameModeConfig: isGameModeOn = false
11-29 07:21:51.565 19842 19842 I sysui_multi_action: [757,111,758,2]
11-29 07:21:51.565 19842 19842 I sysui_multi_action: [757,111,758,2]
11-29 07:21:51.565 1491 1491 I notification_enqueue: [10082,19842,com.android.systemui,2048,NULL,0,Notification(channel=updateNotification shortcut=null contentView=null vibrate=null sound=null defaults=0x0 flags=0x0 color=0x00000000 vis=PRIVATE),1]
11-29 07:21:51.568 19842 19842 I sysui_multi_action: [757,111,758,1]
11-29 07:21:51.568 19842 19842 I sysui_multi_action: [757,126,758,1,759,126,927,0,928,1,1593,1]
11-29 07:21:51.568 19842 19842 I sysui_multi_action: [757,113,758,1,759,113,927,1,928,1,1593,1]
11-29 07:21:51.568 19842 19842 I sysui_multi_action: [757,0,758,1,759,0,927,2,928,0,1593,1]
11-29 07:21:51.568 19842 19842 I sysui_multi_action: [757,0,758,1,759,0,927,3,928,0,1593,1]
11-29 07:21:51.569 19842 19842 I sysui_multi_action: [757,491,758,1,759,491,927,4,928,0,1311,-1,1593,0]
11-29 07:21:51.569 19842 19842 I sysui_multi_action: [757,0,758,1,759,0,927,5,928,0,1593,0]
11-29 07:21:51.569 19842 19842 I sysui_multi_action: [757,111,758,1]
11-29 07:21:51.569 19842 19842 I sysui_multi_action: [757,126,758,1,759,126,927,0,928,1,1593,1]
11-29 07:21:51.569 19842 19842 I sysui_multi_action: [757,113,758,1,759,113,927,1,928,1,1593,1]
11-29 07:21:51.569 19842 19842 I sysui_multi_action: [757,0,758,1,759,0,927,2,928,0,1593,1]
11-29 07:21:51.569 19842 19842 I sysui_multi_action: [757,0,758,1,759,0,927,3,928,0,1593,1]
11-29 07:21:51.580 1491 1760 I GameModeConfig: isGameModeOn = false
11-29 07:21:51.580 1491 1760 I GameModeConfig: isGameModeOn = false
11-29 07:21:51.581 1491 1760 I GameModeConfig: isGameModeOn = false
11-29 07:21:51.581 1491 1760 I GameModeConfig: isGameModeOn = false
11-29 07:21:51.581 1491 1760 I GameModeConfig: isGameModeOn = false
11-29 07:21:51.581 1491 1760 I GameModeConfig: isGameModeOn = false
11-29 07:21:51.582 19842 19842 I sysui_multi_action: [757,111,758,2]
11-29 07:21:51.582 1491 1491 I notification_enqueue: [10082,19842,com.android.systemui,2048,NULL,0,Notification(channel=updateNotification shortcut=null contentView=null vibrate=null sound=null defaults=0x0 flags=0x0 color=0x00000000 vis=PRIVATE),1]
11-29 07:21:51.582 19842 19842 I sysui_multi_action: [757,111,758,2]
11-29 07:21:51.585 19842 19842 I sysui_multi_action: [757,111,758,1]
11-29 07:21:51.585 1491 1491 I GameModeConfig: isGameModeOn = false
11-29 07:21:51.585 19842 19842 I sysui_multi_action: [757,126,758,1,759,126,927,0,928,1,1593,1]
11-29 07:21:51.585 19842 19842 I sysui_multi_action: [757,113,758,1,759,113,927,1,928,1,1593,1]
11-29 07:21:51.585 19842 19842 I sysui_multi_action: [757,0,758,1,759,0,927,2,928,0,1593,1]
11-29 07:21:51.586 19842 19842 I sysui_multi_action: [757,0,758,1,759,0,927,3,928,0,1593,1]
11-29 07:21:51.586 19842 19842 I sysui_multi_action: [757,491,758,1,759,491,927,4,928,0,1311,-1,1593,0]
11-29 07:21:51.586 19842 19842 I sysui_multi_action: [757,0,758,1,759,0,927,5,928,0,1593,0]
11-29 07:21:51.586 19842 19842 I sysui_multi_action: [757,111,758,1]
11-29 07:21:51.586 19842 19842 I sysui_multi_action: [757,126,758,1,759,126,927,0,928,1,1593,1]
11-29 07:21:51.586 1491 1491 I sysui_multi_action: [757,1501,758,1,793,14868847,794,0,795,205,796,2048,806,com.android.systemui,857,updateNotification,858,3,947,0,1500,0,1688,1]
11-29 07:21:51.586 19842 19842 I sysui_multi_action: [757,113,758,1,759,113,927,1,928,1,1593,1]
11-29 07:21:51.586 19842 19842 I sysui_multi_action: [757,0,758,1,759,0,927,2,928,0,1593,1]
11-29 07:21:51.586 1491 1491 I sysui_multi_action: [757,804,799,note_interruptive,801,0,802,1]
11-29 07:21:51.586 19842 19842 I sysui_multi_action: [757,0,758,1,759,0,927,3,928,0,1593,1]
11-29 07:21:51.586 1491 1491 I sysui_multi_action: [757,199,758,1,759,2,793,14868847,794,0,795,205,796,2048,806,com.android.systemui,857,updateNotification,858,3,947,0,1500,0,1688,1]
11-29 07:21:51.586 1491 1491 I notification_alert: [0|com.android.systemui|2048|null|10082,0,1,0]
11-29 07:21:51.587 1491 1491 W NotificationHistory: Attempted to add notif for locked/gone/disabled user 0
11-29 07:21:51.600 1491 1760 I GameModeConfig: isGameModeOn = false
11-29 07:21:51.600 1491 1760 I GameModeConfig: isGameModeOn = false
11-29 07:21:51.600 1491 1760 I GameModeConfig: isGameModeOn = false
11-29 07:21:51.600 1491 1760 I GameModeConfig: isGameModeOn = false
11-29 07:21:51.600 1491 1760 I GameModeConfig: isGameModeOn = false
11-29 07:21:51.600 1491 1760 I GameModeConfig: isGameModeOn = false
11-29 07:21:51.602 19842 19842 I sysui_multi_action: [757,111,758,2]
11-29 07:21:51.602 19842 19842 I sysui_multi_action: [757,111,758,2]
11-29 07:21:51.602 1491 1491 I notification_enqueue: [10082,19842,com.android.systemui,2048,NULL,0,Notification(channel=updateNotification shortcut=null contentView=null vibrate=null sound=null defaults=0x0 flags=0x0 color=0x00000000 vis=PRIVATE),1]
11-29 07:21:51.605 19842 19842 I sysui_multi_action: [757,111,758,1]
11-29 07:21:51.605 19842 19842 I sysui_multi_action: [757,126,758,1,759,126,927,0,928,1,1593,0]
11-29 07:21:51.605 19842 19842 I sysui_multi_action: [757,113,758,1,759,113,927,1,928,1,1593,0]
11-29 07:21:51.605 19842 19842 I sysui_multi_action: [757,0,758,1,759,0,927,2,928,0,1593,0]
11-29 07:21:51.605 19842 19842 I sysui_multi_action: [757,0,758,1,759,0,927,3,928,0,1593,0]
11-29 07:21:51.605 19842 19842 I sysui_multi_action: [757,491,758,1,759,491,927,4,928,0,1311,-1,1593,0]
11-29 07:21:51.606 19842 19842 I sysui_multi_action: [757,0,758,1,759,0,927,5,928,0,1593,0]
11-29 07:21:51.606 19842 19842 I sysui_multi_action: [757,111,758,1]
11-29 07:21:51.606 19842 19842 I sysui_multi_action: [757,126,758,1,759,126,927,0,928,1,1593,0]
11-29 07:21:51.606 19842 19842 I sysui_multi_action: [757,113,758,1,759,113,927,1,928,1,1593,0]
11-29 07:21:51.606 19842 19842 I sysui_multi_action: [757,0,758,1,759,0,927,2,928,0,1593,0]
11-29 07:21:51.606 19842 19842 I sysui_multi_action: [757,0,758,1,759,0,927,3,928,0,1593,0]
11-29 07:21:51.613 1491 1491 I GameModeConfig: isGameModeOn = false
11-29 07:21:51.614 1491 1491 E NotificationService: Muting recently noisy 0|com.android.systemui|2048|null|10082
11-29 07:21:51.617 19842 19842 I sysui_multi_action: [757,111,758,2]
11-29 07:21:51.617 19842 19842 I sysui_multi_action: [757,111,758,2]
11-29 07:21:51.620 1491 1760 I GameModeConfig: isGameModeOn = false
11-29 07:21:51.620 19842 19842 I sysui_multi_action: [757,111,758,1]
11-29 07:21:51.620 1491 1760 I GameModeConfig: isGameModeOn = false
