11-29 09:21:01.245 17439 17439 I sysui_multi_action: [757,0,758,1,759,0,927,2,928,0,1593,1]
11-29 09:21:01.246 17439 17439 I sysui_multi_action: [757,0,758,1,759,0,927,3,928,0,1593,1]
11-29 09:21:01.246 17439 17439 I sysui_multi_action: [757,491,758,1,759,491,927,4,928,0,1311,-1,1593,0]
11-29 09:21:01.246 17439 17439 I sysui_multi_action: [757,0,758,1,759,0,927,5,928,0,1593,0]
11-29 09:21:01.246 17439 17439 I sysui_multi_action: [757,111,758,1]
11-29 09:21:01.246 17439 17439 I sysui_multi_action: [757,126,758,1,759,126,927,0,928,1,1593,1]
11-29 09:21:01.246 17439 17439 I sysui_multi_action: [757,113,758,1,759,113,927,1,928,1,1593,1]
11-29 09:21:01.246 17439 17439 I sysui_multi_action: [757,0,758,1,759,0,927,2,928,0,1593,1]
11-29 09:21:01.246 17439 17439 I sysui_multi_action: [757,0,758,1,759,0,927,3,928,0,1593,1]
11-29 09:21:01.250 1491 1491 I GameModeConfig: isGameModeOn = false
11-29 09:21:01.250 1491 1491 E NotificationService: Muting recently noisy 0|com.android.systemui|2048|null|10082
11-29 09:21:01.252 1491 1760 I GameModeConfig: isGameModeOn = false
11-29 09:21:01.253 1491 1760 I GameModeConfig: isGameModeOn = false
11-29 09:21:01.253 1491 1760 I GameModeConfig: isGameModeOn = false
11-29 09:21:01.253 1491 1760 I GameModeConfig: isGameModeOn = false
11-29 09:21:01.253 1491 1760 I GameModeConfig: isGameModeOn = false
11-29 09:21:01.253 1491 1760 I GameModeConfig: isGameModeOn = false
11-29 09:21:01.254 17439 17439 I sysui_multi_action: [757,111,758,2]
11-29 09:21:01.254 17439 17439 I sysui_multi_action: [757,111,758,2]
11-29 09:21:01.254 1491 1491 I notification_enqueue: [10082,17439,com.android.systemui,2048,NULL,0,Notification(channel=updateNotification shortcut=null contentView=null vibrate=null sound=null defaults=0x0 flags=0x0 color=0x00000000 vis=PRIVATE),1]
11-29 09:21:01.257 1491 1600 W WindowManager: updateScale0.7996942
11-29 09:21:01.259 1491 5277 W WindowManager: updateScale0.7996942
11-29 09:21:01.260 1491 1693 I input_focus: [Focus leaving 59b7b66 com.android.launcher3/com.android.launcher3.uioverrides.QuickstepLauncher (server),reason=setFocusedWindow]
11-29 09:21:01.260 1491 1693 I input_focus: [Focus entering ae74373 NotificationShade (server),reason=setFocusedWindow]
11-29 09:21:01.261 1491 1600 I input_focus: [Focus request 59b7b66 com.android.launcher3/com.android.launcher3.uioverrides.QuickstepLauncher,reason=UpdateInputWindows]
11-29 09:21:01.263 17439 17439 I sysui_multi_action: [757,111,758,1]
11-29 09:21:01.263 17439 17439 I sysui_multi_action: [757,126,758,1,759,126,927,0,928,1,1593,1]
11-29 09:21:01.263 17439 17439 I sysui_multi_action: [757,113,758,1,759,113,927,1,928,1,1593,1]
11-29 09:21:01.263 17439 17439 I sysui_multi_action: [757,0,758,1,759,0,927,2,928,0,1593,1]
11-29 09:21:01.263 17439 17439 I sysui_multi_action: [757,0,758,1,759,0,927,3,928,0,1593,1]
11-29 09:21:01.263 17439 17439 I sysui_multi_action: [757,491,758,1,759,491,927,4,928,0,1311,-1,1593,0]
11-29 09:21:01.263 17439 17439 I sysui_multi_action: [757,0,758,1,759,0,927,5,928,0,1593,0]
11-29 09:21:01.263 17439 17439 I sysui_multi_action: [757,111,758,1]
11-29 09:21:01.263 17439 17439 I sysui_multi_action: [757,126,758,1,759,126,927,0,928,1,1593,1]
11-29 09:21:01.264 17439 17439 I sysui_multi_action: [757,113,758,1,759,113,927,1,928,1,1593,1]
11-29 09:21:01.264 17439 17439 I sysui_multi_action: [757,0,758,1,759,0,927,2,928,0,1593,1]
11-29 09:21:01.264 17439 17439 I sysui_multi_action: [757,0,758,1,759,0,927,3,928,0,1593,1]
11-29 09:21:01.269 1491 7658 I sysui_multi_action: [757,128,758,2,793,20626041,794,506,795,20626041,796,26,798,0,806,android,857,DEVELOPER_IMPORTANT,858,4,947,0,1395,2,1500,20625836,1688,1]
11-29 09:21:01.269 1491 7658 I notification_visibility: [-1|android|26|null|1000,0,20626041,20626041,0,0]
11-29 09:21:01.269 1491 7658 I sysui_multi_action: [757,128,758,2,793,20626045,794,506,795,20626045,796,32,798,1,806,android,857,USB,858,1,947,0,1395,2,1500,20625842,1688,1]
11-29 09:21:01.269 1491 7658 I notification_visibility: [-1|android|32|null|1000,0,20626045,20626045,0,1]
11-29 09:21:01.270 17439 17439 I sysui_multi_action: [757,111,758,2]
11-29 09:21:01.270 17439 17439 I sysui_multi_action: [757,111,758,2]
11-29 09:21:01.270 1491 1491 I notification_enqueue: [10082,17439,com.android.systemui,2048,NULL,0,Notification(channel=updateNotification shortcut=null contentView=null vibrate=null sound=null defaults=0x0 flags=0x0 color=0x00000000 vis=PRIVATE),1]
11-29 09:21:01.271 1491 1760 I GameModeConfig: isGameModeOn = false
11-29 09:21:01.272 1491 1760 I GameModeConfig: isGameModeOn = false
11-29 09:21:01.272 1491 1760 I GameModeConfig: isGameModeOn = false
11-29 09:21:01.272 1491 1760 I GameModeConfig: isGameModeOn = false
11-29 09:21:01.272 1491 1760 I GameModeConfig: isGameModeOn = false
11-29 09:21:01.272 1491 1760 I GameModeConfig: isGameModeOn = false
11-29 09:21:01.274 17439 17439 I sysui_multi_action: [757,111,758,1]
11-29 09:21:01.274 17439 17439 I sysui_multi_action: [757,126,758,1,759,126,927,0,928,1,1593,1]
11-29 09:21:01.274 17439 17439 I sysui_multi_action: [757,113,758,1,759,113,927,1,928,1,1593,1]
11-29 09:21:01.274 17439 17439 I sysui_multi_action: [757,0,758,1,759,0,927,2,928,0,1593,1]
11-29 09:21:01.274 17439 17439 I sysui_multi_action: [757,0,758,1,759,0,927,3,928,0,1593,1]
11-29 09:21:01.274 17439 17439 I sysui_multi_action: [757,491,758,1,759,491,927,4,928,0,1311,-1,1593,0]
11-29 09:21:01.274 17439 17439 I sysui_multi_action: [757,0,758,1,759,0,927,5,928,0,1593,0]
11-29 09:21:01.274 17439 17439 I sysui_multi_action: [757,111,758,1]
11-29 09:21:01.274 17439 17439 I sysui_multi_action: [757,126,758,1,759,126,927,0,928,1,1593,1]
11-29 09:21:01.274 1491 1600 W WindowManager: updateScale0.7996942
11-29 09:21:01.274 17439 17439 I sysui_multi_action: [757,113,758,1,759,113,927,1,928,1,1593,1]
11-29 09:21:01.274 17439 17439 I sysui_multi_action: [757,0,758,1,759,0,927,2,928,0,1593,1]
11-29 09:21:01.274 17439 17439 I sysui_multi_action: [757,0,758,1,759,0,927,3,928,0,1593,1]
11-29 09:21:01.277 1491 1693 I input_focus: [Focus leaving ae74373 NotificationShade (server),reason=NOT_FOCUSABLE]
11-29 09:21:01.277 1491 1693 I input_focus: [Focus entering 59b7b66 com.android.launcher3/com.android.launcher3.uioverrides.QuickstepLauncher (server),reason=setFocusedWindow]
11-29 09:21:01.286 1491 1491 I GameModeConfig: isGameModeOn = false
11-29 09:21:01.286 1491 1491 E NotificationService: Muting recently noisy 0|com.android.systemui|2048|null|10082
11-29 09:21:01.287 1491 1760 I GameModeConfig: isGameModeOn = false
11-29 09:21:01.288 17439 17439 I sysui_multi_action: [757,111,758,2]
11-29 09:21:01.288 17439 17439 I sysui_multi_action: [757,111,758,2]
11-29 09:21:01.288 1491 1760 I GameModeConfig: isGameModeOn = false
11-29 09:21:01.289 1491 1760 I GameModeConfig: isGameModeOn = false
11-29 09:21:01.289 1491 1760 I GameModeConfig: isGameModeOn = false
11-29 09:21:01.289 1491 1760 I GameModeConfig: isGameModeOn = false
11-29 09:21:01.289 1491 1760 I GameModeConfig: isGameModeOn = false
11-29 09:21:01.291 1491 1491 I notification_enqueue: [10082,17439,com.android.systemui,2048,NULL,0,Notification(channel=updateNotification shortcut=null contentView=null vibrate=null sound=null defaults=0x0 flags=0x0 color=0x00000000 vis=PRIVATE),1]
11-29 09:21:01.291 17439 17439 I sysui_multi_action: [757,111,758,1]
11-29 09:21:01.291 17439 17439 I sysui_multi_action: [757,126,758,1,759,126,927,0,928,1,1593,1]
11-29 09:21:01.291 17439 17439 I sysui_multi_action: [757,113,758,1,759,113,927,1,928,1,1593,1]
11-29 09:21:01.291 17439 17439 I sysui_multi_action: [757,0,758,1,759,0,927,2,928,0,1593,1]
11-29 09:21:01.292 17439 17439 I sysui_multi_action: [757,0,758,1,759,0,927,3,928,0,1593,1]
11-29 09:21:01.292 17439 17439 I sysui_multi_action: [757,491,758,1,759,491,927,4,928,0,1311,-1,1593,0]
11-29 09:21:01.292 17439 17439 I sysui_multi_action: [757,0,758,1,759,0,927,5,928,0,1593,0]
11-29 09:21:01.292 17439 17439 I sysui_multi_action: [757,111,758,1]
11-29 09:21:01.292 17439 17439 I sysui_multi_action: [757,126,758,1,759,126,927,0,928,1,1593,1]
11-29 09:21:01.292 17439 17439 I sysui_multi_action: [757,113,758,1,759,113,927,1,928,1,1593,1]
11-29 09:21:01.292 17439 17439 I sysui_multi_action: [757,0,758,1,759,0,927,2,928,0,1593,1]
11-29 09:21:01.292 17439 17439 I sysui_multi_action: [757,0,758,1,759,0,927,3,928,0,1593,1]
11-29 09:21:01.300 1491 1491 I GameModeConfig: isGameModeOn = false
11-29 09:21:01.300 1491 1491 E NotificationService: Muting recently noisy 0|com.android.systemui|2048|null|10082
11-29 09:21:01.302 1491 1760 I GameModeConfig: isGameModeOn = false
11-29 09:21:01.302 1491 1760 I GameModeConfig: isGameModeOn = false
11-29 09:21:01.302 1491 1760 I GameModeConfig: isGameModeOn = false
11-29 09:21:01.302 1491 1760 I GameModeConfig: isGameModeOn = false
11-29 09:21:01.303 1491 1760 I GameModeConfig: isGameModeOn = false
11-29 09:21:01.303 1491 1760 I GameModeConfig: isGameModeOn = false
11-29 09:21:01.303 17439 17439 I sysui_multi_action: [757,111,758,2]
11-29 09:21:01.304 17439 17439 I sysui_multi_action: [757,111,758,2]
11-29 09:21:01.304 1491 1491 I notification_enqueue: [10082,17439,com.android.systemui,2048,NULL,0,Notification(channel=updateNotification shortcut=null contentView=null vibrate=null sound=null defaults=0x0 flags=0x0 color=0x00000000 vis=PRIVATE),1]
11-29 09:21:01.306 17439 17439 I sysui_multi_action: [757,111,758,1]
11-29 09:21:01.306 17439 17439 I sysui_multi_action: [757,126,758,1,759,126,927,0,928,1,1593,1]
11-29 09:21:01.306 17439 17439 I sysui_multi_action: [757,113,758,1,759,113,927,1,928,1,1593,1]
11-29 09:21:01.306 17439 17439 I sysui_multi_action: [757,0,758,1,759,0,927,2,928,0,1593,1]
11-29 09:21:01.307 17439 17439 I sysui_multi_action: [757,0,758,1,759,0,927,3,928,0,1593,1]
11-29 09:21:01.307 17439 17439 I sysui_multi_action: [757,491,758,1,759,491,927,4,928,0,1311,-1,1593,0]
11-29 09:21:01.307 17439 17439 I sysui_multi_action: [757,0,758,1,759,0,927,5,928,0,1593,0]
11-29 09:21:01.307 17439 17439 I sysui_multi_action: [757,111,758,1]
11-29 09:21:01.307 17439 17439 I sysui_multi_action: [757,126,758,1,759,126,927,0,928,1,1593,1]
11-29 09:21:01.307 17439 17439 I sysui_multi_action: [757,113,758,1,759,113,927,1,928,1,1593,1]
11-29 09:21:01.307 17439 17439 I sysui_multi_action: [757,0,758,1,759,0,927,2,928,0,1593,1]
11-29 09:21:01.307 17439 17439 I sysui_multi_action: [757,0,758,1,759,0,927,3,928,0,1593,1]
11-29 09:21:01.312 1491 1491 I GameModeConfig: isGameModeOn = false
11-29 09:21:01.312 1491 1491 E NotificationService: Muting recently noisy 0|com.android.systemui|2048|null|10082
11-29 09:21:01.322 1491 1491 I GameModeConfig: isGameModeOn = false
11-29 09:21:01.323 1491 1491 E NotificationService: Muting recently noisy 0|com.android.systemui|2048|null|10082
11-29 09:21:01.339 1491 1491 I GameModeConfig: isGameModeOn = false
11-29 09:21:01.339 1491 1491 E NotificationService: Muting recently noisy 0|com.android.systemui|2048|null|10082
11-29 09:21:01.342 17439 17439 I sysui_multi_action: [757,111,758,2]
11-29 09:21:01.342 17439 17439 I sysui_multi_action: [757,111,758,2]
11-29 09:21:01.342 1491 1760 I GameModeConfig: isGameModeOn = false
11-29 09:21:01.342 1491 1760 I GameModeConfig: isGameModeOn = false
11-29 09:21:01.343 1491 1760 I GameModeConfig: isGameModeOn = false
11-29 09:21:01.343 1491 1760 I GameModeConfig: isGameModeOn = false
11-29 09:21:01.343 1491 1760 I GameModeConfig: isGameModeOn = false
11-29 09:21:01.343 1491 1760 I GameModeConfig: isGameModeOn = false
11-29 09:21:01.343 1491 5277 I sysui_multi_action: [757,127,758,2]
11-29 09:21:01.343 1491 5277 I notification_panel_hidden:
11-29 09:21:01.344 1491 1491 I notification_enqueue: [10082,17439,com.android.systemui,2048,NULL,0,Notification(channel=updateNotification shortcut=null contentView=null vibrate=null sound=null defaults=0x0 flags=0x0 color=0x00000000 vis=PRIVATE),1]
11-29 09:21:01.355 1491 1491 I GameModeConfig: isGameModeOn = false
11-29 09:21:01.355 1491 1491 E NotificationService: Muting recently noisy 0|com.android.systemui|2048|null|10082
11-29 09:21:01.362 1491 2068 W WindowManager: updateScale0.7996942
11-29 09:21:01.369 17439 17439 I sysui_multi_action: [757,111,758,1]
11-29 09:21:01.369 17439 17439 I sysui_multi_action: [757,126,758,1,759,126,927,0,928,1,1593,0]
11-29 09:21:01.369 17439 17439 I sysui_multi_action: [757,113,758,1,759,113,927,1,928,1,1593,0]
11-29 09:21:01.369 17439 17439 I sysui_multi_action: [757,0,758,1,759,0,927,2,928,0,1593,0]
11-29 09:21:01.369 17439 17439 I sysui_multi_action: [757,0,758,1,759,0,927,3,928,0,1593,0]
11-29 09:21:01.369 17439 17439 I sysui_multi_action: [757,491,758,1,759,491,927,4,928,0,1311,-1,1593,0]
11-29 09:21:01.369 17439 17439 I sysui_multi_action: [757,0,758,1,759,0,927,5,928,0,1593,0]
11-29 09:21:01.369 17439 17439 I sysui_multi_action: [757,111,758,1]
11-29 09:21:01.369 17439 17439 I sysui_multi_action: [757,126,758,1,759,126,927,0,928,1,1593,0]
11-29 09:21:01.369 17439 17439 I sysui_multi_action: [757,113,758,1,759,113,927,1,928,1,1593,0]
11-29 09:21:01.369 17439 17439 I sysui_multi_action: [757,0,758,1,759,0,927,2,928,0,1593,0]
11-29 09:21:01.369 17439 17439 I sysui_multi_action: [757,0,758,1,759,0,927,3,928,0,1593,0]
11-29 09:21:01.372 1491 1491 I GameModeConfig: isGameModeOn = false
11-29 09:21:01.373 1491 1491 E NotificationService: Muting recently noisy 0|com.android.systemui|2048|null|10082
11-29 09:21:01.389 1491 1491 I GameModeConfig: isGameModeOn = false
11-29 09:21:01.389 1491 1491 E NotificationService: Muting recently noisy 0|com.android.systemui|2048|null|10082
11-29 09:21:01.406 1491 1491 I GameModeConfig: isGameModeOn = false
11-29 09:21:01.407 1491 1491 E NotificationService: Muting recently noisy 0|com.android.systemui|2048|null|10082
11-29 09:21:01.423 1491 1491 I GameModeConfig: isGameModeOn = false
11-29 09:21:01.424 1491 1491 I sysui_multi_action: [757,1501,758,1,793,2892736,794,0,795,205,796,2048,806,com.android.systemui,857,updateNotification,858,3,947,0,1500,0,1688,1]
11-29 09:21:01.424 1491 1491 I sysui_multi_action: [757,804,799,note_interruptive,801,0,802,1]
11-29 09:21:01.424 1491 1491 I sysui_multi_action: [757,199,758,1,759,2,793,2892736,794,0,795,205,796,2048,806,com.android.systemui,857,updateNotification,858,3,947,0,1500,0,1688,1]
11-29 09:21:01.424 1491 1491 I notification_alert: [0|com.android.systemui|2048|null|10082,0,1,0]
11-29 09:21:01.425 1491 1491 W NotificationHistory: Attempted to add notif for locked/gone/disabled user 0
11-29 09:21:01.441 1491 1491 I GameModeConfig: isGameModeOn = false
11-29 09:21:01.442 1491 1491 E NotificationService: Muting recently noisy 0|com.android.systemui|2048|null|10082
11-29 09:21:01.456 1491 1491 I GameModeConfig: isGameModeOn = false
11-29 09:21:01.456 1491 1491 E NotificationService: Muting recently noisy 0|com.android.systemui|2048|null|10082
11-29 09:21:01.471 1491 1491 I GameModeConfig: isGameModeOn = false
11-29 09:21:01.472 1491 1491 E NotificationService: Muting recently noisy 0|com.android.systemui|2048|null|10082
11-29 09:21:01.493 1491 1491 I GameModeConfig: isGameModeOn = false
11-29 09:21:01.494 1491 1491 E NotificationService: Muting recently noisy 0|com.android.systemui|2048|null|10082
11-29 09:21:01.504 1491 1491 I GameModeConfig: isGameModeOn = false
11-29 09:21:01.504 1491 1491 E NotificationService: Muting recently noisy 0|com.android.systemui|2048|null|10082
11-29 09:21:01.549 1491 1491 I GameModeConfig: isGameModeOn = false
11-29 09:21:01.550 1491 1491 E NotificationService: Muting recently noisy 0|com.android.systemui|2048|null|10082
11-29 09:21:01.673 1491 1693 I input_interaction: Interaction with: 13668e9 com.android.gallery3d/com.android.gallery3d.app.GalleryActivity (server), edge-swipe (server), swipe-up (server), PointerEventDispatcher0 (server),
11-29 09:21:01.675 1491 1599 I wm_task_moved: [429,1,9]
11-29 09:21:01.675 1491 1599 I wm_task_to_front: [0,429]
11-29 09:21:01.676 1491 1599 W WindowManager: updateScale0.7996942
11-29 09:21:01.678 1491 1599 I wm_set_resumed_activity: [0,com.android.gallery3d/.app.GalleryActivity,positionChildAt]
11-29 09:21:01.678 1491 1599 I wm_focused_root_task: [0,0,429,32,setFocusedTask]
11-29 09:21:01.678 1491 1599 I wm_set_resumed_activity: [0,com.android.gallery3d/.app.GalleryActivity,setFocusedTask]
11-29 09:21:01.678 13671 13671 I wm_on_top_resumed_lost_called: [254362067,com.android.launcher3.uioverrides.QuickstepLauncher,topStateChangedWhenResumed]
11-29 09:21:01.678 1491 1599 I ActivityTaskManager: FOREGROUND_APPLICATION_CHANGED to com.android.gallery3d.app.GalleryActivity
11-29 09:21:01.678 15636 15636 I wm_on_top_resumed_gained_called: [209119291,com.android.gallery3d.app.GalleryActivity,topStateChangedWhenResumed]
11-29 09:21:01.679 1491 1600 I input_focus: [Focus request 13668e9 com.android.gallery3d/com.android.gallery3d.app.GalleryActivity,reason=UpdateInputWindows]
11-29 09:21:01.696 15636 15636 I view_enqueue_input_event: [Motion - Cancel,com.android.gallery3d/com.android.gallery3d.app.GalleryActivity]
11-29 09:21:01.701 1491 1693 I input_interaction: Interaction with: edge-swipe (server), swipe-up (server), PointerEventDispatcher0 (server),
11-29 09:21:01.708 1491 1693 I input_focus: [Focus leaving 59b7b66 com.android.launcher3/com.android.launcher3.uioverrides.QuickstepLauncher (server),reason=setFocusedWindow]
11-29 09:21:01.709 1491 1693 I input_focus: [Focus entering 13668e9 com.android.gallery3d/com.android.gallery3d.app.GalleryActivity (server),reason=setFocusedWindow]
11-29 09:21:01.902 1491 1673 I commit_sys_config_file: [settings-1-0,14]
11-29 09:21:02.191 1491 1693 I input_interaction: Interaction with: 13668e9 com.android.gallery3d/com.android.gallery3d.app.GalleryActivity (server), edge-swipe (server), swipe-up (server), PointerEventDispatcher0 (server),
11-29 09:21:02.205 15636 15636 I view_enqueue_input_event: [Motion - Cancel,com.android.gallery3d/com.android.gallery3d.app.GalleryActivity]
11-29 09:21:02.206 1491 1693 I input_interaction: Interaction with: edge-swipe (server), swipe-up (server), PointerEventDispatcher0 (server),
11-29 09:21:02.486 1491 5277 I ActivityTaskManager: START u0 {act=android.intent.action.MAIN cat=[android.intent.category.HOME] flg=0x10000000 cmp=com.android.launcher3/.uioverrides.QuickstepLauncher} from uid 10077
11-29 09:21:02.489 1491 5277 I wm_task_moved: [32,1,9]
11-29 09:21:02.492 1491 5277 I wm_set_resumed_activity: [0,com.android.launcher3/.uioverrides.QuickstepLauncher,positionChildAt]
11-29 09:21:02.492 1491 5277 I wm_task_moved: [41,1,2147483647]
11-29 09:21:02.493 1491 5277 I wm_task_to_front: [0,41]
11-29 09:21:02.493 1491 5277 I wm_focused_root_task: [0,0,32,429,bringingFoundTaskToFront]
11-29 09:21:02.493 1491 5277 I wm_set_resumed_activity: [0,com.android.launcher3/.uioverrides.QuickstepLauncher,bringingFoundTaskToFront]
11-29 09:21:02.493 15636 15636 I wm_on_top_resumed_lost_called: [209119291,com.android.gallery3d.app.GalleryActivity,topStateChangedWhenResumed]
11-29 09:21:02.494 1491 5277 I wm_new_intent: [0,254362067,41,com.android.launcher3/.uioverrides.QuickstepLauncher,android.intent.action.MAIN,NULL,NULL,268435712]
11-29 09:21:02.494 1491 5277 I wm_task_moved: [32,1,9]
11-29 09:21:02.495 1491 5277 I wm_set_resumed_activity: [0,com.android.launcher3/.uioverrides.QuickstepLauncher,positionChildAt]
11-29 09:21:02.495 1491 5277 I ActivityTaskManager: FOREGROUND_APPLICATION_CHANGED to com.android.launcher3.uioverrides.QuickstepLauncher
11-29 09:21:02.495 1491 5277 W WindowManager: updateScale0.7996942
11-29 09:21:02.500 1491 5277 W WindowManager: updateScale0.7996942
11-29 09:21:02.504 13671 13671 I wm_on_paused_called: [254362067,com.android.launcher3.uioverrides.QuickstepLauncher,performPause]
11-29 09:21:02.504 1491 1600 I input_focus: [Focus request 59b7b66 com.android.launcher3/com.android.launcher3.uioverrides.QuickstepLauncher,reason=UpdateInputWindows]
11-29 09:21:02.506 13671 13671 I wm_on_resume_called: [254362067,com.android.launcher3.uioverrides.QuickstepLauncher,LIFECYCLER_RESUME_ACTIVITY]
11-29 09:21:02.515 1491 1693 I input_focus: [Focus leaving 13668e9 com.android.gallery3d/com.android.gallery3d.app.GalleryActivity (server),reason=setFocusedWindow]
11-29 09:21:02.516 1491 1693 I input_focus: [Focus entering 59b7b66 com.android.launcher3/com.android.launcher3.uioverrides.QuickstepLauncher (server),reason=setFocusedWindow]
11-29 09:21:02.525 1491 7158 W WindowManager: updateScale0.7996942
11-29 09:21:02.530 13671 13671 I wm_on_top_resumed_gained_called: [254362067,com.android.launcher3.uioverrides.QuickstepLauncher,topStateChangedWhenResumed]
11-29 09:21:02.802 1491 1693 I input_interaction: Interaction with: 13668e9 com.android.gallery3d/com.android.gallery3d.app.GalleryActivity (server), edge-swipe (server), swipe-up (server), PointerEventDispatcher0 (server),
11-29 09:21:02.806 1491 1599 I wm_task_moved: [429,1,9]
11-29 09:21:02.806 1491 1599 I wm_task_to_front: [0,429]
11-29 09:21:02.809 1491 1599 W WindowManager: updateScale0.7996942
11-29 09:21:02.816 1491 1599 I wm_set_resumed_activity: [0,com.android.gallery3d/.app.GalleryActivity,positionChildAt]
11-29 09:21:02.816 1491 1599 I wm_focused_root_task: [0,0,429,32,setFocusedTask]
11-29 09:21:02.816 1491 1599 I wm_set_resumed_activity: [0,com.android.gallery3d/.app.GalleryActivity,setFocusedTask]
11-29 09:21:02.816 1491 1599 I ActivityTaskManager: FOREGROUND_APPLICATION_CHANGED to com.android.gallery3d.app.GalleryActivity
11-29 09:21:02.822 1491 1600 I input_focus: [Focus request 13668e9 com.android.gallery3d/com.android.gallery3d.app.GalleryActivity,reason=UpdateInputWindows]
11-29 09:21:02.842 1491 1693 I input_interaction: Interaction with: edge-swipe (server), swipe-up (server), PointerEventDispatcher0 (server),
11-29 09:21:02.844 13671 13671 I wm_on_top_resumed_lost_called: [254362067,com.android.launcher3.uioverrides.QuickstepLauncher,topStateChangedWhenResumed]
11-29 09:21:02.844 1491 1693 I input_focus: [Focus leaving 59b7b66 com.android.launcher3/com.android.launcher3.uioverrides.QuickstepLauncher (server),reason=setFocusedWindow]
11-29 09:21:02.844 1491 1693 I input_focus: [Focus entering 13668e9 com.android.gallery3d/com.android.gallery3d.app.GalleryActivity (server),reason=setFocusedWindow]
11-29 09:21:02.845 15636 15636 I view_enqueue_input_event: [Motion - Cancel,com.android.gallery3d/com.android.gallery3d.app.GalleryActivity]
11-29 09:21:02.846 15636 15636 I wm_on_top_resumed_gained_called: [209119291,com.android.gallery3d.app.GalleryActivity,topStateChangedWhenResumed]
11-29 09:21:02.970 1491 1760 I GameModeConfig: isGameModeOn = false
11-29 09:21:03.028 1491 1673 I commit_sys_config_file: [settings-1-0,6]
11-29 09:21:03.079 0 0 I auditd : type=1400 audit(0.0:24268): avc: denied { kill } for comm="swapper/1" capability=5 scontext=u:r:kernel:s0 tcontext=u:r:kernel:s0 tclass=capability permissive=0
11-29 09:21:03.284 1491 1673 I commit_sys_config_file: [settings-1-0,4]
11-29 09:21:03.322 1491 1693 I input_interaction: Interaction with: 13668e9 com.android.gallery3d/com.android.gallery3d.app.GalleryActivity (server), edge-swipe (server), swipe-up (server), PointerEventDispatcher0 (server),
11-29 09:21:03.342 15636 15636 I view_enqueue_input_event: [Motion - Cancel,com.android.gallery3d/com.android.gallery3d.app.GalleryActivity]
11-29 09:21:03.343 1491 1693 I input_interaction: Interaction with: edge-swipe (server), swipe-up (server), PointerEventDispatcher0 (server),
11-29 09:21:03.392 1491 7158 I wm_finish_activity: [0,209119291,429,com.android.gallery3d/.app.GalleryActivity,app-request]
11-29 09:21:03.393 1491 7158 I wm_task_moved: [32,1,9]
11-29 09:21:03.396 15636 15636 I wm_on_top_resumed_lost_called: [209119291,com.android.gallery3d.app.GalleryActivity,topStateChangedWhenResumed]
11-29 09:21:03.396 1491 7158 I wm_set_resumed_activity: [0,com.android.launcher3/.uioverrides.QuickstepLauncher,positionChildAt]
11-29 09:21:03.397 1491 7158 I wm_task_moved: [41,1,2147483647]
11-29 09:21:03.397 1491 7158 I wm_task_to_front: [0,41]
11-29 09:21:03.397 1491 7158 I wm_focused_root_task: [0,0,32,-1,finish-top adjustFocusToNextFocusableTask]
11-29 09:21:03.397 1491 7158 I wm_set_resumed_activity: [0,com.android.launcher3/.uioverrides.QuickstepLauncher,finish-top]
11-29 09:21:03.415 1491 7158 I wm_pause_activity: [0,209119291,com.android.gallery3d/.app.GalleryActivity,userLeaving=false,finish]
11-29 09:21:03.421 1491 1600 I input_focus: [Focus request 59b7b66 com.android.launcher3/com.android.launcher3.uioverrides.QuickstepLauncher,reason=UpdateInputWindows]
11-29 09:21:03.448 15636 15636 I wm_on_paused_called: [209119291,com.android.gallery3d.app.GalleryActivity,performPause]
11-29 09:21:03.449 1491 1693 I input_focus: [Focus leaving 13668e9 com.android.gallery3d/com.android.gallery3d.app.GalleryActivity (server),reason=NO_WINDOW]
11-29 09:21:03.449 1491 1693 I input_focus: [Focus entering 59b7b66 com.android.launcher3/com.android.launcher3.uioverrides.QuickstepLauncher (server),reason=setFocusedWindow]
11-29 09:21:03.450 1491 2068 I ActivityTaskManager: FOREGROUND_APPLICATION_CHANGED to com.android.launcher3.uioverrides.QuickstepLauncher
11-29 09:21:03.450 1491 2068 I wm_destroy_activity: [0,209119291,429,com.android.gallery3d/.app.GalleryActivity,finish-imm:completePausedLocked]
11-29 09:21:03.463 13671 13671 I wm_on_top_resumed_gained_called: [254362067,com.android.launcher3.uioverrides.QuickstepLauncher,topStateChangedWhenResumed]
11-29 09:21:03.470 1491 1599 I sysui_multi_action: [757,803,799,window_time_0,802,6]
11-29 09:21:03.480 15636 15636 I wm_on_stop_called: [209119291,com.android.gallery3d.app.GalleryActivity,LIFECYCLER_STOP_ACTIVITY]
11-29 09:21:03.484 16043 16059 W ContextImpl: Calling a method in the system process without a qualified user: android.app.ContextImpl.startService:1816 android.content.ContextWrapper.startService:774 com.thundercomm.gamemode.ingame.services.GameModeActionUtils.startGameModeService:93 com.thundercomm.gamemode.ingame.services.GameModeActionUtils.startGameModeEntry:21 com.thundercomm.gamemode.ingame.services.ActivityMonitoringService$1.onActivityLaunch:127
11-29 09:21:03.489 15636 15636 I wm_on_destroy_called: [209119291,com.android.gallery3d.app.GalleryActivity,performDestroy]
11-29 09:21:03.495 1491 1491 I GameModeConfig: Current uri is uri = content://com.thundercomm.gamemode.api/gamemode_settings/gamemode_isgaming
11-29 09:21:03.499 1491 1491 I GameModeConfig: isGameModeOn = false
11-29 09:21:03.500 1491 1491 I GameModeConfig: isGameModeOn = false
11-29 09:21:03.500 1491 1491 I GameModeConfig: isDisableVoice = true
11-29 09:21:03.563 16043 16059 W ContextImpl: Calling a method in the system process without a qualified user: android.app.ContextImpl.startService:1816 android.content.ContextWrapper.startService:774 com.thundercomm.gamemode.ingame.services.GameModeActionUtils.startGameModeService:93 com.thundercomm.gamemode.ingame.services.GameModeActionUtils.startGameModeEntry:21 com.thundercomm.gamemode.ingame.services.ActivityMonitoringService$1.onActivityLaunch:127
11-29 09:21:03.567 1491 1491 I GameModeConfig: Current uri is uri = content://com.thundercomm.gamemode.api/gamemode_settings/gamemode_isgaming
11-29 09:21:03.570 1491 1491 I GameModeConfig: isGameModeOn = false
11-29 09:21:03.570 1491 1491 I GameModeConfig: isGameModeOn = false
11-29 09:21:03.571 1491 1491 I GameModeConfig: isDisableVoice = true
11-29 09:21:03.579 1491 5277 I ActivityTaskManager: START u0 {act=android.intent.action.MAIN cat=[android.intent.category.HOME] flg=0x10000000 cmp=com.android.launcher3/.uioverrides.QuickstepLauncher} from uid 10077
11-29 09:21:03.580 1491 5277 I wm_new_intent: [0,254362067,41,com.android.launcher3/.uioverrides.QuickstepLauncher,android.intent.action.MAIN,NULL,NULL,268435712]
11-29 09:21:03.580 1491 5277 I wm_task_moved: [32,1,9]
11-29 09:21:03.581 1491 5277 I wm_set_resumed_activity: [0,com.android.launcher3/.uioverrides.QuickstepLauncher,positionChildAt]
11-29 09:21:03.584 13671 13671 I wm_on_top_resumed_lost_called: [254362067,com.android.launcher3.uioverrides.QuickstepLauncher,pausing]
11-29 09:21:03.584 13671 13671 I wm_on_paused_called: [254362067,com.android.launcher3.uioverrides.QuickstepLauncher,performPause]
11-29 09:21:03.586 13671 13671 I wm_on_resume_called: [254362067,com.android.launcher3.uioverrides.QuickstepLauncher,LIFECYCLER_RESUME_ACTIVITY]
11-29 09:21:03.586 13671 13671 I wm_on_top_resumed_gained_called: [254362067,com.android.launcher3.uioverrides.QuickstepLauncher,topWhenResuming]
11-29 09:21:03.600 1491 11109 W ContextImpl: Calling a method in the system process without a qualified user: android.app.ContextImpl.startActivity:1067 com.android.server.wm.FreeFormWindowHelper.exitRecentTasks:423 com.android.server.wm.ActivityTaskManagerService.exitRecentTasks:3795 android.app.IActivityTaskManager$Stub.onTransact:2307 com.android.server.wm.ActivityTaskManagerService.onTransact:5046
11-29 09:21:03.601 1491 11109 I ActivityTaskManager: START u0 {act=android.intent.action.MAIN cat=[android.intent.category.LAUNCHER] flg=0x10200000 cmp=com.android.gallery3d/.app.GalleryActivity} from uid 1000
11-29 09:21:03.603 1491 11109 I wm_task_created: [430,-1]
11-29 09:21:03.603 1491 11109 W ActivityTaskManager: Can't find TaskDisplayArea to determine support for multi window. Task id=430 attached=false
11-29 09:21:03.604 1491 11109 D FreeFormWindowHelper: Add freeform task=Task{31b48ef #430 type=standard ?? U=0 visible=false mode=freeform translucent=true sz=0}
11-29 09:21:03.607 1491 11109 I wm_task_moved: [430,1,10]
11-29 09:21:03.607 1491 11109 I wm_task_to_front: [0,430]
11-29 09:21:03.608 1491 11109 I wm_create_task: [0,430]
11-29 09:21:03.608 1491 11109 I wm_create_activity: [0,261176538,430,com.android.gallery3d/.app.GalleryActivity,android.intent.action.MAIN,NULL,NULL,270532608]
11-29 09:21:03.608 1491 11109 I wm_task_moved: [430,1,10]
11-29 09:21:03.609 1491 11109 I ActivityTaskManager: FOREGROUND_APPLICATION_CHANGED to com.android.gallery3d.app.GalleryActivity
11-29 09:21:03.609 1491 11109 I ActivityTaskManager: The Process com.android.gallery3d Already Exists in BG. So sending its PID: 15636
11-29 09:21:03.612 1491 11109 W ActivityTaskManager: Tried to set launchTime (0) < mLastActivityLaunchTime (22035608)
11-29 09:21:03.613 1491 11109 I wm_restart_activity: [0,261176538,430,com.android.gallery3d/.app.GalleryActivity]
11-29 09:21:03.615 1491 11109 I wm_set_resumed_activity: [0,com.android.gallery3d/.app.GalleryActivity,minimalResumeActivityLocked]
11-29 09:21:03.615 1491 11109 I ActivityTaskManager: Add Task{3bb480f #429 type=standard A=10068:com.android.gallery3d U=0 visible=false mode=freeform translucent=true sz=1} to hidden list because adding Task{31b48ef #430 type=standard A=10068:com.android.gallery3d U=0 visible=true mode=freeform translucent=false sz=1}
11-29 09:21:03.623 13671 13671 I wm_on_top_resumed_lost_called: [254362067,com.android.launcher3.uioverrides.QuickstepLauncher,topStateChangedWhenResumed]
11-29 09:21:03.640 16043 16059 W ContextImpl: Calling a method in the system process without a qualified user: android.app.ContextImpl.startService:1816 android.content.ContextWrapper.startService:774 com.thundercomm.gamemode.ingame.services.GameModeActionUtils.startGameModeService:93 com.thundercomm.gamemode.ingame.services.GameModeActionUtils.startGameModeEntry:21 com.thundercomm.gamemode.ingame.services.ActivityMonitoringService$1.onActivityLaunch:127
11-29 09:21:03.646 1491 1491 I GameModeConfig: Current uri is uri = content://com.thundercomm.gamemode.api/gamemode_settings/gamemode_isgaming
11-29 09:21:03.648 1491 1491 I GameModeConfig: isGameModeOn = false
11-29 09:21:03.648 1491 1491 I GameModeConfig: isGameModeOn = false
11-29 09:21:03.648 1491 1491 I GameModeConfig: isDisableVoice = true
11-29 09:21:03.663 15636 15636 I wm_on_create_called: [261176538,com.android.gallery3d.app.GalleryActivity,performCreate]
11-29 09:21:03.664 15636 15636 I wm_on_start_called: [261176538,com.android.gallery3d.app.GalleryActivity,handleStartActivity]
11-29 09:21:03.667 15636 15636 I wm_on_resume_called: [261176538,com.android.gallery3d.app.GalleryActivity,RESUME_ACTIVITY]
11-29 09:21:03.669 1491 8786 W WindowManager: Failed looking up window session=Session{56813ad 15636:u0a10068} callers=com.android.server.wm.WindowManagerService.windowForClientLocked:5628 com.android.server.wm.Session.insetsModified:629 android.view.IWindowSession$Stub.onTransact:1151
11-29 09:21:03.671 15636 15636 I wm_on_top_resumed_gained_called: [261176538,com.android.gallery3d.app.GalleryActivity,topStateChangedWhenResumed]
11-29 09:21:03.678 1491 5277 W WindowManager: updateScale3.9143732
11-29 09:21:03.685 1491 1600 I input_focus: [Focus request b696294 com.android.gallery3d/com.android.gallery3d.app.GalleryActivity,reason=UpdateInputWindows]
11-29 09:21:03.685 1491 1760 I GameModeConfig: isGameModeOn = false
11-29 09:21:03.686 1491 1760 I GameModeConfig: isGameModeOn = false
11-29 09:21:03.687 1491 1760 I GameModeConfig: isGameModeOn = false
11-29 09:21:03.687 1491 1760 I GameModeConfig: isGameModeOn = false
11-29 09:21:03.687 1491 1760 I GameModeConfig: isGameModeOn = false
11-29 09:21:03.687 1491 1760 I GameModeConfig: isGameModeOn = false
11-29 09:21:03.688 17439 17439 I sysui_multi_action: [757,111,758,2]
11-29 09:21:03.688 1491 1491 I notification_enqueue: [10082,17439,com.android.systemui,2048,NULL,0,Notification(channel=updateNotification shortcut=null contentView=null vibrate=null sound=null defaults=0x0 flags=0x0 color=0x00000000 vis=PRIVATE),1]
11-29 09:21:03.688 17439 17439 I sysui_multi_action: [757,111,758,2]
11-29 09:21:03.696 1491 1599 W WindowManager: updateScale3.9143732
11-29 09:21:03.705 17439 17439 I sysui_multi_action: [757,111,758,1]
11-29 09:21:03.706 17439 17439 I sysui_multi_action: [757,126,758,1,759,126,927,0,928,1,1593,0]
11-29 09:21:03.706 17439 17439 I sysui_multi_action: [757,113,758,1,759,113,927,1,928,1,1593,0]
11-29 09:21:03.706 17439 17439 I sysui_multi_action: [757,0,758,1,759,0,927,2,928,0,1593,0]
11-29 09:21:03.706 17439 17439 I sysui_multi_action: [757,0,758,1,759,0,927,3,928,0,1593,0]
11-29 09:21:03.706 17439 17439 I sysui_multi_action: [757,491,758,1,759,491,927,4,928,0,1311,-1,1593,0]
11-29 09:21:03.706 17439 17439 I sysui_multi_action: [757,0,758,1,759,0,927,5,928,0,1593,0]
11-29 09:21:03.706 17439 17439 I sysui_multi_action: [757,111,758,1]
11-29 09:21:03.706 17439 17439 I sysui_multi_action: [757,126,758,1,759,126,927,0,928,1,1593,0]
11-29 09:21:03.707 17439 17439 I sysui_multi_action: [757,113,758,1,759,113,927,1,928,1,1593,0]
11-29 09:21:03.707 17439 17439 I sysui_multi_action: [757,0,758,1,759,0,927,2,928,0,1593,0]
11-29 09:21:03.707 17439 17439 I sysui_multi_action: [757,0,758,1,759,0,927,3,928,0,1593,0]
11-29 09:21:03.713 1491 1693 I input_focus: [Focus leaving 59b7b66 com.android.launcher3/com.android.launcher3.uioverrides.QuickstepLauncher (server),reason=Waiting for window because NOT_VISIBLE]
11-29 09:21:03.728 1491 1600 W WindowManager: updateScale3.9143732
11-29 09:21:03.732 1491 1600 W WindowManager: updateScale3.9143732
11-29 09:21:03.735 1491 1600 W WindowManager: updateScale3.9143732
11-29 09:21:03.738 1491 1600 W WindowManager: updateScale3.9143732
11-29 09:21:03.740 1491 1599 W WindowManager: updateScale3.9143732
11-29 09:21:03.742 1491 1596 I sysui_multi_action: [319,134,322,133,325,22042,757,761,758,8,759,2,806,com.android.gallery3d,871,com.android.gallery3d.app.GalleryActivity,904,android,905,0,1320,4,1321,1]
11-29 09:21:03.743 1491 1600 I wm_task_removed: [429,removeChild:removeChild last r=ActivityRecord{c76e83b u0 com.android.gallery3d/.app.GalleryActivity t-1 f}} in t=Task{3bb480f #429 type=standard A=10068:com.android.gallery3d U=0 visible=false mode=freeform translucent=true sz=0}]
11-29 09:21:03.743 1491 1600 I wm_task_removed: [429,removeChild]
11-29 09:21:03.744 1491 1596 I wm_activity_launch_time: [0,261176538,com.android.gallery3d/.app.GalleryActivity,133]
11-29 09:21:03.746 1491 1693 I input_focus: [Focus entering b696294 com.android.gallery3d/com.android.gallery3d.app.GalleryActivity (server),reason=Window became focusable. Previous reason: NOT_VISIBLE]
11-29 09:21:03.843 1491 1693 I input_interaction: Interaction with: b696294 com.android.gallery3d/com.android.gallery3d.app.GalleryActivity (server), edge-swipe (server), swipe-up (server), PointerEventDispatcher0 (server),
11-29 09:21:03.865 15636 15636 I view_enqueue_input_event: [Motion - Cancel,com.android.gallery3d/com.android.gallery3d.app.GalleryActivity]
11-29 09:21:03.869 1491 1693 I input_interaction: Interaction with: edge-swipe (server), swipe-up (server), PointerEventDispatcher0 (server),
11-29 09:21:03.895 1491 1491 I GameModeConfig: isGameModeOn = false
11-29 09:21:03.896 1491 1491 I sysui_multi_action: [757,1501,758,1,793,2895208,794,0,795,210,796,2048,806,com.android.systemui,857,updateNotification,858,3,947,0,1500,0,1688,1]
11-29 09:21:03.897 1491 1491 I sysui_multi_action: [757,804,799,note_interruptive,801,0,802,1]
11-29 09:21:03.897 1491 1491 I sysui_multi_action: [757,199,758,1,759,2,793,2895209,794,0,795,211,796,2048,806,com.android.systemui,857,updateNotification,858,3,947,0,1500,1,1688,1]
11-29 09:21:03.897 1491 1491 I notification_alert: [0|com.android.systemui|2048|null|10082,0,1,0]
11-29 09:21:03.903 1491 1491 W NotificationHistory: Attempted to add notif for locked/gone/disabled user 0
11-29 09:21:04.014 1491 1600 W WindowManager: updateScale3.9143732
11-29 09:21:04.066 1491 2923 I ActivityTaskManager: START u0 {act=android.intent.action.MAIN cat=[android.intent.category.HOME] flg=0x10000000 cmp=com.android.launcher3/.uioverrides.QuickstepLauncher} from uid 10077
11-29 09:21:04.068 1491 2923 I wm_task_moved: [32,1,9]
11-29 09:21:04.071 15636 15636 I wm_on_top_resumed_lost_called: [261176538,com.android.gallery3d.app.GalleryActivity,topStateChangedWhenResumed]
11-29 09:21:04.072 1491 2923 I wm_set_resumed_activity: [0,com.android.launcher3/.uioverrides.QuickstepLauncher,positionChildAt]
11-29 09:21:04.072 1491 2923 I wm_task_moved: [41,1,2147483647]
11-29 09:21:04.072 1491 2923 I wm_task_to_front: [0,41]
11-29 09:21:04.072 1491 2923 I wm_focused_root_task: [0,0,32,430,bringingFoundTaskToFront]
11-29 09:21:04.072 1491 2923 I wm_set_resumed_activity: [0,com.android.launcher3/.uioverrides.QuickstepLauncher,bringingFoundTaskToFront]
11-29 09:21:04.073 1491 2923 I wm_new_intent: [0,254362067,41,com.android.launcher3/.uioverrides.QuickstepLauncher,android.intent.action.MAIN,NULL,NULL,268435712]
11-29 09:21:04.073 1491 2923 I wm_task_moved: [32,1,9]
11-29 09:21:04.073 1491 2923 I wm_set_resumed_activity: [0,com.android.launcher3/.uioverrides.QuickstepLauncher,positionChildAt]
11-29 09:21:04.074 1491 2923 I ActivityTaskManager: FOREGROUND_APPLICATION_CHANGED to com.android.launcher3.uioverrides.QuickstepLauncher
11-29 09:21:04.074 1491 2923 W WindowManager: updateScale3.9143732
11-29 09:21:04.084 1491 2923 W WindowManager: updateScale3.9143732
11-29 09:21:04.087 1491 1600 I input_focus: [Focus request 59b7b66 com.android.launcher3/com.android.launcher3.uioverrides.QuickstepLauncher,reason=UpdateInputWindows]
11-29 09:21:04.087 13671 13671 I wm_on_paused_called: [254362067,com.android.launcher3.uioverrides.QuickstepLauncher,performPause]
11-29 09:21:04.090 13671 13671 I wm_on_resume_called: [254362067,com.android.launcher3.uioverrides.QuickstepLauncher,LIFECYCLER_RESUME_ACTIVITY]
11-29 09:21:04.091 13671 13671 I wm_on_top_resumed_gained_called: [254362067,com.android.launcher3.uioverrides.QuickstepLauncher,topStateChangedWhenResumed]
11-29 09:21:04.100 1491 1693 I input_focus: [Focus leaving b696294 com.android.gallery3d/com.android.gallery3d.app.GalleryActivity (server),reason=setFocusedWindow]
11-29 09:21:04.100 1491 1693 I input_focus: [Focus entering 59b7b66 com.android.launcher3/com.android.launcher3.uioverrides.QuickstepLauncher (server),reason=setFocusedWindow]
11-29 09:21:04.456 1491 1693 I input_interaction: Interaction with: b696294 com.android.gallery3d/com.android.gallery3d.app.GalleryActivity (server), edge-swipe (server), swipe-up (server), PointerEventDispatcher0 (server),
11-29 09:21:04.457 1491 1599 I wm_task_moved: [430,1,9]
11-29 09:21:04.457 1491 1599 I wm_task_to_front: [0,430]
11-29 09:21:04.459 1491 1599 W WindowManager: updateScale3.9143732
11-29 09:21:04.462 1491 1599 I wm_set_resumed_activity: [0,com.android.gallery3d/.app.GalleryActivity,positionChildAt]
11-29 09:21:04.463 1491 1599 I wm_focused_root_task: [0,0,430,32,setFocusedTask]
11-29 09:21:04.463 1491 1599 I wm_set_resumed_activity: [0,com.android.gallery3d/.app.GalleryActivity,setFocusedTask]
11-29 09:21:04.463 1491 1599 I ActivityTaskManager: FOREGROUND_APPLICATION_CHANGED to com.android.gallery3d.app.GalleryActivity
11-29 09:21:04.466 1491 1600 I input_focus: [Focus request b696294 com.android.gallery3d/com.android.gallery3d.app.GalleryActivity,reason=UpdateInputWindows]
11-29 09:21:04.479 15636 15636 I view_enqueue_input_event: [Motion - Cancel,com.android.gallery3d/com.android.gallery3d.app.GalleryActivity]
11-29 09:21:04.480 13671 13671 I wm_on_top_resumed_lost_called: [254362067,com.android.launcher3.uioverrides.QuickstepLauncher,topStateChangedWhenResumed]
11-29 09:21:04.482 15636 15636 I wm_on_top_resumed_gained_called: [261176538,com.android.gallery3d.app.GalleryActivity,topStateChangedWhenResumed]
11-29 09:21:04.483 1491 1693 I input_interaction: Interaction with: edge-swipe (server), swipe-up (server), PointerEventDispatcher0 (server),
11-29 09:21:04.485 1491 1693 I input_focus: [Focus leaving 59b7b66 com.android.launcher3/com.android.launcher3.uioverrides.QuickstepLauncher (server),reason=setFocusedWindow]
11-29 09:21:04.485 1491 1693 I input_focus: [Focus entering b696294 com.android.gallery3d/com.android.gallery3d.app.GalleryActivity (server),reason=setFocusedWindow]
11-29 09:21:04.674 1491 1673 I commit_sys_config_file: [settings-1-0,7]
11-29 09:21:04.952 1491 1673 I commit_sys_config_file: [settings-1-0,4]
11-29 09:21:05.079 0 0 I auditd : type=1400 audit(0.0:24269): avc: denied { kill } for comm="swapper/0" capability=5 scontext=u:r:kernel:s0 tcontext=u:r:kernel:s0 tclass=capability permissive=0
11-29 09:21:06.079 0 0 I auditd : type=1400 audit(0.0:24270): avc: denied { kill } for comm="swapper/0" capability=5 scontext=u:r:kernel:s0 tcontext=u:r:kernel:s0 tclass=capability permissive=0
11-29 09:21:06.547 1491 1693 I input_interaction: Interaction with: b696294 com.android.gallery3d/com.android.gallery3d.app.GalleryActivity (server), edge-swipe (server), swipe-up (server), PointerEventDispatcher0 (server),
11-29 09:21:06.658 1491 8786 I wm_finish_activity: [0,261176538,430,com.android.gallery3d/.app.GalleryActivity,finish-activity]
11-29 09:21:06.659 1491 8786 I wm_task_moved: [32,1,9]
11-29 09:21:06.665 1491 8786 I wm_set_resumed_activity: [0,com.android.launcher3/.uioverrides.QuickstepLauncher,positionChildAt]
11-29 09:21:06.665 1491 8786 I wm_task_moved: [41,1,2147483647]
11-29 09:21:06.665 1491 8786 I wm_task_to_front: [0,41]
11-29 09:21:06.665 1491 8786 I wm_focused_root_task: [0,0,32,-1,finish-top adjustFocusToNextFocusableTask]
11-29 09:21:06.665 1491 8786 I wm_set_resumed_activity: [0,com.android.launcher3/.uioverrides.QuickstepLauncher,finish-top]
11-29 09:21:06.677 1491 8786 I wm_pause_activity: [0,261176538,com.android.gallery3d/.app.GalleryActivity,userLeaving=false,finish]
11-29 09:21:06.686 1491 1600 I input_focus: [Focus request 59b7b66 com.android.launcher3/com.android.launcher3.uioverrides.QuickstepLauncher,reason=UpdateInputWindows]
11-29 09:21:06.686 15636 15636 I wm_on_top_resumed_lost_called: [261176538,com.android.gallery3d.app.GalleryActivity,topStateChangedWhenResumed]
11-29 09:21:06.688 13671 13671 I wm_on_top_resumed_gained_called: [254362067,com.android.launcher3.uioverrides.QuickstepLauncher,topStateChangedWhenResumed]
11-29 09:21:06.693 1491 1599 I sysui_multi_action: [757,803,799,window_time_0,802,4]
11-29 09:21:06.707 15636 15636 I wm_on_paused_called: [261176538,com.android.gallery3d.app.GalleryActivity,performPause]
11-29 09:21:06.710 1491 11109 I ActivityTaskManager: FOREGROUND_APPLICATION_CHANGED to com.android.launcher3.uioverrides.QuickstepLauncher
11-29 09:21:06.710 1491 11109 I wm_destroy_activity: [0,261176538,430,com.android.gallery3d/.app.GalleryActivity,finish-imm:completePausedLocked]
11-29 09:21:06.721 1491 1693 I input_focus: [Focus leaving b696294 com.android.gallery3d/com.android.gallery3d.app.GalleryActivity (server),reason=NO_WINDOW]
11-29 09:21:06.722 1491 1693 I input_focus: [Focus entering 59b7b66 com.android.launcher3/com.android.launcher3.uioverrides.QuickstepLauncher (server),reason=setFocusedWindow]
11-29 09:21:06.725 1491 1599 I sysui_multi_action: [757,803,799,window_time_0,802,0]
11-29 09:21:06.751 16043 16059 W ContextImpl: Calling a method in the system process without a qualified user: android.app.ContextImpl.startService:1816 android.content.ContextWrapper.startService:774 com.thundercomm.gamemode.ingame.services.GameModeActionUtils.startGameModeService:93 com.thundercomm.gamemode.ingame.services.GameModeActionUtils.startGameModeEntry:21 com.thundercomm.gamemode.ingame.services.ActivityMonitoringService$1.onActivityLaunch:127
11-29 09:21:06.756 15636 15636 I wm_on_stop_called: [261176538,com.android.gallery3d.app.GalleryActivity,LIFECYCLER_STOP_ACTIVITY]
11-29 09:21:06.758 1491 1491 I GameModeConfig: Current uri is uri = content://com.thundercomm.gamemode.api/gamemode_settings/gamemode_isgaming
11-29 09:21:06.764 15636 15636 I wm_on_destroy_called: [261176538,com.android.gallery3d.app.GalleryActivity,performDestroy]
11-29 09:21:06.765 1491 1491 I GameModeConfig: isGameModeOn = false
11-29 09:21:06.765 1491 1491 I GameModeConfig: isGameModeOn = false
11-29 09:21:06.765 1491 1491 I GameModeConfig: isDisableVoice = true
11-29 09:21:06.825 16043 16059 W ContextImpl: Calling a method in the system process without a qualified user: android.app.ContextImpl.startService:1816 android.content.ContextWrapper.startService:774 com.thundercomm.gamemode.ingame.services.GameModeActionUtils.startGameModeService:93 com.thundercomm.gamemode.ingame.services.GameModeActionUtils.startGameModeEntry:21 com.thundercomm.gamemode.ingame.services.ActivityMonitoringService$1.onActivityLaunch:127
11-29 09:21:06.832 1491 1491 I GameModeConfig: Current uri is uri = content://com.thundercomm.gamemode.api/gamemode_settings/gamemode_isgaming
11-29 09:21:06.835 1491 1491 I GameModeConfig: isGameModeOn = false
11-29 09:21:06.836 1491 1491 I GameModeConfig: isGameModeOn = false
11-29 09:21:06.836 1491 1491 I GameModeConfig: isDisableVoice = true
11-29 09:21:07.018 1491 1600 I wm_task_removed: [430,removeChild:removeChild last r=ActivityRecord{f913cda u0 com.android.gallery3d/.app.GalleryActivity t-1 f}} in t=Task{31b48ef #430 type=standard A=10068:com.android.gallery3d U=0 visible=false mode=freeform translucent=true sz=0}]
11-29 09:21:07.018 1491 1600 I wm_task_removed: [430,removeChild]
11-29 09:21:07.018 1491 1600 D FreeFormWindowHelper: Remove freefrom task=Task{31b48ef #430 type=standard A=10068:com.android.gallery3d U=0 visible=false mode=freeform translucent=true sz=0}
11-29 09:21:07.079 0 0 I auditd : type=1400 audit(0.0:24271): avc: denied { kill } for comm="swapper/1" capability=5 scontext=u:r:kernel:s0 tcontext=u:r:kernel:s0 tclass=capability permissive=0
11-29 09:21:07.199 1491 1760 I GameModeConfig: isGameModeOn = false
11-29 09:21:07.395 1491 1760 I GameModeConfig: isGameModeOn = false
11-29 09:21:08.079 0 0 I auditd : type=1400 audit(0.0:24272): avc: denied { kill } for comm="swapper/1" capability=5 scontext=u:r:kernel:s0 tcontext=u:r:kernel:s0 tclass=capability permissive=0
11-29 09:21:09.079 0 0 I auditd : type=1400 audit(0.0:24273): avc: denied { kill } for comm="swapper/1" capability=5 scontext=u:r:kernel:s0 tcontext=u:r:kernel:s0 tclass=capability permissive=0
11-29 09:21:10.079 0 0 I auditd : type=1400 audit(0.0:24274): avc: denied { kill } for comm="swapper/1" capability=5 scontext=u:r:kernel:s0 tcontext=u:r:kernel:s0 tclass=capability permissive=0
11-29 09:21:10.222 1491 1760 I GameModeConfig: isGameModeOn = false
11-29 09:21:10.235 1491 1760 I GameModeConfig: isGameModeOn = false
11-29 09:21:10.268 1491 1760 I GameModeConfig: isGameModeOn = false
11-29 09:21:10.283 1491 1760 I GameModeConfig: isGameModeOn = false
11-29 09:21:10.305 1491 1760 I GameModeConfig: isGameModeOn = false
11-29 09:21:10.349 1491 1760 I GameModeConfig: isGameModeOn = false
11-29 09:21:10.377 1491 1760 I GameModeConfig: isGameModeOn = false
11-29 09:21:10.403 1491 1760 I GameModeConfig: isGameModeOn = false
11-29 09:21:10.412 1491 1760 I GameModeConfig: isGameModeOn = false
11-29 09:21:10.443 1491 1760 I GameModeConfig: isGameModeOn = false
11-29 09:21:10.476 1491 1760 I GameModeConfig: isGameModeOn = false
11-29 09:21:10.491 1491 1760 I GameModeConfig: isGameModeOn = false
11-29 09:21:10.510 1491 1760 I GameModeConfig: isGameModeOn = false
11-29 09:21:10.556 1491 1760 I GameModeConfig: isGameModeOn = false
11-29 09:21:10.580 1491 1760 I GameModeConfig: isGameModeOn = false
11-29 09:21:10.605 1491 1760 I GameModeConfig: isGameModeOn = false
11-29 09:21:11.047 1491 1760 I GameModeConfig: isGameModeOn = false
11-29 09:21:11.083 1491 1760 I GameModeConfig: isGameModeOn = false
11-29 09:21:11.079 0 0 I auditd : type=1400 audit(0.0:24275): avc: denied { kill } for comm="swapper/1" capability=5 scontext=u:r:kernel:s0 tcontext=u:r:kernel:s0 tclass=capability permissive=0
11-29 09:21:11.097 1491 1760 I GameModeConfig: isGameModeOn = false
11-29 09:21:11.108 1491 1760 I GameModeConfig: isGameModeOn = false
11-29 09:21:11.119 1491 1760 I GameModeConfig: isGameModeOn = false
11-29 09:21:11.136 1491 1760 I GameModeConfig: isGameModeOn = false
11-29 09:21:11.155 1491 1760 I GameModeConfig: isGameModeOn = false
11-29 09:21:11.169 1491 1760 I GameModeConfig: isGameModeOn = false
