11-29 09:20:42.048 1491 2068 I wm_set_resumed_activity: [0,com.android.gallery3d/.app.GalleryActivity,minimalResumeActivityLocked]
11-29 09:20:42.055 1491 1599 I sysui_multi_action: [757,803,799,window_time_2,802,1]
11-29 09:20:42.075 15636 15636 I wm_on_create_called: [83053699,com.android.gallery3d.app.GalleryActivity,performCreate]
11-29 09:20:42.078 15636 15636 I wm_on_start_called: [83053699,com.android.gallery3d.app.GalleryActivity,handleStartActivity]
11-29 09:20:42.079 15636 15636 I wm_on_resume_called: [83053699,com.android.gallery3d.app.GalleryActivity,RESUME_ACTIVITY]
11-29 09:20:42.082 15636 15636 I wm_on_top_resumed_gained_called: [83053699,com.android.gallery3d.app.GalleryActivity,topStateChangedWhenResumed]
11-29 09:20:42.094 1491 2923 W WindowManager: updateScale0.7996942
11-29 09:20:42.094 1491 2923 W WindowManager: updateScale0.7996942
11-29 09:20:42.094 1491 2923 W WindowManager: updateScale0.7996942
11-29 09:20:42.094 1491 2923 W WindowManager: updateScale0.7996942
11-29 09:20:42.102 1491 1600 I input_focus: [Focus request 88baa2c com.android.gallery3d/com.android.gallery3d.app.GalleryActivity,reason=UpdateInputWindows]
11-29 09:20:42.110 1491 1600 W WindowManager: updateScale0.7996942
11-29 09:20:42.110 1491 1600 W WindowManager: updateScale0.7996942
11-29 09:20:42.110 1491 1600 W WindowManager: updateScale0.7996942
11-29 09:20:42.110 1491 1600 W WindowManager: updateScale0.7996942
11-29 09:20:42.128 1491 1693 I input_focus: [Focus leaving bc3c9fc com.android.gallery3d/com.android.gallery3d.app.GalleryActivity (server),reason=Waiting for window because NOT_VISIBLE]
11-29 09:20:42.145 1491 1600 W WindowManager: updateScale0.7996942
11-29 09:20:42.145 1491 1600 W WindowManager: updateScale0.7996942
11-29 09:20:42.145 1491 1600 W WindowManager: updateScale0.7996942
11-29 09:20:42.145 1491 1600 W WindowManager: updateScale0.7996942
11-29 09:20:42.149 1491 1596 I wm_activity_launch_time: [0,83053699,com.android.gallery3d/.app.GalleryActivity,135]
11-29 09:20:42.149 1491 1600 W WindowManager: updateScale0.7996942
11-29 09:20:42.149 1491 1600 W WindowManager: updateScale0.7996942
11-29 09:20:42.149 1491 1600 W WindowManager: updateScale0.7996942
11-29 09:20:42.149 1491 1600 W WindowManager: updateScale0.7996942
11-29 09:20:42.161 16043 16059 W ContextImpl: Calling a method in the system process without a qualified user: android.app.ContextImpl.startService:1816 android.content.ContextWrapper.startService:774 com.thundercomm.gamemode.ingame.services.GameModeActionUtils.startGameModeService:93 com.thundercomm.gamemode.ingame.services.GameModeActionUtils.startGameModeEntry:21 com.thundercomm.gamemode.ingame.services.ActivityMonitoringService$1.onActivityLaunch:127
11-29 09:20:42.163 1491 1693 I input_focus: [Focus entering 88baa2c com.android.gallery3d/com.android.gallery3d.app.GalleryActivity (server),reason=Window became focusable. Previous reason: NOT_VISIBLE]
11-29 09:20:42.168 1491 1491 I GameModeConfig: Current uri is uri = content://com.thundercomm.gamemode.api/gamemode_settings/gamemode_isgaming
11-29 09:20:42.170 1491 1491 I GameModeConfig: isGameModeOn = false
11-29 09:20:42.170 1491 1491 I GameModeConfig: isGameModeOn = false
11-29 09:20:42.170 1491 1491 I GameModeConfig: isDisableVoice = true
11-29 09:20:42.720 1491 1600 W WindowManager: updateScale0.7996942
11-29 09:20:42.720 1491 1600 W WindowManager: updateScale0.7996942
11-29 09:20:42.720 1491 1600 W WindowManager: updateScale0.7996942
11-29 09:20:42.720 1491 1600 W WindowManager: updateScale0.7996942
11-29 09:20:43.079 0 0 I auditd : type=1400 audit(0.0:24255): avc: denied { kill } for comm="swapper/2" capability=5 scontext=u:r:kernel:s0 tcontext=u:r:kernel:s0 tclass=capability permissive=0
11-29 09:20:43.278 1491 2068 I ActivityTaskManager: START u0 {act=android.intent.action.MAIN cat=[android.intent.category.LAUNCHER] flg=0x10200000 cmp=com.android.gallery3d/.app.GalleryActivity bnds=[2308,340][2494,540]} from uid 10077
11-29 09:20:43.283 1491 2068 I wm_task_moved: [427,1,9]
11-29 09:20:43.283 1491 2068 I wm_set_resumed_activity: [0,com.android.gallery3d/.app.GalleryActivity,positionChildAt]
11-29 09:20:43.283 1491 2068 I wm_create_activity: [0,202398835,427,com.android.gallery3d/.app.GalleryActivity,android.intent.action.MAIN,NULL,NULL,270532608]
11-29 09:20:43.287 1491 2068 I wm_pause_activity: [0,83053699,com.android.gallery3d/.app.GalleryActivity,userLeaving=true,resumeTopActivityInnerLocked]
11-29 09:20:43.288 15636 15636 I wm_on_top_resumed_lost_called: [83053699,com.android.gallery3d.app.GalleryActivity,topStateChangedWhenResumed]
11-29 09:20:43.288 1491 2068 W WindowManager: updateScale0.7996942
11-29 09:20:43.288 1491 2068 W WindowManager: updateScale0.7996942
11-29 09:20:43.288 1491 2068 W WindowManager: updateScale0.7996942
11-29 09:20:43.288 1491 2068 W WindowManager: updateScale0.7996942
11-29 09:20:43.311 15636 15636 I wm_on_paused_called: [83053699,com.android.gallery3d.app.GalleryActivity,performPause]
11-29 09:20:43.312 1491 1524 I ActivityTaskManager: The Process com.android.gallery3d Already Exists in BG. So sending its PID: 15636
11-29 09:20:43.313 1491 1524 W ActivityTaskManager: Tried to set launchTime (0) < mLastActivityLaunchTime (22020524)
11-29 09:20:43.315 1491 1524 I wm_restart_activity: [0,202398835,427,com.android.gallery3d/.app.GalleryActivity]
11-29 09:20:43.321 1491 1524 I wm_set_resumed_activity: [0,com.android.gallery3d/.app.GalleryActivity,minimalResumeActivityLocked]
11-29 09:20:43.328 1491 1599 I sysui_multi_action: [757,803,799,window_time_2,802,1]
11-29 09:20:43.342 15636 15636 I wm_on_create_called: [202398835,com.android.gallery3d.app.GalleryActivity,performCreate]
11-29 09:20:43.344 15636 15636 I wm_on_start_called: [202398835,com.android.gallery3d.app.GalleryActivity,handleStartActivity]
11-29 09:20:43.348 15636 15636 I wm_on_resume_called: [202398835,com.android.gallery3d.app.GalleryActivity,RESUME_ACTIVITY]
11-29 09:20:43.352 15636 15636 I wm_on_top_resumed_gained_called: [202398835,com.android.gallery3d.app.GalleryActivity,topStateChangedWhenResumed]
11-29 09:20:43.364 1491 2068 W WindowManager: updateScale0.7996942
11-29 09:20:43.364 1491 2068 W WindowManager: updateScale0.7996942
11-29 09:20:43.364 1491 2068 W WindowManager: updateScale0.7996942
11-29 09:20:43.364 1491 2068 W WindowManager: updateScale0.7996942
11-29 09:20:43.364 1491 2068 W WindowManager: updateScale0.7996942
11-29 09:20:43.368 1491 1600 I input_focus: [Focus request ce3f65c com.android.gallery3d/com.android.gallery3d.app.GalleryActivity,reason=UpdateInputWindows]
11-29 09:20:43.379 1491 1600 W WindowManager: updateScale0.7996942
11-29 09:20:43.379 1491 1600 W WindowManager: updateScale0.7996942
11-29 09:20:43.379 1491 1600 W WindowManager: updateScale0.7996942
11-29 09:20:43.380 1491 1600 W WindowManager: updateScale0.7996942
11-29 09:20:43.380 1491 1600 W WindowManager: updateScale0.7996942
11-29 09:20:43.384 1491 1693 I input_focus: [Focus leaving 88baa2c com.android.gallery3d/com.android.gallery3d.app.GalleryActivity (server),reason=Waiting for window because NOT_VISIBLE]
11-29 09:20:43.398 1491 1600 W WindowManager: updateScale0.7996942
11-29 09:20:43.398 1491 1600 W WindowManager: updateScale0.7996942
11-29 09:20:43.398 1491 1600 W WindowManager: updateScale0.7996942
11-29 09:20:43.398 1491 1600 W WindowManager: updateScale0.7996942
11-29 09:20:43.398 1491 1600 W WindowManager: updateScale0.7996942
11-29 09:20:43.403 1491 1596 I wm_activity_launch_time: [0,202398835,com.android.gallery3d/.app.GalleryActivity,123]
11-29 09:20:43.403 1491 1600 W WindowManager: updateScale0.7996942
11-29 09:20:43.403 1491 1600 W WindowManager: updateScale0.7996942
11-29 09:20:43.403 1491 1600 W WindowManager: updateScale0.7996942
11-29 09:20:43.403 1491 1600 W WindowManager: updateScale0.7996942
11-29 09:20:43.403 1491 1600 W WindowManager: updateScale0.7996942
11-29 09:20:43.421 1491 1693 I input_focus: [Focus entering ce3f65c com.android.gallery3d/com.android.gallery3d.app.GalleryActivity (server),reason=Window became focusable. Previous reason: NOT_VISIBLE]
11-29 09:20:43.431 16043 16059 W ContextImpl: Calling a method in the system process without a qualified user: android.app.ContextImpl.startService:1816 android.content.ContextWrapper.startService:774 com.thundercomm.gamemode.ingame.services.GameModeActionUtils.startGameModeService:93 com.thundercomm.gamemode.ingame.services.GameModeActionUtils.startGameModeEntry:21 com.thundercomm.gamemode.ingame.services.ActivityMonitoringService$1.onActivityLaunch:127
11-29 09:20:43.435 1491 1491 I GameModeConfig: Current uri is uri = content://com.thundercomm.gamemode.api/gamemode_settings/gamemode_isgaming
11-29 09:20:43.439 1491 1491 I GameModeConfig: isGameModeOn = false
11-29 09:20:43.440 1491 1491 I GameModeConfig: isGameModeOn = false
11-29 09:20:43.440 1491 1491 I GameModeConfig: isDisableVoice = true
11-29 09:20:43.947 1491 1600 W WindowManager: updateScale0.7996942
11-29 09:20:43.948 1491 1600 W WindowManager: updateScale0.7996942
11-29 09:20:43.948 1491 1600 W WindowManager: updateScale0.7996942
11-29 09:20:43.948 1491 1600 W WindowManager: updateScale0.7996942
11-29 09:20:43.948 1491 1600 W WindowManager: updateScale0.7996942
11-29 09:20:44.848 13671 13671 I view_enqueue_input_event: [Motion - Cancel,com.android.launcher3/com.android.launcher3.uioverrides.QuickstepLauncher]
11-29 09:20:44.856 1491 1693 I input_interaction: Interaction with: edge-swipe (server), swipe-up (server), PointerEventDispatcher0 (server),
11-29 09:20:45.079 0 0 I auditd : type=1400 audit(0.0:24256): avc: denied { kill } for comm="swapper/2" capability=5 scontext=u:r:kernel:s0 tcontext=u:r:kernel:s0 tclass=capability permissive=0
11-29 09:20:45.139 1491 11109 I ActivityTaskManager: START u0 {act=android.intent.action.MAIN cat=[android.intent.category.HOME] flg=0x10000000 cmp=com.android.launcher3/.uioverrides.QuickstepLauncher} from uid 10077
11-29 09:20:45.142 1491 11109 I wm_task_moved: [32,1,9]
11-29 09:20:45.147 15636 15636 I wm_on_top_resumed_lost_called: [202398835,com.android.gallery3d.app.GalleryActivity,topStateChangedWhenResumed]
11-29 09:20:45.147 1491 11109 I wm_set_resumed_activity: [0,com.android.launcher3/.uioverrides.QuickstepLauncher,positionChildAt]
11-29 09:20:45.147 1491 11109 I wm_task_moved: [41,1,2147483647]
11-29 09:20:45.147 1491 11109 I wm_task_to_front: [0,41]
11-29 09:20:45.148 1491 11109 I wm_focused_root_task: [0,0,32,427,bringingFoundTaskToFront]
11-29 09:20:45.148 1491 11109 I wm_set_resumed_activity: [0,com.android.launcher3/.uioverrides.QuickstepLauncher,bringingFoundTaskToFront]
11-29 09:20:45.149 1491 11109 I wm_new_intent: [0,254362067,41,com.android.launcher3/.uioverrides.QuickstepLauncher,android.intent.action.MAIN,NULL,NULL,268435712]
11-29 09:20:45.150 1491 11109 I wm_task_moved: [32,1,9]
11-29 09:20:45.150 1491 11109 I wm_set_resumed_activity: [0,com.android.launcher3/.uioverrides.QuickstepLauncher,positionChildAt]
11-29 09:20:45.150 1491 11109 I ActivityTaskManager: FOREGROUND_APPLICATION_CHANGED to com.android.launcher3.uioverrides.QuickstepLauncher
11-29 09:20:45.151 1491 11109 W WindowManager: updateScale0.7996942
11-29 09:20:45.151 1491 11109 W WindowManager: updateScale0.7996942
11-29 09:20:45.152 1491 11109 W WindowManager: updateScale0.7996942
11-29 09:20:45.152 1491 11109 W WindowManager: updateScale0.7996942
11-29 09:20:45.152 1491 11109 W WindowManager: updateScale0.7996942
11-29 09:20:45.159 1491 11109 W WindowManager: updateScale0.7996942
11-29 09:20:45.159 1491 11109 W WindowManager: updateScale0.7996942
11-29 09:20:45.159 1491 11109 W WindowManager: updateScale0.7996942
11-29 09:20:45.159 1491 11109 W WindowManager: updateScale0.7996942
11-29 09:20:45.159 1491 11109 W WindowManager: updateScale0.7996942
11-29 09:20:45.164 1491 1600 I input_focus: [Focus request 59b7b66 com.android.launcher3/com.android.launcher3.uioverrides.QuickstepLauncher,reason=UpdateInputWindows]
11-29 09:20:45.164 13671 13671 I wm_on_paused_called: [254362067,com.android.launcher3.uioverrides.QuickstepLauncher,performPause]
11-29 09:20:45.178 13671 13671 I wm_on_resume_called: [254362067,com.android.launcher3.uioverrides.QuickstepLauncher,LIFECYCLER_RESUME_ACTIVITY]
11-29 09:20:45.184 13671 13671 I wm_on_top_resumed_gained_called: [254362067,com.android.launcher3.uioverrides.QuickstepLauncher,topStateChangedWhenResumed]
11-29 09:20:45.186 1491 1693 I input_focus: [Focus leaving ce3f65c com.android.gallery3d/com.android.gallery3d.app.GalleryActivity (server),reason=setFocusedWindow]
11-29 09:20:45.186 1491 1693 I input_focus: [Focus entering 59b7b66 com.android.launcher3/com.android.launcher3.uioverrides.QuickstepLauncher (server),reason=setFocusedWindow]
11-29 09:20:45.186 1491 11109 W WindowManager: updateScale0.7996942
11-29 09:20:45.186 1491 11109 W WindowManager: updateScale0.7996942
11-29 09:20:45.186 1491 11109 W WindowManager: updateScale0.7996942
11-29 09:20:45.186 1491 11109 W WindowManager: updateScale0.7996942
11-29 09:20:45.186 1491 11109 W WindowManager: updateScale0.7996942
11-29 09:20:45.494 1491 1693 I input_interaction: Interaction with: 59b7b66 com.android.launcher3/com.android.launcher3.uioverrides.QuickstepLauncher (server), 41aecc7 com.android.systemui.ImageWallpaper (server), edge-swipe (server), swipe-up (server), PointerEventDispatcher0 (server),
11-29 09:20:45.623 13671 13671 I view_enqueue_input_event: [Motion - Cancel,com.android.launcher3/com.android.launcher3.uioverrides.QuickstepLauncher]
11-29 09:20:45.628 1491 1693 I input_interaction: Interaction with: edge-swipe (server), swipe-up (server), PointerEventDispatcher0 (server),
11-29 09:20:45.789 1491 1673 I commit_sys_config_file: [settings-1-0,4]
11-29 09:20:46.079 0 0 I auditd : type=1400 audit(0.0:24257): avc: denied { kill } for comm="swapper/2" capability=5 scontext=u:r:kernel:s0 tcontext=u:r:kernel:s0 tclass=capability permissive=0
11-29 09:20:46.148 1491 1673 I commit_sys_config_file: [settings-1-0,7]
11-29 09:20:47.079 0 0 I auditd : type=1400 audit(0.0:24258): avc: denied { kill } for comm="swapper/2" capability=5 scontext=u:r:kernel:s0 tcontext=u:r:kernel:s0 tclass=capability permissive=0
11-29 09:20:48.079 0 0 I auditd : type=1400 audit(0.0:24259): avc: denied { kill } for comm="swapper/2" capability=5 scontext=u:r:kernel:s0 tcontext=u:r:kernel:s0 tclass=capability permissive=0
11-29 09:20:49.050 1491 1693 I input_interaction: Interaction with: 59b7b66 com.android.launcher3/com.android.launcher3.uioverrides.QuickstepLauncher (server), 41aecc7 com.android.systemui.ImageWallpaper (server), edge-swipe (server), swipe-up (server), PointerEventDispatcher0 (server),
11-29 09:20:49.079 0 0 I auditd : type=1400 audit(0.0:24260): avc: denied { kill } for comm="swapper/2" capability=5 scontext=u:r:kernel:s0 tcontext=u:r:kernel:s0 tclass=capability permissive=0
11-29 09:20:49.097 13671 13671 I view_enqueue_input_event: [Motion - Cancel,com.android.launcher3/com.android.launcher3.uioverrides.QuickstepLauncher]
11-29 09:20:49.098 1491 1693 I input_interaction: Interaction with: edge-swipe (server), swipe-up (server), PointerEventDispatcher0 (server),
11-29 09:20:49.284 1491 1673 I commit_sys_config_file: [settings-1-0,9]
11-29 09:20:49.670 1491 1673 I commit_sys_config_file: [settings-1-0,4]
11-29 09:20:49.784 1491 2068 I wm_finish_activity: [0,202398835,427,com.android.gallery3d/.app.GalleryActivity,app-request]
11-29 09:20:49.803 1491 2068 I wm_pause_activity: [0,202398835,com.android.gallery3d/.app.GalleryActivity,userLeaving=false,finish]
11-29 09:20:49.811 1491 2068 I wm_finish_activity: [0,83053699,427,com.android.gallery3d/.app.GalleryActivity,app-request]
11-29 09:20:49.812 1491 2068 I wm_destroy_activity: [0,83053699,427,com.android.gallery3d/.app.GalleryActivity,finish-imm:finishIfPossible]
11-29 09:20:49.822 1491 2068 W WindowManager: updateScale0.7996942
11-29 09:20:49.822 1491 2068 W WindowManager: updateScale0.7996942
11-29 09:20:49.822 1491 2068 W WindowManager: updateScale0.7996942
11-29 09:20:49.824 1491 2068 I wm_finish_activity: [0,218306707,427,com.android.gallery3d/.app.GalleryActivity,app-request]
11-29 09:20:49.825 1491 2068 I wm_destroy_activity: [0,218306707,427,com.android.gallery3d/.app.GalleryActivity,finish-imm:finishIfPossible]
11-29 09:20:49.826 15636 15636 I wm_on_paused_called: [202398835,com.android.gallery3d.app.GalleryActivity,performPause]
11-29 09:20:49.829 1491 2068 W WindowManager: updateScale0.7996942
11-29 09:20:49.829 1491 2068 W WindowManager: updateScale0.7996942
11-29 09:20:49.834 1491 2923 I wm_destroy_activity: [0,202398835,427,com.android.gallery3d/.app.GalleryActivity,finish-imm:completePausedLocked]
11-29 09:20:49.835 1491 1599 I sysui_multi_action: [757,803,799,window_time_2,802,7]
11-29 09:20:49.837 1491 2068 I wm_finish_activity: [0,23573556,427,com.android.gallery3d/.app.GalleryActivity,app-request]
11-29 09:20:49.838 1491 2068 I wm_destroy_activity: [0,23573556,427,com.android.gallery3d/.app.GalleryActivity,finish-imm:finishIfPossible]
11-29 09:20:49.842 1491 2068 W WindowManager: updateScale0.7996942
11-29 09:20:49.844 1491 2068 I wm_finish_activity: [0,70463514,427,com.android.gallery3d/.app.GalleryActivity,app-request]
11-29 09:20:49.845 1491 2068 I wm_destroy_activity: [0,70463514,427,com.android.gallery3d/.app.GalleryActivity,finish-imm:finishIfPossible]
11-29 09:20:49.851 15636 15636 I wm_on_stop_called: [83053699,com.android.gallery3d.app.GalleryActivity,LIFECYCLER_STOP_ACTIVITY]
11-29 09:20:49.860 15636 15636 I wm_on_destroy_called: [83053699,com.android.gallery3d.app.GalleryActivity,performDestroy]
11-29 09:20:49.869 16043 16059 W ContextImpl: Calling a method in the system process without a qualified user: android.app.ContextImpl.startService:1816 android.content.ContextWrapper.startService:774 com.thundercomm.gamemode.ingame.services.GameModeActionUtils.startGameModeService:93 com.thundercomm.gamemode.ingame.services.GameModeActionUtils.startGameModeEntry:21 com.thundercomm.gamemode.ingame.services.ActivityMonitoringService$1.onActivityLaunch:127
11-29 09:20:49.876 1491 1491 I GameModeConfig: Current uri is uri = content://com.thundercomm.gamemode.api/gamemode_settings/gamemode_isgaming
11-29 09:20:49.880 1491 1491 I GameModeConfig: isGameModeOn = false
11-29 09:20:49.880 1491 1491 I GameModeConfig: isGameModeOn = false
11-29 09:20:49.880 1491 1491 I GameModeConfig: isDisableVoice = true
11-29 09:20:49.887 15636 15636 I wm_on_stop_called: [218306707,com.android.gallery3d.app.GalleryActivity,LIFECYCLER_STOP_ACTIVITY]
11-29 09:20:49.889 15636 15636 I wm_on_destroy_called: [218306707,com.android.gallery3d.app.GalleryActivity,performDestroy]
11-29 09:20:49.897 15636 15636 I wm_on_stop_called: [202398835,com.android.gallery3d.app.GalleryActivity,LIFECYCLER_STOP_ACTIVITY]
11-29 09:20:49.899 15636 15636 I wm_on_destroy_called: [202398835,com.android.gallery3d.app.GalleryActivity,performDestroy]
11-29 09:20:49.909 15636 15636 I wm_on_stop_called: [23573556,com.android.gallery3d.app.GalleryActivity,LIFECYCLER_STOP_ACTIVITY]
11-29 09:20:49.911 15636 15636 I wm_on_destroy_called: [23573556,com.android.gallery3d.app.GalleryActivity,performDestroy]
11-29 09:20:49.922 15636 15636 I wm_on_stop_called: [70463514,com.android.gallery3d.app.GalleryActivity,LIFECYCLER_STOP_ACTIVITY]
11-29 09:20:49.925 15636 15636 I wm_on_destroy_called: [70463514,com.android.gallery3d.app.GalleryActivity,performDestroy]
11-29 09:20:49.941 16043 16059 W ContextImpl: Calling a method in the system process without a qualified user: android.app.ContextImpl.startService:1816 android.content.ContextWrapper.startService:774 com.thundercomm.gamemode.ingame.services.GameModeActionUtils.startGameModeService:93 com.thundercomm.gamemode.ingame.services.GameModeActionUtils.startGameModeEntry:21 com.thundercomm.gamemode.ingame.services.ActivityMonitoringService$1.onActivityLaunch:127
11-29 09:20:49.944 1491 1491 I GameModeConfig: Current uri is uri = content://com.thundercomm.gamemode.api/gamemode_settings/gamemode_isgaming
11-29 09:20:49.946 1491 1491 I GameModeConfig: isGameModeOn = false
11-29 09:20:49.946 1491 1491 I GameModeConfig: isGameModeOn = false
11-29 09:20:49.946 1491 1491 I GameModeConfig: isDisableVoice = true
11-29 09:20:50.079 0 0 I auditd : type=1400 audit(0.0:24261): avc: denied { kill } for comm="swapper/2" capability=5 scontext=u:r:kernel:s0 tcontext=u:r:kernel:s0 tclass=capability permissive=0
11-29 09:20:50.145 1491 1600 I wm_task_removed: [427,removeChild:removeChild last r=ActivityRecord{433301a u0 com.android.gallery3d/.app.GalleryActivity t-1 f}} in t=Task{7e4b72f #427 type=standard A=10068:com.android.gallery3d U=0 visible=false mode=freeform translucent=true sz=0}]
11-29 09:20:50.145 1491 1600 I wm_task_removed: [427,removeChild]
11-29 09:20:50.145 1491 1600 D FreeFormWindowHelper: Remove freefrom task=Task{7e4b72f #427 type=standard A=10068:com.android.gallery3d U=0 visible=false mode=freeform translucent=true sz=0}
11-29 09:20:51.079 0 0 I auditd : type=1400 audit(0.0:24262): avc: denied { kill } for comm="swapper/2" capability=5 scontext=u:r:kernel:s0 tcontext=u:r:kernel:s0 tclass=capability permissive=0
11-29 09:20:52.079 0 0 I auditd : type=1400 audit(0.0:24263): avc: denied { kill } for comm="swapper/2" capability=5 scontext=u:r:kernel:s0 tcontext=u:r:kernel:s0 tclass=capability permissive=0
11-29 09:20:52.566 1491 1693 I input_interaction: Interaction with: 59b7b66 com.android.launcher3/com.android.launcher3.uioverrides.QuickstepLauncher (server), 41aecc7 com.android.systemui.ImageWallpaper (server), edge-swipe (server), swipe-up (server), PointerEventDispatcher0 (server),
11-29 09:20:52.653 1491 1524 I ActivityTaskManager: START u0 {act=android.intent.action.MAIN cat=[android.intent.category.LAUNCHER] flg=0x10200000 cmp=com.android.gallery3d/.app.GalleryActivity bnds=[2308,340][2494,540]} from uid 10077
11-29 09:20:52.658 1491 1524 I wm_task_created: [428,-1]
11-29 09:20:52.658 1491 1524 W ActivityTaskManager: Can't find TaskDisplayArea to determine support for multi window. Task id=428 attached=false
11-29 09:20:52.662 1491 1524 I wm_task_moved: [428,1,9]
11-29 09:20:52.662 1491 1524 I wm_task_to_front: [0,428]
11-29 09:20:52.663 1491 1524 I wm_create_task: [0,428]
11-29 09:20:52.663 1491 1524 I wm_create_activity: [0,71246724,428,com.android.gallery3d/.app.GalleryActivity,android.intent.action.MAIN,NULL,NULL,270532608]
11-29 09:20:52.663 1491 1524 I wm_task_moved: [428,1,9]
11-29 09:20:52.666 1491 1524 I wm_pause_activity: [0,254362067,com.android.launcher3/.uioverrides.QuickstepLauncher,userLeaving=true,pauseBackTasks]
11-29 09:20:52.683 13671 13671 I wm_on_top_resumed_lost_called: [254362067,com.android.launcher3.uioverrides.QuickstepLauncher,topStateChangedWhenResumed]
11-29 09:20:52.683 13671 13671 I wm_on_paused_called: [254362067,com.android.launcher3.uioverrides.QuickstepLauncher,performPause]
11-29 09:20:52.685 1491 1524 I ActivityTaskManager: FOREGROUND_APPLICATION_CHANGED to com.android.gallery3d.app.GalleryActivity
11-29 09:20:52.687 1491 1524 I ActivityTaskManager: The Process com.android.gallery3d Already Exists in BG. So sending its PID: 15636
11-29 09:20:52.687 1491 1524 W ActivityTaskManager: Tried to set launchTime (0) < mLastActivityLaunchTime (22021793)
11-29 09:20:52.692 1491 1524 I wm_add_to_stopping: [0,254362067,com.android.launcher3/.uioverrides.QuickstepLauncher,makeInvisible]
11-29 09:20:52.693 1491 1524 I wm_restart_activity: [0,71246724,428,com.android.gallery3d/.app.GalleryActivity]
11-29 09:20:52.694 1491 1524 I wm_set_resumed_activity: [0,com.android.gallery3d/.app.GalleryActivity,minimalResumeActivityLocked]
11-29 09:20:52.706 1491 1599 I sysui_multi_action: [757,803,799,window_time_0,802,3]
11-29 09:20:52.722 1491 1693 I input_focus: [Focus leaving 59b7b66 com.android.launcher3/com.android.launcher3.uioverrides.QuickstepLauncher (server),reason=NO_WINDOW]
11-29 09:20:52.722 16043 16059 W ContextImpl: Calling a method in the system process without a qualified user: android.app.ContextImpl.startService:1816 android.content.ContextWrapper.startService:774 com.thundercomm.gamemode.ingame.services.GameModeActionUtils.startGameModeService:93 com.thundercomm.gamemode.ingame.services.GameModeActionUtils.startGameModeEntry:21 com.thundercomm.gamemode.ingame.services.ActivityMonitoringService$1.onActivityLaunch:127
11-29 09:20:52.728 1491 1491 I GameModeConfig: Current uri is uri = content://com.thundercomm.gamemode.api/gamemode_settings/gamemode_isgaming
11-29 09:20:52.731 15636 15636 I wm_on_create_called: [71246724,com.android.gallery3d.app.GalleryActivity,performCreate]
11-29 09:20:52.733 15636 15636 I wm_on_start_called: [71246724,com.android.gallery3d.app.GalleryActivity,handleStartActivity]
11-29 09:20:52.735 1491 1491 I GameModeConfig: isGameModeOn = false
11-29 09:20:52.736 1491 1491 I GameModeConfig: isGameModeOn = false
11-29 09:20:52.736 1491 1491 I GameModeConfig: isDisableVoice = true
11-29 09:20:52.736 15636 15636 I wm_on_resume_called: [71246724,com.android.gallery3d.app.GalleryActivity,RESUME_ACTIVITY]
11-29 09:20:52.739 1491 1524 W WindowManager: Failed looking up window session=Session{56813ad 15636:u0a10068} callers=com.android.server.wm.WindowManagerService.windowForClientLocked:5628 com.android.server.wm.Session.insetsModified:629 android.view.IWindowSession$Stub.onTransact:1151
11-29 09:20:52.740 15636 15636 I wm_on_top_resumed_gained_called: [71246724,com.android.gallery3d.app.GalleryActivity,topStateChangedWhenResumed]
11-29 09:20:52.756 1491 1600 I input_focus: [Focus request 6d6a552 com.android.gallery3d/com.android.gallery3d.app.GalleryActivity,reason=UpdateInputWindows]
11-29 09:20:52.757 1491 1760 I GameModeConfig: isGameModeOn = false
11-29 09:20:52.758 1491 1760 I GameModeConfig: isGameModeOn = false
11-29 09:20:52.758 1491 1760 I GameModeConfig: isGameModeOn = false
11-29 09:20:52.758 1491 1760 I GameModeConfig: isGameModeOn = false
11-29 09:20:52.758 1491 1760 I GameModeConfig: isGameModeOn = false
11-29 09:20:52.758 1491 1760 I GameModeConfig: isGameModeOn = false
11-29 09:20:52.760 1491 1491 I notification_enqueue: [10082,17439,com.android.systemui,2048,NULL,0,Notification(channel=updateNotification shortcut=null contentView=null vibrate=null sound=null defaults=0x0 flags=0x0 color=0x00000000 vis=PRIVATE),1]
11-29 09:20:52.762 17439 17439 I sysui_multi_action: [757,111,758,2]
11-29 09:20:52.763 17439 17439 I sysui_multi_action: [757,111,758,2]
11-29 09:20:52.784 17439 17439 I sysui_multi_action: [757,111,758,1]
11-29 09:20:52.785 17439 17439 I sysui_multi_action: [757,126,758,1,759,126,927,0,928,1,1593,0]
11-29 09:20:52.785 17439 17439 I sysui_multi_action: [757,113,758,1,759,113,927,1,928,1,1593,0]
11-29 09:20:52.786 17439 17439 I sysui_multi_action: [757,0,758,1,759,0,927,2,928,0,1593,0]
11-29 09:20:52.786 17439 17439 I sysui_multi_action: [757,0,758,1,759,0,927,3,928,0,1593,0]
11-29 09:20:52.786 1491 1596 I sysui_multi_action: [319,74,321,71,322,128,325,22031,757,761,758,8,759,1,806,com.android.gallery3d,871,com.android.gallery3d.app.GalleryActivity,904,com.android.launcher3,905,0,1320,4,1321,1]
11-29 09:20:52.786 17439 17439 I sysui_multi_action: [757,491,758,1,759,491,927,4,928,0,1311,-1,1593,0]
11-29 09:20:52.786 1491 1693 I input_focus: [Focus entering 6d6a552 com.android.gallery3d/com.android.gallery3d.app.GalleryActivity (server),reason=setFocusedWindow]
11-29 09:20:52.786 17439 17439 I sysui_multi_action: [757,0,758,1,759,0,927,5,928,0,1593,0]
11-29 09:20:52.786 17439 17439 I sysui_multi_action: [757,111,758,1]
11-29 09:20:52.786 17439 17439 I sysui_multi_action: [757,126,758,1,759,126,927,0,928,1,1593,0]
11-29 09:20:52.787 17439 17439 I sysui_multi_action: [757,113,758,1,759,113,927,1,928,1,1593,0]
11-29 09:20:52.787 17439 17439 I sysui_multi_action: [757,0,758,1,759,0,927,2,928,0,1593,0]
11-29 09:20:52.787 17439 17439 I sysui_multi_action: [757,0,758,1,759,0,927,3,928,0,1593,0]
11-29 09:20:52.787 1491 1596 I wm_activity_launch_time: [0,71246724,com.android.gallery3d/.app.GalleryActivity,128]
11-29 09:20:52.803 16043 16059 W ContextImpl: Calling a method in the system process without a qualified user: android.app.ContextImpl.startService:1816 android.content.ContextWrapper.startService:774 com.thundercomm.gamemode.ingame.services.GameModeActionUtils.startGameModeService:93 com.thundercomm.gamemode.ingame.services.GameModeActionUtils.startGameModeEntry:21 com.thundercomm.gamemode.ingame.services.ActivityMonitoringService$1.onActivityLaunch:127
11-29 09:20:52.806 1491 1491 I GameModeConfig: Current uri is uri = content://com.thundercomm.gamemode.api/gamemode_settings/gamemode_isgaming
11-29 09:20:52.808 1491 1491 I GameModeConfig: isGameModeOn = false
11-29 09:20:52.809 1491 1491 I GameModeConfig: isGameModeOn = false
11-29 09:20:52.809 1491 1491 I GameModeConfig: isDisableVoice = true
11-29 09:20:52.963 1491 1491 I GameModeConfig: isGameModeOn = false
11-29 09:20:52.965 1491 1491 I sysui_multi_action: [757,1501,758,1,793,2884276,794,0,795,206,796,2048,806,com.android.systemui,857,updateNotification,858,3,947,0,1500,0,1688,1]
11-29 09:20:52.965 1491 1491 I sysui_multi_action: [757,804,799,note_interruptive,801,0,802,1]
11-29 09:20:52.965 1491 1491 I sysui_multi_action: [757,199,758,1,759,2,793,2884277,794,0,795,207,796,2048,806,com.android.systemui,857,updateNotification,858,3,947,0,1500,1,1688,1]
11-29 09:20:52.965 1491 1491 I notification_alert: [0|com.android.systemui|2048|null|10082,0,1,0]
11-29 09:20:52.967 1491 1491 W NotificationHistory: Attempted to add notif for locked/gone/disabled user 0
11-29 09:20:53.272 1491 1599 I wm_stop_activity: [0,254362067,com.android.launcher3/.uioverrides.QuickstepLauncher]
11-29 09:20:53.315 1491 7658 W ContextImpl: Calling a method in the system process without a qualified user: android.app.ContextImpl.startActivity:1067 com.android.server.wm.FreeFormWindowHelper.exitRecentTasks:423 com.android.server.wm.ActivityTaskManagerService.exitRecentTasks:3795 android.app.IActivityTaskManager$Stub.onTransact:2307 com.android.server.wm.ActivityTaskManagerService.onTransact:5046
11-29 09:20:53.316 1491 7658 I ActivityTaskManager: START u0 {flg=0x10008000 cmp=com.android.gallery3d/.app.GalleryActivity} from uid 1000
11-29 09:20:53.346 1491 7658 D FreeFormWindowHelper: Add freeform task=Task{9f4f6ab #428 type=standard A=10068:com.android.gallery3d U=0 visible=true mode=freeform translucent=false sz=1}
11-29 09:20:53.348 1491 7658 I ActivityTaskManager: FOREGROUND_APPLICATION_CHANGED to com.android.launcher3.uioverrides.QuickstepLauncher
11-29 09:20:53.350 1491 7658 I wm_resume_activity: [0,254362067,41,com.android.launcher3/.uioverrides.QuickstepLauncher]
11-29 09:20:53.351 1491 7658 I ActivityTaskManager: FOREGROUND_APPLICATION_CHANGED to com.android.gallery3d.app.GalleryActivity
11-29 09:20:53.351 1491 7658 I wm_finish_activity: [0,71246724,428,com.android.gallery3d/.app.GalleryActivity,clear-task-all]
11-29 09:20:53.358 1491 7658 I wm_pause_activity: [0,71246724,com.android.gallery3d/.app.GalleryActivity,userLeaving=false,finish]
11-29 09:20:53.359 15636 15636 I wm_on_top_resumed_lost_called: [71246724,com.android.gallery3d.app.GalleryActivity,topStateChangedWhenResumed]
11-29 09:20:53.363 1491 7658 I wm_task_moved: [428,1,9]
11-29 09:20:53.363 1491 7658 I wm_create_activity: [0,1330929,428,com.android.gallery3d/.app.GalleryActivity,NULL,NULL,NULL,268468224]
11-29 09:20:53.379 13671 13671 I wm_on_stop_called: [254362067,com.android.launcher3.uioverrides.QuickstepLauncher,STOP_ACTIVITY_ITEM]
11-29 09:20:53.381 13671 13671 I wm_on_restart_called: [254362067,com.android.launcher3.uioverrides.QuickstepLauncher,performRestartActivity]
11-29 09:20:53.381 13671 13671 I wm_on_start_called: [254362067,com.android.launcher3.uioverrides.QuickstepLauncher,handleStartActivity]
11-29 09:20:53.381 13671 13671 I wm_on_resume_called: [254362067,com.android.launcher3.uioverrides.QuickstepLauncher,RESUME_ACTIVITY]
11-29 09:20:53.383 1491 7658 I ActivityTaskManager: Activity reported stop, but no longer stopping: ActivityRecord{f2941d3 u0 com.android.launcher3/.uioverrides.QuickstepLauncher t41} RESUMED
11-29 09:20:53.402 1491 1599 I am_uid_running: 10020
11-29 09:20:53.403 15636 15636 I wm_on_paused_called: [71246724,com.android.gallery3d.app.GalleryActivity,performPause]
11-29 09:20:53.404 1491 7072 I wm_add_to_stopping: [0,71246724,com.android.gallery3d/.app.GalleryActivity,completeFinishing]
11-29 09:20:53.404 1491 1693 I input_focus: [Focus leaving 6d6a552 com.android.gallery3d/com.android.gallery3d.app.GalleryActivity (server),reason=NO_WINDOW]
11-29 09:20:53.404 1491 7072 I ActivityTaskManager: The Process com.android.gallery3d Already Exists in BG. So sending its PID: 15636
11-29 09:20:53.404 1491 7072 W ActivityTaskManager: Tried to set launchTime (0) < mLastActivityLaunchTime (22031171)
11-29 09:20:53.405 1491 1599 D CompatibilityChangeReporter: Compat change id reported: 135634846; UID 10020; state: DISABLED
11-29 09:20:53.405 1491 7072 I wm_restart_activity: [0,1330929,428,com.android.gallery3d/.app.GalleryActivity]
11-29 09:20:53.405 1491 1599 D CompatibilityChangeReporter: Compat change id reported: 177438394; UID 10020; state: DISABLED
11-29 09:20:53.406 1491 7072 I wm_set_resumed_activity: [0,com.android.gallery3d/.app.GalleryActivity,minimalResumeActivityLocked]
11-29 09:20:53.406 1491 1599 D CompatibilityChangeReporter: Compat change id reported: 135772972; UID 10020; state: DISABLED
11-29 09:20:53.406 1491 1599 D CompatibilityChangeReporter: Compat change id reported: 135754954; UID 10020; state: ENABLED
11-29 09:20:53.406 1491 1609 D CompatibilityChangeReporter: Compat change id reported: 143937733; UID 10020; state: ENABLED
11-29 09:20:53.411 1491 1599 I sysui_multi_action: [757,803,799,window_time_0,802,0]
11-29 09:20:53.413 1491 1609 I am_proc_start: [0,18123,10020,com.hryt.hiphishowfsecontrol,NULL,]
11-29 09:20:53.413 1491 1609 I ActivityManager: Start proc 18123:com.hryt.hiphishowfsecontrol/u0a20 for null
11-29 09:20:53.438 15636 15636 I wm_on_create_called: [1330929,com.android.gallery3d.app.GalleryActivity,performCreate]
11-29 09:20:53.438 15636 15636 I wm_on_start_called: [1330929,com.android.gallery3d.app.GalleryActivity,handleStartActivity]
11-29 09:20:53.440 15636 15636 I wm_on_resume_called: [1330929,com.android.gallery3d.app.GalleryActivity,RESUME_ACTIVITY]
11-29 09:20:53.442 15636 15636 I wm_on_top_resumed_gained_called: [1330929,com.android.gallery3d.app.GalleryActivity,topStateChangedWhenResumed]
11-29 09:20:53.446 1491 7658 W WindowManager: updateScale0.7996942
11-29 09:20:53.449 1491 1600 I input_focus: [Focus request e6010e5 com.android.gallery3d/com.android.gallery3d.app.GalleryActivity,reason=UpdateInputWindows]
11-29 09:20:53.449 1491 1600 W WindowManager: updateScale0.7996942
11-29 09:20:53.453 1491 7658 I am_proc_bound: [0,18123,com.hryt.hiphishowfsecontrol]
11-29 09:20:53.454 1491 7658 D CompatibilityChangeReporter: Compat change id reported: 168419799; UID 10020; state: DISABLED
11-29 09:20:53.473 1491 1600 W WindowManager: updateScale0.7996942
11-29 09:20:53.475 1491 1600 W WindowManager: updateScale0.7996942
11-29 09:20:53.475 1491 1596 I wm_activity_launch_time: [0,1330929,com.android.gallery3d/.app.GalleryActivity,159]
11-29 09:20:53.488 1491 1693 I input_focus: [Focus entering e6010e5 com.android.gallery3d/com.android.gallery3d.app.GalleryActivity (server),reason=Window became focusable. Previous reason: NOT_VISIBLE]
11-29 09:20:53.514 16043 16059 W ContextImpl: Calling a method in the system process without a qualified user: android.app.ContextImpl.startService:1816 android.content.ContextWrapper.startService:774 com.thundercomm.gamemode.ingame.services.GameModeActionUtils.startGameModeService:93 com.thundercomm.gamemode.ingame.services.GameModeActionUtils.startGameModeEntry:21 com.thundercomm.gamemode.ingame.services.ActivityMonitoringService$1.onActivityLaunch:127
11-29 09:20:53.522 1491 1491 I GameModeConfig: Current uri is uri = content://com.thundercomm.gamemode.api/gamemode_settings/gamemode_isgaming
11-29 09:20:53.526 1491 1491 I GameModeConfig: isGameModeOn = false
11-29 09:20:53.526 1491 1491 I GameModeConfig: isGameModeOn = false
11-29 09:20:53.526 1491 1491 I GameModeConfig: isDisableVoice = true
11-29 09:20:53.825 1491 1600 W WindowManager: updateScale0.7996942
11-29 09:20:53.827 1491 1599 I wm_destroy_activity: [0,71246724,428,com.android.gallery3d/.app.GalleryActivity,finish-imm:idle]
11-29 09:20:53.840 1491 5277 W WindowManager: updateScale0.7996942
11-29 09:20:53.842 1491 5277 W WindowManager: updateScale0.7996942
11-29 09:20:53.846 15636 15636 I wm_on_stop_called: [71246724,com.android.gallery3d.app.GalleryActivity,LIFECYCLER_STOP_ACTIVITY]
11-29 09:20:53.848 15636 15636 I wm_on_destroy_called: [71246724,com.android.gallery3d.app.GalleryActivity,performDestroy]
11-29 09:20:53.850 1491 2068 W WindowManager: updateScale0.7996942
11-29 09:20:54.079 648 648 I auditd : type=1400 audit(0.0:24264): avc: denied { kill } for comm="vendor.ts.uart@" capability=5 scontext=u:r:uart_service_deamon:s0 tcontext=u:r:uart_service_deamon:s0 tclass=capability permissive=0
11-29 09:20:55.079 0 0 I auditd : type=1400 audit(0.0:24265): avc: denied { kill } for comm="swapper/2" capability=5 scontext=u:r:kernel:s0 tcontext=u:r:kernel:s0 tclass=capability permissive=0
11-29 09:20:55.322 1491 1693 I input_interaction: Interaction with: edge-swipe (server), swipe-up (server), PointerEventDispatcher0 (server),
11-29 09:20:55.322 13671 13671 I view_enqueue_input_event: [Motion - Cancel,com.android.launcher3/com.android.launcher3.uioverrides.QuickstepLauncher]
11-29 09:20:55.711 1491 2068 I ActivityTaskManager: START u0 {act=android.intent.action.MAIN cat=[android.intent.category.HOME] flg=0x10000000 cmp=com.android.launcher3/.uioverrides.QuickstepLauncher} from uid 10077
11-29 09:20:55.713 1491 2068 I wm_task_moved: [32,1,9]
11-29 09:20:55.716 1491 2068 I wm_set_resumed_activity: [0,com.android.launcher3/.uioverrides.QuickstepLauncher,positionChildAt]
11-29 09:20:55.716 1491 2068 I wm_task_moved: [41,1,2147483647]
11-29 09:20:55.716 1491 2068 I wm_task_to_front: [0,41]
11-29 09:20:55.716 15636 15636 I wm_on_top_resumed_lost_called: [1330929,com.android.gallery3d.app.GalleryActivity,topStateChangedWhenResumed]
11-29 09:20:55.716 1491 2068 I wm_focused_root_task: [0,0,32,428,bringingFoundTaskToFront]
11-29 09:20:55.716 1491 2068 I wm_set_resumed_activity: [0,com.android.launcher3/.uioverrides.QuickstepLauncher,bringingFoundTaskToFront]
11-29 09:20:55.718 1491 2068 I wm_new_intent: [0,254362067,41,com.android.launcher3/.uioverrides.QuickstepLauncher,android.intent.action.MAIN,NULL,NULL,268435712]
11-29 09:20:55.718 1491 2068 I wm_task_moved: [32,1,9]
11-29 09:20:55.718 1491 2068 I wm_set_resumed_activity: [0,com.android.launcher3/.uioverrides.QuickstepLauncher,positionChildAt]
11-29 09:20:55.718 1491 2068 I ActivityTaskManager: FOREGROUND_APPLICATION_CHANGED to com.android.launcher3.uioverrides.QuickstepLauncher
11-29 09:20:55.719 1491 2068 W WindowManager: updateScale0.7996942
11-29 09:20:55.722 1491 2068 W WindowManager: updateScale0.7996942
11-29 09:20:55.725 1491 1600 I input_focus: [Focus request 59b7b66 com.android.launcher3/com.android.launcher3.uioverrides.QuickstepLauncher,reason=UpdateInputWindows]
11-29 09:20:55.726 13671 13671 I wm_on_paused_called: [254362067,com.android.launcher3.uioverrides.QuickstepLauncher,performPause]
11-29 09:20:55.733 13671 13671 I wm_on_resume_called: [254362067,com.android.launcher3.uioverrides.QuickstepLauncher,LIFECYCLER_RESUME_ACTIVITY]
11-29 09:20:55.736 13671 13671 I wm_on_top_resumed_gained_called: [254362067,com.android.launcher3.uioverrides.QuickstepLauncher,topStateChangedWhenResumed]
11-29 09:20:55.749 1491 1693 I input_focus: [Focus leaving e6010e5 com.android.gallery3d/com.android.gallery3d.app.GalleryActivity (server),reason=setFocusedWindow]
11-29 09:20:55.750 1491 1693 I input_focus: [Focus entering 59b7b66 com.android.launcher3/com.android.launcher3.uioverrides.QuickstepLauncher (server),reason=setFocusedWindow]
11-29 09:20:55.921 1491 1693 I input_interaction: Interaction with: 59b7b66 com.android.launcher3/com.android.launcher3.uioverrides.QuickstepLauncher (server), 41aecc7 com.android.systemui.ImageWallpaper (server), edge-swipe (server), swipe-up (server), PointerEventDispatcher0 (server),
11-29 09:20:55.961 13671 13671 I view_enqueue_input_event: [Motion - Cancel,com.android.launcher3/com.android.launcher3.uioverrides.QuickstepLauncher]
11-29 09:20:55.962 1491 1693 I input_interaction: Interaction with: edge-swipe (server), swipe-up (server), PointerEventDispatcher0 (server),
11-29 09:20:56.148 1491 1673 I commit_sys_config_file: [settings-1-0,4]
11-29 09:20:56.480 1491 1673 I commit_sys_config_file: [settings-1-0,26]
11-29 09:20:56.561 1491 7072 I wm_finish_activity: [0,1330929,428,com.android.gallery3d/.app.GalleryActivity,app-request]
11-29 09:20:56.579 1491 7072 I wm_pause_activity: [0,1330929,com.android.gallery3d/.app.GalleryActivity,userLeaving=false,finish]
11-29 09:20:56.591 15636 15636 I wm_on_paused_called: [1330929,com.android.gallery3d.app.GalleryActivity,performPause]
11-29 09:20:56.592 1491 7658 I wm_destroy_activity: [0,1330929,428,com.android.gallery3d/.app.GalleryActivity,finish-imm:completePausedLocked]
11-29 09:20:56.615 1491 1599 I sysui_multi_action: [757,803,799,window_time_2,802,4]
11-29 09:20:56.629 15636 15636 I wm_on_stop_called: [1330929,com.android.gallery3d.app.GalleryActivity,LIFECYCLER_STOP_ACTIVITY]
11-29 09:20:56.630 16043 16059 W ContextImpl: Calling a method in the system process without a qualified user: android.app.ContextImpl.startService:1816 android.content.ContextWrapper.startService:774 com.thundercomm.gamemode.ingame.services.GameModeActionUtils.startGameModeService:93 com.thundercomm.gamemode.ingame.services.GameModeActionUtils.startGameModeEntry:21 com.thundercomm.gamemode.ingame.services.ActivityMonitoringService$1.onActivityLaunch:127
11-29 09:20:56.636 15636 15636 I wm_on_destroy_called: [1330929,com.android.gallery3d.app.GalleryActivity,performDestroy]
11-29 09:20:56.638 1491 1491 I GameModeConfig: Current uri is uri = content://com.thundercomm.gamemode.api/gamemode_settings/gamemode_isgaming
11-29 09:20:56.645 1491 1491 I GameModeConfig: isGameModeOn = false
11-29 09:20:56.645 1491 1491 I GameModeConfig: isGameModeOn = false
11-29 09:20:56.645 1491 1491 I GameModeConfig: isDisableVoice = true
11-29 09:20:56.704 16043 16059 W ContextImpl: Calling a method in the system process without a qualified user: android.app.ContextImpl.startService:1816 android.content.ContextWrapper.startService:774 com.thundercomm.gamemode.ingame.services.GameModeActionUtils.startGameModeService:93 com.thundercomm.gamemode.ingame.services.GameModeActionUtils.startGameModeEntry:21 com.thundercomm.gamemode.ingame.services.ActivityMonitoringService$1.onActivityLaunch:127
11-29 09:20:56.714 1491 1491 I GameModeConfig: Current uri is uri = content://com.thundercomm.gamemode.api/gamemode_settings/gamemode_isgaming
11-29 09:20:56.718 1491 1491 I GameModeConfig: isGameModeOn = false
11-29 09:20:56.718 1491 1491 I GameModeConfig: isGameModeOn = false
11-29 09:20:56.718 1491 1491 I GameModeConfig: isDisableVoice = true
11-29 09:20:56.894 1491 1600 I wm_task_removed: [428,removeChild:removeChild last r=ActivityRecord{144ef1 u0 com.android.gallery3d/.app.GalleryActivity t-1 f}} in t=Task{9f4f6ab #428 type=standard A=10068:com.android.gallery3d U=0 visible=false mode=freeform translucent=true sz=0}]
11-29 09:20:56.894 1491 1600 I wm_task_removed: [428,removeChild]
11-29 09:20:56.894 1491 1600 D FreeFormWindowHelper: Remove freefrom task=Task{9f4f6ab #428 type=standard A=10068:com.android.gallery3d U=0 visible=false mode=freeform translucent=true sz=0}
11-29 09:20:57.058 1491 1693 I input_interaction: Interaction with: 59b7b66 com.android.launcher3/com.android.launcher3.uioverrides.QuickstepLauncher (server), 41aecc7 com.android.systemui.ImageWallpaper (server), edge-swipe (server), swipe-up (server), PointerEventDispatcher0 (server),
11-29 09:20:57.079 0 0 I auditd : type=1400 audit(0.0:24266): avc: denied { kill } for comm="swapper/3" capability=5 scontext=u:r:kernel:s0 tcontext=u:r:kernel:s0 tclass=capability permissive=0
11-29 09:20:57.109 1491 7072 I ActivityTaskManager: START u0 {act=android.intent.action.MAIN cat=[android.intent.category.LAUNCHER] flg=0x10200000 cmp=com.android.gallery3d/.app.GalleryActivity bnds=[2308,340][2494,540]} from uid 10077
11-29 09:20:57.112 1491 7072 I wm_task_created: [429,-1]
11-29 09:20:57.112 1491 7072 W ActivityTaskManager: Can't find TaskDisplayArea to determine support for multi window. Task id=429 attached=false
11-29 09:20:57.114 1491 7072 I wm_task_moved: [429,1,9]
11-29 09:20:57.114 1491 7072 I wm_task_to_front: [0,429]
11-29 09:20:57.115 1491 7072 I wm_create_task: [0,429]
11-29 09:20:57.115 1491 7072 I wm_create_activity: [0,209119291,429,com.android.gallery3d/.app.GalleryActivity,android.intent.action.MAIN,NULL,NULL,270532608]
11-29 09:20:57.115 1491 7072 I wm_task_moved: [429,1,9]
11-29 09:20:57.117 1491 7072 I wm_pause_activity: [0,254362067,com.android.launcher3/.uioverrides.QuickstepLauncher,userLeaving=true,pauseBackTasks]
11-29 09:20:57.122 13671 13671 I wm_on_top_resumed_lost_called: [254362067,com.android.launcher3.uioverrides.QuickstepLauncher,topStateChangedWhenResumed]
11-29 09:20:57.123 13671 13671 I wm_on_paused_called: [254362067,com.android.launcher3.uioverrides.QuickstepLauncher,performPause]
11-29 09:20:57.125 1491 5277 I ActivityTaskManager: FOREGROUND_APPLICATION_CHANGED to com.android.gallery3d.app.GalleryActivity
11-29 09:20:57.127 1491 5277 I ActivityTaskManager: The Process com.android.gallery3d Already Exists in BG. So sending its PID: 15636
11-29 09:20:57.128 1491 5277 W ActivityTaskManager: Tried to set launchTime (0) < mLastActivityLaunchTime (22031884)
11-29 09:20:57.128 1491 5277 I wm_add_to_stopping: [0,254362067,com.android.launcher3/.uioverrides.QuickstepLauncher,makeInvisible]
11-29 09:20:57.130 1491 5277 I wm_restart_activity: [0,209119291,429,com.android.gallery3d/.app.GalleryActivity]
11-29 09:20:57.131 1491 5277 I wm_set_resumed_activity: [0,com.android.gallery3d/.app.GalleryActivity,minimalResumeActivityLocked]
11-29 09:20:57.141 1491 1599 I sysui_multi_action: [757,803,799,window_time_0,802,0]
11-29 09:20:57.148 16043 16059 W ContextImpl: Calling a method in the system process without a qualified user: android.app.ContextImpl.startService:1816 android.content.ContextWrapper.startService:774 com.thundercomm.gamemode.ingame.services.GameModeActionUtils.startGameModeService:93 com.thundercomm.gamemode.ingame.services.GameModeActionUtils.startGameModeEntry:21 com.thundercomm.gamemode.ingame.services.ActivityMonitoringService$1.onActivityLaunch:127
11-29 09:20:57.152 1491 1491 I GameModeConfig: Current uri is uri = content://com.thundercomm.gamemode.api/gamemode_settings/gamemode_isgaming
11-29 09:20:57.153 1491 1491 I GameModeConfig: isGameModeOn = false
11-29 09:20:57.154 1491 1491 I GameModeConfig: isGameModeOn = false
11-29 09:20:57.154 1491 1491 I GameModeConfig: isDisableVoice = true
11-29 09:20:57.157 15636 15636 I wm_on_create_called: [209119291,com.android.gallery3d.app.GalleryActivity,performCreate]
11-29 09:20:57.158 15636 15636 I wm_on_start_called: [209119291,com.android.gallery3d.app.GalleryActivity,handleStartActivity]
11-29 09:20:57.160 15636 15636 I wm_on_resume_called: [209119291,com.android.gallery3d.app.GalleryActivity,RESUME_ACTIVITY]
11-29 09:20:57.163 1491 1693 I input_focus: [Focus leaving 59b7b66 com.android.launcher3/com.android.launcher3.uioverrides.QuickstepLauncher (server),reason=NO_WINDOW]
11-29 09:20:57.163 15636 15636 I wm_on_top_resumed_gained_called: [209119291,com.android.gallery3d.app.GalleryActivity,topStateChangedWhenResumed]
11-29 09:20:57.188 1491 1600 I input_focus: [Focus request 13668e9 com.android.gallery3d/com.android.gallery3d.app.GalleryActivity,reason=UpdateInputWindows]
11-29 09:20:57.189 1491 1760 I GameModeConfig: isGameModeOn = false
11-29 09:20:57.189 1491 1760 I GameModeConfig: isGameModeOn = false
11-29 09:20:57.190 1491 1760 I GameModeConfig: isGameModeOn = false
11-29 09:20:57.190 1491 1760 I GameModeConfig: isGameModeOn = false
11-29 09:20:57.190 1491 1760 I GameModeConfig: isGameModeOn = false
11-29 09:20:57.190 1491 1760 I GameModeConfig: isGameModeOn = false
11-29 09:20:57.191 1491 1491 I notification_enqueue: [10082,17439,com.android.systemui,2048,NULL,0,Notification(channel=updateNotification shortcut=null contentView=null vibrate=null sound=null defaults=0x0 flags=0x0 color=0x00000000 vis=PRIVATE),1]
11-29 09:20:57.192 17439 17439 I sysui_multi_action: [757,111,758,2]
11-29 09:20:57.192 17439 17439 I sysui_multi_action: [757,111,758,2]
11-29 09:20:57.206 17439 17439 I sysui_multi_action: [757,111,758,1]
11-29 09:20:57.207 17439 17439 I sysui_multi_action: [757,126,758,1,759,126,927,0,928,1,1593,0]
11-29 09:20:57.207 17439 17439 I sysui_multi_action: [757,113,758,1,759,113,927,1,928,1,1593,0]
11-29 09:20:57.207 17439 17439 I sysui_multi_action: [757,0,758,1,759,0,927,2,928,0,1593,0]
11-29 09:20:57.208 17439 17439 I sysui_multi_action: [757,0,758,1,759,0,927,3,928,0,1593,0]
11-29 09:20:57.208 17439 17439 I sysui_multi_action: [757,491,758,1,759,491,927,4,928,0,1311,-1,1593,0]
11-29 09:20:57.209 17439 17439 I sysui_multi_action: [757,0,758,1,759,0,927,5,928,0,1593,0]
11-29 09:20:57.209 17439 17439 I sysui_multi_action: [757,111,758,1]
11-29 09:20:57.209 17439 17439 I sysui_multi_action: [757,126,758,1,759,126,927,0,928,1,1593,0]
11-29 09:20:57.209 17439 17439 I sysui_multi_action: [757,113,758,1,759,113,927,1,928,1,1593,0]
11-29 09:20:57.210 17439 17439 I sysui_multi_action: [757,0,758,1,759,0,927,2,928,0,1593,0]
11-29 09:20:57.210 17439 17439 I sysui_multi_action: [757,0,758,1,759,0,927,3,928,0,1593,0]
