11-29 09:19:57.534 1491 11109 W ActivityTaskManager: Tried to set launchTime (0) < mLastActivityLaunchTime (21970028)
11-29 09:19:57.534 1491 11109 I wm_add_to_stopping: [0,254362067,com.android.launcher3/.uioverrides.QuickstepLauncher,makeInvisible]
11-29 09:19:57.535 1491 11109 I wm_restart_activity: [0,101688110,425,com.android.gallery3d/.app.GalleryActivity]
11-29 09:19:57.537 1491 11109 I wm_set_resumed_activity: [0,com.android.gallery3d/.app.GalleryActivity,minimalResumeActivityLocked]
11-29 09:19:57.548 1491 1599 I sysui_multi_action: [757,803,799,window_time_0,802,1]
11-29 09:19:57.555 16043 16059 W ContextImpl: Calling a method in the system process without a qualified user: android.app.ContextImpl.startService:1816 android.content.ContextWrapper.startService:774 com.thundercomm.gamemode.ingame.services.GameModeActionUtils.startGameModeService:93 com.thundercomm.gamemode.ingame.services.GameModeActionUtils.startGameModeEntry:21 com.thundercomm.gamemode.ingame.services.ActivityMonitoringService$1.onActivityLaunch:127
11-29 09:19:57.559 1491 1491 I GameModeConfig: Current uri is uri = content://com.thundercomm.gamemode.api/gamemode_settings/gamemode_isgaming
11-29 09:19:57.566 1491 1491 I GameModeConfig: isGameModeOn = false
11-29 09:19:57.567 1491 1491 I GameModeConfig: isGameModeOn = false
11-29 09:19:57.567 1491 1491 I GameModeConfig: isDisableVoice = true
11-29 09:19:57.571 1491 1693 I input_focus: [Focus leaving 59b7b66 com.android.launcher3/com.android.launcher3.uioverrides.QuickstepLauncher (server),reason=NO_WINDOW]
11-29 09:19:57.585 15636 15636 I wm_on_create_called: [101688110,com.android.gallery3d.app.GalleryActivity,performCreate]
11-29 09:19:57.587 15636 15636 I wm_on_start_called: [101688110,com.android.gallery3d.app.GalleryActivity,handleStartActivity]
11-29 09:19:57.589 15636 15636 I wm_on_resume_called: [101688110,com.android.gallery3d.app.GalleryActivity,RESUME_ACTIVITY]
11-29 09:19:57.591 1491 11109 W WindowManager: Failed looking up window session=Session{56813ad 15636:u0a10068} callers=com.android.server.wm.WindowManagerService.windowForClientLocked:5628 com.android.server.wm.Session.insetsModified:629 android.view.IWindowSession$Stub.onTransact:1151
11-29 09:19:57.594 15636 15636 I wm_on_top_resumed_gained_called: [101688110,com.android.gallery3d.app.GalleryActivity,topStateChangedWhenResumed]
11-29 09:19:57.609 1491 1600 I input_focus: [Focus request 2c133de com.android.gallery3d/com.android.gallery3d.app.GalleryActivity,reason=UpdateInputWindows]
11-29 09:19:57.610 1491 1760 I GameModeConfig: isGameModeOn = false
11-29 09:19:57.611 1491 1760 I GameModeConfig: isGameModeOn = false
11-29 09:19:57.611 1491 1760 I GameModeConfig: isGameModeOn = false
11-29 09:19:57.611 1491 1760 I GameModeConfig: isGameModeOn = false
11-29 09:19:57.611 1491 1760 I GameModeConfig: isGameModeOn = false
11-29 09:19:57.611 1491 1760 I GameModeConfig: isGameModeOn = false
11-29 09:19:57.614 1491 1491 I notification_enqueue: [10082,17439,com.android.systemui,2048,NULL,0,Notification(channel=updateNotification shortcut=null contentView=null vibrate=null sound=null defaults=0x0 flags=0x0 color=0x00000000 vis=PRIVATE),1]
11-29 09:19:57.615 17439 17439 I sysui_multi_action: [757,111,758,2]
11-29 09:19:57.616 17439 17439 I sysui_multi_action: [757,111,758,2]
11-29 09:19:57.643 17439 17439 I sysui_multi_action: [757,111,758,1]
11-29 09:19:57.644 16043 16059 W ContextImpl: Calling a method in the system process without a qualified user: android.app.ContextImpl.startService:1816 android.content.ContextWrapper.startService:774 com.thundercomm.gamemode.ingame.services.GameModeActionUtils.startGameModeService:93 com.thundercomm.gamemode.ingame.services.GameModeActionUtils.startGameModeEntry:21 com.thundercomm.gamemode.ingame.services.ActivityMonitoringService$1.onActivityLaunch:127
11-29 09:19:57.646 17439 17439 I sysui_multi_action: [757,126,758,1,759,126,927,0,928,1,1593,0]
11-29 09:19:57.646 17439 17439 I sysui_multi_action: [757,113,758,1,759,113,927,1,928,1,1593,0]
11-29 09:19:57.646 17439 17439 I sysui_multi_action: [757,0,758,1,759,0,927,2,928,0,1593,0]
11-29 09:19:57.647 17439 17439 I sysui_multi_action: [757,0,758,1,759,0,927,3,928,0,1593,0]
11-29 09:19:57.648 17439 17439 I sysui_multi_action: [757,491,758,1,759,491,927,4,928,0,1311,-1,1593,0]
11-29 09:19:57.648 17439 17439 I sysui_multi_action: [757,0,758,1,759,0,927,5,928,0,1593,0]
11-29 09:19:57.648 17439 17439 I sysui_multi_action: [757,111,758,1]
11-29 09:19:57.649 17439 17439 I sysui_multi_action: [757,126,758,1,759,126,927,0,928,1,1593,0]
11-29 09:19:57.649 17439 17439 I sysui_multi_action: [757,113,758,1,759,113,927,1,928,1,1593,0]
11-29 09:19:57.649 1491 1491 I GameModeConfig: Current uri is uri = content://com.thundercomm.gamemode.api/gamemode_settings/gamemode_isgaming
11-29 09:19:57.649 17439 17439 I sysui_multi_action: [757,0,758,1,759,0,927,2,928,0,1593,0]
11-29 09:19:57.649 17439 17439 I sysui_multi_action: [757,0,758,1,759,0,927,3,928,0,1593,0]
11-29 09:19:57.652 1491 1491 I GameModeConfig: isGameModeOn = false
11-29 09:19:57.652 1491 1491 I GameModeConfig: isGameModeOn = false
11-29 09:19:57.652 1491 1491 I GameModeConfig: isDisableVoice = true
11-29 09:19:57.681 1491 1596 I sysui_multi_action: [319,64,321,61,322,179,325,21975,757,761,758,8,759,1,806,com.android.gallery3d,871,com.android.gallery3d.app.GalleryActivity,904,com.android.launcher3,905,0,1320,4,1321,1]
11-29 09:19:57.684 1491 1596 I wm_activity_launch_time: [0,101688110,com.android.gallery3d/.app.GalleryActivity,179]
11-29 09:19:57.688 1491 1693 I input_focus: [Focus entering 2c133de com.android.gallery3d/com.android.gallery3d.app.GalleryActivity (server),reason=Window became focusable. Previous reason: NOT_VISIBLE]
11-29 09:19:57.816 1491 1491 I GameModeConfig: isGameModeOn = false
11-29 09:19:57.817 1491 1491 I sysui_multi_action: [757,1501,758,1,793,2829129,794,0,795,206,796,2048,806,com.android.systemui,857,updateNotification,858,3,947,0,1500,0,1688,1]
11-29 09:19:57.818 1491 1491 I sysui_multi_action: [757,804,799,note_interruptive,801,0,802,1]
11-29 09:19:57.818 1491 1491 I sysui_multi_action: [757,199,758,1,759,2,793,2829130,794,0,795,207,796,2048,806,com.android.systemui,857,updateNotification,858,3,947,0,1500,1,1688,1]
11-29 09:19:57.818 1491 1491 I notification_alert: [0|com.android.systemui|2048|null|10082,0,1,0]
11-29 09:19:57.821 1491 1491 W NotificationHistory: Attempted to add notif for locked/gone/disabled user 0
11-29 09:19:58.079 353 353 I auditd : type=1400 audit(0.0:24221): avc: denied { kill } for comm="irq/382-atmel_m" capability=5 scontext=u:r:kernel:s0 tcontext=u:r:kernel:s0 tclass=capability permissive=0
11-29 09:19:58.117 1491 1599 I wm_stop_activity: [0,254362067,com.android.launcher3/.uioverrides.QuickstepLauncher]
11-29 09:19:58.159 1491 11109 W ContextImpl: Calling a method in the system process without a qualified user: android.app.ContextImpl.startActivity:1067 com.android.server.wm.FreeFormWindowHelper.exitRecentTasks:423 com.android.server.wm.ActivityTaskManagerService.exitRecentTasks:3795 android.app.IActivityTaskManager$Stub.onTransact:2307 com.android.server.wm.ActivityTaskManagerService.onTransact:5046
11-29 09:19:58.161 1491 11109 I ActivityTaskManager: START u0 {act=android.intent.action.MAIN cat=[android.intent.category.LAUNCHER] flg=0x10200000 cmp=com.android.gallery3d/.app.GalleryActivity} from uid 1000
11-29 09:19:58.194 1491 11109 D FreeFormWindowHelper: Add freeform task=Task{d517648 #425 type=standard A=10068:com.android.gallery3d U=0 visible=true mode=freeform translucent=false sz=1}
11-29 09:19:58.195 1491 11109 I ActivityTaskManager: FOREGROUND_APPLICATION_CHANGED to com.android.launcher3.uioverrides.QuickstepLauncher
11-29 09:19:58.198 1491 11109 I wm_resume_activity: [0,254362067,41,com.android.launcher3/.uioverrides.QuickstepLauncher]
11-29 09:19:58.198 1491 11109 I ActivityTaskManager: FOREGROUND_APPLICATION_CHANGED to com.android.gallery3d.app.GalleryActivity
11-29 09:19:58.199 1491 11109 I wm_task_moved: [425,1,9]
11-29 09:19:58.199 1491 11109 I wm_set_resumed_activity: [0,com.android.gallery3d/.app.GalleryActivity,positionChildAt]
11-29 09:19:58.200 1491 11109 W WindowManager: updateScale0.7996942
11-29 09:19:58.208 1491 11109 W WindowManager: updateScale0.7996942
11-29 09:19:58.214 1491 1599 W WindowManager: updateScale0.7996942
11-29 09:19:58.218 13671 13671 I wm_on_stop_called: [254362067,com.android.launcher3.uioverrides.QuickstepLauncher,STOP_ACTIVITY_ITEM]
11-29 09:19:58.222 1491 7658 W WindowManager: updateScale0.7996942
11-29 09:19:58.230 1491 7658 W WindowManager: updateScale0.7996942
11-29 09:19:58.233 13671 13671 I wm_on_restart_called: [254362067,com.android.launcher3.uioverrides.QuickstepLauncher,performRestartActivity]
11-29 09:19:58.233 13671 13671 I wm_on_start_called: [254362067,com.android.launcher3.uioverrides.QuickstepLauncher,handleStartActivity]
11-29 09:19:58.234 13671 13671 I wm_on_resume_called: [254362067,com.android.launcher3.uioverrides.QuickstepLauncher,RESUME_ACTIVITY]
11-29 09:19:58.235 1491 7658 I ActivityTaskManager: Activity reported stop, but no longer stopping: ActivityRecord{f2941d3 u0 com.android.launcher3/.uioverrides.QuickstepLauncher t41} RESUMED
11-29 09:19:58.241 1491 7658 W WindowManager: updateScale0.7996942
11-29 09:19:58.248 1491 1524 W WindowManager: updateScale0.7996942
11-29 09:19:58.250 1491 1524 D WindowManager: relayoutVisibleWindow: Window{59b7b66 u0 com.android.launcher3/com.android.launcher3.uioverrides.QuickstepLauncher EXITING} mAnimatingExit=true, mRemoveOnExit=false, mDestroying=false
11-29 09:19:58.259 1491 1600 W WindowManager: updateScale0.7996942
11-29 09:19:58.267 1491 1600 W WindowManager: updateScale0.7996942
11-29 09:19:58.271 1491 1600 W WindowManager: updateScale0.7996942
11-29 09:19:58.518 1491 1491 I notification_enqueue: [10097,27146,com.tencent.android.qqdownloader,127,NULL,0,Notification(channel=channel_id_default_silent shortcut=null contentView=com.tencent.android.qqdownloader/0x7f0a01c2 vibrate=null sound=null defaults=0x0 flags=0x2a0 color=0x00000000 groupKey=com.tencent.android.qqdownloader vis=PRIVATE),1]
11-29 09:19:58.641 1491 1600 W WindowManager: updateScale0.7996942
11-29 09:19:58.719 1491 1491 I GameModeConfig: isGameModeOn = false
11-29 09:19:59.079 0 0 I auditd : type=1400 audit(0.0:24222): avc: denied { kill } for comm="swapper/0" capability=5 scontext=u:r:kernel:s0 tcontext=u:r:kernel:s0 tclass=capability permissive=0
11-29 09:20:00.079 353 353 I auditd : type=1400 audit(0.0:24223): avc: denied { kill } for comm="irq/382-atmel_m" capability=5 scontext=u:r:kernel:s0 tcontext=u:r:kernel:s0 tclass=capability permissive=0
11-29 09:20:00.098 1491 1693 I input_interaction: Interaction with: 2c133de com.android.gallery3d/com.android.gallery3d.app.GalleryActivity (server), edge-swipe (server), swipe-up (server), PointerEventDispatcher0 (server),
11-29 09:20:00.976 15636 15636 I view_enqueue_input_event: [Motion - Cancel,com.android.gallery3d/com.android.gallery3d.app.GalleryActivity]
11-29 09:20:00.985 1491 1693 I input_interaction: Interaction with: edge-swipe (server), swipe-up (server), PointerEventDispatcher0 (server),
11-29 09:20:01.079 353 353 I auditd : type=1400 audit(0.0:24224): avc: denied { kill } for comm="irq/382-atmel_m" capability=5 scontext=u:r:kernel:s0 tcontext=u:r:kernel:s0 tclass=capability permissive=0
11-29 09:20:01.148 1491 1760 I GameModeConfig: isGameModeOn = false
11-29 09:20:01.161 1491 1524 I ActivityTaskManager: START u0 {act=android.intent.action.MAIN cat=[android.intent.category.HOME] flg=0x10000000 cmp=com.android.launcher3/.uioverrides.QuickstepLauncher} from uid 10077
11-29 09:20:01.163 1491 1524 I wm_task_moved: [32,1,9]
11-29 09:20:01.167 15636 15636 I wm_on_top_resumed_lost_called: [101688110,com.android.gallery3d.app.GalleryActivity,topStateChangedWhenResumed]
11-29 09:20:01.167 1491 1524 I wm_set_resumed_activity: [0,com.android.launcher3/.uioverrides.QuickstepLauncher,positionChildAt]
11-29 09:20:01.167 1491 1524 I wm_task_moved: [41,1,2147483647]
11-29 09:20:01.167 1491 1524 I wm_task_to_front: [0,41]
11-29 09:20:01.167 1491 1524 I wm_focused_root_task: [0,0,32,425,bringingFoundTaskToFront]
11-29 09:20:01.167 1491 1524 I wm_set_resumed_activity: [0,com.android.launcher3/.uioverrides.QuickstepLauncher,bringingFoundTaskToFront]
11-29 09:20:01.168 1491 1524 I wm_new_intent: [0,254362067,41,com.android.launcher3/.uioverrides.QuickstepLauncher,android.intent.action.MAIN,NULL,NULL,268435712]
11-29 09:20:01.169 1491 1524 I wm_task_moved: [32,1,9]
11-29 09:20:01.169 1491 1524 I wm_set_resumed_activity: [0,com.android.launcher3/.uioverrides.QuickstepLauncher,positionChildAt]
11-29 09:20:01.169 1491 1524 I ActivityTaskManager: FOREGROUND_APPLICATION_CHANGED to com.android.launcher3.uioverrides.QuickstepLauncher
11-29 09:20:01.170 1491 1524 W WindowManager: updateScale0.7996942
11-29 09:20:01.174 1491 1524 W WindowManager: updateScale0.7996942
11-29 09:20:01.177 1491 1600 I input_focus: [Focus request 59b7b66 com.android.launcher3/com.android.launcher3.uioverrides.QuickstepLauncher,reason=UpdateInputWindows]
11-29 09:20:01.179 13671 13671 I wm_on_paused_called: [254362067,com.android.launcher3.uioverrides.QuickstepLauncher,performPause]
11-29 09:20:01.182 13671 13671 I wm_on_resume_called: [254362067,com.android.launcher3.uioverrides.QuickstepLauncher,LIFECYCLER_RESUME_ACTIVITY]
11-29 09:20:01.183 13671 13671 I wm_on_top_resumed_gained_called: [254362067,com.android.launcher3.uioverrides.QuickstepLauncher,topStateChangedWhenResumed]
11-29 09:20:01.198 1491 1693 I input_focus: [Focus leaving 2c133de com.android.gallery3d/com.android.gallery3d.app.GalleryActivity (server),reason=setFocusedWindow]
11-29 09:20:01.198 1491 1693 I input_focus: [Focus entering 59b7b66 com.android.launcher3/com.android.launcher3.uioverrides.QuickstepLauncher (server),reason=setFocusedWindow]
11-29 09:20:01.623 1491 1693 I input_interaction: Interaction with: 2c133de com.android.gallery3d/com.android.gallery3d.app.GalleryActivity (server), edge-swipe (server), swipe-up (server), PointerEventDispatcher0 (server),
11-29 09:20:01.625 1491 1599 I wm_task_moved: [425,1,9]
11-29 09:20:01.625 1491 1599 I wm_task_to_front: [0,425]
11-29 09:20:01.626 1491 1599 W WindowManager: updateScale0.7996942
11-29 09:20:01.629 1491 1599 I wm_set_resumed_activity: [0,com.android.gallery3d/.app.GalleryActivity,positionChildAt]
11-29 09:20:01.630 1491 1599 I wm_focused_root_task: [0,0,425,32,setFocusedTask]
11-29 09:20:01.630 1491 1599 I wm_set_resumed_activity: [0,com.android.gallery3d/.app.GalleryActivity,setFocusedTask]
11-29 09:20:01.630 1491 1599 I ActivityTaskManager: FOREGROUND_APPLICATION_CHANGED to com.android.gallery3d.app.GalleryActivity
11-29 09:20:01.631 1491 1600 I input_focus: [Focus request 2c133de com.android.gallery3d/com.android.gallery3d.app.GalleryActivity,reason=UpdateInputWindows]
11-29 09:20:01.636 13671 13671 I wm_on_top_resumed_lost_called: [254362067,com.android.launcher3.uioverrides.QuickstepLauncher,topStateChangedWhenResumed]
11-29 09:20:01.637 15636 15636 I wm_on_top_resumed_gained_called: [101688110,com.android.gallery3d.app.GalleryActivity,topStateChangedWhenResumed]
11-29 09:20:01.666 1491 1693 I input_focus: [Focus leaving 59b7b66 com.android.launcher3/com.android.launcher3.uioverrides.QuickstepLauncher (server),reason=setFocusedWindow]
11-29 09:20:01.666 1491 1693 I input_focus: [Focus entering 2c133de com.android.gallery3d/com.android.gallery3d.app.GalleryActivity (server),reason=setFocusedWindow]
11-29 09:20:01.772 15636 15636 I view_enqueue_input_event: [Motion - Cancel,com.android.gallery3d/com.android.gallery3d.app.GalleryActivity]
11-29 09:20:01.773 1491 1693 I input_interaction: Interaction with: edge-swipe (server), swipe-up (server), PointerEventDispatcher0 (server),
11-29 09:20:01.956 1491 1673 I commit_sys_config_file: [settings-1-0,5]
11-29 09:20:02.291 1491 1673 I commit_sys_config_file: [settings-1-0,10]
11-29 09:20:02.473 1491 1608 I am_uid_idle: 10089
11-29 09:20:02.630 1491 1693 I input_interaction: Interaction with: 2c133de com.android.gallery3d/com.android.gallery3d.app.GalleryActivity (server), edge-swipe (server), swipe-up (server), PointerEventDispatcher0 (server),
11-29 09:20:02.722 15636 15636 I view_enqueue_input_event: [Motion - Cancel,com.android.gallery3d/com.android.gallery3d.app.GalleryActivity]
11-29 09:20:02.727 1491 1693 I input_interaction: Interaction with: edge-swipe (server), swipe-up (server), PointerEventDispatcher0 (server),
11-29 09:20:03.001 1491 7658 I ActivityTaskManager: START u0 {act=android.intent.action.MAIN cat=[android.intent.category.HOME] flg=0x10000000 cmp=com.android.launcher3/.uioverrides.QuickstepLauncher} from uid 10077
11-29 09:20:03.002 1491 7658 I wm_task_moved: [32,1,9]
11-29 09:20:03.004 15636 15636 I wm_on_top_resumed_lost_called: [101688110,com.android.gallery3d.app.GalleryActivity,topStateChangedWhenResumed]
11-29 09:20:03.004 1491 7658 I wm_set_resumed_activity: [0,com.android.launcher3/.uioverrides.QuickstepLauncher,positionChildAt]
11-29 09:20:03.004 1491 7658 I wm_task_moved: [41,1,2147483647]
11-29 09:20:03.004 1491 7658 I wm_task_to_front: [0,41]
11-29 09:20:03.004 1491 7658 I wm_focused_root_task: [0,0,32,425,bringingFoundTaskToFront]
11-29 09:20:03.004 1491 7658 I wm_set_resumed_activity: [0,com.android.launcher3/.uioverrides.QuickstepLauncher,bringingFoundTaskToFront]
11-29 09:20:03.004 1491 7658 I wm_new_intent: [0,254362067,41,com.android.launcher3/.uioverrides.QuickstepLauncher,android.intent.action.MAIN,NULL,NULL,268435712]
11-29 09:20:03.005 1491 7658 I wm_task_moved: [32,1,9]
11-29 09:20:03.005 1491 7658 I wm_set_resumed_activity: [0,com.android.launcher3/.uioverrides.QuickstepLauncher,positionChildAt]
11-29 09:20:03.005 1491 7658 I ActivityTaskManager: FOREGROUND_APPLICATION_CHANGED to com.android.launcher3.uioverrides.QuickstepLauncher
11-29 09:20:03.005 1491 7658 W WindowManager: updateScale0.7996942
11-29 09:20:03.008 1491 7658 W WindowManager: updateScale0.7996942
11-29 09:20:03.011 13671 13671 I wm_on_paused_called: [254362067,com.android.launcher3.uioverrides.QuickstepLauncher,performPause]
11-29 09:20:03.012 13671 13671 I wm_on_resume_called: [254362067,com.android.launcher3.uioverrides.QuickstepLauncher,LIFECYCLER_RESUME_ACTIVITY]
11-29 09:20:03.012 1491 1600 I input_focus: [Focus request 59b7b66 com.android.launcher3/com.android.launcher3.uioverrides.QuickstepLauncher,reason=UpdateInputWindows]
11-29 09:20:03.015 13671 13671 I wm_on_top_resumed_gained_called: [254362067,com.android.launcher3.uioverrides.QuickstepLauncher,topStateChangedWhenResumed]
11-29 09:20:03.016 1491 11109 W WindowManager: updateScale0.7996942
11-29 09:20:03.034 1491 1693 I input_focus: [Focus leaving 2c133de com.android.gallery3d/com.android.gallery3d.app.GalleryActivity (server),reason=setFocusedWindow]
11-29 09:20:03.034 1491 1693 I input_focus: [Focus entering 59b7b66 com.android.launcher3/com.android.launcher3.uioverrides.QuickstepLauncher (server),reason=setFocusedWindow]
11-29 09:20:03.079 0 0 I auditd : type=1400 audit(0.0:24225): avc: denied { kill } for comm="swapper/0" capability=5 scontext=u:r:kernel:s0 tcontext=u:r:kernel:s0 tclass=capability permissive=0
11-29 09:20:04.079 0 0 I auditd : type=1400 audit(0.0:24226): avc: denied { kill } for comm="swapper/0" capability=5 scontext=u:r:kernel:s0 tcontext=u:r:kernel:s0 tclass=capability permissive=0
11-29 09:20:05.079 0 0 I auditd : type=1400 audit(0.0:24227): avc: denied { kill } for comm="swapper/0" capability=5 scontext=u:r:kernel:s0 tcontext=u:r:kernel:s0 tclass=capability permissive=0
11-29 09:20:06.079 0 0 I auditd : type=1400 audit(0.0:24228): avc: denied { kill } for comm="swapper/0" capability=5 scontext=u:r:kernel:s0 tcontext=u:r:kernel:s0 tclass=capability permissive=0
11-29 09:20:07.079 353 353 I auditd : type=1400 audit(0.0:24229): avc: denied { kill } for comm="irq/382-atmel_m" capability=5 scontext=u:r:kernel:s0 tcontext=u:r:kernel:s0 tclass=capability permissive=0
11-29 09:20:07.642 1491 1760 I GameModeConfig: isGameModeOn = false
11-29 09:20:07.818 1491 1760 I GameModeConfig: isGameModeOn = false
11-29 09:20:08.079 0 0 I auditd : type=1400 audit(0.0:24230): avc: denied { kill } for comm="swapper/0" capability=5 scontext=u:r:kernel:s0 tcontext=u:r:kernel:s0 tclass=capability permissive=0
11-29 09:20:08.141 1491 1693 I input_interaction: Interaction with: 2c133de com.android.gallery3d/com.android.gallery3d.app.GalleryActivity (server), edge-swipe (server), swipe-up (server), PointerEventDispatcher0 (server),
11-29 09:20:08.144 1491 1599 I wm_task_moved: [425,1,9]
11-29 09:20:08.144 1491 1599 I wm_task_to_front: [0,425]
11-29 09:20:08.147 1491 1599 W WindowManager: updateScale0.7996942
11-29 09:20:08.152 1491 1599 I wm_set_resumed_activity: [0,com.android.gallery3d/.app.GalleryActivity,positionChildAt]
11-29 09:20:08.152 1491 1599 I wm_focused_root_task: [0,0,425,32,setFocusedTask]
11-29 09:20:08.152 1491 1599 I wm_set_resumed_activity: [0,com.android.gallery3d/.app.GalleryActivity,setFocusedTask]
11-29 09:20:08.152 1491 1599 I ActivityTaskManager: FOREGROUND_APPLICATION_CHANGED to com.android.gallery3d.app.GalleryActivity
11-29 09:20:08.154 13671 13671 I wm_on_top_resumed_lost_called: [254362067,com.android.launcher3.uioverrides.QuickstepLauncher,topStateChangedWhenResumed]
11-29 09:20:08.156 15636 15636 I wm_on_top_resumed_gained_called: [101688110,com.android.gallery3d.app.GalleryActivity,topStateChangedWhenResumed]
11-29 09:20:08.157 1491 1600 I input_focus: [Focus request 2c133de com.android.gallery3d/com.android.gallery3d.app.GalleryActivity,reason=UpdateInputWindows]
11-29 09:20:08.183 1491 1693 I input_focus: [Focus leaving 59b7b66 com.android.launcher3/com.android.launcher3.uioverrides.QuickstepLauncher (server),reason=setFocusedWindow]
11-29 09:20:08.184 1491 1693 I input_focus: [Focus entering 2c133de com.android.gallery3d/com.android.gallery3d.app.GalleryActivity (server),reason=setFocusedWindow]
11-29 09:20:08.275 15636 15636 I view_enqueue_input_event: [Motion - Cancel,com.android.gallery3d/com.android.gallery3d.app.GalleryActivity]
11-29 09:20:08.283 1491 1693 I input_interaction: Interaction with: edge-swipe (server), swipe-up (server), PointerEventDispatcher0 (server),
11-29 09:20:08.468 1491 1673 I commit_sys_config_file: [settings-1-0,8]
11-29 09:20:08.876 1491 1673 I commit_sys_config_file: [settings-1-0,14]
11-29 09:20:08.962 1491 11109 I wm_finish_activity: [0,101688110,425,com.android.gallery3d/.app.GalleryActivity,app-request]
11-29 09:20:08.963 1491 11109 I wm_task_moved: [32,1,9]
11-29 09:20:08.968 1491 11109 I wm_set_resumed_activity: [0,com.android.launcher3/.uioverrides.QuickstepLauncher,positionChildAt]
11-29 09:20:08.968 1491 11109 I wm_task_moved: [41,1,2147483647]
11-29 09:20:08.968 1491 11109 I wm_task_to_front: [0,41]
11-29 09:20:08.968 1491 11109 I wm_focused_root_task: [0,0,32,-1,finish-top adjustFocusToNextFocusableTask]
11-29 09:20:08.968 1491 11109 I wm_set_resumed_activity: [0,com.android.launcher3/.uioverrides.QuickstepLauncher,finish-top]
11-29 09:20:08.973 15636 15636 I wm_on_top_resumed_lost_called: [101688110,com.android.gallery3d.app.GalleryActivity,topStateChangedWhenResumed]
11-29 09:20:08.984 1491 11109 I wm_pause_activity: [0,101688110,com.android.gallery3d/.app.GalleryActivity,userLeaving=false,finish]
11-29 09:20:08.990 1491 1600 I input_focus: [Focus request 59b7b66 com.android.launcher3/com.android.launcher3.uioverrides.QuickstepLauncher,reason=UpdateInputWindows]
11-29 09:20:09.013 15636 15636 I wm_on_paused_called: [101688110,com.android.gallery3d.app.GalleryActivity,performPause]
11-29 09:20:09.016 1491 1524 I ActivityTaskManager: FOREGROUND_APPLICATION_CHANGED to com.android.launcher3.uioverrides.QuickstepLauncher
11-29 09:20:09.016 1491 1524 I wm_destroy_activity: [0,101688110,425,com.android.gallery3d/.app.GalleryActivity,finish-imm:completePausedLocked]
11-29 09:20:09.020 13671 13671 I wm_on_top_resumed_gained_called: [254362067,com.android.launcher3.uioverrides.QuickstepLauncher,topStateChangedWhenResumed]
11-29 09:20:09.021 1491 1693 I input_focus: [Focus leaving 2c133de com.android.gallery3d/com.android.gallery3d.app.GalleryActivity (server),reason=NO_WINDOW]
11-29 09:20:09.022 1491 1693 I input_focus: [Focus entering 59b7b66 com.android.launcher3/com.android.launcher3.uioverrides.QuickstepLauncher (server),reason=setFocusedWindow]
11-29 09:20:09.025 1491 1599 I sysui_multi_action: [757,803,799,window_time_0,802,11]
11-29 09:20:09.042 16043 16059 W ContextImpl: Calling a method in the system process without a qualified user: android.app.ContextImpl.startService:1816 android.content.ContextWrapper.startService:774 com.thundercomm.gamemode.ingame.services.GameModeActionUtils.startGameModeService:93 com.thundercomm.gamemode.ingame.services.GameModeActionUtils.startGameModeEntry:21 com.thundercomm.gamemode.ingame.services.ActivityMonitoringService$1.onActivityLaunch:127
11-29 09:20:09.043 15636 15636 I wm_on_stop_called: [101688110,com.android.gallery3d.app.GalleryActivity,LIFECYCLER_STOP_ACTIVITY]
11-29 09:20:09.048 15636 15636 I wm_on_destroy_called: [101688110,com.android.gallery3d.app.GalleryActivity,performDestroy]
11-29 09:20:09.051 1491 1491 I GameModeConfig: Current uri is uri = content://com.thundercomm.gamemode.api/gamemode_settings/gamemode_isgaming
11-29 09:20:09.056 1491 1491 I GameModeConfig: isGameModeOn = false
11-29 09:20:09.057 1491 1491 I GameModeConfig: isGameModeOn = false
11-29 09:20:09.057 1491 1491 I GameModeConfig: isDisableVoice = true
11-29 09:20:09.079 13669 13669 I auditd : type=1400 audit(0.0:24231): avc: denied { kill } for comm="kworker/u16:3" capability=5 scontext=u:r:kernel:s0 tcontext=u:r:kernel:s0 tclass=capability permissive=0
11-29 09:20:09.128 16043 16059 W ContextImpl: Calling a method in the system process without a qualified user: android.app.ContextImpl.startService:1816 android.content.ContextWrapper.startService:774 com.thundercomm.gamemode.ingame.services.GameModeActionUtils.startGameModeService:93 com.thundercomm.gamemode.ingame.services.GameModeActionUtils.startGameModeEntry:21 com.thundercomm.gamemode.ingame.services.ActivityMonitoringService$1.onActivityLaunch:127
11-29 09:20:09.133 1491 1491 I GameModeConfig: Current uri is uri = content://com.thundercomm.gamemode.api/gamemode_settings/gamemode_isgaming
11-29 09:20:09.135 1491 1491 I GameModeConfig: isGameModeOn = false
11-29 09:20:09.135 1491 1491 I GameModeConfig: isGameModeOn = false
11-29 09:20:09.135 1491 1491 I GameModeConfig: isDisableVoice = true
11-29 09:20:09.313 1491 1600 I wm_task_removed: [425,removeChild:removeChild last r=ActivityRecord{60fa32e u0 com.android.gallery3d/.app.GalleryActivity t-1 f}} in t=Task{d517648 #425 type=standard A=10068:com.android.gallery3d U=0 visible=false mode=freeform translucent=true sz=0}]
11-29 09:20:09.313 1491 1600 I wm_task_removed: [425,removeChild]
11-29 09:20:09.313 1491 1600 D FreeFormWindowHelper: Remove freefrom task=Task{d517648 #425 type=standard A=10068:com.android.gallery3d U=0 visible=false mode=freeform translucent=true sz=0}
11-29 09:20:10.079 0 0 I auditd : type=1400 audit(0.0:24232): avc: denied { kill } for comm="swapper/0" capability=5 scontext=u:r:kernel:s0 tcontext=u:r:kernel:s0 tclass=capability permissive=0
11-29 09:20:10.880 1491 1723 I netstats_mobile_sample: [0,0,0,0,0,0,0,0,0,0,0,0,1669684810880]
11-29 09:20:10.880 1491 1723 I netstats_wifi_sample: [6555435845,5630140,280854760,1196194,6555435845,5630140,280854760,1196194,6672190212,6528845,159693647,921677,1669684810880]
11-29 09:20:11.079 353 353 I auditd : type=1400 audit(0.0:24233): avc: denied { kill } for comm="irq/382-atmel_m" capability=5 scontext=u:r:kernel:s0 tcontext=u:r:kernel:s0 tclass=capability permissive=0
11-29 09:20:12.079 353 353 I auditd : type=1400 audit(0.0:24234): avc: denied { kill } for comm="irq/382-atmel_m" capability=5 scontext=u:r:kernel:s0 tcontext=u:r:kernel:s0 tclass=capability permissive=0
11-29 09:20:12.330 1491 1693 I input_interaction: Interaction with: 59b7b66 com.android.launcher3/com.android.launcher3.uioverrides.QuickstepLauncher (server), 41aecc7 com.android.systemui.ImageWallpaper (server), edge-swipe (server), swipe-up (server), PointerEventDispatcher0 (server),
11-29 09:20:12.438 1491 7658 I ActivityTaskManager: START u0 {act=android.intent.action.MAIN cat=[android.intent.category.LAUNCHER] flg=0x10200000 cmp=com.android.gallery3d/.app.GalleryActivity bnds=[2308,340][2494,540]} from uid 10077
11-29 09:20:12.444 1491 7658 I wm_task_created: [426,-1]
11-29 09:20:12.444 1491 7658 W ActivityTaskManager: Can't find TaskDisplayArea to determine support for multi window. Task id=426 attached=false
11-29 09:20:12.451 1491 7658 I wm_task_moved: [426,1,9]
11-29 09:20:12.451 1491 7658 I wm_task_to_front: [0,426]
11-29 09:20:12.452 1491 7658 I wm_create_task: [0,426]
11-29 09:20:12.452 1491 7658 I wm_create_activity: [0,114234796,426,com.android.gallery3d/.app.GalleryActivity,android.intent.action.MAIN,NULL,NULL,270532608]
11-29 09:20:12.452 1491 7658 I wm_task_moved: [426,1,9]
11-29 09:20:12.455 1491 7658 I wm_pause_activity: [0,254362067,com.android.launcher3/.uioverrides.QuickstepLauncher,userLeaving=true,pauseBackTasks]
11-29 09:20:12.473 13671 13671 I wm_on_top_resumed_lost_called: [254362067,com.android.launcher3.uioverrides.QuickstepLauncher,topStateChangedWhenResumed]
11-29 09:20:12.476 13671 13671 I wm_on_paused_called: [254362067,com.android.launcher3.uioverrides.QuickstepLauncher,performPause]
11-29 09:20:12.478 1491 1524 I ActivityTaskManager: FOREGROUND_APPLICATION_CHANGED to com.android.gallery3d.app.GalleryActivity
11-29 09:20:12.478 1491 1524 I ActivityTaskManager: The Process com.android.gallery3d Already Exists in BG. So sending its PID: 15636
11-29 09:20:12.479 1491 1524 W ActivityTaskManager: Tried to set launchTime (0) < mLastActivityLaunchTime (21976014)
11-29 09:20:12.479 1491 1524 I wm_add_to_stopping: [0,254362067,com.android.launcher3/.uioverrides.QuickstepLauncher,makeInvisible]
11-29 09:20:12.481 1491 1524 I wm_restart_activity: [0,114234796,426,com.android.gallery3d/.app.GalleryActivity]
11-29 09:20:12.484 1491 1524 I wm_set_resumed_activity: [0,com.android.gallery3d/.app.GalleryActivity,minimalResumeActivityLocked]
11-29 09:20:12.504 1491 1599 I sysui_multi_action: [757,803,799,window_time_0,802,3]
11-29 09:20:12.509 1491 1693 I input_focus: [Focus leaving 59b7b66 com.android.launcher3/com.android.launcher3.uioverrides.QuickstepLauncher (server),reason=NO_WINDOW]
11-29 09:20:12.512 16043 16059 W ContextImpl: Calling a method in the system process without a qualified user: android.app.ContextImpl.startService:1816 android.content.ContextWrapper.startService:774 com.thundercomm.gamemode.ingame.services.GameModeActionUtils.startGameModeService:93 com.thundercomm.gamemode.ingame.services.GameModeActionUtils.startGameModeEntry:21 com.thundercomm.gamemode.ingame.services.ActivityMonitoringService$1.onActivityLaunch:127
11-29 09:20:12.513 15636 15636 I wm_on_create_called: [114234796,com.android.gallery3d.app.GalleryActivity,performCreate]
11-29 09:20:12.515 15636 15636 I wm_on_start_called: [114234796,com.android.gallery3d.app.GalleryActivity,handleStartActivity]
11-29 09:20:12.519 1491 1491 I GameModeConfig: Current uri is uri = content://com.thundercomm.gamemode.api/gamemode_settings/gamemode_isgaming
11-29 09:20:12.519 15636 15636 I wm_on_resume_called: [114234796,com.android.gallery3d.app.GalleryActivity,RESUME_ACTIVITY]
11-29 09:20:12.527 1491 1491 I GameModeConfig: isGameModeOn = false
11-29 09:20:12.527 1491 1491 I GameModeConfig: isGameModeOn = false
11-29 09:20:12.527 1491 1491 I GameModeConfig: isDisableVoice = true
11-29 09:20:12.529 15636 15636 I wm_on_top_resumed_gained_called: [114234796,com.android.gallery3d.app.GalleryActivity,topStateChangedWhenResumed]
11-29 09:20:12.536 1491 1600 I input_focus: [Focus request e9941dc com.android.gallery3d/com.android.gallery3d.app.GalleryActivity,reason=UpdateInputWindows]
11-29 09:20:12.540 17439 17439 I sysui_multi_action: [757,111,758,2]
11-29 09:20:12.542 17439 17439 I sysui_multi_action: [757,111,758,2]
11-29 09:20:12.545 1491 1760 I GameModeConfig: isGameModeOn = false
11-29 09:20:12.545 1491 1760 I GameModeConfig: isGameModeOn = false
11-29 09:20:12.545 1491 1760 I GameModeConfig: isGameModeOn = false
11-29 09:20:12.545 1491 1760 I GameModeConfig: isGameModeOn = false
11-29 09:20:12.545 1491 1760 I GameModeConfig: isGameModeOn = false
11-29 09:20:12.545 1491 1760 I GameModeConfig: isGameModeOn = false
11-29 09:20:12.547 1491 1491 I notification_enqueue: [10082,17439,com.android.systemui,2048,NULL,0,Notification(channel=updateNotification shortcut=null contentView=null vibrate=null sound=null defaults=0x0 flags=0x0 color=0x00000000 vis=PRIVATE),1]
11-29 09:20:12.562 17439 17439 I sysui_multi_action: [757,111,758,1]
11-29 09:20:12.562 17439 17439 I sysui_multi_action: [757,126,758,1,759,126,927,0,928,1,1593,0]
11-29 09:20:12.562 17439 17439 I sysui_multi_action: [757,113,758,1,759,113,927,1,928,1,1593,0]
11-29 09:20:12.562 17439 17439 I sysui_multi_action: [757,0,758,1,759,0,927,2,928,0,1593,0]
11-29 09:20:12.562 17439 17439 I sysui_multi_action: [757,0,758,1,759,0,927,3,928,0,1593,0]
11-29 09:20:12.563 17439 17439 I sysui_multi_action: [757,491,758,1,759,491,927,4,928,0,1311,-1,1593,0]
11-29 09:20:12.563 17439 17439 I sysui_multi_action: [757,0,758,1,759,0,927,5,928,0,1593,0]
11-29 09:20:12.563 17439 17439 I sysui_multi_action: [757,111,758,1]
11-29 09:20:12.563 17439 17439 I sysui_multi_action: [757,126,758,1,759,126,927,0,928,1,1593,0]
11-29 09:20:12.563 17439 17439 I sysui_multi_action: [757,113,758,1,759,113,927,1,928,1,1593,0]
11-29 09:20:12.563 17439 17439 I sysui_multi_action: [757,0,758,1,759,0,927,2,928,0,1593,0]
11-29 09:20:12.563 17439 17439 I sysui_multi_action: [757,0,758,1,759,0,927,3,928,0,1593,0]
11-29 09:20:12.564 1491 1596 I sysui_multi_action: [319,79,321,74,322,122,325,21990,757,761,758,8,759,1,806,com.android.gallery3d,871,com.android.gallery3d.app.GalleryActivity,904,com.android.launcher3,905,0,1320,4,1321,1]
11-29 09:20:12.566 1491 1596 I wm_activity_launch_time: [0,114234796,com.android.gallery3d/.app.GalleryActivity,122]
11-29 09:20:12.573 1491 1693 I input_focus: [Focus entering e9941dc com.android.gallery3d/com.android.gallery3d.app.GalleryActivity (server),reason=Window became focusable. Previous reason: NOT_VISIBLE]
11-29 09:20:12.600 16043 16059 W ContextImpl: Calling a method in the system process without a qualified user: android.app.ContextImpl.startService:1816 android.content.ContextWrapper.startService:774 com.thundercomm.gamemode.ingame.services.GameModeActionUtils.startGameModeService:93 com.thundercomm.gamemode.ingame.services.GameModeActionUtils.startGameModeEntry:21 com.thundercomm.gamemode.ingame.services.ActivityMonitoringService$1.onActivityLaunch:127
11-29 09:20:12.603 1491 1491 I GameModeConfig: Current uri is uri = content://com.thundercomm.gamemode.api/gamemode_settings/gamemode_isgaming
11-29 09:20:12.606 1491 1491 I GameModeConfig: isGameModeOn = false
11-29 09:20:12.606 1491 1491 I GameModeConfig: isGameModeOn = false
11-29 09:20:12.606 1491 1491 I GameModeConfig: isDisableVoice = true
11-29 09:20:12.749 1491 1491 I GameModeConfig: isGameModeOn = false
11-29 09:20:12.750 1491 1491 I sysui_multi_action: [757,1501,758,1,793,2844062,794,0,795,211,796,2048,806,com.android.systemui,857,updateNotification,858,3,947,0,1500,0,1688,1]
11-29 09:20:12.750 1491 1491 I sysui_multi_action: [757,804,799,note_interruptive,801,0,802,1]
11-29 09:20:12.751 1491 1491 I sysui_multi_action: [757,199,758,1,759,2,793,2844062,794,0,795,211,796,2048,806,com.android.systemui,857,updateNotification,858,3,947,0,1500,0,1688,1]
11-29 09:20:12.751 1491 1491 I notification_alert: [0|com.android.systemui|2048|null|10082,0,1,0]
11-29 09:20:12.752 1491 1491 W NotificationHistory: Attempted to add notif for locked/gone/disabled user 0
11-29 09:20:13.071 1491 1599 I wm_stop_activity: [0,254362067,com.android.launcher3/.uioverrides.QuickstepLauncher]
11-29 09:20:13.079 0 0 I auditd : type=1400 audit(0.0:24235): avc: denied { kill } for comm="swapper/2" capability=5 scontext=u:r:kernel:s0 tcontext=u:r:kernel:s0 tclass=capability permissive=0
11-29 09:20:13.123 1491 2068 W ContextImpl: Calling a method in the system process without a qualified user: android.app.ContextImpl.startActivity:1067 com.android.server.wm.FreeFormWindowHelper.exitRecentTasks:423 com.android.server.wm.ActivityTaskManagerService.exitRecentTasks:3795 android.app.IActivityTaskManager$Stub.onTransact:2307 com.android.server.wm.ActivityTaskManagerService.onTransact:5046
11-29 09:20:13.124 1491 2068 I ActivityTaskManager: START u0 {act=android.intent.action.MAIN cat=[android.intent.category.LAUNCHER] flg=0x10200000 cmp=com.android.gallery3d/.app.GalleryActivity} from uid 1000
11-29 09:20:13.142 1491 2068 D FreeFormWindowHelper: Add freeform task=Task{81bdb2d #426 type=standard A=10068:com.android.gallery3d U=0 visible=true mode=freeform translucent=false sz=1}
11-29 09:20:13.143 1491 2068 I ActivityTaskManager: FOREGROUND_APPLICATION_CHANGED to com.android.launcher3.uioverrides.QuickstepLauncher
11-29 09:20:13.145 1491 2068 I wm_resume_activity: [0,254362067,41,com.android.launcher3/.uioverrides.QuickstepLauncher]
11-29 09:20:13.146 1491 2068 I ActivityTaskManager: FOREGROUND_APPLICATION_CHANGED to com.android.gallery3d.app.GalleryActivity
11-29 09:20:13.146 1491 2068 I wm_task_moved: [426,1,9]
11-29 09:20:13.146 1491 2068 I wm_set_resumed_activity: [0,com.android.gallery3d/.app.GalleryActivity,positionChildAt]
11-29 09:20:13.147 1491 2068 W WindowManager: updateScale0.7996942
11-29 09:20:13.150 1491 2068 W WindowManager: updateScale0.7996942
11-29 09:20:13.156 13671 13671 I wm_on_stop_called: [254362067,com.android.launcher3.uioverrides.QuickstepLauncher,STOP_ACTIVITY_ITEM]
11-29 09:20:13.156 1491 1599 W WindowManager: updateScale0.7996942
11-29 09:20:13.158 13671 13671 I wm_on_restart_called: [254362067,com.android.launcher3.uioverrides.QuickstepLauncher,performRestartActivity]
11-29 09:20:13.158 13671 13671 I wm_on_start_called: [254362067,com.android.launcher3.uioverrides.QuickstepLauncher,handleStartActivity]
11-29 09:20:13.159 13671 13671 I wm_on_resume_called: [254362067,com.android.launcher3.uioverrides.QuickstepLauncher,RESUME_ACTIVITY]
11-29 09:20:13.164 1491 7658 I ActivityTaskManager: Activity reported stop, but no longer stopping: ActivityRecord{f2941d3 u0 com.android.launcher3/.uioverrides.QuickstepLauncher t41} RESUMED
11-29 09:20:13.165 1491 5277 W WindowManager: updateScale0.7996942
11-29 09:20:13.175 1491 5277 W WindowManager: updateScale0.7996942
11-29 09:20:13.191 1491 5277 W WindowManager: updateScale0.7996942
11-29 09:20:13.196 1491 1600 W WindowManager: updateScale0.7996942
11-29 09:20:13.198 1491 1600 W WindowManager: updateScale0.7996942
11-29 09:20:13.577 1491 1600 W WindowManager: updateScale0.7996942
11-29 09:20:14.079 0 0 I auditd : type=1400 audit(0.0:24236): avc: denied { kill } for comm="swapper/2" capability=5 scontext=u:r:kernel:s0 tcontext=u:r:kernel:s0 tclass=capability permissive=0
11-29 09:20:14.484 1491 1693 I input_interaction: Interaction with: e9941dc com.android.gallery3d/com.android.gallery3d.app.GalleryActivity (server), edge-swipe (server), swipe-up (server), PointerEventDispatcher0 (server),
11-29 09:20:14.562 15636 15636 I view_enqueue_input_event: [Motion - Cancel,com.android.gallery3d/com.android.gallery3d.app.GalleryActivity]
11-29 09:20:14.571 1491 1693 I input_interaction: Interaction with: edge-swipe (server), swipe-up (server), PointerEventDispatcher0 (server),
11-29 09:20:14.819 1491 2923 I ActivityTaskManager: START u0 {act=android.intent.action.MAIN cat=[android.intent.category.HOME] flg=0x10000000 cmp=com.android.launcher3/.uioverrides.QuickstepLauncher} from uid 10077
11-29 09:20:14.822 1491 2923 I wm_task_moved: [32,1,9]
11-29 09:20:14.825 15636 15636 I wm_on_top_resumed_lost_called: [114234796,com.android.gallery3d.app.GalleryActivity,topStateChangedWhenResumed]
11-29 09:20:14.825 1491 2923 I wm_set_resumed_activity: [0,com.android.launcher3/.uioverrides.QuickstepLauncher,positionChildAt]
11-29 09:20:14.825 1491 2923 I wm_task_moved: [41,1,2147483647]
11-29 09:20:14.826 1491 2923 I wm_task_to_front: [0,41]
11-29 09:20:14.826 1491 2923 I wm_focused_root_task: [0,0,32,426,bringingFoundTaskToFront]
11-29 09:20:14.826 1491 2923 I wm_set_resumed_activity: [0,com.android.launcher3/.uioverrides.QuickstepLauncher,bringingFoundTaskToFront]
11-29 09:20:14.827 1491 2923 I wm_new_intent: [0,254362067,41,com.android.launcher3/.uioverrides.QuickstepLauncher,android.intent.action.MAIN,NULL,NULL,268435712]
11-29 09:20:14.827 1491 2923 I wm_task_moved: [32,1,9]
11-29 09:20:14.827 1491 2923 I wm_set_resumed_activity: [0,com.android.launcher3/.uioverrides.QuickstepLauncher,positionChildAt]
11-29 09:20:14.828 1491 2923 I ActivityTaskManager: FOREGROUND_APPLICATION_CHANGED to com.android.launcher3.uioverrides.QuickstepLauncher
11-29 09:20:14.828 1491 2923 W WindowManager: updateScale0.7996942
11-29 09:20:14.833 1491 2923 W WindowManager: updateScale0.7996942
11-29 09:20:14.838 13671 13671 I wm_on_paused_called: [254362067,com.android.launcher3.uioverrides.QuickstepLauncher,performPause]
11-29 09:20:14.841 1491 1600 I input_focus: [Focus request 59b7b66 com.android.launcher3/com.android.launcher3.uioverrides.QuickstepLauncher,reason=UpdateInputWindows]
11-29 09:20:14.851 1491 1693 I input_focus: [Focus leaving e9941dc com.android.gallery3d/com.android.gallery3d.app.GalleryActivity (server),reason=setFocusedWindow]
11-29 09:20:14.851 1491 1693 I input_focus: [Focus entering 59b7b66 com.android.launcher3/com.android.launcher3.uioverrides.QuickstepLauncher (server),reason=setFocusedWindow]
11-29 09:20:14.852 13671 13671 I wm_on_resume_called: [254362067,com.android.launcher3.uioverrides.QuickstepLauncher,LIFECYCLER_RESUME_ACTIVITY]
11-29 09:20:14.855 13671 13671 I wm_on_top_resumed_gained_called: [254362067,com.android.launcher3.uioverrides.QuickstepLauncher,topStateChangedWhenResumed]
11-29 09:20:15.079 0 0 I auditd : type=1400 audit(0.0:24237): avc: denied { kill } for comm="swapper/2" capability=5 scontext=u:r:kernel:s0 tcontext=u:r:kernel:s0 tclass=capability permissive=0
11-29 09:20:15.218 1491 1693 I input_interaction: Interaction with: e9941dc com.android.gallery3d/com.android.gallery3d.app.GalleryActivity (server), edge-swipe (server), swipe-up (server), PointerEventDispatcher0 (server),
11-29 09:20:15.220 1491 1599 I wm_task_moved: [426,1,9]
11-29 09:20:15.220 1491 1599 I wm_task_to_front: [0,426]
11-29 09:20:15.221 1491 1599 W WindowManager: updateScale0.7996942
11-29 09:20:15.224 1491 1599 I wm_set_resumed_activity: [0,com.android.gallery3d/.app.GalleryActivity,positionChildAt]
11-29 09:20:15.224 1491 1599 I wm_focused_root_task: [0,0,426,32,setFocusedTask]
11-29 09:20:15.224 1491 1599 I wm_set_resumed_activity: [0,com.android.gallery3d/.app.GalleryActivity,setFocusedTask]
11-29 09:20:15.225 1491 1599 I ActivityTaskManager: FOREGROUND_APPLICATION_CHANGED to com.android.gallery3d.app.GalleryActivity
11-29 09:20:15.226 13671 13671 I wm_on_top_resumed_lost_called: [254362067,com.android.launcher3.uioverrides.QuickstepLauncher,topStateChangedWhenResumed]
11-29 09:20:15.226 1491 1600 I input_focus: [Focus request e9941dc com.android.gallery3d/com.android.gallery3d.app.GalleryActivity,reason=UpdateInputWindows]
11-29 09:20:15.228 15636 15636 I wm_on_top_resumed_gained_called: [114234796,com.android.gallery3d.app.GalleryActivity,topStateChangedWhenResumed]
11-29 09:20:15.249 1491 1693 I input_focus: [Focus leaving 59b7b66 com.android.launcher3/com.android.launcher3.uioverrides.QuickstepLauncher (server),reason=setFocusedWindow]
11-29 09:20:15.249 1491 1693 I input_focus: [Focus entering e9941dc com.android.gallery3d/com.android.gallery3d.app.GalleryActivity (server),reason=setFocusedWindow]
11-29 09:20:15.289 15636 15636 I view_enqueue_input_event: [Motion - Cancel,com.android.gallery3d/com.android.gallery3d.app.GalleryActivity]
11-29 09:20:15.295 1491 1693 I input_interaction: Interaction with: edge-swipe (server), swipe-up (server), PointerEventDispatcher0 (server),
11-29 09:20:15.481 1491 1673 I commit_sys_config_file: [settings-1-0,3]
11-29 09:20:15.714 1491 1693 I input_interaction: Interaction with: e9941dc com.android.gallery3d/com.android.gallery3d.app.GalleryActivity (server), edge-swipe (server), swipe-up (server), PointerEventDispatcher0 (server),
11-29 09:20:15.718 1491 1673 I commit_sys_config_file: [settings-1-0,8]
11-29 09:20:15.830 1491 1693 I input_interaction: Interaction with: edge-swipe (server), swipe-up (server), PointerEventDispatcher0 (server),
11-29 09:20:15.832 15636 15636 I view_enqueue_input_event: [Motion - Cancel,com.android.gallery3d/com.android.gallery3d.app.GalleryActivity]
11-29 09:20:16.058 1491 2923 I ActivityTaskManager: START u0 {act=android.intent.action.MAIN cat=[android.intent.category.HOME] flg=0x10000000 cmp=com.android.launcher3/.uioverrides.QuickstepLauncher} from uid 10077
11-29 09:20:16.061 1491 2923 I wm_task_moved: [32,1,9]
11-29 09:20:16.064 1491 2923 I wm_set_resumed_activity: [0,com.android.launcher3/.uioverrides.QuickstepLauncher,positionChildAt]
11-29 09:20:16.064 1491 2923 I wm_task_moved: [41,1,2147483647]
11-29 09:20:16.064 1491 2923 I wm_task_to_front: [0,41]
11-29 09:20:16.064 1491 2923 I wm_focused_root_task: [0,0,32,426,bringingFoundTaskToFront]
11-29 09:20:16.064 1491 2923 I wm_set_resumed_activity: [0,com.android.launcher3/.uioverrides.QuickstepLauncher,bringingFoundTaskToFront]
11-29 09:20:16.064 1491 2923 I wm_new_intent: [0,254362067,41,com.android.launcher3/.uioverrides.QuickstepLauncher,android.intent.action.MAIN,NULL,NULL,268435712]
11-29 09:20:16.065 1491 2923 I wm_task_moved: [32,1,9]
11-29 09:20:16.065 15636 15636 I wm_on_top_resumed_lost_called: [114234796,com.android.gallery3d.app.GalleryActivity,topStateChangedWhenResumed]
11-29 09:20:16.065 1491 2923 I wm_set_resumed_activity: [0,com.android.launcher3/.uioverrides.QuickstepLauncher,positionChildAt]
11-29 09:20:16.065 1491 2923 I ActivityTaskManager: FOREGROUND_APPLICATION_CHANGED to com.android.launcher3.uioverrides.QuickstepLauncher
11-29 09:20:16.066 1491 2923 W WindowManager: updateScale0.7996942
11-29 09:20:16.070 1491 2923 W WindowManager: updateScale0.7996942
11-29 09:20:16.074 13671 13671 I wm_on_paused_called: [254362067,com.android.launcher3.uioverrides.QuickstepLauncher,performPause]
11-29 09:20:16.075 13671 13671 I wm_on_resume_called: [254362067,com.android.launcher3.uioverrides.QuickstepLauncher,LIFECYCLER_RESUME_ACTIVITY]
11-29 09:20:16.078 13671 13671 I wm_on_top_resumed_gained_called: [254362067,com.android.launcher3.uioverrides.QuickstepLauncher,topStateChangedWhenResumed]
11-29 09:20:16.087 1491 1600 I input_focus: [Focus request 59b7b66 com.android.launcher3/com.android.launcher3.uioverrides.QuickstepLauncher,reason=UpdateInputWindows]
11-29 09:20:16.094 1491 7658 W WindowManager: updateScale0.7996942
11-29 09:20:16.099 1491 1693 I input_focus: [Focus leaving e9941dc com.android.gallery3d/com.android.gallery3d.app.GalleryActivity (server),reason=setFocusedWindow]
11-29 09:20:16.099 1491 1693 I input_focus: [Focus entering 59b7b66 com.android.launcher3/com.android.launcher3.uioverrides.QuickstepLauncher (server),reason=setFocusedWindow]
11-29 09:20:17.079 0 0 I auditd : type=1400 audit(0.0:24238): avc: denied { kill } for comm="swapper/2" capability=5 scontext=u:r:kernel:s0 tcontext=u:r:kernel:s0 tclass=capability permissive=0
11-29 09:20:19.079 0 0 I auditd : type=1400 audit(0.0:24239): avc: denied { kill } for comm="swapper/2" capability=5 scontext=u:r:kernel:s0 tcontext=u:r:kernel:s0 tclass=capability permissive=0
11-29 09:20:20.079 745 745 I auditd : type=1400 audit(0.0:24240): avc: denied { kill } for comm="crtc_commit:125" capability=5 scontext=u:r:kernel:s0 tcontext=u:r:kernel:s0 tclass=capability permissive=0
11-29 09:20:21.072 1491 1693 I input_interaction: Interaction with: e9941dc com.android.gallery3d/com.android.gallery3d.app.GalleryActivity (server), edge-swipe (server), swipe-up (server), PointerEventDispatcher0 (server),
11-29 09:20:21.076 1491 1599 I wm_task_moved: [426,1,9]
11-29 09:20:21.076 1491 1599 I wm_task_to_front: [0,426]
11-29 09:20:21.080 1491 1599 W WindowManager: updateScale0.7996942
11-29 09:20:21.084 13671 13671 I wm_on_top_resumed_lost_called: [254362067,com.android.launcher3.uioverrides.QuickstepLauncher,topStateChangedWhenResumed]
11-29 09:20:21.085 1491 1599 I wm_set_resumed_activity: [0,com.android.gallery3d/.app.GalleryActivity,positionChildAt]
11-29 09:20:21.085 1491 1599 I wm_focused_root_task: [0,0,426,32,setFocusedTask]
11-29 09:20:21.085 1491 1599 I wm_set_resumed_activity: [0,com.android.gallery3d/.app.GalleryActivity,setFocusedTask]
11-29 09:20:21.085 1491 1599 I ActivityTaskManager: FOREGROUND_APPLICATION_CHANGED to com.android.gallery3d.app.GalleryActivity
11-29 09:20:21.086 1491 1600 I input_focus: [Focus request e9941dc com.android.gallery3d/com.android.gallery3d.app.GalleryActivity,reason=UpdateInputWindows]
11-29 09:20:21.087 15636 15636 I wm_on_top_resumed_gained_called: [114234796,com.android.gallery3d.app.GalleryActivity,topStateChangedWhenResumed]
11-29 09:20:21.112 1491 1693 I input_focus: [Focus leaving 59b7b66 com.android.launcher3/com.android.launcher3.uioverrides.QuickstepLauncher (server),reason=setFocusedWindow]
11-29 09:20:21.112 1491 1693 I input_focus: [Focus entering e9941dc com.android.gallery3d/com.android.gallery3d.app.GalleryActivity (server),reason=setFocusedWindow]
11-29 09:20:21.732 1491 1693 I input_interaction: Interaction with: edge-swipe (server), swipe-up (server), PointerEventDispatcher0 (server),
