11-29 09:14:52.643 1491 2060 I ActivityTaskManager: START u0 {flg=0x10108000 cmp=com.android.gallery3d/.app.GalleryActivity} from uid 10077
11-29 09:14:52.659 1491 2060 I ActivityTaskManager: FOREGROUND_APPLICATION_CHANGED to com.android.gallery3d.app.GalleryActivity
11-29 09:14:52.660 1491 2060 I ActivityTaskManager: The Process com.android.gallery3d Already Exists in BG. So sending its PID: 15636
11-29 09:14:52.660 1491 2060 W ActivityTaskManager: Tried to set launchTime (0) < mLastActivityLaunchTime (21660754)
11-29 09:14:52.690 16043 16059 W ContextImpl: Calling a method in the system process without a qualified user: android.app.ContextImpl.startService:1816 android.content.ContextWrapper.startService:774 com.thundercomm.gamemode.ingame.services.GameModeActionUtils.startGameModeService:93 com.thundercomm.gamemode.ingame.services.GameModeActionUtils.startGameModeEntry:21 com.thundercomm.gamemode.ingame.services.ActivityMonitoringService$1.onActivityLaunch:127
11-29 09:14:52.694 1491 1491 I GameModeConfig: Current uri is uri = content://com.thundercomm.gamemode.api/gamemode_settings/gamemode_isgaming
11-29 09:14:52.695 1491 1491 I GameModeConfig: isGameModeOn = false
11-29 09:14:52.695 1491 1491 I GameModeConfig: isGameModeOn = false
11-29 09:14:52.695 1491 1491 I GameModeConfig: isDisableVoice = true
11-29 09:14:52.738 1491 8943 W WindowManager: updateScale0.7996942
11-29 09:14:52.772 1491 1600 W WindowManager: updateScale0.7996942
11-29 09:14:52.774 1491 1600 W WindowManager: updateScale0.7996942
11-29 09:14:52.775 1491 1600 W WindowManager: updateScale0.7996942
11-29 09:14:52.832 16043 16059 W ContextImpl: Calling a method in the system process without a qualified user: android.app.ContextImpl.startService:1816 android.content.ContextWrapper.startService:774 com.thundercomm.gamemode.ingame.services.GameModeActionUtils.startGameModeService:93 com.thundercomm.gamemode.ingame.services.GameModeActionUtils.startGameModeEntry:21 com.thundercomm.gamemode.ingame.services.ActivityMonitoringService$1.onActivityLaunch:127
11-29 09:14:52.841 1491 1491 I GameModeConfig: Current uri is uri = content://com.thundercomm.gamemode.api/gamemode_settings/gamemode_isgaming
11-29 09:14:52.843 1491 1491 I GameModeConfig: isGameModeOn = false
11-29 09:14:52.843 1491 1491 I GameModeConfig: isGameModeOn = false
11-29 09:14:52.843 1491 1491 I GameModeConfig: isDisableVoice = true
11-29 09:14:53.056 1491 1600 W WindowManager: updateScale0.7996942
11-29 09:14:54.970 1491 2770 W WindowManager: updateScale0.4617737
11-29 09:14:55.818 1491 2770 W WindowManager: updateScale0.7996942
11-29 09:14:55.822 1491 2770 W WindowManager: updateScale0.7996942
11-29 09:14:55.856 1491 8943 I WindowManager: finishDrawing of relaunch: Window{14443b9 u0 com.android.gallery3d/com.android.gallery3d.app.GalleryActivity} 36ms
11-29 09:14:55.903 1491 2770 W WindowManager: updateScale0.7996942
11-29 09:14:55.905 1491 2770 W WindowManager: updateScale0.7996942
11-29 09:14:57.368 1491 10067 I ActivityTaskManager: START u0 {act=android.intent.action.MAIN cat=[android.intent.category.HOME] flg=0x10000000 cmp=com.android.launcher3/.uioverrides.QuickstepLauncher} from uid 10077
11-29 09:14:57.377 1491 10067 I ActivityTaskManager: FOREGROUND_APPLICATION_CHANGED to com.android.launcher3.uioverrides.QuickstepLauncher
11-29 09:14:57.378 1491 10067 W WindowManager: updateScale0.7996942
11-29 09:14:57.383 1491 10067 W WindowManager: updateScale0.7996942
11-29 09:14:57.400 1491 10067 W WindowManager: updateScale0.7996942
11-29 09:14:57.890 1491 8786 W ActivityTaskManager: getTaskSnapshot: taskId=3400 not found
11-29 09:14:57.890 1491 8786 W ActivityTaskManager: getTaskSnapshot: taskId=2400 not found
11-29 09:14:57.891 1491 8786 W ActivityTaskManager: getTaskSnapshot: taskId=1400 not found
11-29 09:14:58.751 1491 1491 D CompatibilityChangeReporter: Compat change id reported: 175319604; UID 1000; state: ENABLED
11-29 09:14:58.752 1491 1491 D CompatibilityChangeReporter: Compat change id reported: 175319604; UID 1000; state: DISABLED
11-29 09:14:58.768 1491 1608 W BroadcastQueue: Background execution not allowed: receiving Intent { act=com.android.music.updatewidget flg=0x10 } to com.android.music/.MediaAppWidgetProvider
11-29 09:14:58.768 1491 1608 W BroadcastQueue: Background execution not allowed: receiving Intent { act=com.android.music.updatewidget flg=0x10 } to com.android.music/.MediaAppWidgetProviderLarge
11-29 09:14:58.769 1491 10067 W NotificationHistory: Attempted to remove channel for locked/gone/disabled user 0
11-29 09:14:58.789 1491 1760 I GameModeConfig: isGameModeOn = false
11-29 09:14:58.789 1491 1760 I GameModeConfig: isGameModeOn = false
11-29 09:14:58.789 1491 1760 I GameModeConfig: isGameModeOn = false
11-29 09:14:58.789 1491 1760 I GameModeConfig: isGameModeOn = false --------- beginning of events
11-29 09:14:58.994 1491 1491 I sysui_multi_action: [757,1501,758,1,793,203,794,0,795,203,796,1,797,empty_media,806,com.android.systemui,857,empty_media_style_id,858,4,947,0,1500,0,1641,transport,1688,1,1745,1043716538]
11-29 09:14:58.994 1491 1491 I sysui_multi_action: [757,804,799,note_interruptive,801,0,802,1]
11-29 09:14:58.994 1491 1491 I GameModeConfig: isGameModeOn = false
11-29 09:14:58.996 1491 1491 I sysui_multi_action: [757,1501,758,1,793,206,794,0,795,206,796,1,797,empty_media,806,com.android.systemui,857,empty_media_style_id,858,4,947,0,1500,0,1641,transport,1688,1,1745,1043716538]
11-29 09:14:58.996 1491 1491 I sysui_multi_action: [757,804,799,note_interruptive,801,0,802,1]
11-29 09:14:58.996 1491 1491 I sysui_multi_action: [757,199,758,1,759,2,793,206,794,0,795,206,796,1,797,empty_media,806,com.android.systemui,857,empty_media_style_id,858,4,947,0,1500,0,1641,transport,1688,1,1745,1043716538]
11-29 09:14:58.997 1491 1491 I notification_alert: [0|com.android.systemui|1|empty_media|10082,0,1,0]
11-29 09:14:59.001 1491 1491 W NotificationHistory: Attempted to add notif for locked/gone/disabled user 0
11-29 09:14:59.026 1491 1598 I commit_sys_config_file: [notification-policy,21667445]
11-29 09:14:59.079 0 0 I auditd : type=1400 audit(0.0:23960): avc: denied { kill } for comm="swapper/2" capability=5 scontext=u:r:kernel:s0 tcontext=u:r:kernel:s0 tclass=capability permissive=0
11-29 09:14:59.263 1491 1693 I input_interaction: Interaction with: 59b7b66 com.android.launcher3/com.android.launcher3.uioverrides.QuickstepLauncher (server), f50ccd7 com.android.systemui.ImageWallpaper (server), edge-swipe (server), swipe-up (server), PointerEventDispatcher0 (server),
11-29 09:14:59.331 13671 13671 I view_enqueue_input_event: [Motion - Cancel,com.android.launcher3/com.android.launcher3.uioverrides.QuickstepLauncher]
11-29 09:14:59.335 1491 1693 I input_interaction: Interaction with: edge-swipe (server), swipe-up (server), PointerEventDispatcher0 (server),
11-29 09:14:59.400 1491 2060 W ActivityTaskManager: getTaskSnapshot: taskId=3400 not found
11-29 09:14:59.513 1491 1673 I commit_sys_config_file: [settings-1-0,10]
11-29 09:14:59.893 1491 1673 I commit_sys_config_file: [settings-1-0,7]
11-29 09:15:00.005 1491 8646 I wm_finish_activity: [0,198201959,401,com.android.gallery3d/.app.GalleryActivity,app-request]
11-29 09:15:00.022 1491 8646 I wm_pause_activity: [0,198201959,com.android.gallery3d/.app.GalleryActivity,userLeaving=false,finish]
11-29 09:15:00.029 15636 15636 I wm_on_paused_called: [198201959,com.android.gallery3d.app.GalleryActivity,performPause]
11-29 09:15:00.031 1491 8646 I wm_destroy_activity: [0,198201959,401,com.android.gallery3d/.app.GalleryActivity,finish-imm:completePausedLocked]
11-29 09:15:00.053 1491 1599 I sysui_multi_action: [757,803,799,window_time_0,802,8]
11-29 09:15:00.065 16043 16059 W ContextImpl: Calling a method in the system process without a qualified user: android.app.ContextImpl.startService:1816 android.content.ContextWrapper.startService:774 com.thundercomm.gamemode.ingame.services.GameModeActionUtils.startGameModeService:93 com.thundercomm.gamemode.ingame.services.GameModeActionUtils.startGameModeEntry:21 com.thundercomm.gamemode.ingame.services.ActivityMonitoringService$1.onActivityLaunch:127
11-29 09:15:00.066 15636 15636 I wm_on_stop_called: [198201959,com.android.gallery3d.app.GalleryActivity,LIFECYCLER_STOP_ACTIVITY]
11-29 09:15:00.071 1491 1491 I GameModeConfig: Current uri is uri = content://com.thundercomm.gamemode.api/gamemode_settings/gamemode_isgaming
11-29 09:15:00.076 1491 1491 I GameModeConfig: isGameModeOn = false
11-29 09:15:00.077 1491 1491 I GameModeConfig: isGameModeOn = false
11-29 09:15:00.077 1491 1491 I GameModeConfig: isDisableVoice = true
11-29 09:15:00.081 15636 15636 I wm_on_destroy_called: [198201959,com.android.gallery3d.app.GalleryActivity,performDestroy]
11-29 09:15:00.154 16043 16059 W ContextImpl: Calling a method in the system process without a qualified user: android.app.ContextImpl.startService:1816 android.content.ContextWrapper.startService:774 com.thundercomm.gamemode.ingame.services.GameModeActionUtils.startGameModeService:93 com.thundercomm.gamemode.ingame.services.GameModeActionUtils.startGameModeEntry:21 com.thundercomm.gamemode.ingame.services.ActivityMonitoringService$1.onActivityLaunch:127
11-29 09:15:00.159 1491 1491 I GameModeConfig: Current uri is uri = content://com.thundercomm.gamemode.api/gamemode_settings/gamemode_isgaming
11-29 09:15:00.160 1491 1491 I GameModeConfig: isGameModeOn = false
11-29 09:15:00.160 1491 1491 I GameModeConfig: isGameModeOn = false
11-29 09:15:00.160 1491 1491 I GameModeConfig: isDisableVoice = true
11-29 09:15:00.338 1491 1600 I wm_task_removed: [401,removeChild:removeChild last r=ActivityRecord{bd05267 u0 com.android.gallery3d/.app.GalleryActivity t-1 f}} in t=Task{939801c #401 type=standard A=10068:com.android.gallery3d U=0 visible=false mode=freeform translucent=true sz=0}]
11-29 09:15:00.338 1491 1600 I wm_task_removed: [401,removeChild]
11-29 09:15:00.338 1491 1600 D FreeFormWindowHelper: Remove freefrom task=Task{939801c #401 type=standard A=10068:com.android.gallery3d U=0 visible=false mode=freeform translucent=true sz=0}
11-29 09:15:00.879 1491 1693 I input_interaction: Interaction with: 59b7b66 com.android.launcher3/com.android.launcher3.uioverrides.QuickstepLauncher (server), f50ccd7 com.android.systemui.ImageWallpaper (server), edge-swipe (server), swipe-up (server), PointerEventDispatcher0 (server),
11-29 09:15:01.016 1491 2060 D FreeFormWindowHelper: Add freeform task=Task{dfc9964 #403 type=standard A=10067:com.android.deskclock U=0 visible=false mode=freeform translucent=true sz=0}
11-29 09:15:01.018 1491 2060 I wm_task_moved: [32,1,9]
11-29 09:15:01.019 1491 2060 I wm_set_resumed_activity: [0,com.android.launcher3/.uioverrides.QuickstepLauncher,positionChildAt]
11-29 09:15:01.019 1491 2060 I ActivityTaskManager: START u0 {flg=0x10108000 cmp=com.android.deskclock/.DeskClock} from uid 10077
11-29 09:15:01.033 1491 2060 I wm_task_moved: [403,1,9]
11-29 09:15:01.033 1491 2060 I wm_task_to_front: [0,403]
11-29 09:15:01.033 1491 2060 I wm_focused_root_task: [0,0,403,32,reuseOrNewTask]
11-29 09:15:01.034 1491 2060 I wm_create_activity: [0,19031009,403,com.android.deskclock/.DeskClock,NULL,NULL,NULL,269516800]
11-29 09:15:01.038 1491 2060 I ActivityTaskManager: FOREGROUND_APPLICATION_CHANGED to com.android.deskclock.DeskClock
11-29 09:15:01.038 1491 2060 I ActivityTaskManager: The Process com.android.deskclock Already Exists in BG. So sending its PID: 8328
11-29 09:15:01.040 1491 2060 W ActivityTaskManager: Tried to set launchTime (0) < mLastActivityLaunchTime (21666326)
11-29 09:15:01.042 1491 2060 I wm_restart_activity: [0,19031009,403,com.android.deskclock/.DeskClock]
11-29 09:15:01.043 1491 2060 I wm_set_resumed_activity: [0,com.android.deskclock/.DeskClock,minimalResumeActivityLocked]
11-29 09:15:01.049 13671 13671 I wm_on_top_resumed_lost_called: [254362067,com.android.launcher3.uioverrides.QuickstepLauncher,topStateChangedWhenResumed]
11-29 09:15:01.070 1491 2770 I ActivityTaskManager: START u0 {act=android.content.pm.action.REQUEST_PERMISSIONS pkg=com.android.permissioncontroller cmp=com.android.permissioncontroller/.permission.ui.GrantPermissionsActivity (has extras)} from uid 10067
11-29 09:15:01.074 1491 2770 I wm_task_moved: [403,1,9]
11-29 09:15:01.074 1491 2770 I wm_set_resumed_activity: [0,com.android.deskclock/.DeskClock,positionChildAt]
11-29 09:15:01.074 1491 2770 I wm_create_activity: [0,176882164,403,com.android.permissioncontroller/.permission.ui.GrantPermissionsActivity,android.content.pm.action.REQUEST_PERMISSIONS,NULL,NULL,8388608]
11-29 09:15:01.075 16043 16059 W ContextImpl: Calling a method in the system process without a qualified user: android.app.ContextImpl.startService:1816 android.content.ContextWrapper.startService:774 com.thundercomm.gamemode.ingame.services.GameModeActionUtils.startGameModeService:93 com.thundercomm.gamemode.ingame.services.GameModeActionUtils.startGameModeEntry:21 com.thundercomm.gamemode.ingame.services.ActivityMonitoringService$1.onActivityLaunch:127
11-29 09:15:01.079 1491 2770 I wm_pause_activity: [0,19031009,com.android.deskclock/.DeskClock,userLeaving=true,resumeTopActivityInnerLocked]
11-29 09:15:01.080 1491 1491 I GameModeConfig: Current uri is uri = content://com.thundercomm.gamemode.api/gamemode_settings/gamemode_isgaming
11-29 09:15:01.083 1491 1491 I GameModeConfig: isGameModeOn = false
11-29 09:15:01.083 1491 1491 I GameModeConfig: isGameModeOn = false
11-29 09:15:01.083 1491 1491 I GameModeConfig: isDisableVoice = true
11-29 09:15:01.100 8328 8328 I wm_on_create_called: [19031009,com.android.deskclock.DeskClock,performCreate]
11-29 09:15:01.101 8328 8328 I wm_on_start_called: [19031009,com.android.deskclock.DeskClock,handleStartActivity]
11-29 09:15:01.102 8328 8328 I wm_on_resume_called: [19031009,com.android.deskclock.DeskClock,RESUME_ACTIVITY]
11-29 09:15:01.105 8328 8328 I wm_on_top_resumed_gained_called: [19031009,com.android.deskclock.DeskClock,topStateChangedWhenResumed]
11-29 09:15:01.105 8328 8328 I wm_on_top_resumed_lost_called: [19031009,com.android.deskclock.DeskClock,topStateChangedWhenResumed]
11-29 09:15:01.105 8328 8328 I wm_on_paused_called: [19031009,com.android.deskclock.DeskClock,performPause]
11-29 09:15:01.105 1491 2770 I ActivityTaskManager: FOREGROUND_APPLICATION_CHANGED to com.android.permissioncontroller.permission.ui.GrantPermissionsActivity
11-29 09:15:01.106 1491 2770 I ActivityTaskManager: The Process com.android.permissioncontroller Already Exists in BG. So sending its PID: 8944
11-29 09:15:01.106 1491 2770 W ActivityTaskManager: Tried to set launchTime (0) < mLastActivityLaunchTime (21667868)
11-29 09:15:01.108 1491 2770 I wm_restart_activity: [0,176882164,403,com.android.permissioncontroller/.permission.ui.GrantPermissionsActivity]
11-29 09:15:01.109 1491 2770 I wm_set_resumed_activity: [0,com.android.permissioncontroller/.permission.ui.GrantPermissionsActivity,minimalResumeActivityLocked]
11-29 09:15:01.113 1491 1599 I sysui_multi_action: [757,803,799,window_time_0,802,1]
11-29 09:15:01.122 16043 16059 W ContextImpl: Calling a method in the system process without a qualified user: android.app.ContextImpl.startService:1816 android.content.ContextWrapper.startService:774 com.thundercomm.gamemode.ingame.services.GameModeActionUtils.startGameModeService:93 com.thundercomm.gamemode.ingame.services.GameModeActionUtils.startGameModeEntry:21 com.thundercomm.gamemode.ingame.services.ActivityMonitoringService$1.onActivityLaunch:127
11-29 09:15:01.129 1491 1491 I GameModeConfig: Current uri is uri = content://com.thundercomm.gamemode.api/gamemode_settings/gamemode_isgaming
11-29 09:15:01.130 8944 8944 I wm_on_create_called: [176882164,com.android.permissioncontroller.permission.ui.GrantPermissionsActivity,performCreate]
11-29 09:15:01.131 8944 8944 I wm_on_start_called: [176882164,com.android.permissioncontroller.permission.ui.GrantPermissionsActivity,handleStartActivity]
11-29 09:15:01.131 8944 8944 I wm_on_resume_called: [176882164,com.android.permissioncontroller.permission.ui.GrantPermissionsActivity,RESUME_ACTIVITY]
11-29 09:15:01.133 8944 8944 I wm_on_top_resumed_gained_called: [176882164,com.android.permissioncontroller.permission.ui.GrantPermissionsActivity,topStateChangedWhenResumed]
11-29 09:15:01.137 1491 2770 I wm_finish_activity: [0,176882164,403,com.android.permissioncontroller/.permission.ui.GrantPermissionsActivity,app-request]
11-29 09:15:01.137 1491 1491 I GameModeConfig: isGameModeOn = false
11-29 09:15:01.138 1491 1491 I GameModeConfig: isGameModeOn = false
11-29 09:15:01.138 1491 1491 I GameModeConfig: isDisableVoice = true
11-29 09:15:01.138 1491 2770 I wm_pause_activity: [0,176882164,com.android.permissioncontroller/.permission.ui.GrantPermissionsActivity,userLeaving=false,finish]
11-29 09:15:01.140 1491 2770 W WindowManager: updateScale0.7996942
11-29 09:15:01.140 1491 2770 W WindowManager: updateScale0.7996942
11-29 09:15:01.143 8944 8944 I wm_on_top_resumed_lost_called: [176882164,com.android.permissioncontroller.permission.ui.GrantPermissionsActivity,topStateChangedWhenResumed]
11-29 09:15:01.144 8944 8944 I wm_on_paused_called: [176882164,com.android.permissioncontroller.permission.ui.GrantPermissionsActivity,performPause]
11-29 09:15:01.146 1491 10067 W WindowManager: updateScale0.7996942
11-29 09:15:01.149 1491 2060 I wm_add_to_stopping: [0,176882164,com.android.permissioncontroller/.permission.ui.GrantPermissionsActivity,completeFinishing]
11-29 09:15:01.150 1491 2060 I ActivityTaskManager: FOREGROUND_APPLICATION_CHANGED to com.android.deskclock.DeskClock
11-29 09:15:01.152 1491 2060 I wm_set_resumed_activity: [0,com.android.deskclock/.DeskClock,resumeTopActivityInnerLocked]
11-29 09:15:01.153 1491 2060 I wm_resume_activity: [0,19031009,403,com.android.deskclock/.DeskClock]
11-29 09:15:01.154 1491 2060 W WindowManager: updateScale0.7996942
11-29 09:15:01.157 1491 1600 I input_focus: [Focus request a74ab92 com.android.deskclock/com.android.deskclock.DeskClock,reason=UpdateInputWindows]
11-29 09:15:01.158 1491 1599 I sysui_multi_action: [757,803,799,window_time_2,802,0]
11-29 09:15:01.175 1491 1693 I input_focus: [Focus leaving 59b7b66 com.android.launcher3/com.android.launcher3.uioverrides.QuickstepLauncher (server),reason=Waiting for window because NOT_VISIBLE]
11-29 09:15:01.190 1491 1600 W WindowManager: updateScale0.7996942
11-29 09:15:01.192 1491 1600 W WindowManager: updateScale0.7996942
11-29 09:15:01.192 1491 1600 W WindowManager: updateScale0.7996942
11-29 09:15:01.196 8328 8328 I wm_on_activity_result_called: [19031009,com.android.deskclock.DeskClock,ACTIVITY_RESULT]
11-29 09:15:01.196 8328 8328 I wm_on_resume_called: [19031009,com.android.deskclock.DeskClock,RESUME_ACTIVITY]
11-29 09:15:01.197 8328 8328 I wm_on_top_resumed_gained_called: [19031009,com.android.deskclock.DeskClock,topWhenResuming]
11-29 09:15:01.209 1491 1693 I input_focus: [Focus entering a74ab92 com.android.deskclock/com.android.deskclock.DeskClock (server),reason=Window became focusable. Previous reason: NOT_VISIBLE]
11-29 09:15:01.267 16043 16059 W ContextImpl: Calling a method in the system process without a qualified user: android.app.ContextImpl.startService:1816 android.content.ContextWrapper.startService:774 com.thundercomm.gamemode.ingame.services.GameModeActionUtils.startGameModeService:93 com.thundercomm.gamemode.ingame.services.GameModeActionUtils.startGameModeEntry:21 com.thundercomm.gamemode.ingame.services.ActivityMonitoringService$1.onActivityLaunch:127
11-29 09:15:01.273 1491 1491 I GameModeConfig: Current uri is uri = content://com.thundercomm.gamemode.api/gamemode_settings/gamemode_isgaming
11-29 09:15:01.276 1491 1491 I GameModeConfig: isGameModeOn = false
11-29 09:15:01.276 1491 1491 I GameModeConfig: isGameModeOn = false
11-29 09:15:01.276 1491 1491 I GameModeConfig: isDisableVoice = true
11-29 09:15:01.477 1491 1600 W WindowManager: updateScale0.7996942
11-29 09:15:01.479 1491 1599 I wm_destroy_activity: [0,176882164,403,com.android.permissioncontroller/.permission.ui.GrantPermissionsActivity,finish-imm:idle]
11-29 09:15:01.483 8944 8944 I wm_on_stop_called: [176882164,com.android.permissioncontroller.permission.ui.GrantPermissionsActivity,LIFECYCLER_STOP_ACTIVITY]
11-29 09:15:01.484 8944 8944 I wm_on_destroy_called: [176882164,com.android.permissioncontroller.permission.ui.GrantPermissionsActivity,performDestroy]
11-29 09:15:01.491 1491 2060 W WindowManager: updateScale0.7996942
11-29 09:15:01.506 16043 16059 W ContextImpl: Calling a method in the system process without a qualified user: android.app.ContextImpl.startService:1816 android.content.ContextWrapper.startService:774 com.thundercomm.gamemode.ingame.services.GameModeActionUtils.startGameModeService:93 com.thundercomm.gamemode.ingame.services.GameModeActionUtils.startGameModeEntry:21 com.thundercomm.gamemode.ingame.services.ActivityMonitoringService$1.onActivityLaunch:127
11-29 09:15:01.509 1491 1491 I GameModeConfig: Current uri is uri = content://com.thundercomm.gamemode.api/gamemode_settings/gamemode_isgaming
11-29 09:15:01.512 1491 1491 I GameModeConfig: isGameModeOn = false
11-29 09:15:01.512 1491 1491 I GameModeConfig: isGameModeOn = false
11-29 09:15:01.512 1491 1491 I GameModeConfig: isDisableVoice = true
11-29 09:15:02.079 0 0 I auditd : type=1400 audit(0.0:23961): avc: denied { kill } for comm="swapper/1" capability=5 scontext=u:r:kernel:s0 tcontext=u:r:kernel:s0 tclass=capability permissive=0
11-29 09:15:02.599 1491 1693 I input_interaction: Interaction with: a74ab92 com.android.deskclock/com.android.deskclock.DeskClock (server), edge-swipe (server), swipe-up (server), PointerEventDispatcher0 (server),
11-29 09:15:02.734 1491 10067 W WindowManager: updateScale0.4617737
11-29 09:15:02.736 1491 10067 I wm_relaunch_resume_activity: [0,19031009,403,com.android.deskclock/.DeskClock]
11-29 09:15:02.738 1491 10067 W WindowManager: updateScale0.4617737
11-29 09:15:02.753 8328 8328 I wm_on_top_resumed_lost_called: [19031009,com.android.deskclock.DeskClock,pausing]
11-29 09:15:02.755 8328 8328 I wm_on_paused_called: [19031009,com.android.deskclock.DeskClock,performPause]
11-29 09:15:02.757 8328 8328 I wm_on_stop_called: [19031009,com.android.deskclock.DeskClock,handleRelaunchActivity]
11-29 09:15:02.778 8328 8328 I wm_on_destroy_called: [19031009,com.android.deskclock.DeskClock,performDestroy]
11-29 09:15:02.801 1491 8786 I ActivityTaskManager: START u0 {act=android.content.pm.action.REQUEST_PERMISSIONS pkg=com.android.permissioncontroller cmp=com.android.permissioncontroller/.permission.ui.GrantPermissionsActivity (has extras)} from uid 10067
11-29 09:15:02.804 1491 8786 I wm_task_moved: [403,1,9]
11-29 09:15:02.804 1491 8786 I wm_set_resumed_activity: [0,com.android.deskclock/.DeskClock,positionChildAt]
11-29 09:15:02.804 1491 8786 I wm_create_activity: [0,199683805,403,com.android.permissioncontroller/.permission.ui.GrantPermissionsActivity,android.content.pm.action.REQUEST_PERMISSIONS,NULL,NULL,8388608]
11-29 09:15:02.806 1491 8786 I wm_pause_activity: [0,19031009,com.android.deskclock/.DeskClock,userLeaving=true,resumeTopActivityInnerLocked]
11-29 09:15:02.807 1491 8786 W WindowManager: updateScale0.4617737
11-29 09:15:02.823 8328 8328 I wm_on_create_called: [19031009,com.android.deskclock.DeskClock,performCreate]
11-29 09:15:02.847 8328 8328 I wm_on_start_called: [19031009,com.android.deskclock.DeskClock,handleStartActivity]
11-29 09:15:02.847 8328 8328 I wm_on_resume_called: [19031009,com.android.deskclock.DeskClock,RESUME_ACTIVITY]
11-29 09:15:02.848 8328 8328 I wm_on_top_resumed_gained_called: [19031009,com.android.deskclock.DeskClock,topWhenResuming]
11-29 09:15:02.856 1491 8786 W WindowManager: updateScale0.4617737
11-29 09:15:02.858 1491 8786 W WindowManager: updateScale0.4617737
11-29 09:15:02.900 8328 8328 I wm_on_top_resumed_lost_called: [19031009,com.android.deskclock.DeskClock,topStateChangedWhenResumed]
11-29 09:15:02.900 8328 8328 I wm_on_paused_called: [19031009,com.android.deskclock.DeskClock,performPause]
11-29 09:15:02.901 1491 8786 I ActivityTaskManager: FOREGROUND_APPLICATION_CHANGED to com.android.permissioncontroller.permission.ui.GrantPermissionsActivity
11-29 09:15:02.901 1491 8786 I ActivityTaskManager: The Process com.android.permissioncontroller Already Exists in BG. So sending its PID: 8944
11-29 09:15:02.901 1491 8786 W ActivityTaskManager: Tried to set launchTime (0) < mLastActivityLaunchTime (21679586)
11-29 09:15:02.902 1491 8786 I wm_restart_activity: [0,199683805,403,com.android.permissioncontroller/.permission.ui.GrantPermissionsActivity]
11-29 09:15:02.903 1491 8786 I wm_set_resumed_activity: [0,com.android.permissioncontroller/.permission.ui.GrantPermissionsActivity,minimalResumeActivityLocked]
11-29 09:15:02.905 1491 1599 I sysui_multi_action: [757,803,799,window_time_2,802,2]
11-29 09:15:02.916 8944 8944 I wm_on_create_called: [199683805,com.android.permissioncontroller.permission.ui.GrantPermissionsActivity,performCreate]
11-29 09:15:02.917 8944 8944 I wm_on_start_called: [199683805,com.android.permissioncontroller.permission.ui.GrantPermissionsActivity,handleStartActivity]
11-29 09:15:02.917 8944 8944 I wm_on_resume_called: [199683805,com.android.permissioncontroller.permission.ui.GrantPermissionsActivity,RESUME_ACTIVITY]
11-29 09:15:02.919 8944 8944 I wm_on_top_resumed_gained_called: [199683805,com.android.permissioncontroller.permission.ui.GrantPermissionsActivity,topStateChangedWhenResumed]
11-29 09:15:02.919 16043 16059 W ContextImpl: Calling a method in the system process without a qualified user: android.app.ContextImpl.startService:1816 android.content.ContextWrapper.startService:774 com.thundercomm.gamemode.ingame.services.GameModeActionUtils.startGameModeService:93 com.thundercomm.gamemode.ingame.services.GameModeActionUtils.startGameModeEntry:21 com.thundercomm.gamemode.ingame.services.ActivityMonitoringService$1.onActivityLaunch:127
11-29 09:15:02.923 1491 1491 I GameModeConfig: Current uri is uri = content://com.thundercomm.gamemode.api/gamemode_settings/gamemode_isgaming
11-29 09:15:02.924 1491 8786 I wm_finish_activity: [0,199683805,403,com.android.permissioncontroller/.permission.ui.GrantPermissionsActivity,app-request]
11-29 09:15:02.928 1491 1491 I GameModeConfig: isGameModeOn = false
11-29 09:15:02.928 1491 1491 I GameModeConfig: isGameModeOn = false
11-29 09:15:02.928 1491 1491 I GameModeConfig: isDisableVoice = true
11-29 09:15:02.935 1491 8786 I wm_pause_activity: [0,199683805,com.android.permissioncontroller/.permission.ui.GrantPermissionsActivity,userLeaving=false,finish]
11-29 09:15:02.938 1491 1599 I sysui_multi_action: [757,1144,758,8,806,com.android.permissioncontroller,871,com.android.permissioncontroller.permission.ui.GrantPermissionsActivity]
11-29 09:15:02.940 1491 2770 W WindowManager: updateScale0.4617737
11-29 09:15:02.940 1491 2770 W WindowManager: updateScale0.4617737
11-29 09:15:02.945 8944 8944 I wm_on_top_resumed_lost_called: [199683805,com.android.permissioncontroller.permission.ui.GrantPermissionsActivity,topStateChangedWhenResumed]
11-29 09:15:02.945 1491 1600 W WindowManager: updateScale0.4617737
11-29 09:15:02.946 8944 8944 I wm_on_paused_called: [199683805,com.android.permissioncontroller.permission.ui.GrantPermissionsActivity,performPause]
11-29 09:15:02.948 1491 2060 I ActivityTaskManager: FOREGROUND_APPLICATION_CHANGED to com.android.deskclock.DeskClock
11-29 09:15:02.950 1491 2060 I wm_set_resumed_activity: [0,com.android.deskclock/.DeskClock,resumeTopActivityInnerLocked]
11-29 09:15:02.951 1491 2060 I wm_resume_activity: [0,19031009,403,com.android.deskclock/.DeskClock]
11-29 09:15:02.952 8328 8328 I wm_on_activity_result_called: [19031009,com.android.deskclock.DeskClock,ACTIVITY_RESULT]
11-29 09:15:02.953 8328 8328 I wm_on_resume_called: [19031009,com.android.deskclock.DeskClock,RESUME_ACTIVITY]
11-29 09:15:02.955 8328 8328 I wm_on_top_resumed_gained_called: [19031009,com.android.deskclock.DeskClock,topWhenResuming]
11-29 09:15:02.962 1491 2060 W WindowManager: updateScale0.4617737
11-29 09:15:02.963 1491 1600 I input_focus: [Focus request a74ab92 com.android.deskclock/com.android.deskclock.DeskClock,reason=UpdateInputWindows]
11-29 09:15:02.963 1491 1599 I sysui_multi_action: [757,803,799,window_time_2,802,0]
11-29 09:15:02.966 1491 2770 W WindowManager: updateScale0.4617737
11-29 09:15:02.977 1491 2770 I wm_destroy_activity: [0,199683805,403,com.android.permissioncontroller/.permission.ui.GrantPermissionsActivity,finish-idle]
11-29 09:15:02.978 8944 8944 I wm_on_stop_called: [199683805,com.android.permissioncontroller.permission.ui.GrantPermissionsActivity,LIFECYCLER_STOP_ACTIVITY]
11-29 09:15:02.979 8944 8944 I wm_on_destroy_called: [199683805,com.android.permissioncontroller.permission.ui.GrantPermissionsActivity,performDestroy]
11-29 09:15:02.981 1491 2770 W WindowManager: updateScale0.4617737
11-29 09:15:02.997 16043 16059 W ContextImpl: Calling a method in the system process without a qualified user: android.app.ContextImpl.startService:1816 android.content.ContextWrapper.startService:774 com.thundercomm.gamemode.ingame.services.GameModeActionUtils.startGameModeService:93 com.thundercomm.gamemode.ingame.services.GameModeActionUtils.startGameModeEntry:21 com.thundercomm.gamemode.ingame.services.ActivityMonitoringService$1.onActivityLaunch:127
11-29 09:15:03.004 1491 1491 I GameModeConfig: Current uri is uri = content://com.thundercomm.gamemode.api/gamemode_settings/gamemode_isgaming
11-29 09:15:03.007 1491 1491 I GameModeConfig: isGameModeOn = false
11-29 09:15:03.007 1491 1491 I GameModeConfig: isGameModeOn = false
11-29 09:15:03.007 1491 1491 I GameModeConfig: isDisableVoice = true
11-29 09:15:03.065 16043 16059 W ContextImpl: Calling a method in the system process without a qualified user: android.app.ContextImpl.startService:1816 android.content.ContextWrapper.startService:774 com.thundercomm.gamemode.ingame.services.GameModeActionUtils.startGameModeService:93 com.thundercomm.gamemode.ingame.services.GameModeActionUtils.startGameModeEntry:21 com.thundercomm.gamemode.ingame.services.ActivityMonitoringService$1.onActivityLaunch:127
11-29 09:15:03.070 1491 1491 I GameModeConfig: Current uri is uri = content://com.thundercomm.gamemode.api/gamemode_settings/gamemode_isgaming
11-29 09:15:03.072 1491 1491 I GameModeConfig: isGameModeOn = false
11-29 09:15:03.072 1491 1491 I GameModeConfig: isGameModeOn = false
11-29 09:15:03.072 1491 1491 I GameModeConfig: isDisableVoice = true
11-29 09:15:03.079 0 0 I auditd : type=1400 audit(0.0:23962): avc: denied { kill } for comm="swapper/1" capability=5 scontext=u:r:kernel:s0 tcontext=u:r:kernel:s0 tclass=capability permissive=0
11-29 09:15:03.633 1491 8786 W WindowManager: updateScale0.7996942
11-29 09:15:03.634 1491 8786 I wm_relaunch_resume_activity: [0,19031009,403,com.android.deskclock/.DeskClock]
11-29 09:15:03.635 1491 8786 W WindowManager: updateScale0.7996942
11-29 09:15:03.645 8328 8328 I wm_on_top_resumed_lost_called: [19031009,com.android.deskclock.DeskClock,pausing]
11-29 09:15:03.646 8328 8328 I wm_on_paused_called: [19031009,com.android.deskclock.DeskClock,performPause]
11-29 09:15:03.648 8328 8328 I wm_on_stop_called: [19031009,com.android.deskclock.DeskClock,handleRelaunchActivity]
11-29 09:15:03.656 8328 8328 I wm_on_destroy_called: [19031009,com.android.deskclock.DeskClock,performDestroy]
11-29 09:15:03.671 1491 8786 I ActivityTaskManager: START u0 {act=android.content.pm.action.REQUEST_PERMISSIONS pkg=com.android.permissioncontroller cmp=com.android.permissioncontroller/.permission.ui.GrantPermissionsActivity (has extras)} from uid 10067
11-29 09:15:03.672 1491 8786 I wm_task_moved: [403,1,9]
11-29 09:15:03.672 1491 8786 I wm_set_resumed_activity: [0,com.android.deskclock/.DeskClock,positionChildAt]
11-29 09:15:03.672 1491 8786 I wm_create_activity: [0,261977006,403,com.android.permissioncontroller/.permission.ui.GrantPermissionsActivity,android.content.pm.action.REQUEST_PERMISSIONS,NULL,NULL,8388608]
11-29 09:15:03.673 1491 8786 I wm_pause_activity: [0,19031009,com.android.deskclock/.DeskClock,userLeaving=true,resumeTopActivityInnerLocked]
11-29 09:15:03.674 1491 8786 W WindowManager: updateScale0.7996942
11-29 09:15:03.688 8328 8328 I wm_on_create_called: [19031009,com.android.deskclock.DeskClock,performCreate]
11-29 09:15:03.707 8328 8328 I wm_on_start_called: [19031009,com.android.deskclock.DeskClock,handleStartActivity]
11-29 09:15:03.708 8328 8328 I wm_on_resume_called: [19031009,com.android.deskclock.DeskClock,RESUME_ACTIVITY]
11-29 09:15:03.709 8328 8328 I wm_on_top_resumed_gained_called: [19031009,com.android.deskclock.DeskClock,topWhenResuming]
11-29 09:15:03.717 1491 8646 W WindowManager: updateScale0.7996942
11-29 09:15:03.721 1491 8646 W WindowManager: updateScale0.7996942
11-29 09:15:03.764 8328 8328 I wm_on_top_resumed_lost_called: [19031009,com.android.deskclock.DeskClock,topStateChangedWhenResumed]
11-29 09:15:03.765 8328 8328 I wm_on_paused_called: [19031009,com.android.deskclock.DeskClock,performPause]
11-29 09:15:03.765 1491 8646 I ActivityTaskManager: FOREGROUND_APPLICATION_CHANGED to com.android.permissioncontroller.permission.ui.GrantPermissionsActivity
11-29 09:15:03.765 1491 8646 I ActivityTaskManager: The Process com.android.permissioncontroller Already Exists in BG. So sending its PID: 8944
11-29 09:15:03.765 1491 8646 W ActivityTaskManager: Tried to set launchTime (0) < mLastActivityLaunchTime (21681380)
11-29 09:15:03.766 1491 8646 I wm_restart_activity: [0,261977006,403,com.android.permissioncontroller/.permission.ui.GrantPermissionsActivity]
11-29 09:15:03.767 1491 8646 I wm_set_resumed_activity: [0,com.android.permissioncontroller/.permission.ui.GrantPermissionsActivity,minimalResumeActivityLocked]
11-29 09:15:03.775 1491 1599 I sysui_multi_action: [757,803,799,window_time_2,802,1]
11-29 09:15:03.793 8944 8944 I wm_on_create_called: [261977006,com.android.permissioncontroller.permission.ui.GrantPermissionsActivity,performCreate]
11-29 09:15:03.793 8944 8944 I wm_on_start_called: [261977006,com.android.permissioncontroller.permission.ui.GrantPermissionsActivity,handleStartActivity]
11-29 09:15:03.794 8944 8944 I wm_on_resume_called: [261977006,com.android.permissioncontroller.permission.ui.GrantPermissionsActivity,RESUME_ACTIVITY]
11-29 09:15:03.798 8944 8944 I wm_on_top_resumed_gained_called: [261977006,com.android.permissioncontroller.permission.ui.GrantPermissionsActivity,topStateChangedWhenResumed]
11-29 09:15:03.804 1491 2770 I wm_finish_activity: [0,261977006,403,com.android.permissioncontroller/.permission.ui.GrantPermissionsActivity,app-request]
11-29 09:15:03.807 16043 16059 W ContextImpl: Calling a method in the system process without a qualified user: android.app.ContextImpl.startService:1816 android.content.ContextWrapper.startService:774 com.thundercomm.gamemode.ingame.services.GameModeActionUtils.startGameModeService:93 com.thundercomm.gamemode.ingame.services.GameModeActionUtils.startGameModeEntry:21 com.thundercomm.gamemode.ingame.services.ActivityMonitoringService$1.onActivityLaunch:127
11-29 09:15:03.814 1491 1491 I GameModeConfig: Current uri is uri = content://com.thundercomm.gamemode.api/gamemode_settings/gamemode_isgaming
11-29 09:15:03.814 1491 2770 I wm_pause_activity: [0,261977006,com.android.permissioncontroller/.permission.ui.GrantPermissionsActivity,userLeaving=false,finish]
11-29 09:15:03.819 1491 1599 I sysui_multi_action: [757,1144,758,8,806,com.android.permissioncontroller,871,com.android.permissioncontroller.permission.ui.GrantPermissionsActivity]
11-29 09:15:03.820 1491 1491 I GameModeConfig: isGameModeOn = false
11-29 09:15:03.820 1491 1491 I GameModeConfig: isGameModeOn = false
11-29 09:15:03.820 1491 1491 I GameModeConfig: isDisableVoice = true
11-29 09:15:03.821 1491 2770 W WindowManager: updateScale0.7996942
11-29 09:15:03.821 1491 2770 W WindowManager: updateScale0.7996942
11-29 09:15:03.824 8944 8944 I wm_on_top_resumed_lost_called: [261977006,com.android.permissioncontroller.permission.ui.GrantPermissionsActivity,topStateChangedWhenResumed]
11-29 09:15:03.825 1491 1600 W WindowManager: updateScale0.7996942
11-29 09:15:03.826 8944 8944 I wm_on_paused_called: [261977006,com.android.permissioncontroller.permission.ui.GrantPermissionsActivity,performPause]
11-29 09:15:03.827 1491 2060 I ActivityTaskManager: FOREGROUND_APPLICATION_CHANGED to com.android.deskclock.DeskClock
11-29 09:15:03.827 1491 2060 I wm_set_resumed_activity: [0,com.android.deskclock/.DeskClock,resumeTopActivityInnerLocked]
11-29 09:15:03.829 1491 2060 I wm_resume_activity: [0,19031009,403,com.android.deskclock/.DeskClock]
11-29 09:15:03.830 8328 8328 I wm_on_activity_result_called: [19031009,com.android.deskclock.DeskClock,ACTIVITY_RESULT]
11-29 09:15:03.831 8328 8328 I wm_on_resume_called: [19031009,com.android.deskclock.DeskClock,RESUME_ACTIVITY]
11-29 09:15:03.832 8328 8328 I wm_on_top_resumed_gained_called: [19031009,com.android.deskclock.DeskClock,topWhenResuming]
11-29 09:15:03.842 1491 2060 W WindowManager: updateScale0.7996942
11-29 09:15:03.844 1491 1600 I input_focus: [Focus request a74ab92 com.android.deskclock/com.android.deskclock.DeskClock,reason=UpdateInputWindows]
11-29 09:15:03.844 1491 1599 I sysui_multi_action: [757,803,799,window_time_2,802,0]
11-29 09:15:03.848 1491 8646 W WindowManager: updateScale0.7996942
11-29 09:15:03.856 1491 10067 I wm_destroy_activity: [0,261977006,403,com.android.permissioncontroller/.permission.ui.GrantPermissionsActivity,finish-idle]
11-29 09:15:03.865 8944 8944 I wm_on_stop_called: [261977006,com.android.permissioncontroller.permission.ui.GrantPermissionsActivity,LIFECYCLER_STOP_ACTIVITY]
11-29 09:15:03.866 8944 8944 I wm_on_destroy_called: [261977006,com.android.permissioncontroller.permission.ui.GrantPermissionsActivity,performDestroy]
11-29 09:15:03.868 1491 8646 W WindowManager: updateScale0.7996942
11-29 09:15:03.876 16043 16059 W ContextImpl: Calling a method in the system process without a qualified user: android.app.ContextImpl.startService:1816 android.content.ContextWrapper.startService:774 com.thundercomm.gamemode.ingame.services.GameModeActionUtils.startGameModeService:93 com.thundercomm.gamemode.ingame.services.GameModeActionUtils.startGameModeEntry:21 com.thundercomm.gamemode.ingame.services.ActivityMonitoringService$1.onActivityLaunch:127
11-29 09:15:03.883 1491 1491 I GameModeConfig: Current uri is uri = content://com.thundercomm.gamemode.api/gamemode_settings/gamemode_isgaming
11-29 09:15:03.885 1491 1491 I GameModeConfig: isGameModeOn = false
11-29 09:15:03.885 1491 1491 I GameModeConfig: isGameModeOn = false
11-29 09:15:03.885 1491 1491 I GameModeConfig: isDisableVoice = true
11-29 09:15:03.941 16043 16059 W ContextImpl: Calling a method in the system process without a qualified user: android.app.ContextImpl.startService:1816 android.content.ContextWrapper.startService:774 com.thundercomm.gamemode.ingame.services.GameModeActionUtils.startGameModeService:93 com.thundercomm.gamemode.ingame.services.GameModeActionUtils.startGameModeEntry:21 com.thundercomm.gamemode.ingame.services.ActivityMonitoringService$1.onActivityLaunch:127
11-29 09:15:03.946 1491 1491 I GameModeConfig: Current uri is uri = content://com.thundercomm.gamemode.api/gamemode_settings/gamemode_isgaming
11-29 09:15:03.949 1491 1491 I GameModeConfig: isGameModeOn = false
11-29 09:15:03.950 1491 1491 I GameModeConfig: isGameModeOn = false
11-29 09:15:03.950 1491 1491 I GameModeConfig: isDisableVoice = true
11-29 09:15:04.079 0 0 I auditd : type=1400 audit(0.0:23963): avc: denied { kill } for comm="swapper/1" capability=5 scontext=u:r:kernel:s0 tcontext=u:r:kernel:s0 tclass=capability permissive=0
11-29 09:15:04.447 1491 1693 I input_interaction: Interaction with: 59b7b66 com.android.launcher3/com.android.launcher3.uioverrides.QuickstepLauncher (server), f50ccd7 com.android.systemui.ImageWallpaper (server), edge-swipe (server), swipe-up (server), PointerEventDispatcher0 (server),
11-29 09:15:04.580 13671 13671 I view_enqueue_input_event: [Motion - Cancel,com.android.launcher3/com.android.launcher3.uioverrides.QuickstepLauncher]
11-29 09:15:04.580 1491 1693 I input_interaction: Interaction with: edge-swipe (server), swipe-up (server), PointerEventDispatcher0 (server),
11-29 09:15:04.903 1491 8646 I ActivityTaskManager: START u0 {act=android.intent.action.MAIN cat=[android.intent.category.HOME] flg=0x10000000 cmp=com.android.launcher3/.uioverrides.QuickstepLauncher} from uid 10077
11-29 09:15:04.908 1491 8646 I wm_task_moved: [32,1,9]
11-29 09:15:04.911 1491 8646 I wm_set_resumed_activity: [0,com.android.launcher3/.uioverrides.QuickstepLauncher,positionChildAt]
11-29 09:15:04.911 1491 8646 I wm_task_moved: [41,1,2147483647]
11-29 09:15:04.911 1491 8646 I wm_task_to_front: [0,41]
11-29 09:15:04.912 8328 8328 I wm_on_top_resumed_lost_called: [19031009,com.android.deskclock.DeskClock,topStateChangedWhenResumed]
11-29 09:15:04.912 1491 8646 I wm_focused_root_task: [0,0,32,403,bringingFoundTaskToFront]
11-29 09:15:04.912 1491 8646 I wm_set_resumed_activity: [0,com.android.launcher3/.uioverrides.QuickstepLauncher,bringingFoundTaskToFront]
11-29 09:15:04.914 1491 8646 I wm_new_intent: [0,254362067,41,com.android.launcher3/.uioverrides.QuickstepLauncher,android.intent.action.MAIN,NULL,NULL,268435712]
11-29 09:15:04.915 1491 8646 I wm_task_moved: [32,1,9]
11-29 09:15:04.915 1491 8646 I wm_set_resumed_activity: [0,com.android.launcher3/.uioverrides.QuickstepLauncher,positionChildAt]
11-29 09:15:04.915 1491 8646 I ActivityTaskManager: FOREGROUND_APPLICATION_CHANGED to com.android.launcher3.uioverrides.QuickstepLauncher
11-29 09:15:04.917 1491 8646 W WindowManager: updateScale0.7996942
11-29 09:15:04.923 1491 8646 W WindowManager: updateScale0.7996942
11-29 09:15:04.928 1491 1600 I input_focus: [Focus request 59b7b66 com.android.launcher3/com.android.launcher3.uioverrides.QuickstepLauncher,reason=UpdateInputWindows]
11-29 09:15:04.932 13671 13671 I wm_on_paused_called: [254362067,com.android.launcher3.uioverrides.QuickstepLauncher,performPause]
11-29 09:15:04.942 1491 1693 I input_focus: [Focus leaving a74ab92 com.android.deskclock/com.android.deskclock.DeskClock (server),reason=setFocusedWindow]
11-29 09:15:04.942 1491 1693 I input_focus: [Focus entering 59b7b66 com.android.launcher3/com.android.launcher3.uioverrides.QuickstepLauncher (server),reason=setFocusedWindow]
11-29 09:15:04.943 13671 13671 I wm_on_resume_called: [254362067,com.android.launcher3.uioverrides.QuickstepLauncher,LIFECYCLER_RESUME_ACTIVITY]
11-29 09:15:04.944 13671 13671 I wm_on_top_resumed_gained_called: [254362067,com.android.launcher3.uioverrides.QuickstepLauncher,topStateChangedWhenResumed]
11-29 09:15:04.952 1491 8646 W WindowManager: updateScale0.7996942
11-29 09:15:05.079 0 0 I auditd : type=1400 audit(0.0:23964): avc: denied { kill } for comm="swapper/1" capability=5 scontext=u:r:kernel:s0 tcontext=u:r:kernel:s0 tclass=capability permissive=0
11-29 09:15:05.232 1491 1693 I input_interaction: Interaction with: 59b7b66 com.android.launcher3/com.android.launcher3.uioverrides.QuickstepLauncher (server), f50ccd7 com.android.systemui.ImageWallpaper (server), edge-swipe (server), swipe-up (server), PointerEventDispatcher0 (server),
11-29 09:15:05.370 13671 13671 I view_enqueue_input_event: [Motion - Cancel,com.android.launcher3/com.android.launcher3.uioverrides.QuickstepLauncher]
11-29 09:15:05.372 1491 1693 I input_interaction: Interaction with: edge-swipe (server), swipe-up (server), PointerEventDispatcher0 (server),
11-29 09:15:05.402 1491 2060 W ActivityTaskManager: getTaskSnapshot: taskId=3400 not found
11-29 09:15:05.402 1491 2060 W ActivityTaskManager: getTaskSnapshot: taskId=2400 not found
11-29 09:15:05.402 1491 2060 W ActivityTaskManager: getTaskSnapshot: taskId=1400 not found
11-29 09:15:05.537 1491 1673 I commit_sys_config_file: [settings-1-0,3]
11-29 09:15:05.856 1491 1673 I commit_sys_config_file: [settings-1-0,9]
11-29 09:15:05.971 1491 2060 I wm_finish_activity: [0,19031009,403,com.android.deskclock/.DeskClock,app-request]
11-29 09:15:05.985 1491 2060 I wm_pause_activity: [0,19031009,com.android.deskclock/.DeskClock,userLeaving=false,finish]
11-29 09:15:05.988 8328 8328 I wm_on_paused_called: [19031009,com.android.deskclock.DeskClock,performPause]
11-29 09:15:06.002 1491 10067 I wm_destroy_activity: [0,19031009,403,com.android.deskclock/.DeskClock,finish-imm:completePausedLocked]
11-29 09:15:06.014 1491 1599 I sysui_multi_action: [757,803,799,window_time_2,802,2]
11-29 09:15:06.032 8328 8328 I wm_on_stop_called: [19031009,com.android.deskclock.DeskClock,LIFECYCLER_STOP_ACTIVITY]
11-29 09:15:06.043 8328 8328 I wm_on_destroy_called: [19031009,com.android.deskclock.DeskClock,performDestroy]
11-29 09:15:06.117 16043 16059 W ContextImpl: Calling a method in the system process without a qualified user: android.app.ContextImpl.startService:1816 android.content.ContextWrapper.startService:774 com.thundercomm.gamemode.ingame.services.GameModeActionUtils.startGameModeService:93 com.thundercomm.gamemode.ingame.services.GameModeActionUtils.startGameModeEntry:21 com.thundercomm.gamemode.ingame.services.ActivityMonitoringService$1.onActivityLaunch:127
11-29 09:15:06.134 1491 1491 I GameModeConfig: Current uri is uri = content://com.thundercomm.gamemode.api/gamemode_settings/gamemode_isgaming
11-29 09:15:06.138 1491 1491 I GameModeConfig: isGameModeOn = false
11-29 09:15:06.138 1491 1491 I GameModeConfig: isGameModeOn = false
11-29 09:15:06.138 1491 1491 I GameModeConfig: isDisableVoice = true
11-29 09:15:06.302 1491 1600 I wm_task_removed: [403,removeChild:removeChild last r=ActivityRecord{12263e1 u0 com.android.deskclock/.DeskClock t-1 f}} in t=Task{dfc9964 #403 type=standard A=10067:com.android.deskclock U=0 visible=false mode=freeform translucent=true sz=0}]
11-29 09:15:06.302 1491 1600 I wm_task_removed: [403,removeChild]
11-29 09:15:06.303 1491 1600 D FreeFormWindowHelper: Remove freefrom task=Task{dfc9964 #403 type=standard A=10067:com.android.deskclock U=0 visible=false mode=freeform translucent=true sz=0}
11-29 09:15:06.767 1491 1693 I input_interaction: Interaction with: 59b7b66 com.android.launcher3/com.android.launcher3.uioverrides.QuickstepLauncher (server), f50ccd7 com.android.systemui.ImageWallpaper (server), edge-swipe (server), swipe-up (server), PointerEventDispatcher0 (server),
11-29 09:15:06.769 1491 1491 I service_manager_stats: [100,79,28452]
11-29 09:15:06.901 1491 8646 D FreeFormWindowHelper: Add freeform task=Task{939801c #401 type=standard A=10068:com.android.gallery3d U=0 visible=false mode=freeform translucent=true sz=0}
11-29 09:15:06.903 1491 8646 I wm_task_moved: [32,1,9]
11-29 09:15:06.903 1491 8646 I wm_set_resumed_activity: [0,com.android.launcher3/.uioverrides.QuickstepLauncher,positionChildAt]
11-29 09:15:06.903 1491 8646 I ActivityTaskManager: START u0 {flg=0x10108000 cmp=com.android.gallery3d/.app.GalleryActivity} from uid 10077
11-29 09:15:06.911 1491 8646 I wm_task_moved: [401,1,9]
11-29 09:15:06.911 1491 8646 I wm_task_to_front: [0,401]
11-29 09:15:06.912 1491 8646 I wm_focused_root_task: [0,0,401,32,reuseOrNewTask]
11-29 09:15:06.912 1491 8646 I wm_create_activity: [0,250591065,401,com.android.gallery3d/.app.GalleryActivity,NULL,NULL,NULL,269516800]
11-29 09:15:06.913 1491 8646 I ActivityTaskManager: FOREGROUND_APPLICATION_CHANGED to com.android.gallery3d.app.GalleryActivity
11-29 09:15:06.914 1491 8646 I ActivityTaskManager: The Process com.android.gallery3d Already Exists in BG. So sending its PID: 15636
11-29 09:15:06.919 1491 8646 W ActivityTaskManager: Tried to set launchTime (0) < mLastActivityLaunchTime (21671141)
11-29 09:15:06.921 1491 8646 I wm_restart_activity: [0,250591065,401,com.android.gallery3d/.app.GalleryActivity]
11-29 09:15:06.922 1491 8646 I wm_set_resumed_activity: [0,com.android.gallery3d/.app.GalleryActivity,minimalResumeActivityLocked]
11-29 09:15:06.930 13671 13671 I wm_on_top_resumed_lost_called: [254362067,com.android.launcher3.uioverrides.QuickstepLauncher,topStateChangedWhenResumed]
11-29 09:15:06.953 16043 16059 W ContextImpl: Calling a method in the system process without a qualified user: android.app.ContextImpl.startService:1816 android.content.ContextWrapper.startService:774 com.thundercomm.gamemode.ingame.services.GameModeActionUtils.startGameModeService:93 com.thundercomm.gamemode.ingame.services.GameModeActionUtils.startGameModeEntry:21 com.thundercomm.gamemode.ingame.services.ActivityMonitoringService$1.onActivityLaunch:127
11-29 09:15:06.959 1491 1491 I GameModeConfig: Current uri is uri = content://com.thundercomm.gamemode.api/gamemode_settings/gamemode_isgaming
11-29 09:15:06.961 1491 1491 I GameModeConfig: isGameModeOn = false
11-29 09:15:06.961 1491 1491 I GameModeConfig: isGameModeOn = false
11-29 09:15:06.961 1491 1491 I GameModeConfig: isDisableVoice = true
11-29 09:15:06.963 15636 15636 I wm_on_create_called: [250591065,com.android.gallery3d.app.GalleryActivity,performCreate]
11-29 09:15:06.964 15636 15636 I wm_on_start_called: [250591065,com.android.gallery3d.app.GalleryActivity,handleStartActivity]
11-29 09:15:06.967 15636 15636 I wm_on_resume_called: [250591065,com.android.gallery3d.app.GalleryActivity,RESUME_ACTIVITY]
11-29 09:15:06.972 15636 15636 I wm_on_top_resumed_gained_called: [250591065,com.android.gallery3d.app.GalleryActivity,topStateChangedWhenResumed]
11-29 09:15:06.974 1491 8786 W WindowManager: updateScale0.7996942
11-29 09:15:06.976 1491 1600 I input_focus: [Focus request c13b11b com.android.gallery3d/com.android.gallery3d.app.GalleryActivity,reason=UpdateInputWindows]
11-29 09:15:07.005 1491 1600 W WindowManager: updateScale0.7996942
11-29 09:15:07.006 1491 1693 I input_focus: [Focus leaving 59b7b66 com.android.launcher3/com.android.launcher3.uioverrides.QuickstepLauncher (server),reason=Waiting for window because NOT_VISIBLE]
