11-29 09:09:41.790 1491 1874 E DisplayDeviceConfig: requesting nits when no mapping exists.
11-29 09:09:41.790 1491 1874 E DisplayDeviceConfig: requesting nits when no mapping exists.
11-29 09:09:41.808 1491 1874 E DisplayDeviceConfig: requesting nits when no mapping exists.
11-29 09:09:41.810 1491 1874 E DisplayDeviceConfig: requesting nits when no mapping exists.
11-29 09:09:41.823 1491 1874 E DisplayDeviceConfig: requesting nits when no mapping exists.
11-29 09:09:41.823 1491 1874 E DisplayDeviceConfig: requesting nits when no mapping exists.
11-29 09:09:41.839 1491 1874 E DisplayDeviceConfig: requesting nits when no mapping exists.
11-29 09:09:41.840 1491 1874 E DisplayDeviceConfig: requesting nits when no mapping exists.
11-29 09:09:41.856 1491 1874 E DisplayDeviceConfig: requesting nits when no mapping exists.
11-29 09:09:41.856 1491 1874 E DisplayDeviceConfig: requesting nits when no mapping exists.
11-29 09:09:41.874 1491 1874 E DisplayDeviceConfig: requesting nits when no mapping exists.
11-29 09:09:41.875 1491 1874 E DisplayDeviceConfig: requesting nits when no mapping exists.
11-29 09:09:41.890 1491 1874 E DisplayDeviceConfig: requesting nits when no mapping exists.
11-29 09:09:41.891 1491 1874 E DisplayDeviceConfig: requesting nits when no mapping exists.
11-29 09:09:41.907 1491 1874 E DisplayDeviceConfig: requesting nits when no mapping exists.
11-29 09:09:41.908 1491 1874 E DisplayDeviceConfig: requesting nits when no mapping exists.
11-29 09:09:41.924 1491 1874 E DisplayDeviceConfig: requesting nits when no mapping exists.
11-29 09:09:41.925 1491 1874 E DisplayDeviceConfig: requesting nits when no mapping exists.
11-29 09:09:41.940 1491 1874 E DisplayDeviceConfig: requesting nits when no mapping exists.
11-29 09:09:41.940 1491 1874 E DisplayDeviceConfig: requesting nits when no mapping exists.
11-29 09:09:41.956 1491 1874 E DisplayDeviceConfig: requesting nits when no mapping exists.
11-29 09:09:41.957 1491 1874 E DisplayDeviceConfig: requesting nits when no mapping exists.
11-29 09:09:41.973 1491 1874 E DisplayDeviceConfig: requesting nits when no mapping exists.
11-29 09:09:41.973 1491 1874 E DisplayDeviceConfig: requesting nits when no mapping exists.
11-29 09:09:41.990 1491 1874 E DisplayDeviceConfig: requesting nits when no mapping exists.
11-29 09:09:41.990 1491 1874 E DisplayDeviceConfig: requesting nits when no mapping exists.
11-29 09:09:42.007 1491 1874 E DisplayDeviceConfig: requesting nits when no mapping exists.
11-29 09:09:42.007 1491 1874 E DisplayDeviceConfig: requesting nits when no mapping exists.
11-29 09:09:42.023 1491 1874 E DisplayDeviceConfig: requesting nits when no mapping exists.
11-29 09:09:42.024 1491 1874 E DisplayDeviceConfig: requesting nits when no mapping exists.
11-29 09:09:42.040 1491 1874 E DisplayDeviceConfig: requesting nits when no mapping exists.
11-29 09:09:42.041 1491 1874 E DisplayDeviceConfig: requesting nits when no mapping exists.
11-29 09:09:42.057 1491 1874 E DisplayDeviceConfig: requesting nits when no mapping exists.
11-29 09:09:42.057 1491 1874 E DisplayDeviceConfig: requesting nits when no mapping exists.
11-29 09:09:42.074 1491 1874 E DisplayDeviceConfig: requesting nits when no mapping exists.
11-29 09:09:42.075 1491 1874 E DisplayDeviceConfig: requesting nits when no mapping exists.
11-29 09:09:42.091 1491 1874 E DisplayDeviceConfig: requesting nits when no mapping exists.
11-29 09:09:42.091 1491 1874 E DisplayDeviceConfig: requesting nits when no mapping exists.
11-29 09:09:42.107 1491 1874 E DisplayDeviceConfig: requesting nits when no mapping exists.
11-29 09:09:42.108 1491 1874 E DisplayDeviceConfig: requesting nits when no mapping exists.
11-29 09:09:42.124 1491 1874 E DisplayDeviceConfig: requesting nits when no mapping exists.
11-29 09:09:42.126 1491 1874 E DisplayDeviceConfig: requesting nits when no mapping exists.
11-29 09:09:42.141 1491 1874 E DisplayDeviceConfig: requesting nits when no mapping exists.
11-29 09:09:42.142 1491 1874 E DisplayDeviceConfig: requesting nits when no mapping exists.
11-29 09:09:42.158 1491 1874 E DisplayDeviceConfig: requesting nits when no mapping exists.
11-29 09:09:42.158 1491 1874 E DisplayDeviceConfig: requesting nits when no mapping exists.
11-29 09:09:42.174 1491 1874 E DisplayDeviceConfig: requesting nits when no mapping exists.
11-29 09:09:42.175 1491 1874 E DisplayDeviceConfig: requesting nits when no mapping exists.
11-29 09:09:42.190 1491 1874 E DisplayDeviceConfig: requesting nits when no mapping exists.
11-29 09:09:42.191 1491 1874 E DisplayDeviceConfig: requesting nits when no mapping exists.
11-29 09:09:42.206 1491 1874 E DisplayDeviceConfig: requesting nits when no mapping exists.
11-29 09:09:42.207 1491 1874 E DisplayDeviceConfig: requesting nits when no mapping exists.
11-29 09:09:42.225 1491 1874 E DisplayDeviceConfig: requesting nits when no mapping exists.
11-29 09:09:42.226 1491 1874 E DisplayDeviceConfig: requesting nits when no mapping exists.
11-29 09:09:42.240 1491 1874 E DisplayDeviceConfig: requesting nits when no mapping exists.
11-29 09:09:42.242 1491 1874 E DisplayDeviceConfig: requesting nits when no mapping exists.
11-29 09:09:42.257 1491 1874 E DisplayDeviceConfig: requesting nits when no mapping exists.
11-29 09:09:42.258 1491 1874 E DisplayDeviceConfig: requesting nits when no mapping exists.
11-29 09:09:42.274 1491 1874 E DisplayDeviceConfig: requesting nits when no mapping exists.
11-29 09:09:42.275 1491 1874 E DisplayDeviceConfig: requesting nits when no mapping exists.
11-29 09:09:42.293 1491 1874 E DisplayDeviceConfig: requesting nits when no mapping exists.
11-29 09:09:42.294 1491 1874 E DisplayDeviceConfig: requesting nits when no mapping exists.
11-29 09:09:42.315 1491 1874 E DisplayDeviceConfig: requesting nits when no mapping exists.
11-29 09:09:42.315 1491 1874 E DisplayDeviceConfig: requesting nits when no mapping exists.
11-29 09:09:42.324 1491 1874 E DisplayDeviceConfig: requesting nits when no mapping exists.
11-29 09:09:42.324 1491 1874 E DisplayDeviceConfig: requesting nits when no mapping exists.
11-29 09:09:42.340 1491 1874 E DisplayDeviceConfig: requesting nits when no mapping exists.
11-29 09:09:42.342 1491 1874 E DisplayDeviceConfig: requesting nits when no mapping exists.
11-29 09:09:42.357 1491 1874 E DisplayDeviceConfig: requesting nits when no mapping exists.
11-29 09:09:42.358 1491 1874 E DisplayDeviceConfig: requesting nits when no mapping exists.
11-29 09:09:42.374 1491 1874 E DisplayDeviceConfig: requesting nits when no mapping exists.
11-29 09:09:42.375 1491 1874 E DisplayDeviceConfig: requesting nits when no mapping exists.
11-29 09:09:42.391 1491 1874 E DisplayDeviceConfig: requesting nits when no mapping exists.
11-29 09:09:42.392 1491 1874 E DisplayDeviceConfig: requesting nits when no mapping exists.
11-29 09:09:42.408 1491 1874 E DisplayDeviceConfig: requesting nits when no mapping exists.
11-29 09:09:42.408 1491 1874 E DisplayDeviceConfig: requesting nits when no mapping exists.
11-29 09:09:42.426 1491 1874 E DisplayDeviceConfig: requesting nits when no mapping exists.
11-29 09:09:42.426 1491 1874 E DisplayDeviceConfig: requesting nits when no mapping exists.
11-29 09:09:42.440 1491 1874 E DisplayDeviceConfig: requesting nits when no mapping exists.
11-29 09:09:42.442 1491 1874 E DisplayDeviceConfig: requesting nits when no mapping exists.
11-29 09:09:42.458 1491 1874 E DisplayDeviceConfig: requesting nits when no mapping exists.
11-29 09:09:42.459 1491 1874 E DisplayDeviceConfig: requesting nits when no mapping exists.
11-29 09:09:43.283 1491 9950 I ActivityTaskManager: FOREGROUND_APPLICATION_CHANGED to com.android.launcher3.uioverrides.QuickstepLauncher
11-29 09:09:43.357 16043 16059 W ContextImpl: Calling a method in the system process without a qualified user: android.app.ContextImpl.startService:1816 android.content.ContextWrapper.startService:774 com.thundercomm.gamemode.ingame.services.GameModeActionUtils.startGameModeService:93 com.thundercomm.gamemode.ingame.services.GameModeActionUtils.startGameModeEntry:21 com.thundercomm.gamemode.ingame.services.ActivityMonitoringService$1.onActivityLaunch:127
11-29 09:09:43.361 1491 1491 I GameModeConfig: Current uri is uri = content://com.thundercomm.gamemode.api/gamemode_settings/gamemode_isgaming
11-29 09:09:43.364 1491 1491 I GameModeConfig: isGameModeOn = false
11-29 09:09:43.364 1491 1491 I GameModeConfig: isGameModeOn = false
11-29 09:09:43.364 1491 1491 I GameModeConfig: isDisableVoice = true
11-29 09:09:43.378 1491 1599 I ActivityManager: Killing 12550:com.android.gallery3d/u0a68 (adj 900): remove task
11-29 09:09:43.411 1491 1599 I ActivityManager: Killing 14228:com.android.settings/1000 (adj 900): remove task
11-29 09:09:43.426 1491 1599 W ActivityManager: setHasOverlayUi called on unknown pid: 12550
11-29 09:09:43.435 1491 1600 W ActivityTaskManager: Can't find TaskDisplayArea to determine support for multi window. Task id=372 attached=false
11-29 09:09:43.435 1491 1600 W ActivityTaskManager: Can't find TaskDisplayArea to determine support for multi window. Task id=372 attached=false
11-29 09:09:43.436 1491 1599 D CompatibilityChangeReporter: Compat change id reported: 135634846; UID 10068; state: DISABLED
11-29 09:09:43.436 1491 1599 D CompatibilityChangeReporter: Compat change id reported: 177438394; UID 10068; state: DISABLED
11-29 09:09:43.436 1491 1599 D CompatibilityChangeReporter: Compat change id reported: 135772972; UID 10068; state: DISABLED
11-29 09:09:43.436 1491 1599 D CompatibilityChangeReporter: Compat change id reported: 135754954; UID 10068; state: DISABLED
11-29 09:09:43.437 1491 1609 D CompatibilityChangeReporter: Compat change id reported: 143937733; UID 10068; state: DISABLED
11-29 09:09:43.437 1491 1599 W ActivityManager: ProcessRecord{6131f17 14228:com.android.settings/1000} is attached to a previous process
11-29 09:09:43.437 1491 1599 W ActivityManager: Existing proc ProcessRecord{6131f17 14228:com.android.settings/1000} was killed 26ms ago when adding ProcessRecord{8b53f5 0:com.android.settings/1000}
11-29 09:09:43.438 1491 1599 D CompatibilityChangeReporter: Compat change id reported: 135634846; UID 1000; state: DISABLED
11-29 09:09:43.438 1491 1599 D CompatibilityChangeReporter: Compat change id reported: 177438394; UID 1000; state: DISABLED
11-29 09:09:43.439 1491 1599 D CompatibilityChangeReporter: Compat change id reported: 135772972; UID 1000; state: DISABLED
11-29 09:09:43.439 1491 1599 D CompatibilityChangeReporter: Compat change id reported: 135754954; UID 1000; state: ENABLED
11-29 09:09:43.441 1491 1607 W UsageStatsService: Unexpected activity event reported! (com.android.music/com.android.music.MusicBrowserActivity event : 23 instanceId : 207116423)
11-29 09:09:43.447 1491 1609 I ActivityManager: Start proc 15636:com.android.gallery3d/u0a68 for null
11-29 09:09:43.461 1491 8701 I WindowManager: WIN DEATH: Window{78c1c46 u0 com.android.settings/com.android.settings.Settings}
11-29 09:09:43.469 1491 1599 W ActivityManager: setHasOverlayUi called on unknown pid: 14228
11-29 09:09:43.469 1491 1607 W UsageStatsService: Unexpected activity event reported! (com.android.settings/com.android.settings.homepage.SettingsHomepageActivity event : 23 instanceId : 80050960)
11-29 09:09:43.470 1491 1600 W ActivityTaskManager: Can't find TaskDisplayArea to determine support for multi window. Task id=377 attached=false
11-29 09:09:43.470 1491 1600 W ActivityTaskManager: Can't find TaskDisplayArea to determine support for multi window. Task id=377 attached=false
11-29 09:09:43.480 1491 1609 I ActivityManager: Start proc 15650:com.android.settings/1000 for null
11-29 09:09:43.528 16043 16059 W ContextImpl: Calling a method in the system process without a qualified user: android.app.ContextImpl.startService:1816 android.content.ContextWrapper.startService:774 com.thundercomm.gamemode.ingame.services.GameModeActionUtils.startGameModeService:93 com.thundercomm.gamemode.ingame.services.GameModeActionUtils.startGameModeEntry:21 com.thundercomm.gamemode.ingame.services.ActivityMonitoringService$1.onActivityLaunch:127
11-29 09:09:43.533 1491 1491 I GameModeConfig: Current uri is uri = content://com.thundercomm.gamemode.api/gamemode_settings/gamemode_isgaming
11-29 09:09:43.535 1491 1491 I GameModeConfig: isGameModeOn = false
11-29 09:09:43.535 1491 1491 I GameModeConfig: isGameModeOn = false
11-29 09:09:43.535 1491 1491 I GameModeConfig: isDisableVoice = true
11-29 09:09:43.537 1491 1608 W BroadcastQueue: Background execution not allowed: receiving Intent { act=com.android.music.updatewidget flg=0x10 } to com.android.music/.MediaAppWidgetProvider
11-29 09:09:43.537 1491 1608 W BroadcastQueue: Background execution not allowed: receiving Intent { act=com.android.music.updatewidget flg=0x10 } to com.android.music/.MediaAppWidgetProviderLarge
11-29 09:09:43.538 1491 2770 W NotificationHistory: Attempted to remove channel for locked/gone/disabled user 0
11-29 09:09:43.545 1491 1760 I GameModeConfig: isGameModeOn = false
11-29 09:09:43.545 1491 1760 I GameModeConfig: isGameModeOn = false
11-29 09:09:43.545 1491 1760 I GameModeConfig: isGameModeOn = false
11-29 09:09:43.545 1491 1760 I GameModeConfig: isGameModeOn = false
11-29 09:09:43.750 1491 1491 I GameModeConfig: isGameModeOn = false
11-29 09:09:43.768 1491 1491 W NotificationHistory: Attempted to add notif for locked/gone/disabled user 0
11-29 09:09:43.769 1491 1491 I GameModeConfig: isGameModeOn = false
11-29 09:09:50.117 1491 2770 I ActivityTaskManager: START u0 {flg=0x10008000 cmp=com.android.deskclock/.DeskClock} from uid 10077
11-29 09:09:50.129 1491 2770 W ActivityTaskManager: Can't find TaskDisplayArea to determine support for multi window. Task id=384 attached=false
11-29 09:09:50.131 1491 2770 D FreeFormWindowHelper: Add freeform task=Task{156cd89 #384 type=standard ?? U=0 visible=false mode=freeform translucent=true sz=0}
11-29 09:09:50.141 1491 2770 I ActivityTaskManager: FOREGROUND_APPLICATION_CHANGED to com.android.deskclock.DeskClock
11-29 09:09:50.141 1491 2770 I ActivityTaskManager: The Process com.android.deskclock Already Exists in BG. So sending its PID: 8328
11-29 09:09:50.142 1491 2770 W ActivityTaskManager: Tried to set launchTime (0) < mLastActivityLaunchTime (20974759)
11-29 09:09:50.172 16043 16059 W ContextImpl: Calling a method in the system process without a qualified user: android.app.ContextImpl.startService:1816 android.content.ContextWrapper.startService:774 com.thundercomm.gamemode.ingame.services.GameModeActionUtils.startGameModeService:93 com.thundercomm.gamemode.ingame.services.GameModeActionUtils.startGameModeEntry:21 com.thundercomm.gamemode.ingame.services.ActivityMonitoringService$1.onActivityLaunch:127
11-29 09:09:50.182 1491 1491 I GameModeConfig: Current uri is uri = content://com.thundercomm.gamemode.api/gamemode_settings/gamemode_isgaming
11-29 09:09:50.189 1491 8646 I ActivityTaskManager: START u0 {act=android.content.pm.action.REQUEST_PERMISSIONS pkg=com.android.permissioncontroller cmp=com.android.permissioncontroller/.permission.ui.GrantPermissionsActivity (has extras)} from uid 10067
11-29 09:09:50.190 1491 1491 I GameModeConfig: isGameModeOn = false
11-29 09:09:50.190 1491 1491 I GameModeConfig: isGameModeOn = false
11-29 09:09:50.190 1491 1491 I GameModeConfig: isDisableVoice = true
11-29 09:09:50.217 1491 8701 I ActivityTaskManager: FOREGROUND_APPLICATION_CHANGED to com.android.permissioncontroller.permission.ui.GrantPermissionsActivity
11-29 09:09:50.217 1491 8701 I ActivityTaskManager: The Process com.android.permissioncontroller Already Exists in BG. So sending its PID: 8944
11-29 09:09:50.219 1491 8701 W ActivityTaskManager: Tried to set launchTime (0) < mLastActivityLaunchTime (20974835)
11-29 09:09:50.238 16043 16059 W ContextImpl: Calling a method in the system process without a qualified user: android.app.ContextImpl.startService:1816 android.content.ContextWrapper.startService:774 com.thundercomm.gamemode.ingame.services.GameModeActionUtils.startGameModeService:93 com.thundercomm.gamemode.ingame.services.GameModeActionUtils.startGameModeEntry:21 com.thundercomm.gamemode.ingame.services.ActivityMonitoringService$1.onActivityLaunch:127
11-29 09:09:50.246 1491 1491 I GameModeConfig: Current uri is uri = content://com.thundercomm.gamemode.api/gamemode_settings/gamemode_isgaming
11-29 09:09:50.246 1491 8701 W WindowManager: updateScale0.7996942
11-29 09:09:50.246 1491 8701 W WindowManager: updateScale0.7996942
11-29 09:09:50.253 1491 1491 I GameModeConfig: isGameModeOn = false
11-29 09:09:50.253 1491 1491 I GameModeConfig: isGameModeOn = false
11-29 09:09:50.254 1491 1491 I GameModeConfig: isDisableVoice = true
11-29 09:09:50.255 1491 2060 I ActivityTaskManager: FOREGROUND_APPLICATION_CHANGED to com.android.deskclock.DeskClock
11-29 09:09:50.258 1491 7072 W WindowManager: updateScale0.7996942
11-29 09:09:50.292 1491 1600 W WindowManager: updateScale0.7996942
11-29 09:09:50.294 1491 1600 W WindowManager: updateScale0.7996942
11-29 09:09:50.295 1491 1600 W WindowManager: updateScale0.7996942
11-29 09:09:50.371 16043 16059 W ContextImpl: Calling a method in the system process without a qualified user: android.app.ContextImpl.startService:1816 android.content.ContextWrapper.startService:774 com.thundercomm.gamemode.ingame.services.GameModeActionUtils.startGameModeService:93 com.thundercomm.gamemode.ingame.services.GameModeActionUtils.startGameModeEntry:21 com.thundercomm.gamemode.ingame.services.ActivityMonitoringService$1.onActivityLaunch:127
11-29 09:09:50.376 1491 1491 I GameModeConfig: Current uri is uri = content://com.thundercomm.gamemode.api/gamemode_settings/gamemode_isgaming
11-29 09:09:50.381 1491 1491 I GameModeConfig: isGameModeOn = false
11-29 09:09:50.381 1491 1491 I GameModeConfig: isGameModeOn = false
11-29 09:09:50.381 1491 1491 I GameModeConfig: isDisableVoice = true
11-29 09:09:50.582 1491 1600 W WindowManager: updateScale0.7996942
11-29 09:09:50.591 1491 2770 W WindowManager: updateScale0.7996942
11-29 09:09:51.593 1491 8701 W WindowManager: updateScale0.4617737
11-29 09:09:51.596 1491 8701 W WindowManager: updateScale0.4617737
11-29 09:09:51.644 1491 7072 I ActivityTaskManager: START u0 {act=android.content.pm.action.REQUEST_PERMISSIONS pkg=com.android.permissioncontroller cmp=com.android.permissioncontroller/.permission.ui.GrantPermissionsActivity (has extras)} from uid 10067
11-29 09:09:51.646 1491 7072 W WindowManager: updateScale0.4617737
11-29 09:09:51.680 1491 7072 W WindowManager: updateScale0.4617737
11-29 09:09:51.682 1491 7072 W WindowManager: updateScale0.4617737
11-29 09:09:51.712 1491 7072 I ActivityTaskManager: FOREGROUND_APPLICATION_CHANGED to com.android.permissioncontroller.permission.ui.GrantPermissionsActivity
11-29 09:09:51.713 1491 7072 I ActivityTaskManager: The Process com.android.permissioncontroller Already Exists in BG. So sending its PID: 8944
11-29 09:09:51.713 1491 7072 W ActivityTaskManager: Tried to set launchTime (0) < mLastActivityLaunchTime (21368698)
11-29 09:09:51.737 16043 16059 W ContextImpl: Calling a method in the system process without a qualified user: android.app.ContextImpl.startService:1816 android.content.ContextWrapper.startService:774 com.thundercomm.gamemode.ingame.services.GameModeActionUtils.startGameModeService:93 com.thundercomm.gamemode.ingame.services.GameModeActionUtils.startGameModeEntry:21 com.thundercomm.gamemode.ingame.services.ActivityMonitoringService$1.onActivityLaunch:127
11-29 09:09:51.746 1491 1491 I GameModeConfig: Current uri is uri = content://com.thundercomm.gamemode.api/gamemode_settings/gamemode_isgaming
11-29 09:09:51.749 1491 1491 I GameModeConfig: isGameModeOn = false
11-29 09:09:51.749 1491 1491 I GameModeConfig: isGameModeOn = false
11-29 09:09:51.749 1491 1491 I GameModeConfig: isDisableVoice = true
11-29 09:09:51.754 1491 8701 W WindowManager: updateScale0.4617737
11-29 09:09:51.754 1491 8701 W WindowManager: updateScale0.4617737
11-29 09:09:51.758 1491 1600 W WindowManager: updateScale0.4617737
11-29 09:09:51.760 1491 7072 I ActivityTaskManager: FOREGROUND_APPLICATION_CHANGED to com.android.deskclock.DeskClock
11-29 09:09:51.764 1491 7072 W WindowManager: updateScale0.4617737
11-29 09:09:51.770 1491 8646 W WindowManager: updateScale0.4617737
11-29 09:09:51.784 1491 8701 W WindowManager: updateScale0.4617737
11-29 09:09:51.795 16043 16059 W ContextImpl: Calling a method in the system process without a qualified user: android.app.ContextImpl.startService:1816 android.content.ContextWrapper.startService:774 com.thundercomm.gamemode.ingame.services.GameModeActionUtils.startGameModeService:93 com.thundercomm.gamemode.ingame.services.GameModeActionUtils.startGameModeEntry:21 com.thundercomm.gamemode.ingame.services.ActivityMonitoringService$1.onActivityLaunch:127
11-29 09:09:51.802 1491 1491 I GameModeConfig: Current uri is uri = content://com.thundercomm.gamemode.api/gamemode_settings/gamemode_isgaming
11-29 09:09:51.803 1491 1491 I GameModeConfig: isGameModeOn = false
11-29 09:09:51.803 1491 1491 I GameModeConfig: isGameModeOn = false
11-29 09:09:51.803 1491 1491 I GameModeConfig: isDisableVoice = true
11-29 09:09:51.876 16043 16059 W ContextImpl: Calling a method in the system process without a qualified user: android.app.ContextImpl.startService:1816 android.content.ContextWrapper.startService:774 com.thundercomm.gamemode.ingame.services.GameModeActionUtils.startGameModeService:93 com.thundercomm.gamemode.ingame.services.GameModeActionUtils.startGameModeEntry:21 com.thundercomm.gamemode.ingame.services.ActivityMonitoringService$1.onActivityLaunch:127
11-29 09:09:51.883 1491 1491 I GameModeConfig: Current uri is uri = content://com.thundercomm.gamemode.api/gamemode_settings/gamemode_isgaming
11-29 09:09:51.885 1491 1491 I GameModeConfig: isGameModeOn = false
11-29 09:09:51.886 1491 1491 I GameModeConfig: isGameModeOn = false
11-29 09:09:51.886 1491 1491 I GameModeConfig: isDisableVoice = true
11-29 09:09:52.792 1491 8646 W WindowManager: updateScale0.7996942
11-29 09:09:52.797 1491 8646 W WindowManager: updateScale0.7996942
11-29 09:09:52.863 1491 2770 I ActivityTaskManager: START u0 {act=android.content.pm.action.REQUEST_PERMISSIONS pkg=com.android.permissioncontroller cmp=com.android.permissioncontroller/.permission.ui.GrantPermissionsActivity (has extras)} from uid 10067
11-29 09:09:52.866 1491 2770 W WindowManager: updateScale0.7996942
11-29 09:09:52.911 1491 2770 W WindowManager: updateScale0.7996942
11-29 09:09:52.913 1491 2770 W WindowManager: updateScale0.7996942
11-29 09:09:52.948 1491 2770 I ActivityTaskManager: FOREGROUND_APPLICATION_CHANGED to com.android.permissioncontroller.permission.ui.GrantPermissionsActivity
11-29 09:09:52.948 1491 2770 I ActivityTaskManager: The Process com.android.permissioncontroller Already Exists in BG. So sending its PID: 8944
11-29 09:09:52.951 1491 2770 W ActivityTaskManager: Tried to set launchTime (0) < mLastActivityLaunchTime (21370192)
11-29 09:09:52.994 16043 16059 W ContextImpl: Calling a method in the system process without a qualified user: android.app.ContextImpl.startService:1816 android.content.ContextWrapper.startService:774 com.thundercomm.gamemode.ingame.services.GameModeActionUtils.startGameModeService:93 com.thundercomm.gamemode.ingame.services.GameModeActionUtils.startGameModeEntry:21 com.thundercomm.gamemode.ingame.services.ActivityMonitoringService$1.onActivityLaunch:127
11-29 09:09:53.008 1491 1491 I GameModeConfig: Current uri is uri = content://com.thundercomm.gamemode.api/gamemode_settings/gamemode_isgaming
11-29 09:09:53.010 1491 1491 I GameModeConfig: isGameModeOn = false
11-29 09:09:53.010 1491 1491 I GameModeConfig: isGameModeOn = false
11-29 09:09:53.010 1491 1491 I GameModeConfig: isDisableVoice = true
11-29 09:09:53.042 1491 2060 W WindowManager: updateScale0.7996942
11-29 09:09:53.042 1491 2060 W WindowManager: updateScale0.7996942
11-29 09:09:53.046 1491 1600 W WindowManager: updateScale0.7996942
11-29 09:09:53.049 1491 2060 I ActivityTaskManager: FOREGROUND_APPLICATION_CHANGED to com.android.deskclock.DeskClock
11-29 09:09:53.056 1491 2060 W WindowManager: updateScale0.7996942
11-29 09:09:53.067 1491 2770 W WindowManager: updateScale0.7996942
11-29 09:09:53.108 16043 16059 W ContextImpl: Calling a method in the system process without a qualified user: android.app.ContextImpl.startService:1816 android.content.ContextWrapper.startService:774 com.thundercomm.gamemode.ingame.services.GameModeActionUtils.startGameModeService:93 com.thundercomm.gamemode.ingame.services.GameModeActionUtils.startGameModeEntry:21 com.thundercomm.gamemode.ingame.services.ActivityMonitoringService$1.onActivityLaunch:127
11-29 09:09:53.110 1491 2770 W WindowManager: updateScale0.7996942
11-29 09:09:53.113 1491 1491 I GameModeConfig: Current uri is uri = content://com.thundercomm.gamemode.api/gamemode_settings/gamemode_isgaming
11-29 09:09:53.115 1491 1491 I GameModeConfig: isGameModeOn = false
11-29 09:09:53.115 1491 1491 I GameModeConfig: isGameModeOn = false
11-29 09:09:53.115 1491 1491 I GameModeConfig: isDisableVoice = true
11-29 09:09:53.161 16043 16059 W ContextImpl: Calling a method in the system process without a qualified user: android.app.ContextImpl.startService:1816 android.content.ContextWrapper.startService:774 com.thundercomm.gamemode.ingame.services.GameModeActionUtils.startGameModeService:93 com.thundercomm.gamemode.ingame.services.GameModeActionUtils.startGameModeEntry:21 com.thundercomm.gamemode.ingame.services.ActivityMonitoringService$1.onActivityLaunch:127
11-29 09:09:53.164 1491 1491 I GameModeConfig: Current uri is uri = content://com.thundercomm.gamemode.api/gamemode_settings/gamemode_isgaming
11-29 09:09:53.166 1491 1491 I GameModeConfig: isGameModeOn = false
11-29 09:09:53.166 1491 1491 I GameModeConfig: isGameModeOn = false
11-29 09:09:53.166 1491 1491 I GameModeConfig: isDisableVoice = true
11-29 09:09:53.779 1491 1760 I GameModeConfig: isGameModeOn = false
11-29 09:09:54.182 1491 7072 I ActivityTaskManager: START u0 {act=android.intent.action.MAIN cat=[android.intent.category.HOME] flg=0x10000000 cmp=com.android.launcher3/.uioverrides.QuickstepLauncher} from uid 10077
11-29 09:09:54.205 1491 7072 I ActivityTaskManager: FOREGROUND_APPLICATION_CHANGED to com.android.launcher3.uioverrides.QuickstepLauncher
11-29 09:09:54.206 1491 7072 W WindowManager: updateScale0.7996942
11-29 09:09:54.211 1491 7072 W WindowManager: updateScale0.7996942
11-29 09:09:54.240 1491 7072 W WindowManager: updateScale0.7996942
11-29 09:09:55.475 16043 16059 W ContextImpl: Calling a method in the system process without a qualified user: android.app.ContextImpl.startService:1816 android.content.ContextWrapper.startService:774 com.thundercomm.gamemode.ingame.services.GameModeActionUtils.startGameModeService:93 com.thundercomm.gamemode.ingame.services.GameModeActionUtils.startGameModeEntry:21 com.thundercomm.gamemode.ingame.services.ActivityMonitoringService$1.onActivityLaunch:127
11-29 09:09:55.482 1491 1491 I GameModeConfig: Current uri is uri = content://com.thundercomm.gamemode.api/gamemode_settings/gamemode_isgaming
11-29 09:09:55.488 1491 1491 I GameModeConfig: isGameModeOn = false
11-29 09:09:55.489 1491 1491 I GameModeConfig: isGameModeOn = false
11-29 09:09:55.489 1491 1491 I GameModeConfig: isDisableVoice = true
11-29 09:09:55.657 1491 1600 D FreeFormWindowHelper: Remove freefrom task=Task{156cd89 #384 type=standard A=10067:com.android.deskclock U=0 visible=false mode=freeform translucent=true sz=0}
11-29 09:09:56.682 1491 2770 I ActivityTaskManager: START u0 {flg=0x10008000 cmp=com.android.gallery3d/.app.GalleryActivity} from uid 10077
11-29 09:09:56.690 1491 2770 W ActivityTaskManager: Can't find TaskDisplayArea to determine support for multi window. Task id=385 attached=false
11-29 09:09:56.693 1491 2770 D FreeFormWindowHelper: Add freeform task=Task{7ebaa83 #385 type=standard ?? U=0 visible=false mode=freeform translucent=true sz=0}
11-29 09:09:56.696 1491 2770 D CompatibilityChangeReporter: Compat change id reported: 174042980; UID 10068; state: DISABLED
11-29 09:09:56.697 1491 2770 D CompatibilityChangeReporter: Compat change id reported: 184838306; UID 10068; state: DISABLED
11-29 09:09:56.698 1491 2770 D CompatibilityChangeReporter: Compat change id reported: 185004937; UID 10068; state: DISABLED
11-29 09:09:56.699 1491 2770 D CompatibilityChangeReporter: Compat change id reported: 181136395; UID 10068; state: DISABLED
11-29 09:09:56.700 1491 2770 D CompatibilityChangeReporter: Compat change id reported: 174042936; UID 10068; state: DISABLED
11-29 09:09:56.704 1491 2770 D CompatibilityChangeReporter: Compat change id reported: 168419799; UID 10068; state: DISABLED
11-29 09:09:56.705 1491 2770 I ActivityTaskManager: FOREGROUND_APPLICATION_CHANGED to com.android.gallery3d.app.GalleryActivity
11-29 09:09:56.706 1491 2770 I ActivityTaskManager: The Process com.android.gallery3d Already Exists in BG. So sending its PID: 15636
11-29 09:09:56.728 16043 16059 W ContextImpl: Calling a method in the system process without a qualified user: android.app.ContextImpl.startService:1816 android.content.ContextWrapper.startService:774 com.thundercomm.gamemode.ingame.services.GameModeActionUtils.startGameModeService:93 com.thundercomm.gamemode.ingame.services.GameModeActionUtils.startGameModeEntry:21 com.thundercomm.gamemode.ingame.services.ActivityMonitoringService$1.onActivityLaunch:127
11-29 09:09:56.740 1491 1491 I GameModeConfig: Current uri is uri = content://com.thundercomm.gamemode.api/gamemode_settings/gamemode_isgaming
11-29 09:09:56.743 1491 1491 I GameModeConfig: isGameModeOn = false
11-29 09:09:56.743 1491 1491 I GameModeConfig: isGameModeOn = false
11-29 09:09:56.743 1491 1491 I GameModeConfig: isDisableVoice = true
11-29 09:09:56.796 1491 2060 W WindowManager: updateScale0.7996942
11-29 09:09:56.861 1491 1600 W WindowManager: updateScale0.7996942
11-29 09:09:56.863 1491 1600 W WindowManager: updateScale0.7996942
11-29 09:09:56.863 1491 1600 W WindowManager: updateScale0.7996942
11-29 09:09:56.905 16043 16059 W ContextImpl: Calling a method in the system process without a qualified user: android.app.ContextImpl.startService:1816 android.content.ContextWrapper.startService:774 com.thundercomm.gamemode.ingame.services.GameModeActionUtils.startGameModeService:93 com.thundercomm.gamemode.ingame.services.GameModeActionUtils.startGameModeEntry:21 com.thundercomm.gamemode.ingame.services.ActivityMonitoringService$1.onActivityLaunch:127
11-29 09:09:56.918 1491 1491 I GameModeConfig: Current uri is uri = content://com.thundercomm.gamemode.api/gamemode_settings/gamemode_isgaming
11-29 09:09:56.920 1491 1491 I GameModeConfig: isGameModeOn = false
11-29 09:09:56.920 1491 1491 I GameModeConfig: isGameModeOn = false
11-29 09:09:56.920 1491 1491 I GameModeConfig: isDisableVoice = true
11-29 09:09:57.147 1491 1600 W WindowManager: updateScale0.7996942
11-29 09:09:58.358 1491 2770 W WindowManager: updateScale0.4617737
11-29 09:09:58.363 1491 2770 W WindowManager: updateScale0.4617737
11-29 09:09:58.395 1491 8701 I WindowManager: finishDrawing of relaunch: Window{bccef2e u0 com.android.gallery3d/com.android.gallery3d.app.GalleryActivity} 35ms
11-29 09:09:58.430 1491 2770 W WindowManager: updateScale0.4617737
11-29 09:09:58.432 1491 2770 W WindowManager: updateScale0.4617737
11-29 09:10:00.013 1491 2770 I ActivityTaskManager: START u0 {act=android.intent.action.MAIN cat=[android.intent.category.HOME] flg=0x10000000 cmp=com.android.launcher3/.uioverrides.QuickstepLauncher} from uid 10077
11-29 09:10:00.022 1491 2770 I ActivityTaskManager: FOREGROUND_APPLICATION_CHANGED to com.android.launcher3.uioverrides.QuickstepLauncher
11-29 09:10:00.023 1491 2770 W WindowManager: updateScale0.4617737
11-29 09:10:00.026 1491 2770 W WindowManager: updateScale0.4617737
11-29 09:10:00.050 1491 2770 W WindowManager: updateScale0.4617737
11-29 09:10:00.505 1491 8646 W ActivityTaskManager: getTaskSnapshot: taskId=5384 not found
11-29 09:10:00.508 1491 8646 W ActivityTaskManager: getTaskSnapshot: taskId=4384 not found
11-29 09:10:00.509 1491 8646 W ActivityTaskManager: getTaskSnapshot: taskId=3384 not found
11-29 09:10:00.511 1491 2770 W ActivityTaskManager: getTaskSnapshot: taskId=2384 not found
11-29 09:10:00.512 1491 2770 W ActivityTaskManager: getTaskSnapshot: taskId=1384 not found
11-29 09:10:01.994 1491 8701 W ActivityTaskManager: getTaskSnapshot: taskId=5384 not found
11-29 09:10:01.995 1491 8646 W ActivityTaskManager: getTaskSnapshot: taskId=4384 not found
11-29 09:10:01.995 1491 8701 W ActivityTaskManager: getTaskSnapshot: taskId=3384 not found
11-29 09:10:03.360 16043 16059 W ContextImpl: Calling a method in the system process without a qualified user: android.app.ContextImpl.startService:1816 android.content.ContextWrapper.startService:774 com.thundercomm.gamemode.ingame.services.GameModeActionUtils.startGameModeService:93 com.thundercomm.gamemode.ingame.services.GameModeActionUtils.startGameModeEntry:21 com.thundercomm.gamemode.ingame.services.ActivityMonitoringService$1.onActivityLaunch:127
11-29 09:10:03.367 1491 1491 I GameModeConfig: Current uri is uri = content://com.thundercomm.gamemode.api/gamemode_settings/gamemode_isgaming
11-29 09:10:03.370 1491 1491 I GameModeConfig: isGameModeOn = false
11-29 09:10:03.370 1491 1491 I GameModeConfig: isGameModeOn = false
11-29 09:10:03.370 1491 1491 I GameModeConfig: isDisableVoice = true
11-29 09:10:03.444 16043 16059 W ContextImpl: Calling a method in the system process without a qualified user: android.app.ContextImpl.startService:1816 android.content.ContextWrapper.startService:774 com.thundercomm.gamemode.ingame.services.GameModeActionUtils.startGameModeService:93 com.thundercomm.gamemode.ingame.services.GameModeActionUtils.startGameModeEntry:21 com.thundercomm.gamemode.ingame.services.ActivityMonitoringService$1.onActivityLaunch:127
11-29 09:10:03.448 1491 1491 I GameModeConfig: Current uri is uri = content://com.thundercomm.gamemode.api/gamemode_settings/gamemode_isgaming
11-29 09:10:03.450 1491 1491 I GameModeConfig: isGameModeOn = false
11-29 09:10:03.451 1491 1491 I GameModeConfig: isGameModeOn = false
11-29 09:10:03.451 1491 1491 I GameModeConfig: isDisableVoice = true
11-29 09:10:03.625 1491 1600 D FreeFormWindowHelper: Remove freefrom task=Task{7ebaa83 #385 type=standard A=10068:com.android.gallery3d U=0 visible=false mode=freeform translucent=true sz=0}
11-29 09:10:04.873 1491 8646 I ActivityTaskManager: START u0 {act=android.intent.action.MAIN cat=[android.intent.category.LAUNCHER] flg=0x10200000 cmp=com.android.music/.MusicBrowserActivity bnds=[2308,540][2494,740]} from uid 10077
11-29 09:10:04.880 1491 8646 W ActivityTaskManager: Can't find TaskDisplayArea to determine support for multi window. Task id=386 attached=false
11-29 09:10:04.905 1491 8646 I ActivityTaskManager: FOREGROUND_APPLICATION_CHANGED to com.android.music.MusicBrowserActivity
11-29 09:10:04.906 1491 8646 I ActivityTaskManager: The Process com.android.music Already Exists in BG. So sending its PID: 7660
11-29 09:10:04.906 1491 8646 W ActivityTaskManager: Tried to set launchTime (0) < mLastActivityLaunchTime (21125398)
11-29 09:10:04.935 16043 16059 W ContextImpl: Calling a method in the system process without a qualified user: android.app.ContextImpl.startService:1816 android.content.ContextWrapper.startService:774 com.thundercomm.gamemode.ingame.services.GameModeActionUtils.startGameModeService:93 com.thundercomm.gamemode.ingame.services.GameModeActionUtils.startGameModeEntry:21 com.thundercomm.gamemode.ingame.services.ActivityMonitoringService$1.onActivityLaunch:127
11-29 09:10:04.939 1491 1491 I GameModeConfig: Current uri is uri = content://com.thundercomm.gamemode.api/gamemode_settings/gamemode_isgaming
11-29 09:10:04.943 1491 1491 I GameModeConfig: isGameModeOn = false
11-29 09:10:04.943 1491 1491 I GameModeConfig: isGameModeOn = false
11-29 09:10:04.944 1491 1491 I GameModeConfig: isDisableVoice = true
11-29 09:10:05.009 1491 1760 I GameModeConfig: isGameModeOn = false
11-29 09:10:05.009 1491 1760 I GameModeConfig: isGameModeOn = false
11-29 09:10:05.009 1491 1760 I GameModeConfig: isGameModeOn = false
11-29 09:10:05.010 1491 1760 I GameModeConfig: isGameModeOn = false
11-29 09:10:05.010 1491 1760 I GameModeConfig: isGameModeOn = false
11-29 09:10:05.018 16043 16059 W ContextImpl: Calling a method in the system process without a qualified user: android.app.ContextImpl.startService:1816 android.content.ContextWrapper.startService:774 com.thundercomm.gamemode.ingame.services.GameModeActionUtils.startGameModeService:93 com.thundercomm.gamemode.ingame.services.GameModeActionUtils.startGameModeEntry:21 com.thundercomm.gamemode.ingame.services.ActivityMonitoringService$1.onActivityLaunch:127
11-29 09:10:05.022 1491 1760 I GameModeConfig: isGameModeOn = false
11-29 09:10:05.022 1491 1760 I GameModeConfig: isGameModeOn = false
11-29 09:10:05.022 1491 1760 I GameModeConfig: isGameModeOn = false
11-29 09:10:05.022 1491 1760 I GameModeConfig: isGameModeOn = false
11-29 09:10:05.022 1491 1760 I GameModeConfig: isGameModeOn = false
11-29 09:10:05.023 1491 1491 I GameModeConfig: Current uri is uri = content://com.thundercomm.gamemode.api/gamemode_settings/gamemode_isgaming
11-29 09:10:05.026 1491 1491 I GameModeConfig: isGameModeOn = false
11-29 09:10:05.026 1491 1491 I GameModeConfig: isGameModeOn = false
11-29 09:10:05.026 1491 1491 I GameModeConfig: isDisableVoice = true
11-29 09:10:05.037 1491 1760 I GameModeConfig: isGameModeOn = false
11-29 09:10:05.044 1491 1760 I GameModeConfig: isGameModeOn = false
11-29 09:10:05.044 1491 1760 I GameModeConfig: isGameModeOn = false
11-29 09:10:05.044 1491 1760 I GameModeConfig: isGameModeOn = false
11-29 09:10:05.044 1491 1760 I GameModeConfig: isGameModeOn = false
11-29 09:10:05.225 1491 1491 I GameModeConfig: isGameModeOn = false
11-29 09:10:05.228 1491 1491 W NotificationHistory: Attempted to add notif for locked/gone/disabled user 0
11-29 09:10:05.230 1491 1491 I GameModeConfig: isGameModeOn = false
11-29 09:10:05.236 1491 1491 I GameModeConfig: isGameModeOn = false
11-29 09:10:05.236 1491 1491 I GameModeConfig: isGameModeOn = false
11-29 09:10:05.250 1491 1491 I GameModeConfig: isGameModeOn = false
11-29 09:10:05.251 1491 1491 I GameModeConfig: isGameModeOn = false
11-29 09:10:05.393 1491 1491 D CompatibilityChangeReporter: Compat change id reported: 175319604; UID 1000; state: ENABLED
11-29 09:10:05.394 1491 1491 D CompatibilityChangeReporter: Compat change id reported: 175319604; UID 1000; state: DISABLED
11-29 09:10:05.515 1491 1772 W ContextImpl: Calling a method in the system process without a qualified user: android.app.ContextImpl.startActivity:1067 com.android.server.wm.FreeFormWindowHelper.exitRecentTasks:423 com.android.server.wm.ActivityTaskManagerService.exitRecentTasks:3795 android.app.IActivityTaskManager$Stub.onTransact:2307 com.android.server.wm.ActivityTaskManagerService.onTransact:5046
11-29 09:10:05.516 1491 1772 I ActivityTaskManager: START u0 {flg=0x10008000 cmp=com.android.gallery3d/.app.GalleryActivity} from uid 1000
11-29 09:10:05.519 1491 1772 W ActivityTaskManager: Can't find TaskDisplayArea to determine support for multi window. Task id=387 attached=false
11-29 09:10:05.520 1491 1772 D FreeFormWindowHelper: Add freeform task=Task{f47063b #387 type=standard ?? U=0 visible=false mode=freeform translucent=true sz=0}
11-29 09:10:05.527 1491 1772 I ActivityTaskManager: FOREGROUND_APPLICATION_CHANGED to com.android.gallery3d.app.GalleryActivity
11-29 09:10:05.527 1491 1772 I ActivityTaskManager: The Process com.android.gallery3d Already Exists in BG. So sending its PID: 15636
11-29 09:10:05.527 1491 1772 W ActivityTaskManager: Tried to set launchTime (0) < mLastActivityLaunchTime (21375186)
11-29 09:10:05.558 16043 16059 W ContextImpl: Calling a method in the system process without a qualified user: android.app.ContextImpl.startService:1816 android.content.ContextWrapper.startService:774 com.thundercomm.gamemode.ingame.services.GameModeActionUtils.startGameModeService:93 com.thundercomm.gamemode.ingame.services.GameModeActionUtils.startGameModeEntry:21 com.thundercomm.gamemode.ingame.services.ActivityMonitoringService$1.onActivityLaunch:127
11-29 09:10:05.568 1491 1491 I GameModeConfig: Current uri is uri = content://com.thundercomm.gamemode.api/gamemode_settings/gamemode_isgaming
11-29 09:10:05.571 1491 1491 I GameModeConfig: isGameModeOn = false
11-29 09:10:05.571 1491 1491 I GameModeConfig: isGameModeOn = false
11-29 09:10:05.571 1491 1491 I GameModeConfig: isDisableVoice = true
11-29 09:10:05.578 1491 8943 W WindowManager: updateScale0.4617737
11-29 09:10:05.583 1491 2770 W WindowManager: updateScale0.4617737
11-29 09:10:05.605 1491 1600 W WindowManager: updateScale0.4617737
11-29 09:10:05.608 1491 1600 W WindowManager: updateScale0.4617737
11-29 09:10:05.608 1491 1600 W WindowManager: updateScale0.4617737
11-29 09:10:05.614 1491 1600 W WindowManager: updateScale0.4617737
11-29 09:10:05.615 1491 1600 W WindowManager: updateScale0.4617737
11-29 09:10:05.627 1491 1600 W WindowManager: updateScale0.4617737
11-29 09:10:05.650 16043 16059 W ContextImpl: Calling a method in the system process without a qualified user: android.app.ContextImpl.startService:1816 android.content.ContextWrapper.startService:774 com.thundercomm.gamemode.ingame.services.GameModeActionUtils.startGameModeService:93 com.thundercomm.gamemode.ingame.services.GameModeActionUtils.startGameModeEntry:21 com.thundercomm.gamemode.ingame.services.ActivityMonitoringService$1.onActivityLaunch:127
11-29 09:10:05.654 1491 1491 I GameModeConfig: Current uri is uri = content://com.thundercomm.gamemode.api/gamemode_settings/gamemode_isgaming
11-29 09:10:05.656 1491 1491 I GameModeConfig: isGameModeOn = false
11-29 09:10:05.656 1491 1491 I GameModeConfig: isGameModeOn = false
11-29 09:10:05.656 1491 1491 I GameModeConfig: isDisableVoice = true
11-29 09:10:06.100 1491 1600 W WindowManager: updateScale0.4617737
11-29 09:10:06.102 1491 1600 W WindowManager: updateScale0.4617737
11-29 09:10:06.104 1491 7072 W WindowManager: updateScale0.4617737
11-29 09:10:14.102 1491 1600 D FreeFormWindowHelper: refreshTipWindow windowDragBounds:Rect(227, 93 - 529, 631)
11-29 09:10:14.105 1491 1600 W WindowManager: updateScale0.4617737
11-29 09:10:14.124 1491 1600 D FreeFormWindowHelper: refreshTipWindow windowDragBounds:Rect(414, 112 - 716, 650)
11-29 09:10:14.126 1491 1600 W WindowManager: updateScale0.4617737
11-29 09:10:14.135 1491 1600 D FreeFormWindowHelper: refreshTipWindow windowDragBounds:Rect(652, 127 - 954, 665)
11-29 09:10:14.137 1491 1600 W WindowManager: updateScale0.4617737
11-29 09:10:14.143 1491 7072 W WindowManager: updateScale0.4617737
11-29 09:10:14.152 1491 1600 D FreeFormWindowHelper: refreshTipWindow windowDragBounds:Rect(757, 133 - 1059, 671)
11-29 09:10:14.154 1491 1600 W WindowManager: updateScale0.4617737
11-29 09:10:14.169 1491 1600 D FreeFormWindowHelper: refreshTipWindow windowDragBounds:Rect(802, 136 - 1104, 674)
11-29 09:10:14.170 1491 1600 W WindowManager: updateScale0.4617737
11-29 09:10:14.185 1491 1600 D FreeFormWindowHelper: refreshTipWindow windowDragBounds:Rect(827, 137 - 1129, 675)
11-29 09:10:14.187 1491 1600 W WindowManager: updateScale0.4617737
11-29 09:10:14.201 1491 8646 W WindowManager: updateScale0.4617737
11-29 09:10:14.203 1491 1600 D FreeFormWindowHelper: refreshTipWindow windowDragBounds:Rect(850, 139 - 1152, 677)
11-29 09:10:14.204 1491 1600 W WindowManager: updateScale0.4617737
11-29 09:10:14.219 1491 1600 D FreeFormWindowHelper: refreshTipWindow windowDragBounds:Rect(894, 145 - 1196, 683)
11-29 09:10:14.220 1491 1600 W WindowManager: updateScale0.4617737
11-29 09:10:14.234 1491 8646 W WindowManager: updateScale0.4617737
11-29 09:10:14.236 1491 1600 D FreeFormWindowHelper: refreshTipWindow windowDragBounds:Rect(964, 156 - 1266, 694)
11-29 09:10:14.238 1491 1600 W WindowManager: updateScale0.4617737
11-29 09:10:14.252 1491 7072 W WindowManager: updateScale0.4617737
11-29 09:10:14.254 1491 1600 D FreeFormWindowHelper: refreshTipWindow windowDragBounds:Rect(1074, 164 - 1376, 702)
11-29 09:10:14.256 1491 1600 W WindowManager: updateScale0.4617737
11-29 09:10:14.269 1491 1600 D FreeFormWindowHelper: refreshTipWindow windowDragBounds:Rect(1116, 165 - 1418, 703)
11-29 09:10:14.270 1491 1600 W WindowManager: updateScale0.4617737
11-29 09:10:14.286 1491 1600 D FreeFormWindowHelper: refreshTipWindow windowDragBounds:Rect(1153, 167 - 1455, 705)
11-29 09:10:14.287 1491 1600 W WindowManager: updateScale0.4617737
11-29 09:10:14.302 1491 7072 W WindowManager: updateScale0.4617737
11-29 09:10:14.304 1491 1600 D FreeFormWindowHelper: refreshTipWindow windowDragBounds:Rect(1211, 171 - 1513, 709)
11-29 09:10:14.305 1491 1600 W WindowManager: updateScale0.4617737
11-29 09:10:14.319 1491 1600 D FreeFormWindowHelper: refreshTipWindow windowDragBounds:Rect(1317, 184 - 1619, 722)
11-29 09:10:14.320 1491 1600 W WindowManager: updateScale0.4617737
11-29 09:10:14.338 1491 1600 D FreeFormWindowHelper: refreshTipWindow windowDragBounds:Rect(1403, 195 - 1705, 733)
11-29 09:10:14.339 1491 1600 W WindowManager: updateScale0.4617737
11-29 09:10:14.352 1491 7072 W WindowManager: updateScale0.4617737
11-29 09:10:14.355 1491 1600 D FreeFormWindowHelper: refreshTipWindow windowDragBounds:Rect(1550, 214 - 1852, 752)
11-29 09:10:14.356 1491 1600 W WindowManager: updateScale0.4617737
11-29 09:10:14.369 1491 1600 D FreeFormWindowHelper: refreshTipWindow windowDragBounds:Rect(1682, 224 - 1984, 762)
11-29 09:10:14.371 1491 1600 W WindowManager: updateScale0.4617737
11-29 09:10:14.386 1491 8646 W WindowManager: updateScale0.4617737
11-29 09:10:14.388 1491 1600 D FreeFormWindowHelper: refreshTipWindow windowDragBounds:Rect(1822, 230 - 2124, 768)
11-29 09:10:14.390 1491 1600 W WindowManager: updateScale0.4617737
11-29 09:10:14.403 1491 1600 D FreeFormWindowHelper: refreshTipWindow windowDragBounds:Rect(1943, 235 - 2245, 773)
11-29 09:10:14.404 1491 1600 W WindowManager: updateScale0.4617737
11-29 09:10:14.420 1491 1600 D FreeFormWindowHelper: refreshTipWindow windowDragBounds:Rect(2093, 237 - 2395, 775)
11-29 09:10:14.422 1491 1600 W WindowManager: updateScale0.4617737
11-29 09:10:14.436 1491 8646 W WindowManager: updateScale0.4617737
11-29 09:10:14.438 1491 1600 D FreeFormWindowHelper: refreshTipWindow windowDragBounds:Rect(2181, 237 - 2483, 775)
11-29 09:10:14.440 1491 1600 W WindowManager: updateScale0.4617737
11-29 09:10:14.442 1491 1600 D FreeFormWindowHelper: refreshTipWindow windowDragBounds:Rect(2215, 237 - 2517, 775)
11-29 09:10:14.443 1491 1600 W WindowManager: updateScale0.4617737
11-29 09:10:14.446 1491 1600 D WindowManager: updateWindowDragBounds: mIsSwipeYfalse
11-29 09:10:14.446 1491 1600 D WindowManager: updateWindowDragBounds: mIsTopfalse
11-29 09:10:14.446 1491 1600 D WindowManager: updateWindowDragBounds: mIsSwipeXfalse
11-29 09:10:14.447 1491 1600 W WindowManager: updateScale0.4617737
11-29 09:10:14.469 1491 8646 W WindowManager: updateScale0.4617737
11-29 09:10:15.322 1491 8646 W WindowManager: updateScale0.7996942
11-29 09:10:15.329 1491 8646 W WindowManager: updateScale0.7996942
11-29 09:10:15.380 1491 7072 I WindowManager: finishDrawing of relaunch: Window{c52569c u0 com.android.gallery3d/com.android.gallery3d.app.GalleryActivity} 53ms
11-29 09:10:15.427 1491 8646 W WindowManager: updateScale0.7996942
11-29 09:10:15.430 1491 8646 W WindowManager: updateScale0.7996942
11-29 09:10:19.582 1491 1600 D FreeFormWindowHelper: refreshTipWindow windowDragBounds:Rect(1844, 72 - 2367, 1000)
11-29 09:10:19.584 1491 1600 W WindowManager: updateScale0.7996942
11-29 09:10:19.599 1491 1600 D FreeFormWindowHelper: refreshTipWindow windowDragBounds:Rect(1842, 72 - 2365, 1000)
11-29 09:10:19.603 1491 1600 W WindowManager: updateScale0.7996942
11-29 09:10:19.615 1491 1600 D FreeFormWindowHelper: refreshTipWindow windowDragBounds:Rect(1839, 72 - 2362, 1000)
11-29 09:10:19.617 1491 1600 W WindowManager: updateScale0.7996942
11-29 09:10:19.650 1491 1600 D FreeFormWindowHelper: refreshTipWindow windowDragBounds:Rect(1838, 72 - 2361, 1000)
11-29 09:10:19.654 1491 1600 W WindowManager: updateScale0.7996942
11-29 09:10:19.666 1491 1600 D FreeFormWindowHelper: refreshTipWindow windowDragBounds:Rect(1835, 72 - 2358, 1000)
11-29 09:10:19.667 1491 1600 W WindowManager: updateScale0.7996942
11-29 09:10:19.671 1491 2770 W WindowManager: updateScale0.7996942
11-29 09:10:20.103 1491 1600 D WindowManager: updateWindowDragBounds: mIsSwipeYfalse
11-29 09:10:20.103 1491 1600 D WindowManager: updateWindowDragBounds: mIsTopfalse
11-29 09:10:20.103 1491 1600 D WindowManager: updateWindowDragBounds: mIsSwipeXfalse
11-29 09:10:20.103 1491 1600 W WindowManager: updateScale0.4617737
11-29 09:10:20.105 1491 1600 W WindowManager: updateScale0.4617737
11-29 09:10:20.170 1491 8646 W WindowManager: updateScale0.4617737
11-29 09:10:20.172 1491 8646 W WindowManager: updateScale0.4617737
11-29 09:10:20.197 1491 8646 I WindowManager: finishDrawing of relaunch: Window{c52569c u0 com.android.gallery3d/com.android.gallery3d.app.GalleryActivity} 93ms
11-29 09:10:21.386 1491 7072 W WindowManager: updateScale0.7996942
11-29 09:10:21.391 1491 7072 W WindowManager: updateScale0.7996942
11-29 09:10:21.429 1491 7072 I WindowManager: finishDrawing of relaunch: Window{c52569c u0 com.android.gallery3d/com.android.gallery3d.app.GalleryActivity} 40ms
11-29 09:10:21.468 1491 7072 W WindowManager: updateScale0.7996942
11-29 09:10:21.470 1491 7072 W WindowManager: updateScale0.7996942
11-29 09:10:22.583 1491 1599 W WindowManager: updateScale0.7996942
11-29 09:10:22.590 1491 1599 I ActivityTaskManager: FOREGROUND_APPLICATION_CHANGED to com.android.music.MusicBrowserActivity
11-29 09:10:22.609 1491 2770 W WindowManager: updateScale0.7996942
11-29 09:10:22.630 1491 2770 W WindowManager: updateScale0.7996942
