11-29 09:20:57.241 16043 16059 W ContextImpl: Calling a method in the system process without a qualified user: android.app.ContextImpl.startService:1816 android.content.ContextWrapper.startService:774 com.thundercomm.gamemode.ingame.services.GameModeActionUtils.startGameModeService:93 com.thundercomm.gamemode.ingame.services.GameModeActionUtils.startGameModeEntry:21 com.thundercomm.gamemode.ingame.services.ActivityMonitoringService$1.onActivityLaunch:127
11-29 09:20:57.250 1491 1491 I GameModeConfig: Current uri is uri = content://com.thundercomm.gamemode.api/gamemode_settings/gamemode_isgaming
11-29 09:20:57.254 1491 1596 I sysui_multi_action: [319,65,321,63,322,137,325,22035,757,761,758,8,759,1,806,com.android.gallery3d,871,com.android.gallery3d.app.GalleryActivity,904,com.android.launcher3,905,0,1320,4,1321,1]
11-29 09:20:57.255 1491 1596 I wm_activity_launch_time: [0,209119291,com.android.gallery3d/.app.GalleryActivity,137]
11-29 09:20:57.256 1491 1491 I GameModeConfig: isGameModeOn = false
11-29 09:20:57.256 1491 1491 I GameModeConfig: isGameModeOn = false
11-29 09:20:57.256 1491 1491 I GameModeConfig: isDisableVoice = true
11-29 09:20:57.264 1491 1693 I input_focus: [Focus entering 13668e9 com.android.gallery3d/com.android.gallery3d.app.GalleryActivity (server),reason=Window became focusable. Previous reason: NOT_VISIBLE]
11-29 09:20:57.393 1491 1491 I GameModeConfig: isGameModeOn = false
11-29 09:20:57.395 1491 1491 I sysui_multi_action: [757,1501,758,1,793,2888706,794,0,795,205,796,2048,806,com.android.systemui,857,updateNotification,858,3,947,0,1500,0,1688,1]
11-29 09:20:57.396 1491 1491 I sysui_multi_action: [757,804,799,note_interruptive,801,0,802,1]
11-29 09:20:57.396 1491 1491 I sysui_multi_action: [757,199,758,1,759,2,793,2888708,794,0,795,207,796,2048,806,com.android.systemui,857,updateNotification,858,3,947,0,1500,2,1688,1]
11-29 09:20:57.396 1491 1491 I notification_alert: [0|com.android.systemui|2048|null|10082,0,1,0]
11-29 09:20:57.398 1491 1491 W NotificationHistory: Attempted to add notif for locked/gone/disabled user 0
11-29 09:20:57.731 1491 1599 I wm_stop_activity: [0,254362067,com.android.launcher3/.uioverrides.QuickstepLauncher]
11-29 09:20:57.779 1491 7158 W ContextImpl: Calling a method in the system process without a qualified user: android.app.ContextImpl.startActivity:1067 com.android.server.wm.FreeFormWindowHelper.exitRecentTasks:423 com.android.server.wm.ActivityTaskManagerService.exitRecentTasks:3795 android.app.IActivityTaskManager$Stub.onTransact:2307 com.android.server.wm.ActivityTaskManagerService.onTransact:5046
11-29 09:20:57.783 1491 7158 I ActivityTaskManager: START u0 {act=android.intent.action.MAIN cat=[android.intent.category.LAUNCHER] flg=0x10200000 cmp=com.android.gallery3d/.app.GalleryActivity} from uid 1000
11-29 09:20:57.799 1491 7158 D FreeFormWindowHelper: Add freeform task=Task{3bb480f #429 type=standard A=10068:com.android.gallery3d U=0 visible=true mode=freeform translucent=false sz=1}
11-29 09:20:57.800 1491 7158 I ActivityTaskManager: FOREGROUND_APPLICATION_CHANGED to com.android.launcher3.uioverrides.QuickstepLauncher
11-29 09:20:57.802 1491 7158 I wm_resume_activity: [0,254362067,41,com.android.launcher3/.uioverrides.QuickstepLauncher]
11-29 09:20:57.802 1491 7158 I ActivityTaskManager: FOREGROUND_APPLICATION_CHANGED to com.android.gallery3d.app.GalleryActivity
11-29 09:20:57.803 1491 7158 I wm_task_moved: [429,1,9]
11-29 09:20:57.803 1491 7158 I wm_set_resumed_activity: [0,com.android.gallery3d/.app.GalleryActivity,positionChildAt]
11-29 09:20:57.804 1491 7158 W WindowManager: updateScale0.7996942
11-29 09:20:57.808 1491 7158 W WindowManager: updateScale0.7996942
11-29 09:20:57.814 13671 13671 I wm_on_stop_called: [254362067,com.android.launcher3.uioverrides.QuickstepLauncher,STOP_ACTIVITY_ITEM]
11-29 09:20:57.816 13671 13671 I wm_on_restart_called: [254362067,com.android.launcher3.uioverrides.QuickstepLauncher,performRestartActivity]
11-29 09:20:57.817 13671 13671 I wm_on_start_called: [254362067,com.android.launcher3.uioverrides.QuickstepLauncher,handleStartActivity]
11-29 09:20:57.818 13671 13671 I wm_on_resume_called: [254362067,com.android.launcher3.uioverrides.QuickstepLauncher,RESUME_ACTIVITY]
11-29 09:20:57.828 1491 7658 W WindowManager: updateScale0.7996942
11-29 09:20:57.831 1491 1599 W WindowManager: updateScale0.7996942
11-29 09:20:57.836 1491 1600 W WindowManager: updateScale0.7996942
11-29 09:20:57.838 1491 7658 W WindowManager: updateScale0.7996942
11-29 09:20:57.842 1491 7158 W WindowManager: updateScale0.7996942
11-29 09:20:57.844 1491 2068 I ActivityTaskManager: Activity reported stop, but no longer stopping: ActivityRecord{f2941d3 u0 com.android.launcher3/.uioverrides.QuickstepLauncher t41} RESUMED
11-29 09:20:57.857 1491 1600 W WindowManager: updateScale0.7996942
11-29 09:20:57.859 1491 1600 W WindowManager: updateScale0.7996942
11-29 09:20:58.233 1491 1600 W WindowManager: updateScale0.7996942
11-29 09:20:59.079 0 0 I auditd : type=1400 audit(0.0:24267): avc: denied { kill } for comm="swapper/3" capability=5 scontext=u:r:kernel:s0 tcontext=u:r:kernel:s0 tclass=capability permissive=0
11-29 09:21:00.046 1491 1491 I notification_enqueue: [10097,27146,com.tencent.android.qqdownloader,127,NULL,0,Notification(channel=channel_id_default_silent shortcut=null contentView=com.tencent.android.qqdownloader/0x7f0a01c2 vibrate=null sound=null defaults=0x0 flags=0x2a0 color=0x00000000 groupKey=com.tencent.android.qqdownloader vis=PRIVATE),1]
11-29 09:21:00.149 1491 1693 I input_interaction: Interaction with: e11015c StatusBar (server), edge-swipe (server), swipe-up (server), PointerEventDispatcher0 (server),
11-29 09:21:00.153 17439 17439 I sysui_multi_action: [757,803,799,panel_open,802,1]
11-29 09:21:00.153 17439 17439 I sysui_multi_action: [757,1328,758,4,1326,42,1327,0,1329,0]
11-29 09:21:00.205 1491 7658 I sysui_multi_action: [757,127,758,1]
11-29 09:21:00.205 1491 7658 I sysui_multi_action: [757,804,799,note_load,801,2,802,1]
11-29 09:21:00.206 1491 7658 I notification_panel_revealed: 2
11-29 09:21:00.207 1491 1760 I GameModeConfig: isGameModeOn = false
11-29 09:21:00.208 1491 1760 I GameModeConfig: isGameModeOn = false
11-29 09:21:00.208 1491 1760 I GameModeConfig: isGameModeOn = false
11-29 09:21:00.208 1491 1760 I GameModeConfig: isGameModeOn = false
11-29 09:21:00.208 1491 1760 I GameModeConfig: isGameModeOn = false
11-29 09:21:00.208 1491 1760 I GameModeConfig: isGameModeOn = false
11-29 09:21:00.209 17439 17439 I sysui_multi_action: [757,111,758,2]
11-29 09:21:00.209 17439 17439 I sysui_multi_action: [757,111,758,2]
11-29 09:21:00.210 1491 1491 I notification_enqueue: [10082,17439,com.android.systemui,2048,NULL,0,Notification(channel=updateNotification shortcut=null contentView=null vibrate=null sound=null defaults=0x0 flags=0x0 color=0x00000000 vis=PRIVATE),1]
11-29 09:21:00.218 1491 7658 W WindowManager: updateScale0.7996942
11-29 09:21:00.222 1491 1600 I input_focus: [Focus request ae74373 NotificationShade,reason=UpdateInputWindows]
11-29 09:21:00.225 17439 17439 I sysui_multi_action: [757,111,758,1]
11-29 09:21:00.225 17439 17439 I sysui_multi_action: [757,126,758,1,759,126,927,0,928,1,1593,0]
11-29 09:21:00.225 17439 17439 I sysui_multi_action: [757,113,758,1,759,113,927,1,928,1,1593,0]
11-29 09:21:00.225 17439 17439 I sysui_multi_action: [757,0,758,1,759,0,927,2,928,0,1593,0]
11-29 09:21:00.225 17439 17439 I sysui_multi_action: [757,0,758,1,759,0,927,3,928,0,1593,0]
11-29 09:21:00.226 17439 17439 I sysui_multi_action: [757,491,758,1,759,491,927,4,928,0,1311,-1,1593,0]
11-29 09:21:00.226 17439 17439 I sysui_multi_action: [757,0,758,1,759,0,927,5,928,0,1593,0]
11-29 09:21:00.226 17439 17439 I sysui_multi_action: [757,111,758,1]
11-29 09:21:00.226 17439 17439 I sysui_multi_action: [757,126,758,1,759,126,927,0,928,1,1593,0]
11-29 09:21:00.226 17439 17439 I sysui_multi_action: [757,113,758,1,759,113,927,1,928,1,1593,0]
11-29 09:21:00.226 17439 17439 I sysui_multi_action: [757,0,758,1,759,0,927,2,928,0,1593,0]
11-29 09:21:00.226 17439 17439 I sysui_multi_action: [757,0,758,1,759,0,927,3,928,0,1593,0]
11-29 09:21:00.235 1491 1600 W WindowManager: updateScale0.7996942
11-29 09:21:00.236 1491 1760 I GameModeConfig: isGameModeOn = false
11-29 09:21:00.236 1491 1760 I GameModeConfig: isGameModeOn = false
11-29 09:21:00.236 1491 1760 I GameModeConfig: isGameModeOn = false
11-29 09:21:00.236 1491 1760 I GameModeConfig: isGameModeOn = false
11-29 09:21:00.237 1491 1760 I GameModeConfig: isGameModeOn = false
11-29 09:21:00.237 1491 1760 I GameModeConfig: isGameModeOn = false
11-29 09:21:00.240 17439 17439 I sysui_multi_action: [757,111,758,2]
11-29 09:21:00.240 17439 17439 I sysui_multi_action: [757,111,758,2]
11-29 09:21:00.240 1491 1491 I notification_enqueue: [10082,17439,com.android.systemui,2048,NULL,0,Notification(channel=updateNotification shortcut=null contentView=null vibrate=null sound=null defaults=0x0 flags=0x0 color=0x00000000 vis=PRIVATE),1]
11-29 09:21:00.243 1491 1693 I input_focus: [Focus leaving 13668e9 com.android.gallery3d/com.android.gallery3d.app.GalleryActivity (server),reason=setFocusedWindow]
11-29 09:21:00.243 1491 1693 I input_focus: [Focus entering ae74373 NotificationShade (server),reason=setFocusedWindow]
11-29 09:21:00.244 17439 17439 I sysui_multi_action: [757,111,758,1]
11-29 09:21:00.244 17439 17439 I sysui_multi_action: [757,126,758,1,759,126,927,0,928,1,1593,0]
11-29 09:21:00.244 17439 17439 I sysui_multi_action: [757,113,758,1,759,113,927,1,928,1,1593,0]
11-29 09:21:00.244 17439 17439 I sysui_multi_action: [757,0,758,1,759,0,927,2,928,0,1593,0]
11-29 09:21:00.244 17439 17439 I sysui_multi_action: [757,0,758,1,759,0,927,3,928,0,1593,0]
11-29 09:21:00.244 17439 17439 I sysui_multi_action: [757,491,758,1,759,491,927,4,928,0,1311,-1,1593,0]
11-29 09:21:00.244 17439 17439 I sysui_multi_action: [757,0,758,1,759,0,927,5,928,0,1593,0]
11-29 09:21:00.244 17439 17439 I sysui_multi_action: [757,111,758,1]
11-29 09:21:00.244 17439 17439 I sysui_multi_action: [757,126,758,1,759,126,927,0,928,1,1593,0]
11-29 09:21:00.244 17439 17439 I sysui_multi_action: [757,113,758,1,759,113,927,1,928,1,1593,0]
11-29 09:21:00.245 17439 17439 I sysui_multi_action: [757,0,758,1,759,0,927,2,928,0,1593,0]
11-29 09:21:00.245 17439 17439 I sysui_multi_action: [757,0,758,1,759,0,927,3,928,0,1593,0]
11-29 09:21:00.248 1491 1491 I GameModeConfig: isGameModeOn = false
11-29 09:21:00.267 1491 1760 I GameModeConfig: isGameModeOn = false
11-29 09:21:00.267 1491 1760 I GameModeConfig: isGameModeOn = false
11-29 09:21:00.268 1491 1760 I GameModeConfig: isGameModeOn = false
11-29 09:21:00.268 1491 1760 I GameModeConfig: isGameModeOn = false
11-29 09:21:00.268 1491 1760 I GameModeConfig: isGameModeOn = false
11-29 09:21:00.268 1491 1760 I GameModeConfig: isGameModeOn = false
11-29 09:21:00.269 17439 17439 I sysui_multi_action: [757,111,758,2]
11-29 09:21:00.269 1491 1491 I notification_enqueue: [10082,17439,com.android.systemui,2048,NULL,0,Notification(channel=updateNotification shortcut=null contentView=null vibrate=null sound=null defaults=0x0 flags=0x0 color=0x00000000 vis=PRIVATE),1]
11-29 09:21:00.269 17439 17439 I sysui_multi_action: [757,111,758,2]
11-29 09:21:00.272 17439 17439 I sysui_multi_action: [757,111,758,1]
11-29 09:21:00.272 17439 17439 I sysui_multi_action: [757,126,758,1,759,126,927,0,928,1,1593,0]
11-29 09:21:00.272 17439 17439 I sysui_multi_action: [757,113,758,1,759,113,927,1,928,1,1593,0]
11-29 09:21:00.272 17439 17439 I sysui_multi_action: [757,0,758,1,759,0,927,2,928,0,1593,0]
11-29 09:21:00.272 17439 17439 I sysui_multi_action: [757,0,758,1,759,0,927,3,928,0,1593,0]
11-29 09:21:00.273 17439 17439 I sysui_multi_action: [757,491,758,1,759,491,927,4,928,0,1311,-1,1593,0]
11-29 09:21:00.273 17439 17439 I sysui_multi_action: [757,0,758,1,759,0,927,5,928,0,1593,0]
11-29 09:21:00.273 17439 17439 I sysui_multi_action: [757,111,758,1]
11-29 09:21:00.273 17439 17439 I sysui_multi_action: [757,126,758,1,759,126,927,0,928,1,1593,0]
11-29 09:21:00.273 17439 17439 I sysui_multi_action: [757,113,758,1,759,113,927,1,928,1,1593,0]
11-29 09:21:00.273 17439 17439 I sysui_multi_action: [757,0,758,1,759,0,927,2,928,0,1593,0]
11-29 09:21:00.273 17439 17439 I sysui_multi_action: [757,0,758,1,759,0,927,3,928,0,1593,0]
11-29 09:21:00.283 1491 1760 I GameModeConfig: isGameModeOn = false
11-29 09:21:00.284 1491 1760 I GameModeConfig: isGameModeOn = false
11-29 09:21:00.284 1491 1760 I GameModeConfig: isGameModeOn = false
11-29 09:21:00.284 1491 1760 I GameModeConfig: isGameModeOn = false
11-29 09:21:00.284 1491 1760 I GameModeConfig: isGameModeOn = false
11-29 09:21:00.284 1491 1760 I GameModeConfig: isGameModeOn = false
11-29 09:21:00.285 17439 17439 I sysui_multi_action: [757,111,758,2]
11-29 09:21:00.286 17439 17439 I sysui_multi_action: [757,111,758,2]
11-29 09:21:00.287 1491 1491 I notification_enqueue: [10082,17439,com.android.systemui,2048,NULL,0,Notification(channel=updateNotification shortcut=null contentView=null vibrate=null sound=null defaults=0x0 flags=0x0 color=0x00000000 vis=PRIVATE),1]
11-29 09:21:00.289 17439 17439 I sysui_multi_action: [757,111,758,1]
11-29 09:21:00.289 17439 17439 I sysui_multi_action: [757,126,758,1,759,126,927,0,928,1,1593,0]
11-29 09:21:00.289 17439 17439 I sysui_multi_action: [757,113,758,1,759,113,927,1,928,1,1593,0]
11-29 09:21:00.289 17439 17439 I sysui_multi_action: [757,0,758,1,759,0,927,2,928,0,1593,0]
11-29 09:21:00.289 17439 17439 I sysui_multi_action: [757,0,758,1,759,0,927,3,928,0,1593,0]
11-29 09:21:00.289 17439 17439 I sysui_multi_action: [757,491,758,1,759,491,927,4,928,0,1311,-1,1593,0]
11-29 09:21:00.290 17439 17439 I sysui_multi_action: [757,0,758,1,759,0,927,5,928,0,1593,0]
11-29 09:21:00.290 17439 17439 I sysui_multi_action: [757,111,758,1]
11-29 09:21:00.290 17439 17439 I sysui_multi_action: [757,126,758,1,759,126,927,0,928,1,1593,0]
11-29 09:21:00.290 17439 17439 I sysui_multi_action: [757,113,758,1,759,113,927,1,928,1,1593,0]
11-29 09:21:00.290 17439 17439 I sysui_multi_action: [757,0,758,1,759,0,927,2,928,0,1593,0]
11-29 09:21:00.290 17439 17439 I sysui_multi_action: [757,0,758,1,759,0,927,3,928,0,1593,0]
11-29 09:21:00.304 17439 17439 I sysui_multi_action: [757,111,758,2]
11-29 09:21:00.304 17439 17439 I sysui_multi_action: [757,111,758,2]
11-29 09:21:00.305 1491 1760 I GameModeConfig: isGameModeOn = false
11-29 09:21:00.305 1491 1760 I GameModeConfig: isGameModeOn = false
11-29 09:21:00.305 1491 1760 I GameModeConfig: isGameModeOn = false
11-29 09:21:00.305 1491 1760 I GameModeConfig: isGameModeOn = false
11-29 09:21:00.305 1491 1760 I GameModeConfig: isGameModeOn = false
11-29 09:21:00.306 1491 1760 I GameModeConfig: isGameModeOn = false
11-29 09:21:00.307 17439 17439 I sysui_multi_action: [757,111,758,1]
11-29 09:21:00.308 1491 1491 I notification_enqueue: [10082,17439,com.android.systemui,2048,NULL,0,Notification(channel=updateNotification shortcut=null contentView=null vibrate=null sound=null defaults=0x0 flags=0x0 color=0x00000000 vis=PRIVATE),1]
11-29 09:21:00.308 17439 17439 I sysui_multi_action: [757,126,758,1,759,126,927,0,928,1,1593,0]
11-29 09:21:00.308 17439 17439 I sysui_multi_action: [757,113,758,1,759,113,927,1,928,1,1593,0]
11-29 09:21:00.308 17439 17439 I sysui_multi_action: [757,0,758,1,759,0,927,2,928,0,1593,0]
11-29 09:21:00.308 17439 17439 I sysui_multi_action: [757,0,758,1,759,0,927,3,928,0,1593,0]
11-29 09:21:00.308 17439 17439 I sysui_multi_action: [757,491,758,1,759,491,927,4,928,0,1311,-1,1593,0]
11-29 09:21:00.308 17439 17439 I sysui_multi_action: [757,0,758,1,759,0,927,5,928,0,1593,0]
11-29 09:21:00.308 17439 17439 I sysui_multi_action: [757,111,758,1]
11-29 09:21:00.308 17439 17439 I sysui_multi_action: [757,126,758,1,759,126,927,0,928,1,1593,0]
11-29 09:21:00.308 17439 17439 I sysui_multi_action: [757,113,758,1,759,113,927,1,928,1,1593,0]
11-29 09:21:00.308 17439 17439 I sysui_multi_action: [757,0,758,1,759,0,927,2,928,0,1593,0]
11-29 09:21:00.309 17439 17439 I sysui_multi_action: [757,0,758,1,759,0,927,3,928,0,1593,0]
11-29 09:21:00.348 1491 1760 I GameModeConfig: isGameModeOn = false
11-29 09:21:00.349 1491 1760 I GameModeConfig: isGameModeOn = false
11-29 09:21:00.349 1491 1760 I GameModeConfig: isGameModeOn = false
11-29 09:21:00.349 1491 1760 I GameModeConfig: isGameModeOn = false
11-29 09:21:00.350 1491 1760 I GameModeConfig: isGameModeOn = false
11-29 09:21:00.350 1491 1760 I GameModeConfig: isGameModeOn = false
11-29 09:21:00.352 17439 17439 I sysui_multi_action: [757,111,758,2]
11-29 09:21:00.352 17439 17439 I sysui_multi_action: [757,111,758,2]
11-29 09:21:00.352 1491 1491 I notification_enqueue: [10082,17439,com.android.systemui,2048,NULL,0,Notification(channel=updateNotification shortcut=null contentView=null vibrate=null sound=null defaults=0x0 flags=0x0 color=0x00000000 vis=PRIVATE),1]
11-29 09:21:00.358 17439 17439 I sysui_multi_action: [757,111,758,1]
11-29 09:21:00.358 17439 17439 I sysui_multi_action: [757,126,758,1,759,126,927,0,928,1,1593,0]
11-29 09:21:00.358 17439 17439 I sysui_multi_action: [757,113,758,1,759,113,927,1,928,1,1593,0]
11-29 09:21:00.359 17439 17439 I sysui_multi_action: [757,0,758,1,759,0,927,2,928,0,1593,0]
11-29 09:21:00.359 17439 17439 I sysui_multi_action: [757,0,758,1,759,0,927,3,928,0,1593,0]
11-29 09:21:00.359 17439 17439 I sysui_multi_action: [757,491,758,1,759,491,927,4,928,0,1311,-1,1593,0]
11-29 09:21:00.359 17439 17439 I sysui_multi_action: [757,0,758,1,759,0,927,5,928,0,1593,0]
11-29 09:21:00.359 17439 17439 I sysui_multi_action: [757,111,758,1]
11-29 09:21:00.360 17439 17439 I sysui_multi_action: [757,126,758,1,759,126,927,0,928,1,1593,0]
11-29 09:21:00.360 17439 17439 I sysui_multi_action: [757,113,758,1,759,113,927,1,928,1,1593,0]
11-29 09:21:00.360 17439 17439 I sysui_multi_action: [757,0,758,1,759,0,927,2,928,0,1593,0]
11-29 09:21:00.360 17439 17439 I sysui_multi_action: [757,0,758,1,759,0,927,3,928,0,1593,0]
11-29 09:21:00.376 1491 1760 I GameModeConfig: isGameModeOn = false
11-29 09:21:00.376 1491 1760 I GameModeConfig: isGameModeOn = false
11-29 09:21:00.377 1491 1760 I GameModeConfig: isGameModeOn = false
11-29 09:21:00.377 1491 1760 I GameModeConfig: isGameModeOn = false
11-29 09:21:00.377 1491 1760 I GameModeConfig: isGameModeOn = false
11-29 09:21:00.377 1491 1760 I GameModeConfig: isGameModeOn = false
11-29 09:21:00.378 17439 17439 I sysui_multi_action: [757,111,758,2]
11-29 09:21:00.378 17439 17439 I sysui_multi_action: [757,111,758,2]
11-29 09:21:00.378 1491 1491 I notification_enqueue: [10082,17439,com.android.systemui,2048,NULL,0,Notification(channel=updateNotification shortcut=null contentView=null vibrate=null sound=null defaults=0x0 flags=0x0 color=0x00000000 vis=PRIVATE),1]
11-29 09:21:00.382 17439 17439 I sysui_multi_action: [757,111,758,1]
11-29 09:21:00.382 17439 17439 I sysui_multi_action: [757,126,758,1,759,126,927,0,928,1,1593,0]
11-29 09:21:00.383 17439 17439 I sysui_multi_action: [757,113,758,1,759,113,927,1,928,1,1593,0]
11-29 09:21:00.383 17439 17439 I sysui_multi_action: [757,0,758,1,759,0,927,2,928,0,1593,0]
11-29 09:21:00.383 17439 17439 I sysui_multi_action: [757,0,758,1,759,0,927,3,928,0,1593,0]
11-29 09:21:00.383 17439 17439 I sysui_multi_action: [757,491,758,1,759,491,927,4,928,0,1311,-1,1593,0]
11-29 09:21:00.384 17439 17439 I sysui_multi_action: [757,0,758,1,759,0,927,5,928,0,1593,0]
11-29 09:21:00.384 17439 17439 I sysui_multi_action: [757,111,758,1]
11-29 09:21:00.384 17439 17439 I sysui_multi_action: [757,126,758,1,759,126,927,0,928,1,1593,0]
11-29 09:21:00.384 17439 17439 I sysui_multi_action: [757,113,758,1,759,113,927,1,928,1,1593,0]
11-29 09:21:00.384 17439 17439 I sysui_multi_action: [757,0,758,1,759,0,927,2,928,0,1593,0]
11-29 09:21:00.384 17439 17439 I sysui_multi_action: [757,0,758,1,759,0,927,3,928,0,1593,0]
11-29 09:21:00.401 17439 17439 I sysui_multi_action: [757,111,758,2]
11-29 09:21:00.401 17439 17439 I sysui_multi_action: [757,111,758,2]
11-29 09:21:00.401 1491 1491 I notification_enqueue: [10082,17439,com.android.systemui,2048,NULL,0,Notification(channel=updateNotification shortcut=null contentView=null vibrate=null sound=null defaults=0x0 flags=0x0 color=0x00000000 vis=PRIVATE),1]
11-29 09:21:00.403 1491 1760 I GameModeConfig: isGameModeOn = false
11-29 09:21:00.403 1491 1760 I GameModeConfig: isGameModeOn = false
11-29 09:21:00.403 1491 1760 I GameModeConfig: isGameModeOn = false
11-29 09:21:00.403 1491 1760 I GameModeConfig: isGameModeOn = false
11-29 09:21:00.403 1491 1760 I GameModeConfig: isGameModeOn = false
11-29 09:21:00.403 1491 1760 I GameModeConfig: isGameModeOn = false
11-29 09:21:00.405 17439 17439 I sysui_multi_action: [757,111,758,1]
11-29 09:21:00.406 17439 17439 I sysui_multi_action: [757,126,758,1,759,126,927,0,928,1,1593,0]
11-29 09:21:00.406 17439 17439 I sysui_multi_action: [757,113,758,1,759,113,927,1,928,1,1593,0]
11-29 09:21:00.406 17439 17439 I sysui_multi_action: [757,0,758,1,759,0,927,2,928,0,1593,0]
11-29 09:21:00.406 17439 17439 I sysui_multi_action: [757,0,758,1,759,0,927,3,928,0,1593,0]
11-29 09:21:00.407 17439 17439 I sysui_multi_action: [757,491,758,1,759,491,927,4,928,0,1311,-1,1593,0]
11-29 09:21:00.407 17439 17439 I sysui_multi_action: [757,0,758,1,759,0,927,5,928,0,1593,0]
11-29 09:21:00.407 17439 17439 I sysui_multi_action: [757,111,758,1]
11-29 09:21:00.407 17439 17439 I sysui_multi_action: [757,126,758,1,759,126,927,0,928,1,1593,0]
11-29 09:21:00.407 17439 17439 I sysui_multi_action: [757,113,758,1,759,113,927,1,928,1,1593,0]
11-29 09:21:00.407 17439 17439 I sysui_multi_action: [757,0,758,1,759,0,927,2,928,0,1593,0]
11-29 09:21:00.407 17439 17439 I sysui_multi_action: [757,0,758,1,759,0,927,3,928,0,1593,0]
11-29 09:21:00.412 1491 1491 I GameModeConfig: isGameModeOn = false
11-29 09:21:00.412 1491 1491 I sysui_multi_action: [757,1501,758,1,793,2891724,794,0,795,204,796,2048,806,com.android.systemui,857,updateNotification,858,3,947,0,1500,0,1688,1]
11-29 09:21:00.412 1491 1491 I sysui_multi_action: [757,804,799,note_interruptive,801,0,802,1]
11-29 09:21:00.413 1491 1491 I sysui_multi_action: [757,199,758,1,759,2,793,2891724,794,0,795,204,796,2048,806,com.android.systemui,857,updateNotification,858,3,947,0,1500,0,1688,1]
11-29 09:21:00.413 1491 1491 I notification_alert: [0|com.android.systemui|2048|null|10082,0,1,0]
11-29 09:21:00.414 1491 1491 W NotificationHistory: Attempted to add notif for locked/gone/disabled user 0
11-29 09:21:00.442 1491 1491 I GameModeConfig: isGameModeOn = false
11-29 09:21:00.443 1491 1491 E NotificationService: Muting recently noisy 0|com.android.systemui|2048|null|10082
11-29 09:21:00.471 1491 1491 I GameModeConfig: isGameModeOn = false
11-29 09:21:00.471 1491 1491 E NotificationService: Muting recently noisy 0|com.android.systemui|2048|null|10082
11-29 09:21:00.489 1491 1491 I GameModeConfig: isGameModeOn = false
11-29 09:21:00.490 1491 1491 E NotificationService: Muting recently noisy 0|com.android.systemui|2048|null|10082
11-29 09:21:00.510 1491 1491 I GameModeConfig: isGameModeOn = false
11-29 09:21:00.511 1491 1491 E NotificationService: Muting recently noisy 0|com.android.systemui|2048|null|10082
11-29 09:21:00.555 1491 1491 I GameModeConfig: isGameModeOn = false
11-29 09:21:00.556 1491 1491 E NotificationService: Muting recently noisy 0|com.android.systemui|2048|null|10082
11-29 09:21:00.580 1491 1491 I GameModeConfig: isGameModeOn = false
11-29 09:21:00.580 1491 1491 E NotificationService: Muting recently noisy 0|com.android.systemui|2048|null|10082
11-29 09:21:00.604 1491 1491 I GameModeConfig: isGameModeOn = false
11-29 09:21:00.605 1491 1491 E NotificationService: Muting recently noisy 0|com.android.systemui|2048|null|10082
11-29 09:21:00.636 1491 7158 W WindowManager: updateScale0.7996942
11-29 09:21:00.641 1491 2068 W WindowManager: updateScale0.7996942
11-29 09:21:00.707 1491 1693 I input_interaction: Interaction with: ae74373 NotificationShade (server), edge-swipe (server), swipe-up (server), PointerEventDispatcher0 (server),
11-29 09:21:00.720 1491 1693 I input_interaction: Interaction with: edge-swipe (server), swipe-up (server), PointerEventDispatcher0 (server),
11-29 09:21:00.728 17439 17439 I view_enqueue_input_event: [Motion - Cancel,NotificationShade]
11-29 09:21:00.762 1491 2068 I sysui_multi_action: [757,128,758,1,793,20625535,794,0,795,20625535,796,26,798,0,806,android,857,DEVELOPER_IMPORTANT,858,4,947,0,1395,2,1500,20625330,1688,1]
11-29 09:21:00.762 1491 2068 I sysui_multi_action: [757,804,799,note_freshness,801,20625535,802,1]
11-29 09:21:00.762 1491 2068 I notification_visibility: [-1|android|26|null|1000,1,20625535,20625535,0,0]
11-29 09:21:00.763 1491 2068 I sysui_multi_action: [757,128,758,1,793,20625539,794,0,795,20625539,796,32,798,1,806,android,857,USB,858,1,947,0,1395,2,1500,20625336,1688,1]
11-29 09:21:00.763 1491 2068 I sysui_multi_action: [757,804,799,note_freshness,801,20625539,802,1]
11-29 09:21:00.763 1491 2068 I notification_visibility: [-1|android|32|null|1000,1,20625539,20625539,0,1]
11-29 09:21:00.833 1491 2068 I ActivityTaskManager: START u0 {act=android.intent.action.MAIN cat=[android.intent.category.HOME] flg=0x10000000 cmp=com.android.launcher3/.uioverrides.QuickstepLauncher} from uid 10077
11-29 09:21:00.835 1491 2068 I wm_task_moved: [32,1,9]
11-29 09:21:00.836 15636 15636 I wm_on_top_resumed_lost_called: [209119291,com.android.gallery3d.app.GalleryActivity,topStateChangedWhenResumed]
11-29 09:21:00.836 1491 2068 I wm_set_resumed_activity: [0,com.android.launcher3/.uioverrides.QuickstepLauncher,positionChildAt]
11-29 09:21:00.836 1491 2068 I wm_task_moved: [41,1,2147483647]
11-29 09:21:00.836 1491 2068 I wm_task_to_front: [0,41]
11-29 09:21:00.836 1491 2068 I wm_focused_root_task: [0,0,32,429,bringingFoundTaskToFront]
11-29 09:21:00.836 1491 2068 I wm_set_resumed_activity: [0,com.android.launcher3/.uioverrides.QuickstepLauncher,bringingFoundTaskToFront]
11-29 09:21:00.837 1491 2068 I wm_new_intent: [0,254362067,41,com.android.launcher3/.uioverrides.QuickstepLauncher,android.intent.action.MAIN,NULL,NULL,268435712]
11-29 09:21:00.838 1491 2068 I wm_task_moved: [32,1,9]
11-29 09:21:00.838 1491 2068 I wm_set_resumed_activity: [0,com.android.launcher3/.uioverrides.QuickstepLauncher,positionChildAt]
11-29 09:21:00.838 1491 2068 I ActivityTaskManager: FOREGROUND_APPLICATION_CHANGED to com.android.launcher3.uioverrides.QuickstepLauncher
11-29 09:21:00.839 1491 2068 W WindowManager: updateScale0.7996942
11-29 09:21:00.843 1491 2068 W WindowManager: updateScale0.7996942
11-29 09:21:00.848 13671 13671 I wm_on_paused_called: [254362067,com.android.launcher3.uioverrides.QuickstepLauncher,performPause]
11-29 09:21:00.856 13671 13671 I wm_on_resume_called: [254362067,com.android.launcher3.uioverrides.QuickstepLauncher,LIFECYCLER_RESUME_ACTIVITY]
11-29 09:21:00.856 13671 13671 I wm_on_top_resumed_gained_called: [254362067,com.android.launcher3.uioverrides.QuickstepLauncher,topStateChangedWhenResumed]
11-29 09:21:00.896 1491 7158 W WindowManager: updateScale0.7996942
11-29 09:21:00.900 1491 1600 I input_focus: [Focus request 59b7b66 com.android.launcher3/com.android.launcher3.uioverrides.QuickstepLauncher,reason=UpdateInputWindows]
11-29 09:21:00.907 1491 1600 W WindowManager: updateScale0.7996942
11-29 09:21:00.911 1491 2068 W WindowManager: updateScale0.7996942
11-29 09:21:00.914 1491 7158 W WindowManager: updateScale0.7996942
11-29 09:21:00.928 1491 1693 I input_focus: [Focus leaving ae74373 NotificationShade (server),reason=NOT_FOCUSABLE]
11-29 09:21:00.928 1491 1693 I input_focus: [Focus entering 59b7b66 com.android.launcher3/com.android.launcher3.uioverrides.QuickstepLauncher (server),reason=setFocusedWindow]
11-29 09:21:01.045 1491 1760 I GameModeConfig: isGameModeOn = false
11-29 09:21:01.046 1491 1760 I GameModeConfig: isGameModeOn = false
11-29 09:21:01.046 1491 1760 I GameModeConfig: isGameModeOn = false
11-29 09:21:01.046 1491 1760 I GameModeConfig: isGameModeOn = false
11-29 09:21:01.046 1491 1760 I GameModeConfig: isGameModeOn = false
11-29 09:21:01.046 1491 1760 I GameModeConfig: isGameModeOn = false
11-29 09:21:01.047 17439 17439 I sysui_multi_action: [757,111,758,2]
11-29 09:21:01.047 1491 1491 I notification_enqueue: [10082,17439,com.android.systemui,2048,NULL,0,Notification(channel=updateNotification shortcut=null contentView=null vibrate=null sound=null defaults=0x0 flags=0x0 color=0x00000000 vis=PRIVATE),1]
11-29 09:21:01.047 17439 17439 I sysui_multi_action: [757,111,758,2]
11-29 09:21:01.061 1491 2068 W WindowManager: updateScale0.7996942
11-29 09:21:01.070 17439 17439 I sysui_multi_action: [757,111,758,1]
11-29 09:21:01.071 17439 17439 I sysui_multi_action: [757,126,758,1,759,126,927,0,928,1,1593,1]
11-29 09:21:01.071 17439 17439 I sysui_multi_action: [757,113,758,1,759,113,927,1,928,1,1593,1]
11-29 09:21:01.071 17439 17439 I sysui_multi_action: [757,0,758,1,759,0,927,2,928,0,1593,1]
11-29 09:21:01.071 17439 17439 I sysui_multi_action: [757,0,758,1,759,0,927,3,928,0,1593,1]
11-29 09:21:01.072 17439 17439 I sysui_multi_action: [757,491,758,1,759,491,927,4,928,0,1311,-1,1593,0]
11-29 09:21:01.072 17439 17439 I sysui_multi_action: [757,0,758,1,759,0,927,5,928,0,1593,0]
11-29 09:21:01.072 17439 17439 I sysui_multi_action: [757,111,758,1]
11-29 09:21:01.072 17439 17439 I sysui_multi_action: [757,126,758,1,759,126,927,0,928,1,1593,1]
11-29 09:21:01.072 17439 17439 I sysui_multi_action: [757,113,758,1,759,113,927,1,928,1,1593,1]
11-29 09:21:01.072 17439 17439 I sysui_multi_action: [757,0,758,1,759,0,927,2,928,0,1593,1]
11-29 09:21:01.072 17439 17439 I sysui_multi_action: [757,0,758,1,759,0,927,3,928,0,1593,1]
11-29 09:21:01.082 1491 1760 I GameModeConfig: isGameModeOn = false
11-29 09:21:01.083 1491 1760 I GameModeConfig: isGameModeOn = false
11-29 09:21:01.083 1491 1760 I GameModeConfig: isGameModeOn = false
11-29 09:21:01.083 1491 1760 I GameModeConfig: isGameModeOn = false
11-29 09:21:01.083 1491 1760 I GameModeConfig: isGameModeOn = false
11-29 09:21:01.083 1491 1760 I GameModeConfig: isGameModeOn = false
11-29 09:21:01.084 17439 17439 I sysui_multi_action: [757,111,758,2]
11-29 09:21:01.084 17439 17439 I sysui_multi_action: [757,111,758,2]
11-29 09:21:01.084 1491 1491 I notification_enqueue: [10082,17439,com.android.systemui,2048,NULL,0,Notification(channel=updateNotification shortcut=null contentView=null vibrate=null sound=null defaults=0x0 flags=0x0 color=0x00000000 vis=PRIVATE),1]
11-29 09:21:01.088 17439 17439 I sysui_multi_action: [757,111,758,1]
11-29 09:21:01.088 17439 17439 I sysui_multi_action: [757,126,758,1,759,126,927,0,928,1,1593,1]
11-29 09:21:01.088 17439 17439 I sysui_multi_action: [757,113,758,1,759,113,927,1,928,1,1593,1]
11-29 09:21:01.088 17439 17439 I sysui_multi_action: [757,0,758,1,759,0,927,2,928,0,1593,1]
11-29 09:21:01.088 17439 17439 I sysui_multi_action: [757,0,758,1,759,0,927,3,928,0,1593,1]
11-29 09:21:01.088 17439 17439 I sysui_multi_action: [757,491,758,1,759,491,927,4,928,0,1311,-1,1593,0]
11-29 09:21:01.088 17439 17439 I sysui_multi_action: [757,0,758,1,759,0,927,5,928,0,1593,0]
11-29 09:21:01.089 17439 17439 I sysui_multi_action: [757,111,758,1]
11-29 09:21:01.089 17439 17439 I sysui_multi_action: [757,126,758,1,759,126,927,0,928,1,1593,1]
11-29 09:21:01.089 17439 17439 I sysui_multi_action: [757,113,758,1,759,113,927,1,928,1,1593,1]
11-29 09:21:01.089 17439 17439 I sysui_multi_action: [757,0,758,1,759,0,927,2,928,0,1593,1]
11-29 09:21:01.089 17439 17439 I sysui_multi_action: [757,0,758,1,759,0,927,3,928,0,1593,1]
11-29 09:21:01.096 1491 1760 I GameModeConfig: isGameModeOn = false
11-29 09:21:01.097 1491 1760 I GameModeConfig: isGameModeOn = false
11-29 09:21:01.097 1491 1760 I GameModeConfig: isGameModeOn = false
11-29 09:21:01.097 1491 1760 I GameModeConfig: isGameModeOn = false
11-29 09:21:01.097 1491 1760 I GameModeConfig: isGameModeOn = false
11-29 09:21:01.098 1491 1760 I GameModeConfig: isGameModeOn = false
11-29 09:21:01.098 17439 17439 I sysui_multi_action: [757,111,758,2]
11-29 09:21:01.099 17439 17439 I sysui_multi_action: [757,111,758,2]
11-29 09:21:01.099 1491 1491 I notification_enqueue: [10082,17439,com.android.systemui,2048,NULL,0,Notification(channel=updateNotification shortcut=null contentView=null vibrate=null sound=null defaults=0x0 flags=0x0 color=0x00000000 vis=PRIVATE),1]
11-29 09:21:01.101 17439 17439 I sysui_multi_action: [757,111,758,1]
11-29 09:21:01.101 17439 17439 I sysui_multi_action: [757,126,758,1,759,126,927,0,928,1,1593,1]
11-29 09:21:01.101 17439 17439 I sysui_multi_action: [757,113,758,1,759,113,927,1,928,1,1593,1]
11-29 09:21:01.101 17439 17439 I sysui_multi_action: [757,0,758,1,759,0,927,2,928,0,1593,1]
11-29 09:21:01.102 17439 17439 I sysui_multi_action: [757,0,758,1,759,0,927,3,928,0,1593,1]
11-29 09:21:01.102 17439 17439 I sysui_multi_action: [757,491,758,1,759,491,927,4,928,0,1311,-1,1593,0]
11-29 09:21:01.102 17439 17439 I sysui_multi_action: [757,0,758,1,759,0,927,5,928,0,1593,1]
11-29 09:21:01.102 17439 17439 I sysui_multi_action: [757,111,758,1]
11-29 09:21:01.102 17439 17439 I sysui_multi_action: [757,126,758,1,759,126,927,0,928,1,1593,1]
11-29 09:21:01.102 17439 17439 I sysui_multi_action: [757,113,758,1,759,113,927,1,928,1,1593,1]
11-29 09:21:01.102 17439 17439 I sysui_multi_action: [757,0,758,1,759,0,927,2,928,0,1593,1]
11-29 09:21:01.102 17439 17439 I sysui_multi_action: [757,0,758,1,759,0,927,3,928,0,1593,1]
11-29 09:21:01.108 1491 1760 I GameModeConfig: isGameModeOn = false
11-29 09:21:01.108 1491 1760 I GameModeConfig: isGameModeOn = false
11-29 09:21:01.108 1491 1760 I GameModeConfig: isGameModeOn = false
11-29 09:21:01.108 1491 1760 I GameModeConfig: isGameModeOn = false
11-29 09:21:01.108 1491 1760 I GameModeConfig: isGameModeOn = false
11-29 09:21:01.108 1491 1760 I GameModeConfig: isGameModeOn = false
11-29 09:21:01.109 17439 17439 I sysui_multi_action: [757,111,758,2]
11-29 09:21:01.109 17439 17439 I sysui_multi_action: [757,111,758,2]
11-29 09:21:01.110 1491 1491 I notification_enqueue: [10082,17439,com.android.systemui,2048,NULL,0,Notification(channel=updateNotification shortcut=null contentView=null vibrate=null sound=null defaults=0x0 flags=0x0 color=0x00000000 vis=PRIVATE),1]
11-29 09:21:01.112 17439 17439 I sysui_multi_action: [757,111,758,1]
11-29 09:21:01.112 17439 17439 I sysui_multi_action: [757,126,758,1,759,126,927,0,928,1,1593,1]
11-29 09:21:01.112 17439 17439 I sysui_multi_action: [757,113,758,1,759,113,927,1,928,1,1593,1]
11-29 09:21:01.113 17439 17439 I sysui_multi_action: [757,0,758,1,759,0,927,2,928,0,1593,1]
11-29 09:21:01.113 17439 17439 I sysui_multi_action: [757,0,758,1,759,0,927,3,928,0,1593,1]
11-29 09:21:01.113 17439 17439 I sysui_multi_action: [757,491,758,1,759,491,927,4,928,0,1311,-1,1593,0]
11-29 09:21:01.113 17439 17439 I sysui_multi_action: [757,0,758,1,759,0,927,5,928,0,1593,0]
11-29 09:21:01.113 17439 17439 I sysui_multi_action: [757,111,758,1]
11-29 09:21:01.113 17439 17439 I sysui_multi_action: [757,126,758,1,759,126,927,0,928,1,1593,1]
11-29 09:21:01.113 17439 17439 I sysui_multi_action: [757,113,758,1,759,113,927,1,928,1,1593,1]
11-29 09:21:01.113 17439 17439 I sysui_multi_action: [757,0,758,1,759,0,927,2,928,0,1593,1]
11-29 09:21:01.113 17439 17439 I sysui_multi_action: [757,0,758,1,759,0,927,3,928,0,1593,1]
11-29 09:21:01.119 1491 1760 I GameModeConfig: isGameModeOn = false
11-29 09:21:01.119 1491 1760 I GameModeConfig: isGameModeOn = false
11-29 09:21:01.119 1491 1760 I GameModeConfig: isGameModeOn = false
11-29 09:21:01.119 1491 1760 I GameModeConfig: isGameModeOn = false
11-29 09:21:01.119 1491 1760 I GameModeConfig: isGameModeOn = false
11-29 09:21:01.119 1491 1760 I GameModeConfig: isGameModeOn = false
11-29 09:21:01.120 17439 17439 I sysui_multi_action: [757,111,758,2]
11-29 09:21:01.120 17439 17439 I sysui_multi_action: [757,111,758,2]
11-29 09:21:01.120 1491 1491 I notification_enqueue: [10082,17439,com.android.systemui,2048,NULL,0,Notification(channel=updateNotification shortcut=null contentView=null vibrate=null sound=null defaults=0x0 flags=0x0 color=0x00000000 vis=PRIVATE),1]
11-29 09:21:01.122 17439 17439 I sysui_multi_action: [757,111,758,1]
11-29 09:21:01.122 17439 17439 I sysui_multi_action: [757,126,758,1,759,126,927,0,928,1,1593,1]
11-29 09:21:01.122 17439 17439 I sysui_multi_action: [757,113,758,1,759,113,927,1,928,1,1593,1]
11-29 09:21:01.122 17439 17439 I sysui_multi_action: [757,0,758,1,759,0,927,2,928,0,1593,1]
11-29 09:21:01.122 17439 17439 I sysui_multi_action: [757,0,758,1,759,0,927,3,928,0,1593,1]
11-29 09:21:01.122 17439 17439 I sysui_multi_action: [757,491,758,1,759,491,927,4,928,0,1311,-1,1593,0]
11-29 09:21:01.123 17439 17439 I sysui_multi_action: [757,0,758,1,759,0,927,5,928,0,1593,0]
11-29 09:21:01.123 17439 17439 I sysui_multi_action: [757,111,758,1]
11-29 09:21:01.123 17439 17439 I sysui_multi_action: [757,126,758,1,759,126,927,0,928,1,1593,1]
11-29 09:21:01.123 17439 17439 I sysui_multi_action: [757,113,758,1,759,113,927,1,928,1,1593,1]
11-29 09:21:01.123 17439 17439 I sysui_multi_action: [757,0,758,1,759,0,927,2,928,0,1593,1]
11-29 09:21:01.123 17439 17439 I sysui_multi_action: [757,0,758,1,759,0,927,3,928,0,1593,1]
11-29 09:21:01.135 1491 1760 I GameModeConfig: isGameModeOn = false
11-29 09:21:01.135 1491 1760 I GameModeConfig: isGameModeOn = false
11-29 09:21:01.135 1491 1760 I GameModeConfig: isGameModeOn = false
11-29 09:21:01.136 1491 1760 I GameModeConfig: isGameModeOn = false
11-29 09:21:01.136 1491 1760 I GameModeConfig: isGameModeOn = false
11-29 09:21:01.136 1491 1760 I GameModeConfig: isGameModeOn = false
11-29 09:21:01.136 17439 17439 I sysui_multi_action: [757,111,758,2]
11-29 09:21:01.136 17439 17439 I sysui_multi_action: [757,111,758,2]
11-29 09:21:01.137 1491 1491 I notification_enqueue: [10082,17439,com.android.systemui,2048,NULL,0,Notification(channel=updateNotification shortcut=null contentView=null vibrate=null sound=null defaults=0x0 flags=0x0 color=0x00000000 vis=PRIVATE),1]
11-29 09:21:01.139 17439 17439 I sysui_multi_action: [757,111,758,1]
11-29 09:21:01.139 17439 17439 I sysui_multi_action: [757,126,758,1,759,126,927,0,928,1,1593,1]
11-29 09:21:01.139 17439 17439 I sysui_multi_action: [757,113,758,1,759,113,927,1,928,1,1593,1]
11-29 09:21:01.139 17439 17439 I sysui_multi_action: [757,0,758,1,759,0,927,2,928,0,1593,1]
11-29 09:21:01.139 17439 17439 I sysui_multi_action: [757,0,758,1,759,0,927,3,928,0,1593,1]
11-29 09:21:01.139 17439 17439 I sysui_multi_action: [757,491,758,1,759,491,927,4,928,0,1311,-1,1593,0]
11-29 09:21:01.139 17439 17439 I sysui_multi_action: [757,0,758,1,759,0,927,5,928,0,1593,0]
11-29 09:21:01.139 17439 17439 I sysui_multi_action: [757,111,758,1]
11-29 09:21:01.139 17439 17439 I sysui_multi_action: [757,126,758,1,759,126,927,0,928,1,1593,1]
11-29 09:21:01.139 17439 17439 I sysui_multi_action: [757,113,758,1,759,113,927,1,928,1,1593,1]
11-29 09:21:01.139 17439 17439 I sysui_multi_action: [757,0,758,1,759,0,927,2,928,0,1593,1]
11-29 09:21:01.139 17439 17439 I sysui_multi_action: [757,0,758,1,759,0,927,3,928,0,1593,1]
11-29 09:21:01.152 17439 17439 I sysui_multi_action: [757,111,758,2]
11-29 09:21:01.152 17439 17439 I sysui_multi_action: [757,111,758,2]
11-29 09:21:01.153 1491 1491 I notification_enqueue: [10082,17439,com.android.systemui,2048,NULL,0,Notification(channel=updateNotification shortcut=null contentView=null vibrate=null sound=null defaults=0x0 flags=0x0 color=0x00000000 vis=PRIVATE),1]
11-29 09:21:01.154 1491 1760 I GameModeConfig: isGameModeOn = false
11-29 09:21:01.154 1491 1760 I GameModeConfig: isGameModeOn = false
11-29 09:21:01.154 1491 1760 I GameModeConfig: isGameModeOn = false
11-29 09:21:01.155 1491 1760 I GameModeConfig: isGameModeOn = false
11-29 09:21:01.155 1491 1760 I GameModeConfig: isGameModeOn = false
11-29 09:21:01.155 1491 1760 I GameModeConfig: isGameModeOn = false
11-29 09:21:01.155 17439 17439 I sysui_multi_action: [757,111,758,1]
11-29 09:21:01.155 17439 17439 I sysui_multi_action: [757,126,758,1,759,126,927,0,928,1,1593,1]
11-29 09:21:01.155 17439 17439 I sysui_multi_action: [757,113,758,1,759,113,927,1,928,1,1593,1]
11-29 09:21:01.155 17439 17439 I sysui_multi_action: [757,0,758,1,759,0,927,2,928,0,1593,1]
11-29 09:21:01.155 17439 17439 I sysui_multi_action: [757,0,758,1,759,0,927,3,928,0,1593,1]
11-29 09:21:01.156 17439 17439 I sysui_multi_action: [757,491,758,1,759,491,927,4,928,0,1311,-1,1593,0]
11-29 09:21:01.156 17439 17439 I sysui_multi_action: [757,0,758,1,759,0,927,5,928,0,1593,0]
11-29 09:21:01.156 17439 17439 I sysui_multi_action: [757,111,758,1]
11-29 09:21:01.156 17439 17439 I sysui_multi_action: [757,126,758,1,759,126,927,0,928,1,1593,1]
11-29 09:21:01.156 17439 17439 I sysui_multi_action: [757,113,758,1,759,113,927,1,928,1,1593,1]
11-29 09:21:01.156 17439 17439 I sysui_multi_action: [757,0,758,1,759,0,927,2,928,0,1593,1]
11-29 09:21:01.156 17439 17439 I sysui_multi_action: [757,0,758,1,759,0,927,3,928,0,1593,1]
11-29 09:21:01.169 1491 1760 I GameModeConfig: isGameModeOn = false
11-29 09:21:01.169 1491 1760 I GameModeConfig: isGameModeOn = false
11-29 09:21:01.169 1491 1760 I GameModeConfig: isGameModeOn = false
11-29 09:21:01.169 1491 1760 I GameModeConfig: isGameModeOn = false
11-29 09:21:01.170 1491 1760 I GameModeConfig: isGameModeOn = false
11-29 09:21:01.170 1491 1760 I GameModeConfig: isGameModeOn = false
11-29 09:21:01.170 17439 17439 I sysui_multi_action: [757,111,758,2]
11-29 09:21:01.170 17439 17439 I sysui_multi_action: [757,111,758,2]
11-29 09:21:01.171 1491 1491 I notification_enqueue: [10082,17439,com.android.systemui,2048,NULL,0,Notification(channel=updateNotification shortcut=null contentView=null vibrate=null sound=null defaults=0x0 flags=0x0 color=0x00000000 vis=PRIVATE),1]
11-29 09:21:01.173 17439 17439 I sysui_multi_action: [757,111,758,1]
11-29 09:21:01.173 17439 17439 I sysui_multi_action: [757,126,758,1,759,126,927,0,928,1,1593,0]
11-29 09:21:01.173 17439 17439 I sysui_multi_action: [757,113,758,1,759,113,927,1,928,1,1593,0]
11-29 09:21:01.173 17439 17439 I sysui_multi_action: [757,0,758,1,759,0,927,2,928,0,1593,0]
11-29 09:21:01.173 17439 17439 I sysui_multi_action: [757,0,758,1,759,0,927,3,928,0,1593,0]
11-29 09:21:01.173 17439 17439 I sysui_multi_action: [757,491,758,1,759,491,927,4,928,0,1311,-1,1593,0]
11-29 09:21:01.173 17439 17439 I sysui_multi_action: [757,0,758,1,759,0,927,5,928,0,1593,0]
11-29 09:21:01.174 17439 17439 I sysui_multi_action: [757,111,758,1]
11-29 09:21:01.174 17439 17439 I sysui_multi_action: [757,126,758,1,759,126,927,0,928,1,1593,0]
11-29 09:21:01.174 17439 17439 I sysui_multi_action: [757,113,758,1,759,113,927,1,928,1,1593,0]
11-29 09:21:01.174 17439 17439 I sysui_multi_action: [757,0,758,1,759,0,927,2,928,0,1593,0]
11-29 09:21:01.174 17439 17439 I sysui_multi_action: [757,0,758,1,759,0,927,3,928,0,1593,0]
11-29 09:21:01.186 17439 17439 I sysui_multi_action: [757,111,758,2]
11-29 09:21:01.186 1491 1760 I GameModeConfig: isGameModeOn = false
11-29 09:21:01.186 17439 17439 I sysui_multi_action: [757,111,758,2]
11-29 09:21:01.186 1491 1760 I GameModeConfig: isGameModeOn = false
11-29 09:21:01.186 1491 1760 I GameModeConfig: isGameModeOn = false
11-29 09:21:01.187 1491 1760 I GameModeConfig: isGameModeOn = false
11-29 09:21:01.187 1491 1760 I GameModeConfig: isGameModeOn = false
11-29 09:21:01.187 1491 1760 I GameModeConfig: isGameModeOn = false
11-29 09:21:01.187 1491 1491 I notification_enqueue: [10082,17439,com.android.systemui,2048,NULL,0,Notification(channel=updateNotification shortcut=null contentView=null vibrate=null sound=null defaults=0x0 flags=0x0 color=0x00000000 vis=PRIVATE),1]
11-29 09:21:01.188 17439 17439 I sysui_multi_action: [757,111,758,1]
11-29 09:21:01.188 17439 17439 I sysui_multi_action: [757,126,758,1,759,126,927,0,928,1,1593,1]
11-29 09:21:01.188 17439 17439 I sysui_multi_action: [757,113,758,1,759,113,927,1,928,1,1593,1]
11-29 09:21:01.188 17439 17439 I sysui_multi_action: [757,0,758,1,759,0,927,2,928,0,1593,1]
11-29 09:21:01.188 17439 17439 I sysui_multi_action: [757,0,758,1,759,0,927,3,928,0,1593,1]
11-29 09:21:01.189 17439 17439 I sysui_multi_action: [757,491,758,1,759,491,927,4,928,0,1311,-1,1593,0]
11-29 09:21:01.189 17439 17439 I sysui_multi_action: [757,0,758,1,759,0,927,5,928,0,1593,0]
11-29 09:21:01.189 17439 17439 I sysui_multi_action: [757,111,758,1]
11-29 09:21:01.189 17439 17439 I sysui_multi_action: [757,126,758,1,759,126,927,0,928,1,1593,1]
11-29 09:21:01.189 17439 17439 I sysui_multi_action: [757,113,758,1,759,113,927,1,928,1,1593,1]
11-29 09:21:01.189 17439 17439 I sysui_multi_action: [757,0,758,1,759,0,927,2,928,0,1593,1]
11-29 09:21:01.189 17439 17439 I sysui_multi_action: [757,0,758,1,759,0,927,3,928,0,1593,1]
11-29 09:21:01.203 17439 17439 I sysui_multi_action: [757,111,758,2]
11-29 09:21:01.203 17439 17439 I sysui_multi_action: [757,111,758,2]
11-29 09:21:01.204 1491 1491 I notification_enqueue: [10082,17439,com.android.systemui,2048,NULL,0,Notification(channel=updateNotification shortcut=null contentView=null vibrate=null sound=null defaults=0x0 flags=0x0 color=0x00000000 vis=PRIVATE),1]
11-29 09:21:01.205 17439 17439 I sysui_multi_action: [757,111,758,1]
11-29 09:21:01.205 17439 17439 I sysui_multi_action: [757,126,758,1,759,126,927,0,928,1,1593,1]
11-29 09:21:01.205 17439 17439 I sysui_multi_action: [757,113,758,1,759,113,927,1,928,1,1593,1]
11-29 09:21:01.205 17439 17439 I sysui_multi_action: [757,0,758,1,759,0,927,2,928,0,1593,1]
11-29 09:21:01.205 17439 17439 I sysui_multi_action: [757,0,758,1,759,0,927,3,928,0,1593,1]
11-29 09:21:01.205 1491 1760 I GameModeConfig: isGameModeOn = false
11-29 09:21:01.206 17439 17439 I sysui_multi_action: [757,491,758,1,759,491,927,4,928,0,1311,-1,1593,0]
11-29 09:21:01.206 17439 17439 I sysui_multi_action: [757,0,758,1,759,0,927,5,928,0,1593,0]
11-29 09:21:01.206 17439 17439 I sysui_multi_action: [757,111,758,1]
11-29 09:21:01.206 1491 1760 I GameModeConfig: isGameModeOn = false
11-29 09:21:01.206 17439 17439 I sysui_multi_action: [757,126,758,1,759,126,927,0,928,1,1593,1]
11-29 09:21:01.206 17439 17439 I sysui_multi_action: [757,113,758,1,759,113,927,1,928,1,1593,1]
11-29 09:21:01.206 17439 17439 I sysui_multi_action: [757,0,758,1,759,0,927,2,928,0,1593,1]
11-29 09:21:01.206 1491 1760 I GameModeConfig: isGameModeOn = false
11-29 09:21:01.206 17439 17439 I sysui_multi_action: [757,0,758,1,759,0,927,3,928,0,1593,1]
11-29 09:21:01.206 1491 1760 I GameModeConfig: isGameModeOn = false
11-29 09:21:01.206 1491 1760 I GameModeConfig: isGameModeOn = false
11-29 09:21:01.206 1491 1760 I GameModeConfig: isGameModeOn = false
11-29 09:21:01.219 1491 1760 I GameModeConfig: isGameModeOn = false
11-29 09:21:01.219 1491 1760 I GameModeConfig: isGameModeOn = false
11-29 09:21:01.220 1491 1760 I GameModeConfig: isGameModeOn = false
11-29 09:21:01.220 1491 1760 I GameModeConfig: isGameModeOn = false
11-29 09:21:01.220 1491 1760 I GameModeConfig: isGameModeOn = false
11-29 09:21:01.220 1491 1760 I GameModeConfig: isGameModeOn = false
11-29 09:21:01.221 17439 17439 I sysui_multi_action: [757,111,758,2]
11-29 09:21:01.221 17439 17439 I sysui_multi_action: [757,111,758,2]
11-29 09:21:01.222 1491 1491 I notification_enqueue: [10082,17439,com.android.systemui,2048,NULL,0,Notification(channel=updateNotification shortcut=null contentView=null vibrate=null sound=null defaults=0x0 flags=0x0 color=0x00000000 vis=PRIVATE),1]
11-29 09:21:01.224 17439 17439 I sysui_multi_action: [757,111,758,1]
11-29 09:21:01.224 17439 17439 I sysui_multi_action: [757,126,758,1,759,126,927,0,928,1,1593,1]
11-29 09:21:01.224 17439 17439 I sysui_multi_action: [757,113,758,1,759,113,927,1,928,1,1593,1]
11-29 09:21:01.224 1491 1693 I input_interaction: Interaction with: ae74373 NotificationShade (server), 41aecc7 com.android.systemui.ImageWallpaper (server), edge-swipe (server), swipe-up (server), PointerEventDispatcher0 (server),
11-29 09:21:01.224 17439 17439 I sysui_multi_action: [757,0,758,1,759,0,927,2,928,0,1593,1]
11-29 09:21:01.225 17439 17439 I sysui_multi_action: [757,0,758,1,759,0,927,3,928,0,1593,1]
11-29 09:21:01.225 17439 17439 I sysui_multi_action: [757,491,758,1,759,491,927,4,928,0,1311,-1,1593,0]
11-29 09:21:01.225 17439 17439 I sysui_multi_action: [757,0,758,1,759,0,927,5,928,0,1593,0]
11-29 09:21:01.225 17439 17439 I sysui_multi_action: [757,111,758,1]
11-29 09:21:01.225 17439 17439 I sysui_multi_action: [757,126,758,1,759,126,927,0,928,1,1593,1]
11-29 09:21:01.225 17439 17439 I sysui_multi_action: [757,113,758,1,759,113,927,1,928,1,1593,1]
11-29 09:21:01.225 17439 17439 I sysui_multi_action: [757,0,758,1,759,0,927,2,928,0,1593,1]
11-29 09:21:01.225 17439 17439 I sysui_multi_action: [757,0,758,1,759,0,927,3,928,0,1593,1]
11-29 09:21:01.236 1491 1760 I GameModeConfig: isGameModeOn = false
11-29 09:21:01.236 1491 1760 I GameModeConfig: isGameModeOn = false
11-29 09:21:01.236 1491 1760 I GameModeConfig: isGameModeOn = false
11-29 09:21:01.236 1491 1760 I GameModeConfig: isGameModeOn = false
11-29 09:21:01.237 1491 1760 I GameModeConfig: isGameModeOn = false
11-29 09:21:01.237 1491 1760 I GameModeConfig: isGameModeOn = false
11-29 09:21:01.238 17439 17439 I sysui_multi_action: [757,111,758,2]
11-29 09:21:01.238 17439 17439 I sysui_multi_action: [757,111,758,2]
11-29 09:21:01.239 1491 1491 I notification_enqueue: [10082,17439,com.android.systemui,2048,NULL,0,Notification(channel=updateNotification shortcut=null contentView=null vibrate=null sound=null defaults=0x0 flags=0x0 color=0x00000000 vis=PRIVATE),1]
11-29 09:21:01.242 1491 2068 W WindowManager: updateScale0.7996942
11-29 09:21:01.244 1491 1600 I input_focus: [Focus request ae74373 NotificationShade,reason=UpdateInputWindows]
11-29 09:21:01.245 17439 17439 I sysui_multi_action: [757,111,758,1]
11-29 09:21:01.245 17439 17439 I sysui_multi_action: [757,126,758,1,759,126,927,0,928,1,1593,1]
11-29 09:21:01.245 17439 17439 I sysui_multi_action: [757,113,758,1,759,113,927,1,928,1,1593,1]
