11-29 09:08:37.390 1491 1525 W ContextImpl: Calling a method in the system process without a qualified user: android.app.ContextImpl.startActivity:1067 com.android.server.wm.FreeFormWindowHelper.exitRecentTasks:423 com.android.server.wm.ActivityTaskManagerService.exitRecentTasks:3795 android.app.IActivityTaskManager$Stub.onTransact:2307 com.android.server.wm.ActivityTaskManagerService.onTransact:5046
11-29 09:08:37.408 1491 1525 I ActivityTaskManager: START u0 {flg=0x10008000 cmp=com.android.gallery3d/.app.GalleryActivity} from uid 1000
11-29 09:08:37.415 1491 1525 W ActivityTaskManager: Can't find TaskDisplayArea to determine support for multi window. Task id=379 attached=false
11-29 09:08:37.416 1491 1525 D FreeFormWindowHelper: Add freeform task=Task{688cb75 #379 type=standard ?? U=0 visible=false mode=freeform translucent=true sz=0}
11-29 09:08:37.422 1491 1525 I ActivityTaskManager: FOREGROUND_APPLICATION_CHANGED to com.android.gallery3d.app.GalleryActivity
11-29 09:08:37.422 1491 1525 I ActivityTaskManager: The Process com.android.gallery3d Already Exists in BG. So sending its PID: 12550
11-29 09:08:37.422 1491 1525 W ActivityTaskManager: Tried to set launchTime (0) < mLastActivityLaunchTime (21294744)
11-29 09:08:37.442 16043 16059 W ContextImpl: Calling a method in the system process without a qualified user: android.app.ContextImpl.startService:1816 android.content.ContextWrapper.startService:774 com.thundercomm.gamemode.ingame.services.GameModeActionUtils.startGameModeService:93 com.thundercomm.gamemode.ingame.services.GameModeActionUtils.startGameModeEntry:21 com.thundercomm.gamemode.ingame.services.ActivityMonitoringService$1.onActivityLaunch:127
11-29 09:08:37.449 1491 1491 I GameModeConfig: Current uri is uri = content://com.thundercomm.gamemode.api/gamemode_settings/gamemode_isgaming
11-29 09:08:37.451 1491 1491 I GameModeConfig: isGameModeOn = false
11-29 09:08:37.455 1491 1491 I GameModeConfig: isGameModeOn = false
11-29 09:08:37.455 1491 1491 I GameModeConfig: isDisableVoice = true
11-29 09:08:37.455 1491 1700 W WindowManager: updateScale0.4617737
11-29 09:08:37.475 1491 1600 W WindowManager: updateScale0.4617737
11-29 09:08:37.478 1491 1600 W WindowManager: updateScale0.4617737
11-29 09:08:37.478 1491 1600 W WindowManager: updateScale0.4617737
11-29 09:08:37.480 1491 9950 W WindowManager: updateScale0.4617737
11-29 09:08:37.482 1491 8786 W WindowManager: updateScale0.4617737
11-29 09:08:37.484 1491 1607 W UsageStatsService: Unexpected activity event reported! (com.android.launcher3/com.android.launcher3.uioverrides.QuickstepLauncher event : 23 instanceId : 49472091)
11-29 09:08:37.487 1491 1600 W WindowManager: updateScale0.4617737
11-29 09:08:37.500 16043 16059 W ContextImpl: Calling a method in the system process without a qualified user: android.app.ContextImpl.startService:1816 android.content.ContextWrapper.startService:774 com.thundercomm.gamemode.ingame.services.GameModeActionUtils.startGameModeService:93 com.thundercomm.gamemode.ingame.services.GameModeActionUtils.startGameModeEntry:21 com.thundercomm.gamemode.ingame.services.ActivityMonitoringService$1.onActivityLaunch:127
11-29 09:08:37.505 1491 1491 I GameModeConfig: Current uri is uri = content://com.thundercomm.gamemode.api/gamemode_settings/gamemode_isgaming
11-29 09:08:37.507 1491 1491 I GameModeConfig: isGameModeOn = false
11-29 09:08:37.508 1491 1491 I GameModeConfig: isGameModeOn = false
11-29 09:08:37.508 1491 1491 I GameModeConfig: isDisableVoice = true
11-29 09:08:37.808 1491 1599 W WindowManager: updateScale0.4617737
11-29 09:08:37.812 1491 1599 I ActivityTaskManager: FOREGROUND_APPLICATION_CHANGED to com.android.settings.homepage.SettingsHomepageActivity
11-29 09:08:37.829 1491 1700 W WindowManager: updateScale0.4617737
11-29 09:08:37.840 1491 9370 W WindowManager: updateScale0.4617737
11-29 09:08:37.881 1491 1700 W ActivityTaskManager: getTaskSnapshot: taskId=4372 not found
11-29 09:08:37.884 1491 8786 W ActivityTaskManager: getTaskSnapshot: taskId=3372 not found
11-29 09:08:37.891 1491 8786 W ActivityTaskManager: getTaskSnapshot: taskId=2372 not found
11-29 09:08:37.891 1491 9370 W ActivityTaskManager: getTaskSnapshot: taskId=1372 not found
11-29 09:08:37.937 1491 1525 W ActivityTaskManager: getTaskSnapshot: taskId=4372 not found
11-29 09:08:37.974 16043 16059 W ContextImpl: Calling a method in the system process without a qualified user: android.app.ContextImpl.startService:1816 android.content.ContextWrapper.startService:774 com.thundercomm.gamemode.ingame.services.GameModeActionUtils.startGameModeService:93 com.thundercomm.gamemode.ingame.services.GameModeActionUtils.startGameModeEntry:21 com.thundercomm.gamemode.ingame.services.ActivityMonitoringService$1.onActivityLaunch:127
11-29 09:08:37.979 1491 1491 I GameModeConfig: Current uri is uri = content://com.thundercomm.gamemode.api/gamemode_settings/gamemode_isgaming
11-29 09:08:37.980 1491 1491 I GameModeConfig: isGameModeOn = false
11-29 09:08:37.980 1491 1491 I GameModeConfig: isGameModeOn = false
11-29 09:08:37.980 1491 1491 I GameModeConfig: isDisableVoice = true
11-29 09:08:37.986 1491 1600 D FreeFormWindowHelper: Remove freefrom task=Task{688cb75 #379 type=standard A=10068:com.android.gallery3d U=0 visible=false mode=freeform translucent=true sz=0}
11-29 09:08:38.296 1491 1525 W ContextImpl: Calling a method in the system process without a qualified user: android.app.ContextImpl.startActivity:1067 com.android.server.wm.FreeFormWindowHelper.exitRecentTasks:423 com.android.server.wm.ActivityTaskManagerService.exitRecentTasks:3795 android.app.IActivityTaskManager$Stub.onTransact:2307 com.android.server.wm.ActivityTaskManagerService.onTransact:5046
11-29 09:08:38.299 1491 1525 I ActivityTaskManager: START u0 {flg=0x10008000 cmp=com.android.gallery3d/.app.GalleryActivity} from uid 1000
11-29 09:08:38.304 1491 1525 W ActivityTaskManager: Can't find TaskDisplayArea to determine support for multi window. Task id=380 attached=false
11-29 09:08:38.306 1491 1525 D FreeFormWindowHelper: Add freeform task=Task{913b441 #380 type=standard ?? U=0 visible=false mode=freeform translucent=true sz=0}
11-29 09:08:38.310 1491 1525 I ActivityTaskManager: FOREGROUND_APPLICATION_CHANGED to com.android.gallery3d.app.GalleryActivity
11-29 09:08:38.310 1491 1525 I ActivityTaskManager: The Process com.android.gallery3d Already Exists in BG. So sending its PID: 12550
11-29 09:08:38.310 1491 1525 W ActivityTaskManager: Tried to set launchTime (0) < mLastActivityLaunchTime (21295902)
11-29 09:08:38.336 16043 16059 W ContextImpl: Calling a method in the system process without a qualified user: android.app.ContextImpl.startService:1816 android.content.ContextWrapper.startService:774 com.thundercomm.gamemode.ingame.services.GameModeActionUtils.startGameModeService:93 com.thundercomm.gamemode.ingame.services.GameModeActionUtils.startGameModeEntry:21 com.thundercomm.gamemode.ingame.services.ActivityMonitoringService$1.onActivityLaunch:127
11-29 09:08:38.341 1491 1491 I GameModeConfig: Current uri is uri = content://com.thundercomm.gamemode.api/gamemode_settings/gamemode_isgaming
11-29 09:08:38.343 1491 1491 I GameModeConfig: isGameModeOn = false
11-29 09:08:38.344 1491 1491 I GameModeConfig: isGameModeOn = false
11-29 09:08:38.344 1491 1491 I GameModeConfig: isDisableVoice = true
11-29 09:08:38.356 1491 1700 W WindowManager: updateScale0.4617737
11-29 09:08:38.366 1491 1700 W WindowManager: updateScale0.4617737
11-29 09:08:38.376 1491 1600 W WindowManager: updateScale0.4617737
11-29 09:08:38.378 1491 1600 W WindowManager: updateScale0.4617737
11-29 09:08:38.378 1491 1600 W WindowManager: updateScale0.4617737
11-29 09:08:38.390 1491 1607 W UsageStatsService: Unexpected activity event reported! (com.android.launcher3/com.android.launcher3.uioverrides.QuickstepLauncher event : 23 instanceId : 49472091)
11-29 09:08:38.397 16043 16059 W ContextImpl: Calling a method in the system process without a qualified user: android.app.ContextImpl.startService:1816 android.content.ContextWrapper.startService:774 com.thundercomm.gamemode.ingame.services.GameModeActionUtils.startGameModeService:93 com.thundercomm.gamemode.ingame.services.GameModeActionUtils.startGameModeEntry:21 com.thundercomm.gamemode.ingame.services.ActivityMonitoringService$1.onActivityLaunch:127
11-29 09:08:38.400 1491 1491 I GameModeConfig: Current uri is uri = content://com.thundercomm.gamemode.api/gamemode_settings/gamemode_isgaming
11-29 09:08:38.402 1491 1491 I GameModeConfig: isGameModeOn = false
11-29 09:08:38.404 1491 1491 I GameModeConfig: isGameModeOn = false
11-29 09:08:38.404 1491 1491 I GameModeConfig: isDisableVoice = true
11-29 09:08:38.406 1491 1600 W WindowManager: updateScale0.4617737
11-29 09:08:38.687 1491 1599 W WindowManager: updateScale0.4617737
11-29 09:08:38.690 1491 1599 I ActivityTaskManager: FOREGROUND_APPLICATION_CHANGED to com.android.settings.homepage.SettingsHomepageActivity
11-29 09:08:38.708 1491 1772 W WindowManager: updateScale0.4617737
11-29 09:08:38.723 1491 9370 W WindowManager: updateScale0.4617737
11-29 09:08:38.726 1491 1525 W WindowManager: updateScale0.4617737
11-29 09:08:38.746 1491 1525 I WindowManager: Queue is too deep! Purged item with taskid=378
11-29 09:08:38.759 16043 16059 W ContextImpl: Calling a method in the system process without a qualified user: android.app.ContextImpl.startService:1816 android.content.ContextWrapper.startService:774 com.thundercomm.gamemode.ingame.services.GameModeActionUtils.startGameModeService:93 com.thundercomm.gamemode.ingame.services.GameModeActionUtils.startGameModeEntry:21 com.thundercomm.gamemode.ingame.services.ActivityMonitoringService$1.onActivityLaunch:127
11-29 09:08:38.765 1491 1491 I GameModeConfig: Current uri is uri = content://com.thundercomm.gamemode.api/gamemode_settings/gamemode_isgaming
11-29 09:08:38.767 1491 1491 I GameModeConfig: isGameModeOn = false
11-29 09:08:38.767 1491 1491 I GameModeConfig: isGameModeOn = false
11-29 09:08:38.767 1491 1491 I GameModeConfig: isDisableVoice = true
11-29 09:08:38.798 16043 16059 W ContextImpl: Calling a method in the system process without a qualified user: android.app.ContextImpl.startService:1816 android.content.ContextWrapper.startService:774 com.thundercomm.gamemode.ingame.services.GameModeActionUtils.startGameModeService:93 com.thundercomm.gamemode.ingame.services.GameModeActionUtils.startGameModeEntry:21 com.thundercomm.gamemode.ingame.services.ActivityMonitoringService$1.onActivityLaunch:127
11-29 09:08:38.800 1491 10785 W ActivityTaskManager: getTaskSnapshot: taskId=3372 not found
11-29 09:08:38.802 1491 9370 W ActivityTaskManager: getTaskSnapshot: taskId=2372 not found
11-29 09:08:38.802 1491 9370 W ActivityTaskManager: getTaskSnapshot: taskId=1372 not found
11-29 09:08:38.807 1491 1491 I GameModeConfig: Current uri is uri = content://com.thundercomm.gamemode.api/gamemode_settings/gamemode_isgaming
11-29 09:08:38.809 1491 1491 I GameModeConfig: isGameModeOn = false
11-29 09:08:38.809 1491 1491 I GameModeConfig: isGameModeOn = false
11-29 09:08:38.809 1491 1491 I GameModeConfig: isDisableVoice = true
11-29 09:08:38.866 16043 16059 W ContextImpl: Calling a method in the system process without a qualified user: android.app.ContextImpl.startService:1816 android.content.ContextWrapper.startService:774 com.thundercomm.gamemode.ingame.services.GameModeActionUtils.startGameModeService:93 com.thundercomm.gamemode.ingame.services.GameModeActionUtils.startGameModeEntry:21 com.thundercomm.gamemode.ingame.services.ActivityMonitoringService$1.onActivityLaunch:127
11-29 09:08:38.872 1491 1491 I GameModeConfig: Current uri is uri = content://com.thundercomm.gamemode.api/gamemode_settings/gamemode_isgaming
11-29 09:08:38.879 1491 1491 I GameModeConfig: isGameModeOn = false
11-29 09:08:38.879 1491 1491 I GameModeConfig: isGameModeOn = false
11-29 09:08:38.879 1491 1491 I GameModeConfig: isDisableVoice = true
11-29 09:08:38.888 1491 1600 D FreeFormWindowHelper: Remove freefrom task=Task{913b441 #380 type=standard A=10068:com.android.gallery3d U=0 visible=false mode=freeform translucent=true sz=0}
11-29 09:08:39.263 1491 8786 W ContextImpl: Calling a method in the system process without a qualified user: android.app.ContextImpl.startActivity:1067 com.android.server.wm.FreeFormWindowHelper.exitRecentTasks:423 com.android.server.wm.ActivityTaskManagerService.exitRecentTasks:3795 android.app.IActivityTaskManager$Stub.onTransact:2307 com.android.server.wm.ActivityTaskManagerService.onTransact:5046
11-29 09:08:39.270 1491 8786 I ActivityTaskManager: START u0 {flg=0x10008000 cmp=com.android.gallery3d/.app.GalleryActivity} from uid 1000
11-29 09:08:39.276 1491 8786 W ActivityTaskManager: Can't find TaskDisplayArea to determine support for multi window. Task id=381 attached=false
11-29 09:08:39.278 1491 8786 D FreeFormWindowHelper: Add freeform task=Task{8567a93 #381 type=standard ?? U=0 visible=false mode=freeform translucent=true sz=0}
11-29 09:08:39.287 1491 8786 I ActivityTaskManager: FOREGROUND_APPLICATION_CHANGED to com.android.gallery3d.app.GalleryActivity
11-29 09:08:39.287 1491 8786 I ActivityTaskManager: The Process com.android.gallery3d Already Exists in BG. So sending its PID: 12550
11-29 09:08:39.287 1491 8786 W ActivityTaskManager: Tried to set launchTime (0) < mLastActivityLaunchTime (21296790)
11-29 09:08:39.318 16043 16059 W ContextImpl: Calling a method in the system process without a qualified user: android.app.ContextImpl.startService:1816 android.content.ContextWrapper.startService:774 com.thundercomm.gamemode.ingame.services.GameModeActionUtils.startGameModeService:93 com.thundercomm.gamemode.ingame.services.GameModeActionUtils.startGameModeEntry:21 com.thundercomm.gamemode.ingame.services.ActivityMonitoringService$1.onActivityLaunch:127
11-29 09:08:39.328 1491 1525 W WindowManager: updateScale0.4617737
11-29 09:08:39.330 1491 1491 I GameModeConfig: Current uri is uri = content://com.thundercomm.gamemode.api/gamemode_settings/gamemode_isgaming
11-29 09:08:39.333 1491 1491 I GameModeConfig: isGameModeOn = false
11-29 09:08:39.333 1491 1491 I GameModeConfig: isGameModeOn = false
11-29 09:08:39.333 1491 1491 I GameModeConfig: isDisableVoice = true
11-29 09:08:39.342 1491 1772 W WindowManager: updateScale0.4617737
11-29 09:08:39.347 1491 1525 W WindowManager: updateScale0.4617737
11-29 09:08:39.353 1491 1607 W UsageStatsService: Unexpected activity event reported! (com.android.launcher3/com.android.launcher3.uioverrides.QuickstepLauncher event : 23 instanceId : 49472091)
11-29 09:08:39.362 16043 16059 W ContextImpl: Calling a method in the system process without a qualified user: android.app.ContextImpl.startService:1816 android.content.ContextWrapper.startService:774 com.thundercomm.gamemode.ingame.services.GameModeActionUtils.startGameModeService:93 com.thundercomm.gamemode.ingame.services.GameModeActionUtils.startGameModeEntry:21 com.thundercomm.gamemode.ingame.services.ActivityMonitoringService$1.onActivityLaunch:127
11-29 09:08:39.368 1491 1600 W WindowManager: updateScale0.4617737
11-29 09:08:39.369 1491 1491 I GameModeConfig: Current uri is uri = content://com.thundercomm.gamemode.api/gamemode_settings/gamemode_isgaming
11-29 09:08:39.371 1491 1491 I GameModeConfig: isGameModeOn = false
11-29 09:08:39.371 1491 1600 W WindowManager: updateScale0.4617737
11-29 09:08:39.371 1491 1491 I GameModeConfig: isGameModeOn = false
11-29 09:08:39.371 1491 1491 I GameModeConfig: isDisableVoice = true
11-29 09:08:39.372 1491 1600 W WindowManager: updateScale0.4617737
11-29 09:08:39.467 1491 1599 W WindowManager: updateScale0.4617737
11-29 09:08:39.470 1491 1599 I ActivityTaskManager: FOREGROUND_APPLICATION_CHANGED to com.android.settings.homepage.SettingsHomepageActivity
11-29 09:08:39.489 1491 1772 W WindowManager: updateScale0.4617737
11-29 09:08:39.496 1491 8786 W WindowManager: updateScale0.4617737
11-29 09:08:39.498 1491 1525 W WindowManager: updateScale0.4617737
11-29 09:08:39.506 1491 8786 I WindowManager: Queue is too deep! Purged item with taskid=379
11-29 09:08:39.530 1491 9950 W ActivityTaskManager: Ignoring closeSystemDialogs recentapps from background process ProcessRecord{58fbbe8 13671:com.android.launcher3/u0a77}
11-29 09:08:39.537 16043 16059 W ContextImpl: Calling a method in the system process without a qualified user: android.app.ContextImpl.startService:1816 android.content.ContextWrapper.startService:774 com.thundercomm.gamemode.ingame.services.GameModeActionUtils.startGameModeService:93 com.thundercomm.gamemode.ingame.services.GameModeActionUtils.startGameModeEntry:21 com.thundercomm.gamemode.ingame.services.ActivityMonitoringService$1.onActivityLaunch:127
11-29 09:08:39.537 1491 1700 W ActivityTaskManager: getTaskSnapshot: taskId=4372 not found
11-29 09:08:39.538 1491 1700 W ActivityTaskManager: getTaskSnapshot: taskId=3372 not found
11-29 09:08:39.538 1491 1772 W ActivityTaskManager: getTaskSnapshot: taskId=2372 not found
11-29 09:08:39.545 1491 1491 I GameModeConfig: Current uri is uri = content://com.thundercomm.gamemode.api/gamemode_settings/gamemode_isgaming
11-29 09:08:39.546 1491 1491 I GameModeConfig: isGameModeOn = false
11-29 09:08:39.546 1491 1491 I GameModeConfig: isGameModeOn = false
11-29 09:08:39.546 1491 1491 I GameModeConfig: isDisableVoice = true
11-29 09:08:39.560 16043 16059 W ContextImpl: Calling a method in the system process without a qualified user: android.app.ContextImpl.startService:1816 android.content.ContextWrapper.startService:774 com.thundercomm.gamemode.ingame.services.GameModeActionUtils.startGameModeService:93 com.thundercomm.gamemode.ingame.services.GameModeActionUtils.startGameModeEntry:21 com.thundercomm.gamemode.ingame.services.ActivityMonitoringService$1.onActivityLaunch:127
11-29 09:08:39.565 1491 1491 I GameModeConfig: Current uri is uri = content://com.thundercomm.gamemode.api/gamemode_settings/gamemode_isgaming
11-29 09:08:39.566 1491 1491 I GameModeConfig: isGameModeOn = false
11-29 09:08:39.566 1491 1491 I GameModeConfig: isGameModeOn = false
11-29 09:08:39.566 1491 1491 I GameModeConfig: isDisableVoice = true
11-29 09:08:39.627 16043 16059 W ContextImpl: Calling a method in the system process without a qualified user: android.app.ContextImpl.startService:1816 android.content.ContextWrapper.startService:774 com.thundercomm.gamemode.ingame.services.GameModeActionUtils.startGameModeService:93 com.thundercomm.gamemode.ingame.services.GameModeActionUtils.startGameModeEntry:21 com.thundercomm.gamemode.ingame.services.ActivityMonitoringService$1.onActivityLaunch:127
11-29 09:08:39.633 1491 1491 I GameModeConfig: Current uri is uri = content://com.thundercomm.gamemode.api/gamemode_settings/gamemode_isgaming
11-29 09:08:39.634 1491 1491 I GameModeConfig: isGameModeOn = false
11-29 09:08:39.635 1491 1491 I GameModeConfig: isGameModeOn = false
11-29 09:08:39.635 1491 1491 I GameModeConfig: isDisableVoice = true
11-29 09:08:39.874 1491 1600 D FreeFormWindowHelper: Remove freefrom task=Task{8567a93 #381 type=standard A=10068:com.android.gallery3d U=0 visible=false mode=freeform translucent=true sz=0}
11-29 09:08:39.957 1491 9950 W ContextImpl: Calling a method in the system process without a qualified user: android.app.ContextImpl.startActivity:1067 com.android.server.wm.FreeFormWindowHelper.exitRecentTasks:423 com.android.server.wm.ActivityTaskManagerService.exitRecentTasks:3795 android.app.IActivityTaskManager$Stub.onTransact:2307 com.android.server.wm.ActivityTaskManagerService.onTransact:5046
11-29 09:08:39.962 1491 9950 I ActivityTaskManager: START u0 {flg=0x10008000 cmp=com.android.gallery3d/.app.GalleryActivity} from uid 1000
11-29 09:08:39.965 1491 9950 W ActivityTaskManager: Can't find TaskDisplayArea to determine support for multi window. Task id=382 attached=false
11-29 09:08:39.966 1491 9950 D FreeFormWindowHelper: Add freeform task=Task{bf86660 #382 type=standard ?? U=0 visible=false mode=freeform translucent=true sz=0}
11-29 09:08:39.970 1491 9950 I ActivityTaskManager: FOREGROUND_APPLICATION_CHANGED to com.android.gallery3d.app.GalleryActivity
11-29 09:08:39.970 1491 9950 I ActivityTaskManager: The Process com.android.gallery3d Already Exists in BG. So sending its PID: 12550
11-29 09:08:39.970 1491 9950 W ActivityTaskManager: Tried to set launchTime (0) < mLastActivityLaunchTime (21297767)
11-29 09:08:39.988 16043 16059 W ContextImpl: Calling a method in the system process without a qualified user: android.app.ContextImpl.startService:1816 android.content.ContextWrapper.startService:774 com.thundercomm.gamemode.ingame.services.GameModeActionUtils.startGameModeService:93 com.thundercomm.gamemode.ingame.services.GameModeActionUtils.startGameModeEntry:21 com.thundercomm.gamemode.ingame.services.ActivityMonitoringService$1.onActivityLaunch:127
11-29 09:08:39.994 1491 1491 I GameModeConfig: Current uri is uri = content://com.thundercomm.gamemode.api/gamemode_settings/gamemode_isgaming
11-29 09:08:39.996 1491 1491 I GameModeConfig: isGameModeOn = false
11-29 09:08:39.996 1491 1491 I GameModeConfig: isGameModeOn = false
11-29 09:08:39.996 1491 1491 I GameModeConfig: isDisableVoice = true
11-29 09:08:40.001 1491 8701 W WindowManager: updateScale0.4617737
11-29 09:08:40.009 1491 1772 W WindowManager: updateScale0.4617737
11-29 09:08:40.019 1491 1607 W UsageStatsService: Unexpected activity event reported! (com.android.launcher3/com.android.launcher3.uioverrides.QuickstepLauncher event : 23 instanceId : 49472091)
11-29 09:08:40.031 1491 1600 W WindowManager: updateScale0.4617737
11-29 09:08:40.034 1491 1600 W WindowManager: updateScale0.4617737
11-29 09:08:40.034 1491 1600 W WindowManager: updateScale0.4617737
11-29 09:08:40.037 16043 16059 W ContextImpl: Calling a method in the system process without a qualified user: android.app.ContextImpl.startService:1816 android.content.ContextWrapper.startService:774 com.thundercomm.gamemode.ingame.services.GameModeActionUtils.startGameModeService:93 com.thundercomm.gamemode.ingame.services.GameModeActionUtils.startGameModeEntry:21 com.thundercomm.gamemode.ingame.services.ActivityMonitoringService$1.onActivityLaunch:127
11-29 09:08:40.042 1491 1491 I GameModeConfig: Current uri is uri = content://com.thundercomm.gamemode.api/gamemode_settings/gamemode_isgaming
11-29 09:08:40.043 1491 1491 I GameModeConfig: isGameModeOn = false
11-29 09:08:40.043 1491 1491 I GameModeConfig: isGameModeOn = false
11-29 09:08:40.043 1491 1491 I GameModeConfig: isDisableVoice = true
11-29 09:08:40.446 1491 1599 W WindowManager: updateScale0.4617737
11-29 09:08:40.449 1491 1599 I ActivityTaskManager: FOREGROUND_APPLICATION_CHANGED to com.android.settings.homepage.SettingsHomepageActivity
11-29 09:08:40.467 1491 1772 W WindowManager: updateScale0.4617737
11-29 09:08:40.483 1491 8786 W WindowManager: updateScale0.4617737
11-29 09:08:40.486 1491 9370 W WindowManager: updateScale0.4617737
11-29 09:08:40.494 1491 9370 I WindowManager: Queue is too deep! Purged item with taskid=380
11-29 09:08:40.540 16043 16059 W ContextImpl: Calling a method in the system process without a qualified user: android.app.ContextImpl.startService:1816 android.content.ContextWrapper.startService:774 com.thundercomm.gamemode.ingame.services.GameModeActionUtils.startGameModeService:93 com.thundercomm.gamemode.ingame.services.GameModeActionUtils.startGameModeEntry:21 com.thundercomm.gamemode.ingame.services.ActivityMonitoringService$1.onActivityLaunch:127
11-29 09:08:40.545 1491 1491 I GameModeConfig: Current uri is uri = content://com.thundercomm.gamemode.api/gamemode_settings/gamemode_isgaming
11-29 09:08:40.547 1491 1491 I GameModeConfig: isGameModeOn = false
11-29 09:08:40.547 1491 1491 I GameModeConfig: isGameModeOn = false
11-29 09:08:40.548 1491 1491 I GameModeConfig: isDisableVoice = true
11-29 09:08:40.548 1491 8786 W ActivityTaskManager: getTaskSnapshot: taskId=4372 not found
11-29 09:08:40.548 1491 8701 W ActivityTaskManager: getTaskSnapshot: taskId=3372 not found
11-29 09:08:40.548 1491 8701 W ActivityTaskManager: getTaskSnapshot: taskId=1372 not found
11-29 09:08:40.562 1491 8701 D FreeFormWindowHelper: Remove freefrom task=Task{bf86660 #382 type=standard A=10068:com.android.gallery3d U=0 visible=false mode=freeform translucent=true sz=0}
11-29 09:08:40.620 16043 16059 W ContextImpl: Calling a method in the system process without a qualified user: android.app.ContextImpl.startService:1816 android.content.ContextWrapper.startService:774 com.thundercomm.gamemode.ingame.services.GameModeActionUtils.startGameModeService:93 com.thundercomm.gamemode.ingame.services.GameModeActionUtils.startGameModeEntry:21 com.thundercomm.gamemode.ingame.services.ActivityMonitoringService$1.onActivityLaunch:127
11-29 09:08:40.624 1491 1491 I GameModeConfig: Current uri is uri = content://com.thundercomm.gamemode.api/gamemode_settings/gamemode_isgaming
11-29 09:08:40.626 1491 1491 I GameModeConfig: isGameModeOn = false
11-29 09:08:40.627 1491 1491 I GameModeConfig: isGameModeOn = false
11-29 09:08:40.627 1491 1491 I GameModeConfig: isDisableVoice = true
11-29 09:08:41.226 1491 8786 I WindowManager: Queue is too deep! Purged item with taskid=381
11-29 09:08:42.239 1491 1491 I GameModeConfig: isGameModeOn = false
11-29 09:08:43.438 1491 8701 I ActivityTaskManager: FOREGROUND_APPLICATION_CHANGED to com.android.music.MusicBrowserActivity
11-29 09:08:43.474 16043 16059 W ContextImpl: Calling a method in the system process without a qualified user: android.app.ContextImpl.startService:1816 android.content.ContextWrapper.startService:774 com.thundercomm.gamemode.ingame.services.GameModeActionUtils.startGameModeService:93 com.thundercomm.gamemode.ingame.services.GameModeActionUtils.startGameModeEntry:21 com.thundercomm.gamemode.ingame.services.ActivityMonitoringService$1.onActivityLaunch:127
11-29 09:08:43.482 1491 1491 I GameModeConfig: Current uri is uri = content://com.thundercomm.gamemode.api/gamemode_settings/gamemode_isgaming
11-29 09:08:43.485 1491 1760 I GameModeConfig: isGameModeOn = false
11-29 09:08:43.485 1491 1760 I GameModeConfig: isGameModeOn = false
11-29 09:08:43.485 1491 1760 I GameModeConfig: isGameModeOn = false
11-29 09:08:43.485 1491 1760 I GameModeConfig: isGameModeOn = false
11-29 09:08:43.486 1491 1760 I GameModeConfig: isGameModeOn = false
11-29 09:08:43.487 1491 1491 I GameModeConfig: isGameModeOn = false
11-29 09:08:43.489 1491 1491 I GameModeConfig: isGameModeOn = false
11-29 09:08:43.489 1491 1491 I GameModeConfig: isDisableVoice = true
11-29 09:08:43.556 16043 16059 W ContextImpl: Calling a method in the system process without a qualified user: android.app.ContextImpl.startService:1816 android.content.ContextWrapper.startService:774 com.thundercomm.gamemode.ingame.services.GameModeActionUtils.startGameModeService:93 com.thundercomm.gamemode.ingame.services.GameModeActionUtils.startGameModeEntry:21 com.thundercomm.gamemode.ingame.services.ActivityMonitoringService$1.onActivityLaunch:127
11-29 09:08:43.561 1491 1491 I GameModeConfig: Current uri is uri = content://com.thundercomm.gamemode.api/gamemode_settings/gamemode_isgaming
11-29 09:08:43.563 1491 1491 I GameModeConfig: isGameModeOn = false
11-29 09:08:43.563 1491 1491 I GameModeConfig: isGameModeOn = false
11-29 09:08:43.564 1491 1491 I GameModeConfig: isDisableVoice = true
11-29 09:08:43.708 1491 1491 I GameModeConfig: isGameModeOn = false
11-29 09:08:43.710 1491 1491 I GameModeConfig: isGameModeOn = false
11-29 09:08:43.862 1491 8786 W ContextImpl: Calling a method in the system process without a qualified user: android.app.ContextImpl.startActivity:1067 com.android.server.wm.FreeFormWindowHelper.exitRecentTasks:423 com.android.server.wm.ActivityTaskManagerService.exitRecentTasks:3795 android.app.IActivityTaskManager$Stub.onTransact:2307 com.android.server.wm.ActivityTaskManagerService.onTransact:5046
11-29 09:08:43.866 1491 8786 I ActivityTaskManager: START u0 {flg=0x10008000 cmp=com.android.gallery3d/.app.GalleryActivity} from uid 1000
11-29 09:08:43.870 1491 8786 W ActivityTaskManager: Can't find TaskDisplayArea to determine support for multi window. Task id=383 attached=false
11-29 09:08:43.872 1491 8786 D FreeFormWindowHelper: Add freeform task=Task{25ad72f #383 type=standard ?? U=0 visible=false mode=freeform translucent=true sz=0}
11-29 09:08:43.876 1491 8786 I ActivityTaskManager: FOREGROUND_APPLICATION_CHANGED to com.android.gallery3d.app.GalleryActivity
11-29 09:08:43.876 1491 8786 I ActivityTaskManager: The Process com.android.gallery3d Already Exists in BG. So sending its PID: 12550
11-29 09:08:43.876 1491 8786 W ActivityTaskManager: Tried to set launchTime (0) < mLastActivityLaunchTime (21298449)
11-29 09:08:43.898 16043 16059 W ContextImpl: Calling a method in the system process without a qualified user: android.app.ContextImpl.startService:1816 android.content.ContextWrapper.startService:774 com.thundercomm.gamemode.ingame.services.GameModeActionUtils.startGameModeService:93 com.thundercomm.gamemode.ingame.services.GameModeActionUtils.startGameModeEntry:21 com.thundercomm.gamemode.ingame.services.ActivityMonitoringService$1.onActivityLaunch:127
11-29 09:08:43.903 1491 1491 I GameModeConfig: Current uri is uri = content://com.thundercomm.gamemode.api/gamemode_settings/gamemode_isgaming
11-29 09:08:43.904 1491 1491 I GameModeConfig: isGameModeOn = false
11-29 09:08:43.905 1491 1491 I GameModeConfig: isGameModeOn = false
11-29 09:08:43.905 1491 1491 I GameModeConfig: isDisableVoice = true
11-29 09:08:43.914 16043 16059 W ContextImpl: Calling a method in the system process without a qualified user: android.app.ContextImpl.startService:1816 android.content.ContextWrapper.startService:774 com.thundercomm.gamemode.ingame.services.GameModeActionUtils.startGameModeService:93 com.thundercomm.gamemode.ingame.services.GameModeActionUtils.startGameModeEntry:21 com.thundercomm.gamemode.ingame.services.ActivityMonitoringService$1.onActivityLaunch:127
11-29 09:08:43.919 1491 1772 W WindowManager: updateScale0.4617737
11-29 09:08:43.924 1491 1491 I GameModeConfig: Current uri is uri = content://com.thundercomm.gamemode.api/gamemode_settings/gamemode_isgaming
11-29 09:08:43.925 1491 1491 I GameModeConfig: isGameModeOn = false
11-29 09:08:43.925 1491 1491 I GameModeConfig: isGameModeOn = false
11-29 09:08:43.925 1491 1491 I GameModeConfig: isDisableVoice = true
11-29 09:08:43.937 1491 1607 W UsageStatsService: Unexpected activity event reported! (com.android.launcher3/com.android.launcher3.uioverrides.QuickstepLauncher event : 23 instanceId : 49472091)
11-29 09:08:43.939 1491 1600 W WindowManager: updateScale0.4617737
11-29 09:08:43.941 1491 1600 W WindowManager: updateScale0.4617737
11-29 09:08:43.943 1491 1600 W WindowManager: updateScale0.4617737
11-29 09:08:43.953 16043 16059 W ContextImpl: Calling a method in the system process without a qualified user: android.app.ContextImpl.startService:1816 android.content.ContextWrapper.startService:774 com.thundercomm.gamemode.ingame.services.GameModeActionUtils.startGameModeService:93 com.thundercomm.gamemode.ingame.services.GameModeActionUtils.startGameModeEntry:21 com.thundercomm.gamemode.ingame.services.ActivityMonitoringService$1.onActivityLaunch:127
11-29 09:08:43.963 1491 1491 I GameModeConfig: Current uri is uri = content://com.thundercomm.gamemode.api/gamemode_settings/gamemode_isgaming
11-29 09:08:43.965 1491 1491 I GameModeConfig: isGameModeOn = false
11-29 09:08:43.965 1491 1491 I GameModeConfig: isGameModeOn = false
11-29 09:08:43.965 1491 1491 I GameModeConfig: isDisableVoice = true
11-29 09:08:44.169 1491 1599 W WindowManager: updateScale0.4617737
11-29 09:08:44.172 1491 1599 I ActivityTaskManager: FOREGROUND_APPLICATION_CHANGED to com.android.music.MusicBrowserActivity
11-29 09:08:44.187 1491 8786 W WindowManager: updateScale0.4617737
11-29 09:08:44.198 1491 8786 W WindowManager: updateScale0.4617737
11-29 09:08:44.202 1491 8786 W WindowManager: updateScale0.4617737
11-29 09:08:44.218 1491 8786 I WindowManager: Queue is too deep! Purged item with taskid=382
11-29 09:08:44.229 16043 16059 W ContextImpl: Calling a method in the system process without a qualified user: android.app.ContextImpl.startService:1816 android.content.ContextWrapper.startService:774 com.thundercomm.gamemode.ingame.services.GameModeActionUtils.startGameModeService:93 com.thundercomm.gamemode.ingame.services.GameModeActionUtils.startGameModeEntry:21 com.thundercomm.gamemode.ingame.services.ActivityMonitoringService$1.onActivityLaunch:127
11-29 09:08:44.235 1491 1491 I GameModeConfig: Current uri is uri = content://com.thundercomm.gamemode.api/gamemode_settings/gamemode_isgaming
11-29 09:08:44.240 1491 1491 I GameModeConfig: isGameModeOn = false
11-29 09:08:44.241 1491 1491 I GameModeConfig: isGameModeOn = false
11-29 09:08:44.241 1491 1491 I GameModeConfig: isDisableVoice = true
11-29 09:08:44.265 1491 1772 W ActivityTaskManager: getTaskSnapshot: taskId=1377 not found
11-29 09:08:44.269 1491 9370 W ActivityTaskManager: getTaskSnapshot: taskId=2377 not found
11-29 09:08:44.271 1491 1700 W ActivityTaskManager: getTaskSnapshot: taskId=3377 not found
11-29 09:08:44.275 1491 9370 W ActivityTaskManager: getTaskSnapshot: taskId=4377 not found
11-29 09:08:44.277 16043 16059 W ContextImpl: Calling a method in the system process without a qualified user: android.app.ContextImpl.startService:1816 android.content.ContextWrapper.startService:774 com.thundercomm.gamemode.ingame.services.GameModeActionUtils.startGameModeService:93 com.thundercomm.gamemode.ingame.services.GameModeActionUtils.startGameModeEntry:21 com.thundercomm.gamemode.ingame.services.ActivityMonitoringService$1.onActivityLaunch:127
11-29 09:08:44.281 1491 1491 I GameModeConfig: Current uri is uri = content://com.thundercomm.gamemode.api/gamemode_settings/gamemode_isgaming
11-29 09:08:44.282 1491 1491 I GameModeConfig: isGameModeOn = false
11-29 09:08:44.282 1491 1491 I GameModeConfig: isGameModeOn = false
11-29 09:08:44.282 1491 1491 I GameModeConfig: isDisableVoice = true
11-29 09:08:44.342 16043 16059 W ContextImpl: Calling a method in the system process without a qualified user: android.app.ContextImpl.startService:1816 android.content.ContextWrapper.startService:774 com.thundercomm.gamemode.ingame.services.GameModeActionUtils.startGameModeService:93 com.thundercomm.gamemode.ingame.services.GameModeActionUtils.startGameModeEntry:21 com.thundercomm.gamemode.ingame.services.ActivityMonitoringService$1.onActivityLaunch:127
11-29 09:08:44.348 1491 1491 I GameModeConfig: Current uri is uri = content://com.thundercomm.gamemode.api/gamemode_settings/gamemode_isgaming
11-29 09:08:44.350 1491 1491 I GameModeConfig: isGameModeOn = false
11-29 09:08:44.350 1491 1491 I GameModeConfig: isGameModeOn = false
11-29 09:08:44.350 1491 1491 I GameModeConfig: isDisableVoice = true
11-29 09:08:44.451 1491 1600 D FreeFormWindowHelper: Remove freefrom task=Task{25ad72f #383 type=standard A=10068:com.android.gallery3d U=0 visible=false mode=freeform translucent=true sz=0}
11-29 09:08:44.909 1491 9370 I WindowManager: Queue is too deep! Purged item with taskid=377
11-29 09:08:54.230 1491 1599 W ActivityTaskManager: Launch timeout has expired, giving up wake lock!
11-29 09:09:07.610 1491 1610 I ActivityManager: Process PhantomProcessRecord {26f69fc 15578:27146:ping/u0a97} died
11-29 09:09:37.484 1491 1626 V DisplayPowerController[0]: Brightness [0.05] reason changing to: 'manual [ dim ]', previous reason: 'manual'.
11-29 09:09:37.496 1491 1874 E DisplayDeviceConfig: requesting nits when no mapping exists.
11-29 09:09:37.496 1491 1874 E DisplayDeviceConfig: requesting nits when no mapping exists.
11-29 09:09:37.498 1491 1608 I DropBoxManagerService: add tag=system_server_wtf isTagEnabled=true flags=0x2
11-29 09:09:37.501 1491 1608 I DropBoxManagerService: add tag=system_server_wtf isTagEnabled=true flags=0x2
11-29 09:09:37.512 1491 1874 E DisplayDeviceConfig: requesting nits when no mapping exists.
11-29 09:09:37.512 1491 1874 E DisplayDeviceConfig: requesting nits when no mapping exists.
11-29 09:09:37.513 1491 1608 I DropBoxManagerService: add tag=system_server_wtf isTagEnabled=true flags=0x2
11-29 09:09:37.515 1491 1608 I DropBoxManagerService: add tag=system_server_wtf isTagEnabled=true flags=0x2
11-29 09:09:37.529 1491 1874 E DisplayDeviceConfig: requesting nits when no mapping exists.
11-29 09:09:37.529 1491 1874 E DisplayDeviceConfig: requesting nits when no mapping exists.
11-29 09:09:37.530 1491 1608 I DropBoxManagerService: add tag=system_server_wtf isTagEnabled=true flags=0x2
11-29 09:09:37.546 1491 1874 E DisplayDeviceConfig: requesting nits when no mapping exists.
11-29 09:09:37.547 1491 1874 E DisplayDeviceConfig: requesting nits when no mapping exists.
11-29 09:09:37.562 1491 1874 E DisplayDeviceConfig: requesting nits when no mapping exists.
11-29 09:09:37.563 1491 1874 E DisplayDeviceConfig: requesting nits when no mapping exists.
11-29 09:09:37.579 1491 1874 E DisplayDeviceConfig: requesting nits when no mapping exists.
11-29 09:09:37.580 1491 1874 E DisplayDeviceConfig: requesting nits when no mapping exists.
11-29 09:09:37.596 1491 1874 E DisplayDeviceConfig: requesting nits when no mapping exists.
11-29 09:09:37.596 1491 1874 E DisplayDeviceConfig: requesting nits when no mapping exists.
11-29 09:09:37.613 1491 1874 E DisplayDeviceConfig: requesting nits when no mapping exists.
11-29 09:09:37.613 1491 1874 E DisplayDeviceConfig: requesting nits when no mapping exists.
11-29 09:09:37.629 1491 1874 E DisplayDeviceConfig: requesting nits when no mapping exists.
11-29 09:09:37.631 1491 1874 E DisplayDeviceConfig: requesting nits when no mapping exists.
11-29 09:09:37.646 1491 1874 E DisplayDeviceConfig: requesting nits when no mapping exists.
11-29 09:09:37.647 1491 1874 E DisplayDeviceConfig: requesting nits when no mapping exists.
11-29 09:09:37.663 1491 1874 E DisplayDeviceConfig: requesting nits when no mapping exists.
11-29 09:09:37.663 1491 1874 E DisplayDeviceConfig: requesting nits when no mapping exists.
11-29 09:09:37.679 1491 1874 E DisplayDeviceConfig: requesting nits when no mapping exists.
11-29 09:09:37.680 1491 1874 E DisplayDeviceConfig: requesting nits when no mapping exists.
11-29 09:09:37.696 1491 1874 E DisplayDeviceConfig: requesting nits when no mapping exists.
11-29 09:09:37.697 1491 1874 E DisplayDeviceConfig: requesting nits when no mapping exists.
11-29 09:09:37.713 1491 1874 E DisplayDeviceConfig: requesting nits when no mapping exists.
11-29 09:09:37.713 1491 1874 E DisplayDeviceConfig: requesting nits when no mapping exists.
11-29 09:09:37.730 1491 1874 E DisplayDeviceConfig: requesting nits when no mapping exists.
11-29 09:09:37.731 1491 1874 E DisplayDeviceConfig: requesting nits when no mapping exists.
11-29 09:09:37.746 1491 1874 E DisplayDeviceConfig: requesting nits when no mapping exists.
11-29 09:09:37.747 1491 1874 E DisplayDeviceConfig: requesting nits when no mapping exists.
11-29 09:09:37.763 1491 1874 E DisplayDeviceConfig: requesting nits when no mapping exists.
11-29 09:09:37.764 1491 1874 E DisplayDeviceConfig: requesting nits when no mapping exists.
11-29 09:09:37.780 1491 1874 E DisplayDeviceConfig: requesting nits when no mapping exists.
11-29 09:09:37.781 1491 1874 E DisplayDeviceConfig: requesting nits when no mapping exists.
11-29 09:09:37.803 1491 1874 E DisplayDeviceConfig: requesting nits when no mapping exists.
11-29 09:09:37.804 1491 1874 E DisplayDeviceConfig: requesting nits when no mapping exists.
11-29 09:09:37.814 1491 1874 E DisplayDeviceConfig: requesting nits when no mapping exists.
11-29 09:09:37.814 1491 1874 E DisplayDeviceConfig: requesting nits when no mapping exists.
11-29 09:09:37.830 1491 1874 E DisplayDeviceConfig: requesting nits when no mapping exists.
11-29 09:09:37.830 1491 1874 E DisplayDeviceConfig: requesting nits when no mapping exists.
11-29 09:09:37.846 1491 1874 E DisplayDeviceConfig: requesting nits when no mapping exists.
11-29 09:09:37.847 1491 1874 E DisplayDeviceConfig: requesting nits when no mapping exists.
11-29 09:09:37.863 1491 1874 E DisplayDeviceConfig: requesting nits when no mapping exists.
11-29 09:09:37.863 1491 1874 E DisplayDeviceConfig: requesting nits when no mapping exists.
11-29 09:09:37.879 1491 1874 E DisplayDeviceConfig: requesting nits when no mapping exists.
11-29 09:09:37.880 1491 1874 E DisplayDeviceConfig: requesting nits when no mapping exists.
11-29 09:09:37.896 1491 1874 E DisplayDeviceConfig: requesting nits when no mapping exists.
11-29 09:09:37.897 1491 1874 E DisplayDeviceConfig: requesting nits when no mapping exists.
11-29 09:09:37.913 1491 1874 E DisplayDeviceConfig: requesting nits when no mapping exists.
11-29 09:09:37.914 1491 1874 E DisplayDeviceConfig: requesting nits when no mapping exists.
11-29 09:09:37.930 1491 1874 E DisplayDeviceConfig: requesting nits when no mapping exists.
11-29 09:09:37.931 1491 1874 E DisplayDeviceConfig: requesting nits when no mapping exists.
11-29 09:09:37.948 1491 1874 E DisplayDeviceConfig: requesting nits when no mapping exists.
11-29 09:09:37.949 1491 1874 E DisplayDeviceConfig: requesting nits when no mapping exists.
11-29 09:09:37.963 1491 1874 E DisplayDeviceConfig: requesting nits when no mapping exists.
11-29 09:09:37.964 1491 1874 E DisplayDeviceConfig: requesting nits when no mapping exists.
11-29 09:09:37.981 1491 1874 E DisplayDeviceConfig: requesting nits when no mapping exists.
11-29 09:09:37.983 1491 1874 E DisplayDeviceConfig: requesting nits when no mapping exists.
11-29 09:09:37.997 1491 1874 E DisplayDeviceConfig: requesting nits when no mapping exists.
11-29 09:09:37.998 1491 1874 E DisplayDeviceConfig: requesting nits when no mapping exists.
11-29 09:09:38.013 1491 1874 E DisplayDeviceConfig: requesting nits when no mapping exists.
11-29 09:09:38.014 1491 1874 E DisplayDeviceConfig: requesting nits when no mapping exists.
11-29 09:09:38.037 1491 1874 E DisplayDeviceConfig: requesting nits when no mapping exists.
11-29 09:09:38.038 1491 1874 E DisplayDeviceConfig: requesting nits when no mapping exists.
11-29 09:09:38.047 1491 1874 E DisplayDeviceConfig: requesting nits when no mapping exists.
11-29 09:09:38.048 1491 1874 E DisplayDeviceConfig: requesting nits when no mapping exists.
11-29 09:09:38.064 1491 1874 E DisplayDeviceConfig: requesting nits when no mapping exists.
11-29 09:09:38.064 1491 1874 E DisplayDeviceConfig: requesting nits when no mapping exists.
11-29 09:09:38.080 1491 1874 E DisplayDeviceConfig: requesting nits when no mapping exists.
11-29 09:09:38.081 1491 1874 E DisplayDeviceConfig: requesting nits when no mapping exists.
11-29 09:09:38.098 1491 1874 E DisplayDeviceConfig: requesting nits when no mapping exists.
11-29 09:09:38.098 1491 1874 E DisplayDeviceConfig: requesting nits when no mapping exists.
11-29 09:09:38.114 1491 1874 E DisplayDeviceConfig: requesting nits when no mapping exists.
11-29 09:09:38.115 1491 1874 E DisplayDeviceConfig: requesting nits when no mapping exists.
11-29 09:09:38.131 1491 1874 E DisplayDeviceConfig: requesting nits when no mapping exists.
11-29 09:09:38.131 1491 1874 E DisplayDeviceConfig: requesting nits when no mapping exists.
11-29 09:09:38.147 1491 1874 E DisplayDeviceConfig: requesting nits when no mapping exists.
11-29 09:09:38.148 1491 1874 E DisplayDeviceConfig: requesting nits when no mapping exists.
11-29 09:09:38.164 1491 1874 E DisplayDeviceConfig: requesting nits when no mapping exists.
11-29 09:09:38.165 1491 1874 E DisplayDeviceConfig: requesting nits when no mapping exists.
11-29 09:09:38.180 1491 1874 E DisplayDeviceConfig: requesting nits when no mapping exists.
11-29 09:09:38.181 1491 1874 E DisplayDeviceConfig: requesting nits when no mapping exists.
11-29 09:09:38.197 1491 1874 E DisplayDeviceConfig: requesting nits when no mapping exists.
11-29 09:09:38.198 1491 1874 E DisplayDeviceConfig: requesting nits when no mapping exists.
11-29 09:09:38.214 1491 1874 E DisplayDeviceConfig: requesting nits when no mapping exists.
11-29 09:09:38.215 1491 1874 E DisplayDeviceConfig: requesting nits when no mapping exists.
11-29 09:09:38.231 1491 1874 E DisplayDeviceConfig: requesting nits when no mapping exists.
11-29 09:09:38.232 1491 1874 E DisplayDeviceConfig: requesting nits when no mapping exists.
11-29 09:09:38.247 1491 1874 E DisplayDeviceConfig: requesting nits when no mapping exists.
11-29 09:09:38.248 1491 1874 E DisplayDeviceConfig: requesting nits when no mapping exists.
11-29 09:09:38.264 1491 1874 E DisplayDeviceConfig: requesting nits when no mapping exists.
11-29 09:09:38.265 1491 1874 E DisplayDeviceConfig: requesting nits when no mapping exists.
11-29 09:09:38.282 1491 1874 E DisplayDeviceConfig: requesting nits when no mapping exists.
11-29 09:09:38.283 1491 1874 E DisplayDeviceConfig: requesting nits when no mapping exists.
11-29 09:09:38.306 1491 1874 E DisplayDeviceConfig: requesting nits when no mapping exists.
11-29 09:09:38.307 1491 1874 E DisplayDeviceConfig: requesting nits when no mapping exists.
11-29 09:09:38.315 1491 1874 E DisplayDeviceConfig: requesting nits when no mapping exists.
11-29 09:09:38.316 1491 1874 E DisplayDeviceConfig: requesting nits when no mapping exists.
11-29 09:09:38.331 1491 1874 E DisplayDeviceConfig: requesting nits when no mapping exists.
11-29 09:09:38.332 1491 1874 E DisplayDeviceConfig: requesting nits when no mapping exists.
11-29 09:09:38.348 1491 1874 E DisplayDeviceConfig: requesting nits when no mapping exists.
11-29 09:09:38.349 1491 1874 E DisplayDeviceConfig: requesting nits when no mapping exists.
11-29 09:09:38.366 1491 1874 E DisplayDeviceConfig: requesting nits when no mapping exists.
11-29 09:09:38.368 1491 1874 E DisplayDeviceConfig: requesting nits when no mapping exists.
11-29 09:09:38.382 1491 1874 E DisplayDeviceConfig: requesting nits when no mapping exists.
11-29 09:09:38.383 1491 1874 E DisplayDeviceConfig: requesting nits when no mapping exists.
11-29 09:09:38.398 1491 1874 E DisplayDeviceConfig: requesting nits when no mapping exists.
11-29 09:09:38.400 1491 1874 E DisplayDeviceConfig: requesting nits when no mapping exists.
11-29 09:09:38.414 1491 1874 E DisplayDeviceConfig: requesting nits when no mapping exists.
11-29 09:09:38.415 1491 1874 E DisplayDeviceConfig: requesting nits when no mapping exists.
11-29 09:09:38.432 1491 1874 E DisplayDeviceConfig: requesting nits when no mapping exists.
11-29 09:09:38.434 1491 1874 E DisplayDeviceConfig: requesting nits when no mapping exists.
11-29 09:09:38.449 1491 1874 E DisplayDeviceConfig: requesting nits when no mapping exists.
11-29 09:09:38.450 1491 1874 E DisplayDeviceConfig: requesting nits when no mapping exists.
11-29 09:09:41.503 1491 1626 V DisplayPowerController[0]: Brightness [1.0] reason changing to: 'manual', previous reason: 'manual [ dim ]'.
11-29 09:09:41.505 1491 1874 E DisplayDeviceConfig: requesting nits when no mapping exists.
11-29 09:09:41.505 1491 1874 E DisplayDeviceConfig: requesting nits when no mapping exists.
11-29 09:09:41.522 1491 1874 E DisplayDeviceConfig: requesting nits when no mapping exists.
11-29 09:09:41.522 1491 1874 E DisplayDeviceConfig: requesting nits when no mapping exists.
11-29 09:09:41.538 1491 1874 E DisplayDeviceConfig: requesting nits when no mapping exists.
11-29 09:09:41.539 1491 1874 E DisplayDeviceConfig: requesting nits when no mapping exists.
11-29 09:09:41.555 1491 1874 E DisplayDeviceConfig: requesting nits when no mapping exists.
11-29 09:09:41.555 1491 1874 E DisplayDeviceConfig: requesting nits when no mapping exists.
11-29 09:09:41.572 1491 1874 E DisplayDeviceConfig: requesting nits when no mapping exists.
11-29 09:09:41.572 1491 1874 E DisplayDeviceConfig: requesting nits when no mapping exists.
11-29 09:09:41.590 1491 1874 E DisplayDeviceConfig: requesting nits when no mapping exists.
11-29 09:09:41.590 1491 1874 E DisplayDeviceConfig: requesting nits when no mapping exists.
11-29 09:09:41.605 1491 1874 E DisplayDeviceConfig: requesting nits when no mapping exists.
11-29 09:09:41.606 1491 1874 E DisplayDeviceConfig: requesting nits when no mapping exists.
11-29 09:09:41.622 1491 1874 E DisplayDeviceConfig: requesting nits when no mapping exists.
11-29 09:09:41.623 1491 1874 E DisplayDeviceConfig: requesting nits when no mapping exists.
11-29 09:09:41.639 1491 1874 E DisplayDeviceConfig: requesting nits when no mapping exists.
11-29 09:09:41.640 1491 1874 E DisplayDeviceConfig: requesting nits when no mapping exists.
11-29 09:09:41.656 1491 1874 E DisplayDeviceConfig: requesting nits when no mapping exists.
11-29 09:09:41.656 1491 1874 E DisplayDeviceConfig: requesting nits when no mapping exists.
11-29 09:09:41.672 1491 1874 E DisplayDeviceConfig: requesting nits when no mapping exists.
11-29 09:09:41.675 1491 1874 E DisplayDeviceConfig: requesting nits when no mapping exists.
11-29 09:09:41.689 1491 1874 E DisplayDeviceConfig: requesting nits when no mapping exists.
11-29 09:09:41.690 1491 1874 E DisplayDeviceConfig: requesting nits when no mapping exists.
11-29 09:09:41.706 1491 1874 E DisplayDeviceConfig: requesting nits when no mapping exists.
11-29 09:09:41.707 1491 1874 E DisplayDeviceConfig: requesting nits when no mapping exists.
11-29 09:09:41.729 1491 1874 E DisplayDeviceConfig: requesting nits when no mapping exists.
11-29 09:09:41.730 1491 1874 E DisplayDeviceConfig: requesting nits when no mapping exists.
11-29 09:09:41.739 1491 1874 E DisplayDeviceConfig: requesting nits when no mapping exists.
11-29 09:09:41.741 1491 1874 E DisplayDeviceConfig: requesting nits when no mapping exists.
11-29 09:09:41.756 1491 1874 E DisplayDeviceConfig: requesting nits when no mapping exists.
11-29 09:09:41.756 1491 1874 E DisplayDeviceConfig: requesting nits when no mapping exists.
11-29 09:09:41.772 1491 1874 E DisplayDeviceConfig: requesting nits when no mapping exists.
11-29 09:09:41.773 1491 1874 E DisplayDeviceConfig: requesting nits when no mapping exists.
