11-29 09:10:54.301 1491 8646 W ActivityTaskManager: Tried to set launchTime (0) < mLastActivityLaunchTime (21431203)
11-29 09:10:54.324 16043 16059 W ContextImpl: Calling a method in the system process without a qualified user: android.app.ContextImpl.startService:1816 android.content.ContextWrapper.startService:774 com.thundercomm.gamemode.ingame.services.GameModeActionUtils.startGameModeService:93 com.thundercomm.gamemode.ingame.services.GameModeActionUtils.startGameModeEntry:21 com.thundercomm.gamemode.ingame.services.ActivityMonitoringService$1.onActivityLaunch:127
11-29 09:10:54.330 1491 1491 I GameModeConfig: Current uri is uri = content://com.thundercomm.gamemode.api/gamemode_settings/gamemode_isgaming
11-29 09:10:54.335 1491 1491 I GameModeConfig: isGameModeOn = false
11-29 09:10:54.335 1491 1491 I GameModeConfig: isGameModeOn = false
11-29 09:10:54.335 1491 1491 I GameModeConfig: isDisableVoice = true
11-29 09:10:54.371 1491 1772 W WindowManager: updateScale0.4617737
11-29 09:10:54.371 1491 1772 W WindowManager: updateScale0.4617737
11-29 09:10:54.378 1491 1600 W WindowManager: updateScale0.4617737
11-29 09:10:54.382 1491 8943 I ActivityTaskManager: FOREGROUND_APPLICATION_CHANGED to com.android.deskclock.DeskClock
11-29 09:10:54.387 1491 8943 W WindowManager: updateScale0.4617737
11-29 09:10:54.403 1491 8943 W WindowManager: updateScale0.4617737
11-29 09:10:54.422 1491 8646 W WindowManager: updateScale0.4617737
11-29 09:10:54.427 16043 16059 W ContextImpl: Calling a method in the system process without a qualified user: android.app.ContextImpl.startService:1816 android.content.ContextWrapper.startService:774 com.thundercomm.gamemode.ingame.services.GameModeActionUtils.startGameModeService:93 com.thundercomm.gamemode.ingame.services.GameModeActionUtils.startGameModeEntry:21 com.thundercomm.gamemode.ingame.services.ActivityMonitoringService$1.onActivityLaunch:127
11-29 09:10:54.430 1491 1491 I GameModeConfig: Current uri is uri = content://com.thundercomm.gamemode.api/gamemode_settings/gamemode_isgaming
11-29 09:10:54.433 1491 1491 I GameModeConfig: isGameModeOn = false
11-29 09:10:54.433 1491 1491 I GameModeConfig: isGameModeOn = false
11-29 09:10:54.433 1491 1491 I GameModeConfig: isDisableVoice = true
11-29 09:10:54.494 16043 16059 W ContextImpl: Calling a method in the system process without a qualified user: android.app.ContextImpl.startService:1816 android.content.ContextWrapper.startService:774 com.thundercomm.gamemode.ingame.services.GameModeActionUtils.startGameModeService:93 com.thundercomm.gamemode.ingame.services.GameModeActionUtils.startGameModeEntry:21 com.thundercomm.gamemode.ingame.services.ActivityMonitoringService$1.onActivityLaunch:127
11-29 09:10:54.498 1491 1491 I GameModeConfig: Current uri is uri = content://com.thundercomm.gamemode.api/gamemode_settings/gamemode_isgaming
11-29 09:10:54.499 1491 1491 I GameModeConfig: isGameModeOn = false
11-29 09:10:54.500 1491 1491 I GameModeConfig: isGameModeOn = false
11-29 09:10:54.500 1491 1491 I GameModeConfig: isDisableVoice = true
11-29 09:10:54.917 1491 1600 D FreeFormWindowHelper: refreshTipWindow windowDragBounds:Rect(16, 67 - 318, 605)
11-29 09:10:54.918 1491 1600 W WindowManager: updateScale0.4617737
11-29 09:10:54.934 1491 1600 D FreeFormWindowHelper: refreshTipWindow windowDragBounds:Rect(34, 68 - 336, 606)
11-29 09:10:54.935 1491 1600 W WindowManager: updateScale0.4617737
11-29 09:10:54.950 1491 1600 D FreeFormWindowHelper: refreshTipWindow windowDragBounds:Rect(44, 64 - 346, 602)
11-29 09:10:54.953 1491 1600 W WindowManager: updateScale0.4617737
11-29 09:10:54.967 1491 1600 D FreeFormWindowHelper: refreshTipWindow windowDragBounds:Rect(50, 64 - 352, 602)
11-29 09:10:54.968 1491 1600 W WindowManager: updateScale0.4617737
11-29 09:10:54.983 1491 1600 D FreeFormWindowHelper: refreshTipWindow windowDragBounds:Rect(54, 64 - 356, 602)
11-29 09:10:54.985 1491 1600 W WindowManager: updateScale0.4617737
11-29 09:10:55.033 1491 1600 D FreeFormWindowHelper: refreshTipWindow windowDragBounds:Rect(71, 61 - 373, 599)
11-29 09:10:55.034 1491 1600 W WindowManager: updateScale0.4617737
11-29 09:10:55.050 1491 1600 D FreeFormWindowHelper: refreshTipWindow windowDragBounds:Rect(89, 62 - 391, 600)
11-29 09:10:55.052 1491 1600 W WindowManager: updateScale0.4617737
11-29 09:10:55.054 1491 8943 W WindowManager: updateScale0.4617737
11-29 09:10:55.067 1491 1600 D FreeFormWindowHelper: refreshTipWindow windowDragBounds:Rect(129, 62 - 431, 600)
11-29 09:10:55.069 1491 1600 W WindowManager: updateScale0.4617737
11-29 09:10:55.084 1491 1600 D FreeFormWindowHelper: refreshTipWindow windowDragBounds:Rect(148, 62 - 450, 600)
11-29 09:10:55.086 1491 1600 W WindowManager: updateScale0.4617737
11-29 09:10:55.100 1491 1600 D FreeFormWindowHelper: refreshTipWindow windowDragBounds:Rect(164, 62 - 466, 600)
11-29 09:10:55.102 1491 1600 W WindowManager: updateScale0.4617737
11-29 09:10:55.117 1491 1600 D FreeFormWindowHelper: refreshTipWindow windowDragBounds:Rect(169, 62 - 471, 600)
11-29 09:10:55.118 1491 1600 W WindowManager: updateScale0.4617737
11-29 09:10:55.134 1491 1600 D FreeFormWindowHelper: refreshTipWindow windowDragBounds:Rect(173, 61 - 475, 599)
11-29 09:10:55.135 1491 1600 W WindowManager: updateScale0.4617737
11-29 09:10:55.150 1491 1600 D FreeFormWindowHelper: refreshTipWindow windowDragBounds:Rect(193, 61 - 495, 599)
11-29 09:10:55.152 1491 1600 W WindowManager: updateScale0.4617737
11-29 09:10:55.167 1491 1600 D FreeFormWindowHelper: refreshTipWindow windowDragBounds:Rect(230, 61 - 532, 599)
11-29 09:10:55.168 1491 1600 W WindowManager: updateScale0.4617737
11-29 09:10:55.184 1491 1600 D FreeFormWindowHelper: refreshTipWindow windowDragBounds:Rect(299, 61 - 601, 599)
11-29 09:10:55.185 1491 1600 W WindowManager: updateScale0.4617737
11-29 09:10:55.201 1491 1600 D FreeFormWindowHelper: refreshTipWindow windowDragBounds:Rect(390, 61 - 692, 599)
11-29 09:10:55.202 1491 1600 W WindowManager: updateScale0.4617737
11-29 09:10:55.217 1491 1600 D FreeFormWindowHelper: refreshTipWindow windowDragBounds:Rect(441, 61 - 743, 599)
11-29 09:10:55.218 1491 1600 W WindowManager: updateScale0.4617737
11-29 09:10:55.251 1491 1600 D FreeFormWindowHelper: refreshTipWindow windowDragBounds:Rect(495, 59 - 797, 597)
11-29 09:10:55.252 1491 1600 W WindowManager: updateScale0.4617737
11-29 09:10:55.268 1491 1600 D FreeFormWindowHelper: refreshTipWindow windowDragBounds:Rect(593, 59 - 895, 597)
11-29 09:10:55.269 1491 1600 W WindowManager: updateScale0.4617737
11-29 09:10:55.284 1491 1600 D FreeFormWindowHelper: refreshTipWindow windowDragBounds:Rect(724, 55 - 1026, 593)
11-29 09:10:55.289 1491 1600 W WindowManager: updateScale0.4617737
11-29 09:10:55.301 1491 1600 D FreeFormWindowHelper: refreshTipWindow windowDragBounds:Rect(819, 53 - 1121, 591)
11-29 09:10:55.302 1491 1600 W WindowManager: updateScale0.4617737
11-29 09:10:55.307 1491 8646 W WindowManager: updateScale0.4617737
11-29 09:10:55.318 1491 1600 D FreeFormWindowHelper: refreshTipWindow windowDragBounds:Rect(984, 49 - 1286, 587)
11-29 09:10:55.319 1491 1600 W WindowManager: updateScale0.4617737
11-29 09:10:55.338 1491 1600 D FreeFormWindowHelper: refreshTipWindow windowDragBounds:Rect(1113, 49 - 1415, 587)
11-29 09:10:55.339 1491 1600 W WindowManager: updateScale0.4617737
11-29 09:10:55.351 1491 1600 D FreeFormWindowHelper: refreshTipWindow windowDragBounds:Rect(1164, 47 - 1466, 585)
11-29 09:10:55.352 1491 1600 W WindowManager: updateScale0.4617737
11-29 09:10:55.372 1491 1600 D FreeFormWindowHelper: refreshTipWindow windowDragBounds:Rect(1178, 47 - 1480, 585)
11-29 09:10:55.373 1491 1600 W WindowManager: updateScale0.4617737
11-29 09:10:55.384 1491 1600 D FreeFormWindowHelper: refreshTipWindow windowDragBounds:Rect(1216, 46 - 1518, 584)
11-29 09:10:55.385 1491 1600 W WindowManager: updateScale0.4617737
11-29 09:10:55.392 1491 8646 W WindowManager: updateScale0.4617737
11-29 09:10:55.406 1491 1600 D FreeFormWindowHelper: refreshTipWindow windowDragBounds:Rect(1324, 46 - 1626, 584)
11-29 09:10:55.407 1491 1600 W WindowManager: updateScale0.4617737
11-29 09:10:55.418 1491 1600 D FreeFormWindowHelper: refreshTipWindow windowDragBounds:Rect(1423, 50 - 1725, 588)
11-29 09:10:55.419 1491 1600 W WindowManager: updateScale0.4617737
11-29 09:10:55.434 1491 1600 D FreeFormWindowHelper: refreshTipWindow windowDragBounds:Rect(1603, 59 - 1905, 597)
11-29 09:10:55.436 1491 1600 W WindowManager: updateScale0.4617737
11-29 09:10:55.451 1491 1600 D FreeFormWindowHelper: refreshTipWindow windowDragBounds:Rect(1651, 57 - 1953, 595)
11-29 09:10:55.452 1491 1600 W WindowManager: updateScale0.4617737
11-29 09:10:55.468 1491 1600 D FreeFormWindowHelper: refreshTipWindow windowDragBounds:Rect(1666, 57 - 1968, 595)
11-29 09:10:55.469 1491 1600 W WindowManager: updateScale0.4617737
11-29 09:10:55.502 1491 1600 D FreeFormWindowHelper: refreshTipWindow windowDragBounds:Rect(1671, 57 - 1973, 595)
11-29 09:10:55.503 1491 1600 W WindowManager: updateScale0.4617737
11-29 09:10:55.523 1491 2770 W WindowManager: updateScale0.4617737
11-29 09:10:55.535 1491 1600 D FreeFormWindowHelper: refreshTipWindow windowDragBounds:Rect(1676, 57 - 1978, 595)
11-29 09:10:55.536 1491 1600 W WindowManager: updateScale0.4617737
11-29 09:10:55.552 1491 1600 D FreeFormWindowHelper: refreshTipWindow windowDragBounds:Rect(1681, 54 - 1983, 592)
11-29 09:10:55.553 1491 1600 W WindowManager: updateScale0.4617737
11-29 09:10:55.568 1491 1600 D FreeFormWindowHelper: refreshTipWindow windowDragBounds:Rect(1684, 55 - 1986, 593)
11-29 09:10:55.569 1491 1600 W WindowManager: updateScale0.4617737
11-29 09:10:55.572 1491 8646 W WindowManager: updateScale0.4617737
11-29 09:10:55.576 1491 1600 D WindowManager: updateWindowDragBounds: mIsSwipeYfalse
11-29 09:10:55.576 1491 1600 D WindowManager: updateWindowDragBounds: mIsTopfalse
11-29 09:10:55.576 1491 1600 D WindowManager: updateWindowDragBounds: mIsSwipeXfalse
11-29 09:10:55.577 1491 1600 W WindowManager: updateScale0.4617737
11-29 09:10:55.594 1491 8646 W WindowManager: updateScale0.4617737
11-29 09:10:56.731 1491 8943 W WindowManager: updateScale0.7996942
11-29 09:10:56.737 1491 8943 W WindowManager: updateScale0.7996942
11-29 09:10:56.790 1491 2770 I ActivityTaskManager: START u0 {act=android.content.pm.action.REQUEST_PERMISSIONS pkg=com.android.permissioncontroller cmp=com.android.permissioncontroller/.permission.ui.GrantPermissionsActivity (has extras)} from uid 10067
11-29 09:10:56.794 1491 2770 W WindowManager: updateScale0.7996942
11-29 09:10:56.837 1491 2770 W WindowManager: updateScale0.7996942
11-29 09:10:56.839 1491 2770 W WindowManager: updateScale0.7996942
11-29 09:10:56.874 1491 2770 I ActivityTaskManager: FOREGROUND_APPLICATION_CHANGED to com.android.permissioncontroller.permission.ui.GrantPermissionsActivity
11-29 09:10:56.874 1491 2770 I ActivityTaskManager: The Process com.android.permissioncontroller Already Exists in BG. So sending its PID: 8944
11-29 09:10:56.874 1491 2770 W ActivityTaskManager: Tried to set launchTime (0) < mLastActivityLaunchTime (21432780)
11-29 09:10:56.891 16043 16059 W ContextImpl: Calling a method in the system process without a qualified user: android.app.ContextImpl.startService:1816 android.content.ContextWrapper.startService:774 com.thundercomm.gamemode.ingame.services.GameModeActionUtils.startGameModeService:93 com.thundercomm.gamemode.ingame.services.GameModeActionUtils.startGameModeEntry:21 com.thundercomm.gamemode.ingame.services.ActivityMonitoringService$1.onActivityLaunch:127
11-29 09:10:56.897 1491 1491 I GameModeConfig: Current uri is uri = content://com.thundercomm.gamemode.api/gamemode_settings/gamemode_isgaming
11-29 09:10:56.900 1491 1491 I GameModeConfig: isGameModeOn = false
11-29 09:10:56.900 1491 1491 I GameModeConfig: isGameModeOn = false
11-29 09:10:56.900 1491 1491 I GameModeConfig: isDisableVoice = true
11-29 09:10:56.914 1491 2770 W WindowManager: updateScale0.7996942
11-29 09:10:56.914 1491 2770 W WindowManager: updateScale0.7996942
11-29 09:10:56.918 1491 1600 W WindowManager: updateScale0.7996942
11-29 09:10:56.920 1491 2770 I ActivityTaskManager: FOREGROUND_APPLICATION_CHANGED to com.android.deskclock.DeskClock
11-29 09:10:56.929 1491 2770 W WindowManager: updateScale0.7996942
11-29 09:10:56.938 1491 2770 W WindowManager: updateScale0.7996942
11-29 09:10:56.949 1491 2770 W WindowManager: updateScale0.7996942
11-29 09:10:56.969 16043 16059 W ContextImpl: Calling a method in the system process without a qualified user: android.app.ContextImpl.startService:1816 android.content.ContextWrapper.startService:774 com.thundercomm.gamemode.ingame.services.GameModeActionUtils.startGameModeService:93 com.thundercomm.gamemode.ingame.services.GameModeActionUtils.startGameModeEntry:21 com.thundercomm.gamemode.ingame.services.ActivityMonitoringService$1.onActivityLaunch:127
11-29 09:10:56.976 1491 1491 I GameModeConfig: Current uri is uri = content://com.thundercomm.gamemode.api/gamemode_settings/gamemode_isgaming
11-29 09:10:56.978 1491 1491 I GameModeConfig: isGameModeOn = false
11-29 09:10:56.978 1491 1491 I GameModeConfig: isGameModeOn = false
11-29 09:10:56.978 1491 1491 I GameModeConfig: isDisableVoice = true
11-29 09:10:57.032 16043 16059 W ContextImpl: Calling a method in the system process without a qualified user: android.app.ContextImpl.startService:1816 android.content.ContextWrapper.startService:774 com.thundercomm.gamemode.ingame.services.GameModeActionUtils.startGameModeService:93 com.thundercomm.gamemode.ingame.services.GameModeActionUtils.startGameModeEntry:21 com.thundercomm.gamemode.ingame.services.ActivityMonitoringService$1.onActivityLaunch:127
11-29 09:10:57.036 1491 1491 I GameModeConfig: Current uri is uri = content://com.thundercomm.gamemode.api/gamemode_settings/gamemode_isgaming
11-29 09:10:57.037 1491 1491 I GameModeConfig: isGameModeOn = false
11-29 09:10:57.037 1491 1491 I GameModeConfig: isGameModeOn = false
11-29 09:10:57.037 1491 1491 I GameModeConfig: isDisableVoice = true
11-29 09:10:58.177 1491 8943 I ActivityTaskManager: START u0 {act=android.intent.action.MAIN cat=[android.intent.category.HOME] flg=0x10000000 cmp=com.android.launcher3/.uioverrides.QuickstepLauncher} from uid 10077
11-29 09:10:58.186 1491 8943 I ActivityTaskManager: FOREGROUND_APPLICATION_CHANGED to com.android.launcher3.uioverrides.QuickstepLauncher
11-29 09:10:58.186 1491 8943 W WindowManager: updateScale0.7996942
11-29 09:10:58.191 1491 8943 W WindowManager: updateScale0.7996942
11-29 09:10:58.206 1491 1772 W WindowManager: updateScale0.7996942
11-29 09:10:58.512 1491 1772 W ActivityTaskManager: getTaskSnapshot: taskId=3386 not found
11-29 09:10:58.515 1491 7072 W ActivityTaskManager: getTaskSnapshot: taskId=2386 not found
11-29 09:10:58.516 1491 7072 W ActivityTaskManager: getTaskSnapshot: taskId=1386 not found
11-29 09:10:59.244 16043 16059 W ContextImpl: Calling a method in the system process without a qualified user: android.app.ContextImpl.startService:1816 android.content.ContextWrapper.startService:774 com.thundercomm.gamemode.ingame.services.GameModeActionUtils.startGameModeService:93 com.thundercomm.gamemode.ingame.services.GameModeActionUtils.startGameModeEntry:21 com.thundercomm.gamemode.ingame.services.ActivityMonitoringService$1.onActivityLaunch:127
11-29 09:10:59.253 1491 1491 I GameModeConfig: Current uri is uri = content://com.thundercomm.gamemode.api/gamemode_settings/gamemode_isgaming
11-29 09:10:59.257 1491 1491 I GameModeConfig: isGameModeOn = false
11-29 09:10:59.257 1491 1491 I GameModeConfig: isGameModeOn = false
11-29 09:10:59.257 1491 1491 I GameModeConfig: isDisableVoice = true
11-29 09:10:59.426 1491 1600 D FreeFormWindowHelper: Remove freefrom task=Task{7e689df #390 type=standard A=10067:com.android.deskclock U=0 visible=false mode=freeform translucent=true sz=0}
11-29 09:11:00.373 1491 8646 I ActivityTaskManager: START u0 {act=android.intent.action.MAIN cat=[android.intent.category.LAUNCHER] flg=0x10200000 cmp=com.android.music/.MusicBrowserActivity bnds=[2308,540][2494,740]} from uid 10077
11-29 09:11:00.389 1491 10067 I ActivityTaskManager: FOREGROUND_APPLICATION_CHANGED to com.android.music.MusicBrowserActivity
11-29 09:11:00.410 16043 16059 W ContextImpl: Calling a method in the system process without a qualified user: android.app.ContextImpl.startService:1816 android.content.ContextWrapper.startService:774 com.thundercomm.gamemode.ingame.services.GameModeActionUtils.startGameModeService:93 com.thundercomm.gamemode.ingame.services.GameModeActionUtils.startGameModeEntry:21 com.thundercomm.gamemode.ingame.services.ActivityMonitoringService$1.onActivityLaunch:127
11-29 09:11:00.432 1491 1491 I GameModeConfig: Current uri is uri = content://com.thundercomm.gamemode.api/gamemode_settings/gamemode_isgaming
11-29 09:11:00.437 1491 1491 I GameModeConfig: isGameModeOn = false
11-29 09:11:00.437 1491 1491 I GameModeConfig: isGameModeOn = false
11-29 09:11:00.438 1491 1491 I GameModeConfig: isDisableVoice = true
11-29 09:11:00.451 16043 16059 W ContextImpl: Calling a method in the system process without a qualified user: android.app.ContextImpl.startService:1816 android.content.ContextWrapper.startService:774 com.thundercomm.gamemode.ingame.services.GameModeActionUtils.startGameModeService:93 com.thundercomm.gamemode.ingame.services.GameModeActionUtils.startGameModeEntry:21 com.thundercomm.gamemode.ingame.services.ActivityMonitoringService$1.onActivityLaunch:127
11-29 09:11:00.456 1491 1491 I GameModeConfig: Current uri is uri = content://com.thundercomm.gamemode.api/gamemode_settings/gamemode_isgaming
11-29 09:11:00.458 1491 1491 I GameModeConfig: isGameModeOn = false
11-29 09:11:00.458 1491 1491 I GameModeConfig: isGameModeOn = false
11-29 09:11:00.458 1491 1491 I GameModeConfig: isDisableVoice = true
11-29 09:11:00.460 1491 1760 I GameModeConfig: isGameModeOn = false
11-29 09:11:00.460 1491 1760 I GameModeConfig: isGameModeOn = false
11-29 09:11:00.463 1491 1760 I GameModeConfig: isGameModeOn = false
11-29 09:11:00.464 1491 1760 I GameModeConfig: isGameModeOn = false
11-29 09:11:00.464 1491 1760 I GameModeConfig: isGameModeOn = false
11-29 09:11:00.511 16043 16059 W ContextImpl: Calling a method in the system process without a qualified user: android.app.ContextImpl.startService:1816 android.content.ContextWrapper.startService:774 com.thundercomm.gamemode.ingame.services.GameModeActionUtils.startGameModeService:93 com.thundercomm.gamemode.ingame.services.GameModeActionUtils.startGameModeEntry:21 com.thundercomm.gamemode.ingame.services.ActivityMonitoringService$1.onActivityLaunch:127
11-29 09:11:00.515 1491 1491 I GameModeConfig: Current uri is uri = content://com.thundercomm.gamemode.api/gamemode_settings/gamemode_isgaming
11-29 09:11:00.517 1491 1491 I GameModeConfig: isGameModeOn = false
11-29 09:11:00.518 1491 1491 I GameModeConfig: isGameModeOn = false
11-29 09:11:00.518 1491 1491 I GameModeConfig: isDisableVoice = true
11-29 09:11:00.688 1491 1491 I GameModeConfig: isGameModeOn = false
11-29 09:11:00.689 1491 1491 I GameModeConfig: isGameModeOn = false
11-29 09:11:00.795 1491 10067 W ContextImpl: Calling a method in the system process without a qualified user: android.app.ContextImpl.startActivity:1067 com.android.server.wm.FreeFormWindowHelper.exitRecentTasks:423 com.android.server.wm.ActivityTaskManagerService.exitRecentTasks:3795 android.app.IActivityTaskManager$Stub.onTransact:2307 com.android.server.wm.ActivityTaskManagerService.onTransact:5046
11-29 09:11:00.796 1491 10067 I ActivityTaskManager: START u0 {flg=0x10008000 cmp=com.android.deskclock/.DeskClock} from uid 1000
11-29 09:11:00.802 1491 10067 W ActivityTaskManager: Can't find TaskDisplayArea to determine support for multi window. Task id=391 attached=false
11-29 09:11:00.803 1491 10067 D FreeFormWindowHelper: Add freeform task=Task{2f281c4 #391 type=standard ?? U=0 visible=false mode=freeform translucent=true sz=0}
11-29 09:11:00.807 1491 10067 I ActivityTaskManager: FOREGROUND_APPLICATION_CHANGED to com.android.deskclock.DeskClock
11-29 09:11:00.807 1491 10067 I ActivityTaskManager: The Process com.android.deskclock Already Exists in BG. So sending its PID: 8328
11-29 09:11:00.808 1491 10067 W ActivityTaskManager: Tried to set launchTime (0) < mLastActivityLaunchTime (21431129)
11-29 09:11:00.826 16043 16059 W ContextImpl: Calling a method in the system process without a qualified user: android.app.ContextImpl.startService:1816 android.content.ContextWrapper.startService:774 com.thundercomm.gamemode.ingame.services.GameModeActionUtils.startGameModeService:93 com.thundercomm.gamemode.ingame.services.GameModeActionUtils.startGameModeEntry:21 com.thundercomm.gamemode.ingame.services.ActivityMonitoringService$1.onActivityLaunch:127
11-29 09:11:00.829 1491 1491 I GameModeConfig: Current uri is uri = content://com.thundercomm.gamemode.api/gamemode_settings/gamemode_isgaming
11-29 09:11:00.832 1491 1491 I GameModeConfig: isGameModeOn = false
11-29 09:11:00.832 1491 1491 I GameModeConfig: isGameModeOn = false
11-29 09:11:00.832 1491 1491 I GameModeConfig: isDisableVoice = true
11-29 09:11:00.843 1491 1772 I ActivityTaskManager: START u0 {act=android.content.pm.action.REQUEST_PERMISSIONS pkg=com.android.permissioncontroller cmp=com.android.permissioncontroller/.permission.ui.GrantPermissionsActivity (has extras)} from uid 10067
11-29 09:11:00.860 16043 16059 W ContextImpl: Calling a method in the system process without a qualified user: android.app.ContextImpl.startService:1816 android.content.ContextWrapper.startService:774 com.thundercomm.gamemode.ingame.services.GameModeActionUtils.startGameModeService:93 com.thundercomm.gamemode.ingame.services.GameModeActionUtils.startGameModeEntry:21 com.thundercomm.gamemode.ingame.services.ActivityMonitoringService$1.onActivityLaunch:127
11-29 09:11:00.862 1491 7072 I ActivityTaskManager: FOREGROUND_APPLICATION_CHANGED to com.android.permissioncontroller.permission.ui.GrantPermissionsActivity
11-29 09:11:00.862 1491 7072 I ActivityTaskManager: The Process com.android.permissioncontroller Already Exists in BG. So sending its PID: 8944
11-29 09:11:00.863 1491 7072 W ActivityTaskManager: Tried to set launchTime (0) < mLastActivityLaunchTime (21435353)
11-29 09:11:00.865 1491 1491 I GameModeConfig: Current uri is uri = content://com.thundercomm.gamemode.api/gamemode_settings/gamemode_isgaming
11-29 09:11:00.867 1491 1491 I GameModeConfig: isGameModeOn = false
11-29 09:11:00.867 1491 1491 I GameModeConfig: isGameModeOn = false
11-29 09:11:00.867 1491 1491 I GameModeConfig: isDisableVoice = true
11-29 09:11:00.869 1491 7072 W WindowManager: updateScale0.7996942
11-29 09:11:00.878 16043 16059 W ContextImpl: Calling a method in the system process without a qualified user: android.app.ContextImpl.startService:1816 android.content.ContextWrapper.startService:774 com.thundercomm.gamemode.ingame.services.GameModeActionUtils.startGameModeService:93 com.thundercomm.gamemode.ingame.services.GameModeActionUtils.startGameModeEntry:21 com.thundercomm.gamemode.ingame.services.ActivityMonitoringService$1.onActivityLaunch:127
11-29 09:11:00.888 1491 1491 I GameModeConfig: Current uri is uri = content://com.thundercomm.gamemode.api/gamemode_settings/gamemode_isgaming
11-29 09:11:00.891 1491 1491 I GameModeConfig: isGameModeOn = false
11-29 09:11:00.891 1491 1491 I GameModeConfig: isGameModeOn = false
11-29 09:11:00.891 1491 1491 I GameModeConfig: isDisableVoice = true
11-29 09:11:00.896 1491 1525 W WindowManager: updateScale0.7996942
11-29 09:11:00.901 1491 1772 I ActivityTaskManager: FOREGROUND_APPLICATION_CHANGED to com.android.deskclock.DeskClock
11-29 09:11:00.906 1491 10067 W WindowManager: updateScale0.7996942
11-29 09:11:00.934 1491 1600 W WindowManager: updateScale0.7996942
11-29 09:11:00.937 1491 1600 W WindowManager: updateScale0.7996942
11-29 09:11:00.937 1491 1600 W WindowManager: updateScale0.7996942
11-29 09:11:01.015 16043 16059 W ContextImpl: Calling a method in the system process without a qualified user: android.app.ContextImpl.startService:1816 android.content.ContextWrapper.startService:774 com.thundercomm.gamemode.ingame.services.GameModeActionUtils.startGameModeService:93 com.thundercomm.gamemode.ingame.services.GameModeActionUtils.startGameModeEntry:21 com.thundercomm.gamemode.ingame.services.ActivityMonitoringService$1.onActivityLaunch:127
11-29 09:11:01.019 1491 1491 I GameModeConfig: Current uri is uri = content://com.thundercomm.gamemode.api/gamemode_settings/gamemode_isgaming
11-29 09:11:01.023 1491 1491 I GameModeConfig: isGameModeOn = false
11-29 09:11:01.023 1491 1491 I GameModeConfig: isGameModeOn = false
11-29 09:11:01.023 1491 1491 I GameModeConfig: isDisableVoice = true
11-29 09:11:01.435 1491 1600 W WindowManager: updateScale0.7996942
11-29 09:11:01.439 1491 1525 W WindowManager: updateScale0.7996942
11-29 09:11:01.451 1491 1772 W WindowManager: updateScale0.7996942
11-29 09:11:01.464 16043 16059 W ContextImpl: Calling a method in the system process without a qualified user: android.app.ContextImpl.startService:1816 android.content.ContextWrapper.startService:774 com.thundercomm.gamemode.ingame.services.GameModeActionUtils.startGameModeService:93 com.thundercomm.gamemode.ingame.services.GameModeActionUtils.startGameModeEntry:21 com.thundercomm.gamemode.ingame.services.ActivityMonitoringService$1.onActivityLaunch:127
11-29 09:11:01.468 1491 1491 I GameModeConfig: Current uri is uri = content://com.thundercomm.gamemode.api/gamemode_settings/gamemode_isgaming
11-29 09:11:01.471 1491 1491 I GameModeConfig: isGameModeOn = false
11-29 09:11:01.472 1491 1491 I GameModeConfig: isGameModeOn = false
11-29 09:11:01.472 1491 1491 I GameModeConfig: isDisableVoice = true
11-29 09:11:02.167 1491 1599 W WindowManager: updateScale0.7996942
11-29 09:11:02.174 1491 1599 I ActivityTaskManager: FOREGROUND_APPLICATION_CHANGED to com.android.music.MusicBrowserActivity
11-29 09:11:02.190 1491 10067 W WindowManager: updateScale0.7996942
11-29 09:11:02.227 16043 16059 W ContextImpl: Calling a method in the system process without a qualified user: android.app.ContextImpl.startService:1816 android.content.ContextWrapper.startService:774 com.thundercomm.gamemode.ingame.services.GameModeActionUtils.startGameModeService:93 com.thundercomm.gamemode.ingame.services.GameModeActionUtils.startGameModeEntry:21 com.thundercomm.gamemode.ingame.services.ActivityMonitoringService$1.onActivityLaunch:127
11-29 09:11:02.232 1491 1491 I GameModeConfig: Current uri is uri = content://com.thundercomm.gamemode.api/gamemode_settings/gamemode_isgaming
11-29 09:11:02.234 1491 1491 I GameModeConfig: isGameModeOn = false
11-29 09:11:02.235 1491 1491 I GameModeConfig: isGameModeOn = false
11-29 09:11:02.235 1491 1491 I GameModeConfig: isDisableVoice = true
11-29 09:11:02.256 1491 7072 W ActivityTaskManager: getTaskSnapshot: taskId=3387 not found
11-29 09:11:02.263 1491 8646 D FreeFormWindowHelper: Remove freefrom task=Task{2f281c4 #391 type=standard A=10067:com.android.deskclock U=0 visible=false mode=freeform translucent=true sz=0}
11-29 09:11:02.266 1491 1772 W ActivityTaskManager: getTaskSnapshot: taskId=2387 not found
11-29 09:11:02.276 1491 7072 W ActivityTaskManager: getTaskSnapshot: taskId=1387 not found
11-29 09:11:02.351 16043 16059 W ContextImpl: Calling a method in the system process without a qualified user: android.app.ContextImpl.startService:1816 android.content.ContextWrapper.startService:774 com.thundercomm.gamemode.ingame.services.GameModeActionUtils.startGameModeService:93 com.thundercomm.gamemode.ingame.services.GameModeActionUtils.startGameModeEntry:21 com.thundercomm.gamemode.ingame.services.ActivityMonitoringService$1.onActivityLaunch:127
11-29 09:11:02.359 1491 1491 I GameModeConfig: Current uri is uri = content://com.thundercomm.gamemode.api/gamemode_settings/gamemode_isgaming
11-29 09:11:02.361 1491 1491 I GameModeConfig: isGameModeOn = false
11-29 09:11:02.362 1491 1491 I GameModeConfig: isGameModeOn = false
11-29 09:11:02.362 1491 1491 I GameModeConfig: isDisableVoice = true
11-29 09:11:02.764 1491 1525 W ContextImpl: Calling a method in the system process without a qualified user: android.app.ContextImpl.startActivity:1067 com.android.server.wm.FreeFormWindowHelper.exitRecentTasks:423 com.android.server.wm.ActivityTaskManagerService.exitRecentTasks:3795 android.app.IActivityTaskManager$Stub.onTransact:2307 com.android.server.wm.ActivityTaskManagerService.onTransact:5046
11-29 09:11:02.765 1491 1525 I ActivityTaskManager: START u0 {flg=0x10008000 cmp=com.android.deskclock/.DeskClock} from uid 1000
11-29 09:11:02.773 16043 16059 W ContextImpl: Calling a method in the system process without a qualified user: android.app.ContextImpl.startService:1816 android.content.ContextWrapper.startService:774 com.thundercomm.gamemode.ingame.services.GameModeActionUtils.startGameModeService:93 com.thundercomm.gamemode.ingame.services.GameModeActionUtils.startGameModeEntry:21 com.thundercomm.gamemode.ingame.services.ActivityMonitoringService$1.onActivityLaunch:127
11-29 09:11:02.777 1491 1525 W ActivityTaskManager: Can't find TaskDisplayArea to determine support for multi window. Task id=392 attached=false
11-29 09:11:02.779 1491 1525 D FreeFormWindowHelper: Add freeform task=Task{8170950 #392 type=standard ?? U=0 visible=false mode=freeform translucent=true sz=0}
11-29 09:11:02.780 1491 1491 I GameModeConfig: Current uri is uri = content://com.thundercomm.gamemode.api/gamemode_settings/gamemode_isgaming
11-29 09:11:02.782 1491 1491 I GameModeConfig: isGameModeOn = false
11-29 09:11:02.782 1491 1491 I GameModeConfig: isGameModeOn = false
11-29 09:11:02.782 1491 1491 I GameModeConfig: isDisableVoice = true
11-29 09:11:02.784 1491 1525 I ActivityTaskManager: FOREGROUND_APPLICATION_CHANGED to com.android.deskclock.DeskClock
11-29 09:11:02.784 1491 1525 I ActivityTaskManager: The Process com.android.deskclock Already Exists in BG. So sending its PID: 8328
11-29 09:11:02.784 1491 1525 W ActivityTaskManager: Tried to set launchTime (0) < mLastActivityLaunchTime (21439287)
11-29 09:11:02.800 16043 16059 W ContextImpl: Calling a method in the system process without a qualified user: android.app.ContextImpl.startService:1816 android.content.ContextWrapper.startService:774 com.thundercomm.gamemode.ingame.services.GameModeActionUtils.startGameModeService:93 com.thundercomm.gamemode.ingame.services.GameModeActionUtils.startGameModeEntry:21 com.thundercomm.gamemode.ingame.services.ActivityMonitoringService$1.onActivityLaunch:127
11-29 09:11:02.810 1491 1491 I GameModeConfig: Current uri is uri = content://com.thundercomm.gamemode.api/gamemode_settings/gamemode_isgaming
11-29 09:11:02.812 1491 1525 I ActivityTaskManager: START u0 {act=android.content.pm.action.REQUEST_PERMISSIONS pkg=com.android.permissioncontroller cmp=com.android.permissioncontroller/.permission.ui.GrantPermissionsActivity (has extras)} from uid 10067
11-29 09:11:02.813 1491 1491 I GameModeConfig: isGameModeOn = false
11-29 09:11:02.813 1491 1491 I GameModeConfig: isGameModeOn = false
11-29 09:11:02.813 1491 1491 I GameModeConfig: isDisableVoice = true
11-29 09:11:02.826 16043 16059 W ContextImpl: Calling a method in the system process without a qualified user: android.app.ContextImpl.startService:1816 android.content.ContextWrapper.startService:774 com.thundercomm.gamemode.ingame.services.GameModeActionUtils.startGameModeService:93 com.thundercomm.gamemode.ingame.services.GameModeActionUtils.startGameModeEntry:21 com.thundercomm.gamemode.ingame.services.ActivityMonitoringService$1.onActivityLaunch:127
11-29 09:11:02.832 1491 1491 I GameModeConfig: Current uri is uri = content://com.thundercomm.gamemode.api/gamemode_settings/gamemode_isgaming
11-29 09:11:02.836 1491 1491 I GameModeConfig: isGameModeOn = false
11-29 09:11:02.837 1491 7072 I ActivityTaskManager: FOREGROUND_APPLICATION_CHANGED to com.android.permissioncontroller.permission.ui.GrantPermissionsActivity
11-29 09:11:02.838 1491 7072 I ActivityTaskManager: The Process com.android.permissioncontroller Already Exists in BG. So sending its PID: 8944
11-29 09:11:02.838 1491 7072 W ActivityTaskManager: Tried to set launchTime (0) < mLastActivityLaunchTime (21439343)
11-29 09:11:02.840 1491 1491 I GameModeConfig: isGameModeOn = false
11-29 09:11:02.841 1491 1491 I GameModeConfig: isDisableVoice = true
11-29 09:11:02.845 16043 16059 W ContextImpl: Calling a method in the system process without a qualified user: android.app.ContextImpl.startService:1816 android.content.ContextWrapper.startService:774 com.thundercomm.gamemode.ingame.services.GameModeActionUtils.startGameModeService:93 com.thundercomm.gamemode.ingame.services.GameModeActionUtils.startGameModeEntry:21 com.thundercomm.gamemode.ingame.services.ActivityMonitoringService$1.onActivityLaunch:127
11-29 09:11:02.848 1491 10067 W WindowManager: updateScale0.7996942
11-29 09:11:02.849 1491 1491 I GameModeConfig: Current uri is uri = content://com.thundercomm.gamemode.api/gamemode_settings/gamemode_isgaming
11-29 09:11:02.853 1491 1491 I GameModeConfig: isGameModeOn = false
11-29 09:11:02.854 1491 1491 I GameModeConfig: isGameModeOn = false
11-29 09:11:02.854 1491 1491 I GameModeConfig: isDisableVoice = true
11-29 09:11:02.858 1491 1607 W UsageStatsService: Unexpected activity event reported! (com.android.launcher3/com.android.launcher3.uioverrides.QuickstepLauncher event : 23 instanceId : 49472091)
11-29 09:11:02.869 1491 10067 W WindowManager: updateScale0.7996942
11-29 09:11:02.873 1491 2060 I ActivityTaskManager: FOREGROUND_APPLICATION_CHANGED to com.android.deskclock.DeskClock
11-29 09:11:02.877 16043 16059 W ContextImpl: Calling a method in the system process without a qualified user: android.app.ContextImpl.startService:1816 android.content.ContextWrapper.startService:774 com.thundercomm.gamemode.ingame.services.GameModeActionUtils.startGameModeService:93 com.thundercomm.gamemode.ingame.services.GameModeActionUtils.startGameModeEntry:21 com.thundercomm.gamemode.ingame.services.ActivityMonitoringService$1.onActivityLaunch:127
11-29 09:11:02.882 1491 1772 W WindowManager: updateScale0.7996942
11-29 09:11:02.883 1491 1491 I GameModeConfig: Current uri is uri = content://com.thundercomm.gamemode.api/gamemode_settings/gamemode_isgaming
11-29 09:11:02.884 1491 1491 I GameModeConfig: isGameModeOn = false
11-29 09:11:02.884 1491 1491 I GameModeConfig: isGameModeOn = false
11-29 09:11:02.884 1491 1491 I GameModeConfig: isDisableVoice = true
11-29 09:11:02.893 16043 16059 W ContextImpl: Calling a method in the system process without a qualified user: android.app.ContextImpl.startService:1816 android.content.ContextWrapper.startService:774 com.thundercomm.gamemode.ingame.services.GameModeActionUtils.startGameModeService:93 com.thundercomm.gamemode.ingame.services.GameModeActionUtils.startGameModeEntry:21 com.thundercomm.gamemode.ingame.services.ActivityMonitoringService$1.onActivityLaunch:127
11-29 09:11:02.896 1491 1491 I GameModeConfig: Current uri is uri = content://com.thundercomm.gamemode.api/gamemode_settings/gamemode_isgaming
11-29 09:11:02.898 1491 1491 I GameModeConfig: isGameModeOn = false
11-29 09:11:02.898 1491 1491 I GameModeConfig: isGameModeOn = false
11-29 09:11:02.898 1491 1491 I GameModeConfig: isDisableVoice = true
11-29 09:11:02.912 1491 1600 W WindowManager: updateScale0.7996942
11-29 09:11:02.914 1491 1600 W WindowManager: updateScale0.7996942
11-29 09:11:02.914 1491 1600 W WindowManager: updateScale0.7996942
11-29 09:11:02.982 16043 16059 W ContextImpl: Calling a method in the system process without a qualified user: android.app.ContextImpl.startService:1816 android.content.ContextWrapper.startService:774 com.thundercomm.gamemode.ingame.services.GameModeActionUtils.startGameModeService:93 com.thundercomm.gamemode.ingame.services.GameModeActionUtils.startGameModeEntry:21 com.thundercomm.gamemode.ingame.services.ActivityMonitoringService$1.onActivityLaunch:127
11-29 09:11:02.986 1491 1491 I GameModeConfig: Current uri is uri = content://com.thundercomm.gamemode.api/gamemode_settings/gamemode_isgaming
11-29 09:11:02.988 1491 1491 I GameModeConfig: isGameModeOn = false
11-29 09:11:02.989 1491 1491 I GameModeConfig: isGameModeOn = false
11-29 09:11:02.989 1491 1491 I GameModeConfig: isDisableVoice = true
11-29 09:11:03.311 1491 1599 W WindowManager: updateScale0.7996942
11-29 09:11:03.314 1491 1599 I ActivityTaskManager: FOREGROUND_APPLICATION_CHANGED to com.android.music.MusicBrowserActivity
11-29 09:11:03.332 1491 1772 W WindowManager: updateScale0.7996942
11-29 09:11:03.339 1491 2060 W WindowManager: updateScale0.7996942
11-29 09:11:03.341 1491 10067 W ActivityTaskManager: Duplicate finish request for r=ActivityRecord{5715b5a u0 com.android.permissioncontroller/.permission.ui.GrantPermissionsActivity t392 f}}
11-29 09:11:03.422 16043 16059 W ContextImpl: Calling a method in the system process without a qualified user: android.app.ContextImpl.startService:1816 android.content.ContextWrapper.startService:774 com.thundercomm.gamemode.ingame.services.GameModeActionUtils.startGameModeService:93 com.thundercomm.gamemode.ingame.services.GameModeActionUtils.startGameModeEntry:21 com.thundercomm.gamemode.ingame.services.ActivityMonitoringService$1.onActivityLaunch:127
11-29 09:11:03.429 1491 1772 D FreeFormWindowHelper: Remove freefrom task=Task{8170950 #392 type=standard A=10067:com.android.deskclock U=0 visible=false mode=freeform translucent=true sz=0}
11-29 09:11:03.430 1491 10067 W ActivityTaskManager: getTaskSnapshot: taskId=3387 not found
11-29 09:11:03.431 1491 10067 W ActivityTaskManager: getTaskSnapshot: taskId=2387 not found
11-29 09:11:03.431 1491 10067 W ActivityTaskManager: getTaskSnapshot: taskId=1387 not found
11-29 09:11:03.431 1491 1491 I GameModeConfig: Current uri is uri = content://com.thundercomm.gamemode.api/gamemode_settings/gamemode_isgaming
11-29 09:11:03.432 1491 1491 I GameModeConfig: isGameModeOn = false
11-29 09:11:03.432 1491 1491 I GameModeConfig: isGameModeOn = false
11-29 09:11:03.432 1491 1491 I GameModeConfig: isDisableVoice = true
11-29 09:11:03.438 16043 16059 W ContextImpl: Calling a method in the system process without a qualified user: android.app.ContextImpl.startService:1816 android.content.ContextWrapper.startService:774 com.thundercomm.gamemode.ingame.services.GameModeActionUtils.startGameModeService:93 com.thundercomm.gamemode.ingame.services.GameModeActionUtils.startGameModeEntry:21 com.thundercomm.gamemode.ingame.services.ActivityMonitoringService$1.onActivityLaunch:127
11-29 09:11:03.443 1491 1491 I GameModeConfig: Current uri is uri = content://com.thundercomm.gamemode.api/gamemode_settings/gamemode_isgaming
11-29 09:11:03.445 1491 1491 I GameModeConfig: isGameModeOn = false
11-29 09:11:03.445 1491 1491 I GameModeConfig: isGameModeOn = false
11-29 09:11:03.445 1491 1491 I GameModeConfig: isDisableVoice = true
11-29 09:11:03.471 16043 16059 W ContextImpl: Calling a method in the system process without a qualified user: android.app.ContextImpl.startService:1816 android.content.ContextWrapper.startService:774 com.thundercomm.gamemode.ingame.services.GameModeActionUtils.startGameModeService:93 com.thundercomm.gamemode.ingame.services.GameModeActionUtils.startGameModeEntry:21 com.thundercomm.gamemode.ingame.services.ActivityMonitoringService$1.onActivityLaunch:127
11-29 09:11:03.477 1491 1491 I GameModeConfig: Current uri is uri = content://com.thundercomm.gamemode.api/gamemode_settings/gamemode_isgaming
11-29 09:11:03.479 1491 1491 I GameModeConfig: isGameModeOn = false
11-29 09:11:03.480 1491 1491 I GameModeConfig: isGameModeOn = false
11-29 09:11:03.480 1491 1491 I GameModeConfig: isDisableVoice = true
11-29 09:11:10.551 1491 10067 D FreeFormWindowHelper: Add freeform task=Task{a66497f #386 type=standard A=10089:android.task.music U=0 visible=true mode=freeform translucent=false sz=1}
11-29 09:11:10.559 1491 10067 W WindowManager: updateScale0.7996942
11-29 09:11:10.575 1491 1525 W ActivityManager: Receiver with filter android.content.IntentFilter@125312b already registered for pid 7660, callerPackage is com.android.music
11-29 09:11:10.576 1491 1525 W WindowManager: Attempted to set replacing window on app token with no content Token{b1a4984 ActivityRecord{e72525 u0 com.android.music/.MusicBrowserActivity t386}}
11-29 09:11:10.644 1491 1525 W WindowManager: updateScale0.7996942
11-29 09:11:10.654 1491 7072 I WindowManager: finishDrawing of relaunch: Window{39c48b u0 com.android.music/com.android.music.MusicBrowserActivity} 88ms
11-29 09:11:10.654 1491 1760 I GameModeConfig: isGameModeOn = false
11-29 09:11:10.654 1491 1760 I GameModeConfig: isGameModeOn = false
11-29 09:11:10.655 1491 1760 I GameModeConfig: isGameModeOn = false
11-29 09:11:10.655 1491 1760 I GameModeConfig: isGameModeOn = false
11-29 09:11:10.655 1491 1760 I GameModeConfig: isGameModeOn = false
11-29 09:11:10.655 1491 1600 W WindowManager: updateScale0.7996942
11-29 09:11:10.657 1491 1600 W WindowManager: updateScale0.7996942
11-29 09:11:10.681 1491 1760 I GameModeConfig: isGameModeOn = false
11-29 09:11:10.681 1491 1760 I GameModeConfig: isGameModeOn = false
11-29 09:11:10.682 1491 1760 I GameModeConfig: isGameModeOn = false
11-29 09:11:10.682 1491 1760 I GameModeConfig: isGameModeOn = false
11-29 09:11:10.682 1491 1760 I GameModeConfig: isGameModeOn = false
11-29 09:11:10.699 1491 1760 I GameModeConfig: isGameModeOn = false
11-29 09:11:10.699 1491 1760 I GameModeConfig: isGameModeOn = false
11-29 09:11:10.700 1491 1760 I GameModeConfig: isGameModeOn = false
11-29 09:11:10.701 1491 1760 I GameModeConfig: isGameModeOn = false
11-29 09:11:10.702 1491 1760 I GameModeConfig: isGameModeOn = false
11-29 09:11:10.871 1491 1491 I GameModeConfig: isGameModeOn = false
11-29 09:11:10.872 1491 1491 I GameModeConfig: isGameModeOn = false
11-29 09:11:10.898 1491 1491 I GameModeConfig: isGameModeOn = false
11-29 09:11:10.899 1491 1491 I GameModeConfig: isGameModeOn = false
11-29 09:11:10.914 1491 1491 I GameModeConfig: isGameModeOn = false
11-29 09:11:10.929 1491 1491 I GameModeConfig: isGameModeOn = false
11-29 09:11:10.990 1491 10067 I ActivityTaskManager: FOREGROUND_APPLICATION_CHANGED to com.android.launcher3.uioverrides.QuickstepLauncher
11-29 09:11:10.994 1491 10067 W WindowManager: updateScale0.7996942
11-29 09:11:10.998 1491 10067 W WindowManager: updateScale0.7996942
11-29 09:11:11.116 16043 16059 W ContextImpl: Calling a method in the system process without a qualified user: android.app.ContextImpl.startService:1816 android.content.ContextWrapper.startService:774 com.thundercomm.gamemode.ingame.services.GameModeActionUtils.startGameModeService:93 com.thundercomm.gamemode.ingame.services.GameModeActionUtils.startGameModeEntry:21 com.thundercomm.gamemode.ingame.services.ActivityMonitoringService$1.onActivityLaunch:127
11-29 09:11:11.125 1491 1491 I GameModeConfig: Current uri is uri = content://com.thundercomm.gamemode.api/gamemode_settings/gamemode_isgaming
11-29 09:11:11.132 1491 1491 I GameModeConfig: isGameModeOn = false
11-29 09:11:11.132 1491 1491 I GameModeConfig: isGameModeOn = false
11-29 09:11:11.132 1491 1491 I GameModeConfig: isDisableVoice = true
11-29 09:11:12.148 1491 1599 W WindowManager: updateScale0.7996942
11-29 09:11:12.157 1491 1599 I ActivityTaskManager: FOREGROUND_APPLICATION_CHANGED to com.android.music.MusicBrowserActivity
11-29 09:11:12.290 1491 10067 D FreeFormWindowHelper: Remove freefrom task=Task{a66497f #386 type=standard A=10089:android.task.music U=0 visible=true mode=fullscreen translucent=false sz=1}
11-29 09:11:12.307 1491 10067 W ActivityManager: Receiver with filter android.content.IntentFilter@4bc1892 already registered for pid 7660, callerPackage is com.android.music
11-29 09:11:12.316 16043 16059 W ContextImpl: Calling a method in the system process without a qualified user: android.app.ContextImpl.startService:1816 android.content.ContextWrapper.startService:774 com.thundercomm.gamemode.ingame.services.GameModeActionUtils.startGameModeService:93 com.thundercomm.gamemode.ingame.services.GameModeActionUtils.startGameModeEntry:21 com.thundercomm.gamemode.ingame.services.ActivityMonitoringService$1.onActivityLaunch:127
11-29 09:11:12.322 1491 10067 W WindowManager: Attempted to set replacing window on app token with no content Token{b1a4984 ActivityRecord{e72525 u0 com.android.music/.MusicBrowserActivity t386}}
11-29 09:11:12.328 1491 1491 I GameModeConfig: Current uri is uri = content://com.thundercomm.gamemode.api/gamemode_settings/gamemode_isgaming
11-29 09:11:12.330 1491 1491 I GameModeConfig: isGameModeOn = false
11-29 09:11:12.330 1491 1491 I GameModeConfig: isGameModeOn = false
11-29 09:11:12.330 1491 1491 I GameModeConfig: isDisableVoice = true
11-29 09:11:12.383 1491 2106 I WindowManager: finishDrawing of relaunch: Window{39c48b u0 com.android.music/com.android.music.MusicBrowserActivity} 95ms
11-29 09:11:12.384 1491 1760 I GameModeConfig: isGameModeOn = false
11-29 09:11:12.384 1491 1760 I GameModeConfig: isGameModeOn = false
11-29 09:11:12.387 1491 1760 I GameModeConfig: isGameModeOn = false
11-29 09:11:12.389 1491 1760 I GameModeConfig: isGameModeOn = false
11-29 09:11:12.389 1491 1760 I GameModeConfig: isGameModeOn = false
11-29 09:11:12.403 1491 1760 I GameModeConfig: isGameModeOn = false
11-29 09:11:12.403 1491 1760 I GameModeConfig: isGameModeOn = false
11-29 09:11:12.405 1491 1760 I GameModeConfig: isGameModeOn = false
11-29 09:11:12.412 1491 1760 I GameModeConfig: isGameModeOn = false
11-29 09:11:12.417 1491 1760 I GameModeConfig: isGameModeOn = false
11-29 09:11:12.427 1491 1760 I GameModeConfig: isGameModeOn = false
11-29 09:11:12.427 1491 1760 I GameModeConfig: isGameModeOn = false
11-29 09:11:12.427 1491 1760 I GameModeConfig: isGameModeOn = false
11-29 09:11:12.427 1491 1760 I GameModeConfig: isGameModeOn = false
11-29 09:11:12.427 1491 1760 I GameModeConfig: isGameModeOn = false
11-29 09:11:12.599 1491 1491 I GameModeConfig: isGameModeOn = false
11-29 09:11:12.622 1491 1491 I GameModeConfig: isGameModeOn = false
11-29 09:11:12.623 1491 1491 I GameModeConfig: isGameModeOn = false
11-29 09:11:12.623 1491 1491 I GameModeConfig: isGameModeOn = false
11-29 09:11:12.635 1491 1491 I GameModeConfig: isGameModeOn = false
11-29 09:11:12.639 1491 1491 I GameModeConfig: isGameModeOn = false
11-29 09:11:12.739 16043 16059 W ContextImpl: Calling a method in the system process without a qualified user: android.app.ContextImpl.startService:1816 android.content.ContextWrapper.startService:774 com.thundercomm.gamemode.ingame.services.GameModeActionUtils.startGameModeService:93 com.thundercomm.gamemode.ingame.services.GameModeActionUtils.startGameModeEntry:21 com.thundercomm.gamemode.ingame.services.ActivityMonitoringService$1.onActivityLaunch:127
11-29 09:11:12.748 1491 1491 I GameModeConfig: Current uri is uri = content://com.thundercomm.gamemode.api/gamemode_settings/gamemode_isgaming
11-29 09:11:12.757 1491 1491 I GameModeConfig: isGameModeOn = false
11-29 09:11:12.758 1491 1491 I GameModeConfig: isGameModeOn = false
11-29 09:11:12.758 1491 1491 I GameModeConfig: isDisableVoice = true
11-29 09:11:12.784 16043 16059 W ContextImpl: Calling a method in the system process without a qualified user: android.app.ContextImpl.startService:1816 android.content.ContextWrapper.startService:774 com.thundercomm.gamemode.ingame.services.GameModeActionUtils.startGameModeService:93 com.thundercomm.gamemode.ingame.services.GameModeActionUtils.startGameModeEntry:21 com.thundercomm.gamemode.ingame.services.ActivityMonitoringService$1.onActivityLaunch:127
11-29 09:11:12.787 1491 1491 I GameModeConfig: Current uri is uri = content://com.thundercomm.gamemode.api/gamemode_settings/gamemode_isgaming
11-29 09:11:12.788 1491 1491 I GameModeConfig: isGameModeOn = false
11-29 09:11:12.789 1491 1491 I GameModeConfig: isGameModeOn = false
11-29 09:11:12.789 1491 1491 I GameModeConfig: isDisableVoice = true
11-29 09:11:13.774 16043 16059 W ContextImpl: Calling a method in the system process without a qualified user: android.app.ContextImpl.startService:1816 android.content.ContextWrapper.startService:774 com.thundercomm.gamemode.ingame.services.GameModeActionUtils.startGameModeService:93 com.thundercomm.gamemode.ingame.services.GameModeActionUtils.startGameModeEntry:21 com.thundercomm.gamemode.ingame.services.ActivityMonitoringService$1.onActivityLaunch:127
11-29 09:11:13.783 1491 1525 W ActivityTaskManager: getTaskSnapshot: taskId=2387 not found
11-29 09:11:13.784 1491 1525 W ActivityTaskManager: getTaskSnapshot: taskId=1387 not found
11-29 09:11:13.786 1491 1491 I GameModeConfig: Current uri is uri = content://com.thundercomm.gamemode.api/gamemode_settings/gamemode_isgaming
11-29 09:11:13.790 1491 1491 I GameModeConfig: isGameModeOn = false
11-29 09:11:13.790 1491 1491 I GameModeConfig: isGameModeOn = false
11-29 09:11:13.790 1491 1491 I GameModeConfig: isDisableVoice = true
11-29 09:11:16.284 1491 10067 D FreeFormWindowHelper: Add freeform task=Task{8170950 #392 type=standard A=10067:com.android.deskclock U=0 visible=false mode=freeform translucent=true sz=0}
11-29 09:11:16.290 1491 10067 I ActivityTaskManager: START u0 {flg=0x10108000 cmp=com.android.deskclock/.DeskClock} from uid 1000
11-29 09:11:16.314 1491 2923 I ActivityTaskManager: FOREGROUND_APPLICATION_CHANGED to com.android.deskclock.DeskClock
11-29 09:11:16.316 1491 2923 I ActivityTaskManager: The Process com.android.deskclock Already Exists in BG. So sending its PID: 8328
11-29 09:11:16.316 1491 2923 W ActivityTaskManager: Tried to set launchTime (0) < mLastActivityLaunchTime (21441264)
