11-29 09:22:06.881 1491 1874 E DisplayDeviceConfig: requesting nits when no mapping exists.
11-29 09:22:06.881 1491 1874 E DisplayDeviceConfig: requesting nits when no mapping exists.
11-29 09:22:06.881 1491 1608 I am_wtf : [0,1491,system_server,-1,DisplayDeviceConfig,requesting nits when no mapping exists.]
11-29 09:22:06.882 1491 1608 I am_wtf : [0,1491,system_server,-1,DisplayDeviceConfig,requesting nits when no mapping exists.]
11-29 09:22:06.898 1491 1874 E DisplayDeviceConfig: requesting nits when no mapping exists.
11-29 09:22:06.899 1491 1608 I am_wtf : [0,1491,system_server,-1,DisplayDeviceConfig,requesting nits when no mapping exists.]
11-29 09:22:06.899 1491 1874 E DisplayDeviceConfig: requesting nits when no mapping exists.
11-29 09:22:06.902 1491 1608 I am_wtf : [0,1491,system_server,-1,DisplayDeviceConfig,requesting nits when no mapping exists.]
11-29 09:22:06.912 1491 1874 E DisplayDeviceConfig: requesting nits when no mapping exists.
11-29 09:22:06.912 1491 1874 E DisplayDeviceConfig: requesting nits when no mapping exists.
11-29 09:22:06.914 1491 1608 I am_wtf : [0,1491,system_server,-1,DisplayDeviceConfig,requesting nits when no mapping exists.]
11-29 09:22:06.915 1491 1608 I am_wtf : [0,1491,system_server,-1,DisplayDeviceConfig,requesting nits when no mapping exists.]
11-29 09:22:06.930 1491 1874 E DisplayDeviceConfig: requesting nits when no mapping exists.
11-29 09:22:06.931 1491 1608 I am_wtf : [0,1491,system_server,-1,DisplayDeviceConfig,requesting nits when no mapping exists.]
11-29 09:22:06.931 1491 1874 E DisplayDeviceConfig: requesting nits when no mapping exists.
11-29 09:22:06.932 1491 1608 I am_wtf : [0,1491,system_server,-1,DisplayDeviceConfig,requesting nits when no mapping exists.]
11-29 09:22:06.948 1491 1874 E DisplayDeviceConfig: requesting nits when no mapping exists.
11-29 09:22:06.949 1491 1874 E DisplayDeviceConfig: requesting nits when no mapping exists.
11-29 09:22:06.949 1491 1608 I am_wtf : [0,1491,system_server,-1,DisplayDeviceConfig,requesting nits when no mapping exists.]
11-29 09:22:06.950 1491 1608 I am_wtf : [0,1491,system_server,-1,DisplayDeviceConfig,requesting nits when no mapping exists.]
11-29 09:22:06.959 1491 1491 I GameModeConfig: isGameModeOn = false
11-29 09:22:06.960 1491 1491 I sysui_multi_action: [757,1501,758,1,793,2958272,794,0,795,204,796,2048,806,com.android.systemui,857,updateNotification,858,3,947,0,1500,0,1688,1]
11-29 09:22:06.961 1491 1491 I sysui_multi_action: [757,804,799,note_interruptive,801,0,802,1]
11-29 09:22:06.961 1491 1491 I sysui_multi_action: [757,199,758,1,759,2,793,2958273,794,0,795,205,796,2048,806,com.android.systemui,857,updateNotification,858,3,947,0,1500,1,1688,1]
11-29 09:22:06.962 1491 1491 I notification_alert: [0|com.android.systemui|2048|null|10082,0,1,0]
11-29 09:22:06.964 1491 1491 W NotificationHistory: Attempted to add notif for locked/gone/disabled user 0
11-29 09:22:06.966 1491 1874 E DisplayDeviceConfig: requesting nits when no mapping exists.
11-29 09:22:06.975 1491 1874 E DisplayDeviceConfig: requesting nits when no mapping exists.
11-29 09:22:06.975 1491 1608 I am_wtf : [0,1491,system_server,-1,DisplayDeviceConfig,requesting nits when no mapping exists.]
11-29 09:22:06.976 1491 1608 I am_wtf : [0,1491,system_server,-1,DisplayDeviceConfig,requesting nits when no mapping exists.]
11-29 09:22:06.979 1491 1874 E DisplayDeviceConfig: requesting nits when no mapping exists.
11-29 09:22:06.980 1491 1608 I am_wtf : [0,1491,system_server,-1,DisplayDeviceConfig,requesting nits when no mapping exists.]
11-29 09:22:06.981 1491 1874 E DisplayDeviceConfig: requesting nits when no mapping exists.
11-29 09:22:06.981 1491 1608 I am_wtf : [0,1491,system_server,-1,DisplayDeviceConfig,requesting nits when no mapping exists.]
11-29 09:22:06.996 1491 1874 E DisplayDeviceConfig: requesting nits when no mapping exists.
11-29 09:22:06.997 1491 1874 E DisplayDeviceConfig: requesting nits when no mapping exists.
11-29 09:22:06.997 1491 1608 I am_wtf : [0,1491,system_server,-1,DisplayDeviceConfig,requesting nits when no mapping exists.]
11-29 09:22:06.998 1491 1608 I am_wtf : [0,1491,system_server,-1,DisplayDeviceConfig,requesting nits when no mapping exists.]
11-29 09:22:07.013 1491 1874 E DisplayDeviceConfig: requesting nits when no mapping exists.
11-29 09:22:07.014 1491 1874 E DisplayDeviceConfig: requesting nits when no mapping exists.
11-29 09:22:07.014 1491 1608 I am_wtf : [0,1491,system_server,-1,DisplayDeviceConfig,requesting nits when no mapping exists.]
11-29 09:22:07.015 1491 1608 I am_wtf : [0,1491,system_server,-1,DisplayDeviceConfig,requesting nits when no mapping exists.]
11-29 09:22:07.030 1491 1874 E DisplayDeviceConfig: requesting nits when no mapping exists.
11-29 09:22:07.031 1491 1874 E DisplayDeviceConfig: requesting nits when no mapping exists.
11-29 09:22:07.031 1491 1608 I am_wtf : [0,1491,system_server,-1,DisplayDeviceConfig,requesting nits when no mapping exists.]
11-29 09:22:07.032 1491 1608 I am_wtf : [0,1491,system_server,-1,DisplayDeviceConfig,requesting nits when no mapping exists.]
11-29 09:22:07.048 1491 1874 E DisplayDeviceConfig: requesting nits when no mapping exists.
11-29 09:22:07.049 1491 1874 E DisplayDeviceConfig: requesting nits when no mapping exists.
11-29 09:22:07.049 1491 1608 I am_wtf : [0,1491,system_server,-1,DisplayDeviceConfig,requesting nits when no mapping exists.]
11-29 09:22:07.051 1491 1599 I wm_stop_activity: [0,254362067,com.android.launcher3/.uioverrides.QuickstepLauncher]
11-29 09:22:07.057 1491 1608 I am_wtf : [0,1491,system_server,-1,DisplayDeviceConfig,requesting nits when no mapping exists.]
11-29 09:22:07.063 1491 1874 E DisplayDeviceConfig: requesting nits when no mapping exists.
11-29 09:22:07.064 1491 1874 E DisplayDeviceConfig: requesting nits when no mapping exists.
11-29 09:22:07.064 1491 1608 I am_wtf : [0,1491,system_server,-1,DisplayDeviceConfig,requesting nits when no mapping exists.]
11-29 09:22:07.071 1491 1608 I am_wtf : [0,1491,system_server,-1,DisplayDeviceConfig,requesting nits when no mapping exists.]
11-29 09:22:07.078 13671 13671 I wm_on_stop_called: [254362067,com.android.launcher3.uioverrides.QuickstepLauncher,STOP_ACTIVITY_ITEM]
11-29 09:22:07.081 1491 1874 E DisplayDeviceConfig: requesting nits when no mapping exists.
11-29 09:22:07.081 1491 1874 E DisplayDeviceConfig: requesting nits when no mapping exists.
11-29 09:22:07.081 1491 1608 I am_wtf : [0,1491,system_server,-1,DisplayDeviceConfig,requesting nits when no mapping exists.]
11-29 09:22:07.082 1491 1608 I am_wtf : [0,1491,system_server,-1,DisplayDeviceConfig,requesting nits when no mapping exists.]
11-29 09:22:07.079 745 745 I auditd : type=1400 audit(0.0:24324): avc: denied { kill } for comm="crtc_commit:125" capability=5 scontext=u:r:kernel:s0 tcontext=u:r:kernel:s0 tclass=capability permissive=0
11-29 09:22:07.095 1491 1874 E DisplayDeviceConfig: requesting nits when no mapping exists.
11-29 09:22:07.096 1491 1874 E DisplayDeviceConfig: requesting nits when no mapping exists.
11-29 09:22:07.096 1491 1608 I am_wtf : [0,1491,system_server,-1,DisplayDeviceConfig,requesting nits when no mapping exists.]
11-29 09:22:07.097 1491 1608 I am_wtf : [0,1491,system_server,-1,DisplayDeviceConfig,requesting nits when no mapping exists.]
11-29 09:22:07.106 16043 16059 W ContextImpl: Calling a method in the system process without a qualified user: android.app.ContextImpl.startService:1816 android.content.ContextWrapper.startService:774 com.thundercomm.gamemode.ingame.services.GameModeActionUtils.startGameModeService:93 com.thundercomm.gamemode.ingame.services.GameModeActionUtils.startGameModeEntry:21 com.thundercomm.gamemode.ingame.services.ActivityMonitoringService$1.onActivityLaunch:127
11-29 09:22:07.110 1491 1874 E DisplayDeviceConfig: requesting nits when no mapping exists.
11-29 09:22:07.110 1491 1491 I GameModeConfig: Current uri is uri = content://com.thundercomm.gamemode.api/gamemode_settings/gamemode_isgaming
11-29 09:22:07.110 1491 1874 E DisplayDeviceConfig: requesting nits when no mapping exists.
11-29 09:22:07.112 1491 1608 I am_wtf : [0,1491,system_server,-1,DisplayDeviceConfig,requesting nits when no mapping exists.]
11-29 09:22:07.112 1491 1608 I am_wtf : [0,1491,system_server,-1,DisplayDeviceConfig,requesting nits when no mapping exists.]
11-29 09:22:07.113 1491 1491 I GameModeConfig: isGameModeOn = false
11-29 09:22:07.113 1491 1491 I GameModeConfig: isGameModeOn = false
11-29 09:22:07.113 1491 1491 I GameModeConfig: isDisableVoice = true
11-29 09:22:07.128 1491 1874 E DisplayDeviceConfig: requesting nits when no mapping exists.
11-29 09:22:07.129 1491 1874 E DisplayDeviceConfig: requesting nits when no mapping exists.
11-29 09:22:07.129 1491 1608 I am_wtf : [0,1491,system_server,-1,DisplayDeviceConfig,requesting nits when no mapping exists.]
11-29 09:22:07.130 1491 1608 I am_wtf : [0,1491,system_server,-1,DisplayDeviceConfig,requesting nits when no mapping exists.]
11-29 09:22:07.144 1491 1874 E DisplayDeviceConfig: requesting nits when no mapping exists.
11-29 09:22:07.144 1491 1608 I am_wtf : [0,1491,system_server,-1,DisplayDeviceConfig,requesting nits when no mapping exists.]
11-29 09:22:07.144 1491 1874 E DisplayDeviceConfig: requesting nits when no mapping exists.
11-29 09:22:07.145 1491 1608 I am_wtf : [0,1491,system_server,-1,DisplayDeviceConfig,requesting nits when no mapping exists.]
11-29 09:22:07.160 1491 1874 E DisplayDeviceConfig: requesting nits when no mapping exists.
11-29 09:22:07.161 1491 1874 E DisplayDeviceConfig: requesting nits when no mapping exists.
11-29 09:22:07.161 1491 1608 I am_wtf : [0,1491,system_server,-1,DisplayDeviceConfig,requesting nits when no mapping exists.]
11-29 09:22:07.162 1491 1608 I am_wtf : [0,1491,system_server,-1,DisplayDeviceConfig,requesting nits when no mapping exists.]
11-29 09:22:07.177 1491 1874 E DisplayDeviceConfig: requesting nits when no mapping exists.
11-29 09:22:07.178 1491 1874 E DisplayDeviceConfig: requesting nits when no mapping exists.
11-29 09:22:07.178 1491 1608 I am_wtf : [0,1491,system_server,-1,DisplayDeviceConfig,requesting nits when no mapping exists.]
11-29 09:22:07.179 1491 1608 I am_wtf : [0,1491,system_server,-1,DisplayDeviceConfig,requesting nits when no mapping exists.]
11-29 09:22:07.194 1491 1874 E DisplayDeviceConfig: requesting nits when no mapping exists.
11-29 09:22:07.195 1491 1874 E DisplayDeviceConfig: requesting nits when no mapping exists.
11-29 09:22:07.195 1491 1608 I am_wtf : [0,1491,system_server,-1,DisplayDeviceConfig,requesting nits when no mapping exists.]
11-29 09:22:07.196 1491 1608 I am_wtf : [0,1491,system_server,-1,DisplayDeviceConfig,requesting nits when no mapping exists.]
11-29 09:22:07.213 1491 1874 E DisplayDeviceConfig: requesting nits when no mapping exists.
11-29 09:22:07.213 1491 1874 E DisplayDeviceConfig: requesting nits when no mapping exists.
11-29 09:22:07.214 1491 1608 I am_wtf : [0,1491,system_server,-1,DisplayDeviceConfig,requesting nits when no mapping exists.]
11-29 09:22:07.215 1491 1608 I am_wtf : [0,1491,system_server,-1,DisplayDeviceConfig,requesting nits when no mapping exists.]
11-29 09:22:07.227 1491 1874 E DisplayDeviceConfig: requesting nits when no mapping exists.
11-29 09:22:07.228 1491 1874 E DisplayDeviceConfig: requesting nits when no mapping exists.
11-29 09:22:07.228 1491 1608 I am_wtf : [0,1491,system_server,-1,DisplayDeviceConfig,requesting nits when no mapping exists.]
11-29 09:22:07.229 1491 1608 I am_wtf : [0,1491,system_server,-1,DisplayDeviceConfig,requesting nits when no mapping exists.]
11-29 09:22:07.244 1491 1874 E DisplayDeviceConfig: requesting nits when no mapping exists.
11-29 09:22:07.245 1491 1874 E DisplayDeviceConfig: requesting nits when no mapping exists.
11-29 09:22:07.245 1491 1608 I am_wtf : [0,1491,system_server,-1,DisplayDeviceConfig,requesting nits when no mapping exists.]
11-29 09:22:07.246 1491 1608 I am_wtf : [0,1491,system_server,-1,DisplayDeviceConfig,requesting nits when no mapping exists.]
11-29 09:22:07.261 1491 1874 E DisplayDeviceConfig: requesting nits when no mapping exists.
11-29 09:22:07.261 1491 1608 I am_wtf : [0,1491,system_server,-1,DisplayDeviceConfig,requesting nits when no mapping exists.]
11-29 09:22:07.261 1491 1874 E DisplayDeviceConfig: requesting nits when no mapping exists.
11-29 09:22:07.262 1491 1608 I am_wtf : [0,1491,system_server,-1,DisplayDeviceConfig,requesting nits when no mapping exists.]
11-29 09:22:07.278 1491 1874 E DisplayDeviceConfig: requesting nits when no mapping exists.
11-29 09:22:07.278 1491 1874 E DisplayDeviceConfig: requesting nits when no mapping exists.
11-29 09:22:07.278 1491 1608 I am_wtf : [0,1491,system_server,-1,DisplayDeviceConfig,requesting nits when no mapping exists.]
11-29 09:22:07.279 1491 1608 I am_wtf : [0,1491,system_server,-1,DisplayDeviceConfig,requesting nits when no mapping exists.]
11-29 09:22:07.294 1491 1874 E DisplayDeviceConfig: requesting nits when no mapping exists.
11-29 09:22:07.295 1491 1608 I am_wtf : [0,1491,system_server,-1,DisplayDeviceConfig,requesting nits when no mapping exists.]
11-29 09:22:07.296 1491 1874 E DisplayDeviceConfig: requesting nits when no mapping exists.
11-29 09:22:07.296 1491 1608 I am_wtf : [0,1491,system_server,-1,DisplayDeviceConfig,requesting nits when no mapping exists.]
11-29 09:22:07.311 1491 1874 E DisplayDeviceConfig: requesting nits when no mapping exists.
11-29 09:22:07.311 1491 1608 I am_wtf : [0,1491,system_server,-1,DisplayDeviceConfig,requesting nits when no mapping exists.]
11-29 09:22:07.311 1491 1874 E DisplayDeviceConfig: requesting nits when no mapping exists.
11-29 09:22:07.313 1491 1608 I am_wtf : [0,1491,system_server,-1,DisplayDeviceConfig,requesting nits when no mapping exists.]
11-29 09:22:07.328 1491 1874 E DisplayDeviceConfig: requesting nits when no mapping exists.
11-29 09:22:07.328 1491 1608 I am_wtf : [0,1491,system_server,-1,DisplayDeviceConfig,requesting nits when no mapping exists.]
11-29 09:22:07.329 1491 1874 E DisplayDeviceConfig: requesting nits when no mapping exists.
11-29 09:22:07.329 1491 1608 I am_wtf : [0,1491,system_server,-1,DisplayDeviceConfig,requesting nits when no mapping exists.]
11-29 09:22:07.345 1491 1874 E DisplayDeviceConfig: requesting nits when no mapping exists.
11-29 09:22:07.346 1491 1874 E DisplayDeviceConfig: requesting nits when no mapping exists.
11-29 09:22:07.346 1491 1608 I am_wtf : [0,1491,system_server,-1,DisplayDeviceConfig,requesting nits when no mapping exists.]
11-29 09:22:07.347 1491 1608 I am_wtf : [0,1491,system_server,-1,DisplayDeviceConfig,requesting nits when no mapping exists.]
11-29 09:22:07.361 1491 1874 E DisplayDeviceConfig: requesting nits when no mapping exists.
11-29 09:22:07.362 1491 1608 I am_wtf : [0,1491,system_server,-1,DisplayDeviceConfig,requesting nits when no mapping exists.]
11-29 09:22:07.362 1491 1874 E DisplayDeviceConfig: requesting nits when no mapping exists.
11-29 09:22:07.363 1491 1608 I am_wtf : [0,1491,system_server,-1,DisplayDeviceConfig,requesting nits when no mapping exists.]
11-29 09:22:07.380 1491 1874 E DisplayDeviceConfig: requesting nits when no mapping exists.
11-29 09:22:07.381 1491 1874 E DisplayDeviceConfig: requesting nits when no mapping exists.
11-29 09:22:07.381 1491 1608 I am_wtf : [0,1491,system_server,-1,DisplayDeviceConfig,requesting nits when no mapping exists.]
11-29 09:22:07.381 1491 1608 I am_wtf : [0,1491,system_server,-1,DisplayDeviceConfig,requesting nits when no mapping exists.]
11-29 09:22:07.395 1491 1874 E DisplayDeviceConfig: requesting nits when no mapping exists.
11-29 09:22:07.396 1491 1608 I am_wtf : [0,1491,system_server,-1,DisplayDeviceConfig,requesting nits when no mapping exists.]
11-29 09:22:07.395 1491 1874 E DisplayDeviceConfig: requesting nits when no mapping exists.
11-29 09:22:07.397 1491 1608 I am_wtf : [0,1491,system_server,-1,DisplayDeviceConfig,requesting nits when no mapping exists.]
11-29 09:22:07.414 1491 1874 E DisplayDeviceConfig: requesting nits when no mapping exists.
11-29 09:22:07.414 1491 1608 I am_wtf : [0,1491,system_server,-1,DisplayDeviceConfig,requesting nits when no mapping exists.]
11-29 09:22:07.414 1491 1874 E DisplayDeviceConfig: requesting nits when no mapping exists.
11-29 09:22:07.415 1491 1608 I am_wtf : [0,1491,system_server,-1,DisplayDeviceConfig,requesting nits when no mapping exists.]
11-29 09:22:07.428 1491 1874 E DisplayDeviceConfig: requesting nits when no mapping exists.
11-29 09:22:07.429 1491 1874 E DisplayDeviceConfig: requesting nits when no mapping exists.
11-29 09:22:07.429 1491 1608 I am_wtf : [0,1491,system_server,-1,DisplayDeviceConfig,requesting nits when no mapping exists.]
11-29 09:22:07.430 1491 1608 I am_wtf : [0,1491,system_server,-1,DisplayDeviceConfig,requesting nits when no mapping exists.]
11-29 09:22:07.444 1491 1874 E DisplayDeviceConfig: requesting nits when no mapping exists.
11-29 09:22:07.445 1491 1874 E DisplayDeviceConfig: requesting nits when no mapping exists.
11-29 09:22:07.446 1491 1608 I am_wtf : [0,1491,system_server,-1,DisplayDeviceConfig,requesting nits when no mapping exists.]
11-29 09:22:07.447 1491 1608 I am_wtf : [0,1491,system_server,-1,DisplayDeviceConfig,requesting nits when no mapping exists.]
11-29 09:22:07.463 1491 1874 E DisplayDeviceConfig: requesting nits when no mapping exists.
11-29 09:22:07.464 1491 1874 E DisplayDeviceConfig: requesting nits when no mapping exists.
11-29 09:22:07.464 1491 1608 I am_wtf : [0,1491,system_server,-1,DisplayDeviceConfig,requesting nits when no mapping exists.]
11-29 09:22:07.465 1491 1608 I am_wtf : [0,1491,system_server,-1,DisplayDeviceConfig,requesting nits when no mapping exists.]
11-29 09:22:07.479 1491 1874 E DisplayDeviceConfig: requesting nits when no mapping exists.
11-29 09:22:07.480 1491 1608 I am_wtf : [0,1491,system_server,-1,DisplayDeviceConfig,requesting nits when no mapping exists.]
11-29 09:22:07.480 1491 1874 E DisplayDeviceConfig: requesting nits when no mapping exists.
11-29 09:22:07.482 1491 1608 I am_wtf : [0,1491,system_server,-1,DisplayDeviceConfig,requesting nits when no mapping exists.]
11-29 09:22:07.496 1491 1874 E DisplayDeviceConfig: requesting nits when no mapping exists.
11-29 09:22:07.497 1491 1874 E DisplayDeviceConfig: requesting nits when no mapping exists.
11-29 09:22:07.498 1491 1608 I am_wtf : [0,1491,system_server,-1,DisplayDeviceConfig,requesting nits when no mapping exists.]
11-29 09:22:07.499 1491 1608 I am_wtf : [0,1491,system_server,-1,DisplayDeviceConfig,requesting nits when no mapping exists.]
11-29 09:22:07.511 1491 1874 E DisplayDeviceConfig: requesting nits when no mapping exists.
11-29 09:22:07.511 1491 1874 E DisplayDeviceConfig: requesting nits when no mapping exists.
11-29 09:22:07.511 1491 1608 I am_wtf : [0,1491,system_server,-1,DisplayDeviceConfig,requesting nits when no mapping exists.]
11-29 09:22:07.512 1491 1608 I am_wtf : [0,1491,system_server,-1,DisplayDeviceConfig,requesting nits when no mapping exists.]
11-29 09:22:07.530 1491 1874 E DisplayDeviceConfig: requesting nits when no mapping exists.
11-29 09:22:07.531 1491 1874 E DisplayDeviceConfig: requesting nits when no mapping exists.
11-29 09:22:07.531 1491 1608 I am_wtf : [0,1491,system_server,-1,DisplayDeviceConfig,requesting nits when no mapping exists.]
11-29 09:22:07.531 1491 1608 I am_wtf : [0,1491,system_server,-1,DisplayDeviceConfig,requesting nits when no mapping exists.]
11-29 09:22:07.547 1491 1874 E DisplayDeviceConfig: requesting nits when no mapping exists.
11-29 09:22:07.547 1491 1874 E DisplayDeviceConfig: requesting nits when no mapping exists.
11-29 09:22:07.547 1491 1608 I am_wtf : [0,1491,system_server,-1,DisplayDeviceConfig,requesting nits when no mapping exists.]
11-29 09:22:07.549 1491 1608 I am_wtf : [0,1491,system_server,-1,DisplayDeviceConfig,requesting nits when no mapping exists.]
11-29 09:22:07.565 1491 1874 E DisplayDeviceConfig: requesting nits when no mapping exists.
11-29 09:22:07.565 1491 1874 E DisplayDeviceConfig: requesting nits when no mapping exists.
11-29 09:22:07.569 1491 1608 I am_wtf : [0,1491,system_server,-1,DisplayDeviceConfig,requesting nits when no mapping exists.]
11-29 09:22:07.574 1491 1608 I am_wtf : [0,1491,system_server,-1,DisplayDeviceConfig,requesting nits when no mapping exists.]
11-29 09:22:07.579 1491 1874 E DisplayDeviceConfig: requesting nits when no mapping exists.
11-29 09:22:07.579 1491 1874 E DisplayDeviceConfig: requesting nits when no mapping exists.
11-29 09:22:07.580 1491 1608 I am_wtf : [0,1491,system_server,-1,DisplayDeviceConfig,requesting nits when no mapping exists.]
11-29 09:22:07.581 1491 1608 I am_wtf : [0,1491,system_server,-1,DisplayDeviceConfig,requesting nits when no mapping exists.]
11-29 09:22:07.595 1491 1874 E DisplayDeviceConfig: requesting nits when no mapping exists.
11-29 09:22:07.595 1491 1874 E DisplayDeviceConfig: requesting nits when no mapping exists.
11-29 09:22:07.595 1491 1608 I am_wtf : [0,1491,system_server,-1,DisplayDeviceConfig,requesting nits when no mapping exists.]
11-29 09:22:07.597 1491 1608 I am_wtf : [0,1491,system_server,-1,DisplayDeviceConfig,requesting nits when no mapping exists.]
11-29 09:22:07.611 1491 1874 E DisplayDeviceConfig: requesting nits when no mapping exists.
11-29 09:22:07.612 1491 1874 E DisplayDeviceConfig: requesting nits when no mapping exists.
11-29 09:22:07.613 1491 1608 I am_wtf : [0,1491,system_server,-1,DisplayDeviceConfig,requesting nits when no mapping exists.]
11-29 09:22:07.614 1491 1608 I am_wtf : [0,1491,system_server,-1,DisplayDeviceConfig,requesting nits when no mapping exists.]
11-29 09:22:07.628 1491 1874 E DisplayDeviceConfig: requesting nits when no mapping exists.
11-29 09:22:07.629 1491 1874 E DisplayDeviceConfig: requesting nits when no mapping exists.
11-29 09:22:07.629 1491 1608 I am_wtf : [0,1491,system_server,-1,DisplayDeviceConfig,requesting nits when no mapping exists.]
11-29 09:22:07.631 1491 1608 I am_wtf : [0,1491,system_server,-1,DisplayDeviceConfig,requesting nits when no mapping exists.]
11-29 09:22:07.645 1491 1874 E DisplayDeviceConfig: requesting nits when no mapping exists.
11-29 09:22:07.645 1491 1874 E DisplayDeviceConfig: requesting nits when no mapping exists.
11-29 09:22:07.646 1491 1608 I am_wtf : [0,1491,system_server,-1,DisplayDeviceConfig,requesting nits when no mapping exists.]
11-29 09:22:07.647 1491 1608 I am_wtf : [0,1491,system_server,-1,DisplayDeviceConfig,requesting nits when no mapping exists.]
11-29 09:22:07.662 1491 1874 E DisplayDeviceConfig: requesting nits when no mapping exists.
11-29 09:22:07.662 1491 1874 E DisplayDeviceConfig: requesting nits when no mapping exists.
11-29 09:22:07.663 1491 1608 I am_wtf : [0,1491,system_server,-1,DisplayDeviceConfig,requesting nits when no mapping exists.]
11-29 09:22:07.664 1491 1608 I am_wtf : [0,1491,system_server,-1,DisplayDeviceConfig,requesting nits when no mapping exists.]
11-29 09:22:07.679 1491 1874 E DisplayDeviceConfig: requesting nits when no mapping exists.
11-29 09:22:07.679 1491 1874 E DisplayDeviceConfig: requesting nits when no mapping exists.
11-29 09:22:07.680 1491 1608 I am_wtf : [0,1491,system_server,-1,DisplayDeviceConfig,requesting nits when no mapping exists.]
11-29 09:22:07.682 1491 1608 I am_wtf : [0,1491,system_server,-1,DisplayDeviceConfig,requesting nits when no mapping exists.]
11-29 09:22:07.697 1491 1874 E DisplayDeviceConfig: requesting nits when no mapping exists.
11-29 09:22:07.697 1491 1874 E DisplayDeviceConfig: requesting nits when no mapping exists.
11-29 09:22:07.697 1491 1608 I am_wtf : [0,1491,system_server,-1,DisplayDeviceConfig,requesting nits when no mapping exists.]
11-29 09:22:07.698 1491 1608 I am_wtf : [0,1491,system_server,-1,DisplayDeviceConfig,requesting nits when no mapping exists.]
11-29 09:22:07.712 1491 1874 E DisplayDeviceConfig: requesting nits when no mapping exists.
11-29 09:22:07.712 1491 1874 E DisplayDeviceConfig: requesting nits when no mapping exists.
11-29 09:22:07.714 1491 1608 I am_wtf : [0,1491,system_server,-1,DisplayDeviceConfig,requesting nits when no mapping exists.]
11-29 09:22:07.715 1491 1608 I am_wtf : [0,1491,system_server,-1,DisplayDeviceConfig,requesting nits when no mapping exists.]
11-29 09:22:08.079 0 0 I auditd : type=1400 audit(0.0:24325): avc: denied { kill } for comm="swapper/1" capability=5 scontext=u:r:kernel:s0 tcontext=u:r:kernel:s0 tclass=capability permissive=0
11-29 09:22:09.079 0 0 I auditd : type=1400 audit(0.0:24326): avc: denied { kill } for comm="swapper/1" capability=5 scontext=u:r:kernel:s0 tcontext=u:r:kernel:s0 tclass=capability permissive=0
11-29 09:22:11.079 0 0 I auditd : type=1400 audit(0.0:24327): avc: denied { kill } for comm="swapper/2" capability=5 scontext=u:r:kernel:s0 tcontext=u:r:kernel:s0 tclass=capability permissive=0
11-29 09:22:12.079 0 0 I auditd : type=1400 audit(0.0:24328): avc: denied { kill } for comm="swapper/2" capability=5 scontext=u:r:kernel:s0 tcontext=u:r:kernel:s0 tclass=capability permissive=0
11-29 09:22:13.079 0 0 I auditd : type=1400 audit(0.0:24329): avc: denied { kill } for comm="swapper/2" capability=5 scontext=u:r:kernel:s0 tcontext=u:r:kernel:s0 tclass=capability permissive=0
11-29 09:22:14.079 0 0 I auditd : type=1400 audit(0.0:24330): avc: denied { kill } for comm="swapper/2" capability=5 scontext=u:r:kernel:s0 tcontext=u:r:kernel:s0 tclass=capability permissive=0
11-29 09:22:15.079 0 0 I auditd : type=1400 audit(0.0:24331): avc: denied { kill } for comm="swapper/2" capability=5 scontext=u:r:kernel:s0 tcontext=u:r:kernel:s0 tclass=capability permissive=0
11-29 09:22:16.079 0 0 I auditd : type=1400 audit(0.0:24332): avc: denied { kill } for comm="swapper/2" capability=5 scontext=u:r:kernel:s0 tcontext=u:r:kernel:s0 tclass=capability permissive=0
11-29 09:22:16.960 1491 1760 I GameModeConfig: isGameModeOn = false
11-29 09:22:17.079 0 0 I auditd : type=1400 audit(0.0:24333): avc: denied { kill } for comm="swapper/2" capability=5 scontext=u:r:kernel:s0 tcontext=u:r:kernel:s0 tclass=capability permissive=0
11-29 09:22:18.079 0 0 I auditd : type=1400 audit(0.0:24334): avc: denied { kill } for comm="swapper/2" capability=5 scontext=u:r:kernel:s0 tcontext=u:r:kernel:s0 tclass=capability permissive=0
11-29 09:22:19.079 0 0 I auditd : type=1400 audit(0.0:24335): avc: denied { kill } for comm="swapper/2" capability=5 scontext=u:r:kernel:s0 tcontext=u:r:kernel:s0 tclass=capability permissive=0
11-29 09:22:20.079 0 0 I auditd : type=1400 audit(0.0:24336): avc: denied { kill } for comm="swapper/2" capability=5 scontext=u:r:kernel:s0 tcontext=u:r:kernel:s0 tclass=capability permissive=0
11-29 09:22:21.079 0 0 I auditd : type=1400 audit(0.0:24337): avc: denied { kill } for comm="swapper/2" capability=5 scontext=u:r:kernel:s0 tcontext=u:r:kernel:s0 tclass=capability permissive=0
11-29 09:22:21.429 1491 1723 I service_manager_stats: [120,82,14739]
11-29 09:22:21.450 1491 1723 I netstats_mobile_sample: [0,0,0,0,0,0,0,0,0,0,0,0,1669684941449]
11-29 09:22:21.450 1491 1723 I netstats_wifi_sample: [6558850419,5638171,282327716,1199669,6558850419,5638171,282327716,1199669,6676510668,6543979,160437381,923514,1669684941449]
11-29 09:22:23.079 0 0 I auditd : type=1400 audit(0.0:24338): avc: denied { kill } for comm="swapper/2" capability=5 scontext=u:r:kernel:s0 tcontext=u:r:kernel:s0 tclass=capability permissive=0
11-29 09:22:23.945 1491 1607 I am_pss : [16964,10052,com.thundercomm.screensaver,61337600,56303616,13312,171061248,0,2,13]
11-29 09:22:25.079 0 0 I auditd : type=1400 audit(0.0:24339): avc: denied { kill } for comm="swapper/2" capability=5 scontext=u:r:kernel:s0 tcontext=u:r:kernel:s0 tclass=capability permissive=0
11-29 09:22:26.079 0 0 I auditd : type=1400 audit(0.0:24340): avc: denied { kill } for comm="swapper/2" capability=5 scontext=u:r:kernel:s0 tcontext=u:r:kernel:s0 tclass=capability permissive=0
11-29 09:22:27.079 0 0 I auditd : type=1400 audit(0.0:24341): avc: denied { kill } for comm="swapper/2" capability=5 scontext=u:r:kernel:s0 tcontext=u:r:kernel:s0 tclass=capability permissive=0
11-29 09:22:28.079 0 0 I auditd : type=1400 audit(0.0:24342): avc: denied { kill } for comm="swapper/2" capability=5 scontext=u:r:kernel:s0 tcontext=u:r:kernel:s0 tclass=capability permissive=0
11-29 09:22:29.079 0 0 I auditd : type=1400 audit(0.0:24343): avc: denied { kill } for comm="swapper/2" capability=5 scontext=u:r:kernel:s0 tcontext=u:r:kernel:s0 tclass=capability permissive=0
11-29 09:22:31.079 0 0 I auditd : type=1400 audit(0.0:24344): avc: denied { kill } for comm="swapper/2" capability=5 scontext=u:r:kernel:s0 tcontext=u:r:kernel:s0 tclass=capability permissive=0
11-29 09:22:32.079 0 0 I auditd : type=1400 audit(0.0:24345): avc: denied { kill } for comm="swapper/2" capability=5 scontext=u:r:kernel:s0 tcontext=u:r:kernel:s0 tclass=capability permissive=0
11-29 09:22:33.079 0 0 I auditd : type=1400 audit(0.0:24346): avc: denied { kill } for comm="swapper/2" capability=5 scontext=u:r:kernel:s0 tcontext=u:r:kernel:s0 tclass=capability permissive=0
11-29 09:22:34.079 0 0 I auditd : type=1400 audit(0.0:24347): avc: denied { kill } for comm="swapper/2" capability=5 scontext=u:r:kernel:s0 tcontext=u:r:kernel:s0 tclass=capability permissive=0
11-29 09:22:35.079 0 0 I auditd : type=1400 audit(0.0:24348): avc: denied { kill } for comm="swapper/2" capability=5 scontext=u:r:kernel:s0 tcontext=u:r:kernel:s0 tclass=capability permissive=0
11-29 09:22:36.079 0 0 I auditd : type=1400 audit(0.0:24349): avc: denied { kill } for comm="swapper/2" capability=5 scontext=u:r:kernel:s0 tcontext=u:r:kernel:s0 tclass=capability permissive=0
11-29 09:22:37.079 0 0 I auditd : type=1400 audit(0.0:24350): avc: denied { kill } for comm="swapper/2" capability=5 scontext=u:r:kernel:s0 tcontext=u:r:kernel:s0 tclass=capability permissive=0
11-29 09:22:38.079 0 0 I auditd : type=1400 audit(0.0:24351): avc: denied { kill } for comm="swapper/2" capability=5 scontext=u:r:kernel:s0 tcontext=u:r:kernel:s0 tclass=capability permissive=0
11-29 09:22:39.079 0 0 I auditd : type=1400 audit(0.0:24352): avc: denied { kill } for comm="swapper/2" capability=5 scontext=u:r:kernel:s0 tcontext=u:r:kernel:s0 tclass=capability permissive=0
11-29 09:22:40.079 0 0 I auditd : type=1400 audit(0.0:24353): avc: denied { kill } for comm="swapper/2" capability=5 scontext=u:r:kernel:s0 tcontext=u:r:kernel:s0 tclass=capability permissive=0
11-29 09:22:41.079 0 0 I auditd : type=1400 audit(0.0:24354): avc: denied { kill } for comm="swapper/2" capability=5 scontext=u:r:kernel:s0 tcontext=u:r:kernel:s0 tclass=capability permissive=0
11-29 09:22:42.079 0 0 I auditd : type=1400 audit(0.0:24355): avc: denied { kill } for comm="swapper/2" capability=5 scontext=u:r:kernel:s0 tcontext=u:r:kernel:s0 tclass=capability permissive=0
11-29 09:22:43.079 0 0 I auditd : type=1400 audit(0.0:24356): avc: denied { kill } for comm="swapper/2" capability=5 scontext=u:r:kernel:s0 tcontext=u:r:kernel:s0 tclass=capability permissive=0
11-29 09:22:44.079 0 0 I auditd : type=1400 audit(0.0:24357): avc: denied { kill } for comm="swapper/2" capability=5 scontext=u:r:kernel:s0 tcontext=u:r:kernel:s0 tclass=capability permissive=0
11-29 09:22:45.079 0 0 I auditd : type=1400 audit(0.0:24358): avc: denied { kill } for comm="swapper/2" capability=5 scontext=u:r:kernel:s0 tcontext=u:r:kernel:s0 tclass=capability permissive=0
11-29 09:22:46.079 0 0 I auditd : type=1400 audit(0.0:24359): avc: denied { kill } for comm="swapper/2" capability=5 scontext=u:r:kernel:s0 tcontext=u:r:kernel:s0 tclass=capability permissive=0
11-29 09:22:47.079 0 0 I auditd : type=1400 audit(0.0:24360): avc: denied { kill } for comm="swapper/2" capability=5 scontext=u:r:kernel:s0 tcontext=u:r:kernel:s0 tclass=capability permissive=0
11-29 09:22:48.079 0 0 I auditd : type=1400 audit(0.0:24361): avc: denied { kill } for comm="swapper/2" capability=5 scontext=u:r:kernel:s0 tcontext=u:r:kernel:s0 tclass=capability permissive=0
11-29 09:22:49.079 0 0 I auditd : type=1400 audit(0.0:24362): avc: denied { kill } for comm="swapper/2" capability=5 scontext=u:r:kernel:s0 tcontext=u:r:kernel:s0 tclass=capability permissive=0
11-29 09:22:50.079 18083 18083 I auditd : type=1400 audit(0.0:24363): avc: denied { kill } for comm="kworker/u17:4" capability=5 scontext=u:r:kernel:s0 tcontext=u:r:kernel:s0 tclass=capability permissive=0
11-29 09:22:51.079 0 0 I auditd : type=1400 audit(0.0:24364): avc: denied { kill } for comm="swapper/2" capability=5 scontext=u:r:kernel:s0 tcontext=u:r:kernel:s0 tclass=capability permissive=0
11-29 09:22:53.079 0 0 I auditd : type=1400 audit(0.0:24365): avc: denied { kill } for comm="swapper/2" capability=5 scontext=u:r:kernel:s0 tcontext=u:r:kernel:s0 tclass=capability permissive=0
11-29 09:22:54.079 0 0 I auditd : type=1400 audit(0.0:24366): avc: denied { kill } for comm="swapper/2" capability=5 scontext=u:r:kernel:s0 tcontext=u:r:kernel:s0 tclass=capability permissive=0
11-29 09:22:55.079 0 0 I auditd : type=1400 audit(0.0:24367): avc: denied { kill } for comm="swapper/2" capability=5 scontext=u:r:kernel:s0 tcontext=u:r:kernel:s0 tclass=capability permissive=0
11-29 09:22:56.079 0 0 I auditd : type=1400 audit(0.0:24368): avc: denied { kill } for comm="swapper/2" capability=5 scontext=u:r:kernel:s0 tcontext=u:r:kernel:s0 tclass=capability permissive=0
11-29 09:22:57.079 0 0 I auditd : type=1400 audit(0.0:24369): avc: denied { kill } for comm="swapper/2" capability=5 scontext=u:r:kernel:s0 tcontext=u:r:kernel:s0 tclass=capability permissive=0
11-29 09:22:58.079 0 0 I auditd : type=1400 audit(0.0:24370): avc: denied { kill } for comm="swapper/2" capability=5 scontext=u:r:kernel:s0 tcontext=u:r:kernel:s0 tclass=capability permissive=0
11-29 09:22:59.079 0 0 I auditd : type=1400 audit(0.0:24371): avc: denied { kill } for comm="swapper/2" capability=5 scontext=u:r:kernel:s0 tcontext=u:r:kernel:s0 tclass=capability permissive=0
11-29 09:23:00.079 0 0 I auditd : type=1400 audit(0.0:24372): avc: denied { kill } for comm="swapper/2" capability=5 scontext=u:r:kernel:s0 tcontext=u:r:kernel:s0 tclass=capability permissive=0
11-29 09:23:01.079 0 0 I auditd : type=1400 audit(0.0:24373): avc: denied { kill } for comm="swapper/2" capability=5 scontext=u:r:kernel:s0 tcontext=u:r:kernel:s0 tclass=capability permissive=0
11-29 09:23:03.029 1491 1491 I notification_enqueue: [10097,27146,com.tencent.android.qqdownloader,127,NULL,0,Notification(channel=channel_id_default_silent shortcut=null contentView=com.tencent.android.qqdownloader/0x7f0a01c2 vibrate=null sound=null defaults=0x0 flags=0x2a0 color=0x00000000 groupKey=com.tencent.android.qqdownloader vis=PRIVATE),1]
11-29 09:23:03.079 0 0 I auditd : type=1400 audit(0.0:24374): avc: denied { kill } for comm="swapper/1" capability=5 scontext=u:r:kernel:s0 tcontext=u:r:kernel:s0 tclass=capability permissive=0
11-29 09:23:03.231 1491 1491 I GameModeConfig: isGameModeOn = false
11-29 09:23:04.079 0 0 I auditd : type=1400 audit(0.0:24375): avc: denied { kill } for comm="swapper/1" capability=5 scontext=u:r:kernel:s0 tcontext=u:r:kernel:s0 tclass=capability permissive=0
11-29 09:23:05.079 0 0 I auditd : type=1400 audit(0.0:24376): avc: denied { kill } for comm="swapper/1" capability=5 scontext=u:r:kernel:s0 tcontext=u:r:kernel:s0 tclass=capability permissive=0
11-29 09:23:06.079 0 0 I auditd : type=1400 audit(0.0:24377): avc: denied { kill } for comm="swapper/1" capability=5 scontext=u:r:kernel:s0 tcontext=u:r:kernel:s0 tclass=capability permissive=0
11-29 09:23:07.079 0 0 I auditd : type=1400 audit(0.0:24378): avc: denied { kill } for comm="swapper/1" capability=5 scontext=u:r:kernel:s0 tcontext=u:r:kernel:s0 tclass=capability permissive=0
11-29 09:23:09.079 0 0 I auditd : type=1400 audit(0.0:24379): avc: denied { kill } for comm="swapper/2" capability=5 scontext=u:r:kernel:s0 tcontext=u:r:kernel:s0 tclass=capability permissive=0
11-29 09:23:10.079 0 0 I auditd : type=1400 audit(0.0:24380): avc: denied { kill } for comm="swapper/2" capability=5 scontext=u:r:kernel:s0 tcontext=u:r:kernel:s0 tclass=capability permissive=0
11-29 09:23:11.079 0 0 I auditd : type=1400 audit(0.0:24381): avc: denied { kill } for comm="swapper/2" capability=5 scontext=u:r:kernel:s0 tcontext=u:r:kernel:s0 tclass=capability permissive=0
11-29 09:23:12.079 0 0 I auditd : type=1400 audit(0.0:24382): avc: denied { kill } for comm="swapper/2" capability=5 scontext=u:r:kernel:s0 tcontext=u:r:kernel:s0 tclass=capability permissive=0
11-29 09:23:13.079 0 0 I auditd : type=1400 audit(0.0:24383): avc: denied { kill } for comm="swapper/2" capability=5 scontext=u:r:kernel:s0 tcontext=u:r:kernel:s0 tclass=capability permissive=0
11-29 09:23:13.117 1491 1608 I am_uid_idle: 10063
11-29 09:23:14.079 0 0 I auditd : type=1400 audit(0.0:24384): avc: denied { kill } for comm="swapper/2" capability=5 scontext=u:r:kernel:s0 tcontext=u:r:kernel:s0 tclass=capability permissive=0
11-29 09:23:15.079 0 0 I auditd : type=1400 audit(0.0:24385): avc: denied { kill } for comm="swapper/2" capability=5 scontext=u:r:kernel:s0 tcontext=u:r:kernel:s0 tclass=capability permissive=0
11-29 09:23:16.079 0 0 I auditd : type=1400 audit(0.0:24386): avc: denied { kill } for comm="swapper/2" capability=5 scontext=u:r:kernel:s0 tcontext=u:r:kernel:s0 tclass=capability permissive=0
11-29 09:23:17.079 0 0 I auditd : type=1400 audit(0.0:24387): avc: denied { kill } for comm="swapper/2" capability=5 scontext=u:r:kernel:s0 tcontext=u:r:kernel:s0 tclass=capability permissive=0
11-29 09:23:18.079 0 0 I auditd : type=1400 audit(0.0:24388): avc: denied { kill } for comm="swapper/2" capability=5 scontext=u:r:kernel:s0 tcontext=u:r:kernel:s0 tclass=capability permissive=0
11-29 09:23:19.079 0 0 I auditd : type=1400 audit(0.0:24389): avc: denied { kill } for comm="swapper/2" capability=5 scontext=u:r:kernel:s0 tcontext=u:r:kernel:s0 tclass=capability permissive=0
11-29 09:23:20.079 0 0 I auditd : type=1400 audit(0.0:24390): avc: denied { kill } for comm="swapper/2" capability=5 scontext=u:r:kernel:s0 tcontext=u:r:kernel:s0 tclass=capability permissive=0
11-29 09:23:21.079 0 0 I auditd : type=1400 audit(0.0:24391): avc: denied { kill } for comm="swapper/2" capability=5 scontext=u:r:kernel:s0 tcontext=u:r:kernel:s0 tclass=capability permissive=0
11-29 09:23:22.079 0 0 I auditd : type=1400 audit(0.0:24392): avc: denied { kill } for comm="swapper/2" capability=5 scontext=u:r:kernel:s0 tcontext=u:r:kernel:s0 tclass=capability permissive=0
11-29 09:23:23.079 0 0 I auditd : type=1400 audit(0.0:24393): avc: denied { kill } for comm="swapper/2" capability=5 scontext=u:r:kernel:s0 tcontext=u:r:kernel:s0 tclass=capability permissive=0
11-29 09:23:24.079 0 0 I auditd : type=1400 audit(0.0:24394): avc: denied { kill } for comm="swapper/2" capability=5 scontext=u:r:kernel:s0 tcontext=u:r:kernel:s0 tclass=capability permissive=0
11-29 09:23:25.079 0 0 I auditd : type=1400 audit(0.0:24395): avc: denied { kill } for comm="swapper/2" capability=5 scontext=u:r:kernel:s0 tcontext=u:r:kernel:s0 tclass=capability permissive=0
11-29 09:23:26.079 0 0 I auditd : type=1400 audit(0.0:24396): avc: denied { kill } for comm="swapper/2" capability=5 scontext=u:r:kernel:s0 tcontext=u:r:kernel:s0 tclass=capability permissive=0
11-29 09:23:27.030 1491 1723 I netstats_mobile_sample: [0,0,0,0,0,0,0,0,0,0,0,0,1669685007030]
11-29 09:23:27.031 1491 1723 I netstats_wifi_sample: [6560560473,5642245,283069656,1201480,6560560473,5642245,283069656,1201480,6678760005,6552194,160813112,924487,1669685007030]
11-29 09:23:27.079 0 0 I auditd : type=1400 audit(0.0:24397): avc: denied { kill } for comm="swapper/2" capability=5 scontext=u:r:kernel:s0 tcontext=u:r:kernel:s0 tclass=capability permissive=0
11-29 09:23:28.079 0 0 I auditd : type=1400 audit(0.0:24398): avc: denied { kill } for comm="swapper/2" capability=5 scontext=u:r:kernel:s0 tcontext=u:r:kernel:s0 tclass=capability permissive=0
11-29 09:23:29.079 0 0 I auditd : type=1400 audit(0.0:24399): avc: denied { kill } for comm="swapper/2" capability=5 scontext=u:r:kernel:s0 tcontext=u:r:kernel:s0 tclass=capability permissive=0
11-29 09:23:30.079 0 0 I auditd : type=1400 audit(0.0:24400): avc: denied { kill } for comm="swapper/2" capability=5 scontext=u:r:kernel:s0 tcontext=u:r:kernel:s0 tclass=capability permissive=0
11-29 09:23:31.079 0 0 I auditd : type=1400 audit(0.0:24401): avc: denied { kill } for comm="swapper/2" capability=5 scontext=u:r:kernel:s0 tcontext=u:r:kernel:s0 tclass=capability permissive=0
11-29 09:23:32.079 0 0 I auditd : type=1400 audit(0.0:24402): avc: denied { kill } for comm="swapper/2" capability=5 scontext=u:r:kernel:s0 tcontext=u:r:kernel:s0 tclass=capability permissive=0
11-29 09:23:33.079 0 0 I auditd : type=1400 audit(0.0:24403): avc: denied { kill } for comm="swapper/2" capability=5 scontext=u:r:kernel:s0 tcontext=u:r:kernel:s0 tclass=capability permissive=0
11-29 09:23:35.079 0 0 I auditd : type=1400 audit(0.0:24404): avc: denied { kill } for comm="swapper/2" capability=5 scontext=u:r:kernel:s0 tcontext=u:r:kernel:s0 tclass=capability permissive=0
11-29 09:23:36.079 0 0 I auditd : type=1400 audit(0.0:24405): avc: denied { kill } for comm="swapper/2" capability=5 scontext=u:r:kernel:s0 tcontext=u:r:kernel:s0 tclass=capability permissive=0
11-29 09:23:36.891 1491 1674 D ActivityManager: freezing 15447 com.qualcomm.qti.qccauthmgr
11-29 09:23:36.892 1491 1674 E ActivityManager: Unable to freeze binder for 15447 com.qualcomm.qti.qccauthmgr
11-29 09:23:36.893 1491 1674 D ActivityManager: froze 15447 com.qualcomm.qti.qccauthmgr
11-29 09:23:36.893 1491 1674 I am_freeze: [15447,com.qualcomm.qti.qccauthmgr]
11-29 09:23:36.894 1491 1674 E ActivityManager: Unable to freeze binder for 15447 com.qualcomm.qti.qccauthmgr
11-29 09:23:36.896 1491 1674 I ActivityManager: Killing 15447:com.qualcomm.qti.qccauthmgr/u0a83 (adj 945): Unable to freeze binder interface
11-29 09:23:36.896 1491 1674 I am_kill : [0,15447,com.qualcomm.qti.qccauthmgr,945,Unable to freeze binder interface]
11-29 09:23:36.936 1491 8786 I am_proc_died: [0,15447,com.qualcomm.qti.qccauthmgr,945,19]
11-29 09:23:36.937 1491 8786 I am_uid_stopped: 10083
11-29 09:23:36.954 1491 1607 I am_pss : [16964,10052,com.thundercomm.screensaver,62492672,57401344,13312,172224512,0,2,13]
11-29 09:23:36.988 1491 1607 I am_pss : [13671,10077,com.android.launcher3,90421248,79769600,13312,216662016,0,6,19]
11-29 09:23:37.004 1491 1607 I am_pss : [15636,10068,com.android.gallery3d,37881856,32067584,13312,153436160,2,18,13]
11-29 09:23:37.019 1491 1607 I am_pss : [8328,10067,com.android.deskclock,72792064,62820352,13312,198967296,2,15,15]
11-29 09:23:37.031 1491 1607 I am_pss : [7660,10089,com.android.music,55310336,49618944,13312,171524096,2,18,11]
11-29 09:23:37.041 1491 1607 I am_pss : [10546,10064,com.android.calendar,26504192,21594112,13312,139345920,2,19,9]
11-29 09:23:37.050 1491 1607 I am_pss : [16514,10061,com.android.soundrecorder,25389056,18714624,13312,137728000,2,19,8]
11-29 09:23:37.070 1491 1607 I am_pss : [3417,10029,com.baidu.input,122668032,111419392,13312,237457408,2,7,16]
11-29 09:23:37.078 1491 1607 I am_pss : [2867,10095,com.android.providers.media.module,20773888,17981440,13312,111091712,2,0,8]
11-29 09:23:37.079 0 0 I auditd : type=1400 audit(0.0:24406): avc: denied { kill } for comm="swapper/2" capability=5 scontext=u:r:kernel:s0 tcontext=u:r:kernel:s0 tclass=capability permissive=0
11-29 09:23:37.086 1491 1607 I am_pss : [8593,10063,com.thundercomm.gamemode.provider,8460288,6238208,13312,93413376,2,19,7]
11-29 09:23:37.094 1491 1607 I am_pss : [18123,10020,com.hryt.hiphishowfsecontrol,16852992,12763136,13312,99213312,2,19,7]
11-29 09:23:37.100 1491 1607 I am_pss : [11899,10021,com.android.musicfx,5928960,3948544,13312,87703552,2,19,6]
11-29 09:23:37.109 1491 1607 I am_pss : [8944,10094,com.android.permissioncontroller,23404544,20226048,13312,120975360,2,19,8]
11-29 09:23:37.117 1491 1607 I am_pss : [17507,10032,android.process.acore,14034944,9334784,13312,110694400,2,19,7]
11-29 09:23:37.128 1491 1607 I am_pss : [9089,1002,com.android.bluetooth,22204416,18911232,13312,119791616,2,0,9]
11-29 09:23:37.135 1491 1607 I am_pss : [11553,10028,com.android.providers.calendar,7678976,5357568,13312,94928896,2,19,6]
11-29 09:23:37.142 1491 1607 I am_pss : [16513,1000,com.android.settings,16775168,14786560,13312,97964032,2,19,7]
11-29 09:23:37.159 1491 1607 I am_pss : [27146,10097,com.tencent.android.qqdownloader:daemon,115537920,96055296,96256,198619136,2,4,16]
11-29 09:23:37.177 1491 1607 I am_pss : [27265,10097,com.tencent.android.qqdownloader,136529920,116916224,95232,220258304,2,4,16]
11-29 09:23:37.187 1491 1607 I am_pss : [27271,10097,com.tencent.android.qqdownloader:cloud,52826112,41431040,96256,115392512,2,4,9]
11-29 09:23:37.195 1491 1607 I am_pss : [12915,1000,com.qti.diagservices,6780928,4423680,13312,90185728,2,10,7]
11-29 09:23:37.212 1491 1607 I am_pss : [21979,10036,com.microsoft.emmx,96765952,82722816,8551424,186675200,2,19,14]
11-29 09:23:37.220 1491 1607 I am_pss : [3512,10019,com.android.packageinstaller,36861952,10596352,24288256,75415552,2,19,6]
11-29 09:23:37.228 1491 1607 I am_pss : [16043,1000,com.thundercomm.gamemode,16898048,8105984,6546432,85495808,2,10,7]
11-29 09:23:37.235 1491 1607 I am_pss : [2410,10096,android.ext.services,13935616,9953280,13312,100077568,2,5,6]
11-29 09:23:37.241 1491 1607 I am_pss : [2993,10073,com.qualcomm.location.XT,5878784,4182016,13312,83632128,2,6,5]
11-29 09:23:37.248 1491 1607 I am_pss : [2847,10076,com.qualcomm.location,11021312,8671232,13312,94027776,2,0,5]
11-29 09:23:37.255 1491 1607 I am_pss : [2834,10090,com.qualcomm.qti.workloadclassifier,20205568,18272256,13312,100347904,2,0,6]
11-29 09:23:37.261 1491 1607 I am_pss : [2804,10085,com.qualcomm.qti.qccnetstat,5563392,3907584,13312,81985536,2,0,4]
11-29 09:23:37.267 1491 1607 I am_pss : [2798,10072,com.qualcomm.qti.services.systemhelper:systemhelper_service,5661696,4018176,13312,81870848,2,0,5]
11-29 09:23:37.273 1491 1607 I am_pss : [2760,10053,.pasr,5266432,3629056,13312,80474112,2,0,5]
11-29 09:23:37.277 1491 1607 I am_pss : [2749,10058,ts.car.uart,5303296,3657728,13312,80838656,2,0,4]
11-29 09:23:37.287 1491 1607 I am_pss : [2735,10087,com.hht.lebocast,32303104,22552576,96256,93319168,2,0,9]
11-29 09:23:37.293 1491 1607 I am_pss : [2388,1000,com.qualcomm.qti.qdma,7048192,5042176,13312,89878528,2,0,6]
11-29 09:23:37.298 1491 1607 I am_pss : [3190,10066,com.qualcomm.qti.devicestatisticsservice,5167104,3526656,13312,80207872,2,0,4]
11-29 09:23:37.303 1491 1607 I am_pss : [2344,1000,com.thundercomm.tcservice,6563840,4833280,13312,84660224,2,0,4]
11-29 09:23:37.308 1491 1607 I am_pss : [2323,1000,com.thundercomm.remotecontrolservice,14646272,12500992,13312,97640448,2,0,5]
11-29 09:23:37.313 1491 1607 I am_pss : [2306,1068,com.android.se,5548032,3866624,13312,82403328,2,0,4]
11-29 09:23:37.319 1491 1607 I am_pss : [2246,1000,vendor.qti.qesdk.sysservice,5409792,3735552,13312,81895424,2,0,5]
11-29 09:23:37.324 1491 1607 I am_pss : [2263,10086,com.qti.qualcomm.mstatssystemservice,5309440,3670016,13312,80826368,2,0,4]
11-29 09:23:37.329 1491 1607 I am_pss : [2218,1000,com.thundercomm.tcsetupwizard,5400576,3780608,13312,80470016,2,0,4]
11-29 09:23:37.335 1491 1607 I am_pss : [2191,1073,com.android.networkstack.process,13850624,10743808,13312,101609472,2,0,6]
11-29 09:23:37.340 1491 1607 I am_pss : [2161,1000,com.thundercomm.tchttpserver,5897216,4227072,13312,82640896,2,0,4]
11-29 09:23:37.347 1491 1607 I am_pss : [2166,1000,com.tc.logclient,16949248,14532608,13312,107585536,2,0,6]
11-29 09:23:37.352 1491 1607 I am_pss : [2146,10054,.qtidataservices,5573632,3895296,13312,81686528,2,0,5]
11-29 09:23:37.358 1491 1607 I am_pss : [2121,1001,.dataservices,9996288,8151040,17408,88674304,2,0,5]
11-29 09:23:37.365 1491 1607 I am_pss : [2109,1000,com.thundercomm.microsettings,20107264,12984320,13312,106946560,2,0,6]
11-29 09:23:37.370 1491 1607 I am_pss : [2036,1000,com.thundercomm.microservice,7076864,5369856,13312,84471808,2,0,5]
11-29 09:23:37.396 1491 1607 I am_pss : [17439,10082,com.android.systemui,182152192,172761088,13312,311504896,2,0,20]
11-29 09:23:37.421 1491 1607 I am_pss : [1491,1000,system,197555200,122834944,13312,464334848,2,0,21]
11-29 09:23:37.426 1491 1607 I commit_sys_config_file: [procstats,30]
11-29 09:23:37.688 1491 1607 I am_meminfo: [3085361152,1743429632,14266368,418746368,535017472]
11-29 09:23:38.079 0 0 I auditd : type=1400 audit(0.0:24407): avc: denied { kill } for comm="swapper/2" capability=5 scontext=u:r:kernel:s0 tcontext=u:r:kernel:s0 tclass=capability permissive=0
11-29 09:23:39.079 0 0 I auditd : type=1400 audit(0.0:24408): avc: denied { kill } for comm="swapper/2" capability=5 scontext=u:r:kernel:s0 tcontext=u:r:kernel:s0 tclass=capability permissive=0
11-29 09:23:40.079 0 0 I auditd : type=1400 audit(0.0:24409): avc: denied { kill } for comm="swapper/2" capability=5 scontext=u:r:kernel:s0 tcontext=u:r:kernel:s0 tclass=capability permissive=0
11-29 09:23:41.079 0 0 I auditd : type=1400 audit(0.0:24410): avc: denied { kill } for comm="swapper/2" capability=5 scontext=u:r:kernel:s0 tcontext=u:r:kernel:s0 tclass=capability permissive=0
11-29 09:23:42.079 0 0 I auditd : type=1400 audit(0.0:24411): avc: denied { kill } for comm="swapper/2" capability=5 scontext=u:r:kernel:s0 tcontext=u:r:kernel:s0 tclass=capability permissive=0
11-29 09:23:44.079 0 0 I auditd : type=1400 audit(0.0:24412): avc: denied { kill } for comm="swapper/2" capability=5 scontext=u:r:kernel:s0 tcontext=u:r:kernel:s0 tclass=capability permissive=0
11-29 09:23:44.535 1491 1610 I ActivityManager: Process PhantomProcessRecord {1841bd6 18441:27146:ping/u0a97} died
11-29 09:23:45.079 0 0 I auditd : type=1400 audit(0.0:24413): avc: denied { kill } for comm="swapper/2" capability=5 scontext=u:r:kernel:s0 tcontext=u:r:kernel:s0 tclass=capability permissive=0
