11-29 09:03:14.984 1491 1700 W WindowManager: updateScale0.7996942
11-29 09:03:15.182 1491 1700 W ActivityTaskManager: getTaskSnapshot: taskId=4365 not found
11-29 09:03:15.182 1491 1700 W ActivityTaskManager: getTaskSnapshot: taskId=3365 not found
11-29 09:03:15.182 1491 1700 W ActivityTaskManager: getTaskSnapshot: taskId=2365 not found
11-29 09:03:15.183 1491 1700 W ActivityTaskManager: getTaskSnapshot: taskId=1365 not found
11-29 09:03:15.793 16043 16059 W ContextImpl: Calling a method in the system process without a qualified user: android.app.ContextImpl.startService:1816 android.content.ContextWrapper.startService:774 com.thundercomm.gamemode.ingame.services.GameModeActionUtils.startGameModeService:93 com.thundercomm.gamemode.ingame.services.GameModeActionUtils.startGameModeEntry:21 com.thundercomm.gamemode.ingame.services.ActivityMonitoringService$1.onActivityLaunch:127
11-29 09:03:15.806 1491 1491 I GameModeConfig: Current uri is uri = content://com.thundercomm.gamemode.api/gamemode_settings/gamemode_isgaming
11-29 09:03:15.811 1491 1491 I GameModeConfig: isGameModeOn = false
11-29 09:03:15.811 1491 1491 I GameModeConfig: isGameModeOn = false
11-29 09:03:15.811 1491 1491 I GameModeConfig: isDisableVoice = true
11-29 09:03:15.867 16043 16059 W ContextImpl: Calling a method in the system process without a qualified user: android.app.ContextImpl.startService:1816 android.content.ContextWrapper.startService:774 com.thundercomm.gamemode.ingame.services.GameModeActionUtils.startGameModeService:93 com.thundercomm.gamemode.ingame.services.GameModeActionUtils.startGameModeEntry:21 com.thundercomm.gamemode.ingame.services.ActivityMonitoringService$1.onActivityLaunch:127
11-29 09:03:15.871 1491 1491 I GameModeConfig: Current uri is uri = content://com.thundercomm.gamemode.api/gamemode_settings/gamemode_isgaming
11-29 09:03:15.874 1491 1491 I GameModeConfig: isGameModeOn = false
11-29 09:03:15.875 1491 1491 I GameModeConfig: isGameModeOn = false
11-29 09:03:15.875 1491 1491 I GameModeConfig: isDisableVoice = true
11-29 09:03:16.063 1491 1600 D FreeFormWindowHelper: Remove freefrom task=Task{a0f8d9a #362 type=standard A=10068:com.android.gallery3d U=0 visible=false mode=freeform translucent=true sz=0}
11-29 09:03:16.268 1491 1700 D FreeFormWindowHelper: Add freeform task=Task{a157c24 #365 type=standard A=10067:com.android.deskclock U=0 visible=false mode=freeform translucent=true sz=0}
11-29 09:03:16.269 1491 1700 I ActivityTaskManager: START u0 {flg=0x10108000 cmp=com.android.deskclock/.DeskClock} from uid 10077
11-29 09:03:16.278 1491 1700 I ActivityTaskManager: FOREGROUND_APPLICATION_CHANGED to com.android.deskclock.DeskClock
11-29 09:03:16.279 1491 1700 I ActivityTaskManager: The Process com.android.deskclock Already Exists in BG. So sending its PID: 8328
11-29 09:03:16.279 1491 1700 W ActivityTaskManager: Tried to set launchTime (0) < mLastActivityLaunchTime (20963041)
11-29 09:03:16.300 16043 16059 W ContextImpl: Calling a method in the system process without a qualified user: android.app.ContextImpl.startService:1816 android.content.ContextWrapper.startService:774 com.thundercomm.gamemode.ingame.services.GameModeActionUtils.startGameModeService:93 com.thundercomm.gamemode.ingame.services.GameModeActionUtils.startGameModeEntry:21 com.thundercomm.gamemode.ingame.services.ActivityMonitoringService$1.onActivityLaunch:127
11-29 09:03:16.307 1491 1491 I GameModeConfig: Current uri is uri = content://com.thundercomm.gamemode.api/gamemode_settings/gamemode_isgaming
11-29 09:03:16.310 1491 9370 I ActivityTaskManager: START u0 {act=android.content.pm.action.REQUEST_PERMISSIONS pkg=com.android.permissioncontroller cmp=com.android.permissioncontroller/.permission.ui.GrantPermissionsActivity (has extras)} from uid 10067
11-29 09:03:16.310 1491 1491 I GameModeConfig: isGameModeOn = false
11-29 09:03:16.310 1491 1491 I GameModeConfig: isGameModeOn = false
11-29 09:03:16.310 1491 1491 I GameModeConfig: isDisableVoice = true
11-29 09:03:16.354 1491 1772 I ActivityTaskManager: FOREGROUND_APPLICATION_CHANGED to com.android.permissioncontroller.permission.ui.GrantPermissionsActivity
11-29 09:03:16.354 1491 1772 I ActivityTaskManager: The Process com.android.permissioncontroller Already Exists in BG. So sending its PID: 8944
11-29 09:03:16.355 1491 1772 W ActivityTaskManager: Tried to set launchTime (0) < mLastActivityLaunchTime (20963118)
11-29 09:03:16.403 1491 1700 W WindowManager: updateScale0.7996942
11-29 09:03:16.403 1491 1700 W WindowManager: updateScale0.7996942
11-29 09:03:16.411 1491 7658 I ActivityTaskManager: FOREGROUND_APPLICATION_CHANGED to com.android.deskclock.DeskClock
11-29 09:03:16.418 1491 1700 W WindowManager: updateScale0.7996942
11-29 09:03:16.455 1491 1600 W WindowManager: updateScale0.7996942
11-29 09:03:16.458 1491 1600 W WindowManager: updateScale0.7996942
11-29 09:03:16.458 1491 1600 W WindowManager: updateScale0.7996942
11-29 09:03:16.527 16043 16059 W ContextImpl: Calling a method in the system process without a qualified user: android.app.ContextImpl.startService:1816 android.content.ContextWrapper.startService:774 com.thundercomm.gamemode.ingame.services.GameModeActionUtils.startGameModeService:93 com.thundercomm.gamemode.ingame.services.GameModeActionUtils.startGameModeEntry:21 com.thundercomm.gamemode.ingame.services.ActivityMonitoringService$1.onActivityLaunch:127
11-29 09:03:16.534 1491 1491 I GameModeConfig: Current uri is uri = content://com.thundercomm.gamemode.api/gamemode_settings/gamemode_isgaming
11-29 09:03:16.537 1491 1491 I GameModeConfig: isGameModeOn = false
11-29 09:03:16.538 1491 1491 I GameModeConfig: isGameModeOn = false
11-29 09:03:16.538 1491 1491 I GameModeConfig: isDisableVoice = true
11-29 09:03:16.734 1491 1600 W WindowManager: updateScale0.7996942
11-29 09:03:16.744 1491 1700 W WindowManager: updateScale0.7996942
11-29 09:03:16.746 16043 16059 W ContextImpl: Calling a method in the system process without a qualified user: android.app.ContextImpl.startService:1816 android.content.ContextWrapper.startService:774 com.thundercomm.gamemode.ingame.services.GameModeActionUtils.startGameModeService:93 com.thundercomm.gamemode.ingame.services.GameModeActionUtils.startGameModeEntry:21 com.thundercomm.gamemode.ingame.services.ActivityMonitoringService$1.onActivityLaunch:127
11-29 09:03:16.756 1491 1491 I GameModeConfig: Current uri is uri = content://com.thundercomm.gamemode.api/gamemode_settings/gamemode_isgaming
11-29 09:03:16.757 1491 1491 I GameModeConfig: isGameModeOn = false
11-29 09:03:16.757 1491 1491 I GameModeConfig: isGameModeOn = false
11-29 09:03:16.757 1491 1491 I GameModeConfig: isDisableVoice = true
11-29 09:03:17.362 1491 7658 I ActivityTaskManager: START u0 {act=android.intent.action.MAIN cat=[android.intent.category.HOME] flg=0x10000000 cmp=com.android.launcher3/.uioverrides.QuickstepLauncher} from uid 10077
11-29 09:03:17.369 1491 7658 I ActivityTaskManager: FOREGROUND_APPLICATION_CHANGED to com.android.launcher3.uioverrides.QuickstepLauncher
11-29 09:03:17.370 1491 7658 W WindowManager: updateScale0.7996942
11-29 09:03:17.374 1491 7658 W WindowManager: updateScale0.7996942
11-29 09:03:17.384 1491 9370 W WindowManager: updateScale0.7996942
11-29 09:03:17.643 1491 8592 W ActivityTaskManager: getTaskSnapshot: taskId=4364 not found
11-29 09:03:17.646 1491 9370 W ActivityTaskManager: getTaskSnapshot: taskId=3364 not found
11-29 09:03:17.647 1491 9370 W ActivityTaskManager: getTaskSnapshot: taskId=2364 not found
11-29 09:03:17.649 1491 1700 W ActivityTaskManager: getTaskSnapshot: taskId=1364 not found
11-29 09:03:18.303 16043 16059 W ContextImpl: Calling a method in the system process without a qualified user: android.app.ContextImpl.startService:1816 android.content.ContextWrapper.startService:774 com.thundercomm.gamemode.ingame.services.GameModeActionUtils.startGameModeService:93 com.thundercomm.gamemode.ingame.services.GameModeActionUtils.startGameModeEntry:21 com.thundercomm.gamemode.ingame.services.ActivityMonitoringService$1.onActivityLaunch:127
11-29 09:03:18.311 1491 1491 I GameModeConfig: Current uri is uri = content://com.thundercomm.gamemode.api/gamemode_settings/gamemode_isgaming
11-29 09:03:18.315 1491 1491 I GameModeConfig: isGameModeOn = false
11-29 09:03:18.318 1491 1491 I GameModeConfig: isGameModeOn = false
11-29 09:03:18.318 1491 1491 I GameModeConfig: isDisableVoice = true
11-29 09:03:18.503 1491 1600 D FreeFormWindowHelper: Remove freefrom task=Task{a157c24 #365 type=standard A=10067:com.android.deskclock U=0 visible=false mode=freeform translucent=true sz=0}
11-29 09:03:18.755 1491 7658 D FreeFormWindowHelper: Add freeform task=Task{a0f8d9a #362 type=standard A=10068:com.android.gallery3d U=0 visible=false mode=freeform translucent=true sz=0}
11-29 09:03:18.758 1491 7658 I ActivityTaskManager: START u0 {flg=0x10108000 cmp=com.android.gallery3d/.app.GalleryActivity} from uid 10077
11-29 09:03:18.767 1491 7658 I ActivityTaskManager: FOREGROUND_APPLICATION_CHANGED to com.android.gallery3d.app.GalleryActivity
11-29 09:03:18.767 1491 7658 I ActivityTaskManager: The Process com.android.gallery3d Already Exists in BG. So sending its PID: 12550
11-29 09:03:18.767 1491 7658 W ActivityTaskManager: Tried to set launchTime (0) < mLastActivityLaunchTime (20972350)
11-29 09:03:18.799 16043 16059 W ContextImpl: Calling a method in the system process without a qualified user: android.app.ContextImpl.startService:1816 android.content.ContextWrapper.startService:774 com.thundercomm.gamemode.ingame.services.GameModeActionUtils.startGameModeService:93 com.thundercomm.gamemode.ingame.services.GameModeActionUtils.startGameModeEntry:21 com.thundercomm.gamemode.ingame.services.ActivityMonitoringService$1.onActivityLaunch:127
11-29 09:03:18.803 1491 1491 I GameModeConfig: Current uri is uri = content://com.thundercomm.gamemode.api/gamemode_settings/gamemode_isgaming
11-29 09:03:18.805 1491 1491 I GameModeConfig: isGameModeOn = false
11-29 09:03:18.806 1491 1491 I GameModeConfig: isGameModeOn = false
11-29 09:03:18.806 1491 1491 I GameModeConfig: isDisableVoice = true
11-29 09:03:18.821 1491 1700 W WindowManager: updateScale0.7996942
11-29 09:03:18.896 1491 1600 W WindowManager: updateScale0.7996942
11-29 09:03:18.900 1491 1600 W WindowManager: updateScale0.7996942
11-29 09:03:18.900 1491 1600 W WindowManager: updateScale0.7996942
11-29 09:03:18.987 16043 16059 W ContextImpl: Calling a method in the system process without a qualified user: android.app.ContextImpl.startService:1816 android.content.ContextWrapper.startService:774 com.thundercomm.gamemode.ingame.services.GameModeActionUtils.startGameModeService:93 com.thundercomm.gamemode.ingame.services.GameModeActionUtils.startGameModeEntry:21 com.thundercomm.gamemode.ingame.services.ActivityMonitoringService$1.onActivityLaunch:127
11-29 09:03:18.992 1491 1491 I GameModeConfig: Current uri is uri = content://com.thundercomm.gamemode.api/gamemode_settings/gamemode_isgaming
11-29 09:03:18.995 1491 1491 I GameModeConfig: isGameModeOn = false
11-29 09:03:18.995 1491 1491 I GameModeConfig: isGameModeOn = false
11-29 09:03:18.995 1491 1491 I GameModeConfig: isDisableVoice = true
11-29 09:03:19.174 1491 1600 W WindowManager: updateScale0.7996942
11-29 09:03:20.091 1491 1700 I ActivityTaskManager: FOREGROUND_APPLICATION_CHANGED to com.android.launcher3.uioverrides.QuickstepLauncher
11-29 09:03:20.136 16043 16059 W ContextImpl: Calling a method in the system process without a qualified user: android.app.ContextImpl.startService:1816 android.content.ContextWrapper.startService:774 com.thundercomm.gamemode.ingame.services.GameModeActionUtils.startGameModeService:93 com.thundercomm.gamemode.ingame.services.GameModeActionUtils.startGameModeEntry:21 com.thundercomm.gamemode.ingame.services.ActivityMonitoringService$1.onActivityLaunch:127
11-29 09:03:20.144 1491 1491 I GameModeConfig: Current uri is uri = content://com.thundercomm.gamemode.api/gamemode_settings/gamemode_isgaming
11-29 09:03:20.145 1491 1491 I GameModeConfig: isGameModeOn = false
11-29 09:03:20.146 1491 1491 I GameModeConfig: isGameModeOn = false
11-29 09:03:20.146 1491 1491 I GameModeConfig: isDisableVoice = true
11-29 09:03:20.201 16043 16059 W ContextImpl: Calling a method in the system process without a qualified user: android.app.ContextImpl.startService:1816 android.content.ContextWrapper.startService:774 com.thundercomm.gamemode.ingame.services.GameModeActionUtils.startGameModeService:93 com.thundercomm.gamemode.ingame.services.GameModeActionUtils.startGameModeEntry:21 com.thundercomm.gamemode.ingame.services.ActivityMonitoringService$1.onActivityLaunch:127
11-29 09:03:20.207 1491 1491 I GameModeConfig: Current uri is uri = content://com.thundercomm.gamemode.api/gamemode_settings/gamemode_isgaming
11-29 09:03:20.210 1491 1491 I GameModeConfig: isGameModeOn = false
11-29 09:03:20.211 1491 1491 I GameModeConfig: isGameModeOn = false
11-29 09:03:20.211 1491 1491 I GameModeConfig: isDisableVoice = true
11-29 09:03:20.390 1491 1600 D FreeFormWindowHelper: Remove freefrom task=Task{a0f8d9a #362 type=standard A=10068:com.android.gallery3d U=0 visible=false mode=freeform translucent=true sz=0}
11-29 09:03:20.798 1491 9480 W ActivityTaskManager: getTaskSnapshot: taskId=3364 not found
11-29 09:03:20.798 1491 8592 W ActivityTaskManager: getTaskSnapshot: taskId=2364 not found
11-29 09:03:20.798 1491 8592 W ActivityTaskManager: getTaskSnapshot: taskId=1364 not found
11-29 09:03:22.294 1491 9315 W ActivityTaskManager: Request to remove task ignored for non-existent task 364
11-29 09:03:22.294 1491 9315 W ActivityTaskManager: Request to remove task ignored for non-existent task 365
11-29 09:03:22.294 1491 9315 W ActivityTaskManager: Request to remove task ignored for non-existent task 362
11-29 09:03:30.059 1491 1599 W ActivityTaskManager: Launch timeout has expired, giving up wake lock!
11-29 09:03:34.730 1491 1491 I GameModeConfig: isGameModeOn = false
11-29 09:04:09.271 1491 1610 I ActivityManager: Process PhantomProcessRecord {82d7d33 14811:27146:ping/u0a97} died
11-29 09:04:11.467 1491 1608 W BroadcastQueue: Background execution not allowed: receiving Intent { act=com.android.music.updatewidget flg=0x10 } to com.android.music/.MediaAppWidgetProvider
11-29 09:04:11.467 1491 1608 W BroadcastQueue: Background execution not allowed: receiving Intent { act=com.android.music.updatewidget flg=0x10 } to com.android.music/.MediaAppWidgetProviderLarge
11-29 09:04:11.467 1491 9480 W NotificationHistory: Attempted to remove channel for locked/gone/disabled user 0
11-29 09:04:11.483 1491 1760 I GameModeConfig: isGameModeOn = false
11-29 09:04:11.485 1491 1760 I GameModeConfig: isGameModeOn = false
11-29 09:04:11.486 1491 1760 I GameModeConfig: isGameModeOn = false
11-29 09:04:11.486 1491 1760 I GameModeConfig: isGameModeOn = false
11-29 09:04:11.689 1491 1491 I GameModeConfig: isGameModeOn = false
11-29 09:04:11.698 1491 1491 W NotificationHistory: Attempted to add notif for locked/gone/disabled user 0
11-29 09:04:21.718 1491 1760 I GameModeConfig: isGameModeOn = false
11-29 09:04:36.248 1491 1491 I GameModeConfig: isGameModeOn = false
11-29 09:04:51.619 1491 1626 V DisplayPowerController[0]: Brightness [0.05] reason changing to: 'manual [ dim ]', previous reason: 'manual'.
11-29 09:04:51.620 1491 1626 W PowerManagerService: Screen on took 559352 ms
11-29 09:04:51.634 1491 1874 E DisplayDeviceConfig: requesting nits when no mapping exists.
11-29 09:04:51.635 1491 1874 E DisplayDeviceConfig: requesting nits when no mapping exists.
11-29 09:04:51.637 1491 1608 I DropBoxManagerService: add tag=system_server_wtf isTagEnabled=true flags=0x2
11-29 09:04:51.640 1491 1608 I DropBoxManagerService: add tag=system_server_wtf isTagEnabled=true flags=0x2
11-29 09:04:51.650 1491 1874 E DisplayDeviceConfig: requesting nits when no mapping exists.
11-29 09:04:51.650 1491 1874 E DisplayDeviceConfig: requesting nits when no mapping exists.
11-29 09:04:51.651 1491 1608 I DropBoxManagerService: add tag=system_server_wtf isTagEnabled=true flags=0x2
11-29 09:04:51.654 1491 1608 I DropBoxManagerService: add tag=system_server_wtf isTagEnabled=true flags=0x2
11-29 09:04:51.666 1491 1874 E DisplayDeviceConfig: requesting nits when no mapping exists.
11-29 09:04:51.667 1491 1874 E DisplayDeviceConfig: requesting nits when no mapping exists.
11-29 09:04:51.667 1491 1608 I DropBoxManagerService: add tag=system_server_wtf isTagEnabled=true flags=0x2
11-29 09:04:51.683 1491 1874 E DisplayDeviceConfig: requesting nits when no mapping exists.
11-29 09:04:51.683 1491 1874 E DisplayDeviceConfig: requesting nits when no mapping exists.
11-29 09:04:51.700 1491 1874 E DisplayDeviceConfig: requesting nits when no mapping exists.
11-29 09:04:51.700 1491 1874 E DisplayDeviceConfig: requesting nits when no mapping exists.
11-29 09:04:51.717 1491 1874 E DisplayDeviceConfig: requesting nits when no mapping exists.
11-29 09:04:51.718 1491 1874 E DisplayDeviceConfig: requesting nits when no mapping exists.
11-29 09:04:51.733 1491 1874 E DisplayDeviceConfig: requesting nits when no mapping exists.
11-29 09:04:51.734 1491 1874 E DisplayDeviceConfig: requesting nits when no mapping exists.
11-29 09:04:51.750 1491 1874 E DisplayDeviceConfig: requesting nits when no mapping exists.
11-29 09:04:51.750 1491 1874 E DisplayDeviceConfig: requesting nits when no mapping exists.
11-29 09:04:51.767 1491 1874 E DisplayDeviceConfig: requesting nits when no mapping exists.
11-29 09:04:51.767 1491 1874 E DisplayDeviceConfig: requesting nits when no mapping exists.
11-29 09:04:51.783 1491 1874 E DisplayDeviceConfig: requesting nits when no mapping exists.
11-29 09:04:51.784 1491 1874 E DisplayDeviceConfig: requesting nits when no mapping exists.
11-29 09:04:51.800 1491 1874 E DisplayDeviceConfig: requesting nits when no mapping exists.
11-29 09:04:51.801 1491 1874 E DisplayDeviceConfig: requesting nits when no mapping exists.
11-29 09:04:51.817 1491 1874 E DisplayDeviceConfig: requesting nits when no mapping exists.
11-29 09:04:51.818 1491 1874 E DisplayDeviceConfig: requesting nits when no mapping exists.
11-29 09:04:51.834 1491 1874 E DisplayDeviceConfig: requesting nits when no mapping exists.
11-29 09:04:51.834 1491 1874 E DisplayDeviceConfig: requesting nits when no mapping exists.
11-29 09:04:51.850 1491 1874 E DisplayDeviceConfig: requesting nits when no mapping exists.
11-29 09:04:51.851 1491 1874 E DisplayDeviceConfig: requesting nits when no mapping exists.
11-29 09:04:51.867 1491 1874 E DisplayDeviceConfig: requesting nits when no mapping exists.
11-29 09:04:51.868 1491 1874 E DisplayDeviceConfig: requesting nits when no mapping exists.
11-29 09:04:51.884 1491 1874 E DisplayDeviceConfig: requesting nits when no mapping exists.
11-29 09:04:51.885 1491 1874 E DisplayDeviceConfig: requesting nits when no mapping exists.
11-29 09:04:51.900 1491 1874 E DisplayDeviceConfig: requesting nits when no mapping exists.
11-29 09:04:51.901 1491 1874 E DisplayDeviceConfig: requesting nits when no mapping exists.
11-29 09:04:51.918 1491 1874 E DisplayDeviceConfig: requesting nits when no mapping exists.
11-29 09:04:51.918 1491 1874 E DisplayDeviceConfig: requesting nits when no mapping exists.
11-29 09:04:51.934 1491 1874 E DisplayDeviceConfig: requesting nits when no mapping exists.
11-29 09:04:51.935 1491 1874 E DisplayDeviceConfig: requesting nits when no mapping exists.
11-29 09:04:51.951 1491 1874 E DisplayDeviceConfig: requesting nits when no mapping exists.
11-29 09:04:51.951 1491 1874 E DisplayDeviceConfig: requesting nits when no mapping exists.
11-29 09:04:51.967 1491 1874 E DisplayDeviceConfig: requesting nits when no mapping exists.
11-29 09:04:51.968 1491 1874 E DisplayDeviceConfig: requesting nits when no mapping exists.
11-29 09:04:51.984 1491 1874 E DisplayDeviceConfig: requesting nits when no mapping exists.
11-29 09:04:51.984 1491 1874 E DisplayDeviceConfig: requesting nits when no mapping exists.
11-29 09:04:52.001 1491 1874 E DisplayDeviceConfig: requesting nits when no mapping exists.
11-29 09:04:52.001 1491 1874 E DisplayDeviceConfig: requesting nits when no mapping exists.
11-29 09:04:52.017 1491 1874 E DisplayDeviceConfig: requesting nits when no mapping exists.
11-29 09:04:52.018 1491 1874 E DisplayDeviceConfig: requesting nits when no mapping exists.
11-29 09:04:52.034 1491 1874 E DisplayDeviceConfig: requesting nits when no mapping exists.
11-29 09:04:52.035 1491 1874 E DisplayDeviceConfig: requesting nits when no mapping exists.
11-29 09:04:52.051 1491 1874 E DisplayDeviceConfig: requesting nits when no mapping exists.
11-29 09:04:52.052 1491 1874 E DisplayDeviceConfig: requesting nits when no mapping exists.
11-29 09:04:52.068 1491 1874 E DisplayDeviceConfig: requesting nits when no mapping exists.
11-29 09:04:52.068 1491 1874 E DisplayDeviceConfig: requesting nits when no mapping exists.
11-29 09:04:52.084 1491 1874 E DisplayDeviceConfig: requesting nits when no mapping exists.
11-29 09:04:52.085 1491 1874 E DisplayDeviceConfig: requesting nits when no mapping exists.
11-29 09:04:52.101 1491 1874 E DisplayDeviceConfig: requesting nits when no mapping exists.
11-29 09:04:52.101 1491 1874 E DisplayDeviceConfig: requesting nits when no mapping exists.
11-29 09:04:52.118 1491 1874 E DisplayDeviceConfig: requesting nits when no mapping exists.
11-29 09:04:52.118 1491 1874 E DisplayDeviceConfig: requesting nits when no mapping exists.
11-29 09:04:52.134 1491 1874 E DisplayDeviceConfig: requesting nits when no mapping exists.
11-29 09:04:52.135 1491 1874 E DisplayDeviceConfig: requesting nits when no mapping exists.
11-29 09:04:52.151 1491 1874 E DisplayDeviceConfig: requesting nits when no mapping exists.
11-29 09:04:52.152 1491 1874 E DisplayDeviceConfig: requesting nits when no mapping exists.
11-29 09:04:52.168 1491 1874 E DisplayDeviceConfig: requesting nits when no mapping exists.
11-29 09:04:52.169 1491 1874 E DisplayDeviceConfig: requesting nits when no mapping exists.
11-29 09:04:52.184 1491 1874 E DisplayDeviceConfig: requesting nits when no mapping exists.
11-29 09:04:52.185 1491 1874 E DisplayDeviceConfig: requesting nits when no mapping exists.
11-29 09:04:52.201 1491 1874 E DisplayDeviceConfig: requesting nits when no mapping exists.
11-29 09:04:52.203 1491 1874 E DisplayDeviceConfig: requesting nits when no mapping exists.
11-29 09:04:52.218 1491 1874 E DisplayDeviceConfig: requesting nits when no mapping exists.
11-29 09:04:52.219 1491 1874 E DisplayDeviceConfig: requesting nits when no mapping exists.
11-29 09:04:52.234 1491 1874 E DisplayDeviceConfig: requesting nits when no mapping exists.
11-29 09:04:52.235 1491 1874 E DisplayDeviceConfig: requesting nits when no mapping exists.
11-29 09:04:52.251 1491 1874 E DisplayDeviceConfig: requesting nits when no mapping exists.
11-29 09:04:52.252 1491 1874 E DisplayDeviceConfig: requesting nits when no mapping exists.
11-29 09:04:52.268 1491 1874 E DisplayDeviceConfig: requesting nits when no mapping exists.
11-29 09:04:52.268 1491 1874 E DisplayDeviceConfig: requesting nits when no mapping exists.
11-29 09:04:52.285 1491 1874 E DisplayDeviceConfig: requesting nits when no mapping exists.
11-29 09:04:52.285 1491 1874 E DisplayDeviceConfig: requesting nits when no mapping exists.
11-29 09:04:52.302 1491 1874 E DisplayDeviceConfig: requesting nits when no mapping exists.
11-29 09:04:52.302 1491 1874 E DisplayDeviceConfig: requesting nits when no mapping exists.
11-29 09:04:52.318 1491 1874 E DisplayDeviceConfig: requesting nits when no mapping exists.
11-29 09:04:52.320 1491 1874 E DisplayDeviceConfig: requesting nits when no mapping exists.
11-29 09:04:52.335 1491 1874 E DisplayDeviceConfig: requesting nits when no mapping exists.
11-29 09:04:52.336 1491 1874 E DisplayDeviceConfig: requesting nits when no mapping exists.
11-29 09:04:52.352 1491 1874 E DisplayDeviceConfig: requesting nits when no mapping exists.
11-29 09:04:52.352 1491 1874 E DisplayDeviceConfig: requesting nits when no mapping exists.
11-29 09:04:52.368 1491 1874 E DisplayDeviceConfig: requesting nits when no mapping exists.
11-29 09:04:52.369 1491 1874 E DisplayDeviceConfig: requesting nits when no mapping exists.
11-29 09:04:52.385 1491 1874 E DisplayDeviceConfig: requesting nits when no mapping exists.
11-29 09:04:52.387 1491 1874 E DisplayDeviceConfig: requesting nits when no mapping exists.
11-29 09:04:52.402 1491 1874 E DisplayDeviceConfig: requesting nits when no mapping exists.
11-29 09:04:52.403 1491 1874 E DisplayDeviceConfig: requesting nits when no mapping exists.
11-29 09:04:52.418 1491 1874 E DisplayDeviceConfig: requesting nits when no mapping exists.
11-29 09:04:52.419 1491 1874 E DisplayDeviceConfig: requesting nits when no mapping exists.
11-29 09:04:52.435 1491 1874 E DisplayDeviceConfig: requesting nits when no mapping exists.
11-29 09:04:52.436 1491 1874 E DisplayDeviceConfig: requesting nits when no mapping exists.
11-29 09:04:52.452 1491 1874 E DisplayDeviceConfig: requesting nits when no mapping exists.
11-29 09:04:52.452 1491 1874 E DisplayDeviceConfig: requesting nits when no mapping exists.
11-29 09:04:52.469 1491 1874 E DisplayDeviceConfig: requesting nits when no mapping exists.
11-29 09:04:52.469 1491 1874 E DisplayDeviceConfig: requesting nits when no mapping exists.
11-29 09:04:52.486 1491 1874 E DisplayDeviceConfig: requesting nits when no mapping exists.
11-29 09:04:52.487 1491 1874 E DisplayDeviceConfig: requesting nits when no mapping exists.
11-29 09:04:52.503 1491 1874 E DisplayDeviceConfig: requesting nits when no mapping exists.
11-29 09:04:52.503 1491 1874 E DisplayDeviceConfig: requesting nits when no mapping exists.
11-29 09:04:52.518 1491 1874 E DisplayDeviceConfig: requesting nits when no mapping exists.
11-29 09:04:52.519 1491 1874 E DisplayDeviceConfig: requesting nits when no mapping exists.
11-29 09:04:52.536 1491 1874 E DisplayDeviceConfig: requesting nits when no mapping exists.
11-29 09:04:52.536 1491 1874 E DisplayDeviceConfig: requesting nits when no mapping exists.
11-29 09:04:52.552 1491 1874 E DisplayDeviceConfig: requesting nits when no mapping exists.
11-29 09:04:52.552 1491 1874 E DisplayDeviceConfig: requesting nits when no mapping exists.
11-29 09:04:52.569 1491 1874 E DisplayDeviceConfig: requesting nits when no mapping exists.
11-29 09:04:52.570 1491 1874 E DisplayDeviceConfig: requesting nits when no mapping exists.
11-29 09:04:56.276 1491 1626 V DisplayPowerController[0]: Brightness [1.0] reason changing to: 'manual', previous reason: 'manual [ dim ]'.
11-29 09:04:56.278 1491 1874 E DisplayDeviceConfig: requesting nits when no mapping exists.
11-29 09:04:56.279 1491 1874 E DisplayDeviceConfig: requesting nits when no mapping exists.
11-29 09:04:56.294 1491 1874 E DisplayDeviceConfig: requesting nits when no mapping exists.
11-29 09:04:56.294 1491 1874 E DisplayDeviceConfig: requesting nits when no mapping exists.
11-29 09:04:56.311 1491 1874 E DisplayDeviceConfig: requesting nits when no mapping exists.
11-29 09:04:56.311 1491 1874 E DisplayDeviceConfig: requesting nits when no mapping exists.
11-29 09:04:56.327 1491 1874 E DisplayDeviceConfig: requesting nits when no mapping exists.
11-29 09:04:56.328 1491 1874 E DisplayDeviceConfig: requesting nits when no mapping exists.
11-29 09:04:56.344 1491 1874 E DisplayDeviceConfig: requesting nits when no mapping exists.
11-29 09:04:56.345 1491 1874 E DisplayDeviceConfig: requesting nits when no mapping exists.
11-29 09:04:56.360 1491 1874 E DisplayDeviceConfig: requesting nits when no mapping exists.
11-29 09:04:56.361 1491 1874 E DisplayDeviceConfig: requesting nits when no mapping exists.
11-29 09:04:56.377 1491 1874 E DisplayDeviceConfig: requesting nits when no mapping exists.
11-29 09:04:56.379 1491 1874 E DisplayDeviceConfig: requesting nits when no mapping exists.
11-29 09:04:56.394 1491 1874 E DisplayDeviceConfig: requesting nits when no mapping exists.
11-29 09:04:56.396 1491 1874 E DisplayDeviceConfig: requesting nits when no mapping exists.
11-29 09:04:56.421 1491 1874 E DisplayDeviceConfig: requesting nits when no mapping exists.
11-29 09:04:56.422 1491 1874 E DisplayDeviceConfig: requesting nits when no mapping exists.
11-29 09:04:56.426 1491 1874 E DisplayDeviceConfig: requesting nits when no mapping exists.
11-29 09:04:56.427 1491 1874 E DisplayDeviceConfig: requesting nits when no mapping exists.
11-29 09:04:56.440 1491 1874 E DisplayDeviceConfig: requesting nits when no mapping exists.
11-29 09:04:56.441 1491 1874 E DisplayDeviceConfig: requesting nits when no mapping exists.
11-29 09:04:56.452 1491 1874 E DisplayDeviceConfig: requesting nits when no mapping exists.
11-29 09:04:56.453 1491 1874 E DisplayDeviceConfig: requesting nits when no mapping exists.
11-29 09:04:56.468 1491 1874 E DisplayDeviceConfig: requesting nits when no mapping exists.
11-29 09:04:56.469 1491 1874 E DisplayDeviceConfig: requesting nits when no mapping exists.
11-29 09:04:56.485 1491 1874 E DisplayDeviceConfig: requesting nits when no mapping exists.
11-29 09:04:56.485 1491 1874 E DisplayDeviceConfig: requesting nits when no mapping exists.
11-29 09:04:56.502 1491 1874 E DisplayDeviceConfig: requesting nits when no mapping exists.
11-29 09:04:56.503 1491 1874 E DisplayDeviceConfig: requesting nits when no mapping exists.
11-29 09:04:56.519 1491 1874 E DisplayDeviceConfig: requesting nits when no mapping exists.
11-29 09:04:56.519 1491 1874 E DisplayDeviceConfig: requesting nits when no mapping exists.
11-29 09:04:56.535 1491 1874 E DisplayDeviceConfig: requesting nits when no mapping exists.
11-29 09:04:56.536 1491 1874 E DisplayDeviceConfig: requesting nits when no mapping exists.
11-29 09:04:56.553 1491 1874 E DisplayDeviceConfig: requesting nits when no mapping exists.
11-29 09:04:56.554 1491 1874 E DisplayDeviceConfig: requesting nits when no mapping exists.
11-29 09:04:56.569 1491 1874 E DisplayDeviceConfig: requesting nits when no mapping exists.
11-29 09:04:56.569 1491 1874 E DisplayDeviceConfig: requesting nits when no mapping exists.
11-29 09:04:56.585 1491 1874 E DisplayDeviceConfig: requesting nits when no mapping exists.
11-29 09:04:56.585 1491 1874 E DisplayDeviceConfig: requesting nits when no mapping exists.
11-29 09:04:56.602 1491 1874 E DisplayDeviceConfig: requesting nits when no mapping exists.
11-29 09:04:56.603 1491 1874 E DisplayDeviceConfig: requesting nits when no mapping exists.
11-29 09:04:56.619 1491 1874 E DisplayDeviceConfig: requesting nits when no mapping exists.
11-29 09:04:56.620 1491 1874 E DisplayDeviceConfig: requesting nits when no mapping exists.
11-29 09:04:56.636 1491 1874 E DisplayDeviceConfig: requesting nits when no mapping exists.
11-29 09:04:56.636 1491 1874 E DisplayDeviceConfig: requesting nits when no mapping exists.
11-29 09:04:56.652 1491 1874 E DisplayDeviceConfig: requesting nits when no mapping exists.
11-29 09:04:56.653 1491 1874 E DisplayDeviceConfig: requesting nits when no mapping exists.
11-29 09:04:56.669 1491 1874 E DisplayDeviceConfig: requesting nits when no mapping exists.
11-29 09:04:56.670 1491 1874 E DisplayDeviceConfig: requesting nits when no mapping exists.
11-29 09:04:56.686 1491 1874 E DisplayDeviceConfig: requesting nits when no mapping exists.
11-29 09:04:56.687 1491 1874 E DisplayDeviceConfig: requesting nits when no mapping exists.
11-29 09:04:56.702 1491 1874 E DisplayDeviceConfig: requesting nits when no mapping exists.
11-29 09:04:56.702 1491 1874 E DisplayDeviceConfig: requesting nits when no mapping exists.
11-29 09:04:56.723 1491 1874 E DisplayDeviceConfig: requesting nits when no mapping exists.
11-29 09:04:56.723 1491 1874 E DisplayDeviceConfig: requesting nits when no mapping exists.
11-29 09:04:56.736 1491 1874 E DisplayDeviceConfig: requesting nits when no mapping exists.
11-29 09:04:56.736 1491 1874 E DisplayDeviceConfig: requesting nits when no mapping exists.
11-29 09:04:56.752 1491 1874 E DisplayDeviceConfig: requesting nits when no mapping exists.
11-29 09:04:56.753 1491 1874 E DisplayDeviceConfig: requesting nits when no mapping exists.
11-29 09:04:56.769 1491 1874 E DisplayDeviceConfig: requesting nits when no mapping exists.
11-29 09:04:56.769 1491 1874 E DisplayDeviceConfig: requesting nits when no mapping exists.
11-29 09:04:56.786 1491 1874 E DisplayDeviceConfig: requesting nits when no mapping exists.
11-29 09:04:56.787 1491 1874 E DisplayDeviceConfig: requesting nits when no mapping exists.
11-29 09:04:56.802 1491 1874 E DisplayDeviceConfig: requesting nits when no mapping exists.
11-29 09:04:56.803 1491 1874 E DisplayDeviceConfig: requesting nits when no mapping exists.
11-29 09:04:56.819 1491 1874 E DisplayDeviceConfig: requesting nits when no mapping exists.
11-29 09:04:56.821 1491 1874 E DisplayDeviceConfig: requesting nits when no mapping exists.
11-29 09:04:56.836 1491 1874 E DisplayDeviceConfig: requesting nits when no mapping exists.
11-29 09:04:56.837 1491 1874 E DisplayDeviceConfig: requesting nits when no mapping exists.
11-29 09:04:56.853 1491 1874 E DisplayDeviceConfig: requesting nits when no mapping exists.
11-29 09:04:56.854 1491 1874 E DisplayDeviceConfig: requesting nits when no mapping exists.
11-29 09:04:56.870 1491 1874 E DisplayDeviceConfig: requesting nits when no mapping exists.
11-29 09:04:56.871 1491 1874 E DisplayDeviceConfig: requesting nits when no mapping exists.
11-29 09:04:56.886 1491 1874 E DisplayDeviceConfig: requesting nits when no mapping exists.
11-29 09:04:56.887 1491 1874 E DisplayDeviceConfig: requesting nits when no mapping exists.
11-29 09:04:56.903 1491 1874 E DisplayDeviceConfig: requesting nits when no mapping exists.
11-29 09:04:56.905 1491 1874 E DisplayDeviceConfig: requesting nits when no mapping exists.
11-29 09:04:56.919 1491 1874 E DisplayDeviceConfig: requesting nits when no mapping exists.
11-29 09:04:56.920 1491 1874 E DisplayDeviceConfig: requesting nits when no mapping exists.
11-29 09:04:56.936 1491 1874 E DisplayDeviceConfig: requesting nits when no mapping exists.
11-29 09:04:56.937 1491 1874 E DisplayDeviceConfig: requesting nits when no mapping exists.
11-29 09:04:56.953 1491 1874 E DisplayDeviceConfig: requesting nits when no mapping exists.
11-29 09:04:56.954 1491 1874 E DisplayDeviceConfig: requesting nits when no mapping exists.
11-29 09:04:56.970 1491 1874 E DisplayDeviceConfig: requesting nits when no mapping exists.
11-29 09:04:56.971 1491 1874 E DisplayDeviceConfig: requesting nits when no mapping exists.
11-29 09:04:56.987 1491 1874 E DisplayDeviceConfig: requesting nits when no mapping exists.
11-29 09:04:56.987 1491 1874 E DisplayDeviceConfig: requesting nits when no mapping exists.
11-29 09:04:57.003 1491 1874 E DisplayDeviceConfig: requesting nits when no mapping exists.
11-29 09:04:57.004 1491 1874 E DisplayDeviceConfig: requesting nits when no mapping exists.
11-29 09:04:57.020 1491 1874 E DisplayDeviceConfig: requesting nits when no mapping exists.
11-29 09:04:57.020 1491 1874 E DisplayDeviceConfig: requesting nits when no mapping exists.
11-29 09:04:57.036 1491 1874 E DisplayDeviceConfig: requesting nits when no mapping exists.
11-29 09:04:57.037 1491 1874 E DisplayDeviceConfig: requesting nits when no mapping exists.
11-29 09:04:57.055 1491 1874 E DisplayDeviceConfig: requesting nits when no mapping exists.
11-29 09:04:57.056 1491 1874 E DisplayDeviceConfig: requesting nits when no mapping exists.
11-29 09:04:57.074 1491 1874 E DisplayDeviceConfig: requesting nits when no mapping exists.
11-29 09:04:57.075 1491 1874 E DisplayDeviceConfig: requesting nits when no mapping exists.
11-29 09:04:57.088 1491 1874 E DisplayDeviceConfig: requesting nits when no mapping exists.
11-29 09:04:57.088 1491 1874 E DisplayDeviceConfig: requesting nits when no mapping exists.
11-29 09:04:57.103 1491 1874 E DisplayDeviceConfig: requesting nits when no mapping exists.
11-29 09:04:57.105 1491 1874 E DisplayDeviceConfig: requesting nits when no mapping exists.
11-29 09:04:57.120 1491 1874 E DisplayDeviceConfig: requesting nits when no mapping exists.
11-29 09:04:57.120 1491 1874 E DisplayDeviceConfig: requesting nits when no mapping exists.
11-29 09:04:57.137 1491 1874 E DisplayDeviceConfig: requesting nits when no mapping exists.
11-29 09:04:57.138 1491 1874 E DisplayDeviceConfig: requesting nits when no mapping exists.
11-29 09:04:57.154 1491 1874 E DisplayDeviceConfig: requesting nits when no mapping exists.
11-29 09:04:57.155 1491 1874 E DisplayDeviceConfig: requesting nits when no mapping exists.
11-29 09:04:57.172 1491 1874 E DisplayDeviceConfig: requesting nits when no mapping exists.
11-29 09:04:57.172 1491 1874 E DisplayDeviceConfig: requesting nits when no mapping exists.
11-29 09:04:57.187 1491 1874 E DisplayDeviceConfig: requesting nits when no mapping exists.
11-29 09:04:57.187 1491 1874 E DisplayDeviceConfig: requesting nits when no mapping exists.
11-29 09:04:57.204 1491 1874 E DisplayDeviceConfig: requesting nits when no mapping exists.
11-29 09:04:57.204 1491 1874 E DisplayDeviceConfig: requesting nits when no mapping exists.
11-29 09:04:57.221 1491 1874 E DisplayDeviceConfig: requesting nits when no mapping exists.
11-29 09:04:57.221 1491 1874 E DisplayDeviceConfig: requesting nits when no mapping exists.
11-29 09:04:57.237 1491 1874 E DisplayDeviceConfig: requesting nits when no mapping exists.
11-29 09:04:57.238 1491 1874 E DisplayDeviceConfig: requesting nits when no mapping exists.
11-29 09:04:57.433 1491 1772 I ActivityTaskManager: START u0 {flg=0x10008000 cmp=com.android.music/.VideoBrowserActivity} from uid 10077
11-29 09:04:57.444 1491 1772 W ActivityTaskManager: Can't find TaskDisplayArea to determine support for multi window. Task id=366 attached=false
11-29 09:04:57.448 1491 1772 D FreeFormWindowHelper: Add freeform task=Task{faefa87 #366 type=standard ?? U=0 visible=false mode=freeform translucent=true sz=0}
11-29 09:04:57.458 1491 1772 I ActivityTaskManager: FOREGROUND_APPLICATION_CHANGED to com.android.music.VideoBrowserActivity
11-29 09:04:57.458 1491 1772 I ActivityTaskManager: The Process com.android.music Already Exists in BG. So sending its PID: 7660
11-29 09:04:57.461 1491 1772 W ActivityTaskManager: Tried to set launchTime (0) < mLastActivityLaunchTime (20969806)
11-29 09:04:57.487 16043 16059 W ContextImpl: Calling a method in the system process without a qualified user: android.app.ContextImpl.startService:1816 android.content.ContextWrapper.startService:774 com.thundercomm.gamemode.ingame.services.GameModeActionUtils.startGameModeService:93 com.thundercomm.gamemode.ingame.services.GameModeActionUtils.startGameModeEntry:21 com.thundercomm.gamemode.ingame.services.ActivityMonitoringService$1.onActivityLaunch:127
11-29 09:04:57.496 1491 1491 I GameModeConfig: Current uri is uri = content://com.thundercomm.gamemode.api/gamemode_settings/gamemode_isgaming
11-29 09:04:57.500 1491 1491 I GameModeConfig: isGameModeOn = false
11-29 09:04:57.500 1491 1491 I GameModeConfig: isGameModeOn = false
11-29 09:04:57.500 1491 1491 I GameModeConfig: isDisableVoice = true
11-29 09:04:57.502 1491 1772 W WindowManager: updateScale0.7996942
11-29 09:04:57.511 1491 1600 W WindowManager: updateScale0.7996942
11-29 09:04:57.513 1491 1600 W WindowManager: updateScale0.7996942
11-29 09:04:57.513 1491 1600 W WindowManager: updateScale0.7996942
11-29 09:04:57.793 1491 1600 W WindowManager: updateScale0.7996942
11-29 09:04:59.073 1491 1772 W WindowManager: updateScale0.4617737
11-29 09:04:59.076 1491 1772 W WindowManager: updateScale0.4617737
11-29 09:04:59.151 1491 1772 W WindowManager: updateScale0.4617737
11-29 09:04:59.153 1491 1772 W WindowManager: updateScale0.4617737
11-29 09:05:01.081 1491 1772 I ActivityTaskManager: START u0 {act=android.intent.action.MAIN cat=[android.intent.category.HOME] flg=0x10000000 cmp=com.android.launcher3/.uioverrides.QuickstepLauncher} from uid 10077
11-29 09:05:01.092 1491 1772 I ActivityTaskManager: FOREGROUND_APPLICATION_CHANGED to com.android.launcher3.uioverrides.QuickstepLauncher
11-29 09:05:01.093 1491 1772 W WindowManager: updateScale0.4617737
11-29 09:05:01.100 1491 1772 W WindowManager: updateScale0.4617737
11-29 09:05:01.130 1491 8592 W WindowManager: updateScale0.4617737
11-29 09:05:06.157 16043 16059 W ContextImpl: Calling a method in the system process without a qualified user: android.app.ContextImpl.startService:1816 android.content.ContextWrapper.startService:774 com.thundercomm.gamemode.ingame.services.GameModeActionUtils.startGameModeService:93 com.thundercomm.gamemode.ingame.services.GameModeActionUtils.startGameModeEntry:21 com.thundercomm.gamemode.ingame.services.ActivityMonitoringService$1.onActivityLaunch:127
11-29 09:05:06.165 1491 1491 I GameModeConfig: Current uri is uri = content://com.thundercomm.gamemode.api/gamemode_settings/gamemode_isgaming
11-29 09:05:06.172 1491 1491 I GameModeConfig: isGameModeOn = false
11-29 09:05:06.173 1491 1491 I GameModeConfig: isGameModeOn = false
11-29 09:05:06.173 1491 1491 I GameModeConfig: isDisableVoice = true
11-29 09:05:06.236 16043 16059 W ContextImpl: Calling a method in the system process without a qualified user: android.app.ContextImpl.startService:1816 android.content.ContextWrapper.startService:774 com.thundercomm.gamemode.ingame.services.GameModeActionUtils.startGameModeService:93 com.thundercomm.gamemode.ingame.services.GameModeActionUtils.startGameModeEntry:21 com.thundercomm.gamemode.ingame.services.ActivityMonitoringService$1.onActivityLaunch:127
11-29 09:05:06.241 1491 1491 I GameModeConfig: Current uri is uri = content://com.thundercomm.gamemode.api/gamemode_settings/gamemode_isgaming
11-29 09:05:06.245 1491 1491 I GameModeConfig: isGameModeOn = false
11-29 09:05:06.246 1491 1491 I GameModeConfig: isGameModeOn = false
11-29 09:05:06.246 1491 1491 I GameModeConfig: isDisableVoice = true
11-29 09:05:06.427 1491 1600 D FreeFormWindowHelper: Remove freefrom task=Task{faefa87 #366 type=standard A=10089:android.task.video U=0 visible=false mode=freeform translucent=true sz=0}
11-29 09:05:08.236 1491 9370 I ActivityTaskManager: START u0 {act=android.intent.action.MAIN cat=[android.intent.category.LAUNCHER] flg=0x10200000 cmp=com.android.gallery3d/.app.GalleryActivity bnds=[2308,240][2494,440]} from uid 10077
11-29 09:05:08.242 1491 9370 W ActivityTaskManager: Can't find TaskDisplayArea to determine support for multi window. Task id=367 attached=false
11-29 09:05:08.277 1491 9370 I ActivityTaskManager: FOREGROUND_APPLICATION_CHANGED to com.android.gallery3d.app.GalleryActivity
11-29 09:05:08.278 1491 9370 I ActivityTaskManager: The Process com.android.gallery3d Already Exists in BG. So sending its PID: 12550
11-29 09:05:08.278 1491 9370 W ActivityTaskManager: Tried to set launchTime (0) < mLastActivityLaunchTime (20977248)
11-29 09:05:08.320 1491 8592 W WindowManager: Failed looking up window session=Session{a93bbc5 12550:u0a10068} callers=com.android.server.wm.WindowManagerService.windowForClientLocked:5628 com.android.server.wm.Session.insetsModified:629 android.view.IWindowSession$Stub.onTransact:1151
11-29 09:05:08.338 1491 1760 I GameModeConfig: isGameModeOn = false
11-29 09:05:08.338 1491 1760 I GameModeConfig: isGameModeOn = false
11-29 09:05:08.338 1491 1760 I GameModeConfig: isGameModeOn = false
11-29 09:05:08.338 1491 1760 I GameModeConfig: isGameModeOn = false
11-29 09:05:08.339 1491 1760 I GameModeConfig: isGameModeOn = false
11-29 09:05:08.394 16043 16059 W ContextImpl: Calling a method in the system process without a qualified user: android.app.ContextImpl.startService:1816 android.content.ContextWrapper.startService:774 com.thundercomm.gamemode.ingame.services.GameModeActionUtils.startGameModeService:93 com.thundercomm.gamemode.ingame.services.GameModeActionUtils.startGameModeEntry:21 com.thundercomm.gamemode.ingame.services.ActivityMonitoringService$1.onActivityLaunch:127
11-29 09:05:08.399 1491 1491 I GameModeConfig: Current uri is uri = content://com.thundercomm.gamemode.api/gamemode_settings/gamemode_isgaming
11-29 09:05:08.402 1491 1491 I GameModeConfig: isGameModeOn = false
11-29 09:05:08.403 1491 1491 I GameModeConfig: isGameModeOn = false
11-29 09:05:08.403 1491 1491 I GameModeConfig: isDisableVoice = true
11-29 09:05:08.544 1491 1491 I GameModeConfig: isGameModeOn = false
11-29 09:05:08.546 1491 1491 W NotificationHistory: Attempted to add notif for locked/gone/disabled user 0
11-29 09:05:08.983 1491 8592 W ContextImpl: Calling a method in the system process without a qualified user: android.app.ContextImpl.startActivity:1067 com.android.server.wm.FreeFormWindowHelper.exitRecentTasks:423 com.android.server.wm.ActivityTaskManagerService.exitRecentTasks:3795 android.app.IActivityTaskManager$Stub.onTransact:2307 com.android.server.wm.ActivityTaskManagerService.onTransact:5046
11-29 09:05:08.987 1491 8592 I ActivityTaskManager: START u0 {flg=0x10008000 cmp=com.android.music/.VideoBrowserActivity} from uid 1000
11-29 09:05:08.992 1491 8592 W ActivityTaskManager: Can't find TaskDisplayArea to determine support for multi window. Task id=368 attached=false
11-29 09:05:08.993 1491 8592 D FreeFormWindowHelper: Add freeform task=Task{69ad522 #368 type=standard ?? U=0 visible=false mode=freeform translucent=true sz=0}
11-29 09:05:08.997 1491 8592 I ActivityTaskManager: FOREGROUND_APPLICATION_CHANGED to com.android.music.VideoBrowserActivity
11-29 09:05:08.997 1491 8592 I ActivityTaskManager: The Process com.android.music Already Exists in BG. So sending its PID: 7660
11-29 09:05:08.997 1491 8592 W ActivityTaskManager: Tried to set launchTime (0) < mLastActivityLaunchTime (21075942)
11-29 09:05:09.023 16043 16059 W ContextImpl: Calling a method in the system process without a qualified user: android.app.ContextImpl.startService:1816 android.content.ContextWrapper.startService:774 com.thundercomm.gamemode.ingame.services.GameModeActionUtils.startGameModeService:93 com.thundercomm.gamemode.ingame.services.GameModeActionUtils.startGameModeEntry:21 com.thundercomm.gamemode.ingame.services.ActivityMonitoringService$1.onActivityLaunch:127
11-29 09:05:09.029 1491 1491 I GameModeConfig: Current uri is uri = content://com.thundercomm.gamemode.api/gamemode_settings/gamemode_isgaming
11-29 09:05:09.031 1491 1491 I GameModeConfig: isGameModeOn = false
11-29 09:05:09.031 1491 1491 I GameModeConfig: isGameModeOn = false
11-29 09:05:09.031 1491 1491 I GameModeConfig: isDisableVoice = true
11-29 09:05:09.035 16043 16059 W ContextImpl: Calling a method in the system process without a qualified user: android.app.ContextImpl.startService:1816 android.content.ContextWrapper.startService:774 com.thundercomm.gamemode.ingame.services.GameModeActionUtils.startGameModeService:93 com.thundercomm.gamemode.ingame.services.GameModeActionUtils.startGameModeEntry:21 com.thundercomm.gamemode.ingame.services.ActivityMonitoringService$1.onActivityLaunch:127
11-29 09:05:09.039 1491 1491 I GameModeConfig: Current uri is uri = content://com.thundercomm.gamemode.api/gamemode_settings/gamemode_isgaming
11-29 09:05:09.041 1491 1491 I GameModeConfig: isGameModeOn = false
11-29 09:05:09.041 1491 1491 I GameModeConfig: isGameModeOn = false
11-29 09:05:09.041 1491 1491 I GameModeConfig: isDisableVoice = true
11-29 09:05:09.053 1491 1700 W WindowManager: updateScale0.4617737
11-29 09:05:09.063 1491 1600 W WindowManager: updateScale0.4617737
11-29 09:05:09.064 1491 1600 W WindowManager: updateScale0.4617737
11-29 09:05:09.069 1491 1600 W WindowManager: updateScale0.4617737
11-29 09:05:09.069 1491 1600 W WindowManager: updateScale0.4617737
11-29 09:05:09.071 1491 1599 W WindowManager: updateScale0.4617737
11-29 09:05:09.573 1491 1600 W WindowManager: updateScale0.4617737
11-29 09:05:09.575 1491 1700 W WindowManager: updateScale0.4617737
11-29 09:05:13.530 1491 1600 D FreeFormWindowHelper: refreshTipWindow windowDragBounds:Rect(146, 77 - 448, 615)
11-29 09:05:13.533 1491 1600 W WindowManager: updateScale0.4617737
11-29 09:05:13.545 1491 1772 W WindowManager: updateScale0.4617737
11-29 09:05:13.565 1491 1600 D FreeFormWindowHelper: refreshTipWindow windowDragBounds:Rect(333, 83 - 635, 621)
11-29 09:05:13.566 1491 1600 W WindowManager: updateScale0.4617737
11-29 09:05:13.578 1491 1772 W WindowManager: updateScale0.4617737
11-29 09:05:13.582 1491 1600 D FreeFormWindowHelper: refreshTipWindow windowDragBounds:Rect(350, 83 - 652, 621)
11-29 09:05:13.583 1491 1600 W WindowManager: updateScale0.4617737
11-29 09:05:13.597 1491 1600 D FreeFormWindowHelper: refreshTipWindow windowDragBounds:Rect(356, 83 - 658, 621)
11-29 09:05:13.601 1491 1600 W WindowManager: updateScale0.4617737
11-29 09:05:13.604 1491 1700 W WindowManager: updateScale0.4617737
11-29 09:05:13.831 1491 1600 D FreeFormWindowHelper: refreshTipWindow windowDragBounds:Rect(362, 83 - 664, 621)
11-29 09:05:13.832 1491 1600 W WindowManager: updateScale0.4617737
11-29 09:05:13.844 1491 1772 W WindowManager: updateScale0.4617737
11-29 09:05:13.847 1491 1600 D FreeFormWindowHelper: refreshTipWindow windowDragBounds:Rect(432, 81 - 734, 619)
11-29 09:05:13.849 1491 1600 W WindowManager: updateScale0.4617737
11-29 09:05:13.864 1491 1600 D FreeFormWindowHelper: refreshTipWindow windowDragBounds:Rect(494, 78 - 796, 616)
11-29 09:05:13.866 1491 1600 W WindowManager: updateScale0.4617737
11-29 09:05:13.881 1491 1600 D FreeFormWindowHelper: refreshTipWindow windowDragBounds:Rect(572, 76 - 874, 614)
11-29 09:05:13.882 1491 1600 W WindowManager: updateScale0.4617737
11-29 09:05:13.898 1491 1600 D FreeFormWindowHelper: refreshTipWindow windowDragBounds:Rect(646, 69 - 948, 607)
11-29 09:05:13.899 1491 1600 W WindowManager: updateScale0.4617737
11-29 09:05:13.914 1491 1600 D FreeFormWindowHelper: refreshTipWindow windowDragBounds:Rect(695, 66 - 997, 604)
11-29 09:05:13.916 1491 1600 W WindowManager: updateScale0.4617737
11-29 09:05:13.931 1491 1600 D FreeFormWindowHelper: refreshTipWindow windowDragBounds:Rect(733, 57 - 1035, 595)
11-29 09:05:13.932 1491 1600 W WindowManager: updateScale0.4617737
