11-29 09:17:06.693 1491 9682 I wm_task_moved: [32,1,9]
11-29 09:17:06.693 1491 8786 W ActivityManager: Receiver with filter android.content.IntentFilter@415eec4 already registered for pid 7660, callerPackage is com.android.music
11-29 09:17:06.694 1491 9682 I wm_set_resumed_activity: [0,com.android.launcher3/.uioverrides.QuickstepLauncher,positionChildAt]
11-29 09:17:06.695 1491 9682 I wm_task_moved: [405,1,9]
11-29 09:17:06.695 1491 9682 I wm_task_to_front: [0,405]
11-29 09:17:06.696 1491 9682 I wm_focused_root_task: [0,0,405,32,moveTaskToFront findTaskToMoveToFront]
11-29 09:17:06.697 1491 9682 I wm_set_resumed_activity: [0,com.android.music/.MusicBrowserActivity,moveTaskToFront findTaskToMoveToFront]
11-29 09:17:06.700 1491 9682 I ActivityTaskManager: FOREGROUND_APPLICATION_CHANGED to com.android.music.MusicBrowserActivity
11-29 09:17:06.701 1491 9682 I wm_set_resumed_activity: [0,com.android.music/.MusicBrowserActivity,resumeTopActivityInnerLocked]
11-29 09:17:06.703 1491 9682 I wm_resume_activity: [0,180430054,405,com.android.music/.MusicBrowserActivity]
11-29 09:17:06.710 1491 8786 W WindowManager: Attempted to set replacing window on app token with no content Token{b13111a ActivityRecord{ac124e6 u0 com.android.music/.MusicBrowserActivity t405}}
11-29 09:17:06.711 13671 13671 I wm_on_top_resumed_lost_called: [254362067,com.android.launcher3.uioverrides.QuickstepLauncher,topStateChangedWhenResumed]
11-29 09:17:06.718 7660 7660 I wm_on_destroy_called: [180430054,com.android.music.MusicBrowserActivity,performDestroy]
11-29 09:17:06.732 16043 16059 W ContextImpl: Calling a method in the system process without a qualified user: android.app.ContextImpl.startService:1816 android.content.ContextWrapper.startService:774 com.thundercomm.gamemode.ingame.services.GameModeActionUtils.startGameModeService:93 com.thundercomm.gamemode.ingame.services.GameModeActionUtils.startGameModeEntry:21 com.thundercomm.gamemode.ingame.services.ActivityMonitoringService$1.onActivityLaunch:127
11-29 09:17:06.736 1491 1491 I GameModeConfig: Current uri is uri = content://com.thundercomm.gamemode.api/gamemode_settings/gamemode_isgaming
11-29 09:17:06.737 1491 1491 I GameModeConfig: isGameModeOn = false
11-29 09:17:06.737 1491 1491 I GameModeConfig: isGameModeOn = false
11-29 09:17:06.737 1491 1491 I GameModeConfig: isDisableVoice = true
11-29 09:17:06.761 7660 7660 I wm_on_create_called: [180430054,com.android.music.MusicBrowserActivity,performCreate]
11-29 09:17:06.771 7660 7660 I wm_on_start_called: [180430054,com.android.music.MusicBrowserActivity,handleStartActivity]
11-29 09:17:06.772 7660 7660 I wm_on_resume_called: [180430054,com.android.music.MusicBrowserActivity,LIFECYCLER_RESUME_ACTIVITY]
11-29 09:17:06.772 7660 7660 I wm_on_paused_called: [180430054,com.android.music.MusicBrowserActivity,performPause]
11-29 09:17:06.781 7660 7660 I wm_on_resume_called: [180430054,com.android.music.MusicBrowserActivity,RESUME_ACTIVITY]
11-29 09:17:06.784 7660 7660 I wm_on_top_resumed_gained_called: [180430054,com.android.music.MusicBrowserActivity,topStateChangedWhenResumed]
11-29 09:17:06.785 1491 1760 I GameModeConfig: isGameModeOn = false
11-29 09:17:06.789 1491 1760 I GameModeConfig: isGameModeOn = false
11-29 09:17:06.790 1491 1760 I GameModeConfig: isGameModeOn = false
11-29 09:17:06.790 1491 1760 I GameModeConfig: isGameModeOn = false
11-29 09:17:06.791 1491 1760 I GameModeConfig: isGameModeOn = false
11-29 09:17:06.802 1491 1491 I notification_enqueue: [10089,7660,com.android.music,1,NULL,0,Notification(channel=Channel-music shortcut=null contentView=null vibrate=null sound=null defaults=0x0 flags=0x40 color=0x00000000 category=transport actions=4 vis=PRIVATE),1]
11-29 09:17:06.803 1491 1491 I notification_enqueue: [10089,7660,com.android.music,1,NULL,0,Notification(channel=Channel-music shortcut=null contentView=null vibrate=null sound=null defaults=0x0 flags=0x40 color=0x00000000 category=transport actions=4 vis=PRIVATE),1]
11-29 09:17:06.803 1491 1760 I GameModeConfig: isGameModeOn = false
11-29 09:17:06.807 1491 1760 I GameModeConfig: isGameModeOn = false
11-29 09:17:06.810 1491 1760 I GameModeConfig: isGameModeOn = false
11-29 09:17:06.818 1491 1760 I GameModeConfig: isGameModeOn = false
11-29 09:17:06.826 1491 1760 I GameModeConfig: isGameModeOn = false
11-29 09:17:06.831 1491 1760 I GameModeConfig: isGameModeOn = false
11-29 09:17:06.831 1491 1760 I GameModeConfig: isGameModeOn = false
11-29 09:17:06.831 1491 1760 I GameModeConfig: isGameModeOn = false
11-29 09:17:06.831 1491 1760 I GameModeConfig: isGameModeOn = false
11-29 09:17:06.831 1491 1760 I GameModeConfig: isGameModeOn = false
11-29 09:17:06.832 1491 1491 I notification_enqueue: [10089,7660,com.android.music,1,NULL,0,Notification(channel=Channel-music shortcut=null contentView=null vibrate=null sound=null defaults=0x0 flags=0x40 color=0x00000000 category=transport actions=4 vis=PRIVATE),1]
11-29 09:17:06.834 1491 1491 I notification_enqueue: [10089,7660,com.android.music,1,NULL,0,Notification(channel=Channel-music shortcut=null contentView=null vibrate=null sound=null defaults=0x0 flags=0x40 color=0x00000000 category=transport actions=4 vis=PRIVATE),1]
11-29 09:17:06.847 1491 1491 I notification_enqueue: [10089,7660,com.android.music,1,NULL,0,Notification(channel=Channel-music shortcut=null contentView=null vibrate=null sound=null defaults=0x0 flags=0x40 color=0x00000000 category=transport actions=4 vis=PRIVATE),1]
11-29 09:17:06.848 1491 1491 I notification_enqueue: [10089,7660,com.android.music,1,NULL,0,Notification(channel=Channel-music shortcut=null contentView=null vibrate=null sound=null defaults=0x0 flags=0x40 color=0x00000000 category=transport actions=4 vis=PRIVATE),1]
11-29 09:17:06.859 1491 2770 W WindowManager: updateScale0.7996942
11-29 09:17:06.863 1491 1600 I input_focus: [Focus request 7907f6e com.android.music/com.android.music.MusicBrowserActivity,reason=UpdateInputWindows]
11-29 09:17:06.872 1491 9682 I WindowManager: finishDrawing of relaunch: Window{7907f6e u0 com.android.music/com.android.music.MusicBrowserActivity} 181ms
11-29 09:17:06.872 1491 1600 W WindowManager: updateScale0.7996942
11-29 09:17:06.875 1491 1600 W WindowManager: updateScale0.7996942
11-29 09:17:06.877 1491 1693 I input_focus: [Focus leaving 59b7b66 com.android.launcher3/com.android.launcher3.uioverrides.QuickstepLauncher (server),reason=Waiting for window because NOT_VISIBLE]
11-29 09:17:06.878 1491 2770 W WindowManager: updateScale0.7996942
11-29 09:17:06.880 1491 1596 I sysui_multi_action: [319,179,322,178,325,21805,757,761,758,9,759,2,806,com.android.music,871,com.android.music.MusicBrowserActivity,904,com.android.launcher3,905,0,1320,4,1321,1]
11-29 09:17:06.893 1491 1693 I input_focus: [Focus entering 7907f6e com.android.music/com.android.music.MusicBrowserActivity (server),reason=Window became focusable. Previous reason: NOT_VISIBLE]
11-29 09:17:07.004 1491 1491 I GameModeConfig: isGameModeOn = false
11-29 09:17:07.005 1491 1491 I GameModeConfig: isGameModeOn = false
11-29 09:17:07.039 1491 1491 I GameModeConfig: isGameModeOn = false
11-29 09:17:07.040 1491 1491 I GameModeConfig: isGameModeOn = false
11-29 09:17:07.048 1491 1491 I GameModeConfig: isGameModeOn = false
11-29 09:17:07.049 1491 1491 I GameModeConfig: isGameModeOn = false
11-29 09:17:07.079 287 287 I auditd : type=1400 audit(0.0:24071): avc: denied { kill } for comm="kgsl_worker_thr" capability=5 scontext=u:r:kernel:s0 tcontext=u:r:kernel:s0 tclass=capability permissive=0
11-29 09:17:07.368 1491 1607 I am_pss : [16964,10052,com.thundercomm.screensaver,27520000,23146496,13312,136290304,0,19,11]
11-29 09:17:08.079 0 0 I auditd : type=1400 audit(0.0:24072): avc: denied { kill } for comm="swapper/2" capability=5 scontext=u:r:kernel:s0 tcontext=u:r:kernel:s0 tclass=capability permissive=0
11-29 09:17:08.447 1491 8646 I ActivityTaskManager: START u0 {act=android.intent.action.MAIN cat=[android.intent.category.LAUNCHER] flg=0x10200000 cmp=com.android.music/.VideoBrowserActivity bnds=[2308,740][2494,940]} from uid 10077
11-29 09:17:08.452 1491 8646 I wm_task_created: [407,-1]
11-29 09:17:08.452 1491 8646 W ActivityTaskManager: Can't find TaskDisplayArea to determine support for multi window. Task id=407 attached=false
11-29 09:17:08.464 1491 8646 I wm_task_moved: [407,1,10]
11-29 09:17:08.464 1491 8646 I wm_task_to_front: [0,407]
11-29 09:17:08.464 1491 8646 I wm_create_task: [0,407]
11-29 09:17:08.464 1491 8646 I wm_create_activity: [0,36232664,407,com.android.music/.VideoBrowserActivity,android.intent.action.MAIN,NULL,NULL,270532608]
11-29 09:17:08.464 1491 8646 I wm_task_moved: [407,1,10]
11-29 09:17:08.466 1491 8646 I wm_pause_activity: [0,254362067,com.android.launcher3/.uioverrides.QuickstepLauncher,userLeaving=true,pauseBackTasks]
11-29 09:17:08.467 1491 8646 W WindowManager: updateScale0.7996942
11-29 09:17:08.478 7660 7660 I wm_on_top_resumed_lost_called: [180430054,com.android.music.MusicBrowserActivity,topStateChangedWhenResumed]
11-29 09:17:08.481 13671 13671 I wm_on_paused_called: [254362067,com.android.launcher3.uioverrides.QuickstepLauncher,performPause]
11-29 09:17:08.486 1491 8646 I ActivityTaskManager: FOREGROUND_APPLICATION_CHANGED to com.android.music.VideoBrowserActivity
11-29 09:17:08.488 1491 8646 I ActivityTaskManager: The Process com.android.music Already Exists in BG. So sending its PID: 7660
11-29 09:17:08.488 1491 8646 W ActivityTaskManager: Tried to set launchTime (0) < mLastActivityLaunchTime (21794302)
11-29 09:17:08.489 1491 8646 I wm_add_to_stopping: [0,254362067,com.android.launcher3/.uioverrides.QuickstepLauncher,makeInvisible]
11-29 09:17:08.490 1491 8646 I wm_restart_activity: [0,36232664,407,com.android.music/.VideoBrowserActivity]
11-29 09:17:08.494 1491 8646 I wm_set_resumed_activity: [0,com.android.music/.VideoBrowserActivity,minimalResumeActivityLocked]
11-29 09:17:08.495 1491 8646 W WindowManager: updateScale0.7996942
11-29 09:17:08.500 1491 11109 W WindowManager: updateScale0.7996942
11-29 09:17:08.508 1491 8646 W ActivityManager: Receiver with filter android.content.IntentFilter@439ff84 already registered for pid 7660, callerPackage is com.android.music
11-29 09:17:08.511 1491 1599 I sysui_multi_action: [757,803,799,window_time_0,802,3]
11-29 09:17:08.518 1491 1600 W WindowManager: updateScale0.7996942
11-29 09:17:08.524 1491 1600 W WindowManager: updateScale0.7996942
11-29 09:17:08.525 1491 1600 W WindowManager: updateScale0.7996942
11-29 09:17:08.551 7660 7660 I wm_on_create_called: [36232664,com.android.music.VideoBrowserActivity,performCreate]
11-29 09:17:08.551 7660 7660 I wm_on_start_called: [36232664,com.android.music.VideoBrowserActivity,handleStartActivity]
11-29 09:17:08.553 7660 7660 I wm_on_resume_called: [36232664,com.android.music.VideoBrowserActivity,RESUME_ACTIVITY]
11-29 09:17:08.556 7660 7660 I wm_on_top_resumed_gained_called: [36232664,com.android.music.VideoBrowserActivity,topStateChangedWhenResumed]
11-29 09:17:08.560 1491 11109 W WindowManager: updateScale0.7996942
11-29 09:17:08.565 1491 1600 I input_focus: [Focus request f2d6325 com.android.music/com.android.music.VideoBrowserActivity,reason=UpdateInputWindows]
11-29 09:17:08.572 1491 1600 W WindowManager: updateScale0.7996942
11-29 09:17:08.573 1491 1600 W WindowManager: updateScale0.7996942
11-29 09:17:08.574 1491 1596 I wm_activity_launch_time: [0,36232664,com.android.music/.VideoBrowserActivity,128]
11-29 09:17:08.582 1491 1693 I input_focus: [Focus leaving 7907f6e com.android.music/com.android.music.MusicBrowserActivity (server),reason=setFocusedWindow]
11-29 09:17:08.582 1491 1693 I input_focus: [Focus entering f2d6325 com.android.music/com.android.music.VideoBrowserActivity (server),reason=setFocusedWindow]
11-29 09:17:08.606 16043 16059 W ContextImpl: Calling a method in the system process without a qualified user: android.app.ContextImpl.startService:1816 android.content.ContextWrapper.startService:774 com.thundercomm.gamemode.ingame.services.GameModeActionUtils.startGameModeService:93 com.thundercomm.gamemode.ingame.services.GameModeActionUtils.startGameModeEntry:21 com.thundercomm.gamemode.ingame.services.ActivityMonitoringService$1.onActivityLaunch:127
11-29 09:17:08.610 1491 1491 I GameModeConfig: Current uri is uri = content://com.thundercomm.gamemode.api/gamemode_settings/gamemode_isgaming
11-29 09:17:08.612 1491 1491 I GameModeConfig: isGameModeOn = false
11-29 09:17:08.613 1491 1491 I GameModeConfig: isGameModeOn = false
11-29 09:17:08.613 1491 1491 I GameModeConfig: isDisableVoice = true
11-29 09:17:08.899 1491 1608 W BroadcastQueue: Background execution not allowed: receiving Intent { act=com.tencent.assistant.st.report.PluginLogProcessorReceiver.TIME flg=0x14 (has extras) } to com.tencent.android.qqdownloader/com.tencent.assistant.st.report.PluginLogProcessorReceiver
11-29 09:17:08.976 1491 2770 W WindowManager: updateScale0.7996942
11-29 09:17:08.982 1491 11109 W WindowManager: updateScale0.7996942
11-29 09:17:09.071 1491 1599 I wm_stop_activity: [0,254362067,com.android.launcher3/.uioverrides.QuickstepLauncher]
11-29 09:17:09.086 1491 1600 W WindowManager: updateScale0.7996942
11-29 09:17:09.089 1491 1600 W WindowManager: updateScale0.7996942
11-29 09:17:09.105 13671 13671 I wm_on_stop_called: [254362067,com.android.launcher3.uioverrides.QuickstepLauncher,STOP_ACTIVITY_ITEM]
11-29 09:17:09.109 1491 11109 W WindowManager: updateScale0.7996942
11-29 09:17:09.119 1491 1600 W WindowManager: updateScale0.7996942
11-29 09:17:09.128 16043 16059 W ContextImpl: Calling a method in the system process without a qualified user: android.app.ContextImpl.startService:1816 android.content.ContextWrapper.startService:774 com.thundercomm.gamemode.ingame.services.GameModeActionUtils.startGameModeService:93 com.thundercomm.gamemode.ingame.services.GameModeActionUtils.startGameModeEntry:21 com.thundercomm.gamemode.ingame.services.ActivityMonitoringService$1.onActivityLaunch:127
11-29 09:17:09.131 1491 1491 I GameModeConfig: Current uri is uri = content://com.thundercomm.gamemode.api/gamemode_settings/gamemode_isgaming
11-29 09:17:09.133 1491 1600 W WindowManager: updateScale0.7996942
11-29 09:17:09.134 1491 1491 I GameModeConfig: isGameModeOn = false
11-29 09:17:09.134 1491 1600 W WindowManager: updateScale0.7996942
11-29 09:17:09.134 1491 1491 I GameModeConfig: isGameModeOn = false
11-29 09:17:09.134 1491 1491 I GameModeConfig: isDisableVoice = true
11-29 09:17:09.150 1491 1600 W WindowManager: updateScale0.7996942
11-29 09:17:09.724 1491 1693 I input_interaction: Interaction with: f2d6325 com.android.music/com.android.music.VideoBrowserActivity (server), edge-swipe (server), swipe-up (server), PointerEventDispatcher0 (server),
11-29 09:17:09.740 1491 2770 I wm_task_moved: [32,0,0]
11-29 09:17:09.741 1491 2770 I wm_task_moved: [32,0,9]
11-29 09:17:09.748 1491 2770 W WindowManager: updateScale0.7996942
11-29 09:17:09.766 1491 8786 W WindowManager: updateScale0.7996942
11-29 09:17:09.770 13671 13671 I wm_on_restart_called: [254362067,com.android.launcher3.uioverrides.QuickstepLauncher,performRestartActivity]
11-29 09:17:09.771 1491 2770 I wm_finish_activity: [0,180430054,405,com.android.music/.MusicBrowserActivity,app-request]
11-29 09:17:09.774 16043 16059 W ContextImpl: Calling a method in the system process without a qualified user: android.app.ContextImpl.startService:1816 android.content.ContextWrapper.startService:774 com.thundercomm.gamemode.ingame.services.GameModeActionUtils.startGameModeService:93 com.thundercomm.gamemode.ingame.services.GameModeActionUtils.startGameModeEntry:21 com.thundercomm.gamemode.ingame.services.ActivityMonitoringService$1.onActivityLaunch:127
11-29 09:17:09.782 1491 2770 I wm_pause_activity: [0,180430054,com.android.music/.MusicBrowserActivity,userLeaving=false,finish]
11-29 09:17:09.783 7660 7660 I wm_on_paused_called: [180430054,com.android.music.MusicBrowserActivity,performPause]
11-29 09:17:09.785 1491 1491 I GameModeConfig: Current uri is uri = content://com.thundercomm.gamemode.api/gamemode_settings/gamemode_isgaming
11-29 09:17:09.787 1491 11109 I wm_destroy_activity: [0,180430054,405,com.android.music/.MusicBrowserActivity,finish-imm:completePausedLocked]
11-29 09:17:09.790 1491 1491 I GameModeConfig: isGameModeOn = false
11-29 09:17:09.790 1491 1491 I GameModeConfig: isGameModeOn = false
11-29 09:17:09.790 1491 1491 I GameModeConfig: isDisableVoice = true
11-29 09:17:09.799 7660 7660 I wm_on_stop_called: [180430054,com.android.music.MusicBrowserActivity,LIFECYCLER_STOP_ACTIVITY]
11-29 09:17:09.804 1491 1599 I sysui_multi_action: [757,803,799,window_time_0,802,2]
11-29 09:17:09.807 7660 7660 I wm_on_destroy_called: [180430054,com.android.music.MusicBrowserActivity,performDestroy]
11-29 09:17:09.809 13671 13671 I wm_on_start_called: [254362067,com.android.launcher3.uioverrides.QuickstepLauncher,handleStartActivity]
11-29 09:17:09.813 1491 1693 I input_interaction: Interaction with: edge-swipe (server), swipe-up (server), PointerEventDispatcher0 (server),
11-29 09:17:09.814 7660 7660 I view_enqueue_input_event: [Motion - Cancel,com.android.music/com.android.music.VideoBrowserActivity]
11-29 09:17:09.817 1491 8786 W ActivityTaskManager: getTaskSnapshot: taskId=4406 not found
11-29 09:17:09.820 1491 11109 I wm_task_removed: [405,removeChild:removeChild last r=ActivityRecord{ac124e6 u0 com.android.music/.MusicBrowserActivity t-1 f}} in t=Task{a70644b #405 type=standard A=10089:android.task.music U=0 visible=false mode=freeform translucent=true sz=0}]
11-29 09:17:09.820 1491 11109 I wm_task_removed: [405,removeChild]
11-29 09:17:09.820 13671 13671 I sysui_latency: [1,97]
11-29 09:17:09.820 1491 11109 D FreeFormWindowHelper: Remove freefrom task=Task{a70644b #405 type=standard A=10089:android.task.music U=0 visible=false mode=freeform translucent=true sz=0}
11-29 09:17:09.823 1491 8646 W ActivityTaskManager: getTaskSnapshot: taskId=3406 not found
11-29 09:17:09.833 1491 1600 I input_focus: [Focus request recents_animation_input_consumer,reason=UpdateInputWindows]
11-29 09:17:09.846 1491 1596 I sysui_multi_action: [319,13,322,91,325,21808,757,761,758,9,759,5,806,com.android.launcher3,871,com.android.launcher3.uioverrides.QuickstepLauncher,905,0,1320,8,1321,5]
11-29 09:17:09.850 1491 1693 I input_focus: [Focus leaving f2d6325 com.android.music/com.android.music.VideoBrowserActivity (server),reason=NOT_FOCUSABLE]
11-29 09:17:09.850 1491 1693 I input_focus: [Focus entering recents_animation_input_consumer (server),reason=setFocusedWindow]
11-29 09:17:09.858 1491 8786 W ActivityTaskManager: getTaskSnapshot: taskId=4406 not found
11-29 09:17:09.858 1491 8786 W ActivityTaskManager: getTaskSnapshot: taskId=3406 not found
11-29 09:17:09.860 1491 8786 W ActivityTaskManager: getTaskSnapshot: taskId=2406 not found
11-29 09:17:09.861 1491 2770 W ActivityTaskManager: getTaskSnapshot: taskId=1406 not found
11-29 09:17:09.896 16043 16059 W ContextImpl: Calling a method in the system process without a qualified user: android.app.ContextImpl.startService:1816 android.content.ContextWrapper.startService:774 com.thundercomm.gamemode.ingame.services.GameModeActionUtils.startGameModeService:93 com.thundercomm.gamemode.ingame.services.GameModeActionUtils.startGameModeEntry:21 com.thundercomm.gamemode.ingame.services.ActivityMonitoringService$1.onActivityLaunch:127
11-29 09:17:09.900 1491 1491 I GameModeConfig: Current uri is uri = content://com.thundercomm.gamemode.api/gamemode_settings/gamemode_isgaming
11-29 09:17:09.902 1491 1491 I GameModeConfig: isGameModeOn = false
11-29 09:17:09.902 1491 1491 I GameModeConfig: isGameModeOn = false
11-29 09:17:09.902 1491 1491 I GameModeConfig: isDisableVoice = true
11-29 09:17:10.012 1491 1673 I commit_sys_config_file: [settings-1-0,5]
11-29 09:17:10.055 1491 1491 I service_manager_stats: [100,79,35948]
11-29 09:17:10.132 1491 1607 I sysui_latency: [8,101]
11-29 09:17:10.467 1491 8943 W ActivityTaskManager: getTaskSnapshot: taskId=405 not found
11-29 09:17:10.467 1491 8646 W ActivityTaskManager: getTaskSnapshot: taskId=405 not found
11-29 09:17:10.696 1491 1673 I commit_sys_config_file: [settings-1-0,4]
11-29 09:17:11.079 0 0 I auditd : type=1400 audit(0.0:24073): avc: denied { kill } for comm="swapper/2" capability=5 scontext=u:r:kernel:s0 tcontext=u:r:kernel:s0 tclass=capability permissive=0
11-29 09:17:11.410 1491 1693 I input_interaction: Interaction with: 59b7b66 com.android.launcher3/com.android.launcher3.uioverrides.QuickstepLauncher (server), edge-swipe (server), swipe-up (server), PointerEventDispatcher0 (server),
11-29 09:17:11.542 1491 8646 D FreeFormWindowHelper: Add freeform task=Task{ce34ba2 #407 type=standard A=10089:android.task.video U=0 visible=true mode=freeform translucent=false sz=1}
11-29 09:17:11.543 1491 8646 I wm_task_moved: [32,1,9]
11-29 09:17:11.545 1491 8646 I wm_focused_root_task: [0,0,32,407,startActivityFromRecents]
11-29 09:17:11.545 7660 7660 I wm_on_top_resumed_lost_called: [36232664,com.android.music.VideoBrowserActivity,topStateChangedWhenResumed]
11-29 09:17:11.545 1491 8646 I wm_task_moved: [407,1,9]
11-29 09:17:11.546 1491 8646 I wm_set_resumed_activity: [0,com.android.music/.VideoBrowserActivity,positionChildAt]
11-29 09:17:11.546 1491 8646 I wm_focused_root_task: [0,0,407,32,moveTaskToFront findTaskToMoveToFront]
11-29 09:17:11.546 1491 8646 I wm_set_resumed_activity: [0,com.android.music/.VideoBrowserActivity,moveTaskToFront findTaskToMoveToFront]
11-29 09:17:11.546 1491 8646 W WindowManager: updateScale0.7996942
11-29 09:17:11.551 1491 1599 I wm_relaunch_resume_activity: [0,36232664,407,com.android.music/.VideoBrowserActivity]
11-29 09:17:11.566 1491 2770 W ActivityManager: Receiver with filter android.content.IntentFilter@8d640a already registered for pid 7660, callerPackage is com.android.music
11-29 09:17:11.580 7660 7660 I wm_on_paused_called: [36232664,com.android.music.VideoBrowserActivity,performPause]
11-29 09:17:11.580 7660 7660 I wm_on_stop_called: [36232664,com.android.music.VideoBrowserActivity,handleRelaunchActivity]
11-29 09:17:11.580 1491 8786 W WindowManager: Attempted to set replacing window on app token with no content Token{19d62b5 ActivityRecord{228ddd8 u0 com.android.music/.VideoBrowserActivity t407}}
11-29 09:17:11.583 7660 7660 I wm_on_destroy_called: [36232664,com.android.music.VideoBrowserActivity,performDestroy]
11-29 09:17:11.598 7660 7660 I wm_on_create_called: [36232664,com.android.music.VideoBrowserActivity,performCreate]
11-29 09:17:11.598 7660 7660 I wm_on_start_called: [36232664,com.android.music.VideoBrowserActivity,handleStartActivity]
11-29 09:17:11.600 7660 7660 I wm_on_resume_called: [36232664,com.android.music.VideoBrowserActivity,RESUME_ACTIVITY]
11-29 09:17:11.600 7660 7660 I wm_on_top_resumed_gained_called: [36232664,com.android.music.VideoBrowserActivity,topStateChangedWhenResumed]
11-29 09:17:11.601 1491 8786 W WindowManager: updateScale0.7996942
11-29 09:17:11.608 1491 8786 I WindowManager: finishDrawing of relaunch: Window{f2d6325 u0 com.android.music/com.android.music.VideoBrowserActivity} 57ms
11-29 09:17:11.609 1491 1600 W WindowManager: updateScale0.7996942
11-29 09:17:11.610 1491 1600 W WindowManager: updateScale0.7996942
11-29 09:17:11.995 1491 2770 I wm_task_moved: [32,1,9]
11-29 09:17:11.996 1491 2770 I wm_task_moved: [41,1,2147483647]
11-29 09:17:11.996 1491 2770 I wm_task_to_front: [0,41]
11-29 09:17:11.996 1491 2770 I wm_focused_root_task: [0,0,32,407,RecentsAnimation.onAnimationFinished()]
11-29 09:17:11.997 1491 2770 I wm_set_resumed_activity: [0,com.android.launcher3/.uioverrides.QuickstepLauncher,RecentsAnimation.onAnimationFinished()]
11-29 09:17:11.998 1491 2770 I ActivityTaskManager: FOREGROUND_APPLICATION_CHANGED to com.android.launcher3.uioverrides.QuickstepLauncher
11-29 09:17:11.999 1491 2770 I wm_set_resumed_activity: [0,com.android.launcher3/.uioverrides.QuickstepLauncher,resumeTopActivityInnerLocked]
11-29 09:17:12.003 1491 2770 I wm_resume_activity: [0,254362067,41,com.android.launcher3/.uioverrides.QuickstepLauncher]
11-29 09:17:12.005 7660 7660 I wm_on_top_resumed_lost_called: [36232664,com.android.music.VideoBrowserActivity,topStateChangedWhenResumed]
11-29 09:17:12.007 1491 2770 W WindowManager: updateScale0.7996942
11-29 09:17:12.011 1491 2770 W WindowManager: updateScale0.7996942
11-29 09:17:12.013 13671 13671 I wm_on_resume_called: [254362067,com.android.launcher3.uioverrides.QuickstepLauncher,RESUME_ACTIVITY]
11-29 09:17:12.015 1491 1600 I input_focus: [Focus request 59b7b66 com.android.launcher3/com.android.launcher3.uioverrides.QuickstepLauncher,reason=UpdateInputWindows]
11-29 09:17:12.021 1491 1599 I sysui_multi_action: [757,803,799,window_time_0,802,2]
11-29 09:17:12.022 1491 1693 I input_focus: [Focus leaving recents_animation_input_consumer (server),reason=NOT_VISIBLE]
11-29 09:17:12.023 1491 1693 I input_focus: [Focus entering 59b7b66 com.android.launcher3/com.android.launcher3.uioverrides.QuickstepLauncher (server),reason=setFocusedWindow]
11-29 09:17:12.026 13671 13671 I wm_on_top_resumed_gained_called: [254362067,com.android.launcher3.uioverrides.QuickstepLauncher,topStateChangedWhenResumed]
11-29 09:17:12.079 0 0 I auditd : type=1400 audit(0.0:24074): avc: denied { kill } for comm="swapper/2" capability=5 scontext=u:r:kernel:s0 tcontext=u:r:kernel:s0 tclass=capability permissive=0
11-29 09:17:12.127 16043 16059 W ContextImpl: Calling a method in the system process without a qualified user: android.app.ContextImpl.startService:1816 android.content.ContextWrapper.startService:774 com.thundercomm.gamemode.ingame.services.GameModeActionUtils.startGameModeService:93 com.thundercomm.gamemode.ingame.services.GameModeActionUtils.startGameModeEntry:21 com.thundercomm.gamemode.ingame.services.ActivityMonitoringService$1.onActivityLaunch:127
11-29 09:17:12.135 1491 1491 I GameModeConfig: Current uri is uri = content://com.thundercomm.gamemode.api/gamemode_settings/gamemode_isgaming
11-29 09:17:12.140 1491 1491 I GameModeConfig: isGameModeOn = false
11-29 09:17:12.140 1491 1491 I GameModeConfig: isGameModeOn = false
11-29 09:17:12.140 1491 1491 I GameModeConfig: isDisableVoice = true
11-29 09:17:13.079 0 0 I auditd : type=1400 audit(0.0:24075): avc: denied { kill } for comm="swapper/2" capability=5 scontext=u:r:kernel:s0 tcontext=u:r:kernel:s0 tclass=capability permissive=0
11-29 09:17:14.079 0 0 I auditd : type=1400 audit(0.0:24076): avc: denied { kill } for comm="swapper/2" capability=5 scontext=u:r:kernel:s0 tcontext=u:r:kernel:s0 tclass=capability permissive=0
11-29 09:17:14.115 1491 1693 I input_interaction: Interaction with: 59b7b66 com.android.launcher3/com.android.launcher3.uioverrides.QuickstepLauncher (server), f50ccd7 com.android.systemui.ImageWallpaper (server), edge-swipe (server), swipe-up (server), PointerEventDispatcher0 (server),
11-29 09:17:14.258 13671 13671 I view_enqueue_input_event: [Motion - Cancel,com.android.launcher3/com.android.launcher3.uioverrides.QuickstepLauncher]
11-29 09:17:14.269 1491 1693 I input_interaction: Interaction with: edge-swipe (server), swipe-up (server), PointerEventDispatcher0 (server),
11-29 09:17:14.291 1491 9682 W ActivityTaskManager: getTaskSnapshot: taskId=5406 not found
11-29 09:17:14.293 1491 9682 W ActivityTaskManager: getTaskSnapshot: taskId=4406 not found
11-29 09:17:14.294 1491 9682 W ActivityTaskManager: getTaskSnapshot: taskId=3406 not found
11-29 09:17:14.294 1491 9682 W ActivityTaskManager: getTaskSnapshot: taskId=2406 not found
11-29 09:17:14.415 1491 1673 I commit_sys_config_file: [settings-1-0,4]
11-29 09:17:14.753 1491 1673 I commit_sys_config_file: [settings-1-0,4]
11-29 09:17:14.861 1491 9682 I wm_finish_activity: [0,36232664,407,com.android.music/.VideoBrowserActivity,app-request]
11-29 09:17:14.877 1491 9682 I wm_pause_activity: [0,36232664,com.android.music/.VideoBrowserActivity,userLeaving=false,finish]
11-29 09:17:14.878 7660 7660 I wm_on_paused_called: [36232664,com.android.music.VideoBrowserActivity,performPause]
11-29 09:17:14.885 1491 8943 I wm_destroy_activity: [0,36232664,407,com.android.music/.VideoBrowserActivity,finish-imm:completePausedLocked]
11-29 09:17:14.898 1491 1599 I sysui_multi_action: [757,803,799,window_time_0,802,3]
11-29 09:17:14.900 1491 8943 W ActivityManager: Receiver with filter android.content.IntentFilter@35f1b3f already registered for pid 7660, callerPackage is com.android.music
11-29 09:17:14.902 7660 7660 I wm_on_stop_called: [36232664,com.android.music.VideoBrowserActivity,LIFECYCLER_STOP_ACTIVITY]
11-29 09:17:14.906 16043 16059 W ContextImpl: Calling a method in the system process without a qualified user: android.app.ContextImpl.startService:1816 android.content.ContextWrapper.startService:774 com.thundercomm.gamemode.ingame.services.GameModeActionUtils.startGameModeService:93 com.thundercomm.gamemode.ingame.services.GameModeActionUtils.startGameModeEntry:21 com.thundercomm.gamemode.ingame.services.ActivityMonitoringService$1.onActivityLaunch:127
11-29 09:17:14.910 7660 7660 I wm_on_destroy_called: [36232664,com.android.music.VideoBrowserActivity,performDestroy]
11-29 09:17:14.916 1491 1491 I GameModeConfig: Current uri is uri = content://com.thundercomm.gamemode.api/gamemode_settings/gamemode_isgaming
11-29 09:17:14.919 1491 1491 I GameModeConfig: isGameModeOn = false
11-29 09:17:14.919 1491 1491 I GameModeConfig: isGameModeOn = false
11-29 09:17:14.919 1491 1491 I GameModeConfig: isDisableVoice = true
11-29 09:17:14.994 16043 16059 W ContextImpl: Calling a method in the system process without a qualified user: android.app.ContextImpl.startService:1816 android.content.ContextWrapper.startService:774 com.thundercomm.gamemode.ingame.services.GameModeActionUtils.startGameModeService:93 com.thundercomm.gamemode.ingame.services.GameModeActionUtils.startGameModeEntry:21 com.thundercomm.gamemode.ingame.services.ActivityMonitoringService$1.onActivityLaunch:127
11-29 09:17:14.999 1491 1491 I GameModeConfig: Current uri is uri = content://com.thundercomm.gamemode.api/gamemode_settings/gamemode_isgaming
11-29 09:17:15.000 1491 1491 I GameModeConfig: isGameModeOn = false
11-29 09:17:15.000 1491 1491 I GameModeConfig: isGameModeOn = false
11-29 09:17:15.000 1491 1491 I GameModeConfig: isDisableVoice = true
11-29 09:17:15.079 0 0 I auditd : type=1400 audit(0.0:24077): avc: denied { kill } for comm="swapper/2" capability=5 scontext=u:r:kernel:s0 tcontext=u:r:kernel:s0 tclass=capability permissive=0
11-29 09:17:15.195 1491 1600 I wm_task_removed: [407,removeChild:removeChild last r=ActivityRecord{228ddd8 u0 com.android.music/.VideoBrowserActivity t-1 f}} in t=Task{ce34ba2 #407 type=standard A=10089:android.task.video U=0 visible=false mode=freeform translucent=true sz=0}]
11-29 09:17:15.195 1491 1600 I wm_task_removed: [407,removeChild]
11-29 09:17:15.195 1491 1600 D FreeFormWindowHelper: Remove freefrom task=Task{ce34ba2 #407 type=standard A=10089:android.task.video U=0 visible=false mode=freeform translucent=true sz=0}
11-29 09:17:15.894 1491 1693 I input_interaction: Interaction with: 59b7b66 com.android.launcher3/com.android.launcher3.uioverrides.QuickstepLauncher (server), f50ccd7 com.android.systemui.ImageWallpaper (server), edge-swipe (server), swipe-up (server), PointerEventDispatcher0 (server),
11-29 09:17:16.012 1491 2770 D FreeFormWindowHelper: Add freeform task=Task{c8430c3 #406 type=standard A=10068:com.android.gallery3d U=0 visible=false mode=freeform translucent=true sz=0}
11-29 09:17:16.013 1491 2770 I wm_task_moved: [32,1,9]
11-29 09:17:16.013 1491 2770 I wm_set_resumed_activity: [0,com.android.launcher3/.uioverrides.QuickstepLauncher,positionChildAt]
11-29 09:17:16.013 1491 2770 I ActivityTaskManager: START u0 {flg=0x10108000 cmp=com.android.gallery3d/.app.GalleryActivity} from uid 10077
11-29 09:17:16.015 1491 2770 I wm_task_moved: [406,1,9]
11-29 09:17:16.015 1491 2770 I wm_task_to_front: [0,406]
11-29 09:17:16.016 1491 2770 I wm_focused_root_task: [0,0,406,32,reuseOrNewTask]
11-29 09:17:16.016 1491 2770 I wm_create_activity: [0,172867748,406,com.android.gallery3d/.app.GalleryActivity,NULL,NULL,NULL,269516800]
11-29 09:17:16.017 1491 2770 I ActivityTaskManager: FOREGROUND_APPLICATION_CHANGED to com.android.gallery3d.app.GalleryActivity
11-29 09:17:16.017 1491 2770 I ActivityTaskManager: The Process com.android.gallery3d Already Exists in BG. So sending its PID: 15636
11-29 09:17:16.017 1491 2770 W ActivityTaskManager: Tried to set launchTime (0) < mLastActivityLaunchTime (21801388)
11-29 09:17:16.018 1491 2770 I wm_restart_activity: [0,172867748,406,com.android.gallery3d/.app.GalleryActivity]
11-29 09:17:16.019 1491 2770 I wm_set_resumed_activity: [0,com.android.gallery3d/.app.GalleryActivity,minimalResumeActivityLocked]
11-29 09:17:16.026 13671 13671 I wm_on_top_resumed_lost_called: [254362067,com.android.launcher3.uioverrides.QuickstepLauncher,topStateChangedWhenResumed]
11-29 09:17:16.055 16043 16059 W ContextImpl: Calling a method in the system process without a qualified user: android.app.ContextImpl.startService:1816 android.content.ContextWrapper.startService:774 com.thundercomm.gamemode.ingame.services.GameModeActionUtils.startGameModeService:93 com.thundercomm.gamemode.ingame.services.GameModeActionUtils.startGameModeEntry:21 com.thundercomm.gamemode.ingame.services.ActivityMonitoringService$1.onActivityLaunch:127
11-29 09:17:16.060 1491 1491 I GameModeConfig: Current uri is uri = content://com.thundercomm.gamemode.api/gamemode_settings/gamemode_isgaming
11-29 09:17:16.062 1491 1491 I GameModeConfig: isGameModeOn = false
11-29 09:17:16.063 1491 1491 I GameModeConfig: isGameModeOn = false
11-29 09:17:16.063 1491 1491 I GameModeConfig: isDisableVoice = true
11-29 09:17:16.069 15636 15636 I wm_on_create_called: [172867748,com.android.gallery3d.app.GalleryActivity,performCreate]
11-29 09:17:16.070 15636 15636 I wm_on_start_called: [172867748,com.android.gallery3d.app.GalleryActivity,handleStartActivity]
11-29 09:17:16.072 15636 15636 I wm_on_resume_called: [172867748,com.android.gallery3d.app.GalleryActivity,RESUME_ACTIVITY]
11-29 09:17:16.074 15636 15636 I wm_on_top_resumed_gained_called: [172867748,com.android.gallery3d.app.GalleryActivity,topStateChangedWhenResumed]
11-29 09:17:16.082 1491 8786 W WindowManager: updateScale0.7996942
11-29 09:17:16.079 0 0 I auditd : type=1400 audit(0.0:24078): avc: denied { kill } for comm="swapper/2" capability=5 scontext=u:r:kernel:s0 tcontext=u:r:kernel:s0 tclass=capability permissive=0
11-29 09:17:16.087 1491 1600 I input_focus: [Focus request d27380e com.android.gallery3d/com.android.gallery3d.app.GalleryActivity,reason=UpdateInputWindows]
11-29 09:17:16.116 1491 1693 I input_focus: [Focus leaving 59b7b66 com.android.launcher3/com.android.launcher3.uioverrides.QuickstepLauncher (server),reason=Waiting for window because NOT_VISIBLE]
11-29 09:17:16.150 1491 1600 W WindowManager: updateScale0.7996942
11-29 09:17:16.153 1491 1600 W WindowManager: updateScale0.7996942
11-29 09:17:16.154 1491 1600 W WindowManager: updateScale0.7996942
11-29 09:17:16.156 1491 1596 I sysui_multi_action: [319,139,322,138,325,21814,757,761,758,8,759,2,806,com.android.gallery3d,871,com.android.gallery3d.app.GalleryActivity,904,com.android.launcher3,905,0,1320,4,1321,1]
11-29 09:17:16.158 1491 1596 I wm_activity_launch_time: [0,172867748,com.android.gallery3d/.app.GalleryActivity,138]
11-29 09:17:16.167 1491 1693 I input_focus: [Focus entering d27380e com.android.gallery3d/com.android.gallery3d.app.GalleryActivity (server),reason=Window became focusable. Previous reason: NOT_VISIBLE]
11-29 09:17:16.435 1491 1600 W WindowManager: updateScale0.7996942
11-29 09:17:17.079 0 0 I auditd : type=1400 audit(0.0:24079): avc: denied { kill } for comm="swapper/2" capability=5 scontext=u:r:kernel:s0 tcontext=u:r:kernel:s0 tclass=capability permissive=0
11-29 09:17:17.649 13671 13671 I view_enqueue_input_event: [Motion - Cancel,com.android.launcher3/com.android.launcher3.uioverrides.QuickstepLauncher]
11-29 09:17:17.657 1491 1693 I input_interaction: Interaction with: edge-swipe (server), swipe-up (server), PointerEventDispatcher0 (server),
11-29 09:17:17.964 1491 11109 I ActivityTaskManager: START u0 {act=android.intent.action.MAIN cat=[android.intent.category.HOME] flg=0x10000000 cmp=com.android.launcher3/.uioverrides.QuickstepLauncher} from uid 10077
11-29 09:17:17.968 1491 11109 I wm_task_moved: [32,1,9]
11-29 09:17:17.972 15636 15636 I wm_on_top_resumed_lost_called: [172867748,com.android.gallery3d.app.GalleryActivity,topStateChangedWhenResumed]
11-29 09:17:17.972 1491 11109 I wm_set_resumed_activity: [0,com.android.launcher3/.uioverrides.QuickstepLauncher,positionChildAt]
11-29 09:17:17.972 1491 11109 I wm_task_moved: [41,1,2147483647]
11-29 09:17:17.972 1491 11109 I wm_task_to_front: [0,41]
11-29 09:17:17.972 1491 11109 I wm_focused_root_task: [0,0,32,406,bringingFoundTaskToFront]
11-29 09:17:17.972 1491 11109 I wm_set_resumed_activity: [0,com.android.launcher3/.uioverrides.QuickstepLauncher,bringingFoundTaskToFront]
11-29 09:17:17.973 1491 11109 I wm_new_intent: [0,254362067,41,com.android.launcher3/.uioverrides.QuickstepLauncher,android.intent.action.MAIN,NULL,NULL,268435712]
11-29 09:17:17.974 1491 11109 I wm_task_moved: [32,1,9]
11-29 09:17:17.974 1491 11109 I wm_set_resumed_activity: [0,com.android.launcher3/.uioverrides.QuickstepLauncher,positionChildAt]
11-29 09:17:17.974 1491 11109 I ActivityTaskManager: FOREGROUND_APPLICATION_CHANGED to com.android.launcher3.uioverrides.QuickstepLauncher
11-29 09:17:17.975 1491 11109 W WindowManager: updateScale0.7996942
11-29 09:17:17.981 1491 11109 W WindowManager: updateScale0.7996942
11-29 09:17:17.984 1491 1600 I input_focus: [Focus request 59b7b66 com.android.launcher3/com.android.launcher3.uioverrides.QuickstepLauncher,reason=UpdateInputWindows]
11-29 09:17:17.985 13671 13671 I wm_on_paused_called: [254362067,com.android.launcher3.uioverrides.QuickstepLauncher,performPause]
11-29 09:17:17.987 13671 13671 I wm_on_resume_called: [254362067,com.android.launcher3.uioverrides.QuickstepLauncher,LIFECYCLER_RESUME_ACTIVITY]
11-29 09:17:18.006 13671 13671 I wm_on_top_resumed_gained_called: [254362067,com.android.launcher3.uioverrides.QuickstepLauncher,topStateChangedWhenResumed]
11-29 09:17:18.009 1491 11109 W WindowManager: updateScale0.7996942
11-29 09:17:18.013 1491 1693 I input_focus: [Focus leaving d27380e com.android.gallery3d/com.android.gallery3d.app.GalleryActivity (server),reason=setFocusedWindow]
11-29 09:17:18.013 1491 1693 I input_focus: [Focus entering 59b7b66 com.android.launcher3/com.android.launcher3.uioverrides.QuickstepLauncher (server),reason=setFocusedWindow]
11-29 09:17:18.079 0 0 I auditd : type=1400 audit(0.0:24080): avc: denied { kill } for comm="swapper/2" capability=5 scontext=u:r:kernel:s0 tcontext=u:r:kernel:s0 tclass=capability permissive=0
11-29 09:17:18.255 1491 1693 I input_interaction: Interaction with: 59b7b66 com.android.launcher3/com.android.launcher3.uioverrides.QuickstepLauncher (server), f50ccd7 com.android.systemui.ImageWallpaper (server), edge-swipe (server), swipe-up (server), PointerEventDispatcher0 (server),
11-29 09:17:18.467 13671 13671 I view_enqueue_input_event: [Motion - Cancel,com.android.launcher3/com.android.launcher3.uioverrides.QuickstepLauncher]
11-29 09:17:18.477 1491 1693 I input_interaction: Interaction with: edge-swipe (server), swipe-up (server), PointerEventDispatcher0 (server),
11-29 09:17:18.520 1491 8943 W ActivityTaskManager: getTaskSnapshot: taskId=5407 not found
11-29 09:17:18.524 1491 8943 W ActivityTaskManager: getTaskSnapshot: taskId=4407 not found
11-29 09:17:18.525 1491 11109 W ActivityTaskManager: getTaskSnapshot: taskId=3407 not found
11-29 09:17:18.526 1491 11109 W ActivityTaskManager: getTaskSnapshot: taskId=2407 not found
11-29 09:17:18.527 1491 11109 W ActivityTaskManager: getTaskSnapshot: taskId=1407 not found
11-29 09:17:18.658 1491 1673 I commit_sys_config_file: [settings-1-0,5]
11-29 09:17:18.989 1491 1673 I commit_sys_config_file: [settings-1-0,4]
11-29 09:17:19.079 0 0 I auditd : type=1400 audit(0.0:24081): avc: denied { kill } for comm="swapper/2" capability=5 scontext=u:r:kernel:s0 tcontext=u:r:kernel:s0 tclass=capability permissive=0
11-29 09:17:20.079 0 0 I auditd : type=1400 audit(0.0:24082): avc: denied { kill } for comm="swapper/2" capability=5 scontext=u:r:kernel:s0 tcontext=u:r:kernel:s0 tclass=capability permissive=0
11-29 09:17:20.117 1491 1693 I input_interaction: Interaction with: 59b7b66 com.android.launcher3/com.android.launcher3.uioverrides.QuickstepLauncher (server), f50ccd7 com.android.systemui.ImageWallpaper (server), edge-swipe (server), swipe-up (server), PointerEventDispatcher0 (server),
11-29 09:17:20.227 1491 1693 I input_interaction: Interaction with: edge-swipe (server), swipe-up (server), PointerEventDispatcher0 (server),
11-29 09:17:20.228 13671 13671 I view_enqueue_input_event: [Motion - Cancel,com.android.launcher3/com.android.launcher3.uioverrides.QuickstepLauncher]
11-29 09:17:20.251 1491 8943 W ActivityTaskManager: getTaskSnapshot: taskId=5407 not found
11-29 09:17:20.252 1491 8646 W ActivityTaskManager: getTaskSnapshot: taskId=4407 not found
11-29 09:17:20.252 1491 8943 W ActivityTaskManager: getTaskSnapshot: taskId=3407 not found
11-29 09:17:20.396 1491 1673 I commit_sys_config_file: [settings-1-0,5]
11-29 09:17:20.730 1491 1673 I commit_sys_config_file: [settings-1-0,5]
11-29 09:17:20.841 1491 8943 I wm_finish_activity: [0,172867748,406,com.android.gallery3d/.app.GalleryActivity,app-request]
11-29 09:17:20.848 1491 8943 I wm_pause_activity: [0,172867748,com.android.gallery3d/.app.GalleryActivity,userLeaving=false,finish]
11-29 09:17:20.862 15636 15636 I wm_on_paused_called: [172867748,com.android.gallery3d.app.GalleryActivity,performPause]
11-29 09:17:20.864 1491 11109 I wm_destroy_activity: [0,172867748,406,com.android.gallery3d/.app.GalleryActivity,finish-imm:completePausedLocked]
11-29 09:17:20.885 1491 1599 I sysui_multi_action: [757,803,799,window_time_0,802,6]
11-29 09:17:20.892 15636 15636 I wm_on_stop_called: [172867748,com.android.gallery3d.app.GalleryActivity,LIFECYCLER_STOP_ACTIVITY]
11-29 09:17:20.897 16043 16059 W ContextImpl: Calling a method in the system process without a qualified user: android.app.ContextImpl.startService:1816 android.content.ContextWrapper.startService:774 com.thundercomm.gamemode.ingame.services.GameModeActionUtils.startGameModeService:93 com.thundercomm.gamemode.ingame.services.GameModeActionUtils.startGameModeEntry:21 com.thundercomm.gamemode.ingame.services.ActivityMonitoringService$1.onActivityLaunch:127
11-29 09:17:20.898 15636 15636 I wm_on_destroy_called: [172867748,com.android.gallery3d.app.GalleryActivity,performDestroy]
11-29 09:17:20.904 1491 1491 I GameModeConfig: Current uri is uri = content://com.thundercomm.gamemode.api/gamemode_settings/gamemode_isgaming
11-29 09:17:20.910 1491 1491 I GameModeConfig: isGameModeOn = false
11-29 09:17:20.910 1491 1491 I GameModeConfig: isGameModeOn = false
11-29 09:17:20.910 1491 1491 I GameModeConfig: isDisableVoice = true
11-29 09:17:20.974 16043 16059 W ContextImpl: Calling a method in the system process without a qualified user: android.app.ContextImpl.startService:1816 android.content.ContextWrapper.startService:774 com.thundercomm.gamemode.ingame.services.GameModeActionUtils.startGameModeService:93 com.thundercomm.gamemode.ingame.services.GameModeActionUtils.startGameModeEntry:21 com.thundercomm.gamemode.ingame.services.ActivityMonitoringService$1.onActivityLaunch:127
11-29 09:17:20.981 1491 1491 I GameModeConfig: Current uri is uri = content://com.thundercomm.gamemode.api/gamemode_settings/gamemode_isgaming
11-29 09:17:20.986 1491 1491 I GameModeConfig: isGameModeOn = false
11-29 09:17:20.986 1491 1491 I GameModeConfig: isGameModeOn = false
11-29 09:17:20.986 1491 1491 I GameModeConfig: isDisableVoice = true
11-29 09:17:21.159 1491 1600 I wm_task_removed: [406,removeChild:removeChild last r=ActivityRecord{a4dc0a4 u0 com.android.gallery3d/.app.GalleryActivity t-1 f}} in t=Task{c8430c3 #406 type=standard A=10068:com.android.gallery3d U=0 visible=false mode=freeform translucent=true sz=0}]
11-29 09:17:21.159 1491 1600 I wm_task_removed: [406,removeChild]
11-29 09:17:21.159 1491 1600 D FreeFormWindowHelper: Remove freefrom task=Task{c8430c3 #406 type=standard A=10068:com.android.gallery3d U=0 visible=false mode=freeform translucent=true sz=0}
11-29 09:17:21.827 1491 1693 I input_interaction: Interaction with: 59b7b66 com.android.launcher3/com.android.launcher3.uioverrides.QuickstepLauncher (server), f50ccd7 com.android.systemui.ImageWallpaper (server), edge-swipe (server), swipe-up (server), PointerEventDispatcher0 (server),
11-29 09:17:21.979 1491 9682 D FreeFormWindowHelper: Add freeform task=Task{ce34ba2 #407 type=standard A=10089:android.task.video U=0 visible=false mode=freeform translucent=true sz=0}
11-29 09:17:21.980 1491 9682 I wm_task_moved: [32,1,9]
11-29 09:17:21.980 1491 9682 I wm_set_resumed_activity: [0,com.android.launcher3/.uioverrides.QuickstepLauncher,positionChildAt]
11-29 09:17:21.980 1491 9682 I ActivityTaskManager: START u0 {act=android.intent.action.MAIN cat=[android.intent.category.LAUNCHER] flg=0x10300000 cmp=com.android.music/.VideoBrowserActivity} from uid 10077
11-29 09:17:21.983 1491 9682 I wm_task_moved: [407,1,9]
11-29 09:17:21.983 1491 9682 I wm_task_to_front: [0,407]
11-29 09:17:21.983 1491 9682 I wm_focused_root_task: [0,0,407,32,reuseOrNewTask]
11-29 09:17:21.983 1491 9682 I wm_create_activity: [0,156828563,407,com.android.music/.VideoBrowserActivity,android.intent.action.MAIN,NULL,NULL,271581184]
11-29 09:17:21.984 1491 9682 I ActivityTaskManager: FOREGROUND_APPLICATION_CHANGED to com.android.music.VideoBrowserActivity
11-29 09:17:21.984 1491 9682 I ActivityTaskManager: The Process com.android.music Already Exists in BG. So sending its PID: 7660
11-29 09:17:21.985 1491 9682 W ActivityTaskManager: Tried to set launchTime (0) < mLastActivityLaunchTime (21806969)
11-29 09:17:21.986 1491 9682 I wm_restart_activity: [0,156828563,407,com.android.music/.VideoBrowserActivity]
11-29 09:17:21.987 1491 9682 I wm_set_resumed_activity: [0,com.android.music/.VideoBrowserActivity,minimalResumeActivityLocked]
11-29 09:17:21.990 1491 8786 W ActivityManager: Receiver with filter android.content.IntentFilter@af7fd0 already registered for pid 7660, callerPackage is com.android.music
11-29 09:17:21.993 13671 13671 I wm_on_top_resumed_lost_called: [254362067,com.android.launcher3.uioverrides.QuickstepLauncher,topStateChangedWhenResumed]
11-29 09:17:22.011 16043 16059 W ContextImpl: Calling a method in the system process without a qualified user: android.app.ContextImpl.startService:1816 android.content.ContextWrapper.startService:774 com.thundercomm.gamemode.ingame.services.GameModeActionUtils.startGameModeService:93 com.thundercomm.gamemode.ingame.services.GameModeActionUtils.startGameModeEntry:21 com.thundercomm.gamemode.ingame.services.ActivityMonitoringService$1.onActivityLaunch:127
11-29 09:17:22.015 1491 1491 I GameModeConfig: Current uri is uri = content://com.thundercomm.gamemode.api/gamemode_settings/gamemode_isgaming
11-29 09:17:22.017 7660 7660 I wm_on_create_called: [156828563,com.android.music.VideoBrowserActivity,performCreate]
11-29 09:17:22.017 1491 1491 I GameModeConfig: isGameModeOn = false
11-29 09:17:22.017 1491 1491 I GameModeConfig: isGameModeOn = false
11-29 09:17:22.017 1491 1491 I GameModeConfig: isDisableVoice = true
11-29 09:17:22.017 7660 7660 I wm_on_start_called: [156828563,com.android.music.VideoBrowserActivity,handleStartActivity]
11-29 09:17:22.019 7660 7660 I wm_on_resume_called: [156828563,com.android.music.VideoBrowserActivity,RESUME_ACTIVITY]
11-29 09:17:22.022 7660 7660 I wm_on_top_resumed_gained_called: [156828563,com.android.music.VideoBrowserActivity,topStateChangedWhenResumed]
11-29 09:17:22.029 1491 9682 W WindowManager: updateScale0.7996942
11-29 09:17:22.033 1491 1600 I input_focus: [Focus request 53e8b85 com.android.music/com.android.music.VideoBrowserActivity,reason=UpdateInputWindows]
11-29 09:17:22.040 1491 1600 W WindowManager: updateScale0.7996942
11-29 09:17:22.045 1491 1600 W WindowManager: updateScale0.7996942
11-29 09:17:22.046 1491 1600 W WindowManager: updateScale0.7996942
11-29 09:17:22.047 1491 1693 I input_focus: [Focus leaving 59b7b66 com.android.launcher3/com.android.launcher3.uioverrides.QuickstepLauncher (server),reason=Waiting for window because NOT_VISIBLE]
11-29 09:17:22.049 1491 1596 I sysui_multi_action: [319,64,322,64,325,21820,757,761,758,8,759,2,806,com.android.music,871,com.android.music.VideoBrowserActivity,904,com.android.launcher3,905,0,1320,4,1321,1]
11-29 09:17:22.051 1491 1596 I wm_activity_launch_time: [0,156828563,com.android.music/.VideoBrowserActivity,64]
11-29 09:17:22.063 1491 1693 I input_focus: [Focus entering 53e8b85 com.android.music/com.android.music.VideoBrowserActivity (server),reason=Window became focusable. Previous reason: NOT_VISIBLE]
11-29 09:17:22.331 1491 1600 W WindowManager: updateScale0.7996942
11-29 09:17:23.079 0 0 I auditd : type=1400 audit(0.0:24083): avc: denied { kill } for comm="swapper/1" capability=5 scontext=u:r:kernel:s0 tcontext=u:r:kernel:s0 tclass=capability permissive=0
11-29 09:17:23.366 1491 1693 I input_interaction: Interaction with: 53e8b85 com.android.music/com.android.music.VideoBrowserActivity (server), edge-swipe (server), swipe-up (server), PointerEventDispatcher0 (server),
11-29 09:17:23.382 1491 9682 W WindowManager: updateScale0.7996942
11-29 09:17:23.394 1491 1600 W WindowManager: updateScale0.7996942
11-29 09:17:23.477 1491 11109 I wm_relaunch_resume_activity: [0,156828563,407,com.android.music/.VideoBrowserActivity]
11-29 09:17:23.478 1491 11109 I wm_add_to_stopping: [0,254362067,com.android.launcher3/.uioverrides.QuickstepLauncher,makeInvisible]
