11-29 09:14:16.218 16043 16059 W ContextImpl: Calling a method in the system process without a qualified user: android.app.ContextImpl.startService:1816 android.content.ContextWrapper.startService:774 com.thundercomm.gamemode.ingame.services.GameModeActionUtils.startGameModeService:93 com.thundercomm.gamemode.ingame.services.GameModeActionUtils.startGameModeEntry:21 com.thundercomm.gamemode.ingame.services.ActivityMonitoringService$1.onActivityLaunch:127
11-29 09:14:16.222 1491 1491 I GameModeConfig: Current uri is uri = content://com.thundercomm.gamemode.api/gamemode_settings/gamemode_isgaming
11-29 09:14:16.224 1491 1491 I GameModeConfig: isGameModeOn = false
11-29 09:14:16.224 1491 1491 I GameModeConfig: isGameModeOn = false
11-29 09:14:16.224 1491 1491 I GameModeConfig: isDisableVoice = true
11-29 09:14:16.267 1491 2060 W WindowManager: updateScale0.7996942
11-29 09:14:16.324 1491 1600 W WindowManager: updateScale0.7996942
11-29 09:14:16.327 1491 1600 W WindowManager: updateScale0.7996942
11-29 09:14:16.327 1491 1600 W WindowManager: updateScale0.7996942
11-29 09:14:16.604 1491 1600 W WindowManager: updateScale0.7996942
11-29 09:14:17.909 1491 8646 I ActivityTaskManager: START u0 {act=android.intent.action.MAIN cat=[android.intent.category.HOME] flg=0x10000000 cmp=com.android.launcher3/.uioverrides.QuickstepLauncher} from uid 10077
11-29 09:14:17.917 1491 8646 I ActivityTaskManager: FOREGROUND_APPLICATION_CHANGED to com.android.launcher3.uioverrides.QuickstepLauncher
11-29 09:14:17.918 1491 8646 W WindowManager: updateScale0.7996942
11-29 09:14:17.924 1491 8646 W WindowManager: updateScale0.7996942
11-29 09:14:17.940 1491 2060 W WindowManager: updateScale0.7996942
11-29 09:14:17.944 1491 1610 I ActivityManager: Process PhantomProcessRecord {78bdcfb 16511:27146:ping/u0a97} died
11-29 09:14:18.312 1491 9950 W ActivityTaskManager: getTaskSnapshot: taskId=5400 not found
11-29 09:14:18.313 1491 9950 W ActivityTaskManager: getTaskSnapshot: taskId=4400 not found
11-29 09:14:18.314 1491 9950 W ActivityTaskManager: getTaskSnapshot: taskId=3400 not found
11-29 09:14:18.315 1491 8943 W ActivityTaskManager: getTaskSnapshot: taskId=2400 not found
11-29 09:14:18.316 1491 9682 W ActivityTaskManager: getTaskSnapshot: taskId=1400 not found
11-29 09:14:18.916 16043 16059 W ContextImpl: Calling a method in the system process without a qualified user: android.app.ContextImpl.startService:1816 android.content.ContextWrapper.startService:774 com.thundercomm.gamemode.ingame.services.GameModeActionUtils.startGameModeService:93 com.thundercomm.gamemode.ingame.services.GameModeActionUtils.startGameModeEntry:21 com.thundercomm.gamemode.ingame.services.ActivityMonitoringService$1.onActivityLaunch:127
11-29 09:14:18.926 1491 1491 I GameModeConfig: Current uri is uri = content://com.thundercomm.gamemode.api/gamemode_settings/gamemode_isgaming
11-29 09:14:18.933 1491 1491 I GameModeConfig: isGameModeOn = false
11-29 09:14:18.934 1491 1491 I GameModeConfig: isGameModeOn = false
11-29 09:14:18.934 1491 1491 I GameModeConfig: isDisableVoice = true
11-29 09:14:18.988 16043 16059 W ContextImpl: Calling a method in the system process without a qualified user: android.app.ContextImpl.startService:1816 android.content.ContextWrapper.startService:774 com.thundercomm.gamemode.ingame.services.GameModeActionUtils.startGameModeService:93 com.thundercomm.gamemode.ingame.services.GameModeActionUtils.startGameModeEntry:21 com.thundercomm.gamemode.ingame.services.ActivityMonitoringService$1.onActivityLaunch:127
11-29 09:14:18.993 1491 1491 I GameModeConfig: Current uri is uri = content://com.thundercomm.gamemode.api/gamemode_settings/gamemode_isgaming
11-29 09:14:18.995 1491 1491 I GameModeConfig: isGameModeOn = false
11-29 09:14:18.996 1491 1491 I GameModeConfig: isGameModeOn = false
11-29 09:14:18.996 1491 1491 I GameModeConfig: isDisableVoice = true
11-29 09:14:19.172 1491 1600 D FreeFormWindowHelper: Remove freefrom task=Task{939801c #401 type=standard A=10068:com.android.gallery3d U=0 visible=false mode=freeform translucent=true sz=0}
11-29 09:14:19.842 1491 9950 D FreeFormWindowHelper: Add freeform task=Task{932a65 #400 type=standard A=10061:com.android.soundrecorder U=0 visible=false mode=freeform translucent=true sz=0}
11-29 09:14:19.845 1491 9950 I ActivityTaskManager: START u0 {flg=0x10108000 cmp=com.android.soundrecorder/.SoundRecorder} from uid 10077
11-29 09:14:19.851 1491 9950 I ActivityTaskManager: FOREGROUND_APPLICATION_CHANGED to com.android.soundrecorder.SoundRecorder
11-29 09:14:19.851 1491 9950 I ActivityTaskManager: The Process com.android.soundrecorder Already Exists in BG. So sending its PID: 16514
11-29 09:14:19.858 1491 9950 W ActivityTaskManager: Tried to set launchTime (0) < mLastActivityLaunchTime (21628526)
11-29 09:14:19.887 16043 16059 W ContextImpl: Calling a method in the system process without a qualified user: android.app.ContextImpl.startService:1816 android.content.ContextWrapper.startService:774 com.thundercomm.gamemode.ingame.services.GameModeActionUtils.startGameModeService:93 com.thundercomm.gamemode.ingame.services.GameModeActionUtils.startGameModeEntry:21 com.thundercomm.gamemode.ingame.services.ActivityMonitoringService$1.onActivityLaunch:127
11-29 09:14:19.891 1491 1491 I GameModeConfig: Current uri is uri = content://com.thundercomm.gamemode.api/gamemode_settings/gamemode_isgaming
11-29 09:14:19.892 1491 1491 I GameModeConfig: isGameModeOn = false
11-29 09:14:19.892 1491 1491 I GameModeConfig: isGameModeOn = false
11-29 09:14:19.892 1491 1491 I GameModeConfig: isDisableVoice = true
11-29 09:14:19.909 1491 9682 W WindowManager: updateScale0.7996942
11-29 09:14:19.921 1491 1600 W WindowManager: updateScale0.7996942
11-29 09:14:19.926 1491 1600 W WindowManager: updateScale0.7996942
11-29 09:14:19.927 1491 1600 W WindowManager: updateScale0.7996942
11-29 09:14:20.213 1491 1600 W WindowManager: updateScale0.7996942
11-29 09:14:21.716 1491 8943 I ActivityTaskManager: START u0 {cmp=com.android.soundrecorder/.filelist.FileListActivity} from uid 10061
11-29 09:14:21.719 1491 8943 W WindowManager: updateScale0.7996942
11-29 09:14:21.725 1491 9682 I ActivityTaskManager: FOREGROUND_APPLICATION_CHANGED to com.android.soundrecorder.filelist.FileListActivity
11-29 09:14:21.726 1491 9682 I ActivityTaskManager: The Process com.android.soundrecorder Already Exists in BG. So sending its PID: 16514
11-29 09:14:21.728 1491 9682 W ActivityTaskManager: Tried to set launchTime (0) < mLastActivityLaunchTime (21638338)
11-29 09:14:21.774 1491 9950 D CompatibilityChangeReporter: Compat change id reported: 149924527; UID 10061; state: ENABLED
11-29 09:14:21.774 1491 9950 D CompatibilityChangeReporter: Compat change id reported: 132649864; UID 10061; state: DISABLED
11-29 09:14:21.775 1491 9950 D CompatibilityChangeReporter: Compat change id reported: 182734110; UID 10061; state: ENABLED
11-29 09:14:21.795 1491 9682 W WindowManager: updateScale0.7996942
11-29 09:14:21.795 1491 9682 W WindowManager: updateScale0.7996942
11-29 09:14:21.799 1491 1600 W WindowManager: updateScale0.7996942
11-29 09:14:21.799 1491 1600 W WindowManager: updateScale0.7996942
11-29 09:14:21.812 1491 1600 W WindowManager: updateScale0.7996942
11-29 09:14:21.812 1491 1600 W WindowManager: updateScale0.7996942
11-29 09:14:21.816 1491 1600 W WindowManager: updateScale0.7996942
11-29 09:14:21.816 1491 1600 W WindowManager: updateScale0.7996942
11-29 09:14:21.843 16043 16059 W ContextImpl: Calling a method in the system process without a qualified user: android.app.ContextImpl.startService:1816 android.content.ContextWrapper.startService:774 com.thundercomm.gamemode.ingame.services.GameModeActionUtils.startGameModeService:93 com.thundercomm.gamemode.ingame.services.GameModeActionUtils.startGameModeEntry:21 com.thundercomm.gamemode.ingame.services.ActivityMonitoringService$1.onActivityLaunch:127
11-29 09:14:21.853 1491 1491 I GameModeConfig: Current uri is uri = content://com.thundercomm.gamemode.api/gamemode_settings/gamemode_isgaming
11-29 09:14:21.856 1491 1491 I GameModeConfig: isGameModeOn = false
11-29 09:14:21.856 1491 1491 I GameModeConfig: isGameModeOn = false
11-29 09:14:21.856 1491 1491 I GameModeConfig: isDisableVoice = true
11-29 09:14:22.099 1491 1600 W WindowManager: updateScale0.7996942
11-29 09:14:22.099 1491 1600 W WindowManager: updateScale0.7996942
11-29 09:14:23.474 1491 8943 I ActivityTaskManager: START u0 {act=android.intent.action.MAIN cat=[android.intent.category.HOME] flg=0x10000000 cmp=com.android.launcher3/.uioverrides.QuickstepLauncher} from uid 10077
11-29 09:14:23.484 1491 8943 I ActivityTaskManager: FOREGROUND_APPLICATION_CHANGED to com.android.launcher3.uioverrides.QuickstepLauncher
11-29 09:14:23.486 1491 8943 W WindowManager: updateScale0.7996942
11-29 09:14:23.486 1491 8943 W WindowManager: updateScale0.7996942
11-29 09:14:23.494 1491 8943 W WindowManager: updateScale0.7996942
11-29 09:14:23.494 1491 8943 W WindowManager: updateScale0.7996942
11-29 09:14:23.523 1491 9950 W WindowManager: updateScale0.7996942
11-29 09:14:23.523 1491 9950 W WindowManager: updateScale0.7996942
11-29 09:14:23.847 1491 10067 W ActivityTaskManager: getTaskSnapshot: taskId=5401 not found
11-29 09:14:23.849 1491 8943 W ActivityTaskManager: getTaskSnapshot: taskId=4401 not found
11-29 09:14:23.850 1491 8943 W ActivityTaskManager: getTaskSnapshot: taskId=3401 not found
11-29 09:14:23.851 1491 8943 W ActivityTaskManager: getTaskSnapshot: taskId=2401 not found
11-29 09:14:23.851 1491 8943 W ActivityTaskManager: getTaskSnapshot: taskId=1401 not found
11-29 09:14:24.457 1491 8646 W WindowManager: updateScale0.7996942
11-29 09:14:24.497 16043 16059 W ContextImpl: Calling a method in the system process without a qualified user: android.app.ContextImpl.startService:1816 android.content.ContextWrapper.startService:774 com.thundercomm.gamemode.ingame.services.GameModeActionUtils.startGameModeService:93 com.thundercomm.gamemode.ingame.services.GameModeActionUtils.startGameModeEntry:21 com.thundercomm.gamemode.ingame.services.ActivityMonitoringService$1.onActivityLaunch:127
11-29 09:14:24.503 1491 1491 I GameModeConfig: Current uri is uri = content://com.thundercomm.gamemode.api/gamemode_settings/gamemode_isgaming
11-29 09:14:24.504 1491 8943 W AS.AudioService: Updated cached param hdr_record_on from false to false
11-29 09:14:24.504 1491 1491 I GameModeConfig: isGameModeOn = false
11-29 09:14:24.505 1491 1491 I GameModeConfig: isGameModeOn = false
11-29 09:14:24.505 1491 1491 I GameModeConfig: isDisableVoice = true
11-29 09:14:24.505 1491 8943 W AS.AudioService: Updated cached param hdr_audio_channel_count from 0 to 0
11-29 09:14:24.508 1491 8943 W AS.AudioService: Updated cached param hdr_audio_sampling_rate from 0 to 0
11-29 09:14:24.563 16043 16059 W ContextImpl: Calling a method in the system process without a qualified user: android.app.ContextImpl.startService:1816 android.content.ContextWrapper.startService:774 com.thundercomm.gamemode.ingame.services.GameModeActionUtils.startGameModeService:93 com.thundercomm.gamemode.ingame.services.GameModeActionUtils.startGameModeEntry:21 com.thundercomm.gamemode.ingame.services.ActivityMonitoringService$1.onActivityLaunch:127
11-29 09:14:24.569 1491 1491 I GameModeConfig: Current uri is uri = content://com.thundercomm.gamemode.api/gamemode_settings/gamemode_isgaming
11-29 09:14:24.571 1491 1491 I GameModeConfig: isGameModeOn = false
11-29 09:14:24.573 1491 1491 I GameModeConfig: isGameModeOn = false
11-29 09:14:24.573 1491 1491 I GameModeConfig: isDisableVoice = true
11-29 09:14:24.769 1491 1600 D FreeFormWindowHelper: Remove freefrom task=Task{932a65 #400 type=standard A=10061:com.android.soundrecorder U=0 visible=false mode=freeform translucent=true sz=0}
11-29 09:14:25.529 1491 10067 I ActivityTaskManager: START u0 {flg=0x10008000 cmp=com.android.calendar/.AllInOneActivity} from uid 10077
11-29 09:14:25.541 1491 10067 W ActivityTaskManager: Can't find TaskDisplayArea to determine support for multi window. Task id=402 attached=false
11-29 09:14:25.543 1491 10067 D FreeFormWindowHelper: Add freeform task=Task{5082e50 #402 type=standard ?? U=0 visible=false mode=freeform translucent=true sz=0}
11-29 09:14:25.551 1491 10067 I ActivityTaskManager: FOREGROUND_APPLICATION_CHANGED to com.android.calendar.AllInOneActivity
11-29 09:14:25.551 1491 10067 I ActivityTaskManager: The Process com.android.calendar Already Exists in BG. So sending its PID: 10546
11-29 09:14:25.552 1491 10067 W ActivityTaskManager: Tried to set launchTime (0) < mLastActivityLaunchTime (21403676)
11-29 09:14:25.598 16043 16059 W ContextImpl: Calling a method in the system process without a qualified user: android.app.ContextImpl.startService:1816 android.content.ContextWrapper.startService:774 com.thundercomm.gamemode.ingame.services.GameModeActionUtils.startGameModeService:93 com.thundercomm.gamemode.ingame.services.GameModeActionUtils.startGameModeEntry:21 com.thundercomm.gamemode.ingame.services.ActivityMonitoringService$1.onActivityLaunch:127
11-29 09:14:25.601 1491 1491 I GameModeConfig: Current uri is uri = content://com.thundercomm.gamemode.api/gamemode_settings/gamemode_isgaming
11-29 09:14:25.604 1491 1491 I GameModeConfig: isGameModeOn = false
11-29 09:14:25.604 1491 1491 I GameModeConfig: isGameModeOn = false
11-29 09:14:25.604 1491 1491 I GameModeConfig: isDisableVoice = true
11-29 09:14:25.607 1491 10067 W WindowManager: updateScale0.7996942
11-29 09:14:25.618 1491 1600 W WindowManager: updateScale0.7996942
11-29 09:14:25.621 1491 1600 W WindowManager: updateScale0.7996942
11-29 09:14:25.622 1491 1600 W WindowManager: updateScale0.7996942
11-29 09:14:25.908 1491 1600 W WindowManager: updateScale0.7996942
11-29 09:14:27.568 1491 9950 I ActivityTaskManager: START u0 {act=android.intent.action.MAIN cat=[android.intent.category.HOME] flg=0x10000000 cmp=com.android.launcher3/.uioverrides.QuickstepLauncher} from uid 10077
11-29 09:14:27.577 1491 9950 I ActivityTaskManager: FOREGROUND_APPLICATION_CHANGED to com.android.launcher3.uioverrides.QuickstepLauncher
11-29 09:14:27.578 1491 9950 W WindowManager: updateScale0.7996942
11-29 09:14:27.583 1491 9950 W WindowManager: updateScale0.7996942
11-29 09:14:27.608 1491 8943 W WindowManager: updateScale0.7996942
11-29 09:14:28.031 1491 8943 W ActivityTaskManager: getTaskSnapshot: taskId=4401 not found
11-29 09:14:28.032 1491 9950 W ActivityTaskManager: getTaskSnapshot: taskId=3401 not found
11-29 09:14:28.032 1491 9950 W ActivityTaskManager: getTaskSnapshot: taskId=2401 not found
11-29 09:14:28.652 16043 16059 W ContextImpl: Calling a method in the system process without a qualified user: android.app.ContextImpl.startService:1816 android.content.ContextWrapper.startService:774 com.thundercomm.gamemode.ingame.services.GameModeActionUtils.startGameModeService:93 com.thundercomm.gamemode.ingame.services.GameModeActionUtils.startGameModeEntry:21 com.thundercomm.gamemode.ingame.services.ActivityMonitoringService$1.onActivityLaunch:127
11-29 09:14:28.669 1491 1491 I GameModeConfig: Current uri is uri = content://com.thundercomm.gamemode.api/gamemode_settings/gamemode_isgaming
11-29 09:14:28.676 1491 1491 I GameModeConfig: isGameModeOn = false
11-29 09:14:28.677 1491 1491 I GameModeConfig: isGameModeOn = false
11-29 09:14:28.677 1491 1491 I GameModeConfig: isDisableVoice = true
11-29 09:14:28.746 16043 16059 W ContextImpl: Calling a method in the system process without a qualified user: android.app.ContextImpl.startService:1816 android.content.ContextWrapper.startService:774 com.thundercomm.gamemode.ingame.services.GameModeActionUtils.startGameModeService:93 com.thundercomm.gamemode.ingame.services.GameModeActionUtils.startGameModeEntry:21 com.thundercomm.gamemode.ingame.services.ActivityMonitoringService$1.onActivityLaunch:127
11-29 09:14:28.755 1491 1491 I GameModeConfig: Current uri is uri = content://com.thundercomm.gamemode.api/gamemode_settings/gamemode_isgaming
11-29 09:14:28.759 1491 1491 I GameModeConfig: isGameModeOn = false
11-29 09:14:28.759 1491 1491 I GameModeConfig: isGameModeOn = false
11-29 09:14:28.759 1491 1491 I GameModeConfig: isDisableVoice = true
11-29 09:14:28.929 1491 1600 D FreeFormWindowHelper: Remove freefrom task=Task{5082e50 #402 type=standard A=10064:android.task.calendar U=0 visible=false mode=freeform translucent=true sz=0}
11-29 09:14:29.973 1491 8943 D FreeFormWindowHelper: Add freeform task=Task{939801c #401 type=standard A=10068:com.android.gallery3d U=0 visible=false mode=freeform translucent=true sz=0}
11-29 09:14:29.977 1491 8943 I ActivityTaskManager: START u0 {flg=0x10108000 cmp=com.android.gallery3d/.app.GalleryActivity} from uid 10077
11-29 09:14:29.985 1491 8943 I ActivityTaskManager: FOREGROUND_APPLICATION_CHANGED to com.android.gallery3d.app.GalleryActivity
11-29 09:14:29.985 1491 8943 I ActivityTaskManager: The Process com.android.gallery3d Already Exists in BG. So sending its PID: 15636
11-29 09:14:29.987 1491 8943 W ActivityTaskManager: Tried to set launchTime (0) < mLastActivityLaunchTime (21634664)
11-29 09:14:30.020 16043 16059 W ContextImpl: Calling a method in the system process without a qualified user: android.app.ContextImpl.startService:1816 android.content.ContextWrapper.startService:774 com.thundercomm.gamemode.ingame.services.GameModeActionUtils.startGameModeService:93 com.thundercomm.gamemode.ingame.services.GameModeActionUtils.startGameModeEntry:21 com.thundercomm.gamemode.ingame.services.ActivityMonitoringService$1.onActivityLaunch:127
11-29 09:14:30.025 1491 1491 I GameModeConfig: Current uri is uri = content://com.thundercomm.gamemode.api/gamemode_settings/gamemode_isgaming
11-29 09:14:30.027 1491 1491 I GameModeConfig: isGameModeOn = false
11-29 09:14:30.027 1491 1491 I GameModeConfig: isGameModeOn = false
11-29 09:14:30.027 1491 1491 I GameModeConfig: isDisableVoice = true
11-29 09:14:30.067 1491 2060 W WindowManager: updateScale0.7996942
11-29 09:14:30.117 1491 1600 W WindowManager: updateScale0.7996942
11-29 09:14:30.119 1491 1600 W WindowManager: updateScale0.7996942
11-29 09:14:30.119 1491 1600 W WindowManager: updateScale0.7996942
11-29 09:14:30.404 1491 1600 W WindowManager: updateScale0.7996942
11-29 09:14:31.214 1491 8943 W WindowManager: updateScale0.4617737
11-29 09:14:31.218 1491 8943 W WindowManager: updateScale0.4617737
11-29 09:14:31.252 1491 2060 I WindowManager: finishDrawing of relaunch: Window{93cab10 u0 com.android.gallery3d/com.android.gallery3d.app.GalleryActivity} 36ms
11-29 09:14:31.305 1491 2060 W WindowManager: updateScale0.4617737
11-29 09:14:31.307 1491 2060 W WindowManager: updateScale0.4617737
11-29 09:14:32.784 1491 8943 I ActivityTaskManager: START u0 {act=android.intent.action.MAIN cat=[android.intent.category.HOME] flg=0x10000000 cmp=com.android.launcher3/.uioverrides.QuickstepLauncher} from uid 10077
11-29 09:14:32.793 1491 8943 I ActivityTaskManager: FOREGROUND_APPLICATION_CHANGED to com.android.launcher3.uioverrides.QuickstepLauncher
11-29 09:14:32.794 1491 8943 W WindowManager: updateScale0.4617737
11-29 09:14:32.799 1491 8943 W WindowManager: updateScale0.4617737
11-29 09:14:32.826 1491 8646 W WindowManager: updateScale0.4617737
11-29 09:14:33.296 1491 9682 W ActivityTaskManager: getTaskSnapshot: taskId=4400 not found
11-29 09:14:33.300 1491 8646 W ActivityTaskManager: getTaskSnapshot: taskId=3400 not found
11-29 09:14:33.302 1491 8646 W ActivityTaskManager: getTaskSnapshot: taskId=2400 not found
11-29 09:14:33.303 1491 8646 W ActivityTaskManager: getTaskSnapshot: taskId=1400 not found
11-29 09:14:33.879 16043 16059 W ContextImpl: Calling a method in the system process without a qualified user: android.app.ContextImpl.startService:1816 android.content.ContextWrapper.startService:774 com.thundercomm.gamemode.ingame.services.GameModeActionUtils.startGameModeService:93 com.thundercomm.gamemode.ingame.services.GameModeActionUtils.startGameModeEntry:21 com.thundercomm.gamemode.ingame.services.ActivityMonitoringService$1.onActivityLaunch:127
11-29 09:14:33.886 1491 1491 I GameModeConfig: Current uri is uri = content://com.thundercomm.gamemode.api/gamemode_settings/gamemode_isgaming
11-29 09:14:33.888 1491 1491 I GameModeConfig: isGameModeOn = false
11-29 09:14:33.888 1491 1491 I GameModeConfig: isGameModeOn = false
11-29 09:14:33.888 1491 1491 I GameModeConfig: isDisableVoice = true
11-29 09:14:33.977 16043 16059 W ContextImpl: Calling a method in the system process without a qualified user: android.app.ContextImpl.startService:1816 android.content.ContextWrapper.startService:774 com.thundercomm.gamemode.ingame.services.GameModeActionUtils.startGameModeService:93 com.thundercomm.gamemode.ingame.services.GameModeActionUtils.startGameModeEntry:21 com.thundercomm.gamemode.ingame.services.ActivityMonitoringService$1.onActivityLaunch:127
11-29 09:14:33.988 1491 1491 I GameModeConfig: Current uri is uri = content://com.thundercomm.gamemode.api/gamemode_settings/gamemode_isgaming
11-29 09:14:33.990 1491 1491 I GameModeConfig: isGameModeOn = false
11-29 09:14:33.990 1491 1491 I GameModeConfig: isGameModeOn = false
11-29 09:14:33.990 1491 1491 I GameModeConfig: isDisableVoice = true
11-29 09:14:34.158 1491 1600 D FreeFormWindowHelper: Remove freefrom task=Task{939801c #401 type=standard A=10068:com.android.gallery3d U=0 visible=false mode=freeform translucent=true sz=0}
11-29 09:14:34.512 1491 10067 I ActivityTaskManager: START u0 {flg=0x10008000 cmp=com.android.deskclock/.DeskClock} from uid 10077
11-29 09:14:34.523 1491 10067 W ActivityTaskManager: Can't find TaskDisplayArea to determine support for multi window. Task id=403 attached=false
11-29 09:14:34.525 1491 10067 D FreeFormWindowHelper: Add freeform task=Task{dfc9964 #403 type=standard ?? U=0 visible=false mode=freeform translucent=true sz=0}
11-29 09:14:34.533 1491 10067 I ActivityTaskManager: FOREGROUND_APPLICATION_CHANGED to com.android.deskclock.DeskClock
11-29 09:14:34.533 1491 10067 I ActivityTaskManager: The Process com.android.deskclock Already Exists in BG. So sending its PID: 8328
11-29 09:14:34.534 1491 10067 W ActivityTaskManager: Tried to set launchTime (0) < mLastActivityLaunchTime (21602513)
11-29 09:14:34.560 16043 16059 W ContextImpl: Calling a method in the system process without a qualified user: android.app.ContextImpl.startService:1816 android.content.ContextWrapper.startService:774 com.thundercomm.gamemode.ingame.services.GameModeActionUtils.startGameModeService:93 com.thundercomm.gamemode.ingame.services.GameModeActionUtils.startGameModeEntry:21 com.thundercomm.gamemode.ingame.services.ActivityMonitoringService$1.onActivityLaunch:127
11-29 09:14:34.564 1491 1491 I GameModeConfig: Current uri is uri = content://com.thundercomm.gamemode.api/gamemode_settings/gamemode_isgaming
11-29 09:14:34.566 1491 1491 I GameModeConfig: isGameModeOn = false
11-29 09:14:34.566 1491 1491 I GameModeConfig: isGameModeOn = false
11-29 09:14:34.566 1491 1491 I GameModeConfig: isDisableVoice = true
11-29 09:14:34.573 1491 8646 I ActivityTaskManager: START u0 {act=android.content.pm.action.REQUEST_PERMISSIONS pkg=com.android.permissioncontroller cmp=com.android.permissioncontroller/.permission.ui.GrantPermissionsActivity (has extras)} from uid 10067
11-29 09:14:34.610 1491 9682 I ActivityTaskManager: FOREGROUND_APPLICATION_CHANGED to com.android.permissioncontroller.permission.ui.GrantPermissionsActivity
11-29 09:14:34.611 1491 9682 I ActivityTaskManager: The Process com.android.permissioncontroller Already Exists in BG. So sending its PID: 8944
11-29 09:14:34.611 1491 9682 W ActivityTaskManager: Tried to set launchTime (0) < mLastActivityLaunchTime (21602584)
11-29 09:14:34.625 16043 16059 W ContextImpl: Calling a method in the system process without a qualified user: android.app.ContextImpl.startService:1816 android.content.ContextWrapper.startService:774 com.thundercomm.gamemode.ingame.services.GameModeActionUtils.startGameModeService:93 com.thundercomm.gamemode.ingame.services.GameModeActionUtils.startGameModeEntry:21 com.thundercomm.gamemode.ingame.services.ActivityMonitoringService$1.onActivityLaunch:127
11-29 09:14:34.632 1491 1491 I GameModeConfig: Current uri is uri = content://com.thundercomm.gamemode.api/gamemode_settings/gamemode_isgaming
11-29 09:14:34.634 1491 1491 I GameModeConfig: isGameModeOn = false
11-29 09:14:34.635 1491 1491 I GameModeConfig: isGameModeOn = false
11-29 09:14:34.635 1491 1491 I GameModeConfig: isDisableVoice = true
11-29 09:14:34.648 1491 10067 W WindowManager: updateScale0.7996942
11-29 09:14:34.649 1491 10067 W WindowManager: updateScale0.7996942
11-29 09:14:34.657 1491 8943 W WindowManager: updateScale0.7996942
11-29 09:14:34.662 1491 2060 I ActivityTaskManager: FOREGROUND_APPLICATION_CHANGED to com.android.deskclock.DeskClock
11-29 09:14:34.670 1491 2060 W WindowManager: updateScale0.7996942
11-29 09:14:34.697 1491 1600 W WindowManager: updateScale0.7996942
11-29 09:14:34.699 1491 1600 W WindowManager: updateScale0.7996942
11-29 09:14:34.699 1491 1600 W WindowManager: updateScale0.7996942
11-29 09:14:34.778 16043 16059 W ContextImpl: Calling a method in the system process without a qualified user: android.app.ContextImpl.startService:1816 android.content.ContextWrapper.startService:774 com.thundercomm.gamemode.ingame.services.GameModeActionUtils.startGameModeService:93 com.thundercomm.gamemode.ingame.services.GameModeActionUtils.startGameModeEntry:21 com.thundercomm.gamemode.ingame.services.ActivityMonitoringService$1.onActivityLaunch:127
11-29 09:14:34.784 1491 1491 I GameModeConfig: Current uri is uri = content://com.thundercomm.gamemode.api/gamemode_settings/gamemode_isgaming
11-29 09:14:34.786 1491 1491 I GameModeConfig: isGameModeOn = false
11-29 09:14:34.787 1491 1491 I GameModeConfig: isGameModeOn = false
11-29 09:14:34.787 1491 1491 I GameModeConfig: isDisableVoice = true
11-29 09:14:34.982 1491 1600 W WindowManager: updateScale0.7996942
11-29 09:14:34.991 1491 8943 W WindowManager: updateScale0.7996942
11-29 09:14:35.006 16043 16059 W ContextImpl: Calling a method in the system process without a qualified user: android.app.ContextImpl.startService:1816 android.content.ContextWrapper.startService:774 com.thundercomm.gamemode.ingame.services.GameModeActionUtils.startGameModeService:93 com.thundercomm.gamemode.ingame.services.GameModeActionUtils.startGameModeEntry:21 com.thundercomm.gamemode.ingame.services.ActivityMonitoringService$1.onActivityLaunch:127
11-29 09:14:35.010 1491 1491 I GameModeConfig: Current uri is uri = content://com.thundercomm.gamemode.api/gamemode_settings/gamemode_isgaming
11-29 09:14:35.012 1491 1491 I GameModeConfig: isGameModeOn = false
11-29 09:14:35.012 1491 1491 I GameModeConfig: isGameModeOn = false
11-29 09:14:35.013 1491 1491 I GameModeConfig: isDisableVoice = true
11-29 09:14:35.984 1491 10067 W WindowManager: updateScale0.4617737
11-29 09:14:35.987 1491 10067 W WindowManager: updateScale0.4617737
11-29 09:14:36.030 1491 10067 I ActivityTaskManager: START u0 {act=android.content.pm.action.REQUEST_PERMISSIONS pkg=com.android.permissioncontroller cmp=com.android.permissioncontroller/.permission.ui.GrantPermissionsActivity (has extras)} from uid 10067
11-29 09:14:36.034 1491 10067 W WindowManager: updateScale0.4617737
11-29 09:14:36.079 1491 10067 W WindowManager: updateScale0.4617737
11-29 09:14:36.080 1491 10067 W WindowManager: updateScale0.4617737
11-29 09:14:36.113 1491 10067 I ActivityTaskManager: FOREGROUND_APPLICATION_CHANGED to com.android.permissioncontroller.permission.ui.GrantPermissionsActivity
11-29 09:14:36.113 1491 10067 I ActivityTaskManager: The Process com.android.permissioncontroller Already Exists in BG. So sending its PID: 8944
11-29 09:14:36.114 1491 10067 W ActivityTaskManager: Tried to set launchTime (0) < mLastActivityLaunchTime (21653090)
11-29 09:14:36.135 16043 16059 W ContextImpl: Calling a method in the system process without a qualified user: android.app.ContextImpl.startService:1816 android.content.ContextWrapper.startService:774 com.thundercomm.gamemode.ingame.services.GameModeActionUtils.startGameModeService:93 com.thundercomm.gamemode.ingame.services.GameModeActionUtils.startGameModeEntry:21 com.thundercomm.gamemode.ingame.services.ActivityMonitoringService$1.onActivityLaunch:127
11-29 09:14:36.141 1491 1491 I GameModeConfig: Current uri is uri = content://com.thundercomm.gamemode.api/gamemode_settings/gamemode_isgaming
11-29 09:14:36.144 1491 1491 I GameModeConfig: isGameModeOn = false
11-29 09:14:36.145 1491 1491 I GameModeConfig: isGameModeOn = false
11-29 09:14:36.145 1491 1491 I GameModeConfig: isDisableVoice = true
11-29 09:14:36.186 1491 10067 W WindowManager: updateScale0.4617737
11-29 09:14:36.186 1491 10067 W WindowManager: updateScale0.4617737
11-29 09:14:36.190 1491 1600 W WindowManager: updateScale0.4617737
11-29 09:14:36.193 1491 8646 I ActivityTaskManager: FOREGROUND_APPLICATION_CHANGED to com.android.deskclock.DeskClock
11-29 09:14:36.202 1491 8646 W WindowManager: updateScale0.4617737
11-29 09:14:36.214 1491 10067 W WindowManager: updateScale0.4617737
11-29 09:14:36.227 1491 8646 W WindowManager: updateScale0.4617737
11-29 09:14:36.236 16043 16059 W ContextImpl: Calling a method in the system process without a qualified user: android.app.ContextImpl.startService:1816 android.content.ContextWrapper.startService:774 com.thundercomm.gamemode.ingame.services.GameModeActionUtils.startGameModeService:93 com.thundercomm.gamemode.ingame.services.GameModeActionUtils.startGameModeEntry:21 com.thundercomm.gamemode.ingame.services.ActivityMonitoringService$1.onActivityLaunch:127
11-29 09:14:36.241 1491 1491 I GameModeConfig: Current uri is uri = content://com.thundercomm.gamemode.api/gamemode_settings/gamemode_isgaming
11-29 09:14:36.242 1491 1491 I GameModeConfig: isGameModeOn = false
11-29 09:14:36.243 1491 1491 I GameModeConfig: isGameModeOn = false
11-29 09:14:36.243 1491 1491 I GameModeConfig: isDisableVoice = true
11-29 09:14:36.308 16043 16059 W ContextImpl: Calling a method in the system process without a qualified user: android.app.ContextImpl.startService:1816 android.content.ContextWrapper.startService:774 com.thundercomm.gamemode.ingame.services.GameModeActionUtils.startGameModeService:93 com.thundercomm.gamemode.ingame.services.GameModeActionUtils.startGameModeEntry:21 com.thundercomm.gamemode.ingame.services.ActivityMonitoringService$1.onActivityLaunch:127
11-29 09:14:36.314 1491 1491 I GameModeConfig: Current uri is uri = content://com.thundercomm.gamemode.api/gamemode_settings/gamemode_isgaming
11-29 09:14:36.315 1491 1491 I GameModeConfig: isGameModeOn = false
11-29 09:14:36.316 1491 1491 I GameModeConfig: isGameModeOn = false
11-29 09:14:36.316 1491 1491 I GameModeConfig: isDisableVoice = true
11-29 09:14:37.589 1491 8646 I ActivityTaskManager: START u0 {act=android.intent.action.MAIN cat=[android.intent.category.HOME] flg=0x10000000 cmp=com.android.launcher3/.uioverrides.QuickstepLauncher} from uid 10077
11-29 09:14:37.598 1491 8646 I ActivityTaskManager: FOREGROUND_APPLICATION_CHANGED to com.android.launcher3.uioverrides.QuickstepLauncher
11-29 09:14:37.599 1491 8646 W WindowManager: updateScale0.4617737
11-29 09:14:37.603 1491 8646 W WindowManager: updateScale0.4617737
11-29 09:14:37.632 1491 8943 W WindowManager: updateScale0.4617737
11-29 09:14:38.073 1491 10067 W ActivityTaskManager: getTaskSnapshot: taskId=3400 not found
11-29 09:14:38.073 1491 10067 W ActivityTaskManager: getTaskSnapshot: taskId=2400 not found
11-29 09:14:38.074 1491 10067 W ActivityTaskManager: getTaskSnapshot: taskId=1400 not found
11-29 09:14:39.507 1491 2060 W ActivityTaskManager: getTaskSnapshot: taskId=3400 not found
11-29 09:14:40.233 16043 16059 W ContextImpl: Calling a method in the system process without a qualified user: android.app.ContextImpl.startService:1816 android.content.ContextWrapper.startService:774 com.thundercomm.gamemode.ingame.services.GameModeActionUtils.startGameModeService:93 com.thundercomm.gamemode.ingame.services.GameModeActionUtils.startGameModeEntry:21 com.thundercomm.gamemode.ingame.services.ActivityMonitoringService$1.onActivityLaunch:127
11-29 09:14:40.240 1491 1491 I GameModeConfig: Current uri is uri = content://com.thundercomm.gamemode.api/gamemode_settings/gamemode_isgaming
11-29 09:14:40.242 1491 1491 I GameModeConfig: isGameModeOn = false
11-29 09:14:40.242 1491 1491 I GameModeConfig: isGameModeOn = false
11-29 09:14:40.242 1491 1491 I GameModeConfig: isDisableVoice = true
11-29 09:14:40.423 1491 1600 D FreeFormWindowHelper: Remove freefrom task=Task{dfc9964 #403 type=standard A=10067:com.android.deskclock U=0 visible=false mode=freeform translucent=true sz=0}
11-29 09:14:42.255 1491 10067 D FreeFormWindowHelper: Add freeform task=Task{939801c #401 type=standard A=10068:com.android.gallery3d U=0 visible=false mode=freeform translucent=true sz=0}
11-29 09:14:42.258 1491 10067 I ActivityTaskManager: START u0 {flg=0x10108000 cmp=com.android.gallery3d/.app.GalleryActivity} from uid 10077
11-29 09:14:42.273 1491 10067 I ActivityTaskManager: FOREGROUND_APPLICATION_CHANGED to com.android.gallery3d.app.GalleryActivity
11-29 09:14:42.273 1491 10067 I ActivityTaskManager: The Process com.android.gallery3d Already Exists in BG. So sending its PID: 15636
11-29 09:14:42.274 1491 10067 W ActivityTaskManager: Tried to set launchTime (0) < mLastActivityLaunchTime (21648467)
11-29 09:14:42.302 16043 16059 W ContextImpl: Calling a method in the system process without a qualified user: android.app.ContextImpl.startService:1816 android.content.ContextWrapper.startService:774 com.thundercomm.gamemode.ingame.services.GameModeActionUtils.startGameModeService:93 com.thundercomm.gamemode.ingame.services.GameModeActionUtils.startGameModeEntry:21 com.thundercomm.gamemode.ingame.services.ActivityMonitoringService$1.onActivityLaunch:127
11-29 09:14:42.306 1491 1491 I GameModeConfig: Current uri is uri = content://com.thundercomm.gamemode.api/gamemode_settings/gamemode_isgaming
11-29 09:14:42.309 1491 1491 I GameModeConfig: isGameModeOn = false
11-29 09:14:42.309 1491 1491 I GameModeConfig: isGameModeOn = false
11-29 09:14:42.309 1491 1491 I GameModeConfig: isDisableVoice = true
11-29 09:14:42.329 1491 8646 W WindowManager: updateScale0.4617737
11-29 09:14:42.365 1491 1600 W WindowManager: updateScale0.4617737
11-29 09:14:42.367 1491 1600 W WindowManager: updateScale0.4617737
11-29 09:14:42.367 1491 1600 W WindowManager: updateScale0.4617737
11-29 09:14:42.410 16043 16059 W ContextImpl: Calling a method in the system process without a qualified user: android.app.ContextImpl.startService:1816 android.content.ContextWrapper.startService:774 com.thundercomm.gamemode.ingame.services.GameModeActionUtils.startGameModeService:93 com.thundercomm.gamemode.ingame.services.GameModeActionUtils.startGameModeEntry:21 com.thundercomm.gamemode.ingame.services.ActivityMonitoringService$1.onActivityLaunch:127
11-29 09:14:42.416 1491 1491 I GameModeConfig: Current uri is uri = content://com.thundercomm.gamemode.api/gamemode_settings/gamemode_isgaming
11-29 09:14:42.418 1491 1491 I GameModeConfig: isGameModeOn = false
11-29 09:14:42.418 1491 1491 I GameModeConfig: isGameModeOn = false
11-29 09:14:42.418 1491 1491 I GameModeConfig: isDisableVoice = true
11-29 09:14:42.649 1491 1600 W WindowManager: updateScale0.4617737
11-29 09:14:45.679 1491 11109 I ActivityTaskManager: START u0 {act=android.intent.action.MAIN cat=[android.intent.category.HOME] flg=0x10000000 cmp=com.android.launcher3/.uioverrides.QuickstepLauncher} from uid 10077
11-29 09:14:45.688 1491 11109 I ActivityTaskManager: FOREGROUND_APPLICATION_CHANGED to com.android.launcher3.uioverrides.QuickstepLauncher
11-29 09:14:45.694 1491 11109 W WindowManager: updateScale0.4617737
11-29 09:14:45.699 1491 11109 W WindowManager: updateScale0.4617737
11-29 09:14:45.723 1491 8646 W WindowManager: updateScale0.4617737
11-29 09:14:46.127 1491 8786 W ActivityTaskManager: getTaskSnapshot: taskId=3400 not found
11-29 09:14:46.127 1491 8786 W ActivityTaskManager: getTaskSnapshot: taskId=2400 not found
11-29 09:14:46.127 1491 8786 W ActivityTaskManager: getTaskSnapshot: taskId=1400 not found
11-29 09:14:46.727 16043 16059 W ContextImpl: Calling a method in the system process without a qualified user: android.app.ContextImpl.startService:1816 android.content.ContextWrapper.startService:774 com.thundercomm.gamemode.ingame.services.GameModeActionUtils.startGameModeService:93 com.thundercomm.gamemode.ingame.services.GameModeActionUtils.startGameModeEntry:21 com.thundercomm.gamemode.ingame.services.ActivityMonitoringService$1.onActivityLaunch:127
11-29 09:14:46.732 1491 1491 I GameModeConfig: Current uri is uri = content://com.thundercomm.gamemode.api/gamemode_settings/gamemode_isgaming
11-29 09:14:46.737 1491 1491 I GameModeConfig: isGameModeOn = false
11-29 09:14:46.738 1491 1491 I GameModeConfig: isGameModeOn = false
11-29 09:14:46.738 1491 1491 I GameModeConfig: isDisableVoice = true
11-29 09:14:46.815 16043 16059 W ContextImpl: Calling a method in the system process without a qualified user: android.app.ContextImpl.startService:1816 android.content.ContextWrapper.startService:774 com.thundercomm.gamemode.ingame.services.GameModeActionUtils.startGameModeService:93 com.thundercomm.gamemode.ingame.services.GameModeActionUtils.startGameModeEntry:21 com.thundercomm.gamemode.ingame.services.ActivityMonitoringService$1.onActivityLaunch:127
11-29 09:14:46.820 1491 1491 I GameModeConfig: Current uri is uri = content://com.thundercomm.gamemode.api/gamemode_settings/gamemode_isgaming
11-29 09:14:46.823 1491 1491 I GameModeConfig: isGameModeOn = false
11-29 09:14:46.824 1491 1491 I GameModeConfig: isGameModeOn = false
11-29 09:14:46.824 1491 1491 I GameModeConfig: isDisableVoice = true
11-29 09:14:47.005 1491 1600 D FreeFormWindowHelper: Remove freefrom task=Task{939801c #401 type=standard A=10068:com.android.gallery3d U=0 visible=false mode=freeform translucent=true sz=0}
11-29 09:14:47.825 1491 8943 D FreeFormWindowHelper: Add freeform task=Task{dfc9964 #403 type=standard A=10067:com.android.deskclock U=0 visible=false mode=freeform translucent=true sz=0}
11-29 09:14:47.829 1491 8943 I ActivityTaskManager: START u0 {flg=0x10108000 cmp=com.android.deskclock/.DeskClock} from uid 10077
11-29 09:14:47.842 1491 8943 I ActivityTaskManager: FOREGROUND_APPLICATION_CHANGED to com.android.deskclock.DeskClock
11-29 09:14:47.843 1491 8943 I ActivityTaskManager: The Process com.android.deskclock Already Exists in BG. So sending its PID: 8328
11-29 09:14:47.846 1491 8943 W ActivityTaskManager: Tried to set launchTime (0) < mLastActivityLaunchTime (21653013)
11-29 09:14:47.873 16043 16059 W ContextImpl: Calling a method in the system process without a qualified user: android.app.ContextImpl.startService:1816 android.content.ContextWrapper.startService:774 com.thundercomm.gamemode.ingame.services.GameModeActionUtils.startGameModeService:93 com.thundercomm.gamemode.ingame.services.GameModeActionUtils.startGameModeEntry:21 com.thundercomm.gamemode.ingame.services.ActivityMonitoringService$1.onActivityLaunch:127
11-29 09:14:47.878 1491 1491 I GameModeConfig: Current uri is uri = content://com.thundercomm.gamemode.api/gamemode_settings/gamemode_isgaming
11-29 09:14:47.880 1491 1491 I GameModeConfig: isGameModeOn = false
11-29 09:14:47.881 1491 1491 I GameModeConfig: isGameModeOn = false
11-29 09:14:47.881 1491 1491 I GameModeConfig: isDisableVoice = true
11-29 09:14:47.887 1491 8786 I ActivityTaskManager: START u0 {act=android.content.pm.action.REQUEST_PERMISSIONS pkg=com.android.permissioncontroller cmp=com.android.permissioncontroller/.permission.ui.GrantPermissionsActivity (has extras)} from uid 10067
11-29 09:14:47.917 1491 2770 I ActivityTaskManager: FOREGROUND_APPLICATION_CHANGED to com.android.permissioncontroller.permission.ui.GrantPermissionsActivity
11-29 09:14:47.917 1491 2770 I ActivityTaskManager: The Process com.android.permissioncontroller Already Exists in BG. So sending its PID: 8944
11-29 09:14:47.918 1491 2770 W ActivityTaskManager: Tried to set launchTime (0) < mLastActivityLaunchTime (21654594)
11-29 09:14:47.938 16043 16059 W ContextImpl: Calling a method in the system process without a qualified user: android.app.ContextImpl.startService:1816 android.content.ContextWrapper.startService:774 com.thundercomm.gamemode.ingame.services.GameModeActionUtils.startGameModeService:93 com.thundercomm.gamemode.ingame.services.GameModeActionUtils.startGameModeEntry:21 com.thundercomm.gamemode.ingame.services.ActivityMonitoringService$1.onActivityLaunch:127
11-29 09:14:47.942 1491 1491 I GameModeConfig: Current uri is uri = content://com.thundercomm.gamemode.api/gamemode_settings/gamemode_isgaming
11-29 09:14:47.949 1491 1491 I GameModeConfig: isGameModeOn = false
11-29 09:14:47.949 1491 1491 I GameModeConfig: isGameModeOn = false
11-29 09:14:47.949 1491 1491 I GameModeConfig: isDisableVoice = true
11-29 09:14:47.959 1491 8943 W WindowManager: updateScale0.4617737
11-29 09:14:47.960 1491 8943 W WindowManager: updateScale0.4617737
11-29 09:14:47.969 1491 8786 W WindowManager: updateScale0.4617737
11-29 09:14:47.969 1491 8786 W WindowManager: updateScale0.4617737
11-29 09:14:47.978 1491 2060 W WindowManager: updateScale0.4617737
11-29 09:14:47.983 1491 1600 W WindowManager: updateScale0.4617737
11-29 09:14:47.986 1491 2770 I ActivityTaskManager: FOREGROUND_APPLICATION_CHANGED to com.android.deskclock.DeskClock
11-29 09:14:48.011 1491 1600 W WindowManager: updateScale0.4617737
11-29 09:14:48.013 1491 1600 W WindowManager: updateScale0.4617737
11-29 09:14:48.014 1491 1600 W WindowManager: updateScale0.4617737
11-29 09:14:48.108 16043 16059 W ContextImpl: Calling a method in the system process without a qualified user: android.app.ContextImpl.startService:1816 android.content.ContextWrapper.startService:774 com.thundercomm.gamemode.ingame.services.GameModeActionUtils.startGameModeService:93 com.thundercomm.gamemode.ingame.services.GameModeActionUtils.startGameModeEntry:21 com.thundercomm.gamemode.ingame.services.ActivityMonitoringService$1.onActivityLaunch:127
11-29 09:14:48.113 1491 1491 I GameModeConfig: Current uri is uri = content://com.thundercomm.gamemode.api/gamemode_settings/gamemode_isgaming
11-29 09:14:48.118 1491 1491 I GameModeConfig: isGameModeOn = false
11-29 09:14:48.120 1491 1491 I GameModeConfig: isGameModeOn = false
11-29 09:14:48.120 1491 1491 I GameModeConfig: isDisableVoice = true
11-29 09:14:48.297 1491 1600 W WindowManager: updateScale0.4617737
11-29 09:14:48.307 1491 2770 W WindowManager: updateScale0.4617737
11-29 09:14:48.316 16043 16059 W ContextImpl: Calling a method in the system process without a qualified user: android.app.ContextImpl.startService:1816 android.content.ContextWrapper.startService:774 com.thundercomm.gamemode.ingame.services.GameModeActionUtils.startGameModeService:93 com.thundercomm.gamemode.ingame.services.GameModeActionUtils.startGameModeEntry:21 com.thundercomm.gamemode.ingame.services.ActivityMonitoringService$1.onActivityLaunch:127
11-29 09:14:48.320 1491 1491 I GameModeConfig: Current uri is uri = content://com.thundercomm.gamemode.api/gamemode_settings/gamemode_isgaming
11-29 09:14:48.324 1491 1491 I GameModeConfig: isGameModeOn = false
11-29 09:14:48.325 1491 1491 I GameModeConfig: isGameModeOn = false
11-29 09:14:48.326 1491 1491 I GameModeConfig: isDisableVoice = true
11-29 09:14:49.217 1491 8786 W WindowManager: updateScale0.7996942
11-29 09:14:49.222 1491 8786 W WindowManager: updateScale0.7996942
11-29 09:14:49.288 1491 8786 I ActivityTaskManager: START u0 {act=android.content.pm.action.REQUEST_PERMISSIONS pkg=com.android.permissioncontroller cmp=com.android.permissioncontroller/.permission.ui.GrantPermissionsActivity (has extras)} from uid 10067
11-29 09:14:49.294 1491 8786 W WindowManager: updateScale0.7996942
11-29 09:14:49.353 1491 8786 W WindowManager: updateScale0.7996942
11-29 09:14:49.355 1491 8786 W WindowManager: updateScale0.7996942
11-29 09:14:49.388 1491 8786 I ActivityTaskManager: FOREGROUND_APPLICATION_CHANGED to com.android.permissioncontroller.permission.ui.GrantPermissionsActivity
11-29 09:14:49.388 1491 8786 I ActivityTaskManager: The Process com.android.permissioncontroller Already Exists in BG. So sending its PID: 8944
11-29 09:14:49.388 1491 8786 W ActivityTaskManager: Tried to set launchTime (0) < mLastActivityLaunchTime (21666398)
11-29 09:14:49.403 16043 16059 W ContextImpl: Calling a method in the system process without a qualified user: android.app.ContextImpl.startService:1816 android.content.ContextWrapper.startService:774 com.thundercomm.gamemode.ingame.services.GameModeActionUtils.startGameModeService:93 com.thundercomm.gamemode.ingame.services.GameModeActionUtils.startGameModeEntry:21 com.thundercomm.gamemode.ingame.services.ActivityMonitoringService$1.onActivityLaunch:127
11-29 09:14:49.408 1491 1491 I GameModeConfig: Current uri is uri = content://com.thundercomm.gamemode.api/gamemode_settings/gamemode_isgaming
11-29 09:14:49.410 1491 1491 I GameModeConfig: isGameModeOn = false
11-29 09:14:49.410 1491 1491 I GameModeConfig: isGameModeOn = false
11-29 09:14:49.410 1491 1491 I GameModeConfig: isDisableVoice = true
11-29 09:14:49.412 1491 8786 W WindowManager: updateScale0.7996942
11-29 09:14:49.412 1491 8786 W WindowManager: updateScale0.7996942
11-29 09:14:49.415 1491 1600 W WindowManager: updateScale0.7996942
11-29 09:14:49.415 1491 1600 W WindowManager: updateScale0.7996942
11-29 09:14:49.418 1491 1600 W WindowManager: updateScale0.7996942
11-29 09:14:49.418 1491 1600 W WindowManager: updateScale0.7996942
11-29 09:14:49.434 1491 2060 I ActivityTaskManager: FOREGROUND_APPLICATION_CHANGED to com.android.deskclock.DeskClock
11-29 09:14:49.442 1491 2060 W WindowManager: updateScale0.7996942
11-29 09:14:49.462 1491 2060 W WindowManager: updateScale0.7996942
11-29 09:14:49.506 1491 2060 W WindowManager: updateScale0.7996942
11-29 09:14:49.514 16043 16059 W ContextImpl: Calling a method in the system process without a qualified user: android.app.ContextImpl.startService:1816 android.content.ContextWrapper.startService:774 com.thundercomm.gamemode.ingame.services.GameModeActionUtils.startGameModeService:93 com.thundercomm.gamemode.ingame.services.GameModeActionUtils.startGameModeEntry:21 com.thundercomm.gamemode.ingame.services.ActivityMonitoringService$1.onActivityLaunch:127
11-29 09:14:49.518 1491 1491 I GameModeConfig: Current uri is uri = content://com.thundercomm.gamemode.api/gamemode_settings/gamemode_isgaming
11-29 09:14:49.520 1491 1491 I GameModeConfig: isGameModeOn = false
11-29 09:14:49.520 1491 1491 I GameModeConfig: isGameModeOn = false
11-29 09:14:49.520 1491 1491 I GameModeConfig: isDisableVoice = true
11-29 09:14:49.545 16043 16059 W ContextImpl: Calling a method in the system process without a qualified user: android.app.ContextImpl.startService:1816 android.content.ContextWrapper.startService:774 com.thundercomm.gamemode.ingame.services.GameModeActionUtils.startGameModeService:93 com.thundercomm.gamemode.ingame.services.GameModeActionUtils.startGameModeEntry:21 com.thundercomm.gamemode.ingame.services.ActivityMonitoringService$1.onActivityLaunch:127
11-29 09:14:49.549 1491 1491 I GameModeConfig: Current uri is uri = content://com.thundercomm.gamemode.api/gamemode_settings/gamemode_isgaming
11-29 09:14:49.551 1491 1491 I GameModeConfig: isGameModeOn = false
11-29 09:14:49.551 1491 1491 I GameModeConfig: isGameModeOn = false
11-29 09:14:49.552 1491 1491 I GameModeConfig: isDisableVoice = true
11-29 09:14:49.667 1491 1600 W WindowManager: updateScale0.7996942
11-29 09:14:49.680 1491 1600 W WindowManager: updateScale0.7996942
11-29 09:14:49.682 1491 1600 W WindowManager: updateScale0.7996942
11-29 09:14:50.878 1491 10067 I ActivityTaskManager: START u0 {act=android.intent.action.MAIN cat=[android.intent.category.HOME] flg=0x10000000 cmp=com.android.launcher3/.uioverrides.QuickstepLauncher} from uid 10077
11-29 09:14:50.887 1491 10067 I ActivityTaskManager: FOREGROUND_APPLICATION_CHANGED to com.android.launcher3.uioverrides.QuickstepLauncher
11-29 09:14:50.888 1491 10067 W WindowManager: updateScale0.7996942
11-29 09:14:50.894 1491 10067 W WindowManager: updateScale0.7996942
11-29 09:14:50.917 1491 2060 W WindowManager: updateScale0.7996942
11-29 09:14:51.224 1491 1491 I GameModeConfig: isGameModeOn = false
11-29 09:14:51.281 1491 8943 W ActivityTaskManager: getTaskSnapshot: taskId=3400 not found
11-29 09:14:51.281 1491 8943 W ActivityTaskManager: getTaskSnapshot: taskId=2400 not found
11-29 09:14:51.281 1491 8943 W ActivityTaskManager: getTaskSnapshot: taskId=1400 not found
11-29 09:14:51.943 16043 16059 W ContextImpl: Calling a method in the system process without a qualified user: android.app.ContextImpl.startService:1816 android.content.ContextWrapper.startService:774 com.thundercomm.gamemode.ingame.services.GameModeActionUtils.startGameModeService:93 com.thundercomm.gamemode.ingame.services.GameModeActionUtils.startGameModeEntry:21 com.thundercomm.gamemode.ingame.services.ActivityMonitoringService$1.onActivityLaunch:127
11-29 09:14:51.950 1491 1491 I GameModeConfig: Current uri is uri = content://com.thundercomm.gamemode.api/gamemode_settings/gamemode_isgaming
11-29 09:14:51.952 1491 1491 I GameModeConfig: isGameModeOn = false
11-29 09:14:51.953 1491 1491 I GameModeConfig: isGameModeOn = false
11-29 09:14:51.953 1491 1491 I GameModeConfig: isDisableVoice = true
11-29 09:14:52.118 1491 1600 D FreeFormWindowHelper: Remove freefrom task=Task{dfc9964 #403 type=standard A=10067:com.android.deskclock U=0 visible=false mode=freeform translucent=true sz=0}
11-29 09:14:52.640 1491 2060 D FreeFormWindowHelper: Add freeform task=Task{939801c #401 type=standard A=10068:com.android.gallery3d U=0 visible=false mode=freeform translucent=true sz=0}
