11-29 09:18:09.277 1491 2068 I wm_restart_activity: [0,225152846,416,com.android.deskclock/.DeskClock]
11-29 09:18:09.278 1491 2068 I wm_set_resumed_activity: [0,com.android.deskclock/.DeskClock,minimalResumeActivityLocked]
11-29 09:18:09.280 1491 2068 W WindowManager: updateScale0.4617737
11-29 09:18:09.283 1491 1599 I am_uid_active: 10067
11-29 09:18:09.288 1491 1599 I sysui_multi_action: [757,803,799,window_time_0,802,3]
11-29 09:18:09.299 1491 1693 I input_focus: [Focus leaving 59b7b66 com.android.launcher3/com.android.launcher3.uioverrides.QuickstepLauncher (server),reason=NO_WINDOW]
11-29 09:18:09.303 16043 16059 W ContextImpl: Calling a method in the system process without a qualified user: android.app.ContextImpl.startService:1816 android.content.ContextWrapper.startService:774 com.thundercomm.gamemode.ingame.services.GameModeActionUtils.startGameModeService:93 com.thundercomm.gamemode.ingame.services.GameModeActionUtils.startGameModeEntry:21 com.thundercomm.gamemode.ingame.services.ActivityMonitoringService$1.onActivityLaunch:127
11-29 09:18:09.305 1491 7658 I ActivityTaskManager: START u0 {act=android.content.pm.action.REQUEST_PERMISSIONS pkg=com.android.permissioncontroller cmp=com.android.permissioncontroller/.permission.ui.GrantPermissionsActivity (has extras)} from uid 10067
11-29 09:18:09.311 1491 1491 I GameModeConfig: Current uri is uri = content://com.thundercomm.gamemode.api/gamemode_settings/gamemode_isgaming
11-29 09:18:09.312 1491 7658 I wm_task_moved: [416,1,11]
11-29 09:18:09.312 1491 7658 I wm_set_resumed_activity: [0,com.android.deskclock/.DeskClock,positionChildAt]
11-29 09:18:09.312 1491 7658 I wm_create_activity: [0,178760843,416,com.android.permissioncontroller/.permission.ui.GrantPermissionsActivity,android.content.pm.action.REQUEST_PERMISSIONS,NULL,NULL,8388608]
11-29 09:18:09.316 1491 1491 I GameModeConfig: isGameModeOn = false
11-29 09:18:09.316 1491 1491 I GameModeConfig: isGameModeOn = false
11-29 09:18:09.316 1491 1491 I GameModeConfig: isDisableVoice = true
11-29 09:18:09.317 1491 7658 I wm_pause_activity: [0,225152846,com.android.deskclock/.DeskClock,userLeaving=true,resumeTopActivityInnerLocked]
11-29 09:18:09.318 1491 7658 W WindowManager: updateScale0.4617737
11-29 09:18:09.345 1491 7158 W WindowManager: updateScale0.4617737
11-29 09:18:09.346 8328 8328 I wm_on_create_called: [225152846,com.android.deskclock.DeskClock,performCreate]
11-29 09:18:09.348 8328 8328 I wm_on_start_called: [225152846,com.android.deskclock.DeskClock,handleStartActivity]
11-29 09:18:09.349 8328 8328 I wm_on_resume_called: [225152846,com.android.deskclock.DeskClock,RESUME_ACTIVITY]
11-29 09:18:09.352 8328 8328 I wm_on_top_resumed_gained_called: [225152846,com.android.deskclock.DeskClock,topStateChangedWhenResumed]
11-29 09:18:09.352 8328 8328 I wm_on_top_resumed_lost_called: [225152846,com.android.deskclock.DeskClock,topStateChangedWhenResumed]
11-29 09:18:09.352 8328 8328 I wm_on_paused_called: [225152846,com.android.deskclock.DeskClock,performPause]
11-29 09:18:09.353 1491 2068 I ActivityTaskManager: FOREGROUND_APPLICATION_CHANGED to com.android.permissioncontroller.permission.ui.GrantPermissionsActivity
11-29 09:18:09.353 1491 2068 I ActivityTaskManager: The Process com.android.permissioncontroller Already Exists in BG. So sending its PID: 8944
11-29 09:18:09.354 1491 2068 W ActivityTaskManager: Tried to set launchTime (0) < mLastActivityLaunchTime (21766607)
11-29 09:18:09.354 1491 2068 I wm_restart_activity: [0,178760843,416,com.android.permissioncontroller/.permission.ui.GrantPermissionsActivity]
11-29 09:18:09.355 1491 2068 I wm_set_resumed_activity: [0,com.android.permissioncontroller/.permission.ui.GrantPermissionsActivity,minimalResumeActivityLocked]
11-29 09:18:09.355 1491 1599 I am_uid_active: 10094
11-29 09:18:09.363 1491 1599 I sysui_multi_action: [757,803,799,window_time_0,802,0]
11-29 09:18:09.365 1491 2923 W WindowManager: updateScale0.4617737
11-29 09:18:09.370 1491 11109 I sysui_multi_action: [757,128,758,2,793,20454143,794,5639,795,20454143,796,26,798,0,806,android,857,DEVELOPER_IMPORTANT,858,4,947,0,1395,2,1500,20453938,1688,1]
11-29 09:18:09.370 1491 7658 W WindowManager: updateScale0.4617737
11-29 09:18:09.370 1491 11109 I notification_visibility: [-1|android|26|null|1000,0,20454143,20454143,0,0]
11-29 09:18:09.372 17439 17439 I sysui_multi_action: [757,111,758,2]
11-29 09:18:09.372 17439 17439 I sysui_multi_action: [757,111,758,2]
11-29 09:18:09.372 1491 1491 I notification_enqueue: [10082,17439,com.android.systemui,2048,NULL,0,Notification(channel=updateNotification shortcut=null contentView=null vibrate=null sound=null defaults=0x0 flags=0x0 color=0x00000000 vis=PRIVATE),1]
11-29 09:18:09.373 16043 16059 W ContextImpl: Calling a method in the system process without a qualified user: android.app.ContextImpl.startService:1816 android.content.ContextWrapper.startService:774 com.thundercomm.gamemode.ingame.services.GameModeActionUtils.startGameModeService:93 com.thundercomm.gamemode.ingame.services.GameModeActionUtils.startGameModeEntry:21 com.thundercomm.gamemode.ingame.services.ActivityMonitoringService$1.onActivityLaunch:127
11-29 09:18:09.377 1491 1760 I GameModeConfig: isGameModeOn = false
11-29 09:18:09.377 1491 1760 I GameModeConfig: isGameModeOn = false
11-29 09:18:09.377 1491 1760 I GameModeConfig: isGameModeOn = false
11-29 09:18:09.377 1491 1760 I GameModeConfig: isGameModeOn = false
11-29 09:18:09.377 1491 1760 I GameModeConfig: isGameModeOn = false
11-29 09:18:09.377 1491 1760 I GameModeConfig: isGameModeOn = false
11-29 09:18:09.380 8944 8944 I wm_on_create_called: [178760843,com.android.permissioncontroller.permission.ui.GrantPermissionsActivity,performCreate]
11-29 09:18:09.380 8944 8944 I wm_on_start_called: [178760843,com.android.permissioncontroller.permission.ui.GrantPermissionsActivity,handleStartActivity]
11-29 09:18:09.381 8944 8944 I wm_on_resume_called: [178760843,com.android.permissioncontroller.permission.ui.GrantPermissionsActivity,RESUME_ACTIVITY]
11-29 09:18:09.381 1491 1491 I GameModeConfig: Current uri is uri = content://com.thundercomm.gamemode.api/gamemode_settings/gamemode_isgaming
11-29 09:18:09.382 1491 2068 I sysui_multi_action: [757,127,758,2]
11-29 09:18:09.382 1491 2068 I notification_panel_hidden:
11-29 09:18:09.383 1491 1491 I GameModeConfig: isGameModeOn = false
11-29 09:18:09.383 1491 1491 I GameModeConfig: isGameModeOn = false
11-29 09:18:09.383 1491 1491 I GameModeConfig: isDisableVoice = true
11-29 09:18:09.385 8944 8944 I wm_on_top_resumed_gained_called: [178760843,com.android.permissioncontroller.permission.ui.GrantPermissionsActivity,topStateChangedWhenResumed]
11-29 09:18:09.385 1491 1600 W WindowManager: updateScale0.4617737
11-29 09:18:09.388 1491 7658 W WindowManager: updateScale0.4617737
11-29 09:18:09.390 17439 17439 I sysui_multi_action: [757,111,758,1]
11-29 09:18:09.390 17439 17439 I sysui_multi_action: [757,126,758,1,759,126,927,0,928,1,1593,0]
11-29 09:18:09.390 17439 17439 I sysui_multi_action: [757,113,758,1,759,113,927,1,928,1,1593,0]
11-29 09:18:09.390 17439 17439 I sysui_multi_action: [757,0,758,1,759,0,927,2,928,0,1593,0]
11-29 09:18:09.390 17439 17439 I sysui_multi_action: [757,0,758,1,759,0,927,3,928,0,1593,0]
11-29 09:18:09.390 17439 17439 I sysui_multi_action: [757,491,758,1,759,491,927,4,928,0,1311,-1,1593,0]
11-29 09:18:09.390 17439 17439 I sysui_multi_action: [757,0,758,1,759,0,927,5,928,0,1593,0]
11-29 09:18:09.390 17439 17439 I sysui_multi_action: [757,111,758,1]
11-29 09:18:09.390 17439 17439 I sysui_multi_action: [757,126,758,1,759,126,927,0,928,1,1593,0]
11-29 09:18:09.390 17439 17439 I sysui_multi_action: [757,113,758,1,759,113,927,1,928,1,1593,0]
11-29 09:18:09.391 17439 17439 I sysui_multi_action: [757,0,758,1,759,0,927,2,928,0,1593,0]
11-29 09:18:09.391 17439 17439 I sysui_multi_action: [757,0,758,1,759,0,927,3,928,0,1593,0]
11-29 09:18:09.394 1491 1524 W WindowManager: updateScale0.4617737
11-29 09:18:09.396 1491 1600 I input_focus: [Focus request a5a4c62 com.android.permissioncontroller/com.android.permissioncontroller.permission.ui.GrantPermissionsActivity,reason=UpdateInputWindows]
11-29 09:18:09.397 1491 1524 W WindowManager: updateScale0.4617737
11-29 09:18:09.400 1491 1600 W WindowManager: updateScale0.4617737
11-29 09:18:09.403 1491 1600 W WindowManager: updateScale0.4617737
11-29 09:18:09.405 1491 7158 I wm_finish_activity: [0,178760843,416,com.android.permissioncontroller/.permission.ui.GrantPermissionsActivity,app-request]
11-29 09:18:09.413 1491 7158 I wm_pause_activity: [0,178760843,com.android.permissioncontroller/.permission.ui.GrantPermissionsActivity,userLeaving=false,finish]
11-29 09:18:09.415 1491 1693 I input_focus: [Focus entering a5a4c62 com.android.permissioncontroller/com.android.permissioncontroller.permission.ui.GrantPermissionsActivity (server),reason=setFocusedWindow]
11-29 09:18:09.417 8944 8944 I wm_on_top_resumed_lost_called: [178760843,com.android.permissioncontroller.permission.ui.GrantPermissionsActivity,topStateChangedWhenResumed]
11-29 09:18:09.419 8944 8944 I wm_on_paused_called: [178760843,com.android.permissioncontroller.permission.ui.GrantPermissionsActivity,performPause]
11-29 09:18:09.419 1491 2923 I wm_add_to_stopping: [0,178760843,com.android.permissioncontroller/.permission.ui.GrantPermissionsActivity,completeFinishing]
11-29 09:18:09.422 1491 2923 I ActivityTaskManager: FOREGROUND_APPLICATION_CHANGED to com.android.deskclock.DeskClock
11-29 09:18:09.428 1491 2923 I wm_set_resumed_activity: [0,com.android.deskclock/.DeskClock,resumeTopActivityInnerLocked]
11-29 09:18:09.430 1491 2923 I wm_resume_activity: [0,225152846,416,com.android.deskclock/.DeskClock]
11-29 09:18:09.430 1491 1693 I input_focus: [Focus leaving a5a4c62 com.android.permissioncontroller/com.android.permissioncontroller.permission.ui.GrantPermissionsActivity (server),reason=NO_WINDOW]
11-29 09:18:09.439 1491 2923 W WindowManager: updateScale0.4617737
11-29 09:18:09.444 1491 11109 W WindowManager: updateScale0.4617737
11-29 09:18:09.450 1491 1600 I input_focus: [Focus request c90cc14 com.android.deskclock/com.android.deskclock.DeskClock,reason=UpdateInputWindows]
11-29 09:18:09.452 1491 1599 I sysui_multi_action: [757,803,799,window_time_0,802,0]
11-29 09:18:09.472 1491 1600 W WindowManager: updateScale0.4617737
11-29 09:18:09.472 1491 1600 W WindowManager: updateScale0.4617737
11-29 09:18:09.473 1491 1596 I wm_activity_launch_time: [0,178760843,com.android.permissioncontroller/.permission.ui.GrantPermissionsActivity,226]
11-29 09:18:09.477 1491 1693 I input_focus: [Focus entering c90cc14 com.android.deskclock/com.android.deskclock.DeskClock (server),reason=setFocusedWindow]
11-29 09:18:09.479 8328 8328 I wm_on_activity_result_called: [225152846,com.android.deskclock.DeskClock,ACTIVITY_RESULT]
11-29 09:18:09.479 8328 8328 I wm_on_resume_called: [225152846,com.android.deskclock.DeskClock,RESUME_ACTIVITY]
11-29 09:18:09.481 8328 8328 I wm_on_top_resumed_gained_called: [225152846,com.android.deskclock.DeskClock,topWhenResuming]
11-29 09:18:09.483 1491 7658 W WindowManager: updateScale0.4617737
11-29 09:18:09.540 16043 16059 W ContextImpl: Calling a method in the system process without a qualified user: android.app.ContextImpl.startService:1816 android.content.ContextWrapper.startService:774 com.thundercomm.gamemode.ingame.services.GameModeActionUtils.startGameModeService:93 com.thundercomm.gamemode.ingame.services.GameModeActionUtils.startGameModeEntry:21 com.thundercomm.gamemode.ingame.services.ActivityMonitoringService$1.onActivityLaunch:127
11-29 09:18:09.548 1491 1491 I GameModeConfig: Current uri is uri = content://com.thundercomm.gamemode.api/gamemode_settings/gamemode_isgaming
11-29 09:18:09.549 1491 1491 I GameModeConfig: isGameModeOn = false
11-29 09:18:09.550 1491 1491 I GameModeConfig: isGameModeOn = false
11-29 09:18:09.550 1491 1491 I GameModeConfig: isDisableVoice = true
11-29 09:18:09.574 1491 1491 I GameModeConfig: isGameModeOn = false
11-29 09:18:09.576 1491 1491 I sysui_multi_action: [757,1501,758,1,793,2720888,794,0,795,205,796,2048,806,com.android.systemui,857,updateNotification,858,3,947,0,1500,0,1688,1]
11-29 09:18:09.576 1491 1491 I sysui_multi_action: [757,804,799,note_interruptive,801,0,802,1]
11-29 09:18:09.576 1491 1491 I sysui_multi_action: [757,199,758,1,759,2,793,2720888,794,0,795,205,796,2048,806,com.android.systemui,857,updateNotification,858,3,947,0,1500,0,1688,1]
11-29 09:18:09.576 1491 1491 I notification_alert: [0|com.android.systemui|2048|null|10082,0,1,0]
11-29 09:18:09.577 1491 1491 W NotificationHistory: Attempted to add notif for locked/gone/disabled user 0
11-29 09:18:09.696 1491 7658 W WindowManager: updateScale0.4617737
11-29 09:18:09.780 1491 11109 W WindowManager: updateScale0.4617737
11-29 09:18:09.784 1491 2068 W WindowManager: updateScale0.4617737
11-29 09:18:09.947 1491 1600 W WindowManager: updateScale0.4617737
11-29 09:18:09.957 1491 1599 I wm_destroy_activity: [0,178760843,416,com.android.permissioncontroller/.permission.ui.GrantPermissionsActivity,finish-imm:idle]
11-29 09:18:09.958 1491 1599 I wm_stop_activity: [0,254362067,com.android.launcher3/.uioverrides.QuickstepLauncher]
11-29 09:18:09.958 8944 8944 I wm_on_stop_called: [178760843,com.android.permissioncontroller.permission.ui.GrantPermissionsActivity,LIFECYCLER_STOP_ACTIVITY]
11-29 09:18:09.962 1491 1600 W WindowManager: updateScale0.4617737
11-29 09:18:09.964 1491 1600 W WindowManager: updateScale0.4617737
11-29 09:18:09.965 8944 8944 I wm_on_destroy_called: [178760843,com.android.permissioncontroller.permission.ui.GrantPermissionsActivity,performDestroy]
11-29 09:18:09.971 1491 7658 W WindowManager: updateScale0.4617737
11-29 09:18:09.981 16043 16059 W ContextImpl: Calling a method in the system process without a qualified user: android.app.ContextImpl.startService:1816 android.content.ContextWrapper.startService:774 com.thundercomm.gamemode.ingame.services.GameModeActionUtils.startGameModeService:93 com.thundercomm.gamemode.ingame.services.GameModeActionUtils.startGameModeEntry:21 com.thundercomm.gamemode.ingame.services.ActivityMonitoringService$1.onActivityLaunch:127
11-29 09:18:09.986 1491 1491 I GameModeConfig: Current uri is uri = content://com.thundercomm.gamemode.api/gamemode_settings/gamemode_isgaming
11-29 09:18:09.988 1491 1491 I GameModeConfig: isGameModeOn = false
11-29 09:18:09.988 1491 1491 I GameModeConfig: isGameModeOn = false
11-29 09:18:09.988 1491 1491 I GameModeConfig: isDisableVoice = true
11-29 09:18:10.013 13671 13671 I wm_on_stop_called: [254362067,com.android.launcher3.uioverrides.QuickstepLauncher,STOP_ACTIVITY_ITEM]
11-29 09:18:10.015 1491 11109 W WindowManager: updateScale0.4617737
11-29 09:18:10.029 16043 16059 W ContextImpl: Calling a method in the system process without a qualified user: android.app.ContextImpl.startService:1816 android.content.ContextWrapper.startService:774 com.thundercomm.gamemode.ingame.services.GameModeActionUtils.startGameModeService:93 com.thundercomm.gamemode.ingame.services.GameModeActionUtils.startGameModeEntry:21 com.thundercomm.gamemode.ingame.services.ActivityMonitoringService$1.onActivityLaunch:127
11-29 09:18:10.029 1491 1600 W WindowManager: updateScale0.4617737
11-29 09:18:10.033 1491 1491 I GameModeConfig: Current uri is uri = content://com.thundercomm.gamemode.api/gamemode_settings/gamemode_isgaming
11-29 09:18:10.035 1491 1491 I GameModeConfig: isGameModeOn = false
11-29 09:18:10.039 1491 1491 I GameModeConfig: isGameModeOn = false
11-29 09:18:10.039 1491 1491 I GameModeConfig: isDisableVoice = true
11-29 09:18:10.079 0 0 I auditd : type=1400 audit(0.0:24120): avc: denied { kill } for comm="swapper/0" capability=5 scontext=u:r:kernel:s0 tcontext=u:r:kernel:s0 tclass=capability permissive=0
11-29 09:18:10.136 1491 1760 I GameModeConfig: isGameModeOn = false
11-29 09:18:10.165 1491 1760 I GameModeConfig: isGameModeOn = false
11-29 09:18:10.200 1491 1760 I GameModeConfig: isGameModeOn = false
11-29 09:18:10.640 1491 1693 I input_interaction: Interaction with: c90cc14 com.android.deskclock/com.android.deskclock.DeskClock (server), edge-swipe (server), swipe-up (server), PointerEventDispatcher0 (server),
11-29 09:18:10.652 1491 11109 I wm_task_moved: [32,0,0]
11-29 09:18:10.653 1491 11109 I wm_task_moved: [32,0,10]
11-29 09:18:10.659 13671 13671 I wm_on_restart_called: [254362067,com.android.launcher3.uioverrides.QuickstepLauncher,performRestartActivity]
11-29 09:18:10.659 1491 11109 W WindowManager: updateScale0.4617737
11-29 09:18:10.664 1491 7158 I wm_finish_activity: [0,219334166,415,com.android.gallery3d/.app.GalleryActivity,app-request]
11-29 09:18:10.680 1491 7158 I wm_pause_activity: [0,219334166,com.android.gallery3d/.app.GalleryActivity,userLeaving=false,finish]
11-29 09:18:10.697 16043 16059 W ContextImpl: Calling a method in the system process without a qualified user: android.app.ContextImpl.startService:1816 android.content.ContextWrapper.startService:774 com.thundercomm.gamemode.ingame.services.GameModeActionUtils.startGameModeService:93 com.thundercomm.gamemode.ingame.services.GameModeActionUtils.startGameModeEntry:21 com.thundercomm.gamemode.ingame.services.ActivityMonitoringService$1.onActivityLaunch:127
11-29 09:18:10.699 15636 15636 I wm_on_paused_called: [219334166,com.android.gallery3d.app.GalleryActivity,performPause]
11-29 09:18:10.703 1491 1491 I GameModeConfig: Current uri is uri = content://com.thundercomm.gamemode.api/gamemode_settings/gamemode_isgaming
11-29 09:18:10.705 1491 1491 I GameModeConfig: isGameModeOn = false
11-29 09:18:10.705 1491 1491 I GameModeConfig: isGameModeOn = false
11-29 09:18:10.705 1491 1491 I GameModeConfig: isDisableVoice = true
11-29 09:18:10.706 1491 1524 I wm_destroy_activity: [0,219334166,415,com.android.gallery3d/.app.GalleryActivity,finish-imm:completePausedLocked]
11-29 09:18:10.714 1491 1599 I sysui_multi_action: [757,803,799,window_time_0,802,2]
11-29 09:18:10.720 13671 13671 I wm_on_start_called: [254362067,com.android.launcher3.uioverrides.QuickstepLauncher,handleStartActivity]
11-29 09:18:10.722 8328 8328 I view_enqueue_input_event: [Motion - Cancel,com.android.deskclock/com.android.deskclock.DeskClock]
11-29 09:18:10.724 1491 1600 I input_focus: [Focus request recents_animation_input_consumer,reason=UpdateInputWindows]
11-29 09:18:10.724 15636 15636 I wm_on_stop_called: [219334166,com.android.gallery3d.app.GalleryActivity,LIFECYCLER_STOP_ACTIVITY]
11-29 09:18:10.727 1491 1693 I input_interaction: Interaction with: edge-swipe (server), swipe-up (server), PointerEventDispatcher0 (server),
11-29 09:18:10.728 15636 15636 I wm_on_destroy_called: [219334166,com.android.gallery3d.app.GalleryActivity,performDestroy]
11-29 09:18:10.733 1491 1524 W ActivityTaskManager: getTaskSnapshot: taskId=4409 not found
11-29 09:18:10.733 13671 13671 I sysui_latency: [1,96]
11-29 09:18:10.747 16043 16059 W ContextImpl: Calling a method in the system process without a qualified user: android.app.ContextImpl.startService:1816 android.content.ContextWrapper.startService:774 com.thundercomm.gamemode.ingame.services.GameModeActionUtils.startGameModeService:93 com.thundercomm.gamemode.ingame.services.GameModeActionUtils.startGameModeEntry:21 com.thundercomm.gamemode.ingame.services.ActivityMonitoringService$1.onActivityLaunch:127
11-29 09:18:10.747 1491 1693 I input_focus: [Focus leaving c90cc14 com.android.deskclock/com.android.deskclock.DeskClock (server),reason=NOT_FOCUSABLE]
11-29 09:18:10.747 1491 1693 I input_focus: [Focus entering recents_animation_input_consumer (server),reason=setFocusedWindow]
11-29 09:18:10.751 1491 1596 I sysui_multi_action: [319,10,322,87,325,21869,757,761,758,9,759,5,806,com.android.launcher3,871,com.android.launcher3.uioverrides.QuickstepLauncher,905,0,1320,8,1321,5]
11-29 09:18:10.753 1491 11109 I wm_task_removed: [415,removeChild:removeChild last r=ActivityRecord{d12c616 u0 com.android.gallery3d/.app.GalleryActivity t-1 f}} in t=Task{9864cb5 #415 type=standard A=10068:com.android.gallery3d U=0 visible=false mode=freeform translucent=true sz=0}]
11-29 09:18:10.753 1491 11109 I wm_task_removed: [415,removeChild]
11-29 09:18:10.753 1491 11109 D FreeFormWindowHelper: Remove freefrom task=Task{9864cb5 #415 type=standard A=10068:com.android.gallery3d U=0 visible=false mode=freeform translucent=true sz=0}
11-29 09:18:10.756 1491 1491 I GameModeConfig: Current uri is uri = content://com.thundercomm.gamemode.api/gamemode_settings/gamemode_isgaming
11-29 09:18:10.758 1491 1491 I GameModeConfig: isGameModeOn = false
11-29 09:18:10.758 1491 1491 I GameModeConfig: isGameModeOn = false
11-29 09:18:10.758 1491 1491 I GameModeConfig: isDisableVoice = true
11-29 09:18:10.772 1491 2068 W ActivityTaskManager: getTaskSnapshot: taskId=4409 not found
11-29 09:18:10.773 1491 2068 W ActivityTaskManager: getTaskSnapshot: taskId=3409 not found
11-29 09:18:10.774 1491 7658 W ActivityTaskManager: getTaskSnapshot: taskId=2409 not found
11-29 09:18:10.775 1491 7658 W ActivityTaskManager: getTaskSnapshot: taskId=1409 not found
11-29 09:18:10.818 16043 16059 W ContextImpl: Calling a method in the system process without a qualified user: android.app.ContextImpl.startService:1816 android.content.ContextWrapper.startService:774 com.thundercomm.gamemode.ingame.services.GameModeActionUtils.startGameModeService:93 com.thundercomm.gamemode.ingame.services.GameModeActionUtils.startGameModeEntry:21 com.thundercomm.gamemode.ingame.services.ActivityMonitoringService$1.onActivityLaunch:127
11-29 09:18:10.821 1491 1491 I GameModeConfig: Current uri is uri = content://com.thundercomm.gamemode.api/gamemode_settings/gamemode_isgaming
11-29 09:18:10.824 1491 1491 I GameModeConfig: isGameModeOn = false
11-29 09:18:10.824 1491 1491 I GameModeConfig: isGameModeOn = false
11-29 09:18:10.824 1491 1491 I GameModeConfig: isDisableVoice = true
11-29 09:18:10.923 1491 1673 I commit_sys_config_file: [settings-1-0,4]
11-29 09:18:11.041 1491 1607 I sysui_latency: [8,96]
11-29 09:18:11.079 353 353 I auditd : type=1400 audit(0.0:24121): avc: denied { kill } for comm="irq/382-atmel_m" capability=5 scontext=u:r:kernel:s0 tcontext=u:r:kernel:s0 tclass=capability permissive=0
11-29 09:18:11.952 1491 1673 I commit_sys_config_file: [settings-1-0,4]
11-29 09:18:12.053 1491 1760 I GameModeConfig: isGameModeOn = false
11-29 09:18:12.079 0 0 I auditd : type=1400 audit(0.0:24122): avc: denied { kill } for comm="swapper/0" capability=5 scontext=u:r:kernel:s0 tcontext=u:r:kernel:s0 tclass=capability permissive=0
11-29 09:18:12.183 1491 1760 I GameModeConfig: isGameModeOn = false
11-29 09:18:12.357 1491 1760 I GameModeConfig: isGameModeOn = false
11-29 09:18:12.367 1491 1760 I GameModeConfig: isGameModeOn = false
11-29 09:18:12.447 1491 1760 I GameModeConfig: isGameModeOn = false
11-29 09:18:13.079 0 0 I auditd : type=1400 audit(0.0:24123): avc: denied { kill } for comm="swapper/0" capability=5 scontext=u:r:kernel:s0 tcontext=u:r:kernel:s0 tclass=capability permissive=0
11-29 09:18:14.079 0 0 I auditd : type=1400 audit(0.0:24124): avc: denied { kill } for comm="swapper/0" capability=5 scontext=u:r:kernel:s0 tcontext=u:r:kernel:s0 tclass=capability permissive=0
11-29 09:18:15.079 0 0 I auditd : type=1400 audit(0.0:24125): avc: denied { kill } for comm="swapper/0" capability=5 scontext=u:r:kernel:s0 tcontext=u:r:kernel:s0 tclass=capability permissive=0
11-29 09:18:16.079 353 353 I auditd : type=1400 audit(0.0:24126): avc: denied { kill } for comm="irq/382-atmel_m" capability=5 scontext=u:r:kernel:s0 tcontext=u:r:kernel:s0 tclass=capability permissive=0
11-29 09:18:17.079 0 0 I auditd : type=1400 audit(0.0:24127): avc: denied { kill } for comm="swapper/0" capability=5 scontext=u:r:kernel:s0 tcontext=u:r:kernel:s0 tclass=capability permissive=0
11-29 09:18:17.492 1491 1693 I input_interaction: Interaction with: 59b7b66 com.android.launcher3/com.android.launcher3.uioverrides.QuickstepLauncher (server), edge-swipe (server), swipe-up (server), PointerEventDispatcher0 (server),
11-29 09:18:17.620 1491 7658 I wm_task_moved: [32,1,10]
11-29 09:18:17.621 1491 7658 I wm_focused_root_task: [0,0,32,416,RecentsAnimation.onAnimationFinished()]
11-29 09:18:17.622 8328 8328 I wm_on_top_resumed_lost_called: [225152846,com.android.deskclock.DeskClock,topStateChangedWhenResumed]
11-29 09:18:17.622 1491 7658 I wm_pause_activity: [0,225152846,com.android.deskclock/.DeskClock,userLeaving=false,pauseBackTasks]
11-29 09:18:17.623 1491 7658 I ActivityTaskManager: FOREGROUND_APPLICATION_CHANGED to com.android.launcher3.uioverrides.QuickstepLauncher
11-29 09:18:17.624 1491 7658 I wm_set_resumed_activity: [0,com.android.launcher3/.uioverrides.QuickstepLauncher,resumeTopActivityInnerLocked]
11-29 09:18:17.625 1491 7658 I wm_resume_activity: [0,254362067,41,com.android.launcher3/.uioverrides.QuickstepLauncher]
11-29 09:18:17.625 1491 7658 I wm_add_to_stopping: [0,225152846,com.android.deskclock/.DeskClock,makeInvisible]
11-29 09:18:17.632 1491 1600 I input_focus: [Focus request 59b7b66 com.android.launcher3/com.android.launcher3.uioverrides.QuickstepLauncher,reason=UpdateInputWindows]
11-29 09:18:17.634 8328 8328 I wm_on_paused_called: [225152846,com.android.deskclock.DeskClock,performPause]
11-29 09:18:17.641 1491 7158 I ActivityTaskManager: START u0 {act=android.intent.action.MAIN cat=[android.intent.category.LAUNCHER] flg=0x10200000 cmp=com.android.gallery3d/.app.GalleryActivity bnds=[2308,340][2494,540]} from uid 10077
11-29 09:18:17.646 1491 7158 I wm_task_created: [417,-1]
11-29 09:18:17.646 1491 7158 W ActivityTaskManager: Can't find TaskDisplayArea to determine support for multi window. Task id=417 attached=false
11-29 09:18:17.649 1491 1693 I input_focus: [Focus leaving recents_animation_input_consumer (server),reason=NOT_VISIBLE]
11-29 09:18:17.650 1491 1693 I input_focus: [Focus entering 59b7b66 com.android.launcher3/com.android.launcher3.uioverrides.QuickstepLauncher (server),reason=setFocusedWindow]
11-29 09:18:17.654 1491 7158 I wm_task_moved: [417,1,11]
11-29 09:18:17.654 1491 7158 I wm_task_to_front: [0,417]
11-29 09:18:17.655 1491 7158 I wm_create_task: [0,417]
11-29 09:18:17.655 1491 7158 I wm_create_activity: [0,263605975,417,com.android.gallery3d/.app.GalleryActivity,android.intent.action.MAIN,NULL,NULL,270532608]
11-29 09:18:17.655 1491 7158 I wm_task_moved: [417,1,11]
11-29 09:18:17.665 1491 7158 I wm_pause_activity: [0,254362067,com.android.launcher3/.uioverrides.QuickstepLauncher,userLeaving=true,pauseBackTasks]
11-29 09:18:17.669 1491 1599 I wm_stop_activity: [0,225152846,com.android.deskclock/.DeskClock]
11-29 09:18:17.669 13671 13671 I wm_on_resume_called: [254362067,com.android.launcher3.uioverrides.QuickstepLauncher,RESUME_ACTIVITY]
11-29 09:18:17.671 13671 13671 I wm_on_top_resumed_gained_called: [254362067,com.android.launcher3.uioverrides.QuickstepLauncher,topStateChangedWhenResumed]
11-29 09:18:17.671 13671 13671 I wm_on_top_resumed_lost_called: [254362067,com.android.launcher3.uioverrides.QuickstepLauncher,topStateChangedWhenResumed]
11-29 09:18:17.677 1491 1599 I sysui_multi_action: [757,803,799,window_time_0,802,7]
11-29 09:18:17.678 13671 13671 I wm_on_paused_called: [254362067,com.android.launcher3.uioverrides.QuickstepLauncher,performPause]
11-29 09:18:17.679 1491 1524 I ActivityTaskManager: FOREGROUND_APPLICATION_CHANGED to com.android.gallery3d.app.GalleryActivity
11-29 09:18:17.681 8328 8328 I wm_on_stop_called: [225152846,com.android.deskclock.DeskClock,STOP_ACTIVITY_ITEM]
11-29 09:18:17.681 1491 1524 I ActivityTaskManager: The Process com.android.gallery3d Already Exists in BG. So sending its PID: 15636
11-29 09:18:17.681 1491 1524 W ActivityTaskManager: Tried to set launchTime (0) < mLastActivityLaunchTime (21864368)
11-29 09:18:17.682 1491 1524 I wm_add_to_stopping: [0,254362067,com.android.launcher3/.uioverrides.QuickstepLauncher,makeInvisible]
11-29 09:18:17.684 1491 1524 I wm_restart_activity: [0,263605975,417,com.android.gallery3d/.app.GalleryActivity]
11-29 09:18:17.686 1491 1524 I wm_set_resumed_activity: [0,com.android.gallery3d/.app.GalleryActivity,minimalResumeActivityLocked]
11-29 09:18:17.713 1491 1693 I input_focus: [Focus leaving 59b7b66 com.android.launcher3/com.android.launcher3.uioverrides.QuickstepLauncher (server),reason=NO_WINDOW]
11-29 09:18:17.725 16043 16059 W ContextImpl: Calling a method in the system process without a qualified user: android.app.ContextImpl.startService:1816 android.content.ContextWrapper.startService:774 com.thundercomm.gamemode.ingame.services.GameModeActionUtils.startGameModeService:93 com.thundercomm.gamemode.ingame.services.GameModeActionUtils.startGameModeEntry:21 com.thundercomm.gamemode.ingame.services.ActivityMonitoringService$1.onActivityLaunch:127
11-29 09:18:17.732 1491 1599 I sysui_multi_action: [757,803,799,window_time_0,802,0]
11-29 09:18:17.738 15636 15636 I wm_on_create_called: [263605975,com.android.gallery3d.app.GalleryActivity,performCreate]
11-29 09:18:17.739 15636 15636 I wm_on_start_called: [263605975,com.android.gallery3d.app.GalleryActivity,handleStartActivity]
11-29 09:18:17.741 15636 15636 I wm_on_resume_called: [263605975,com.android.gallery3d.app.GalleryActivity,RESUME_ACTIVITY]
11-29 09:18:17.741 1491 1491 I GameModeConfig: Current uri is uri = content://com.thundercomm.gamemode.api/gamemode_settings/gamemode_isgaming
11-29 09:18:17.746 15636 15636 I wm_on_top_resumed_gained_called: [263605975,com.android.gallery3d.app.GalleryActivity,topStateChangedWhenResumed]
11-29 09:18:17.752 1491 1491 I GameModeConfig: isGameModeOn = false
11-29 09:18:17.752 1491 1491 I GameModeConfig: isGameModeOn = false
11-29 09:18:17.752 1491 1491 I GameModeConfig: isDisableVoice = true
11-29 09:18:17.755 1491 1600 I input_focus: [Focus request 532d63 com.android.gallery3d/com.android.gallery3d.app.GalleryActivity,reason=UpdateInputWindows]
11-29 09:18:17.756 1491 1760 I GameModeConfig: isGameModeOn = false
11-29 09:18:17.756 1491 1760 I GameModeConfig: isGameModeOn = false
11-29 09:18:17.757 1491 1760 I GameModeConfig: isGameModeOn = false
11-29 09:18:17.757 1491 1760 I GameModeConfig: isGameModeOn = false
11-29 09:18:17.757 1491 1760 I GameModeConfig: isGameModeOn = false
11-29 09:18:17.757 1491 1760 I GameModeConfig: isGameModeOn = false
11-29 09:18:17.762 17439 17439 I sysui_multi_action: [757,111,758,2]
11-29 09:18:17.763 17439 17439 I sysui_multi_action: [757,111,758,2]
11-29 09:18:17.763 1491 1491 I notification_enqueue: [10082,17439,com.android.systemui,2048,NULL,0,Notification(channel=updateNotification shortcut=null contentView=null vibrate=null sound=null defaults=0x0 flags=0x0 color=0x00000000 vis=PRIVATE),1]
11-29 09:18:17.765 16043 16059 W ContextImpl: Calling a method in the system process without a qualified user: android.app.ContextImpl.startService:1816 android.content.ContextWrapper.startService:774 com.thundercomm.gamemode.ingame.services.GameModeActionUtils.startGameModeService:93 com.thundercomm.gamemode.ingame.services.GameModeActionUtils.startGameModeEntry:21 com.thundercomm.gamemode.ingame.services.ActivityMonitoringService$1.onActivityLaunch:127
11-29 09:18:17.771 1491 1491 I GameModeConfig: Current uri is uri = content://com.thundercomm.gamemode.api/gamemode_settings/gamemode_isgaming
11-29 09:18:17.774 1491 1491 I GameModeConfig: isGameModeOn = false
11-29 09:18:17.774 1491 1491 I GameModeConfig: isGameModeOn = false
11-29 09:18:17.774 1491 1491 I GameModeConfig: isDisableVoice = true
11-29 09:18:17.785 17439 17439 I sysui_multi_action: [757,111,758,1]
11-29 09:18:17.785 17439 17439 I sysui_multi_action: [757,126,758,1,759,126,927,0,928,1,1593,0]
11-29 09:18:17.786 17439 17439 I sysui_multi_action: [757,113,758,1,759,113,927,1,928,1,1593,0]
11-29 09:18:17.786 17439 17439 I sysui_multi_action: [757,0,758,1,759,0,927,2,928,0,1593,0]
11-29 09:18:17.786 17439 17439 I sysui_multi_action: [757,0,758,1,759,0,927,3,928,0,1593,0]
11-29 09:18:17.787 17439 17439 I sysui_multi_action: [757,491,758,1,759,491,927,4,928,0,1311,-1,1593,0]
11-29 09:18:17.787 17439 17439 I sysui_multi_action: [757,0,758,1,759,0,927,5,928,0,1593,0]
11-29 09:18:17.787 17439 17439 I sysui_multi_action: [757,111,758,1]
11-29 09:18:17.788 17439 17439 I sysui_multi_action: [757,126,758,1,759,126,927,0,928,1,1593,0]
11-29 09:18:17.788 17439 17439 I sysui_multi_action: [757,113,758,1,759,113,927,1,928,1,1593,0]
11-29 09:18:17.788 17439 17439 I sysui_multi_action: [757,0,758,1,759,0,927,2,928,0,1593,0]
11-29 09:18:17.788 17439 17439 I sysui_multi_action: [757,0,758,1,759,0,927,3,928,0,1593,0]
11-29 09:18:17.796 16043 16059 W ContextImpl: Calling a method in the system process without a qualified user: android.app.ContextImpl.startService:1816 android.content.ContextWrapper.startService:774 com.thundercomm.gamemode.ingame.services.GameModeActionUtils.startGameModeService:93 com.thundercomm.gamemode.ingame.services.GameModeActionUtils.startGameModeEntry:21 com.thundercomm.gamemode.ingame.services.ActivityMonitoringService$1.onActivityLaunch:127
11-29 09:18:17.804 1491 1491 I GameModeConfig: Current uri is uri = content://com.thundercomm.gamemode.api/gamemode_settings/gamemode_isgaming
11-29 09:18:17.807 1491 1491 I GameModeConfig: isGameModeOn = false
11-29 09:18:17.807 1491 1491 I GameModeConfig: isGameModeOn = false
11-29 09:18:17.807 1491 1491 I GameModeConfig: isDisableVoice = true
11-29 09:18:17.822 1491 1596 I sysui_multi_action: [319,91,321,89,322,177,325,21876,757,761,758,8,759,1,806,com.android.gallery3d,871,com.android.gallery3d.app.GalleryActivity,904,com.android.launcher3,905,0,1320,4,1321,1]
11-29 09:18:17.823 1491 1596 I wm_activity_launch_time: [0,263605975,com.android.gallery3d/.app.GalleryActivity,177]
11-29 09:18:17.832 1491 1693 I input_focus: [Focus entering 532d63 com.android.gallery3d/com.android.gallery3d.app.GalleryActivity (server),reason=Window became focusable. Previous reason: NOT_VISIBLE]
11-29 09:18:17.965 1491 1491 I GameModeConfig: isGameModeOn = false
11-29 09:18:17.966 1491 1491 I sysui_multi_action: [757,1501,758,1,793,2729278,794,0,795,209,796,2048,806,com.android.systemui,857,updateNotification,858,3,947,0,1500,0,1688,1]
11-29 09:18:17.966 1491 1491 I sysui_multi_action: [757,804,799,note_interruptive,801,0,802,1]
11-29 09:18:17.966 1491 1491 I sysui_multi_action: [757,199,758,1,759,2,793,2729278,794,0,795,209,796,2048,806,com.android.systemui,857,updateNotification,858,3,947,0,1500,0,1688,1]
11-29 09:18:17.966 1491 1491 I notification_alert: [0|com.android.systemui|2048|null|10082,0,1,0]
11-29 09:18:17.967 1491 1491 W NotificationHistory: Attempted to add notif for locked/gone/disabled user 0
11-29 09:18:18.079 0 0 I auditd : type=1400 audit(0.0:24128): avc: denied { kill } for comm="swapper/0" capability=5 scontext=u:r:kernel:s0 tcontext=u:r:kernel:s0 tclass=capability permissive=0
11-29 09:18:18.140 1491 1610 I ActivityManager: Process PhantomProcessRecord {47473b5 17402:27146:ping/u0a97} died
11-29 09:18:18.279 1491 1599 I wm_stop_activity: [0,254362067,com.android.launcher3/.uioverrides.QuickstepLauncher]
11-29 09:18:18.337 1491 1524 W ContextImpl: Calling a method in the system process without a qualified user: android.app.ContextImpl.startActivity:1067 com.android.server.wm.FreeFormWindowHelper.exitRecentTasks:423 com.android.server.wm.ActivityTaskManagerService.exitRecentTasks:3795 android.app.IActivityTaskManager$Stub.onTransact:2307 com.android.server.wm.ActivityTaskManagerService.onTransact:5046
11-29 09:18:18.338 1491 1524 I ActivityTaskManager: START u0 {flg=0x10108000 cmp=com.android.gallery3d/.app.GalleryActivity} from uid 1000
11-29 09:18:18.355 1491 1524 D FreeFormWindowHelper: Add freeform task=Task{637b33a #417 type=standard A=10068:com.android.gallery3d U=0 visible=true mode=freeform translucent=false sz=1}
11-29 09:18:18.358 1491 1524 I ActivityTaskManager: FOREGROUND_APPLICATION_CHANGED to com.android.launcher3.uioverrides.QuickstepLauncher
11-29 09:18:18.360 1491 1524 I wm_resume_activity: [0,254362067,41,com.android.launcher3/.uioverrides.QuickstepLauncher]
11-29 09:18:18.362 1491 1524 I ActivityTaskManager: FOREGROUND_APPLICATION_CHANGED to com.android.gallery3d.app.GalleryActivity
11-29 09:18:18.362 1491 1524 I wm_finish_activity: [0,263605975,417,com.android.gallery3d/.app.GalleryActivity,clear-task-all]
11-29 09:18:18.368 1491 1524 I wm_pause_activity: [0,263605975,com.android.gallery3d/.app.GalleryActivity,userLeaving=false,finish]
11-29 09:18:18.369 15636 15636 I wm_on_top_resumed_lost_called: [263605975,com.android.gallery3d.app.GalleryActivity,topStateChangedWhenResumed]
11-29 09:18:18.373 1491 1524 I wm_task_moved: [417,1,11]
11-29 09:18:18.373 1491 1524 I wm_create_activity: [0,233629575,417,com.android.gallery3d/.app.GalleryActivity,NULL,NULL,NULL,269516800]
11-29 09:18:18.395 15636 15636 I wm_on_paused_called: [263605975,com.android.gallery3d.app.GalleryActivity,performPause]
11-29 09:18:18.415 1491 10783 I wm_add_to_stopping: [0,263605975,com.android.gallery3d/.app.GalleryActivity,completeFinishing]
11-29 09:18:18.416 1491 10783 I ActivityTaskManager: The Process com.android.gallery3d Already Exists in BG. So sending its PID: 15636
11-29 09:18:18.416 1491 10783 W ActivityTaskManager: Tried to set launchTime (0) < mLastActivityLaunchTime (21876162)
11-29 09:18:18.418 1491 10783 I wm_restart_activity: [0,233629575,417,com.android.gallery3d/.app.GalleryActivity]
11-29 09:18:18.419 1491 10783 I wm_set_resumed_activity: [0,com.android.gallery3d/.app.GalleryActivity,minimalResumeActivityLocked]
11-29 09:18:18.431 1491 1693 I input_focus: [Focus leaving 532d63 com.android.gallery3d/com.android.gallery3d.app.GalleryActivity (server),reason=NO_WINDOW]
11-29 09:18:18.439 1491 1599 I sysui_multi_action: [757,803,799,window_time_0,802,0]
11-29 09:18:18.442 13671 13671 I wm_on_stop_called: [254362067,com.android.launcher3.uioverrides.QuickstepLauncher,STOP_ACTIVITY_ITEM]
11-29 09:18:18.465 13671 13671 I wm_on_restart_called: [254362067,com.android.launcher3.uioverrides.QuickstepLauncher,performRestartActivity]
11-29 09:18:18.465 13671 13671 I wm_on_start_called: [254362067,com.android.launcher3.uioverrides.QuickstepLauncher,handleStartActivity]
11-29 09:18:18.466 13671 13671 I wm_on_resume_called: [254362067,com.android.launcher3.uioverrides.QuickstepLauncher,RESUME_ACTIVITY]
11-29 09:18:18.469 1491 2923 I ActivityTaskManager: Activity reported stop, but no longer stopping: ActivityRecord{f2941d3 u0 com.android.launcher3/.uioverrides.QuickstepLauncher t41} RESUMED
11-29 09:18:18.470 1491 5277 D WindowManager: relayoutVisibleWindow: Window{59b7b66 u0 com.android.launcher3/com.android.launcher3.uioverrides.QuickstepLauncher EXITING} mAnimatingExit=true, mRemoveOnExit=false, mDestroying=false
11-29 09:18:18.473 15636 15636 I wm_on_create_called: [233629575,com.android.gallery3d.app.GalleryActivity,performCreate]
11-29 09:18:18.474 15636 15636 I wm_on_start_called: [233629575,com.android.gallery3d.app.GalleryActivity,handleStartActivity]
11-29 09:18:18.476 15636 15636 I wm_on_resume_called: [233629575,com.android.gallery3d.app.GalleryActivity,RESUME_ACTIVITY]
11-29 09:18:18.478 15636 15636 I wm_on_top_resumed_gained_called: [233629575,com.android.gallery3d.app.GalleryActivity,topStateChangedWhenResumed]
11-29 09:18:18.482 1491 1600 W WindowManager: updateScale0.4617737
11-29 09:18:18.485 1491 5277 W WindowManager: updateScale0.4617737
11-29 09:18:18.487 1491 1600 I input_focus: [Focus request 5a705aa com.android.gallery3d/com.android.gallery3d.app.GalleryActivity,reason=UpdateInputWindows]
11-29 09:18:18.498 1491 1600 W WindowManager: updateScale0.4617737
11-29 09:18:18.522 1491 1600 W WindowManager: updateScale0.4617737
11-29 09:18:18.527 1491 1596 I wm_activity_launch_time: [0,233629575,com.android.gallery3d/.app.GalleryActivity,189]
11-29 09:18:18.528 1491 1600 W WindowManager: updateScale0.4617737
11-29 09:18:18.541 16043 16059 W ContextImpl: Calling a method in the system process without a qualified user: android.app.ContextImpl.startService:1816 android.content.ContextWrapper.startService:774 com.thundercomm.gamemode.ingame.services.GameModeActionUtils.startGameModeService:93 com.thundercomm.gamemode.ingame.services.GameModeActionUtils.startGameModeEntry:21 com.thundercomm.gamemode.ingame.services.ActivityMonitoringService$1.onActivityLaunch:127
11-29 09:18:18.547 1491 1491 I GameModeConfig: Current uri is uri = content://com.thundercomm.gamemode.api/gamemode_settings/gamemode_isgaming
11-29 09:18:18.549 1491 1693 I input_focus: [Focus entering 5a705aa com.android.gallery3d/com.android.gallery3d.app.GalleryActivity (server),reason=Window became focusable. Previous reason: NOT_VISIBLE]
11-29 09:18:18.550 1491 1491 I GameModeConfig: isGameModeOn = false
11-29 09:18:18.551 1491 1491 I GameModeConfig: isGameModeOn = false
11-29 09:18:18.551 1491 1491 I GameModeConfig: isDisableVoice = true
11-29 09:18:18.869 1491 1600 W WindowManager: updateScale0.4617737
11-29 09:18:18.872 1491 1599 I wm_destroy_activity: [0,263605975,417,com.android.gallery3d/.app.GalleryActivity,finish-imm:idle]
11-29 09:18:18.887 1491 10783 W WindowManager: updateScale0.4617737
11-29 09:18:18.892 1491 10783 W WindowManager: updateScale0.4617737
11-29 09:18:18.907 15636 15636 I wm_on_stop_called: [263605975,com.android.gallery3d.app.GalleryActivity,LIFECYCLER_STOP_ACTIVITY]
11-29 09:18:18.908 15636 15636 I wm_on_destroy_called: [263605975,com.android.gallery3d.app.GalleryActivity,performDestroy]
11-29 09:18:18.911 1491 10783 W WindowManager: updateScale0.4617737
11-29 09:18:19.079 0 0 I auditd : type=1400 audit(0.0:24129): avc: denied { kill } for comm="swapper/0" capability=5 scontext=u:r:kernel:s0 tcontext=u:r:kernel:s0 tclass=capability permissive=0
11-29 09:18:19.384 1491 1760 I GameModeConfig: isGameModeOn = false
11-29 09:18:19.468 1491 1693 I input_interaction: Interaction with: 59b7b66 com.android.launcher3/com.android.launcher3.uioverrides.QuickstepLauncher (server), 41aecc7 com.android.systemui.ImageWallpaper (server), edge-swipe (server), swipe-up (server), PointerEventDispatcher0 (server),
11-29 09:18:19.574 1491 1760 I GameModeConfig: isGameModeOn = false
11-29 09:18:19.599 13671 13671 I view_enqueue_input_event: [Motion - Cancel,com.android.launcher3/com.android.launcher3.uioverrides.QuickstepLauncher]
11-29 09:18:19.605 1491 1693 I input_interaction: Interaction with: edge-swipe (server), swipe-up (server), PointerEventDispatcher0 (server),
11-29 09:18:19.992 1491 10783 I ActivityTaskManager: START u0 {act=android.intent.action.MAIN cat=[android.intent.category.HOME] flg=0x10000000 cmp=com.android.launcher3/.uioverrides.QuickstepLauncher} from uid 10077
11-29 09:18:20.005 1491 10783 I wm_task_moved: [32,1,11]
11-29 09:18:20.011 15636 15636 I wm_on_top_resumed_lost_called: [233629575,com.android.gallery3d.app.GalleryActivity,topStateChangedWhenResumed]
11-29 09:18:20.011 1491 10783 I wm_set_resumed_activity: [0,com.android.launcher3/.uioverrides.QuickstepLauncher,positionChildAt]
11-29 09:18:20.011 1491 10783 I wm_task_moved: [41,1,2147483647]
11-29 09:18:20.011 1491 10783 I wm_task_to_front: [0,41]
11-29 09:18:20.011 1491 10783 I wm_focused_root_task: [0,0,32,417,bringingFoundTaskToFront]
11-29 09:18:20.011 1491 10783 I wm_set_resumed_activity: [0,com.android.launcher3/.uioverrides.QuickstepLauncher,bringingFoundTaskToFront]
11-29 09:18:20.012 1491 10783 I wm_new_intent: [0,254362067,41,com.android.launcher3/.uioverrides.QuickstepLauncher,android.intent.action.MAIN,NULL,NULL,268435712]
11-29 09:18:20.013 1491 10783 I wm_task_moved: [32,1,11]
11-29 09:18:20.014 1491 10783 I wm_set_resumed_activity: [0,com.android.launcher3/.uioverrides.QuickstepLauncher,positionChildAt]
11-29 09:18:20.014 1491 10783 I ActivityTaskManager: FOREGROUND_APPLICATION_CHANGED to com.android.launcher3.uioverrides.QuickstepLauncher
11-29 09:18:20.015 1491 10783 W WindowManager: updateScale0.4617737
11-29 09:18:20.021 1491 10783 W WindowManager: updateScale0.4617737
11-29 09:18:20.025 1491 1600 I input_focus: [Focus request 59b7b66 com.android.launcher3/com.android.launcher3.uioverrides.QuickstepLauncher,reason=UpdateInputWindows]
11-29 09:18:20.030 13671 13671 I wm_on_paused_called: [254362067,com.android.launcher3.uioverrides.QuickstepLauncher,performPause]
11-29 09:18:20.034 13671 13671 I wm_on_resume_called: [254362067,com.android.launcher3.uioverrides.QuickstepLauncher,LIFECYCLER_RESUME_ACTIVITY]
11-29 09:18:20.036 13671 13671 I wm_on_top_resumed_gained_called: [254362067,com.android.launcher3.uioverrides.QuickstepLauncher,topStateChangedWhenResumed]
11-29 09:18:20.046 1491 1693 I input_focus: [Focus leaving 5a705aa com.android.gallery3d/com.android.gallery3d.app.GalleryActivity (server),reason=setFocusedWindow]
11-29 09:18:20.046 1491 1693 I input_focus: [Focus entering 59b7b66 com.android.launcher3/com.android.launcher3.uioverrides.QuickstepLauncher (server),reason=setFocusedWindow]
11-29 09:18:20.079 0 0 I auditd : type=1400 audit(0.0:24130): avc: denied { kill } for comm="swapper/0" capability=5 scontext=u:r:kernel:s0 tcontext=u:r:kernel:s0 tclass=capability permissive=0
11-29 09:18:20.449 1491 1693 I input_interaction: Interaction with: 59b7b66 com.android.launcher3/com.android.launcher3.uioverrides.QuickstepLauncher (server), 41aecc7 com.android.systemui.ImageWallpaper (server), edge-swipe (server), swipe-up (server), PointerEventDispatcher0 (server),
11-29 09:18:20.596 13671 13671 I view_enqueue_input_event: [Motion - Cancel,com.android.launcher3/com.android.launcher3.uioverrides.QuickstepLauncher]
11-29 09:18:20.600 1491 1693 I input_interaction: Interaction with: edge-swipe (server), swipe-up (server), PointerEventDispatcher0 (server),
11-29 09:18:20.610 1491 2923 W ActivityTaskManager: getTaskSnapshot: taskId=4409 not found
11-29 09:18:20.610 1491 2923 W ActivityTaskManager: getTaskSnapshot: taskId=3409 not found
11-29 09:18:20.610 1491 5277 W ActivityTaskManager: getTaskSnapshot: taskId=2409 not found
11-29 09:18:20.610 1491 5277 W ActivityTaskManager: getTaskSnapshot: taskId=1409 not found
11-29 09:18:20.775 1491 1673 I commit_sys_config_file: [settings-1-0,6]
11-29 09:18:21.079 0 0 I auditd : type=1400 audit(0.0:24131): avc: denied { kill } for comm="swapper/0" capability=5 scontext=u:r:kernel:s0 tcontext=u:r:kernel:s0 tclass=capability permissive=0
11-29 09:18:21.209 1491 1673 I commit_sys_config_file: [settings-1-0,5]
11-29 09:18:21.566 1491 1693 I input_interaction: Interaction with: 59b7b66 com.android.launcher3/com.android.launcher3.uioverrides.QuickstepLauncher (server), 41aecc7 com.android.systemui.ImageWallpaper (server), edge-swipe (server), swipe-up (server), PointerEventDispatcher0 (server),
11-29 09:18:21.716 13671 13671 I view_enqueue_input_event: [Motion - Cancel,com.android.launcher3/com.android.launcher3.uioverrides.QuickstepLauncher]
11-29 09:18:21.728 1491 11109 W ActivityTaskManager: getTaskSnapshot: taskId=4409 not found
11-29 09:18:21.729 1491 11109 W ActivityTaskManager: getTaskSnapshot: taskId=3409 not found
11-29 09:18:21.732 1491 1693 I input_interaction: Interaction with: edge-swipe (server), swipe-up (server), PointerEventDispatcher0 (server),
11-29 09:18:21.895 1491 1673 I commit_sys_config_file: [settings-1-0,5]
11-29 09:18:22.079 0 0 I auditd : type=1400 audit(0.0:24132): avc: denied { kill } for comm="swapper/0" capability=5 scontext=u:r:kernel:s0 tcontext=u:r:kernel:s0 tclass=capability permissive=0
11-29 09:18:22.423 1491 1673 I commit_sys_config_file: [settings-1-0,7]
11-29 09:18:22.853 1491 1693 I input_interaction: Interaction with: 59b7b66 com.android.launcher3/com.android.launcher3.uioverrides.QuickstepLauncher (server), 41aecc7 com.android.systemui.ImageWallpaper (server), edge-swipe (server), swipe-up (server), PointerEventDispatcher0 (server),
11-29 09:18:22.948 13671 13671 I view_enqueue_input_event: [Motion - Cancel,com.android.launcher3/com.android.launcher3.uioverrides.QuickstepLauncher]
11-29 09:18:22.957 1491 11109 W ActivityTaskManager: getTaskSnapshot: taskId=2409 not found
11-29 09:18:22.957 1491 11109 W ActivityTaskManager: getTaskSnapshot: taskId=1409 not found
11-29 09:18:22.959 1491 1693 I input_interaction: Interaction with: edge-swipe (server), swipe-up (server), PointerEventDispatcher0 (server),
11-29 09:18:23.079 0 0 I auditd : type=1400 audit(0.0:24133): avc: denied { kill } for comm="swapper/0" capability=5 scontext=u:r:kernel:s0 tcontext=u:r:kernel:s0 tclass=capability permissive=0
11-29 09:18:23.132 1491 1673 I commit_sys_config_file: [settings-1-0,6]
11-29 09:18:23.522 1491 1673 I commit_sys_config_file: [settings-1-0,9]
11-29 09:18:23.626 1491 11109 I wm_finish_activity: [0,233629575,417,com.android.gallery3d/.app.GalleryActivity,app-request]
11-29 09:18:23.647 1491 11109 I wm_pause_activity: [0,233629575,com.android.gallery3d/.app.GalleryActivity,userLeaving=false,finish]
11-29 09:18:23.666 15636 15636 I wm_on_paused_called: [233629575,com.android.gallery3d.app.GalleryActivity,performPause]
11-29 09:18:23.668 1491 1524 I wm_destroy_activity: [0,233629575,417,com.android.gallery3d/.app.GalleryActivity,finish-imm:completePausedLocked]
11-29 09:18:23.692 15636 15636 I wm_on_stop_called: [233629575,com.android.gallery3d.app.GalleryActivity,LIFECYCLER_STOP_ACTIVITY]
11-29 09:18:23.698 1491 1599 I sysui_multi_action: [757,803,799,window_time_2,802,6]
11-29 09:18:23.700 15636 15636 I wm_on_destroy_called: [233629575,com.android.gallery3d.app.GalleryActivity,performDestroy]
11-29 09:18:23.707 16043 16059 W ContextImpl: Calling a method in the system process without a qualified user: android.app.ContextImpl.startService:1816 android.content.ContextWrapper.startService:774 com.thundercomm.gamemode.ingame.services.GameModeActionUtils.startGameModeService:93 com.thundercomm.gamemode.ingame.services.GameModeActionUtils.startGameModeEntry:21 com.thundercomm.gamemode.ingame.services.ActivityMonitoringService$1.onActivityLaunch:127
