11-29 09:20:26.531 1491 1491 I notification_enqueue: [10082,17439,com.android.systemui,2048,NULL,0,Notification(channel=updateNotification shortcut=null contentView=null vibrate=null sound=null defaults=0x0 flags=0x0 color=0x00000000 vis=PRIVATE),1]
11-29 09:20:26.535 1491 1491 I GameModeConfig: isGameModeOn = false
11-29 09:20:26.535 17439 17439 I sysui_multi_action: [757,111,758,1]
11-29 09:20:26.535 1491 1491 I sysui_multi_action: [757,1501,758,1,793,2857847,794,0,795,209,796,2048,806,com.android.systemui,857,updateNotification,858,3,947,0,1500,0,1688,1]
11-29 09:20:26.535 17439 17439 I sysui_multi_action: [757,126,758,1,759,126,927,0,928,1,1593,1]
11-29 09:20:26.535 17439 17439 I sysui_multi_action: [757,113,758,1,759,113,927,1,928,1,1593,1]
11-29 09:20:26.535 1491 1491 I sysui_multi_action: [757,804,799,note_interruptive,801,0,802,1]
11-29 09:20:26.535 17439 17439 I sysui_multi_action: [757,0,758,1,759,0,927,2,928,0,1593,1]
11-29 09:20:26.535 1491 1491 I sysui_multi_action: [757,199,758,1,759,2,793,2857847,794,0,795,209,796,2048,806,com.android.systemui,857,updateNotification,858,3,947,0,1500,0,1688,1]
11-29 09:20:26.535 17439 17439 I sysui_multi_action: [757,0,758,1,759,0,927,3,928,0,1593,1]
11-29 09:20:26.535 1491 1491 I notification_alert: [0|com.android.systemui|2048|null|10082,0,1,0]
11-29 09:20:26.536 17439 17439 I sysui_multi_action: [757,491,758,1,759,491,927,4,928,0,1311,-1,1593,0]
11-29 09:20:26.536 17439 17439 I sysui_multi_action: [757,0,758,1,759,0,927,5,928,0,1593,0]
11-29 09:20:26.536 17439 17439 I sysui_multi_action: [757,111,758,1]
11-29 09:20:26.536 17439 17439 I sysui_multi_action: [757,126,758,1,759,126,927,0,928,1,1593,1]
11-29 09:20:26.536 17439 17439 I sysui_multi_action: [757,113,758,1,759,113,927,1,928,1,1593,1]
11-29 09:20:26.536 17439 17439 I sysui_multi_action: [757,0,758,1,759,0,927,2,928,0,1593,1]
11-29 09:20:26.536 17439 17439 I sysui_multi_action: [757,0,758,1,759,0,927,3,928,0,1593,1]
11-29 09:20:26.536 1491 1491 W NotificationHistory: Attempted to add notif for locked/gone/disabled user 0
11-29 09:20:26.543 1491 1693 I input_focus: [Focus leaving ae74373 NotificationShade (server),reason=NOT_FOCUSABLE]
11-29 09:20:26.543 1491 1693 I input_focus: [Focus entering 59b7b66 com.android.launcher3/com.android.launcher3.uioverrides.QuickstepLauncher (server),reason=setFocusedWindow]
11-29 09:20:26.544 17439 17439 I sysui_multi_action: [757,111,758,2]
11-29 09:20:26.544 17439 17439 I sysui_multi_action: [757,111,758,2]
11-29 09:20:26.545 1491 1491 I notification_enqueue: [10082,17439,com.android.systemui,2048,NULL,0,Notification(channel=updateNotification shortcut=null contentView=null vibrate=null sound=null defaults=0x0 flags=0x0 color=0x00000000 vis=PRIVATE),1]
11-29 09:20:26.547 17439 17439 I sysui_multi_action: [757,111,758,1]
11-29 09:20:26.547 17439 17439 I sysui_multi_action: [757,126,758,1,759,126,927,0,928,1,1593,1]
11-29 09:20:26.547 17439 17439 I sysui_multi_action: [757,113,758,1,759,113,927,1,928,1,1593,1]
11-29 09:20:26.547 17439 17439 I sysui_multi_action: [757,0,758,1,759,0,927,2,928,0,1593,1]
11-29 09:20:26.547 17439 17439 I sysui_multi_action: [757,0,758,1,759,0,927,3,928,0,1593,1]
11-29 09:20:26.547 17439 17439 I sysui_multi_action: [757,491,758,1,759,491,927,4,928,0,1311,-1,1593,1]
11-29 09:20:26.547 17439 17439 I sysui_multi_action: [757,0,758,1,759,0,927,5,928,0,1593,1]
11-29 09:20:26.547 17439 17439 I sysui_multi_action: [757,111,758,1]
11-29 09:20:26.547 17439 17439 I sysui_multi_action: [757,126,758,1,759,126,927,0,928,1,1593,1]
11-29 09:20:26.548 17439 17439 I sysui_multi_action: [757,113,758,1,759,113,927,1,928,1,1593,1]
11-29 09:20:26.548 17439 17439 I sysui_multi_action: [757,0,758,1,759,0,927,2,928,0,1593,1]
11-29 09:20:26.548 17439 17439 I sysui_multi_action: [757,0,758,1,759,0,927,3,928,0,1593,1]
11-29 09:20:26.553 1491 1760 I GameModeConfig: isGameModeOn = false
11-29 09:20:26.554 1491 1760 I GameModeConfig: isGameModeOn = false
11-29 09:20:26.554 1491 1760 I GameModeConfig: isGameModeOn = false
11-29 09:20:26.554 1491 1760 I GameModeConfig: isGameModeOn = false
11-29 09:20:26.554 1491 1760 I GameModeConfig: isGameModeOn = false
11-29 09:20:26.554 1491 1760 I GameModeConfig: isGameModeOn = false
11-29 09:20:26.563 1491 1760 I GameModeConfig: isGameModeOn = false
11-29 09:20:26.563 1491 1760 I GameModeConfig: isGameModeOn = false
11-29 09:20:26.563 1491 1760 I GameModeConfig: isGameModeOn = false
11-29 09:20:26.563 1491 1760 I GameModeConfig: isGameModeOn = false
11-29 09:20:26.563 1491 1760 I GameModeConfig: isGameModeOn = false
11-29 09:20:26.563 1491 1760 I GameModeConfig: isGameModeOn = false
11-29 09:20:26.564 17439 17439 I sysui_multi_action: [757,111,758,2]
11-29 09:20:26.565 17439 17439 I sysui_multi_action: [757,111,758,2]
11-29 09:20:26.566 1491 1491 I notification_enqueue: [10082,17439,com.android.systemui,2048,NULL,0,Notification(channel=updateNotification shortcut=null contentView=null vibrate=null sound=null defaults=0x0 flags=0x0 color=0x00000000 vis=PRIVATE),1]
11-29 09:20:26.566 17439 17439 I sysui_multi_action: [757,111,758,1]
11-29 09:20:26.566 17439 17439 I sysui_multi_action: [757,126,758,1,759,126,927,0,928,1,1593,1]
11-29 09:20:26.567 17439 17439 I sysui_multi_action: [757,113,758,1,759,113,927,1,928,1,1593,1]
11-29 09:20:26.567 17439 17439 I sysui_multi_action: [757,0,758,1,759,0,927,2,928,0,1593,1]
11-29 09:20:26.567 17439 17439 I sysui_multi_action: [757,0,758,1,759,0,927,3,928,0,1593,1]
11-29 09:20:26.567 17439 17439 I sysui_multi_action: [757,491,758,1,759,491,927,4,928,0,1311,-1,1593,0]
11-29 09:20:26.567 17439 17439 I sysui_multi_action: [757,0,758,1,759,0,927,5,928,0,1593,0]
11-29 09:20:26.567 17439 17439 I sysui_multi_action: [757,111,758,1]
11-29 09:20:26.567 17439 17439 I sysui_multi_action: [757,126,758,1,759,126,927,0,928,1,1593,1]
11-29 09:20:26.567 17439 17439 I sysui_multi_action: [757,113,758,1,759,113,927,1,928,1,1593,1]
11-29 09:20:26.567 17439 17439 I sysui_multi_action: [757,0,758,1,759,0,927,2,928,0,1593,1]
11-29 09:20:26.567 17439 17439 I sysui_multi_action: [757,0,758,1,759,0,927,3,928,0,1593,1]
11-29 09:20:26.570 1491 1491 I GameModeConfig: isGameModeOn = false
11-29 09:20:26.570 1491 1491 E NotificationService: Muting recently noisy 0|com.android.systemui|2048|null|10082
11-29 09:20:26.586 1491 1760 I GameModeConfig: isGameModeOn = false
11-29 09:20:26.587 1491 1760 I GameModeConfig: isGameModeOn = false
11-29 09:20:26.587 1491 1760 I GameModeConfig: isGameModeOn = false
11-29 09:20:26.587 1491 1760 I GameModeConfig: isGameModeOn = false
11-29 09:20:26.587 1491 1760 I GameModeConfig: isGameModeOn = false
11-29 09:20:26.587 1491 1760 I GameModeConfig: isGameModeOn = false
11-29 09:20:26.588 1491 1491 I GameModeConfig: isGameModeOn = false
11-29 09:20:26.589 1491 1491 E NotificationService: Muting recently noisy 0|com.android.systemui|2048|null|10082
11-29 09:20:26.591 17439 17439 I sysui_multi_action: [757,111,758,2]
11-29 09:20:26.592 1491 1491 I notification_enqueue: [10082,17439,com.android.systemui,2048,NULL,0,Notification(channel=updateNotification shortcut=null contentView=null vibrate=null sound=null defaults=0x0 flags=0x0 color=0x00000000 vis=PRIVATE),1]
11-29 09:20:26.592 17439 17439 I sysui_multi_action: [757,111,758,2]
11-29 09:20:26.594 17439 17439 I sysui_multi_action: [757,111,758,1]
11-29 09:20:26.594 17439 17439 I sysui_multi_action: [757,126,758,1,759,126,927,0,928,1,1593,1]
11-29 09:20:26.594 17439 17439 I sysui_multi_action: [757,113,758,1,759,113,927,1,928,1,1593,1]
11-29 09:20:26.594 17439 17439 I sysui_multi_action: [757,0,758,1,759,0,927,2,928,0,1593,1]
11-29 09:20:26.594 17439 17439 I sysui_multi_action: [757,0,758,1,759,0,927,3,928,0,1593,1]
11-29 09:20:26.594 17439 17439 I sysui_multi_action: [757,491,758,1,759,491,927,4,928,0,1311,-1,1593,0]
11-29 09:20:26.595 17439 17439 I sysui_multi_action: [757,0,758,1,759,0,927,5,928,0,1593,0]
11-29 09:20:26.595 17439 17439 I sysui_multi_action: [757,111,758,1]
11-29 09:20:26.595 17439 17439 I sysui_multi_action: [757,126,758,1,759,126,927,0,928,1,1593,1]
11-29 09:20:26.595 17439 17439 I sysui_multi_action: [757,113,758,1,759,113,927,1,928,1,1593,1]
11-29 09:20:26.595 17439 17439 I sysui_multi_action: [757,0,758,1,759,0,927,2,928,0,1593,1]
11-29 09:20:26.595 17439 17439 I sysui_multi_action: [757,0,758,1,759,0,927,3,928,0,1593,1]
11-29 09:20:26.605 1491 1491 I GameModeConfig: isGameModeOn = false
11-29 09:20:26.605 1491 1491 E NotificationService: Muting recently noisy 0|com.android.systemui|2048|null|10082
11-29 09:20:26.613 17439 17439 I sysui_multi_action: [757,111,758,2]
11-29 09:20:26.613 1491 1524 I wm_finish_activity: [0,114234796,426,com.android.gallery3d/.app.GalleryActivity,app-request]
11-29 09:20:26.613 17439 17439 I sysui_multi_action: [757,111,758,2]
11-29 09:20:26.615 1491 1491 I notification_enqueue: [10082,17439,com.android.systemui,2048,NULL,0,Notification(channel=updateNotification shortcut=null contentView=null vibrate=null sound=null defaults=0x0 flags=0x0 color=0x00000000 vis=PRIVATE),1]
11-29 09:20:26.616 17439 17439 I sysui_multi_action: [757,111,758,1]
11-29 09:20:26.616 17439 17439 I sysui_multi_action: [757,126,758,1,759,126,927,0,928,1,1593,0]
11-29 09:20:26.616 17439 17439 I sysui_multi_action: [757,113,758,1,759,113,927,1,928,1,1593,0]
11-29 09:20:26.616 17439 17439 I sysui_multi_action: [757,0,758,1,759,0,927,2,928,0,1593,0]
11-29 09:20:26.616 17439 17439 I sysui_multi_action: [757,0,758,1,759,0,927,3,928,0,1593,0]
11-29 09:20:26.616 17439 17439 I sysui_multi_action: [757,491,758,1,759,491,927,4,928,0,1311,-1,1593,0]
11-29 09:20:26.616 17439 17439 I sysui_multi_action: [757,0,758,1,759,0,927,5,928,0,1593,0]
11-29 09:20:26.616 17439 17439 I sysui_multi_action: [757,111,758,1]
11-29 09:20:26.617 17439 17439 I sysui_multi_action: [757,126,758,1,759,126,927,0,928,1,1593,0]
11-29 09:20:26.617 17439 17439 I sysui_multi_action: [757,113,758,1,759,113,927,1,928,1,1593,0]
11-29 09:20:26.617 17439 17439 I sysui_multi_action: [757,0,758,1,759,0,927,2,928,0,1593,0]
11-29 09:20:26.617 17439 17439 I sysui_multi_action: [757,0,758,1,759,0,927,3,928,0,1593,0]
11-29 09:20:26.622 1491 1491 I GameModeConfig: isGameModeOn = false
11-29 09:20:26.623 1491 1491 E NotificationService: Muting recently noisy 0|com.android.systemui|2048|null|10082
11-29 09:20:26.623 1491 1760 I GameModeConfig: isGameModeOn = false
11-29 09:20:26.623 1491 1760 I GameModeConfig: isGameModeOn = false
11-29 09:20:26.623 1491 1760 I GameModeConfig: isGameModeOn = false
11-29 09:20:26.623 1491 1760 I GameModeConfig: isGameModeOn = false
11-29 09:20:26.624 1491 1760 I GameModeConfig: isGameModeOn = false
11-29 09:20:26.624 1491 1760 I GameModeConfig: isGameModeOn = false
11-29 09:20:26.632 1491 1524 I wm_pause_activity: [0,114234796,com.android.gallery3d/.app.GalleryActivity,userLeaving=false,finish]
11-29 09:20:26.638 1491 1760 I GameModeConfig: isGameModeOn = false
11-29 09:20:26.639 1491 1760 I GameModeConfig: isGameModeOn = false
11-29 09:20:26.639 1491 1760 I GameModeConfig: isGameModeOn = false
11-29 09:20:26.639 1491 1760 I GameModeConfig: isGameModeOn = false
11-29 09:20:26.639 1491 1760 I GameModeConfig: isGameModeOn = false
11-29 09:20:26.639 1491 1760 I GameModeConfig: isGameModeOn = false
11-29 09:20:26.640 17439 17439 I sysui_multi_action: [757,111,758,2]
11-29 09:20:26.640 17439 17439 I sysui_multi_action: [757,111,758,2]
11-29 09:20:26.640 1491 1491 I notification_enqueue: [10082,17439,com.android.systemui,2048,NULL,0,Notification(channel=updateNotification shortcut=null contentView=null vibrate=null sound=null defaults=0x0 flags=0x0 color=0x00000000 vis=PRIVATE),1]
11-29 09:20:26.643 15636 15636 I wm_on_paused_called: [114234796,com.android.gallery3d.app.GalleryActivity,performPause]
11-29 09:20:26.643 17439 17439 I sysui_multi_action: [757,111,758,1]
11-29 09:20:26.643 17439 17439 I sysui_multi_action: [757,126,758,1,759,126,927,0,928,1,1593,1]
11-29 09:20:26.643 17439 17439 I sysui_multi_action: [757,113,758,1,759,113,927,1,928,1,1593,1]
11-29 09:20:26.644 17439 17439 I sysui_multi_action: [757,0,758,1,759,0,927,2,928,0,1593,1]
11-29 09:20:26.644 17439 17439 I sysui_multi_action: [757,0,758,1,759,0,927,3,928,0,1593,1]
11-29 09:20:26.644 17439 17439 I sysui_multi_action: [757,491,758,1,759,491,927,4,928,0,1311,-1,1593,0]
11-29 09:20:26.644 17439 17439 I sysui_multi_action: [757,0,758,1,759,0,927,5,928,0,1593,0]
11-29 09:20:26.644 17439 17439 I sysui_multi_action: [757,111,758,1]
11-29 09:20:26.644 17439 17439 I sysui_multi_action: [757,126,758,1,759,126,927,0,928,1,1593,1]
11-29 09:20:26.644 17439 17439 I sysui_multi_action: [757,113,758,1,759,113,927,1,928,1,1593,1]
11-29 09:20:26.644 17439 17439 I sysui_multi_action: [757,0,758,1,759,0,927,2,928,0,1593,1]
11-29 09:20:26.644 17439 17439 I sysui_multi_action: [757,0,758,1,759,0,927,3,928,0,1593,1]
11-29 09:20:26.646 1491 1524 I wm_destroy_activity: [0,114234796,426,com.android.gallery3d/.app.GalleryActivity,finish-imm:completePausedLocked]
11-29 09:20:26.656 1491 1599 I sysui_multi_action: [757,803,799,window_time_0,802,15]
11-29 09:20:26.658 17439 17439 I sysui_multi_action: [757,111,758,2]
11-29 09:20:26.658 17439 17439 I sysui_multi_action: [757,111,758,2]
11-29 09:20:26.660 15636 15636 I wm_on_stop_called: [114234796,com.android.gallery3d.app.GalleryActivity,LIFECYCLER_STOP_ACTIVITY]
11-29 09:20:26.661 17439 17439 I sysui_multi_action: [757,111,758,1]
11-29 09:20:26.661 17439 17439 I sysui_multi_action: [757,126,758,1,759,126,927,0,928,1,1593,1]
11-29 09:20:26.661 17439 17439 I sysui_multi_action: [757,113,758,1,759,113,927,1,928,1,1593,1]
11-29 09:20:26.661 17439 17439 I sysui_multi_action: [757,0,758,1,759,0,927,2,928,0,1593,1]
11-29 09:20:26.661 17439 17439 I sysui_multi_action: [757,0,758,1,759,0,927,3,928,0,1593,1]
11-29 09:20:26.661 17439 17439 I sysui_multi_action: [757,491,758,1,759,491,927,4,928,0,1311,-1,1593,0]
11-29 09:20:26.661 17439 17439 I sysui_multi_action: [757,0,758,1,759,0,927,5,928,0,1593,0]
11-29 09:20:26.661 17439 17439 I sysui_multi_action: [757,111,758,1]
11-29 09:20:26.661 17439 17439 I sysui_multi_action: [757,126,758,1,759,126,927,0,928,1,1593,1]
11-29 09:20:26.661 17439 17439 I sysui_multi_action: [757,113,758,1,759,113,927,1,928,1,1593,1]
11-29 09:20:26.661 17439 17439 I sysui_multi_action: [757,0,758,1,759,0,927,2,928,0,1593,1]
11-29 09:20:26.661 17439 17439 I sysui_multi_action: [757,0,758,1,759,0,927,3,928,0,1593,1]
11-29 09:20:26.662 1491 1491 I GameModeConfig: isGameModeOn = false
11-29 09:20:26.663 1491 1491 E NotificationService: Muting recently noisy 0|com.android.systemui|2048|null|10082
11-29 09:20:26.663 1491 1760 I GameModeConfig: isGameModeOn = false
11-29 09:20:26.663 1491 1760 I GameModeConfig: isGameModeOn = false
11-29 09:20:26.663 1491 1760 I GameModeConfig: isGameModeOn = false
11-29 09:20:26.663 1491 1760 I GameModeConfig: isGameModeOn = false
11-29 09:20:26.663 1491 1760 I GameModeConfig: isGameModeOn = false
11-29 09:20:26.663 1491 1760 I GameModeConfig: isGameModeOn = false
11-29 09:20:26.663 15636 15636 I wm_on_destroy_called: [114234796,com.android.gallery3d.app.GalleryActivity,performDestroy]
11-29 09:20:26.664 1491 1491 I notification_enqueue: [10082,17439,com.android.systemui,2048,NULL,0,Notification(channel=updateNotification shortcut=null contentView=null vibrate=null sound=null defaults=0x0 flags=0x0 color=0x00000000 vis=PRIVATE),1]
11-29 09:20:26.669 16043 16059 W ContextImpl: Calling a method in the system process without a qualified user: android.app.ContextImpl.startService:1816 android.content.ContextWrapper.startService:774 com.thundercomm.gamemode.ingame.services.GameModeActionUtils.startGameModeService:93 com.thundercomm.gamemode.ingame.services.GameModeActionUtils.startGameModeEntry:21 com.thundercomm.gamemode.ingame.services.ActivityMonitoringService$1.onActivityLaunch:127
11-29 09:20:26.673 1491 1673 I commit_sys_config_file: [settings-1-0,7]
11-29 09:20:26.679 1491 1491 I GameModeConfig: Current uri is uri = content://com.thundercomm.gamemode.api/gamemode_settings/gamemode_isgaming
11-29 09:20:26.679 1491 1760 I GameModeConfig: isGameModeOn = false
11-29 09:20:26.679 1491 1760 I GameModeConfig: isGameModeOn = false
11-29 09:20:26.680 1491 1760 I GameModeConfig: isGameModeOn = false
11-29 09:20:26.680 1491 1760 I GameModeConfig: isGameModeOn = false
11-29 09:20:26.680 1491 1760 I GameModeConfig: isGameModeOn = false
11-29 09:20:26.680 1491 1760 I GameModeConfig: isGameModeOn = false
11-29 09:20:26.681 17439 17439 I sysui_multi_action: [757,111,758,2]
11-29 09:20:26.681 17439 17439 I sysui_multi_action: [757,111,758,2]
11-29 09:20:26.682 1491 1491 I GameModeConfig: isGameModeOn = false
11-29 09:20:26.683 17439 17439 I sysui_multi_action: [757,111,758,1]
11-29 09:20:26.683 17439 17439 I sysui_multi_action: [757,126,758,1,759,126,927,0,928,1,1593,1]
11-29 09:20:26.683 17439 17439 I sysui_multi_action: [757,113,758,1,759,113,927,1,928,1,1593,1]
11-29 09:20:26.683 17439 17439 I sysui_multi_action: [757,0,758,1,759,0,927,2,928,0,1593,1]
11-29 09:20:26.683 17439 17439 I sysui_multi_action: [757,0,758,1,759,0,927,3,928,0,1593,1]
11-29 09:20:26.684 17439 17439 I sysui_multi_action: [757,491,758,1,759,491,927,4,928,0,1311,-1,1593,0]
11-29 09:20:26.684 17439 17439 I sysui_multi_action: [757,0,758,1,759,0,927,5,928,0,1593,0]
11-29 09:20:26.684 17439 17439 I sysui_multi_action: [757,111,758,1]
11-29 09:20:26.684 17439 17439 I sysui_multi_action: [757,126,758,1,759,126,927,0,928,1,1593,1]
11-29 09:20:26.684 17439 17439 I sysui_multi_action: [757,113,758,1,759,113,927,1,928,1,1593,1]
11-29 09:20:26.684 17439 17439 I sysui_multi_action: [757,0,758,1,759,0,927,2,928,0,1593,1]
11-29 09:20:26.684 17439 17439 I sysui_multi_action: [757,0,758,1,759,0,927,3,928,0,1593,1]
11-29 09:20:26.689 1491 1491 I GameModeConfig: isGameModeOn = false
11-29 09:20:26.689 1491 1491 I GameModeConfig: isDisableVoice = true
11-29 09:20:26.690 1491 1491 I GameModeConfig: isGameModeOn = false
11-29 09:20:26.690 1491 1491 E NotificationService: Muting recently noisy 0|com.android.systemui|2048|null|10082
11-29 09:20:26.690 1491 1491 I notification_enqueue: [10082,17439,com.android.systemui,2048,NULL,0,Notification(channel=updateNotification shortcut=null contentView=null vibrate=null sound=null defaults=0x0 flags=0x0 color=0x00000000 vis=PRIVATE),1]
11-29 09:20:26.695 1491 1760 I GameModeConfig: isGameModeOn = false
11-29 09:20:26.695 1491 1760 I GameModeConfig: isGameModeOn = false
11-29 09:20:26.695 1491 1760 I GameModeConfig: isGameModeOn = false
11-29 09:20:26.695 1491 1760 I GameModeConfig: isGameModeOn = false
11-29 09:20:26.695 1491 1760 I GameModeConfig: isGameModeOn = false
11-29 09:20:26.695 1491 1760 I GameModeConfig: isGameModeOn = false
11-29 09:20:26.695 1491 1491 I notification_enqueue: [10082,17439,com.android.systemui,2048,NULL,0,Notification(channel=updateNotification shortcut=null contentView=null vibrate=null sound=null defaults=0x0 flags=0x0 color=0x00000000 vis=PRIVATE),1]
11-29 09:20:26.695 17439 17439 I sysui_multi_action: [757,111,758,2]
11-29 09:20:26.696 17439 17439 I sysui_multi_action: [757,111,758,2]
11-29 09:20:26.714 1491 1491 I GameModeConfig: isGameModeOn = false
11-29 09:20:26.714 1491 1491 E NotificationService: Muting recently noisy 0|com.android.systemui|2048|null|10082
11-29 09:20:26.717 17439 17439 I sysui_multi_action: [757,111,758,1]
11-29 09:20:26.717 17439 17439 I sysui_multi_action: [757,126,758,1,759,126,927,0,928,1,1593,1]
11-29 09:20:26.717 17439 17439 I sysui_multi_action: [757,113,758,1,759,113,927,1,928,1,1593,1]
11-29 09:20:26.717 17439 17439 I sysui_multi_action: [757,0,758,1,759,0,927,2,928,0,1593,1]
11-29 09:20:26.717 17439 17439 I sysui_multi_action: [757,0,758,1,759,0,927,3,928,0,1593,1]
11-29 09:20:26.717 17439 17439 I sysui_multi_action: [757,491,758,1,759,491,927,4,928,0,1311,-1,1593,0]
11-29 09:20:26.718 17439 17439 I sysui_multi_action: [757,0,758,1,759,0,927,5,928,0,1593,0]
11-29 09:20:26.718 17439 17439 I sysui_multi_action: [757,111,758,1]
11-29 09:20:26.718 17439 17439 I sysui_multi_action: [757,126,758,1,759,126,927,0,928,1,1593,1]
11-29 09:20:26.718 17439 17439 I sysui_multi_action: [757,113,758,1,759,113,927,1,928,1,1593,1]
11-29 09:20:26.718 17439 17439 I sysui_multi_action: [757,0,758,1,759,0,927,2,928,0,1593,1]
11-29 09:20:26.718 17439 17439 I sysui_multi_action: [757,0,758,1,759,0,927,3,928,0,1593,1]
11-29 09:20:26.726 1491 1760 I GameModeConfig: isGameModeOn = false
11-29 09:20:26.726 1491 1760 I GameModeConfig: isGameModeOn = false
11-29 09:20:26.726 1491 1760 I GameModeConfig: isGameModeOn = false
11-29 09:20:26.726 1491 1760 I GameModeConfig: isGameModeOn = false
11-29 09:20:26.727 1491 1760 I GameModeConfig: isGameModeOn = false
11-29 09:20:26.727 1491 1760 I GameModeConfig: isGameModeOn = false
11-29 09:20:26.727 17439 17439 I sysui_multi_action: [757,111,758,2]
11-29 09:20:26.728 17439 17439 I sysui_multi_action: [757,111,758,2]
11-29 09:20:26.728 1491 1491 I notification_enqueue: [10082,17439,com.android.systemui,2048,NULL,0,Notification(channel=updateNotification shortcut=null contentView=null vibrate=null sound=null defaults=0x0 flags=0x0 color=0x00000000 vis=PRIVATE),1]
11-29 09:20:26.729 1491 11109 I sysui_multi_action: [757,128,758,2,793,20591502,794,975,795,20591502,796,26,798,0,806,android,857,DEVELOPER_IMPORTANT,858,4,947,0,1395,2,1500,20591297,1688,1]
11-29 09:20:26.729 1491 11109 I notification_visibility: [-1|android|26|null|1000,0,20591502,20591502,0,0]
11-29 09:20:26.729 1491 11109 I sysui_multi_action: [757,128,758,2,793,20591505,794,973,795,20591505,796,32,798,1,806,android,857,USB,858,1,947,0,1395,2,1500,20591302,1688,1]
11-29 09:20:26.730 1491 11109 I notification_visibility: [-1|android|32|null|1000,0,20591505,20591505,0,1]
11-29 09:20:26.730 1491 1524 I sysui_multi_action: [757,127,758,2]
11-29 09:20:26.730 1491 1524 I notification_panel_hidden:
11-29 09:20:26.732 1491 1491 I GameModeConfig: isGameModeOn = false
11-29 09:20:26.733 1491 1491 E NotificationService: Muting recently noisy 0|com.android.systemui|2048|null|10082
11-29 09:20:26.747 17439 17439 I sysui_multi_action: [757,111,758,1]
11-29 09:20:26.747 1491 1491 I GameModeConfig: isGameModeOn = false
11-29 09:20:26.747 17439 17439 I sysui_multi_action: [757,126,758,1,759,126,927,0,928,1,1593,1]
11-29 09:20:26.747 17439 17439 I sysui_multi_action: [757,113,758,1,759,113,927,1,928,1,1593,1]
11-29 09:20:26.747 17439 17439 I sysui_multi_action: [757,0,758,1,759,0,927,2,928,0,1593,1]
11-29 09:20:26.747 17439 17439 I sysui_multi_action: [757,0,758,1,759,0,927,3,928,0,1593,1]
11-29 09:20:26.747 1491 1491 E NotificationService: Muting recently noisy 0|com.android.systemui|2048|null|10082
11-29 09:20:26.747 17439 17439 I sysui_multi_action: [757,491,758,1,759,491,927,4,928,0,1311,-1,1593,0]
11-29 09:20:26.748 17439 17439 I sysui_multi_action: [757,0,758,1,759,0,927,5,928,0,1593,0]
11-29 09:20:26.748 17439 17439 I sysui_multi_action: [757,111,758,1]
11-29 09:20:26.748 17439 17439 I sysui_multi_action: [757,126,758,1,759,126,927,0,928,1,1593,1]
11-29 09:20:26.748 17439 17439 I sysui_multi_action: [757,113,758,1,759,113,927,1,928,1,1593,1]
11-29 09:20:26.748 17439 17439 I sysui_multi_action: [757,0,758,1,759,0,927,2,928,0,1593,1]
11-29 09:20:26.748 17439 17439 I sysui_multi_action: [757,0,758,1,759,0,927,3,928,0,1593,1]
11-29 09:20:26.760 16043 16059 W ContextImpl: Calling a method in the system process without a qualified user: android.app.ContextImpl.startService:1816 android.content.ContextWrapper.startService:774 com.thundercomm.gamemode.ingame.services.GameModeActionUtils.startGameModeService:93 com.thundercomm.gamemode.ingame.services.GameModeActionUtils.startGameModeEntry:21 com.thundercomm.gamemode.ingame.services.ActivityMonitoringService$1.onActivityLaunch:127
11-29 09:20:26.764 1491 1491 I GameModeConfig: Current uri is uri = content://com.thundercomm.gamemode.api/gamemode_settings/gamemode_isgaming
11-29 09:20:26.767 1491 1491 I GameModeConfig: isGameModeOn = false
11-29 09:20:26.767 1491 1491 I GameModeConfig: isGameModeOn = false
11-29 09:20:26.767 1491 1491 I GameModeConfig: isDisableVoice = true
11-29 09:20:26.769 1491 1491 I GameModeConfig: isGameModeOn = false
11-29 09:20:26.770 1491 1491 E NotificationService: Muting recently noisy 0|com.android.systemui|2048|null|10082
11-29 09:20:26.792 1491 1491 I GameModeConfig: isGameModeOn = false
11-29 09:20:26.793 1491 1491 E NotificationService: Muting recently noisy 0|com.android.systemui|2048|null|10082
11-29 09:20:26.823 1491 1491 I GameModeConfig: isGameModeOn = false
11-29 09:20:26.823 1491 1491 E NotificationService: Muting recently noisy 0|com.android.systemui|2048|null|10082
11-29 09:20:26.825 1491 1693 I input_interaction: Interaction with: 59b7b66 com.android.launcher3/com.android.launcher3.uioverrides.QuickstepLauncher (server), 41aecc7 com.android.systemui.ImageWallpaper (server), edge-swipe (server), swipe-up (server), PointerEventDispatcher0 (server),
11-29 09:20:26.844 1491 1491 I GameModeConfig: isGameModeOn = false
11-29 09:20:26.844 1491 1491 E NotificationService: Muting recently noisy 0|com.android.systemui|2048|null|10082
11-29 09:20:26.866 1491 1491 I GameModeConfig: isGameModeOn = false
11-29 09:20:26.867 1491 1491 E NotificationService: Muting recently noisy 0|com.android.systemui|2048|null|10082
11-29 09:20:26.891 1491 1491 I GameModeConfig: isGameModeOn = false
11-29 09:20:26.892 1491 1491 E NotificationService: Muting recently noisy 0|com.android.systemui|2048|null|10082
11-29 09:20:26.896 1491 1491 I GameModeConfig: isGameModeOn = false
11-29 09:20:26.897 1491 1491 E NotificationService: Muting recently noisy 0|com.android.systemui|2048|null|10082
11-29 09:20:26.933 1491 1491 I GameModeConfig: isGameModeOn = false
11-29 09:20:26.934 1491 1491 E NotificationService: Muting recently noisy 0|com.android.systemui|2048|null|10082
11-29 09:20:26.938 1491 1600 I wm_task_removed: [426,removeChild:removeChild last r=ActivityRecord{6cf15ac u0 com.android.gallery3d/.app.GalleryActivity t-1 f}} in t=Task{81bdb2d #426 type=standard A=10068:com.android.gallery3d U=0 visible=false mode=freeform translucent=true sz=0}]
11-29 09:20:26.938 1491 1600 I wm_task_removed: [426,removeChild]
11-29 09:20:26.939 1491 1600 D FreeFormWindowHelper: Remove freefrom task=Task{81bdb2d #426 type=standard A=10068:com.android.gallery3d U=0 visible=false mode=freeform translucent=true sz=0}
11-29 09:20:26.952 13671 13671 I view_enqueue_input_event: [Motion - Cancel,com.android.launcher3/com.android.launcher3.uioverrides.QuickstepLauncher]
11-29 09:20:26.956 1491 1693 I input_interaction: Interaction with: edge-swipe (server), swipe-up (server), PointerEventDispatcher0 (server),
11-29 09:20:26.973 1491 1524 W ActivityTaskManager: getTaskSnapshot: taskId=5426 not found
11-29 09:20:26.975 1491 2068 W ActivityTaskManager: getTaskSnapshot: taskId=4426 not found
11-29 09:20:26.978 1491 2068 W ActivityTaskManager: getTaskSnapshot: taskId=3426 not found
11-29 09:20:26.980 1491 2068 W ActivityTaskManager: getTaskSnapshot: taskId=2426 not found
11-29 09:20:26.981 1491 2068 W ActivityTaskManager: getTaskSnapshot: taskId=1426 not found
11-29 09:20:27.148 1491 1673 I commit_sys_config_file: [settings-1-0,7]
11-29 09:20:27.398 1491 1673 I commit_sys_config_file: [settings-1-0,12]
11-29 09:20:27.490 1491 1693 I input_interaction: Interaction with: 59b7b66 com.android.launcher3/com.android.launcher3.uioverrides.QuickstepLauncher (server), 41aecc7 com.android.systemui.ImageWallpaper (server), edge-swipe (server), swipe-up (server), PointerEventDispatcher0 (server),
11-29 09:20:27.516 1491 1693 I input_interaction: Interaction with: edge-swipe (server), swipe-up (server), PointerEventDispatcher0 (server),
11-29 09:20:27.527 13671 13671 I view_enqueue_input_event: [Motion - Cancel,com.android.launcher3/com.android.launcher3.uioverrides.QuickstepLauncher]
11-29 09:20:28.463 1491 1693 I input_interaction: Interaction with: 59b7b66 com.android.launcher3/com.android.launcher3.uioverrides.QuickstepLauncher (server), 41aecc7 com.android.systemui.ImageWallpaper (server), edge-swipe (server), swipe-up (server), PointerEventDispatcher0 (server),
11-29 09:20:28.513 1491 1693 I input_interaction: Interaction with: edge-swipe (server), swipe-up (server), PointerEventDispatcher0 (server),
11-29 09:20:28.515 13671 13671 I view_enqueue_input_event: [Motion - Cancel,com.android.launcher3/com.android.launcher3.uioverrides.QuickstepLauncher]
11-29 09:20:28.535 1491 1524 W ActivityTaskManager: getTaskSnapshot: taskId=5426 not found
11-29 09:20:28.535 1491 7658 W ActivityTaskManager: getTaskSnapshot: taskId=4426 not found
11-29 09:20:28.678 1491 1674 D ActivityManager: freezing 15872 com.hryt.hiphishowfsecontrol
11-29 09:20:28.678 1491 1674 E ActivityManager: Unable to freeze binder for 15872 com.hryt.hiphishowfsecontrol
11-29 09:20:28.679 1491 1674 D ActivityManager: froze 15872 com.hryt.hiphishowfsecontrol
11-29 09:20:28.679 1491 1674 I am_freeze: [15872,com.hryt.hiphishowfsecontrol]
11-29 09:20:28.679 1491 1674 E ActivityManager: Unable to freeze binder for 15872 com.hryt.hiphishowfsecontrol
11-29 09:20:28.680 1491 1674 I ActivityManager: Killing 15872:com.hryt.hiphishowfsecontrol/u0a20 (adj 955): Unable to freeze binder interface
11-29 09:20:28.680 1491 1674 I am_kill : [0,15872,com.hryt.hiphishowfsecontrol,955,Unable to freeze binder interface]
11-29 09:20:28.701 1491 1673 I commit_sys_config_file: [settings-1-0,8]
11-29 09:20:28.723 1491 1524 I am_proc_died: [0,15872,com.hryt.hiphishowfsecontrol,955,19]
11-29 09:20:28.724 1491 1524 I am_uid_stopped: 10020
11-29 09:20:28.934 1491 1673 I commit_sys_config_file: [settings-1-0,5]
11-29 09:20:29.240 1491 1693 I input_interaction: Interaction with: 59b7b66 com.android.launcher3/com.android.launcher3.uioverrides.QuickstepLauncher (server), 41aecc7 com.android.systemui.ImageWallpaper (server), edge-swipe (server), swipe-up (server), PointerEventDispatcher0 (server),
11-29 09:20:29.744 1491 7658 W ActivityTaskManager: Request to remove task ignored for non-existent task 426
11-29 09:20:30.079 0 0 I auditd : type=1400 audit(0.0:24244): avc: denied { kill } for comm="swapper/1" capability=5 scontext=u:r:kernel:s0 tcontext=u:r:kernel:s0 tclass=capability permissive=0
11-29 09:20:31.079 0 0 I auditd : type=1400 audit(0.0:24245): avc: denied { kill } for comm="swapper/1" capability=5 scontext=u:r:kernel:s0 tcontext=u:r:kernel:s0 tclass=capability permissive=0
11-29 09:20:32.079 0 0 I auditd : type=1400 audit(0.0:24246): avc: denied { kill } for comm="swapper/1" capability=5 scontext=u:r:kernel:s0 tcontext=u:r:kernel:s0 tclass=capability permissive=0
11-29 09:20:33.079 0 0 I auditd : type=1400 audit(0.0:24247): avc: denied { kill } for comm="swapper/1" capability=5 scontext=u:r:kernel:s0 tcontext=u:r:kernel:s0 tclass=capability permissive=0
11-29 09:20:34.079 0 0 I auditd : type=1400 audit(0.0:24248): avc: denied { kill } for comm="swapper/1" capability=5 scontext=u:r:kernel:s0 tcontext=u:r:kernel:s0 tclass=capability permissive=0
11-29 09:20:34.981 1491 5277 I ActivityTaskManager: START u0 {flg=0x10008000 cmp=com.android.gallery3d/.app.GalleryActivity} from uid 10077
11-29 09:20:34.989 1491 5277 I wm_task_created: [427,-1]
11-29 09:20:34.989 1491 5277 W ActivityTaskManager: Can't find TaskDisplayArea to determine support for multi window. Task id=427 attached=false
11-29 09:20:34.992 1491 5277 D FreeFormWindowHelper: Add freeform task=Task{7e4b72f #427 type=standard ?? U=0 visible=false mode=freeform translucent=true sz=0}
11-29 09:20:34.998 1491 5277 I wm_task_moved: [427,1,9]
11-29 09:20:34.998 1491 5277 I wm_task_to_front: [0,427]
11-29 09:20:34.998 1491 5277 I wm_create_task: [0,427]
11-29 09:20:34.998 1491 5277 I wm_create_activity: [0,70463514,427,com.android.gallery3d/.app.GalleryActivity,NULL,NULL,NULL,268468224]
11-29 09:20:34.998 1491 5277 I wm_task_moved: [427,1,9]
11-29 09:20:34.999 1491 5277 I ActivityTaskManager: FOREGROUND_APPLICATION_CHANGED to com.android.gallery3d.app.GalleryActivity
11-29 09:20:34.999 1491 5277 I ActivityTaskManager: The Process com.android.gallery3d Already Exists in BG. So sending its PID: 15636
11-29 09:20:35.000 1491 5277 W ActivityTaskManager: Tried to set launchTime (0) < mLastActivityLaunchTime (21990959)
11-29 09:20:35.001 1491 5277 I wm_restart_activity: [0,70463514,427,com.android.gallery3d/.app.GalleryActivity]
11-29 09:20:35.002 1491 5277 I wm_set_resumed_activity: [0,com.android.gallery3d/.app.GalleryActivity,minimalResumeActivityLocked]
11-29 09:20:35.011 13671 13671 I wm_on_top_resumed_lost_called: [254362067,com.android.launcher3.uioverrides.QuickstepLauncher,topStateChangedWhenResumed]
11-29 09:20:35.034 16043 16059 W ContextImpl: Calling a method in the system process without a qualified user: android.app.ContextImpl.startService:1816 android.content.ContextWrapper.startService:774 com.thundercomm.gamemode.ingame.services.GameModeActionUtils.startGameModeService:93 com.thundercomm.gamemode.ingame.services.GameModeActionUtils.startGameModeEntry:21 com.thundercomm.gamemode.ingame.services.ActivityMonitoringService$1.onActivityLaunch:127
11-29 09:20:35.038 1491 1491 I GameModeConfig: Current uri is uri = content://com.thundercomm.gamemode.api/gamemode_settings/gamemode_isgaming
11-29 09:20:35.042 15636 15636 I wm_on_create_called: [70463514,com.android.gallery3d.app.GalleryActivity,performCreate]
11-29 09:20:35.043 15636 15636 I wm_on_start_called: [70463514,com.android.gallery3d.app.GalleryActivity,handleStartActivity]
11-29 09:20:35.045 15636 15636 I wm_on_resume_called: [70463514,com.android.gallery3d.app.GalleryActivity,RESUME_ACTIVITY]
11-29 09:20:35.047 15636 15636 I wm_on_top_resumed_gained_called: [70463514,com.android.gallery3d.app.GalleryActivity,topStateChangedWhenResumed]
11-29 09:20:35.047 1491 1491 I GameModeConfig: isGameModeOn = false
11-29 09:20:35.049 1491 1491 I GameModeConfig: isGameModeOn = false
11-29 09:20:35.049 1491 1491 I GameModeConfig: isDisableVoice = true
11-29 09:20:35.060 1491 2068 W WindowManager: updateScale0.7996942
11-29 09:20:35.064 1491 1600 I input_focus: [Focus request 199bbd4 com.android.gallery3d/com.android.gallery3d.app.GalleryActivity,reason=UpdateInputWindows]
11-29 09:20:35.079 0 0 I auditd : type=1400 audit(0.0:24249): avc: denied { kill } for comm="swapper/1" capability=5 scontext=u:r:kernel:s0 tcontext=u:r:kernel:s0 tclass=capability permissive=0
11-29 09:20:35.093 1491 1693 I input_focus: [Focus leaving 59b7b66 com.android.launcher3/com.android.launcher3.uioverrides.QuickstepLauncher (server),reason=Waiting for window because NOT_VISIBLE]
11-29 09:20:35.109 1491 1600 W WindowManager: updateScale0.7996942
11-29 09:20:35.114 1491 1600 W WindowManager: updateScale0.7996942
11-29 09:20:35.115 1491 1600 W WindowManager: updateScale0.7996942
11-29 09:20:35.118 1491 1596 I sysui_multi_action: [319,134,322,133,325,22013,757,761,758,8,759,2,806,com.android.gallery3d,871,com.android.gallery3d.app.GalleryActivity,904,com.android.launcher3,905,0,1320,4,1321,1]
11-29 09:20:35.119 1491 1596 I wm_activity_launch_time: [0,70463514,com.android.gallery3d/.app.GalleryActivity,133]
11-29 09:20:35.127 1491 1693 I input_focus: [Focus entering 199bbd4 com.android.gallery3d/com.android.gallery3d.app.GalleryActivity (server),reason=Window became focusable. Previous reason: NOT_VISIBLE]
11-29 09:20:35.396 1491 1600 W WindowManager: updateScale0.7996942
11-29 09:20:35.425 1491 1760 I GameModeConfig: isGameModeOn = false
11-29 09:20:35.455 1491 1760 I GameModeConfig: isGameModeOn = false
11-29 09:20:35.471 1491 1760 I GameModeConfig: isGameModeOn = false
11-29 09:20:35.493 1491 1760 I GameModeConfig: isGameModeOn = false
11-29 09:20:35.516 1491 1760 I GameModeConfig: isGameModeOn = false
11-29 09:20:35.536 1491 1760 I GameModeConfig: isGameModeOn = false
11-29 09:20:35.561 1491 1760 I GameModeConfig: isGameModeOn = false
11-29 09:20:35.580 1491 1760 I GameModeConfig: isGameModeOn = false
11-29 09:20:36.079 0 0 I auditd : type=1400 audit(0.0:24250): avc: denied { kill } for comm="swapper/1" capability=5 scontext=u:r:kernel:s0 tcontext=u:r:kernel:s0 tclass=capability permissive=0
11-29 09:20:36.331 1491 1760 I GameModeConfig: isGameModeOn = false
11-29 09:20:36.366 1491 1760 I GameModeConfig: isGameModeOn = false
11-29 09:20:36.385 1491 1760 I GameModeConfig: isGameModeOn = false
11-29 09:20:36.399 1491 1760 I GameModeConfig: isGameModeOn = false
11-29 09:20:36.418 1491 1760 I GameModeConfig: isGameModeOn = false
11-29 09:20:36.452 1491 1760 I GameModeConfig: isGameModeOn = false
11-29 09:20:36.478 1491 1760 I GameModeConfig: isGameModeOn = false
11-29 09:20:36.509 1491 1760 I GameModeConfig: isGameModeOn = false
11-29 09:20:36.530 1491 1760 I GameModeConfig: isGameModeOn = false
11-29 09:20:36.534 1491 1760 I GameModeConfig: isGameModeOn = false
11-29 09:20:36.554 1491 1760 I GameModeConfig: isGameModeOn = false
11-29 09:20:36.563 1491 1760 I GameModeConfig: isGameModeOn = false
11-29 09:20:36.569 1491 1760 I GameModeConfig: isGameModeOn = false
11-29 09:20:36.587 1491 1760 I GameModeConfig: isGameModeOn = false
11-29 09:20:36.589 1491 1760 I GameModeConfig: isGameModeOn = false
11-29 09:20:36.605 1491 1760 I GameModeConfig: isGameModeOn = false
11-29 09:20:36.623 1491 1760 I GameModeConfig: isGameModeOn = false
11-29 09:20:36.623 1491 1760 I GameModeConfig: isGameModeOn = false
11-29 09:20:36.639 1491 1760 I GameModeConfig: isGameModeOn = false
11-29 09:20:36.662 1491 1760 I GameModeConfig: isGameModeOn = false
11-29 09:20:36.662 1491 1760 I GameModeConfig: isGameModeOn = false
11-29 09:20:36.680 1491 1760 I GameModeConfig: isGameModeOn = false
11-29 09:20:36.689 1491 1760 I GameModeConfig: isGameModeOn = false
11-29 09:20:36.695 1491 1760 I GameModeConfig: isGameModeOn = false
11-29 09:20:36.713 1491 1760 I GameModeConfig: isGameModeOn = false
11-29 09:20:36.728 1491 1760 I GameModeConfig: isGameModeOn = false
11-29 09:20:36.732 1491 1760 I GameModeConfig: isGameModeOn = false
11-29 09:20:36.747 1491 1760 I GameModeConfig: isGameModeOn = false
11-29 09:20:36.771 1491 1760 I GameModeConfig: isGameModeOn = false
11-29 09:20:36.795 1491 1760 I GameModeConfig: isGameModeOn = false
11-29 09:20:36.823 1491 1760 I GameModeConfig: isGameModeOn = false
11-29 09:20:36.831 1491 5277 I ActivityTaskManager: START u0 {act=android.intent.action.MAIN cat=[android.intent.category.LAUNCHER] flg=0x10200000 cmp=com.android.gallery3d/.app.GalleryActivity bnds=[2308,340][2494,540]} from uid 10077
11-29 09:20:36.838 1491 5277 I wm_task_moved: [427,1,9]
11-29 09:20:36.839 1491 5277 I wm_set_resumed_activity: [0,com.android.gallery3d/.app.GalleryActivity,positionChildAt]
11-29 09:20:36.839 1491 5277 I wm_create_activity: [0,23573556,427,com.android.gallery3d/.app.GalleryActivity,android.intent.action.MAIN,NULL,NULL,270532608]
11-29 09:20:36.842 1491 5277 I wm_pause_activity: [0,70463514,com.android.gallery3d/.app.GalleryActivity,userLeaving=true,resumeTopActivityInnerLocked]
11-29 09:20:36.843 15636 15636 I wm_on_top_resumed_lost_called: [70463514,com.android.gallery3d.app.GalleryActivity,topStateChangedWhenResumed]
11-29 09:20:36.843 1491 5277 W WindowManager: updateScale0.7996942
11-29 09:20:36.844 1491 1760 I GameModeConfig: isGameModeOn = false
11-29 09:20:36.866 15636 15636 I wm_on_paused_called: [70463514,com.android.gallery3d.app.GalleryActivity,performPause]
11-29 09:20:36.872 1491 5277 I ActivityTaskManager: The Process com.android.gallery3d Already Exists in BG. So sending its PID: 15636
11-29 09:20:36.872 1491 5277 W ActivityTaskManager: Tried to set launchTime (0) < mLastActivityLaunchTime (22013479)
11-29 09:20:36.874 1491 5277 I wm_restart_activity: [0,23573556,427,com.android.gallery3d/.app.GalleryActivity]
11-29 09:20:36.877 1491 5277 I wm_set_resumed_activity: [0,com.android.gallery3d/.app.GalleryActivity,minimalResumeActivityLocked]
11-29 09:20:36.880 1491 1760 I GameModeConfig: isGameModeOn = false
11-29 09:20:36.882 1491 1599 I sysui_multi_action: [757,803,799,window_time_0,802,10]
11-29 09:20:36.892 1491 1760 I GameModeConfig: isGameModeOn = false
11-29 09:20:36.898 1491 1760 I GameModeConfig: isGameModeOn = false
11-29 09:20:36.910 15636 15636 I wm_on_create_called: [23573556,com.android.gallery3d.app.GalleryActivity,performCreate]
11-29 09:20:36.912 15636 15636 I wm_on_start_called: [23573556,com.android.gallery3d.app.GalleryActivity,handleStartActivity]
11-29 09:20:36.915 15636 15636 I wm_on_resume_called: [23573556,com.android.gallery3d.app.GalleryActivity,RESUME_ACTIVITY]
11-29 09:20:36.920 15636 15636 I wm_on_top_resumed_gained_called: [23573556,com.android.gallery3d.app.GalleryActivity,topStateChangedWhenResumed]
11-29 09:20:36.931 1491 5277 W WindowManager: updateScale0.7996942
11-29 09:20:36.931 1491 5277 W WindowManager: updateScale0.7996942
11-29 09:20:36.934 1491 1760 I GameModeConfig: isGameModeOn = false
11-29 09:20:36.935 1491 1600 I input_focus: [Focus request ec32759 com.android.gallery3d/com.android.gallery3d.app.GalleryActivity,reason=UpdateInputWindows]
11-29 09:20:36.947 1491 1600 W WindowManager: updateScale0.7996942
11-29 09:20:36.947 1491 1600 W WindowManager: updateScale0.7996942
11-29 09:20:36.964 1491 1600 W WindowManager: updateScale0.7996942
11-29 09:20:36.964 1491 1600 W WindowManager: updateScale0.7996942
11-29 09:20:36.967 1491 1596 I wm_activity_launch_time: [0,23573556,com.android.gallery3d/.app.GalleryActivity,136]
11-29 09:20:36.967 1491 1693 I input_focus: [Focus leaving 199bbd4 com.android.gallery3d/com.android.gallery3d.app.GalleryActivity (server),reason=Waiting for window because NOT_VISIBLE]
11-29 09:20:36.967 1491 1600 W WindowManager: updateScale0.7996942
11-29 09:20:36.967 1491 1600 W WindowManager: updateScale0.7996942
11-29 09:20:36.983 1491 1693 I input_focus: [Focus entering ec32759 com.android.gallery3d/com.android.gallery3d.app.GalleryActivity (server),reason=Window became focusable. Previous reason: NOT_VISIBLE]
11-29 09:20:36.997 16043 16059 W ContextImpl: Calling a method in the system process without a qualified user: android.app.ContextImpl.startService:1816 android.content.ContextWrapper.startService:774 com.thundercomm.gamemode.ingame.services.GameModeActionUtils.startGameModeService:93 com.thundercomm.gamemode.ingame.services.GameModeActionUtils.startGameModeEntry:21 com.thundercomm.gamemode.ingame.services.ActivityMonitoringService$1.onActivityLaunch:127
11-29 09:20:37.003 1491 1491 I GameModeConfig: Current uri is uri = content://com.thundercomm.gamemode.api/gamemode_settings/gamemode_isgaming
11-29 09:20:37.009 1491 1491 I GameModeConfig: isGameModeOn = false
11-29 09:20:37.009 1491 1491 I GameModeConfig: isGameModeOn = false
11-29 09:20:37.009 1491 1491 I GameModeConfig: isDisableVoice = true
11-29 09:20:37.514 1491 1600 W WindowManager: updateScale0.7996942
11-29 09:20:37.515 1491 1600 W WindowManager: updateScale0.7996942
11-29 09:20:38.079 0 0 I auditd : type=1400 audit(0.0:24251): avc: denied { kill } for comm="swapper/1" capability=5 scontext=u:r:kernel:s0 tcontext=u:r:kernel:s0 tclass=capability permissive=0
11-29 09:20:39.079 0 0 I auditd : type=1400 audit(0.0:24252): avc: denied { kill } for comm="swapper/1" capability=5 scontext=u:r:kernel:s0 tcontext=u:r:kernel:s0 tclass=capability permissive=0
11-29 09:20:40.079 0 0 I auditd : type=1400 audit(0.0:24253): avc: denied { kill } for comm="swapper/1" capability=5 scontext=u:r:kernel:s0 tcontext=u:r:kernel:s0 tclass=capability permissive=0
11-29 09:20:40.734 1491 1524 I ActivityTaskManager: START u0 {act=android.intent.action.MAIN cat=[android.intent.category.LAUNCHER] flg=0x10200000 cmp=com.android.gallery3d/.app.GalleryActivity bnds=[2308,340][2494,540]} from uid 10077
11-29 09:20:40.740 1491 1524 I wm_task_moved: [427,1,9]
11-29 09:20:40.740 1491 1524 I wm_set_resumed_activity: [0,com.android.gallery3d/.app.GalleryActivity,positionChildAt]
11-29 09:20:40.740 1491 1524 I wm_create_activity: [0,218306707,427,com.android.gallery3d/.app.GalleryActivity,android.intent.action.MAIN,NULL,NULL,270532608]
11-29 09:20:40.743 1491 1524 I wm_pause_activity: [0,23573556,com.android.gallery3d/.app.GalleryActivity,userLeaving=true,resumeTopActivityInnerLocked]
11-29 09:20:40.743 15636 15636 I wm_on_top_resumed_lost_called: [23573556,com.android.gallery3d.app.GalleryActivity,topStateChangedWhenResumed]
11-29 09:20:40.744 1491 1524 W WindowManager: updateScale0.7996942
11-29 09:20:40.745 1491 1524 W WindowManager: updateScale0.7996942
11-29 09:20:40.757 15636 15636 I wm_on_paused_called: [23573556,com.android.gallery3d.app.GalleryActivity,performPause]
11-29 09:20:40.759 1491 2923 I ActivityTaskManager: The Process com.android.gallery3d Already Exists in BG. So sending its PID: 15636
11-29 09:20:40.759 1491 2923 W ActivityTaskManager: Tried to set launchTime (0) < mLastActivityLaunchTime (22015352)
11-29 09:20:40.761 1491 2923 I wm_restart_activity: [0,218306707,427,com.android.gallery3d/.app.GalleryActivity]
11-29 09:20:40.763 1491 2923 I wm_set_resumed_activity: [0,com.android.gallery3d/.app.GalleryActivity,minimalResumeActivityLocked]
11-29 09:20:40.766 1491 1599 I sysui_multi_action: [757,803,799,window_time_2,802,4]
11-29 09:20:40.787 15636 15636 I wm_on_create_called: [218306707,com.android.gallery3d.app.GalleryActivity,performCreate]
11-29 09:20:40.789 15636 15636 I wm_on_start_called: [218306707,com.android.gallery3d.app.GalleryActivity,handleStartActivity]
11-29 09:20:40.792 15636 15636 I wm_on_resume_called: [218306707,com.android.gallery3d.app.GalleryActivity,RESUME_ACTIVITY]
11-29 09:20:40.795 15636 15636 I wm_on_top_resumed_gained_called: [218306707,com.android.gallery3d.app.GalleryActivity,topStateChangedWhenResumed]
11-29 09:20:40.808 1491 2923 W WindowManager: updateScale0.7996942
11-29 09:20:40.808 1491 2923 W WindowManager: updateScale0.7996942
11-29 09:20:40.808 1491 2923 W WindowManager: updateScale0.7996942
11-29 09:20:40.812 1491 1600 I input_focus: [Focus request bc3c9fc com.android.gallery3d/com.android.gallery3d.app.GalleryActivity,reason=UpdateInputWindows]
11-29 09:20:40.823 1491 1600 W WindowManager: updateScale0.7996942
11-29 09:20:40.823 1491 1600 W WindowManager: updateScale0.7996942
11-29 09:20:40.823 1491 1600 W WindowManager: updateScale0.7996942
11-29 09:20:40.841 1491 1600 W WindowManager: updateScale0.7996942
11-29 09:20:40.841 1491 1600 W WindowManager: updateScale0.7996942
11-29 09:20:40.841 1491 1600 W WindowManager: updateScale0.7996942
11-29 09:20:40.843 1491 1693 I input_focus: [Focus leaving ec32759 com.android.gallery3d/com.android.gallery3d.app.GalleryActivity (server),reason=Waiting for window because NOT_VISIBLE]
11-29 09:20:40.845 1491 1596 I wm_activity_launch_time: [0,218306707,com.android.gallery3d/.app.GalleryActivity,110]
11-29 09:20:40.845 1491 1600 W WindowManager: updateScale0.7996942
11-29 09:20:40.845 1491 1600 W WindowManager: updateScale0.7996942
11-29 09:20:40.845 1491 1600 W WindowManager: updateScale0.7996942
11-29 09:20:40.859 1491 1693 I input_focus: [Focus entering bc3c9fc com.android.gallery3d/com.android.gallery3d.app.GalleryActivity (server),reason=Window became focusable. Previous reason: NOT_VISIBLE]
11-29 09:20:40.872 16043 16059 W ContextImpl: Calling a method in the system process without a qualified user: android.app.ContextImpl.startService:1816 android.content.ContextWrapper.startService:774 com.thundercomm.gamemode.ingame.services.GameModeActionUtils.startGameModeService:93 com.thundercomm.gamemode.ingame.services.GameModeActionUtils.startGameModeEntry:21 com.thundercomm.gamemode.ingame.services.ActivityMonitoringService$1.onActivityLaunch:127
11-29 09:20:40.880 1491 1491 I GameModeConfig: Current uri is uri = content://com.thundercomm.gamemode.api/gamemode_settings/gamemode_isgaming
11-29 09:20:40.883 1491 1491 I GameModeConfig: isGameModeOn = false
11-29 09:20:40.883 1491 1491 I GameModeConfig: isGameModeOn = false
11-29 09:20:40.883 1491 1491 I GameModeConfig: isDisableVoice = true
11-29 09:20:41.079 0 0 I auditd : type=1400 audit(0.0:24254): avc: denied { kill } for comm="swapper/1" capability=5 scontext=u:r:kernel:s0 tcontext=u:r:kernel:s0 tclass=capability permissive=0
11-29 09:20:41.399 1491 1600 W WindowManager: updateScale0.7996942
11-29 09:20:41.399 1491 1600 W WindowManager: updateScale0.7996942
11-29 09:20:41.399 1491 1600 W WindowManager: updateScale0.7996942
11-29 09:20:42.012 1491 2923 I ActivityTaskManager: START u0 {act=android.intent.action.MAIN cat=[android.intent.category.LAUNCHER] flg=0x10200000 cmp=com.android.gallery3d/.app.GalleryActivity bnds=[2308,340][2494,540]} from uid 10077
11-29 09:20:42.017 1491 2923 I wm_task_moved: [427,1,9]
11-29 09:20:42.017 1491 2923 I wm_set_resumed_activity: [0,com.android.gallery3d/.app.GalleryActivity,positionChildAt]
11-29 09:20:42.017 1491 2923 I wm_create_activity: [0,83053699,427,com.android.gallery3d/.app.GalleryActivity,android.intent.action.MAIN,NULL,NULL,270532608]
11-29 09:20:42.024 1491 2923 I wm_pause_activity: [0,218306707,com.android.gallery3d/.app.GalleryActivity,userLeaving=true,resumeTopActivityInnerLocked]
11-29 09:20:42.025 15636 15636 I wm_on_top_resumed_lost_called: [218306707,com.android.gallery3d.app.GalleryActivity,topStateChangedWhenResumed]
11-29 09:20:42.025 1491 2923 W WindowManager: updateScale0.7996942
11-29 09:20:42.025 1491 2923 W WindowManager: updateScale0.7996942
11-29 09:20:42.026 1491 2923 W WindowManager: updateScale0.7996942
11-29 09:20:42.040 15636 15636 I wm_on_paused_called: [218306707,com.android.gallery3d.app.GalleryActivity,performPause]
11-29 09:20:42.043 1491 2068 I ActivityTaskManager: The Process com.android.gallery3d Already Exists in BG. So sending its PID: 15636
11-29 09:20:42.043 1491 2068 W ActivityTaskManager: Tried to set launchTime (0) < mLastActivityLaunchTime (22019239)
11-29 09:20:42.045 1491 2068 I wm_restart_activity: [0,83053699,427,com.android.gallery3d/.app.GalleryActivity]
