11-29 09:18:02.161 1491 1700 E TaskOrganizerController: at com.android.server.wm.WindowSurfacePlacer.performSurfacePlacement(WindowSurfacePlacer.java:126)
11-29 09:18:02.161 1491 1700 E TaskOrganizerController: at com.android.server.wm.WindowSurfacePlacer.performSurfacePlacement(WindowSurfacePlacer.java:115)
11-29 09:18:02.161 1491 1700 E TaskOrganizerController: at com.android.server.wm.WindowState.setupWindowForRemoveOnExit(WindowState.java:2588)
11-29 09:18:02.161 1491 1700 E TaskOrganizerController: at com.android.server.wm.WindowState.removeIfPossible(WindowState.java:2554)
11-29 09:18:02.161 1491 1700 E TaskOrganizerController: at com.android.server.wm.WindowState.access$300(WindowState.java:276)
11-29 09:18:02.161 1491 1700 E TaskOrganizerController: at com.android.server.wm.WindowState$DeathRecipient.binderDied(WindowState.java:3072)
11-29 09:18:02.161 1491 1700 E TaskOrganizerController: at android.os.IBinder$DeathRecipient.binderDied(IBinder.java:314)
11-29 09:18:02.161 1491 1700 E TaskOrganizerController: at android.os.BinderProxy.sendDeathNotice(BinderProxy.java:685)
11-29 09:18:02.162 1491 10067 I wm_task_removed: [244,setTaskOrganizer]
11-29 09:18:02.162 1491 10067 I wm_task_removed: [245,setTaskOrganizer]
11-29 09:18:02.162 1491 10067 I wm_task_removed: [246,setTaskOrganizer]
11-29 09:18:02.162 1491 10067 I wm_task_removed: [247,setTaskOrganizer]
11-29 09:18:02.162 1491 10067 I wm_task_removed: [248,setTaskOrganizer]
11-29 09:18:02.168 1491 8786 D DisplayAreaOrganizerController: Organizer died before sending onDisplayAreaVanished
11-29 09:18:02.168 1491 11109 W ActivityManager: Scheduling restart of crashed service com.android.systemui/.keyguard.KeyguardService in 0ms for persistent
11-29 09:18:02.168 1491 11109 I am_schedule_service_restart: [0,com.android.systemui/.keyguard.KeyguardService,0]
11-29 09:18:02.174 1491 11109 W ActivityManager: Scheduling restart of crashed service com.android.systemui/.ImageWallpaper in 0ms for persistent
11-29 09:18:02.174 1491 11109 I am_schedule_service_restart: [0,com.android.systemui/.ImageWallpaper,0]
11-29 09:18:02.174 1491 2923 E WindowManager: Failed to notify cancel
11-29 09:18:02.174 1491 2923 E WindowManager: android.os.DeadObjectException
11-29 09:18:02.174 1491 2923 E WindowManager: at android.os.BinderProxy.transactNative(Native Method)
11-29 09:18:02.174 1491 2923 E WindowManager: at android.os.BinderProxy.transact(BinderProxy.java:571)
11-29 09:18:02.174 1491 2923 E WindowManager: at android.view.IRemoteAnimationRunner$Stub$Proxy.onAnimationCancelled(IRemoteAnimationRunner.java:187)
11-29 09:18:02.174 1491 2923 E WindowManager: at com.android.server.wm.RemoteAnimationController.invokeAnimationCancelled(RemoteAnimationController.java:301)
11-29 09:18:02.174 1491 2923 E WindowManager: at com.android.server.wm.RemoteAnimationController.cancelAnimation(RemoteAnimationController.java:172)
11-29 09:18:02.174 1491 2923 E WindowManager: at com.android.server.wm.RemoteAnimationController.binderDied(RemoteAnimationController.java:345)
11-29 09:18:02.174 1491 2923 E WindowManager: at android.os.IBinder$DeathRecipient.binderDied(IBinder.java:314)
11-29 09:18:02.174 1491 2923 E WindowManager: at android.os.BinderProxy.sendDeathNotice(BinderProxy.java:685)
11-29 09:18:02.177 1491 11109 I am_uid_stopped: 10082
11-29 09:18:02.177 1491 11109 W ActivityManager: Re-adding persistent process ProcessRecord{f94d6b6 2164:com.android.systemui/u0a82}
11-29 09:18:02.177 1491 11109 I am_uid_running: 10082
11-29 09:18:02.178 1491 11109 D CompatibilityChangeReporter: Compat change id reported: 135634846; UID 10082; state: DISABLED
11-29 09:18:02.178 1491 11109 D CompatibilityChangeReporter: Compat change id reported: 177438394; UID 10082; state: DISABLED
11-29 09:18:02.178 1491 11109 D CompatibilityChangeReporter: Compat change id reported: 135772972; UID 10082; state: DISABLED
11-29 09:18:02.178 1491 11109 D CompatibilityChangeReporter: Compat change id reported: 135754954; UID 10082; state: ENABLED
11-29 09:18:02.178 1491 1609 D CompatibilityChangeReporter: Compat change id reported: 143937733; UID 10082; state: ENABLED
11-29 09:18:02.181 1491 1760 I GameModeConfig: isGameModeOn = false
11-29 09:18:02.182 1491 1760 I GameModeConfig: isGameModeOn = false
11-29 09:18:02.182 1491 1760 I GameModeConfig: isGameModeOn = false
11-29 09:18:02.182 1491 1760 I GameModeConfig: isGameModeOn = false
11-29 09:18:02.184 1491 1760 I GameModeConfig: isGameModeOn = false
11-29 09:18:02.184 15636 15636 I wm_on_paused_called: [244931107,com.android.gallery3d.app.GalleryActivity,performPause]
11-29 09:18:02.192 1491 1599 I sysui_multi_action: [757,1144,758,8,806,com.android.music,871,com.android.music.MusicBrowserActivity]
11-29 09:18:02.194 1491 1599 I wm_stop_activity: [0,244931107,com.android.gallery3d/.app.GalleryActivity]
11-29 09:18:02.194 1491 1599 I wm_stop_activity: [0,254362067,com.android.launcher3/.uioverrides.QuickstepLauncher]
11-29 09:18:02.197 1491 1599 I sysui_multi_action: [757,803,799,window_time_0,802,0]
11-29 09:18:02.200 1491 1609 I am_proc_start: [0,17439,10082,com.android.systemui,restart,com.android.systemui]
11-29 09:18:02.200 1491 1609 I ActivityManager: Start proc 17439:com.android.systemui/u0a82 for restart com.android.systemui
11-29 09:18:02.203 16043 16059 W ContextImpl: Calling a method in the system process without a qualified user: android.app.ContextImpl.startService:1816 android.content.ContextWrapper.startService:774 com.thundercomm.gamemode.ingame.services.GameModeActionUtils.startGameModeService:93 com.thundercomm.gamemode.ingame.services.GameModeActionUtils.startGameModeEntry:21 com.thundercomm.gamemode.ingame.services.ActivityMonitoringService$1.onActivityLaunch:127
11-29 09:18:02.204 1491 1491 I notification_enqueue: [10089,7660,com.android.music,1,NULL,0,Notification(channel=Channel-music shortcut=null contentView=null vibrate=null sound=null defaults=0x0 flags=0x40 color=0x00000000 category=transport actions=4 vis=PRIVATE),1]
11-29 09:18:02.205 1491 1491 I notification_enqueue: [10089,7660,com.android.music,1,NULL,0,Notification(channel=Channel-music shortcut=null contentView=null vibrate=null sound=null defaults=0x0 flags=0x40 color=0x00000000 category=transport actions=4 vis=PRIVATE),1]
11-29 09:18:02.208 1491 1491 I GameModeConfig: Current uri is uri = content://com.thundercomm.gamemode.api/gamemode_settings/gamemode_isgaming
11-29 09:18:02.209 15636 15636 I wm_on_stop_called: [244931107,com.android.gallery3d.app.GalleryActivity,STOP_ACTIVITY_ITEM]
11-29 09:18:02.210 1491 1491 I GameModeConfig: isGameModeOn = false
11-29 09:18:02.211 1491 1491 I GameModeConfig: isGameModeOn = false
11-29 09:18:02.211 1491 1491 I GameModeConfig: isDisableVoice = true
11-29 09:18:02.227 1491 1525 I am_proc_bound: [0,17439,com.android.systemui]
11-29 09:18:02.227 969 969 I sf_frame_dur: [com.android.gallery3d/com.android.gallery3d.app.GalleryActivity#0,1,0,0,0,0,0,0]
11-29 09:18:02.228 7660 7660 I wm_on_top_resumed_lost_called: [148146247,com.android.music.MusicBrowserActivity,topStateChangedWhenResumed]
11-29 09:18:02.229 1491 1525 D CompatibilityChangeReporter: Compat change id reported: 168419799; UID 10082; state: DISABLED
11-29 09:18:02.229 13671 13671 I wm_on_stop_called: [254362067,com.android.launcher3.uioverrides.QuickstepLauncher,STOP_ACTIVITY_ITEM]
11-29 09:18:02.230 7660 7660 I wm_on_paused_called: [148146247,com.android.music.MusicBrowserActivity,performPause]
11-29 09:18:02.231 1491 1599 I wm_stop_activity: [0,148146247,com.android.music/.MusicBrowserActivity]
11-29 09:18:02.231 1491 1525 I am_uid_active: 10082
11-29 09:18:02.236 16043 16059 W ContextImpl: Calling a method in the system process without a qualified user: android.app.ContextImpl.startService:1816 android.content.ContextWrapper.startService:774 com.thundercomm.gamemode.ingame.services.GameModeActionUtils.startGameModeService:93 com.thundercomm.gamemode.ingame.services.GameModeActionUtils.startGameModeEntry:21 com.thundercomm.gamemode.ingame.services.ActivityMonitoringService$1.onActivityLaunch:127
11-29 09:18:02.237 7660 7660 I wm_on_stop_called: [148146247,com.android.music.MusicBrowserActivity,STOP_ACTIVITY_ITEM]
11-29 09:18:02.244 969 969 I sf_frame_dur: [com.android.launcher3/com.android.launcher3.uioverrides.QuickstepLauncher#0,1,0,0,0,0,0,0]
11-29 09:18:02.250 1491 1491 I GameModeConfig: Current uri is uri = content://com.thundercomm.gamemode.api/gamemode_settings/gamemode_isgaming
11-29 09:18:02.252 1491 1491 I GameModeConfig: isGameModeOn = false
11-29 09:18:02.252 1491 1491 I GameModeConfig: isGameModeOn = false
11-29 09:18:02.252 1491 1491 I GameModeConfig: isDisableVoice = true
11-29 09:18:02.254 16043 16059 W ContextImpl: Calling a method in the system process without a qualified user: android.app.ContextImpl.startService:1816 android.content.ContextWrapper.startService:774 com.thundercomm.gamemode.ingame.services.GameModeActionUtils.startGameModeService:93 com.thundercomm.gamemode.ingame.services.GameModeActionUtils.startGameModeEntry:21 com.thundercomm.gamemode.ingame.services.ActivityMonitoringService$1.onActivityLaunch:127
11-29 09:18:02.258 1491 1491 I GameModeConfig: Current uri is uri = content://com.thundercomm.gamemode.api/gamemode_settings/gamemode_isgaming
11-29 09:18:02.258 1491 1491 I GameModeConfig: isGameModeOn = false
11-29 09:18:02.259 1491 1491 I GameModeConfig: isGameModeOn = false
11-29 09:18:02.259 1491 1491 I GameModeConfig: isDisableVoice = true
11-29 09:18:02.260 969 969 I sf_frame_dur: [com.android.music/com.android.music.MusicBrowserActivity#0,0,1,0,0,0,0,0]
11-29 09:18:02.261 1491 1491 I GameModeConfig: isGameModeOn = false
11-29 09:18:02.262 1491 1491 I GameModeConfig: isGameModeOn = false
11-29 09:18:02.269 1491 1525 I wm_task_created: [410,-1]
11-29 09:18:02.270 1491 1525 I wm_task_created: [411,-1]
11-29 09:18:02.280 1491 7158 I wm_task_created: [412,-1]
11-29 09:18:02.281 1491 1525 I wm_task_created: [413,-1]
11-29 09:18:02.282 1491 1525 I wm_task_created: [414,-1]
11-29 09:18:02.291 16043 16059 W ContextImpl: Calling a method in the system process without a qualified user: android.app.ContextImpl.startService:1816 android.content.ContextWrapper.startService:774 com.thundercomm.gamemode.ingame.services.GameModeActionUtils.startGameModeService:93 com.thundercomm.gamemode.ingame.services.GameModeActionUtils.startGameModeEntry:21 com.thundercomm.gamemode.ingame.services.ActivityMonitoringService$1.onActivityLaunch:127
11-29 09:18:02.299 17439 17439 W OneHandedController: Device doesn't support OneHanded feature
11-29 09:18:02.299 1491 1491 I GameModeConfig: Current uri is uri = content://com.thundercomm.gamemode.api/gamemode_settings/gamemode_isgaming
11-29 09:18:02.301 1491 1491 I GameModeConfig: isGameModeOn = false
11-29 09:18:02.301 1491 1491 I GameModeConfig: isGameModeOn = false
11-29 09:18:02.301 1491 1491 I GameModeConfig: isDisableVoice = true
11-29 09:18:02.312 1491 7158 D TelephonyRegistry: listen oscl: mHasNotifySubscriptionInfoChangedOccurred==false no callback
11-29 09:18:02.313 1491 1491 D TrustManagerService: Removing dead TrustListener.
11-29 09:18:02.319 1491 7158 D CompatibilityChangeReporter: Compat change id reported: 157233955; UID 10082; state: ENABLED
11-29 09:18:02.330 1491 7158 W BluetoothManagerService: psc is not null in bindBluetoothProfileService
11-29 09:18:02.355 1491 1760 I GameModeConfig: isGameModeOn = false
11-29 09:18:02.357 1491 1760 I GameModeConfig: isGameModeOn = false
11-29 09:18:02.357 1491 1760 I GameModeConfig: isGameModeOn = false
11-29 09:18:02.357 1491 1760 I GameModeConfig: isGameModeOn = false
11-29 09:18:02.357 1491 1760 I GameModeConfig: isGameModeOn = false
11-29 09:18:02.358 1491 1491 I notification_enqueue: [10082,17439,com.android.systemui,1,empty_media,0,Notification(channel=empty_media_style_id shortcut=null contentView=null vibrate=null sound=null defaults=0x0 flags=0x20 color=0x00000000 category=transport actions=4 vis=PRIVATE),0]
11-29 09:18:02.359 1491 7158 D CompatibilityChangeReporter: Compat change id reported: 171306433; UID 10082; state: ENABLED
11-29 09:18:02.367 1491 1491 I notification_cancel_all: [1000,1491,com.android.systemui,0,0,0,20,NULL]
11-29 09:18:02.367 1491 1760 I GameModeConfig: isGameModeOn = false
11-29 09:18:02.368 1491 1760 I GameModeConfig: isGameModeOn = false
11-29 09:18:02.368 1491 1760 I GameModeConfig: isGameModeOn = false
11-29 09:18:02.368 1491 1760 I GameModeConfig: isGameModeOn = false
11-29 09:18:02.368 1491 1760 I GameModeConfig: isGameModeOn = false
11-29 09:18:02.389 1491 11109 D CompatibilityChangeReporter: Compat change id reported: 168419799; UID 10077; state: DISABLED
11-29 09:18:02.392 1491 7158 I wm_set_keyguard_shown: [0,0,0,setKeyguardShown]
11-29 09:18:02.392 1491 7158 D ActivityTaskManager: Top Process State changed to PROCESS_STATE_TOP
11-29 09:18:02.393 1491 7158 I wm_set_resumed_activity: [0,com.android.music/.MusicBrowserActivity,resumeTopActivityInnerLocked]
11-29 09:18:02.394 1491 7158 I wm_resume_activity: [0,148146247,409,com.android.music/.MusicBrowserActivity]
11-29 09:18:02.399 15636 15636 I wm_on_restart_called: [244931107,com.android.gallery3d.app.GalleryActivity,performRestartActivity]
11-29 09:18:02.401 15636 15636 I wm_on_start_called: [244931107,com.android.gallery3d.app.GalleryActivity,handleStartActivity]
11-29 09:18:02.404 1491 1491 I GameModeConfig: isGameModeOn = false
11-29 09:18:02.405 1491 1491 I GameModeConfig: isGameModeOn = false
11-29 09:18:02.407 7660 7660 I wm_on_restart_called: [148146247,com.android.music.MusicBrowserActivity,performRestartActivity]
11-29 09:18:02.414 7660 7660 I wm_on_start_called: [148146247,com.android.music.MusicBrowserActivity,handleStartActivity]
11-29 09:18:02.415 7660 7660 I wm_on_resume_called: [148146247,com.android.music.MusicBrowserActivity,RESUME_ACTIVITY]
11-29 09:18:02.415 7660 7660 I wm_on_top_resumed_gained_called: [148146247,com.android.music.MusicBrowserActivity,topWhenResuming]
11-29 09:18:02.417 16043 16059 W ContextImpl: Calling a method in the system process without a qualified user: android.app.ContextImpl.startService:1816 android.content.ContextWrapper.startService:774 com.thundercomm.gamemode.ingame.services.GameModeActionUtils.startGameModeService:93 com.thundercomm.gamemode.ingame.services.GameModeActionUtils.startGameModeEntry:21 com.thundercomm.gamemode.ingame.services.ActivityMonitoringService$1.onActivityLaunch:127
11-29 09:18:02.421 1491 1525 W WindowManager: updateScale0.4617737
11-29 09:18:02.424 1491 1491 I GameModeConfig: Current uri is uri = content://com.thundercomm.gamemode.api/gamemode_settings/gamemode_isgaming
11-29 09:18:02.428 1491 1600 W WindowManager: Failed to deliver inset state change
11-29 09:18:02.428 1491 1600 W WindowManager: android.os.DeadObjectException
11-29 09:18:02.428 1491 1600 W WindowManager: at android.os.BinderProxy.transactNative(Native Method)
11-29 09:18:02.428 1491 1600 W WindowManager: at android.os.BinderProxy.transact(BinderProxy.java:571)
11-29 09:18:02.428 1491 1600 W WindowManager: at android.view.IDisplayWindowInsetsController$Stub$Proxy.insetsControlChanged(IDisplayWindowInsetsController.java:271)
11-29 09:18:02.428 1491 1600 W WindowManager: at com.android.server.wm.DisplayContent$RemoteInsetsControlTarget.notifyInsetsControlChanged(DisplayContent.java:6036)
11-29 09:18:02.428 1491 1600 W WindowManager: at com.android.server.wm.InsetsStateController.lambda$notifyPendingInsetsControlChanged$6$InsetsStateController(InsetsStateController.java:552)
11-29 09:18:02.428 1491 1600 W WindowManager: at com.android.server.wm.InsetsStateController$$ExternalSyntheticLambda1.run(Unknown Source:2)
11-29 09:18:02.428 1491 1600 W WindowManager: at com.android.server.wm.WindowAnimator.executeAfterPrepareSurfacesRunnables(WindowAnimator.java:345)
11-29 09:18:02.428 1491 1600 W WindowManager: at com.android.server.wm.WindowAnimator.animate(WindowAnimator.java:226)
11-29 09:18:02.428 1491 1600 W WindowManager: at com.android.server.wm.WindowAnimator.lambda$new$1$WindowAnimator(WindowAnimator.java:106)
11-29 09:18:02.428 1491 1600 W WindowManager: at com.android.server.wm.WindowAnimator$$ExternalSyntheticLambda0.doFrame(Unknown Source:2)
11-29 09:18:02.428 1491 1600 W WindowManager: at android.view.Choreographer$CallbackRecord.run(Choreographer.java:1118)
11-29 09:18:02.428 1491 1600 W WindowManager: at android.view.Choreographer.doCallbacks(Choreographer.java:926)
11-29 09:18:02.428 1491 1600 W WindowManager: at android.view.Choreographer.doFrame(Choreographer.java:854)
11-29 09:18:02.428 1491 1600 W WindowManager: at android.view.Choreographer$FrameDisplayEventReceiver.run(Choreographer.java:1105)
11-29 09:18:02.428 1491 1600 W WindowManager: at android.os.Handler.handleCallback(Handler.java:938)
11-29 09:18:02.428 1491 1600 W WindowManager: at android.os.Handler.dispatchMessage(Handler.java:99)
11-29 09:18:02.428 1491 1600 W WindowManager: at android.os.Looper.loopOnce(Looper.java:201)
11-29 09:18:02.428 1491 1600 W WindowManager: at android.os.Looper.loop(Looper.java:288)
11-29 09:18:02.428 1491 1600 W WindowManager: at android.os.HandlerThread.run(HandlerThread.java:67)
11-29 09:18:02.428 1491 1600 W WindowManager: at com.android.server.ServiceThread.run(ServiceThread.java:44)
11-29 09:18:02.430 1491 1491 I GameModeConfig: isGameModeOn = false
11-29 09:18:02.430 1491 1491 I GameModeConfig: isGameModeOn = false
11-29 09:18:02.430 1491 1491 I GameModeConfig: isDisableVoice = true
11-29 09:18:02.435 1491 11109 W WindowManager: updateScale0.4617737
11-29 09:18:02.436 1491 1600 I input_focus: [Focus request b8b427d com.android.music/com.android.music.MusicBrowserActivity,reason=UpdateInputWindows]
11-29 09:18:02.445 1491 1600 W WindowManager: updateScale0.4617737
11-29 09:18:02.446 1491 1600 W WindowManager: updateScale0.4617737
11-29 09:18:02.446 1491 1760 I GameModeConfig: isGameModeOn = false
11-29 09:18:02.447 1491 1760 I GameModeConfig: isGameModeOn = false
11-29 09:18:02.447 1491 1760 I GameModeConfig: isGameModeOn = false
11-29 09:18:02.450 1491 1760 I GameModeConfig: isGameModeOn = false
11-29 09:18:02.452 17439 17439 W CarrierConfigManager: Error getting config for subId -1 ICarrierConfigLoader is null
11-29 09:18:02.461 1491 2923 D TelephonyRegistry: listen oscl: mHasNotifySubscriptionInfoChangedOccurred==false no callback
11-29 09:18:02.465 1491 1760 I GameModeConfig: isGameModeOn = false
11-29 09:18:02.466 1491 1766 I stream_devices_changed: [6,2,1]
11-29 09:18:02.467 1491 1491 I notification_enqueue: [10089,7660,com.android.music,1,NULL,0,Notification(channel=Channel-music shortcut=null contentView=null vibrate=null sound=null defaults=0x0 flags=0x40 color=0x00000000 category=transport actions=4 vis=PRIVATE),1]
11-29 09:18:02.469 1491 1491 I notification_enqueue: [10089,7660,com.android.music,1,NULL,0,Notification(channel=Channel-music shortcut=null contentView=null vibrate=null sound=null defaults=0x0 flags=0x40 color=0x00000000 category=transport actions=4 vis=PRIVATE),1]
11-29 09:18:02.474 1491 1600 W WindowManager: updateScale0.4617737
11-29 09:18:02.480 1491 1600 W WindowManager: updateScale0.4617737
11-29 09:18:02.480 1491 1600 W WindowManager: updateScale0.4617737
11-29 09:18:02.493 1491 1693 I input_focus: [Focus entering b8b427d com.android.music/com.android.music.MusicBrowserActivity (server),reason=Window became focusable. Previous reason: NOT_VISIBLE]
11-29 09:18:02.500 1491 11109 W ActivityManager: Receiver with filter android.content.IntentFilter@3150c3c already registered for pid 17439, callerPackage is com.android.systemui
11-29 09:18:02.503 1491 1607 I am_meminfo: [2920210432,2040995840,14266368,428048384,537788416]
11-29 09:18:02.507 1491 2068 I StatusBarManagerService: registerStatusBar bar=com.android.internal.statusbar.IStatusBar$Stub$Proxy@139f779
11-29 09:18:02.508 17439 17478 I sysui_multi_action: [757,213,758,4,759,-1]
11-29 09:18:02.516 1491 1607 I am_pss : [9089,1002,com.android.bluetooth,22372352,19030016,13312,119902208,1,0,7]
11-29 09:18:02.519 1491 1673 I commit_sys_config_file: [settings-0-0,9]
11-29 09:18:02.523 1491 1607 I am_pss : [2867,10095,com.android.providers.media.module,22466560,19632128,13312,112742400,1,0,6]
11-29 09:18:02.528 1491 1607 I am_pss : [11899,10021,com.android.musicfx,5919744,3940352,13312,87695360,1,19,5]
11-29 09:18:02.541 1491 1607 I am_pss : [3417,10029,com.baidu.input,123849728,112340992,13312,238313472,1,7,12]
11-29 09:18:02.555 1491 1607 I am_pss : [27146,10097,com.tencent.android.qqdownloader:daemon,113705984,95281152,96256,193351680,1,4,12]
11-29 09:18:02.559 1491 1491 I sysui_multi_action: [757,1501,758,1,793,204,794,0,795,204,796,1,797,empty_media,806,com.android.systemui,857,empty_media_style_id,858,4,947,0,1500,0,1641,transport,1688,1,1745,1043716538]
11-29 09:18:02.560 1491 1491 I sysui_multi_action: [757,804,799,note_interruptive,801,0,802,1]
11-29 09:18:02.560 1491 1491 I GameModeConfig: isGameModeOn = false
11-29 09:18:02.569 1491 1607 I am_pss : [27265,10097,com.tencent.android.qqdownloader,138582016,119603200,95232,221437952,1,4,12]
11-29 09:18:02.572 1491 1491 W NotificationHistory: Attempted to add notif for locked/gone/disabled user 0
11-29 09:18:02.576 1491 1607 I am_pss : [27271,10097,com.tencent.android.qqdownloader:cloud,51434496,40075264,96256,113963008,1,4,6]
11-29 09:18:02.582 1491 1607 I am_pss : [12915,1000,com.qti.diagservices,6897664,4423680,13312,90185728,1,10,5]
11-29 09:18:02.594 1491 1607 I am_pss : [21979,10036,com.microsoft.emmx,97219584,82685952,8551424,186441728,1,19,11]
11-29 09:18:02.602 1491 1607 I am_pss : [3512,10019,com.android.packageinstaller,36907008,10596352,24286208,75415552,1,19,5]
11-29 09:18:02.608 1491 1607 I am_pss : [16043,1000,com.thundercomm.gamemode,16838656,8024064,6548480,85409792,1,10,6]
11-29 09:18:02.615 1491 1607 I am_pss : [2410,10096,android.ext.services,13897728,10227712,13312,100130816,1,5,5]
11-29 09:18:02.620 1491 1607 I am_pss : [2993,10073,com.qualcomm.location.XT,5879808,4182016,13312,83632128,1,6,5]
11-29 09:18:02.626 1491 1607 I am_pss : [2847,10076,com.qualcomm.location,11016192,8650752,13312,94007296,1,0,5]
11-29 09:18:02.633 1491 1607 I am_pss : [2834,10090,com.qualcomm.qti.workloadclassifier,20213760,18272256,13312,100347904,1,0,5]
11-29 09:18:02.640 1491 1607 I am_pss : [2804,10085,com.qualcomm.qti.qccnetstat,5561344,3907584,13312,81985536,1,0,5]
11-29 09:18:02.647 1491 1599 W ActivityManager: setHasOverlayUi called on unknown pid: 2164
11-29 09:18:02.647 1491 1600 W WindowManager: updateScale0.4617737
11-29 09:18:02.649 1491 1607 I am_pss : [2798,10072,com.qualcomm.qti.services.systemhelper:systemhelper_service,5661696,4018176,13312,81870848,1,0,5]
11-29 09:18:02.656 1491 1607 I am_pss : [2760,10053,.pasr,5264384,3629056,13312,80474112,1,0,4]
11-29 09:18:02.664 1491 1607 I am_pss : [2749,10058,ts.car.uart,5301248,3657728,13312,80838656,1,0,5]
11-29 09:18:02.669 1491 1491 I GameModeConfig: isGameModeOn = false
11-29 09:18:02.670 1491 1491 I GameModeConfig: isGameModeOn = false
11-29 09:18:02.670 1491 1607 I am_pss : [2735,10087,com.hht.lebocast,32120832,22388736,96256,93093888,1,0,6]
11-29 09:18:02.676 1491 1607 I am_pss : [2388,1000,com.qualcomm.qti.qdma,7066624,5042176,13312,89878528,1,0,5]
11-29 09:18:02.681 1491 1607 I am_pss : [3190,10066,com.qualcomm.qti.devicestatisticsservice,5166080,3526656,13312,80207872,1,0,5]
11-29 09:18:02.686 1491 11109 I am_uid_running: 10032
11-29 09:18:02.686 1491 1607 I am_pss : [2344,1000,com.thundercomm.tcservice,6564864,4833280,13312,84660224,1,0,5]
11-29 09:18:02.687 1491 11109 D CompatibilityChangeReporter: Compat change id reported: 135634846; UID 10032; state: DISABLED
11-29 09:18:02.687 1491 11109 D CompatibilityChangeReporter: Compat change id reported: 177438394; UID 10032; state: DISABLED
11-29 09:18:02.687 1491 11109 D CompatibilityChangeReporter: Compat change id reported: 135772972; UID 10032; state: DISABLED
11-29 09:18:02.687 1491 11109 D CompatibilityChangeReporter: Compat change id reported: 135754954; UID 10032; state: ENABLED
11-29 09:18:02.687 1491 1609 D CompatibilityChangeReporter: Compat change id reported: 143937733; UID 10032; state: ENABLED
11-29 09:18:02.692 1491 1607 I am_pss : [2323,1000,com.thundercomm.remotecontrolservice,14655488,12500992,13312,97640448,1,0,5]
11-29 09:18:02.694 1491 1609 I am_proc_start: [0,17507,10032,android.process.acore,content provider,{com.android.providers.contacts/com.android.providers.contacts.ContactsProvider2}]
11-29 09:18:02.694 1491 1609 I ActivityManager: Start proc 17507:android.process.acore/u0a32 for content provider {com.android.providers.contacts/com.android.providers.contacts.ContactsProvider2}
11-29 09:18:02.698 1491 1607 I am_pss : [2306,1068,com.android.se,5524480,3866624,13312,82403328,1,0,5]
11-29 09:18:02.704 1491 1607 I am_pss : [2246,1000,vendor.qti.qesdk.sysservice,5385216,3735552,13312,81895424,1,0,5]
11-29 09:18:02.709 1491 1607 I am_pss : [2263,10086,com.qti.qualcomm.mstatssystemservice,5280768,3670016,13312,80826368,1,0,5]
11-29 09:18:02.715 1491 1607 I am_pss : [2218,1000,com.thundercomm.tcsetupwizard,5370880,3780608,13312,80470016,1,0,5]
11-29 09:18:02.721 1491 11109 I am_proc_bound: [0,17507,android.process.acore]
11-29 09:18:02.722 1491 1607 I am_pss : [2191,1073,com.android.networkstack.process,13860864,10756096,13312,101621760,1,0,6]
11-29 09:18:02.723 1491 11109 D CompatibilityChangeReporter: Compat change id reported: 168419799; UID 10032; state: DISABLED
11-29 09:18:02.725 1491 11109 I am_uid_active: 10032
11-29 09:18:02.728 1491 1607 I am_pss : [2161,1000,com.thundercomm.tchttpserver,5868544,4227072,13312,82640896,1,0,5]
11-29 09:18:02.735 1491 1491 W WindowManager: addWindowToken: Attempted to add binder token: android.os.Binder@a213996 for already created window token: WallpaperWindowToken{fb56917 token=android.os.Binder@a213996} displayId=0
11-29 09:18:02.736 1491 1607 I am_pss : [2166,1000,com.tc.logclient,16944128,14532608,13312,107585536,1,0,6]
11-29 09:18:02.737 1491 7158 W WindowManager: updateScale0.4617737
11-29 09:18:02.742 1491 1607 I am_pss : [2146,10054,.qtidataservices,5532672,3895296,13312,81686528,1,0,5]
11-29 09:18:02.745 1491 7158 W WindowManager: updateScale0.4617737
11-29 09:18:02.750 1491 1607 I am_pss : [2121,1001,.dataservices,9913344,8097792,17408,88621056,1,0,6]
11-29 09:18:02.754 1491 2068 D CountryDetector: The first listener is added
11-29 09:18:02.757 1491 1607 I am_pss : [2109,1000,com.thundercomm.microsettings,20061184,12967936,13312,106930176,1,0,6]
11-29 09:18:02.758 1491 2068 W WindowManager: updateScale0.4617737
11-29 09:18:02.762 1491 2068 W WindowManager: updateScale0.4617737
11-29 09:18:02.772 1491 1607 I am_pss : [2036,1000,com.thundercomm.microservice,7043072,5369856,13312,84471808,1,0,5]
11-29 09:18:02.793 1491 1607 I am_pss : [1491,1000,system,204584960,130490368,13312,471298048,1,0,17]
11-29 09:18:02.816 1491 2068 W WindowManager: updateScale0.4617737
11-29 09:18:02.832 1491 2068 W WindowManager: updateScale0.4617737
11-29 09:18:02.836 1491 2068 W WindowManager: updateScale0.4617737
11-29 09:18:02.843 1491 2068 W WindowManager: updateScale0.4617737
11-29 09:18:02.857 1491 2068 W WindowManager: updateScale0.4617737
11-29 09:18:02.866 1491 2068 W WindowManager: updateScale0.4617737
11-29 09:18:02.877 1491 2068 W WindowManager: updateScale0.4617737
11-29 09:18:02.889 1491 1600 W WindowManager: updateScale0.4617737
11-29 09:18:02.892 1491 2068 W WindowManager: updateScale0.4617737
11-29 09:18:02.894 1491 1600 W WindowManager: updateScale0.4617737
11-29 09:18:02.897 1491 1600 W WindowManager: updateScale0.4617737
11-29 09:18:03.021 1491 1608 W BroadcastQueue: Background execution not allowed: receiving Intent { act=android.intent.action.USER_PRESENT flg=0x24200010 } to com.microsoft.emmx/org.chromium.chrome.browser.sharing.click_to_call.ClickToCallMessageHandler$PhoneUnlockedReceiver
11-29 09:18:03.021 1491 1608 W BroadcastQueue: Permission Denial: broadcasting Intent { act=android.intent.action.USER_PRESENT flg=0x24200010 } from com.android.systemui (pid=17439, uid=10082) to com.miHoYo.Yuanshen/cn.jpush.android.service.PushReceiver is not exported from uid 10098
11-29 09:18:03.026 1491 2068 W WindowManager: updateScale0.4617737
11-29 09:18:03.030 1491 1600 W WindowManager: updateScale0.4617737
11-29 09:18:03.034 1491 2068 W WindowManager: updateScale0.4617737
11-29 09:18:03.036 1491 7658 W WindowManager: updateScale0.4617737
11-29 09:18:03.046 17439 17439 I sysui_multi_action: [757,111,758,1]
11-29 09:18:03.046 17439 17439 I sysui_multi_action: [757,126,758,1,759,126,927,0,928,0,1593,0]
11-29 09:18:03.046 17439 17439 I sysui_multi_action: [757,113,758,1,759,113,927,1,928,1,1593,0]
11-29 09:18:03.047 17439 17439 I sysui_multi_action: [757,0,758,1,759,0,927,2,928,0,1593,0]
11-29 09:18:03.047 17439 17439 I sysui_multi_action: [757,0,758,1,759,0,927,3,928,0,1593,0]
11-29 09:18:03.047 17439 17439 I sysui_multi_action: [757,491,758,1,759,491,927,4,928,0,1311,-1,1593,0]
11-29 09:18:03.047 17439 17439 I sysui_multi_action: [757,0,758,1,759,0,927,5,928,0,1593,0]
11-29 09:18:03.047 17439 17439 I sysui_multi_action: [757,111,758,1]
11-29 09:18:03.047 17439 17439 I sysui_multi_action: [757,126,758,1,759,126,927,0,928,0,1593,0]
11-29 09:18:03.047 17439 17439 I sysui_multi_action: [757,113,758,1,759,113,927,1,928,1,1593,0]
11-29 09:18:03.047 17439 17439 I sysui_multi_action: [757,0,758,1,759,0,927,2,928,0,1593,0]
11-29 09:18:03.047 17439 17439 I sysui_multi_action: [757,0,758,1,759,0,927,3,928,0,1593,0]
11-29 09:18:03.119 1491 7658 W WindowManager: updateScale0.4617737
11-29 09:18:03.122 1491 2068 W WindowManager: updateScale0.4617737
11-29 09:18:03.125 1491 7158 W WindowManager: updateScale0.4617737
11-29 09:18:03.140 1491 1491 I notification_enqueue: [10097,27146,com.tencent.android.qqdownloader,137,NULL,0,Notification(channel=channel_id_default_silent shortcut=null contentView=null vibrate=null sound=null tick defaults=0x0 flags=0x212 color=0x00000000 groupKey=com.tencent.android.qqdownloader vis=PRIVATE),0]
11-29 09:18:03.179 1491 1491 I sysui_multi_action: [757,128,758,5,759,8,793,824,794,0,795,824,796,1,797,empty_media,806,com.android.systemui,857,empty_media_style_id,858,4,947,0,1500,620,1641,transport,1688,1,1745,1043716538]
11-29 09:18:03.180 1491 1491 I notification_canceled: [0|com.android.systemui|1|empty_media|10082,8,824,824,0,-1,-1,NULL]
11-29 09:18:03.186 1491 1491 D CompatibilityChangeReporter: Compat change id reported: 175319604; UID 10082; state: ENABLED
11-29 09:18:03.226 17439 17439 I sysui_multi_action: [757,803,799,note_peek,802,1]
11-29 09:18:03.228 1491 7658 I sysui_multi_action: [757,127,758,1]
11-29 09:18:03.228 1491 7658 I sysui_multi_action: [757,804,799,note_load,801,1,802,1]
11-29 09:18:03.228 1491 7658 I notification_panel_revealed: 1
11-29 09:18:03.229 17439 17439 I sysui_heads_up_status: [-1|android|26|null|1000,1]
11-29 09:18:03.237 1491 7658 W WindowManager: updateScale0.4617737
11-29 09:18:03.241 1491 7658 W WindowManager: updateScale0.4617737
11-29 09:18:03.245 1491 7658 W WindowManager: updateScale0.4617737
11-29 09:18:03.267 1491 7658 W WindowManager: updateScale0.4617737
11-29 09:18:03.282 1491 7658 W WindowManager: updateScale0.4617737
11-29 09:18:03.297 1491 1600 W WindowManager: updateScale0.4617737
11-29 09:18:03.298 1491 7658 W WindowManager: updateScale0.4617737
11-29 09:18:03.300 1491 2068 W WindowManager: updateScale0.4617737
11-29 09:18:03.342 1491 1491 I GameModeConfig: isGameModeOn = false
11-29 09:18:03.731 1491 2068 I sysui_multi_action: [757,128,758,1,793,20448504,794,0,795,20448504,796,26,798,0,806,android,857,DEVELOPER_IMPORTANT,858,4,947,0,1395,2,1500,20448299,1688,1]
11-29 09:18:03.731 1491 2068 I sysui_multi_action: [757,804,799,note_freshness,801,20448504,802,1]
11-29 09:18:03.731 1491 2068 I notification_visibility: [-1|android|26|null|1000,1,20448504,20448504,0,0]
11-29 09:18:04.079 0 0 I auditd : type=1400 audit(0.0:24114): avc: denied { kill } for comm="swapper/0" capability=5 scontext=u:r:kernel:s0 tcontext=u:r:kernel:s0 tclass=capability permissive=0
11-29 09:18:04.661 1491 1693 I input_interaction: Interaction with: b8b427d com.android.music/com.android.music.MusicBrowserActivity (server), edge-swipe (server), swipe-up (server), PointerEventDispatcher0 (server),
11-29 09:18:05.079 0 0 I auditd : type=1400 audit(0.0:24115): avc: denied { kill } for comm="swapper/0" capability=5 scontext=u:r:kernel:s0 tcontext=u:r:kernel:s0 tclass=capability permissive=0
11-29 09:18:05.697 1491 7158 I wm_task_moved: [32,0,0]
11-29 09:18:05.698 1491 7158 I wm_task_moved: [32,0,9]
11-29 09:18:05.704 1491 7158 W WindowManager: updateScale0.4617737
11-29 09:18:05.714 13671 13671 I wm_on_restart_called: [254362067,com.android.launcher3.uioverrides.QuickstepLauncher,performRestartActivity]
11-29 09:18:05.715 1491 7158 I wm_finish_activity: [0,244931107,408,com.android.gallery3d/.app.GalleryActivity,app-request]
11-29 09:18:05.716 1491 7158 I wm_destroy_activity: [0,244931107,408,com.android.gallery3d/.app.GalleryActivity,finish-imm:finishIfPossible]
11-29 09:18:05.736 15636 15636 I wm_on_resume_called: [244931107,com.android.gallery3d.app.GalleryActivity,LIFECYCLER_RESUME_ACTIVITY]
11-29 09:18:05.759 15636 15636 I wm_on_paused_called: [244931107,com.android.gallery3d.app.GalleryActivity,performPause]
11-29 09:18:05.763 15636 15636 I wm_on_stop_called: [244931107,com.android.gallery3d.app.GalleryActivity,LIFECYCLER_STOP_ACTIVITY]
11-29 09:18:05.764 16043 16059 W ContextImpl: Calling a method in the system process without a qualified user: android.app.ContextImpl.startService:1816 android.content.ContextWrapper.startService:774 com.thundercomm.gamemode.ingame.services.GameModeActionUtils.startGameModeService:93 com.thundercomm.gamemode.ingame.services.GameModeActionUtils.startGameModeEntry:21 com.thundercomm.gamemode.ingame.services.ActivityMonitoringService$1.onActivityLaunch:127
11-29 09:18:05.770 15636 15636 I wm_on_destroy_called: [244931107,com.android.gallery3d.app.GalleryActivity,performDestroy]
11-29 09:18:05.775 1491 1491 I GameModeConfig: Current uri is uri = content://com.thundercomm.gamemode.api/gamemode_settings/gamemode_isgaming
11-29 09:18:05.778 1491 1491 I GameModeConfig: isGameModeOn = false
11-29 09:18:05.779 1491 1491 I GameModeConfig: isGameModeOn = false
11-29 09:18:05.779 1491 1491 I GameModeConfig: isDisableVoice = true
11-29 09:18:05.782 16043 16059 W ContextImpl: Calling a method in the system process without a qualified user: android.app.ContextImpl.startService:1816 android.content.ContextWrapper.startService:774 com.thundercomm.gamemode.ingame.services.GameModeActionUtils.startGameModeService:93 com.thundercomm.gamemode.ingame.services.GameModeActionUtils.startGameModeEntry:21 com.thundercomm.gamemode.ingame.services.ActivityMonitoringService$1.onActivityLaunch:127
11-29 09:18:05.784 13671 13671 I wm_on_start_called: [254362067,com.android.launcher3.uioverrides.QuickstepLauncher,handleStartActivity]
11-29 09:18:05.784 7660 7660 I view_enqueue_input_event: [Motion - Cancel,com.android.music/com.android.music.MusicBrowserActivity]
11-29 09:18:05.786 1491 1693 I input_interaction: Interaction with: edge-swipe (server), swipe-up (server), PointerEventDispatcher0 (server),
11-29 09:18:05.787 1491 1524 W ActivityTaskManager: getTaskSnapshot: taskId=5409 not found
11-29 09:18:05.793 1491 7158 I wm_task_removed: [408,removeChild:removeChild last r=ActivityRecord{e995a23 u0 com.android.gallery3d/.app.GalleryActivity t-1 f}} in t=Task{28def9c #408 type=standard A=10068:com.android.gallery3d U=0 visible=false mode=freeform translucent=true sz=0}]
11-29 09:18:05.793 1491 7158 I wm_task_removed: [408,removeChild]
11-29 09:18:05.793 1491 7158 D FreeFormWindowHelper: Remove freefrom task=Task{28def9c #408 type=standard A=10068:com.android.gallery3d U=0 visible=false mode=freeform translucent=true sz=0}
11-29 09:18:05.793 1491 1524 W ActivityTaskManager: getTaskSnapshot: taskId=4409 not found
11-29 09:18:05.794 1491 1600 I input_focus: [Focus request recents_animation_input_consumer,reason=UpdateInputWindows]
11-29 09:18:05.795 13671 13671 I sysui_latency: [1,117]
11-29 09:18:05.795 1491 1607 W UsageStatsService: Unexpected activity event reported! (com.android.gallery3d/com.android.gallery3d.app.GalleryActivity event : 23 instanceId : 33642322)
11-29 09:18:05.797 1491 1491 I GameModeConfig: Current uri is uri = content://com.thundercomm.gamemode.api/gamemode_settings/gamemode_isgaming
11-29 09:18:05.798 1491 1491 I GameModeConfig: isGameModeOn = false
11-29 09:18:05.799 1491 1491 I GameModeConfig: isGameModeOn = false
11-29 09:18:05.799 1491 1491 I GameModeConfig: isDisableVoice = true
11-29 09:18:05.802 1491 1693 I input_focus: [Focus leaving b8b427d com.android.music/com.android.music.MusicBrowserActivity (server),reason=NOT_FOCUSABLE]
11-29 09:18:05.802 1491 1693 I input_focus: [Focus entering recents_animation_input_consumer (server),reason=setFocusedWindow]
11-29 09:18:05.804 1491 2068 W ActivityTaskManager: getTaskSnapshot: taskId=1409 not found
11-29 09:18:05.805 1491 11109 W ActivityTaskManager: getTaskSnapshot: taskId=5409 not found
11-29 09:18:05.805 1491 11109 W ActivityTaskManager: getTaskSnapshot: taskId=4409 not found
11-29 09:18:05.807 1491 11109 W ActivityTaskManager: getTaskSnapshot: taskId=3409 not found
11-29 09:18:05.808 1491 11109 W ActivityTaskManager: getTaskSnapshot: taskId=2409 not found
11-29 09:18:05.809 1491 11109 W ActivityTaskManager: getTaskSnapshot: taskId=1409 not found
11-29 09:18:05.810 1491 1596 I sysui_multi_action: [319,13,322,106,325,21864,757,761,758,9,759,5,806,com.android.launcher3,871,com.android.launcher3.uioverrides.QuickstepLauncher,905,0,1320,8,1321,5]
11-29 09:18:05.871 1491 11109 W ContextImpl: Calling a method in the system process without a qualified user: android.app.ContextImpl.startActivity:1067 com.android.server.wm.FreeFormWindowHelper.exitRecentTasks:423 com.android.server.wm.ActivityTaskManagerService.exitRecentTasks:3795 android.app.IActivityTaskManager$Stub.onTransact:2307 com.android.server.wm.ActivityTaskManagerService.onTransact:5046
11-29 09:18:05.874 1491 11109 I ActivityTaskManager: START u0 {flg=0x10108000 cmp=com.android.gallery3d/.app.GalleryActivity} from uid 1000
11-29 09:18:05.878 1491 11109 I wm_task_created: [415,-1]
11-29 09:18:05.878 1491 11109 W ActivityTaskManager: Can't find TaskDisplayArea to determine support for multi window. Task id=415 attached=false
11-29 09:18:05.880 1491 11109 D FreeFormWindowHelper: Add freeform task=Task{9864cb5 #415 type=standard ?? U=0 visible=false mode=freeform translucent=true sz=0}
11-29 09:18:05.884 1491 11109 I wm_task_moved: [415,1,10]
11-29 09:18:05.884 1491 11109 I wm_task_to_front: [0,415]
11-29 09:18:05.885 1491 11109 I wm_create_task: [0,415]
11-29 09:18:05.885 1491 11109 I wm_create_activity: [0,219334166,415,com.android.gallery3d/.app.GalleryActivity,NULL,NULL,NULL,269516800]
11-29 09:18:05.885 1491 11109 I wm_task_moved: [415,1,10]
11-29 09:18:05.885 7660 7660 I wm_on_top_resumed_lost_called: [148146247,com.android.music.MusicBrowserActivity,topStateChangedWhenResumed]
11-29 09:18:05.886 1491 11109 I service_manager_stats: [100,86,55831]
11-29 09:18:05.888 1491 11109 I ActivityTaskManager: FOREGROUND_APPLICATION_CHANGED to com.android.gallery3d.app.GalleryActivity
11-29 09:18:05.888 1491 11109 I ActivityTaskManager: The Process com.android.gallery3d Already Exists in BG. So sending its PID: 15636
11-29 09:18:05.888 1491 11109 W ActivityTaskManager: Tried to set launchTime (0) < mLastActivityLaunchTime (21849692)
11-29 09:18:05.890 1491 11109 I wm_restart_activity: [0,219334166,415,com.android.gallery3d/.app.GalleryActivity]
11-29 09:18:05.891 1491 11109 I wm_set_resumed_activity: [0,com.android.gallery3d/.app.GalleryActivity,minimalResumeActivityLocked]
11-29 09:18:05.907 16043 16059 W ContextImpl: Calling a method in the system process without a qualified user: android.app.ContextImpl.startService:1816 android.content.ContextWrapper.startService:774 com.thundercomm.gamemode.ingame.services.GameModeActionUtils.startGameModeService:93 com.thundercomm.gamemode.ingame.services.GameModeActionUtils.startGameModeEntry:21 com.thundercomm.gamemode.ingame.services.ActivityMonitoringService$1.onActivityLaunch:127
11-29 09:18:05.911 1491 1491 I GameModeConfig: Current uri is uri = content://com.thundercomm.gamemode.api/gamemode_settings/gamemode_isgaming
11-29 09:18:05.913 15636 15636 I wm_on_create_called: [219334166,com.android.gallery3d.app.GalleryActivity,performCreate]
11-29 09:18:05.914 1491 1491 I GameModeConfig: isGameModeOn = false
11-29 09:18:05.914 1491 1491 I GameModeConfig: isGameModeOn = false
11-29 09:18:05.914 1491 1491 I GameModeConfig: isDisableVoice = true
11-29 09:18:05.914 15636 15636 I wm_on_start_called: [219334166,com.android.gallery3d.app.GalleryActivity,handleStartActivity]
11-29 09:18:05.917 15636 15636 I wm_on_resume_called: [219334166,com.android.gallery3d.app.GalleryActivity,RESUME_ACTIVITY]
11-29 09:18:05.922 15636 15636 I wm_on_top_resumed_gained_called: [219334166,com.android.gallery3d.app.GalleryActivity,topStateChangedWhenResumed]
11-29 09:18:05.935 1491 2068 W WindowManager: updateScale0.4617737
11-29 09:18:05.938 1491 1600 I input_focus: [Focus request 79b41f0 com.android.gallery3d/com.android.gallery3d.app.GalleryActivity,reason=UpdateInputWindows]
11-29 09:18:05.954 1491 1600 W WindowManager: updateScale0.4617737
11-29 09:18:05.955 1491 1600 W WindowManager: updateScale0.4617737
11-29 09:18:05.956 1491 1600 W WindowManager: updateScale0.4617737
11-29 09:18:05.958 1491 1693 I input_focus: [Focus leaving recents_animation_input_consumer (server),reason=Waiting for window because NOT_VISIBLE]
11-29 09:18:05.962 1491 1596 I sysui_multi_action: [319,83,322,82,325,21864,757,761,758,8,759,2,806,com.android.gallery3d,871,com.android.gallery3d.app.GalleryActivity,904,android,905,0,1320,4,1321,1]
11-29 09:18:05.963 1491 1596 I wm_activity_launch_time: [0,219334166,com.android.gallery3d/.app.GalleryActivity,82]
11-29 09:18:05.986 1491 1693 I input_focus: [Focus entering 79b41f0 com.android.gallery3d/com.android.gallery3d.app.GalleryActivity (server),reason=Window became focusable. Previous reason: NOT_VISIBLE]
11-29 09:18:05.993 1491 1673 I commit_sys_config_file: [settings-1-0,8]
11-29 09:18:06.079 0 0 I auditd : type=1400 audit(0.0:24116): avc: denied { kill } for comm="swapper/0" capability=5 scontext=u:r:kernel:s0 tcontext=u:r:kernel:s0 tclass=capability permissive=0
11-29 09:18:06.105 1491 1607 I sysui_latency: [8,118]
11-29 09:18:06.282 1491 1693 I input_interaction: Interaction with: recents_animation_input_consumer (server), edge-swipe (server), swipe-up (server), PointerEventDispatcher0 (server),
11-29 09:18:06.344 1491 7072 I wm_task_moved: [32,1,10]
11-29 09:18:06.345 1491 7072 I wm_task_moved: [41,1,2147483647]
11-29 09:18:06.345 1491 7072 I wm_task_to_front: [0,41]
11-29 09:18:06.345 1491 7072 I wm_focused_root_task: [0,0,32,415,RecentsAnimation.onAnimationFinished()]
11-29 09:18:06.345 15636 15636 I wm_on_top_resumed_lost_called: [219334166,com.android.gallery3d.app.GalleryActivity,topStateChangedWhenResumed]
11-29 09:18:06.345 1491 7072 I wm_set_resumed_activity: [0,com.android.launcher3/.uioverrides.QuickstepLauncher,RecentsAnimation.onAnimationFinished()]
11-29 09:18:06.346 1491 7072 I wm_pause_activity: [0,148146247,com.android.music/.MusicBrowserActivity,userLeaving=true,pauseBackTasks]
11-29 09:18:06.346 1491 7072 I wm_add_to_stopping: [0,148146247,com.android.music/.MusicBrowserActivity,makeInvisible]
11-29 09:18:06.346 1491 7072 I ActivityTaskManager: FOREGROUND_APPLICATION_CHANGED to com.android.launcher3.uioverrides.QuickstepLauncher
11-29 09:18:06.347 1491 7072 I wm_set_resumed_activity: [0,com.android.launcher3/.uioverrides.QuickstepLauncher,resumeTopActivityInnerLocked]
11-29 09:18:06.348 7660 7660 I wm_on_paused_called: [148146247,com.android.music.MusicBrowserActivity,performPause]
11-29 09:18:06.354 1491 7072 I wm_resume_activity: [0,254362067,41,com.android.launcher3/.uioverrides.QuickstepLauncher]
11-29 09:18:06.357 1491 7072 W WindowManager: updateScale0.4617737
11-29 09:18:06.360 1491 7072 W WindowManager: updateScale0.4617737
11-29 09:18:06.362 13671 13671 I wm_on_resume_called: [254362067,com.android.launcher3.uioverrides.QuickstepLauncher,RESUME_ACTIVITY]
11-29 09:18:06.363 1491 1600 I input_focus: [Focus request 59b7b66 com.android.launcher3/com.android.launcher3.uioverrides.QuickstepLauncher,reason=UpdateInputWindows]
11-29 09:18:06.370 1491 1524 I wm_stop_activity: [0,148146247,com.android.music/.MusicBrowserActivity]
11-29 09:18:06.370 1491 1693 I input_focus: [Focus leaving 79b41f0 com.android.gallery3d/com.android.gallery3d.app.GalleryActivity (server),reason=setFocusedWindow]
11-29 09:18:06.370 1491 1693 I input_focus: [Focus entering 59b7b66 com.android.launcher3/com.android.launcher3.uioverrides.QuickstepLauncher (server),reason=setFocusedWindow]
11-29 09:18:06.372 1491 1599 I sysui_multi_action: [757,803,799,window_time_0,802,4]
11-29 09:18:06.374 1491 7158 W WindowManager: updateScale0.4617737
11-29 09:18:06.377 13671 13671 I wm_on_top_resumed_gained_called: [254362067,com.android.launcher3.uioverrides.QuickstepLauncher,topStateChangedWhenResumed]
11-29 09:18:06.377 1491 1599 I sysui_multi_action: [757,803,799,window_time_0,802,0]
11-29 09:18:06.387 7660 7660 I wm_on_stop_called: [148146247,com.android.music.MusicBrowserActivity,STOP_ACTIVITY_ITEM]
11-29 09:18:06.399 1491 7158 W WindowManager: updateScale0.4617737
11-29 09:18:06.417 16043 16059 W ContextImpl: Calling a method in the system process without a qualified user: android.app.ContextImpl.startService:1816 android.content.ContextWrapper.startService:774 com.thundercomm.gamemode.ingame.services.GameModeActionUtils.startGameModeService:93 com.thundercomm.gamemode.ingame.services.GameModeActionUtils.startGameModeEntry:21 com.thundercomm.gamemode.ingame.services.ActivityMonitoringService$1.onActivityLaunch:127
11-29 09:18:06.422 1491 1491 I GameModeConfig: Current uri is uri = content://com.thundercomm.gamemode.api/gamemode_settings/gamemode_isgaming
11-29 09:18:06.424 1491 1491 I GameModeConfig: isGameModeOn = false
11-29 09:18:06.425 1491 1491 I GameModeConfig: isGameModeOn = false
11-29 09:18:06.425 1491 1491 I GameModeConfig: isDisableVoice = true
11-29 09:18:06.480 16043 16059 W ContextImpl: Calling a method in the system process without a qualified user: android.app.ContextImpl.startService:1816 android.content.ContextWrapper.startService:774 com.thundercomm.gamemode.ingame.services.GameModeActionUtils.startGameModeService:93 com.thundercomm.gamemode.ingame.services.GameModeActionUtils.startGameModeEntry:21 com.thundercomm.gamemode.ingame.services.ActivityMonitoringService$1.onActivityLaunch:127
11-29 09:18:06.489 1491 1491 I GameModeConfig: Current uri is uri = content://com.thundercomm.gamemode.api/gamemode_settings/gamemode_isgaming
11-29 09:18:06.491 1491 1491 I GameModeConfig: isGameModeOn = false
11-29 09:18:06.491 1491 1491 I GameModeConfig: isGameModeOn = false
11-29 09:18:06.491 1491 1491 I GameModeConfig: isDisableVoice = true
11-29 09:18:07.079 0 0 I auditd : type=1400 audit(0.0:24117): avc: denied { kill } for comm="swapper/0" capability=5 scontext=u:r:kernel:s0 tcontext=u:r:kernel:s0 tclass=capability permissive=0
11-29 09:18:08.079 0 0 I auditd : type=1400 audit(0.0:24118): avc: denied { kill } for comm="swapper/0" capability=5 scontext=u:r:kernel:s0 tcontext=u:r:kernel:s0 tclass=capability permissive=0
11-29 09:18:08.929 17439 17439 I sysui_heads_up_status: [-1|android|26|null|1000,0]
11-29 09:18:08.946 1491 7158 W WindowManager: updateScale0.4617737
11-29 09:18:09.079 353 353 I auditd : type=1400 audit(0.0:24119): avc: denied { kill } for comm="irq/382-atmel_m" capability=5 scontext=u:r:kernel:s0 tcontext=u:r:kernel:s0 tclass=capability permissive=0
11-29 09:18:09.135 1491 1693 I input_interaction: Interaction with: 59b7b66 com.android.launcher3/com.android.launcher3.uioverrides.QuickstepLauncher (server), 41aecc7 com.android.systemui.ImageWallpaper (server), edge-swipe (server), swipe-up (server), PointerEventDispatcher0 (server),
11-29 09:18:09.247 1491 2068 I ActivityTaskManager: START u0 {flg=0x10000000 cmp=com.android.deskclock/.DeskClock bnds=[149,154][677,624]} from uid 10067
11-29 09:18:09.252 1491 2068 I wm_task_created: [416,-1]
11-29 09:18:09.252 1491 2068 W ActivityTaskManager: Can't find TaskDisplayArea to determine support for multi window. Task id=416 attached=false
11-29 09:18:09.263 1491 2068 I wm_task_moved: [416,1,11]
11-29 09:18:09.263 1491 2068 I wm_task_to_front: [0,416]
11-29 09:18:09.264 1491 2068 I wm_create_task: [0,416]
11-29 09:18:09.264 1491 2068 I wm_create_activity: [0,225152846,416,com.android.deskclock/.DeskClock,NULL,NULL,NULL,268435456]
11-29 09:18:09.264 1491 2068 I wm_task_moved: [416,1,11]
11-29 09:18:09.267 1491 2068 I wm_pause_activity: [0,254362067,com.android.launcher3/.uioverrides.QuickstepLauncher,userLeaving=true,pauseBackTasks]
11-29 09:18:09.269 1491 2068 W WindowManager: updateScale0.4617737
11-29 09:18:09.272 13671 13671 I wm_on_top_resumed_lost_called: [254362067,com.android.launcher3.uioverrides.QuickstepLauncher,topStateChangedWhenResumed]
11-29 09:18:09.274 13671 13671 I wm_on_paused_called: [254362067,com.android.launcher3.uioverrides.QuickstepLauncher,performPause]
11-29 09:18:09.275 1491 2068 I ActivityTaskManager: FOREGROUND_APPLICATION_CHANGED to com.android.deskclock.DeskClock
11-29 09:18:09.275 1491 2068 I ActivityTaskManager: The Process com.android.deskclock Already Exists in BG. So sending its PID: 8328
11-29 09:18:09.275 1491 2068 W ActivityTaskManager: Tried to set launchTime (0) < mLastActivityLaunchTime (21689162)
11-29 09:18:09.276 1491 2068 I wm_add_to_stopping: [0,254362067,com.android.launcher3/.uioverrides.QuickstepLauncher,makeInvisible]
