11-29 09:19:17.640 1491 1693 I input_focus: [Focus leaving 3d5eaeb com.android.gallery3d/com.android.gallery3d.app.GalleryActivity (server),reason=setFocusedWindow]
11-29 09:19:17.640 1491 1693 I input_focus: [Focus entering 59b7b66 com.android.launcher3/com.android.launcher3.uioverrides.QuickstepLauncher (server),reason=setFocusedWindow]
11-29 09:19:17.710 1491 1608 I am_uid_idle: 10067
11-29 09:19:18.023 1491 1693 I input_interaction: Interaction with: 59b7b66 com.android.launcher3/com.android.launcher3.uioverrides.QuickstepLauncher (server), 41aecc7 com.android.systemui.ImageWallpaper (server), edge-swipe (server), swipe-up (server), PointerEventDispatcher0 (server),
11-29 09:19:18.079 0 0 I auditd : type=1400 audit(0.0:24184): avc: denied { kill } for comm="swapper/1" capability=5 scontext=u:r:kernel:s0 tcontext=u:r:kernel:s0 tclass=capability permissive=0
11-29 09:19:18.094 1491 1693 I input_interaction: Interaction with: edge-swipe (server), swipe-up (server), PointerEventDispatcher0 (server),
11-29 09:19:18.095 13671 13671 I view_enqueue_input_event: [Motion - Cancel,com.android.launcher3/com.android.launcher3.uioverrides.QuickstepLauncher]
11-29 09:19:18.096 1491 1610 I ActivityManager: Process PhantomProcessRecord {d6184fa 17758:27146:ping/u0a97} died
11-29 09:19:18.296 1491 1673 I commit_sys_config_file: [settings-1-0,14]
11-29 09:19:18.580 1491 1673 I commit_sys_config_file: [settings-1-0,18]
11-29 09:19:18.675 1491 7658 I wm_finish_activity: [0,208062893,419,com.android.gallery3d/.app.GalleryActivity,app-request]
11-29 09:19:18.696 1491 7658 I wm_pause_activity: [0,208062893,com.android.gallery3d/.app.GalleryActivity,userLeaving=false,finish]
11-29 09:19:18.716 15636 15636 I wm_on_paused_called: [208062893,com.android.gallery3d.app.GalleryActivity,performPause]
11-29 09:19:18.719 1491 7658 I wm_destroy_activity: [0,208062893,419,com.android.gallery3d/.app.GalleryActivity,finish-imm:completePausedLocked]
11-29 09:19:18.742 1491 1599 I sysui_multi_action: [757,803,799,window_time_2,802,46]
11-29 09:19:18.747 15636 15636 I wm_on_stop_called: [208062893,com.android.gallery3d.app.GalleryActivity,LIFECYCLER_STOP_ACTIVITY]
11-29 09:19:18.751 16043 16059 W ContextImpl: Calling a method in the system process without a qualified user: android.app.ContextImpl.startService:1816 android.content.ContextWrapper.startService:774 com.thundercomm.gamemode.ingame.services.GameModeActionUtils.startGameModeService:93 com.thundercomm.gamemode.ingame.services.GameModeActionUtils.startGameModeEntry:21 com.thundercomm.gamemode.ingame.services.ActivityMonitoringService$1.onActivityLaunch:127
11-29 09:19:18.753 15636 15636 I wm_on_destroy_called: [208062893,com.android.gallery3d.app.GalleryActivity,performDestroy]
11-29 09:19:18.760 1491 1491 I GameModeConfig: Current uri is uri = content://com.thundercomm.gamemode.api/gamemode_settings/gamemode_isgaming
11-29 09:19:18.765 1491 1491 I GameModeConfig: isGameModeOn = false
11-29 09:19:18.767 1491 1491 I GameModeConfig: isGameModeOn = false
11-29 09:19:18.767 1491 1491 I GameModeConfig: isDisableVoice = true
11-29 09:19:18.830 16043 16059 W ContextImpl: Calling a method in the system process without a qualified user: android.app.ContextImpl.startService:1816 android.content.ContextWrapper.startService:774 com.thundercomm.gamemode.ingame.services.GameModeActionUtils.startGameModeService:93 com.thundercomm.gamemode.ingame.services.GameModeActionUtils.startGameModeEntry:21 com.thundercomm.gamemode.ingame.services.ActivityMonitoringService$1.onActivityLaunch:127
11-29 09:19:18.835 1491 1491 I GameModeConfig: Current uri is uri = content://com.thundercomm.gamemode.api/gamemode_settings/gamemode_isgaming
11-29 09:19:18.837 1491 1491 I GameModeConfig: isGameModeOn = false
11-29 09:19:18.837 1491 1491 I GameModeConfig: isGameModeOn = false
11-29 09:19:18.837 1491 1491 I GameModeConfig: isDisableVoice = true
11-29 09:19:19.026 1491 1600 I wm_task_removed: [419,removeChild:removeChild last r=ActivityRecord{c66c9ad u0 com.android.gallery3d/.app.GalleryActivity t-1 f}} in t=Task{f88a65d #419 type=standard A=10068:com.android.gallery3d U=0 visible=false mode=freeform translucent=true sz=0}]
11-29 09:19:19.026 1491 1600 I wm_task_removed: [419,removeChild]
11-29 09:19:19.026 1491 1600 D FreeFormWindowHelper: Remove freefrom task=Task{f88a65d #419 type=standard A=10068:com.android.gallery3d U=0 visible=false mode=freeform translucent=true sz=0}
11-29 09:19:19.079 0 0 I auditd : type=1400 audit(0.0:24185): avc: denied { kill } for comm="swapper/1" capability=5 scontext=u:r:kernel:s0 tcontext=u:r:kernel:s0 tclass=capability permissive=0
11-29 09:19:19.952 1491 1693 I input_interaction: Interaction with: 59b7b66 com.android.launcher3/com.android.launcher3.uioverrides.QuickstepLauncher (server), 41aecc7 com.android.systemui.ImageWallpaper (server), edge-swipe (server), swipe-up (server), PointerEventDispatcher0 (server),
11-29 09:19:20.058 1491 11109 I ActivityTaskManager: START u0 {act=android.intent.action.MAIN cat=[android.intent.category.LAUNCHER] flg=0x10200000 cmp=com.android.gallery3d/.app.GalleryActivity bnds=[2308,340][2494,540]} from uid 10077
11-29 09:19:20.064 1491 11109 I wm_task_created: [420,-1]
11-29 09:19:20.064 1491 11109 W ActivityTaskManager: Can't find TaskDisplayArea to determine support for multi window. Task id=420 attached=false
11-29 09:19:20.070 1491 11109 I wm_task_moved: [420,1,9]
11-29 09:19:20.070 1491 11109 I wm_task_to_front: [0,420]
11-29 09:19:20.071 1491 11109 I wm_create_task: [0,420]
11-29 09:19:20.071 1491 11109 I wm_create_activity: [0,59546998,420,com.android.gallery3d/.app.GalleryActivity,android.intent.action.MAIN,NULL,NULL,270532608]
11-29 09:19:20.071 1491 11109 I wm_task_moved: [420,1,9]
11-29 09:19:20.073 1491 11109 I wm_pause_activity: [0,254362067,com.android.launcher3/.uioverrides.QuickstepLauncher,userLeaving=true,pauseBackTasks]
11-29 09:19:20.079 13671 13671 I wm_on_top_resumed_lost_called: [254362067,com.android.launcher3.uioverrides.QuickstepLauncher,topStateChangedWhenResumed]
11-29 09:19:20.079 0 0 I auditd : type=1400 audit(0.0:24186): avc: denied { kill } for comm="swapper/1" capability=5 scontext=u:r:kernel:s0 tcontext=u:r:kernel:s0 tclass=capability permissive=0
11-29 09:19:20.087 13671 13671 I wm_on_paused_called: [254362067,com.android.launcher3.uioverrides.QuickstepLauncher,performPause]
11-29 09:19:20.088 1491 10783 I ActivityTaskManager: FOREGROUND_APPLICATION_CHANGED to com.android.gallery3d.app.GalleryActivity
11-29 09:19:20.088 1491 10783 I ActivityTaskManager: The Process com.android.gallery3d Already Exists in BG. So sending its PID: 15636
11-29 09:19:20.088 1491 10783 W ActivityTaskManager: Tried to set launchTime (0) < mLastActivityLaunchTime (21891740)
11-29 09:19:20.089 1491 10783 I wm_add_to_stopping: [0,254362067,com.android.launcher3/.uioverrides.QuickstepLauncher,makeInvisible]
11-29 09:19:20.090 1491 10783 I wm_restart_activity: [0,59546998,420,com.android.gallery3d/.app.GalleryActivity]
11-29 09:19:20.092 1491 10783 I wm_set_resumed_activity: [0,com.android.gallery3d/.app.GalleryActivity,minimalResumeActivityLocked]
11-29 09:19:20.112 1491 1693 I input_focus: [Focus leaving 59b7b66 com.android.launcher3/com.android.launcher3.uioverrides.QuickstepLauncher (server),reason=NO_WINDOW]
11-29 09:19:20.116 1491 1599 I sysui_multi_action: [757,803,799,window_time_0,802,1]
11-29 09:19:20.118 16043 16059 W ContextImpl: Calling a method in the system process without a qualified user: android.app.ContextImpl.startService:1816 android.content.ContextWrapper.startService:774 com.thundercomm.gamemode.ingame.services.GameModeActionUtils.startGameModeService:93 com.thundercomm.gamemode.ingame.services.GameModeActionUtils.startGameModeEntry:21 com.thundercomm.gamemode.ingame.services.ActivityMonitoringService$1.onActivityLaunch:127
11-29 09:19:20.124 1491 1491 I GameModeConfig: Current uri is uri = content://com.thundercomm.gamemode.api/gamemode_settings/gamemode_isgaming
11-29 09:19:20.127 15636 15636 I wm_on_create_called: [59546998,com.android.gallery3d.app.GalleryActivity,performCreate]
11-29 09:19:20.129 15636 15636 I wm_on_start_called: [59546998,com.android.gallery3d.app.GalleryActivity,handleStartActivity]
11-29 09:19:20.131 1491 1491 I GameModeConfig: isGameModeOn = false
11-29 09:19:20.131 1491 1491 I GameModeConfig: isGameModeOn = false
11-29 09:19:20.131 1491 1491 I GameModeConfig: isDisableVoice = true
11-29 09:19:20.134 15636 15636 I wm_on_resume_called: [59546998,com.android.gallery3d.app.GalleryActivity,RESUME_ACTIVITY]
11-29 09:19:20.136 1491 10783 W WindowManager: Failed looking up window session=Session{56813ad 15636:u0a10068} callers=com.android.server.wm.WindowManagerService.windowForClientLocked:5628 com.android.server.wm.Session.insetsModified:629 android.view.IWindowSession$Stub.onTransact:1151
11-29 09:19:20.139 15636 15636 I wm_on_top_resumed_gained_called: [59546998,com.android.gallery3d.app.GalleryActivity,topStateChangedWhenResumed]
11-29 09:19:20.156 1491 1600 I input_focus: [Focus request 7355026 com.android.gallery3d/com.android.gallery3d.app.GalleryActivity,reason=UpdateInputWindows]
11-29 09:19:20.157 1491 1760 I GameModeConfig: isGameModeOn = false
11-29 09:19:20.157 1491 1760 I GameModeConfig: isGameModeOn = false
11-29 09:19:20.157 1491 1760 I GameModeConfig: isGameModeOn = false
11-29 09:19:20.158 1491 1760 I GameModeConfig: isGameModeOn = false
11-29 09:19:20.158 1491 1760 I GameModeConfig: isGameModeOn = false
11-29 09:19:20.158 1491 1760 I GameModeConfig: isGameModeOn = false
11-29 09:19:20.159 17439 17439 I sysui_multi_action: [757,111,758,2]
11-29 09:19:20.159 1491 1491 I notification_enqueue: [10082,17439,com.android.systemui,2048,NULL,0,Notification(channel=updateNotification shortcut=null contentView=null vibrate=null sound=null defaults=0x0 flags=0x0 color=0x00000000 vis=PRIVATE),1]
11-29 09:19:20.160 17439 17439 I sysui_multi_action: [757,111,758,2]
11-29 09:19:20.184 17439 17439 I sysui_multi_action: [757,111,758,1]
11-29 09:19:20.185 17439 17439 I sysui_multi_action: [757,126,758,1,759,126,927,0,928,1,1593,0]
11-29 09:19:20.185 17439 17439 I sysui_multi_action: [757,113,758,1,759,113,927,1,928,1,1593,0]
11-29 09:19:20.185 17439 17439 I sysui_multi_action: [757,0,758,1,759,0,927,2,928,0,1593,0]
11-29 09:19:20.186 17439 17439 I sysui_multi_action: [757,0,758,1,759,0,927,3,928,0,1593,0]
11-29 09:19:20.186 17439 17439 I sysui_multi_action: [757,491,758,1,759,491,927,4,928,0,1311,-1,1593,0]
11-29 09:19:20.186 17439 17439 I sysui_multi_action: [757,0,758,1,759,0,927,5,928,0,1593,0]
11-29 09:19:20.186 17439 17439 I sysui_multi_action: [757,111,758,1]
11-29 09:19:20.187 17439 17439 I sysui_multi_action: [757,126,758,1,759,126,927,0,928,1,1593,0]
11-29 09:19:20.187 17439 17439 I sysui_multi_action: [757,113,758,1,759,113,927,1,928,1,1593,0]
11-29 09:19:20.187 17439 17439 I sysui_multi_action: [757,0,758,1,759,0,927,2,928,0,1593,0]
11-29 09:19:20.187 17439 17439 I sysui_multi_action: [757,0,758,1,759,0,927,3,928,0,1593,0]
11-29 09:19:20.201 16043 16059 W ContextImpl: Calling a method in the system process without a qualified user: android.app.ContextImpl.startService:1816 android.content.ContextWrapper.startService:774 com.thundercomm.gamemode.ingame.services.GameModeActionUtils.startGameModeService:93 com.thundercomm.gamemode.ingame.services.GameModeActionUtils.startGameModeEntry:21 com.thundercomm.gamemode.ingame.services.ActivityMonitoringService$1.onActivityLaunch:127
11-29 09:19:20.206 1491 1491 I GameModeConfig: Current uri is uri = content://com.thundercomm.gamemode.api/gamemode_settings/gamemode_isgaming
11-29 09:19:20.208 1491 1491 I GameModeConfig: isGameModeOn = false
11-29 09:19:20.208 1491 1491 I GameModeConfig: isGameModeOn = false
11-29 09:19:20.208 1491 1491 I GameModeConfig: isDisableVoice = true
11-29 09:19:20.218 1491 1596 I sysui_multi_action: [319,67,321,64,322,154,325,21938,757,761,758,8,759,1,806,com.android.gallery3d,871,com.android.gallery3d.app.GalleryActivity,904,com.android.launcher3,905,0,1320,4,1321,1]
11-29 09:19:20.220 1491 1596 I wm_activity_launch_time: [0,59546998,com.android.gallery3d/.app.GalleryActivity,154]
11-29 09:19:20.230 1491 1693 I input_focus: [Focus entering 7355026 com.android.gallery3d/com.android.gallery3d.app.GalleryActivity (server),reason=Window became focusable. Previous reason: NOT_VISIBLE]
11-29 09:19:20.365 1491 1491 I GameModeConfig: isGameModeOn = false
11-29 09:19:20.366 1491 1491 I sysui_multi_action: [757,1501,758,1,793,2791678,794,0,795,208,796,2048,806,com.android.systemui,857,updateNotification,858,3,947,0,1500,0,1688,1]
11-29 09:19:20.367 1491 1491 I sysui_multi_action: [757,804,799,note_interruptive,801,0,802,1]
11-29 09:19:20.367 1491 1491 I sysui_multi_action: [757,199,758,1,759,2,793,2791679,794,0,795,209,796,2048,806,com.android.systemui,857,updateNotification,858,3,947,0,1500,1,1688,1]
11-29 09:19:20.367 1491 1491 I notification_alert: [0|com.android.systemui|2048|null|10082,0,1,0]
11-29 09:19:20.370 1491 1491 W NotificationHistory: Attempted to add notif for locked/gone/disabled user 0
11-29 09:19:20.679 1491 1599 I wm_stop_activity: [0,254362067,com.android.launcher3/.uioverrides.QuickstepLauncher]
11-29 09:19:20.716 1491 11109 W ContextImpl: Calling a method in the system process without a qualified user: android.app.ContextImpl.startActivity:1067 com.android.server.wm.FreeFormWindowHelper.exitRecentTasks:423 com.android.server.wm.ActivityTaskManagerService.exitRecentTasks:3795 android.app.IActivityTaskManager$Stub.onTransact:2307 com.android.server.wm.ActivityTaskManagerService.onTransact:5046
11-29 09:19:20.717 1491 11109 I ActivityTaskManager: START u0 {act=android.intent.action.MAIN cat=[android.intent.category.LAUNCHER] flg=0x10200000 cmp=com.android.gallery3d/.app.GalleryActivity} from uid 1000
11-29 09:19:20.731 1491 11109 D FreeFormWindowHelper: Add freeform task=Task{9f4966f #420 type=standard A=10068:com.android.gallery3d U=0 visible=true mode=freeform translucent=false sz=1}
11-29 09:19:20.733 1491 11109 I ActivityTaskManager: FOREGROUND_APPLICATION_CHANGED to com.android.launcher3.uioverrides.QuickstepLauncher
11-29 09:19:20.736 1491 11109 I wm_resume_activity: [0,254362067,41,com.android.launcher3/.uioverrides.QuickstepLauncher]
11-29 09:19:20.738 1491 11109 I ActivityTaskManager: FOREGROUND_APPLICATION_CHANGED to com.android.gallery3d.app.GalleryActivity
11-29 09:19:20.739 1491 11109 I wm_task_moved: [420,1,9]
11-29 09:19:20.739 1491 11109 I wm_set_resumed_activity: [0,com.android.gallery3d/.app.GalleryActivity,positionChildAt]
11-29 09:19:20.739 1491 11109 W WindowManager: updateScale0.4617737
11-29 09:19:20.744 1491 11109 W WindowManager: updateScale0.4617737
11-29 09:19:20.748 1491 7658 W WindowManager: updateScale0.4617737
11-29 09:19:20.749 13671 13671 I wm_on_stop_called: [254362067,com.android.launcher3.uioverrides.QuickstepLauncher,STOP_ACTIVITY_ITEM]
11-29 09:19:20.756 13671 13671 I wm_on_restart_called: [254362067,com.android.launcher3.uioverrides.QuickstepLauncher,performRestartActivity]
11-29 09:19:20.756 13671 13671 I wm_on_start_called: [254362067,com.android.launcher3.uioverrides.QuickstepLauncher,handleStartActivity]
11-29 09:19:20.756 13671 13671 I wm_on_resume_called: [254362067,com.android.launcher3.uioverrides.QuickstepLauncher,RESUME_ACTIVITY]
11-29 09:19:20.761 1491 2923 I ActivityTaskManager: Activity reported stop, but no longer stopping: ActivityRecord{f2941d3 u0 com.android.launcher3/.uioverrides.QuickstepLauncher t41} RESUMED
11-29 09:19:20.763 1491 1599 W WindowManager: updateScale0.4617737
11-29 09:19:20.769 1491 2923 W WindowManager: updateScale0.4617737
11-29 09:19:20.773 1491 2923 W WindowManager: updateScale0.4617737
11-29 09:19:20.789 1491 1600 W WindowManager: updateScale0.4617737
11-29 09:19:20.808 1491 1600 W WindowManager: updateScale0.4617737
11-29 09:19:20.818 1491 1600 W WindowManager: updateScale0.4617737
11-29 09:19:20.830 1491 1600 W WindowManager: updateScale0.4617737
11-29 09:19:21.079 0 0 I auditd : type=1400 audit(0.0:24187): avc: denied { kill } for comm="swapper/1" capability=5 scontext=u:r:kernel:s0 tcontext=u:r:kernel:s0 tclass=capability permissive=0
11-29 09:19:21.183 1491 1600 W WindowManager: updateScale0.4617737
11-29 09:19:22.079 0 0 I auditd : type=1400 audit(0.0:24188): avc: denied { kill } for comm="swapper/1" capability=5 scontext=u:r:kernel:s0 tcontext=u:r:kernel:s0 tclass=capability permissive=0
11-29 09:19:23.224 1491 1693 I input_interaction: Interaction with: 7355026 com.android.gallery3d/com.android.gallery3d.app.GalleryActivity (server), edge-swipe (server), swipe-up (server), PointerEventDispatcher0 (server),
11-29 09:19:23.385 15636 15636 I view_enqueue_input_event: [Motion - Cancel,com.android.gallery3d/com.android.gallery3d.app.GalleryActivity]
11-29 09:19:23.391 1491 1693 I input_interaction: Interaction with: edge-swipe (server), swipe-up (server), PointerEventDispatcher0 (server),
11-29 09:19:23.665 1491 10783 I ActivityTaskManager: START u0 {act=android.intent.action.MAIN cat=[android.intent.category.HOME] flg=0x10000000 cmp=com.android.launcher3/.uioverrides.QuickstepLauncher} from uid 10077
11-29 09:19:23.667 1491 10783 I wm_task_moved: [32,1,9]
11-29 09:19:23.669 1491 10783 I wm_set_resumed_activity: [0,com.android.launcher3/.uioverrides.QuickstepLauncher,positionChildAt]
11-29 09:19:23.669 1491 10783 I wm_task_moved: [41,1,2147483647]
11-29 09:19:23.669 1491 10783 I wm_task_to_front: [0,41]
11-29 09:19:23.669 1491 10783 I wm_focused_root_task: [0,0,32,420,bringingFoundTaskToFront]
11-29 09:19:23.669 15636 15636 I wm_on_top_resumed_lost_called: [59546998,com.android.gallery3d.app.GalleryActivity,topStateChangedWhenResumed]
11-29 09:19:23.669 1491 10783 I wm_set_resumed_activity: [0,com.android.launcher3/.uioverrides.QuickstepLauncher,bringingFoundTaskToFront]
11-29 09:19:23.670 1491 10783 I wm_new_intent: [0,254362067,41,com.android.launcher3/.uioverrides.QuickstepLauncher,android.intent.action.MAIN,NULL,NULL,268435712]
11-29 09:19:23.670 1491 10783 I wm_task_moved: [32,1,9]
11-29 09:19:23.670 1491 10783 I wm_set_resumed_activity: [0,com.android.launcher3/.uioverrides.QuickstepLauncher,positionChildAt]
11-29 09:19:23.670 1491 10783 I ActivityTaskManager: FOREGROUND_APPLICATION_CHANGED to com.android.launcher3.uioverrides.QuickstepLauncher
11-29 09:19:23.670 1491 10783 W WindowManager: updateScale0.4617737
11-29 09:19:23.677 1491 10783 W WindowManager: updateScale0.4617737
11-29 09:19:23.679 1491 1600 I input_focus: [Focus request 59b7b66 com.android.launcher3/com.android.launcher3.uioverrides.QuickstepLauncher,reason=UpdateInputWindows]
11-29 09:19:23.680 13671 13671 I wm_on_paused_called: [254362067,com.android.launcher3.uioverrides.QuickstepLauncher,performPause]
11-29 09:19:23.682 13671 13671 I wm_on_resume_called: [254362067,com.android.launcher3.uioverrides.QuickstepLauncher,LIFECYCLER_RESUME_ACTIVITY]
11-29 09:19:23.685 13671 13671 I wm_on_top_resumed_gained_called: [254362067,com.android.launcher3.uioverrides.QuickstepLauncher,topStateChangedWhenResumed]
11-29 09:19:23.690 1491 1693 I input_focus: [Focus leaving 7355026 com.android.gallery3d/com.android.gallery3d.app.GalleryActivity (server),reason=setFocusedWindow]
11-29 09:19:23.690 1491 1693 I input_focus: [Focus entering 59b7b66 com.android.launcher3/com.android.launcher3.uioverrides.QuickstepLauncher (server),reason=setFocusedWindow]
11-29 09:19:24.944 1491 1693 I input_interaction: Interaction with: 7355026 com.android.gallery3d/com.android.gallery3d.app.GalleryActivity (server), edge-swipe (server), swipe-up (server), PointerEventDispatcher0 (server),
11-29 09:19:24.947 1491 1599 I wm_task_moved: [420,1,9]
11-29 09:19:24.947 1491 1599 I wm_task_to_front: [0,420]
11-29 09:19:24.952 1491 1599 W WindowManager: updateScale0.4617737
11-29 09:19:24.958 1491 1599 I wm_set_resumed_activity: [0,com.android.gallery3d/.app.GalleryActivity,positionChildAt]
11-29 09:19:24.958 1491 1599 I wm_focused_root_task: [0,0,420,32,setFocusedTask]
11-29 09:19:24.959 1491 1599 I wm_set_resumed_activity: [0,com.android.gallery3d/.app.GalleryActivity,setFocusedTask]
11-29 09:19:24.959 1491 1599 I ActivityTaskManager: FOREGROUND_APPLICATION_CHANGED to com.android.gallery3d.app.GalleryActivity
11-29 09:19:24.960 1491 1600 I input_focus: [Focus request 7355026 com.android.gallery3d/com.android.gallery3d.app.GalleryActivity,reason=UpdateInputWindows]
11-29 09:19:24.965 13671 13671 I wm_on_top_resumed_lost_called: [254362067,com.android.launcher3.uioverrides.QuickstepLauncher,topStateChangedWhenResumed]
11-29 09:19:24.966 15636 15636 I wm_on_top_resumed_gained_called: [59546998,com.android.gallery3d.app.GalleryActivity,topStateChangedWhenResumed]
11-29 09:19:24.983 1491 1693 I input_focus: [Focus leaving 59b7b66 com.android.launcher3/com.android.launcher3.uioverrides.QuickstepLauncher (server),reason=setFocusedWindow]
11-29 09:19:24.983 1491 1693 I input_focus: [Focus entering 7355026 com.android.gallery3d/com.android.gallery3d.app.GalleryActivity (server),reason=setFocusedWindow]
11-29 09:19:25.049 1491 1693 I input_interaction: Interaction with: edge-swipe (server), swipe-up (server), PointerEventDispatcher0 (server),
11-29 09:19:25.050 15636 15636 I view_enqueue_input_event: [Motion - Cancel,com.android.gallery3d/com.android.gallery3d.app.GalleryActivity]
11-29 09:19:25.079 0 0 I auditd : type=1400 audit(0.0:24189): avc: denied { kill } for comm="swapper/1" capability=5 scontext=u:r:kernel:s0 tcontext=u:r:kernel:s0 tclass=capability permissive=0
11-29 09:19:25.239 1491 1673 I commit_sys_config_file: [settings-1-0,14]
11-29 09:19:25.496 1491 1673 I commit_sys_config_file: [settings-1-0,4]
11-29 09:19:25.599 1491 10783 I wm_finish_activity: [0,59546998,420,com.android.gallery3d/.app.GalleryActivity,app-request]
11-29 09:19:25.600 1491 10783 I wm_task_moved: [32,1,9]
11-29 09:19:25.604 1491 10783 I wm_set_resumed_activity: [0,com.android.launcher3/.uioverrides.QuickstepLauncher,positionChildAt]
11-29 09:19:25.604 1491 10783 I wm_task_moved: [41,1,2147483647]
11-29 09:19:25.604 1491 10783 I wm_task_to_front: [0,41]
11-29 09:19:25.604 1491 10783 I wm_focused_root_task: [0,0,32,-1,finish-top adjustFocusToNextFocusableTask]
11-29 09:19:25.604 1491 10783 I wm_set_resumed_activity: [0,com.android.launcher3/.uioverrides.QuickstepLauncher,finish-top]
11-29 09:19:25.605 15636 15636 I wm_on_top_resumed_lost_called: [59546998,com.android.gallery3d.app.GalleryActivity,topStateChangedWhenResumed]
11-29 09:19:25.613 1491 10783 I wm_pause_activity: [0,59546998,com.android.gallery3d/.app.GalleryActivity,userLeaving=false,finish]
11-29 09:19:25.620 1491 1600 I input_focus: [Focus request 59b7b66 com.android.launcher3/com.android.launcher3.uioverrides.QuickstepLauncher,reason=UpdateInputWindows]
11-29 09:19:25.644 13671 13671 I wm_on_top_resumed_gained_called: [254362067,com.android.launcher3.uioverrides.QuickstepLauncher,topStateChangedWhenResumed]
11-29 09:19:25.648 15636 15636 I wm_on_paused_called: [59546998,com.android.gallery3d.app.GalleryActivity,performPause]
11-29 09:19:25.649 1491 1693 I input_focus: [Focus leaving 7355026 com.android.gallery3d/com.android.gallery3d.app.GalleryActivity (server),reason=NO_WINDOW]
11-29 09:19:25.649 1491 1693 I input_focus: [Focus entering 59b7b66 com.android.launcher3/com.android.launcher3.uioverrides.QuickstepLauncher (server),reason=setFocusedWindow]
11-29 09:19:25.650 1491 10783 I ActivityTaskManager: FOREGROUND_APPLICATION_CHANGED to com.android.launcher3.uioverrides.QuickstepLauncher
11-29 09:19:25.651 1491 10783 I wm_destroy_activity: [0,59546998,420,com.android.gallery3d/.app.GalleryActivity,finish-imm:completePausedLocked]
11-29 09:19:25.661 1491 1599 I sysui_multi_action: [757,803,799,window_time_0,802,6]
11-29 09:19:25.672 15636 15636 I wm_on_stop_called: [59546998,com.android.gallery3d.app.GalleryActivity,LIFECYCLER_STOP_ACTIVITY]
11-29 09:19:25.677 15636 15636 I wm_on_destroy_called: [59546998,com.android.gallery3d.app.GalleryActivity,performDestroy]
11-29 09:19:25.678 16043 16059 W ContextImpl: Calling a method in the system process without a qualified user: android.app.ContextImpl.startService:1816 android.content.ContextWrapper.startService:774 com.thundercomm.gamemode.ingame.services.GameModeActionUtils.startGameModeService:93 com.thundercomm.gamemode.ingame.services.GameModeActionUtils.startGameModeEntry:21 com.thundercomm.gamemode.ingame.services.ActivityMonitoringService$1.onActivityLaunch:127
11-29 09:19:25.686 1491 1491 I GameModeConfig: Current uri is uri = content://com.thundercomm.gamemode.api/gamemode_settings/gamemode_isgaming
11-29 09:19:25.694 1491 1491 I GameModeConfig: isGameModeOn = false
11-29 09:19:25.694 1491 1491 I GameModeConfig: isGameModeOn = false
11-29 09:19:25.694 1491 1491 I GameModeConfig: isDisableVoice = true
11-29 09:19:25.763 16043 16059 W ContextImpl: Calling a method in the system process without a qualified user: android.app.ContextImpl.startService:1816 android.content.ContextWrapper.startService:774 com.thundercomm.gamemode.ingame.services.GameModeActionUtils.startGameModeService:93 com.thundercomm.gamemode.ingame.services.GameModeActionUtils.startGameModeEntry:21 com.thundercomm.gamemode.ingame.services.ActivityMonitoringService$1.onActivityLaunch:127
11-29 09:19:25.767 1491 1491 I GameModeConfig: Current uri is uri = content://com.thundercomm.gamemode.api/gamemode_settings/gamemode_isgaming
11-29 09:19:25.770 1491 1491 I GameModeConfig: isGameModeOn = false
11-29 09:19:25.771 1491 1491 I GameModeConfig: isGameModeOn = false
11-29 09:19:25.771 1491 1491 I GameModeConfig: isDisableVoice = true
11-29 09:19:25.943 1491 1600 I wm_task_removed: [420,removeChild:removeChild last r=ActivityRecord{38c9d76 u0 com.android.gallery3d/.app.GalleryActivity t-1 f}} in t=Task{9f4966f #420 type=standard A=10068:com.android.gallery3d U=0 visible=false mode=freeform translucent=true sz=0}]
11-29 09:19:25.943 1491 1600 I wm_task_removed: [420,removeChild]
11-29 09:19:25.943 1491 1600 D FreeFormWindowHelper: Remove freefrom task=Task{9f4966f #420 type=standard A=10068:com.android.gallery3d U=0 visible=false mode=freeform translucent=true sz=0}
11-29 09:19:26.079 0 0 I auditd : type=1400 audit(0.0:24190): avc: denied { kill } for comm="swapper/1" capability=5 scontext=u:r:kernel:s0 tcontext=u:r:kernel:s0 tclass=capability permissive=0
11-29 09:19:26.960 1491 1693 I input_interaction: Interaction with: 59b7b66 com.android.launcher3/com.android.launcher3.uioverrides.QuickstepLauncher (server), 41aecc7 com.android.systemui.ImageWallpaper (server), edge-swipe (server), swipe-up (server), PointerEventDispatcher0 (server),
11-29 09:19:27.083 1491 2068 W ContextImpl: Calling a method in the system process without a qualified user: android.app.ContextImpl.startActivity:1067 com.android.server.wm.FreeFormWindowHelper.exitRecentTasks:423 com.android.server.wm.ActivityTaskManagerService.exitRecentTasks:3795 android.app.IActivityTaskManager$Stub.onTransact:2307 com.android.server.wm.ActivityTaskManagerService.onTransact:5046
11-29 09:19:27.079 10 10 I auditd : type=1400 audit(0.0:24191): avc: denied { kill } for comm="rcu_preempt" capability=5 scontext=u:r:kernel:s0 tcontext=u:r:kernel:s0 tclass=capability permissive=0
11-29 09:19:27.084 1491 2068 I ActivityTaskManager: START u0 {act=android.intent.action.MAIN cat=[android.intent.category.LAUNCHER] flg=0x10200000 cmp=com.android.gallery3d/.app.GalleryActivity} from uid 1000
11-29 09:19:27.090 1491 2068 I wm_task_created: [421,-1]
11-29 09:19:27.090 1491 2068 W ActivityTaskManager: Can't find TaskDisplayArea to determine support for multi window. Task id=421 attached=false
11-29 09:19:27.092 1491 2068 D FreeFormWindowHelper: Add freeform task=Task{407e49c #421 type=standard ?? U=0 visible=false mode=freeform translucent=true sz=0}
11-29 09:19:27.097 1491 2068 I wm_task_moved: [421,1,9]
11-29 09:19:27.097 1491 2068 I wm_task_to_front: [0,421]
11-29 09:19:27.097 1491 2068 I wm_create_task: [0,421]
11-29 09:19:27.097 1491 2068 I wm_create_activity: [0,195825317,421,com.android.gallery3d/.app.GalleryActivity,android.intent.action.MAIN,NULL,NULL,270532608]
11-29 09:19:27.097 1491 2068 I wm_task_moved: [421,1,9]
11-29 09:19:27.099 1491 2068 I ActivityTaskManager: FOREGROUND_APPLICATION_CHANGED to com.android.gallery3d.app.GalleryActivity
11-29 09:19:27.099 1491 2068 I ActivityTaskManager: The Process com.android.gallery3d Already Exists in BG. So sending its PID: 15636
11-29 09:19:27.099 1491 2068 W ActivityTaskManager: Tried to set launchTime (0) < mLastActivityLaunchTime (21938569)
11-29 09:19:27.101 1491 2068 I wm_restart_activity: [0,195825317,421,com.android.gallery3d/.app.GalleryActivity]
11-29 09:19:27.102 1491 2068 I wm_set_resumed_activity: [0,com.android.gallery3d/.app.GalleryActivity,minimalResumeActivityLocked]
11-29 09:19:27.120 13671 13671 I wm_on_top_resumed_lost_called: [254362067,com.android.launcher3.uioverrides.QuickstepLauncher,topStateChangedWhenResumed]
11-29 09:19:27.140 16043 16059 W ContextImpl: Calling a method in the system process without a qualified user: android.app.ContextImpl.startService:1816 android.content.ContextWrapper.startService:774 com.thundercomm.gamemode.ingame.services.GameModeActionUtils.startGameModeService:93 com.thundercomm.gamemode.ingame.services.GameModeActionUtils.startGameModeEntry:21 com.thundercomm.gamemode.ingame.services.ActivityMonitoringService$1.onActivityLaunch:127
11-29 09:19:27.144 1491 1491 I GameModeConfig: Current uri is uri = content://com.thundercomm.gamemode.api/gamemode_settings/gamemode_isgaming
11-29 09:19:27.147 1491 1491 I GameModeConfig: isGameModeOn = false
11-29 09:19:27.147 1491 1491 I GameModeConfig: isGameModeOn = false
11-29 09:19:27.147 1491 1491 I GameModeConfig: isDisableVoice = true
11-29 09:19:27.149 15636 15636 I wm_on_create_called: [195825317,com.android.gallery3d.app.GalleryActivity,performCreate]
11-29 09:19:27.150 15636 15636 I wm_on_start_called: [195825317,com.android.gallery3d.app.GalleryActivity,handleStartActivity]
11-29 09:19:27.152 15636 15636 I wm_on_resume_called: [195825317,com.android.gallery3d.app.GalleryActivity,RESUME_ACTIVITY]
11-29 09:19:27.154 1491 2068 W WindowManager: Failed looking up window session=Session{56813ad 15636:u0a10068} callers=com.android.server.wm.WindowManagerService.windowForClientLocked:5628 com.android.server.wm.Session.insetsModified:629 android.view.IWindowSession$Stub.onTransact:1151
11-29 09:19:27.155 15636 15636 I wm_on_top_resumed_gained_called: [195825317,com.android.gallery3d.app.GalleryActivity,topStateChangedWhenResumed]
11-29 09:19:27.165 1491 2068 W WindowManager: updateScale3.9143732
11-29 09:19:27.172 1491 1600 I input_focus: [Focus request a3f6e07 com.android.gallery3d/com.android.gallery3d.app.GalleryActivity,reason=UpdateInputWindows]
11-29 09:19:27.174 1491 1760 I GameModeConfig: isGameModeOn = false
11-29 09:19:27.174 1491 1760 I GameModeConfig: isGameModeOn = false
11-29 09:19:27.174 1491 1760 I GameModeConfig: isGameModeOn = false
11-29 09:19:27.174 1491 1760 I GameModeConfig: isGameModeOn = false
11-29 09:19:27.174 1491 1760 I GameModeConfig: isGameModeOn = false
11-29 09:19:27.174 1491 1760 I GameModeConfig: isGameModeOn = false
11-29 09:19:27.178 17439 17439 I sysui_multi_action: [757,111,758,2]
11-29 09:19:27.180 1491 1599 W WindowManager: updateScale3.9143732
11-29 09:19:27.181 17439 17439 I sysui_multi_action: [757,111,758,2]
11-29 09:19:27.188 1491 1491 I notification_enqueue: [10082,17439,com.android.systemui,2048,NULL,0,Notification(channel=updateNotification shortcut=null contentView=null vibrate=null sound=null defaults=0x0 flags=0x0 color=0x00000000 vis=PRIVATE),1]
11-29 09:19:27.197 1491 1693 I input_focus: [Focus leaving 59b7b66 com.android.launcher3/com.android.launcher3.uioverrides.QuickstepLauncher (server),reason=Waiting for window because NOT_VISIBLE]
11-29 09:19:27.203 17439 17439 I sysui_multi_action: [757,111,758,1]
11-29 09:19:27.203 17439 17439 I sysui_multi_action: [757,126,758,1,759,126,927,0,928,1,1593,0]
11-29 09:19:27.203 17439 17439 I sysui_multi_action: [757,113,758,1,759,113,927,1,928,1,1593,0]
11-29 09:19:27.203 17439 17439 I sysui_multi_action: [757,0,758,1,759,0,927,2,928,0,1593,0]
11-29 09:19:27.204 17439 17439 I sysui_multi_action: [757,0,758,1,759,0,927,3,928,0,1593,0]
11-29 09:19:27.204 17439 17439 I sysui_multi_action: [757,491,758,1,759,491,927,4,928,0,1311,-1,1593,0]
11-29 09:19:27.204 17439 17439 I sysui_multi_action: [757,0,758,1,759,0,927,5,928,0,1593,0]
11-29 09:19:27.204 17439 17439 I sysui_multi_action: [757,111,758,1]
11-29 09:19:27.205 17439 17439 I sysui_multi_action: [757,126,758,1,759,126,927,0,928,1,1593,0]
11-29 09:19:27.205 17439 17439 I sysui_multi_action: [757,113,758,1,759,113,927,1,928,1,1593,0]
11-29 09:19:27.205 17439 17439 I sysui_multi_action: [757,0,758,1,759,0,927,2,928,0,1593,0]
11-29 09:19:27.206 17439 17439 I sysui_multi_action: [757,0,758,1,759,0,927,3,928,0,1593,0]
11-29 09:19:27.215 1491 1600 W WindowManager: updateScale3.9143732
11-29 09:19:27.217 1491 1600 W WindowManager: updateScale3.9143732
11-29 09:19:27.219 1491 1600 W WindowManager: updateScale3.9143732
11-29 09:19:27.220 1491 1599 W WindowManager: updateScale3.9143732
11-29 09:19:27.222 1491 1596 I sysui_multi_action: [319,133,322,133,325,21945,757,761,758,8,759,2,806,com.android.gallery3d,871,com.android.gallery3d.app.GalleryActivity,904,android,905,0,1320,4,1321,1]
11-29 09:19:27.223 1491 1596 I wm_activity_launch_time: [0,195825317,com.android.gallery3d/.app.GalleryActivity,133]
11-29 09:19:27.231 1491 1693 I input_focus: [Focus entering a3f6e07 com.android.gallery3d/com.android.gallery3d.app.GalleryActivity (server),reason=Window became focusable. Previous reason: NOT_VISIBLE]
11-29 09:19:27.390 1491 1491 I GameModeConfig: isGameModeOn = false
11-29 09:19:27.391 1491 1491 I sysui_multi_action: [757,1501,758,1,793,2798703,794,0,795,217,796,2048,806,com.android.systemui,857,updateNotification,858,3,947,0,1500,0,1688,1]
11-29 09:19:27.391 1491 1491 I sysui_multi_action: [757,804,799,note_interruptive,801,0,802,1]
11-29 09:19:27.392 1491 1491 I sysui_multi_action: [757,199,758,1,759,2,793,2798704,794,0,795,218,796,2048,806,com.android.systemui,857,updateNotification,858,3,947,0,1500,1,1688,1]
11-29 09:19:27.392 1491 1491 I notification_alert: [0|com.android.systemui|2048|null|10082,0,1,0]
11-29 09:19:27.393 1491 1491 W NotificationHistory: Attempted to add notif for locked/gone/disabled user 0
11-29 09:19:27.499 1491 1600 W WindowManager: updateScale3.9143732
11-29 09:19:28.079 3345 3345 I auditd : type=1400 audit(0.0:24192): avc: denied { kill } for comm="dp_rx_thread_0" capability=5 scontext=u:r:kernel:s0 tcontext=u:r:kernel:s0 tclass=capability permissive=0
11-29 09:19:28.936 1491 1693 I input_interaction: Interaction with: a3f6e07 com.android.gallery3d/com.android.gallery3d.app.GalleryActivity (server), edge-swipe (server), swipe-up (server), PointerEventDispatcher0 (server),
11-29 09:19:28.940 1491 1491 I service_manager_stats: [100,91,83054]
11-29 09:19:29.024 1491 1524 I wm_finish_activity: [0,195825317,421,com.android.gallery3d/.app.GalleryActivity,finish-activity]
11-29 09:19:29.025 1491 1524 I wm_task_moved: [32,1,9]
11-29 09:19:29.032 1491 1524 I wm_set_resumed_activity: [0,com.android.launcher3/.uioverrides.QuickstepLauncher,positionChildAt]
11-29 09:19:29.032 1491 1524 I wm_task_moved: [41,1,2147483647]
11-29 09:19:29.032 1491 1524 I wm_task_to_front: [0,41]
11-29 09:19:29.032 1491 1524 I wm_focused_root_task: [0,0,32,-1,finish-top adjustFocusToNextFocusableTask]
11-29 09:19:29.033 1491 1524 I wm_set_resumed_activity: [0,com.android.launcher3/.uioverrides.QuickstepLauncher,finish-top]
11-29 09:19:29.070 1491 1524 I wm_pause_activity: [0,195825317,com.android.gallery3d/.app.GalleryActivity,userLeaving=false,finish]
11-29 09:19:29.080 15636 15636 I wm_on_top_resumed_lost_called: [195825317,com.android.gallery3d.app.GalleryActivity,topStateChangedWhenResumed]
11-29 09:19:29.083 1491 1600 I input_focus: [Focus request 59b7b66 com.android.launcher3/com.android.launcher3.uioverrides.QuickstepLauncher,reason=UpdateInputWindows]
11-29 09:19:29.085 13671 13671 I wm_on_top_resumed_gained_called: [254362067,com.android.launcher3.uioverrides.QuickstepLauncher,topStateChangedWhenResumed]
11-29 09:19:29.097 1491 1599 I sysui_multi_action: [757,803,799,window_time_0,802,3]
11-29 09:19:29.107 1491 1693 I input_focus: [Focus leaving a3f6e07 com.android.gallery3d/com.android.gallery3d.app.GalleryActivity (server),reason=NO_WINDOW]
11-29 09:19:29.108 1491 1693 I input_focus: [Focus entering 59b7b66 com.android.launcher3/com.android.launcher3.uioverrides.QuickstepLauncher (server),reason=setFocusedWindow]
11-29 09:19:29.134 15636 15636 I wm_on_paused_called: [195825317,com.android.gallery3d.app.GalleryActivity,performPause]
11-29 09:19:29.136 1491 2068 I ActivityTaskManager: FOREGROUND_APPLICATION_CHANGED to com.android.launcher3.uioverrides.QuickstepLauncher
11-29 09:19:29.137 1491 2068 I wm_destroy_activity: [0,195825317,421,com.android.gallery3d/.app.GalleryActivity,finish-imm:completePausedLocked]
11-29 09:19:29.147 1491 1599 I sysui_multi_action: [757,803,799,window_time_0,802,0]
11-29 09:19:29.160 15636 15636 I wm_on_stop_called: [195825317,com.android.gallery3d.app.GalleryActivity,LIFECYCLER_STOP_ACTIVITY]
11-29 09:19:29.167 15636 15636 I wm_on_destroy_called: [195825317,com.android.gallery3d.app.GalleryActivity,performDestroy]
11-29 09:19:29.173 16043 16059 W ContextImpl: Calling a method in the system process without a qualified user: android.app.ContextImpl.startService:1816 android.content.ContextWrapper.startService:774 com.thundercomm.gamemode.ingame.services.GameModeActionUtils.startGameModeService:93 com.thundercomm.gamemode.ingame.services.GameModeActionUtils.startGameModeEntry:21 com.thundercomm.gamemode.ingame.services.ActivityMonitoringService$1.onActivityLaunch:127
11-29 09:19:29.180 1491 1491 I GameModeConfig: Current uri is uri = content://com.thundercomm.gamemode.api/gamemode_settings/gamemode_isgaming
11-29 09:19:29.181 1491 1491 I GameModeConfig: isGameModeOn = false
11-29 09:19:29.182 1491 1491 I GameModeConfig: isGameModeOn = false
11-29 09:19:29.182 1491 1491 I GameModeConfig: isDisableVoice = true
11-29 09:19:29.249 16043 16059 W ContextImpl: Calling a method in the system process without a qualified user: android.app.ContextImpl.startService:1816 android.content.ContextWrapper.startService:774 com.thundercomm.gamemode.ingame.services.GameModeActionUtils.startGameModeService:93 com.thundercomm.gamemode.ingame.services.GameModeActionUtils.startGameModeEntry:21 com.thundercomm.gamemode.ingame.services.ActivityMonitoringService$1.onActivityLaunch:127
11-29 09:19:29.254 1491 1491 I GameModeConfig: Current uri is uri = content://com.thundercomm.gamemode.api/gamemode_settings/gamemode_isgaming
11-29 09:19:29.257 1491 1491 I GameModeConfig: isGameModeOn = false
11-29 09:19:29.258 1491 1491 I GameModeConfig: isGameModeOn = false
11-29 09:19:29.258 1491 1491 I GameModeConfig: isDisableVoice = true
11-29 09:19:29.434 1491 1600 I wm_task_removed: [421,removeChild:removeChild last r=ActivityRecord{bac0ea5 u0 com.android.gallery3d/.app.GalleryActivity t-1 f}} in t=Task{407e49c #421 type=standard A=10068:com.android.gallery3d U=0 visible=false mode=freeform translucent=true sz=0}]
11-29 09:19:29.434 1491 1600 I wm_task_removed: [421,removeChild]
11-29 09:19:29.435 1491 1600 D FreeFormWindowHelper: Remove freefrom task=Task{407e49c #421 type=standard A=10068:com.android.gallery3d U=0 visible=false mode=freeform translucent=true sz=0}
11-29 09:19:30.079 0 0 I auditd : type=1400 audit(0.0:24193): avc: denied { kill } for comm="swapper/0" capability=5 scontext=u:r:kernel:s0 tcontext=u:r:kernel:s0 tclass=capability permissive=0
11-29 09:19:30.375 1491 1760 I GameModeConfig: isGameModeOn = false
11-29 09:19:30.528 1491 1693 I input_interaction: Interaction with: 59b7b66 com.android.launcher3/com.android.launcher3.uioverrides.QuickstepLauncher (server), 41aecc7 com.android.systemui.ImageWallpaper (server), edge-swipe (server), swipe-up (server), PointerEventDispatcher0 (server),
11-29 09:19:30.650 13671 13671 I view_enqueue_input_event: [Motion - Cancel,com.android.launcher3/com.android.launcher3.uioverrides.QuickstepLauncher]
11-29 09:19:30.654 1491 1693 I input_interaction: Interaction with: edge-swipe (server), swipe-up (server), PointerEventDispatcher0 (server),
11-29 09:19:30.717 1491 2068 W ActivityTaskManager: getTaskSnapshot: taskId=5421 not found
11-29 09:19:30.720 1491 2923 W ActivityTaskManager: getTaskSnapshot: taskId=4421 not found
11-29 09:19:30.723 1491 1524 W ActivityTaskManager: getTaskSnapshot: taskId=3421 not found
11-29 09:19:30.726 1491 2068 W ActivityTaskManager: getTaskSnapshot: taskId=2421 not found
11-29 09:19:30.728 1491 2068 W ActivityTaskManager: getTaskSnapshot: taskId=1421 not found
11-29 09:19:30.794 1491 1673 I commit_sys_config_file: [settings-1-0,4]
11-29 09:19:31.079 353 353 I auditd : type=1400 audit(0.0:24194): avc: denied { kill } for comm="irq/382-atmel_m" capability=5 scontext=u:r:kernel:s0 tcontext=u:r:kernel:s0 tclass=capability permissive=0
11-29 09:19:31.135 1491 1673 I commit_sys_config_file: [settings-1-0,11]
11-29 09:19:31.743 1491 1693 I input_interaction: Interaction with: 59b7b66 com.android.launcher3/com.android.launcher3.uioverrides.QuickstepLauncher (server), 41aecc7 com.android.systemui.ImageWallpaper (server), edge-swipe (server), swipe-up (server), PointerEventDispatcher0 (server),
11-29 09:19:32.079 0 0 I auditd : type=1400 audit(0.0:24195): avc: denied { kill } for comm="swapper/0" capability=5 scontext=u:r:kernel:s0 tcontext=u:r:kernel:s0 tclass=capability permissive=0
11-29 09:19:32.256 1491 1524 W ActivityTaskManager: Request to remove task ignored for non-existent task 421
11-29 09:19:33.079 0 0 I auditd : type=1400 audit(0.0:24196): avc: denied { kill } for comm="swapper/0" capability=5 scontext=u:r:kernel:s0 tcontext=u:r:kernel:s0 tclass=capability permissive=0
11-29 09:19:33.957 13671 13671 I view_enqueue_input_event: [Motion - Cancel,com.android.launcher3/com.android.launcher3.uioverrides.QuickstepLauncher]
11-29 09:19:33.966 1491 1693 I input_interaction: Interaction with: edge-swipe (server), swipe-up (server), PointerEventDispatcher0 (server),
11-29 09:19:34.079 353 353 I auditd : type=1400 audit(0.0:24197): avc: denied { kill } for comm="irq/382-atmel_m" capability=5 scontext=u:r:kernel:s0 tcontext=u:r:kernel:s0 tclass=capability permissive=0
11-29 09:19:34.138 1491 1673 I commit_sys_config_file: [settings-1-0,7]
11-29 09:19:34.509 1491 1673 I commit_sys_config_file: [settings-1-0,4]
11-29 09:19:35.079 0 0 I auditd : type=1400 audit(0.0:24198): avc: denied { kill } for comm="swapper/0" capability=5 scontext=u:r:kernel:s0 tcontext=u:r:kernel:s0 tclass=capability permissive=0
11-29 09:19:35.968 1491 1693 I input_interaction: Interaction with: 59b7b66 com.android.launcher3/com.android.launcher3.uioverrides.QuickstepLauncher (server), 41aecc7 com.android.systemui.ImageWallpaper (server), edge-swipe (server), swipe-up (server), PointerEventDispatcher0 (server),
11-29 09:19:36.076 1491 2068 I ActivityTaskManager: START u0 {flg=0x10008000 cmp=com.android.gallery3d/.app.GalleryActivity} from uid 10077
11-29 09:19:36.079 0 0 I auditd : type=1400 audit(0.0:24199): avc: denied { kill } for comm="swapper/0" capability=5 scontext=u:r:kernel:s0 tcontext=u:r:kernel:s0 tclass=capability permissive=0
11-29 09:19:36.084 1491 2068 I wm_task_created: [422,-1]
11-29 09:19:36.084 1491 2068 W ActivityTaskManager: Can't find TaskDisplayArea to determine support for multi window. Task id=422 attached=false
11-29 09:19:36.086 1491 2068 D FreeFormWindowHelper: Add freeform task=Task{ee1caa9 #422 type=standard ?? U=0 visible=false mode=freeform translucent=true sz=0}
11-29 09:19:36.089 1491 2068 I wm_task_moved: [422,1,9]
11-29 09:19:36.089 1491 2068 I wm_task_to_front: [0,422]
11-29 09:19:36.090 1491 2068 I wm_create_task: [0,422]
11-29 09:19:36.090 1491 2068 I wm_create_activity: [0,161019950,422,com.android.gallery3d/.app.GalleryActivity,NULL,NULL,NULL,268468224]
11-29 09:19:36.090 1491 2068 I wm_task_moved: [422,1,9]
11-29 09:19:36.091 1491 2068 I ActivityTaskManager: FOREGROUND_APPLICATION_CHANGED to com.android.gallery3d.app.GalleryActivity
11-29 09:19:36.092 1491 2068 I ActivityTaskManager: The Process com.android.gallery3d Already Exists in BG. So sending its PID: 15636
11-29 09:19:36.092 1491 2068 W ActivityTaskManager: Tried to set launchTime (0) < mLastActivityLaunchTime (21945579)
11-29 09:19:36.094 1491 2068 I wm_restart_activity: [0,161019950,422,com.android.gallery3d/.app.GalleryActivity]
11-29 09:19:36.096 1491 2068 I wm_set_resumed_activity: [0,com.android.gallery3d/.app.GalleryActivity,minimalResumeActivityLocked]
11-29 09:19:36.106 13671 13671 I wm_on_top_resumed_lost_called: [254362067,com.android.launcher3.uioverrides.QuickstepLauncher,topStateChangedWhenResumed]
11-29 09:19:36.131 16043 16059 W ContextImpl: Calling a method in the system process without a qualified user: android.app.ContextImpl.startService:1816 android.content.ContextWrapper.startService:774 com.thundercomm.gamemode.ingame.services.GameModeActionUtils.startGameModeService:93 com.thundercomm.gamemode.ingame.services.GameModeActionUtils.startGameModeEntry:21 com.thundercomm.gamemode.ingame.services.ActivityMonitoringService$1.onActivityLaunch:127
11-29 09:19:36.136 1491 1491 I GameModeConfig: Current uri is uri = content://com.thundercomm.gamemode.api/gamemode_settings/gamemode_isgaming
11-29 09:19:36.141 1491 1491 I GameModeConfig: isGameModeOn = false
11-29 09:19:36.141 1491 1491 I GameModeConfig: isGameModeOn = false
11-29 09:19:36.141 1491 1491 I GameModeConfig: isDisableVoice = true
11-29 09:19:36.147 15636 15636 I wm_on_create_called: [161019950,com.android.gallery3d.app.GalleryActivity,performCreate]
11-29 09:19:36.148 15636 15636 I wm_on_start_called: [161019950,com.android.gallery3d.app.GalleryActivity,handleStartActivity]
11-29 09:19:36.151 15636 15636 I wm_on_resume_called: [161019950,com.android.gallery3d.app.GalleryActivity,RESUME_ACTIVITY]
11-29 09:19:36.154 15636 15636 I wm_on_top_resumed_gained_called: [161019950,com.android.gallery3d.app.GalleryActivity,topStateChangedWhenResumed]
11-29 09:19:36.168 1491 11109 W WindowManager: updateScale0.7996942
11-29 09:19:36.173 1491 1600 I input_focus: [Focus request 195f9c7 com.android.gallery3d/com.android.gallery3d.app.GalleryActivity,reason=UpdateInputWindows]
11-29 09:19:36.202 1491 1693 I input_focus: [Focus leaving 59b7b66 com.android.launcher3/com.android.launcher3.uioverrides.QuickstepLauncher (server),reason=Waiting for window because NOT_VISIBLE]
11-29 09:19:36.237 1491 1600 W WindowManager: updateScale0.7996942
11-29 09:19:36.241 1491 1600 W WindowManager: updateScale0.7996942
11-29 09:19:36.242 1491 1600 W WindowManager: updateScale0.7996942
11-29 09:19:36.247 1491 1596 I sysui_multi_action: [319,165,322,164,325,21954,757,761,758,8,759,2,806,com.android.gallery3d,871,com.android.gallery3d.app.GalleryActivity,904,com.android.launcher3,905,0,1320,4,1321,1]
11-29 09:19:36.252 1491 1596 I wm_activity_launch_time: [0,161019950,com.android.gallery3d/.app.GalleryActivity,164]
11-29 09:19:36.253 1491 1693 I input_focus: [Focus entering 195f9c7 com.android.gallery3d/com.android.gallery3d.app.GalleryActivity (server),reason=Window became focusable. Previous reason: NOT_VISIBLE]
11-29 09:19:36.520 1491 1600 W WindowManager: updateScale0.7996942
11-29 09:19:37.079 0 0 I auditd : type=1400 audit(0.0:24200): avc: denied { kill } for comm="swapper/0" capability=5 scontext=u:r:kernel:s0 tcontext=u:r:kernel:s0 tclass=capability permissive=0
11-29 09:19:37.186 1491 1760 I GameModeConfig: isGameModeOn = false
11-29 09:19:37.392 1491 1760 I GameModeConfig: isGameModeOn = false
11-29 09:19:38.079 0 0 I auditd : type=1400 audit(0.0:24201): avc: denied { kill } for comm="swapper/0" capability=5 scontext=u:r:kernel:s0 tcontext=u:r:kernel:s0 tclass=capability permissive=0
11-29 09:19:39.079 0 0 I auditd : type=1400 audit(0.0:24202): avc: denied { kill } for comm="swapper/0" capability=5 scontext=u:r:kernel:s0 tcontext=u:r:kernel:s0 tclass=capability permissive=0
11-29 09:19:39.174 13671 13671 I view_enqueue_input_event: [Motion - Cancel,com.android.launcher3/com.android.launcher3.uioverrides.QuickstepLauncher]
11-29 09:19:39.180 1491 1693 I input_interaction: Interaction with: edge-swipe (server), swipe-up (server), PointerEventDispatcher0 (server),
11-29 09:19:39.513 1491 11109 I ActivityTaskManager: START u0 {act=android.intent.action.MAIN cat=[android.intent.category.HOME] flg=0x10000000 cmp=com.android.launcher3/.uioverrides.QuickstepLauncher} from uid 10077
11-29 09:19:39.516 1491 11109 I wm_task_moved: [32,1,9]
11-29 09:19:39.521 15636 15636 I wm_on_top_resumed_lost_called: [161019950,com.android.gallery3d.app.GalleryActivity,topStateChangedWhenResumed]
11-29 09:19:39.521 1491 11109 I wm_set_resumed_activity: [0,com.android.launcher3/.uioverrides.QuickstepLauncher,positionChildAt]
11-29 09:19:39.521 1491 11109 I wm_task_moved: [41,1,2147483647]
11-29 09:19:39.521 1491 11109 I wm_task_to_front: [0,41]
11-29 09:19:39.521 1491 11109 I wm_focused_root_task: [0,0,32,422,bringingFoundTaskToFront]
11-29 09:19:39.521 1491 11109 I wm_set_resumed_activity: [0,com.android.launcher3/.uioverrides.QuickstepLauncher,bringingFoundTaskToFront]
11-29 09:19:39.522 1491 11109 I wm_new_intent: [0,254362067,41,com.android.launcher3/.uioverrides.QuickstepLauncher,android.intent.action.MAIN,NULL,NULL,268435712]
11-29 09:19:39.523 1491 11109 I wm_task_moved: [32,1,9]
11-29 09:19:39.524 1491 11109 I wm_set_resumed_activity: [0,com.android.launcher3/.uioverrides.QuickstepLauncher,positionChildAt]
