11-29 09:05:13.948 1491 1600 D FreeFormWindowHelper: refreshTipWindow windowDragBounds:Rect(797, 45 - 1099, 583)
11-29 09:05:13.949 1491 1600 W WindowManager: updateScale0.4617737
11-29 09:05:13.958 1491 1772 W WindowManager: updateScale0.4617737
11-29 09:05:13.964 1491 1600 D FreeFormWindowHelper: refreshTipWindow windowDragBounds:Rect(904, 34 - 1206, 572)
11-29 09:05:13.966 1491 1600 W WindowManager: updateScale0.4617737
11-29 09:05:13.977 1491 1700 W WindowManager: updateScale0.4617737
11-29 09:05:13.981 1491 1600 D FreeFormWindowHelper: refreshTipWindow windowDragBounds:Rect(971, 25 - 1273, 563)
11-29 09:05:13.983 1491 1600 W WindowManager: updateScale0.4617737
11-29 09:05:13.994 1491 1700 W WindowManager: updateScale0.4617737
11-29 09:05:13.998 1491 1600 D FreeFormWindowHelper: refreshTipWindow windowDragBounds:Rect(1000, 24 - 1302, 562)
11-29 09:05:13.999 1491 1600 W WindowManager: updateScale0.4617737
11-29 09:05:14.010 1491 1772 W WindowManager: updateScale0.4617737
11-29 09:05:14.015 1491 1600 D FreeFormWindowHelper: refreshTipWindow windowDragBounds:Rect(1244, 15 - 1546, 553)
11-29 09:05:14.016 1491 1600 W WindowManager: updateScale0.4617737
11-29 09:05:14.027 1491 1772 W WindowManager: updateScale0.4617737
11-29 09:05:14.031 1491 1600 D FreeFormWindowHelper: refreshTipWindow windowDragBounds:Rect(1343, 15 - 1645, 553)
11-29 09:05:14.032 1491 1600 W WindowManager: updateScale0.4617737
11-29 09:05:14.044 1491 1772 W WindowManager: updateScale0.4617737
11-29 09:05:14.048 1491 1600 D FreeFormWindowHelper: refreshTipWindow windowDragBounds:Rect(1419, 15 - 1721, 553)
11-29 09:05:14.049 1491 1600 W WindowManager: updateScale0.4617737
11-29 09:05:14.060 1491 1700 W WindowManager: updateScale0.4617737
11-29 09:05:14.065 1491 1600 D FreeFormWindowHelper: refreshTipWindow windowDragBounds:Rect(1479, 18 - 1781, 556)
11-29 09:05:14.066 1491 1600 W WindowManager: updateScale0.4617737
11-29 09:05:14.077 1491 1700 W WindowManager: updateScale0.4617737
11-29 09:05:14.082 1491 1600 D FreeFormWindowHelper: refreshTipWindow windowDragBounds:Rect(1516, 20 - 1818, 558)
11-29 09:05:14.083 1491 1600 W WindowManager: updateScale0.4617737
11-29 09:05:14.094 1491 1700 W WindowManager: updateScale0.4617737
11-29 09:05:14.098 1491 1600 D FreeFormWindowHelper: refreshTipWindow windowDragBounds:Rect(1569, 21 - 1871, 559)
11-29 09:05:14.100 1491 1600 W WindowManager: updateScale0.4617737
11-29 09:05:14.111 1491 1772 W WindowManager: updateScale0.4617737
11-29 09:05:14.115 1491 1600 D FreeFormWindowHelper: refreshTipWindow windowDragBounds:Rect(1621, 28 - 1923, 566)
11-29 09:05:14.116 1491 1600 W WindowManager: updateScale0.4617737
11-29 09:05:14.127 1491 1772 W WindowManager: updateScale0.4617737
11-29 09:05:14.132 1491 1600 D FreeFormWindowHelper: refreshTipWindow windowDragBounds:Rect(1699, 36 - 2001, 574)
11-29 09:05:14.133 1491 1600 W WindowManager: updateScale0.4617737
11-29 09:05:14.144 1491 1700 W WindowManager: updateScale0.4617737
11-29 09:05:14.148 1491 1600 D FreeFormWindowHelper: refreshTipWindow windowDragBounds:Rect(1748, 43 - 2050, 581)
11-29 09:05:14.150 1491 1600 W WindowManager: updateScale0.4617737
11-29 09:05:14.161 1491 9315 W WindowManager: updateScale0.4617737
11-29 09:05:14.165 1491 1600 D FreeFormWindowHelper: refreshTipWindow windowDragBounds:Rect(1809, 50 - 2111, 588)
11-29 09:05:14.166 1491 1600 W WindowManager: updateScale0.4617737
11-29 09:05:14.177 1491 9315 W WindowManager: updateScale0.4617737
11-29 09:05:14.182 1491 1600 D FreeFormWindowHelper: refreshTipWindow windowDragBounds:Rect(1833, 56 - 2135, 594)
11-29 09:05:14.183 1491 1600 W WindowManager: updateScale0.4617737
11-29 09:05:14.191 1491 1600 D FreeFormWindowHelper: refreshTipWindow windowDragBounds:Rect(1830, 57 - 2132, 595)
11-29 09:05:14.192 1491 1600 W WindowManager: updateScale0.4617737
11-29 09:05:14.194 1491 9315 W WindowManager: updateScale0.4617737
11-29 09:05:14.195 1491 1600 D WindowManager: updateWindowDragBounds: mIsSwipeYtrue
11-29 09:05:14.196 1491 1600 D WindowManager: updateWindowDragBounds: mIsTopfalse
11-29 09:05:14.196 1491 1600 D WindowManager: updateWindowDragBounds: mIsSwipeXfalse
11-29 09:05:14.197 1491 1600 W WindowManager: updateScale0.4617737
11-29 09:05:14.229 1491 9315 W WindowManager: updateScale0.4617737
11-29 09:05:14.766 1491 1600 D FreeFormWindowHelper: refreshTipWindow windowDragBounds:Rect(2085, 110 - 2387, 648)
11-29 09:05:14.768 1491 1600 W WindowManager: updateScale0.4617737
11-29 09:05:14.780 1491 9315 W WindowManager: updateScale0.4617737
11-29 09:05:14.783 1491 1600 D FreeFormWindowHelper: refreshTipWindow windowDragBounds:Rect(2096, 149 - 2398, 687)
11-29 09:05:14.785 1491 1600 W WindowManager: updateScale0.4617737
11-29 09:05:14.800 1491 1600 D FreeFormWindowHelper: refreshTipWindow windowDragBounds:Rect(2100, 182 - 2402, 720)
11-29 09:05:14.801 1491 1600 W WindowManager: updateScale0.4617737
11-29 09:05:14.817 1491 1600 D FreeFormWindowHelper: refreshTipWindow windowDragBounds:Rect(2106, 215 - 2408, 753)
11-29 09:05:14.818 1491 1600 W WindowManager: updateScale0.4617737
11-29 09:05:14.833 1491 1600 D FreeFormWindowHelper: refreshTipWindow windowDragBounds:Rect(2110, 257 - 2412, 795)
11-29 09:05:14.834 1491 1600 W WindowManager: updateScale0.4617737
11-29 09:05:14.850 1491 1600 D FreeFormWindowHelper: refreshTipWindow windowDragBounds:Rect(2117, 287 - 2419, 825)
11-29 09:05:14.851 1491 1600 W WindowManager: updateScale0.4617737
11-29 09:05:14.867 1491 1600 D FreeFormWindowHelper: refreshTipWindow windowDragBounds:Rect(2116, 319 - 2418, 857)
11-29 09:05:14.868 1491 1600 W WindowManager: updateScale0.4617737
11-29 09:05:14.884 1491 1600 D FreeFormWindowHelper: refreshTipWindow windowDragBounds:Rect(2118, 347 - 2420, 885)
11-29 09:05:14.885 1491 1600 W WindowManager: updateScale0.4617737
11-29 09:05:14.900 1491 1600 D FreeFormWindowHelper: refreshTipWindow windowDragBounds:Rect(2118, 372 - 2420, 910)
11-29 09:05:14.901 1491 1600 W WindowManager: updateScale0.4617737
11-29 09:05:14.917 1491 1600 D FreeFormWindowHelper: refreshTipWindow windowDragBounds:Rect(2118, 387 - 2420, 925)
11-29 09:05:14.918 1491 1600 W WindowManager: updateScale0.4617737
11-29 09:05:14.933 1491 1600 D FreeFormWindowHelper: refreshTipWindow windowDragBounds:Rect(2118, 412 - 2420, 950)
11-29 09:05:14.935 1491 1600 W WindowManager: updateScale0.4617737
11-29 09:05:14.950 1491 1600 D FreeFormWindowHelper: refreshTipWindow windowDragBounds:Rect(2118, 425 - 2420, 963)
11-29 09:05:14.951 1491 1600 W WindowManager: updateScale0.4617737
11-29 09:05:14.959 1491 9315 W WindowManager: updateScale0.4617737
11-29 09:05:14.967 1491 1600 D FreeFormWindowHelper: refreshTipWindow windowDragBounds:Rect(2115, 456 - 2417, 994)
11-29 09:05:14.968 1491 1600 W WindowManager: updateScale0.4617737
11-29 09:05:14.984 1491 1600 D FreeFormWindowHelper: refreshTipWindow windowDragBounds:Rect(2114, 482 - 2416, 1020)
11-29 09:05:14.986 1491 1600 W WindowManager: updateScale0.4617737
11-29 09:05:14.986 1491 1600 W WindowManager: updateScale0.4617737
11-29 09:05:15.001 1491 1600 D FreeFormWindowHelper: refreshTipWindow windowDragBounds:Rect(2115, 503 - 2417, 1041)
11-29 09:05:15.002 1491 1600 W WindowManager: updateScale0.4617737
11-29 09:05:15.017 1491 1600 D FreeFormWindowHelper: refreshTipWindow windowDragBounds:Rect(2113, 532 - 2415, 1070)
11-29 09:05:15.018 1491 1600 W WindowManager: updateScale0.4617737
11-29 09:05:15.034 1491 1600 D FreeFormWindowHelper: refreshTipWindow windowDragBounds:Rect(2114, 556 - 2416, 1094)
11-29 09:05:15.035 1491 1600 W WindowManager: updateScale0.4617737
11-29 09:05:15.050 1491 1600 D FreeFormWindowHelper: refreshTipWindow windowDragBounds:Rect(2114, 572 - 2416, 1110)
11-29 09:05:15.052 1491 1600 W WindowManager: updateScale0.4617737
11-29 09:05:15.063 1491 1600 D FreeFormWindowHelper: refreshTipWindow windowDragBounds:Rect(2114, 582 - 2416, 1120)
11-29 09:05:15.064 1491 1600 W WindowManager: updateScale0.4617737
11-29 09:05:15.066 1491 1600 D WindowManager: updateWindowDragBounds: mIsSwipeYtrue
11-29 09:05:15.067 1491 1600 D WindowManager: updateWindowDragBounds: mIsTopfalse
11-29 09:05:15.067 1491 1600 D WindowManager: updateWindowDragBounds: mIsSwipeXfalse
11-29 09:05:15.068 1491 1600 W WindowManager: updateScale0.4617737
11-29 09:05:15.502 1491 1600 D FreeFormWindowHelper: refreshTipWindow windowDragBounds:Rect(1802, 529 - 2104, 1067)
11-29 09:05:15.505 1491 1600 W WindowManager: updateScale0.4617737
11-29 09:05:15.519 1491 1600 D FreeFormWindowHelper: refreshTipWindow windowDragBounds:Rect(1681, 537 - 1983, 1075)
11-29 09:05:15.522 1491 1600 W WindowManager: updateScale0.4617737
11-29 09:05:15.535 1491 1600 D FreeFormWindowHelper: refreshTipWindow windowDragBounds:Rect(1594, 543 - 1896, 1081)
11-29 09:05:15.537 1491 1600 W WindowManager: updateScale0.4617737
11-29 09:05:15.552 1491 1600 D FreeFormWindowHelper: refreshTipWindow windowDragBounds:Rect(1402, 547 - 1704, 1085)
11-29 09:05:15.553 1491 1600 W WindowManager: updateScale0.4617737
11-29 09:05:15.568 1491 1600 D FreeFormWindowHelper: refreshTipWindow windowDragBounds:Rect(1249, 547 - 1551, 1085)
11-29 09:05:15.570 1491 1600 W WindowManager: updateScale0.4617737
11-29 09:05:15.573 1491 1700 W WindowManager: updateScale0.4617737
11-29 09:05:15.585 1491 1600 D FreeFormWindowHelper: refreshTipWindow windowDragBounds:Rect(1140, 547 - 1442, 1085)
11-29 09:05:15.587 1491 1600 W WindowManager: updateScale0.4617737
11-29 09:05:15.599 1491 1700 W WindowManager: updateScale0.4617737
11-29 09:05:15.602 1491 1600 D FreeFormWindowHelper: refreshTipWindow windowDragBounds:Rect(1007, 543 - 1309, 1081)
11-29 09:05:15.604 1491 1600 W WindowManager: updateScale0.4617737
11-29 09:05:15.619 1491 1600 D FreeFormWindowHelper: refreshTipWindow windowDragBounds:Rect(929, 541 - 1231, 1079)
11-29 09:05:15.620 1491 1600 W WindowManager: updateScale0.4617737
11-29 09:05:15.635 1491 1600 D FreeFormWindowHelper: refreshTipWindow windowDragBounds:Rect(858, 542 - 1160, 1080)
11-29 09:05:15.636 1491 1600 W WindowManager: updateScale0.4617737
11-29 09:05:15.652 1491 1600 D FreeFormWindowHelper: refreshTipWindow windowDragBounds:Rect(756, 542 - 1058, 1080)
11-29 09:05:15.653 1491 1600 W WindowManager: updateScale0.4617737
11-29 09:05:15.669 1491 1600 D FreeFormWindowHelper: refreshTipWindow windowDragBounds:Rect(585, 537 - 887, 1075)
11-29 09:05:15.670 1491 1600 W WindowManager: updateScale0.4617737
11-29 09:05:15.685 1491 1600 D FreeFormWindowHelper: refreshTipWindow windowDragBounds:Rect(481, 539 - 783, 1077)
11-29 09:05:15.687 1491 1600 W WindowManager: updateScale0.4617737
11-29 09:05:15.702 1491 1600 D FreeFormWindowHelper: refreshTipWindow windowDragBounds:Rect(338, 534 - 640, 1072)
11-29 09:05:15.703 1491 1600 W WindowManager: updateScale0.4617737
11-29 09:05:15.719 1491 1600 D FreeFormWindowHelper: refreshTipWindow windowDragBounds:Rect(295, 532 - 597, 1070)
11-29 09:05:15.720 1491 1600 W WindowManager: updateScale0.4617737
11-29 09:05:15.735 1491 1600 D FreeFormWindowHelper: refreshTipWindow windowDragBounds:Rect(149, 521 - 451, 1059)
11-29 09:05:15.737 1491 1600 W WindowManager: updateScale0.4617737
11-29 09:05:15.752 1491 1600 D FreeFormWindowHelper: refreshTipWindow windowDragBounds:Rect(78, 508 - 380, 1046)
11-29 09:05:15.753 1491 1600 W WindowManager: updateScale0.4617737
11-29 09:05:15.756 1491 1600 D FreeFormWindowHelper: refreshTipWindow windowDragBounds:Rect(64, 507 - 366, 1045)
11-29 09:05:15.758 1491 1600 W WindowManager: updateScale0.4617737
11-29 09:05:15.760 1491 1600 D WindowManager: updateWindowDragBounds: mIsSwipeYtrue
11-29 09:05:15.760 1491 1600 D WindowManager: updateWindowDragBounds: mIsTopfalse
11-29 09:05:15.760 1491 1600 D WindowManager: updateWindowDragBounds: mIsSwipeXfalse
11-29 09:05:15.761 1491 1600 W WindowManager: updateScale0.4617737
11-29 09:05:16.718 1491 9315 W WindowManager: updateScale0.7996942
11-29 09:05:16.724 1491 9315 W WindowManager: updateScale0.7996942
11-29 09:05:16.727 1491 9315 W WindowManager: updateScale0.7996942
11-29 09:05:16.781 1491 1772 W WindowManager: updateScale0.7996942
11-29 09:05:16.783 1491 1772 W WindowManager: updateScale0.7996942
11-29 09:05:18.594 1491 1760 I GameModeConfig: isGameModeOn = false
11-29 09:05:20.598 1491 1600 D FreeFormWindowHelper: refreshTipWindow windowDragBounds:Rect(40, 72 - 563, 1000)
11-29 09:05:20.601 1491 1600 W WindowManager: updateScale0.7996942
11-29 09:05:20.615 1491 1600 D FreeFormWindowHelper: refreshTipWindow windowDragBounds:Rect(85, 72 - 608, 1000)
11-29 09:05:20.616 1491 1600 W WindowManager: updateScale0.7996942
11-29 09:05:20.630 1491 1600 D FreeFormWindowHelper: refreshTipWindow windowDragBounds:Rect(121, 75 - 644, 1003)
11-29 09:05:20.633 1491 1600 W WindowManager: updateScale0.7996942
11-29 09:05:20.647 1491 1600 D FreeFormWindowHelper: refreshTipWindow windowDragBounds:Rect(124, 75 - 647, 1003)
11-29 09:05:20.648 1491 1600 W WindowManager: updateScale0.7996942
11-29 09:05:20.664 1491 1600 D FreeFormWindowHelper: refreshTipWindow windowDragBounds:Rect(125, 75 - 648, 1003)
11-29 09:05:20.665 1491 1600 W WindowManager: updateScale0.7996942
11-29 09:05:20.679 1491 1772 W WindowManager: updateScale0.7996942
11-29 09:05:21.048 1491 1600 D FreeFormWindowHelper: refreshTipWindow windowDragBounds:Rect(178, 75 - 701, 1003)
11-29 09:05:21.050 1491 1600 W WindowManager: updateScale0.7996942
11-29 09:05:21.065 1491 1600 D FreeFormWindowHelper: refreshTipWindow windowDragBounds:Rect(289, 75 - 812, 1003)
11-29 09:05:21.066 1491 1600 W WindowManager: updateScale0.7996942
11-29 09:05:21.079 1491 1772 W WindowManager: updateScale0.7996942
11-29 09:05:21.083 1491 1600 D FreeFormWindowHelper: refreshTipWindow windowDragBounds:Rect(475, 80 - 998, 1008)
11-29 09:05:21.085 1491 1600 W WindowManager: updateScale0.7996942
11-29 09:05:21.098 1491 1600 D FreeFormWindowHelper: refreshTipWindow windowDragBounds:Rect(662, 80 - 1185, 1008)
11-29 09:05:21.100 1491 1600 W WindowManager: updateScale0.7996942
11-29 09:05:21.115 1491 1600 D FreeFormWindowHelper: refreshTipWindow windowDragBounds:Rect(789, 79 - 1312, 1007)
11-29 09:05:21.116 1491 1600 W WindowManager: updateScale0.7996942
11-29 09:05:21.132 1491 1600 D FreeFormWindowHelper: refreshTipWindow windowDragBounds:Rect(890, 78 - 1413, 1006)
11-29 09:05:21.133 1491 1600 W WindowManager: updateScale0.7996942
11-29 09:05:21.148 1491 1600 D FreeFormWindowHelper: refreshTipWindow windowDragBounds:Rect(968, 78 - 1491, 1006)
11-29 09:05:21.150 1491 1600 W WindowManager: updateScale0.7996942
11-29 09:05:21.165 1491 1600 D FreeFormWindowHelper: refreshTipWindow windowDragBounds:Rect(1006, 78 - 1529, 1006)
11-29 09:05:21.166 1491 1600 W WindowManager: updateScale0.7996942
11-29 09:05:21.182 1491 1600 D FreeFormWindowHelper: refreshTipWindow windowDragBounds:Rect(1040, 78 - 1563, 1006)
11-29 09:05:21.184 1491 1600 W WindowManager: updateScale0.7996942
11-29 09:05:21.199 1491 1600 D FreeFormWindowHelper: refreshTipWindow windowDragBounds:Rect(1079, 78 - 1602, 1006)
11-29 09:05:21.200 1491 1600 W WindowManager: updateScale0.7996942
11-29 09:05:21.215 1491 1600 D FreeFormWindowHelper: refreshTipWindow windowDragBounds:Rect(1135, 78 - 1658, 1006)
11-29 09:05:21.217 1491 1600 W WindowManager: updateScale0.7996942
11-29 09:05:21.232 1491 1600 D FreeFormWindowHelper: refreshTipWindow windowDragBounds:Rect(1186, 79 - 1709, 1007)
11-29 09:05:21.233 1491 1600 W WindowManager: updateScale0.7996942
11-29 09:05:21.249 1491 1600 D FreeFormWindowHelper: refreshTipWindow windowDragBounds:Rect(1293, 85 - 1816, 1013)
11-29 09:05:21.250 1491 1600 W WindowManager: updateScale0.7996942
11-29 09:05:21.250 1491 1600 W WindowManager: updateScale0.7996942
11-29 09:05:21.265 1491 1600 D FreeFormWindowHelper: refreshTipWindow windowDragBounds:Rect(1380, 89 - 1903, 1017)
11-29 09:05:21.267 1491 1600 W WindowManager: updateScale0.7996942
11-29 09:05:21.282 1491 1600 D FreeFormWindowHelper: refreshTipWindow windowDragBounds:Rect(1417, 92 - 1940, 1020)
11-29 09:05:21.283 1491 1600 W WindowManager: updateScale0.7996942
11-29 09:05:21.299 1491 1600 D FreeFormWindowHelper: refreshTipWindow windowDragBounds:Rect(1517, 91 - 2040, 1019)
11-29 09:05:21.300 1491 1600 W WindowManager: updateScale0.7996942
11-29 09:05:21.308 1491 9315 W WindowManager: updateScale0.7996942
11-29 09:05:21.315 1491 1600 D FreeFormWindowHelper: refreshTipWindow windowDragBounds:Rect(1565, 93 - 2088, 1021)
11-29 09:05:21.317 1491 1600 W WindowManager: updateScale0.7996942
11-29 09:05:21.332 1491 1600 D FreeFormWindowHelper: refreshTipWindow windowDragBounds:Rect(1586, 94 - 2109, 1022)
11-29 09:05:21.333 1491 1600 W WindowManager: updateScale0.7996942
11-29 09:05:21.349 1491 1600 D FreeFormWindowHelper: refreshTipWindow windowDragBounds:Rect(1645, 95 - 2168, 1023)
11-29 09:05:21.351 1491 1600 W WindowManager: updateScale0.7996942
11-29 09:05:21.365 1491 1600 D FreeFormWindowHelper: refreshTipWindow windowDragBounds:Rect(1659, 95 - 2182, 1023)
11-29 09:05:21.367 1491 1600 W WindowManager: updateScale0.7996942
11-29 09:05:21.382 1491 1600 D FreeFormWindowHelper: refreshTipWindow windowDragBounds:Rect(1683, 96 - 2206, 1024)
11-29 09:05:21.384 1491 1600 W WindowManager: updateScale0.7996942
11-29 09:05:21.399 1491 1600 D FreeFormWindowHelper: refreshTipWindow windowDragBounds:Rect(1710, 96 - 2233, 1024)
11-29 09:05:21.400 1491 1600 W WindowManager: updateScale0.7996942
11-29 09:05:21.416 1491 1600 D FreeFormWindowHelper: refreshTipWindow windowDragBounds:Rect(1732, 96 - 2255, 1024)
11-29 09:05:21.417 1491 1600 W WindowManager: updateScale0.7996942
11-29 09:05:21.432 1491 1600 D FreeFormWindowHelper: refreshTipWindow windowDragBounds:Rect(1757, 96 - 2280, 1024)
11-29 09:05:21.434 1491 1600 W WindowManager: updateScale0.7996942
11-29 09:05:21.449 1491 1600 D FreeFormWindowHelper: refreshTipWindow windowDragBounds:Rect(1775, 96 - 2298, 1024)
11-29 09:05:21.451 1491 1600 W WindowManager: updateScale0.7996942
11-29 09:05:21.466 1491 1600 D FreeFormWindowHelper: refreshTipWindow windowDragBounds:Rect(1798, 94 - 2321, 1022)
11-29 09:05:21.467 1491 1600 W WindowManager: updateScale0.7996942
11-29 09:05:21.483 1491 1600 D FreeFormWindowHelper: refreshTipWindow windowDragBounds:Rect(1820, 92 - 2343, 1020)
11-29 09:05:21.484 1491 1600 W WindowManager: updateScale0.7996942
11-29 09:05:21.499 1491 1600 D FreeFormWindowHelper: refreshTipWindow windowDragBounds:Rect(1835, 91 - 2358, 1019)
11-29 09:05:21.500 1491 1600 W WindowManager: updateScale0.7996942
11-29 09:05:21.516 1491 1600 D FreeFormWindowHelper: refreshTipWindow windowDragBounds:Rect(1846, 90 - 2369, 1018)
11-29 09:05:21.517 1491 1600 W WindowManager: updateScale0.7996942
11-29 09:05:21.533 1491 1600 D FreeFormWindowHelper: refreshTipWindow windowDragBounds:Rect(1874, 86 - 2397, 1014)
11-29 09:05:21.535 1491 1600 W WindowManager: updateScale0.7996942
11-29 09:05:21.549 1491 1600 D FreeFormWindowHelper: refreshTipWindow windowDragBounds:Rect(1890, 84 - 2413, 1012)
11-29 09:05:21.551 1491 1600 W WindowManager: updateScale0.7996942
11-29 09:05:21.566 1491 1600 D FreeFormWindowHelper: refreshTipWindow windowDragBounds:Rect(1897, 82 - 2420, 1010)
11-29 09:05:21.568 1491 1600 W WindowManager: updateScale0.7996942
11-29 09:05:21.582 1491 1772 W WindowManager: updateScale0.7996942
11-29 09:05:21.584 1491 1600 D FreeFormWindowHelper: refreshTipWindow windowDragBounds:Rect(1911, 78 - 2434, 1006)
11-29 09:05:21.587 1491 1600 W WindowManager: updateScale0.7996942
11-29 09:05:21.589 1491 1600 W WindowManager: updateScale0.7996942
11-29 09:05:21.602 1491 1600 D FreeFormWindowHelper: refreshTipWindow windowDragBounds:Rect(1917, 78 - 2440, 1006)
11-29 09:05:21.603 1491 1600 W WindowManager: updateScale0.7996942
11-29 09:05:21.613 1491 1700 W WindowManager: updateScale0.7996942
11-29 09:05:21.618 1491 1600 D FreeFormWindowHelper: refreshTipWindow windowDragBounds:Rect(1918, 78 - 2441, 1006)
11-29 09:05:21.619 1491 1600 W WindowManager: updateScale0.7996942
11-29 09:05:21.633 1491 1600 D FreeFormWindowHelper: refreshTipWindow windowDragBounds:Rect(1922, 75 - 2445, 1003)
11-29 09:05:21.633 1491 1600 W WindowManager: updateScale0.7996942
11-29 09:05:21.650 1491 1600 D FreeFormWindowHelper: refreshTipWindow windowDragBounds:Rect(1923, 76 - 2446, 1004)
11-29 09:05:21.650 1491 1600 W WindowManager: updateScale0.7996942
11-29 09:05:21.667 1491 1600 D FreeFormWindowHelper: refreshTipWindow windowDragBounds:Rect(1925, 76 - 2448, 1004)
11-29 09:05:21.668 1491 1600 W WindowManager: updateScale0.7996942
11-29 09:05:21.761 1491 1600 D WindowManager: updateWindowDragBounds: mIsSwipeYfalse
11-29 09:05:21.761 1491 1600 D WindowManager: updateWindowDragBounds: mIsTopfalse
11-29 09:05:21.761 1491 1600 D WindowManager: updateWindowDragBounds: mIsSwipeXfalse
11-29 09:05:21.761 1491 1600 W WindowManager: updateScale0.4617737
11-29 09:05:21.766 1491 1600 W WindowManager: updateScale0.4617737
11-29 09:05:21.821 1491 1700 W WindowManager: updateScale0.4617737
11-29 09:05:21.823 1491 1700 W WindowManager: updateScale0.4617737
11-29 09:05:22.575 1491 1700 W WindowManager: updateScale0.7996942
11-29 09:05:22.580 1491 1700 W WindowManager: updateScale0.7996942
11-29 09:05:22.646 1491 1700 W WindowManager: updateScale0.7996942
11-29 09:05:22.647 1491 1700 W WindowManager: updateScale0.7996942
11-29 09:05:25.372 1491 1599 W WindowManager: updateScale0.7996942
11-29 09:05:25.376 1491 1599 I ActivityTaskManager: FOREGROUND_APPLICATION_CHANGED to com.android.gallery3d.app.GalleryActivity
11-29 09:05:25.393 1491 8592 W WindowManager: updateScale0.7996942
11-29 09:05:25.400 1491 9315 W WindowManager: updateScale0.7996942
11-29 09:05:25.415 16043 16059 W ContextImpl: Calling a method in the system process without a qualified user: android.app.ContextImpl.startService:1816 android.content.ContextWrapper.startService:774 com.thundercomm.gamemode.ingame.services.GameModeActionUtils.startGameModeService:93 com.thundercomm.gamemode.ingame.services.GameModeActionUtils.startGameModeEntry:21 com.thundercomm.gamemode.ingame.services.ActivityMonitoringService$1.onActivityLaunch:127
11-29 09:05:25.423 1491 1491 I GameModeConfig: Current uri is uri = content://com.thundercomm.gamemode.api/gamemode_settings/gamemode_isgaming
11-29 09:05:25.427 1491 1491 I GameModeConfig: isGameModeOn = false
11-29 09:05:25.427 1491 1491 I GameModeConfig: isGameModeOn = false
11-29 09:05:25.427 1491 1491 I GameModeConfig: isDisableVoice = true
11-29 09:05:25.437 1491 1760 I GameModeConfig: isGameModeOn = false
11-29 09:05:25.437 1491 1760 I GameModeConfig: isGameModeOn = false
11-29 09:05:25.438 1491 1760 I GameModeConfig: isGameModeOn = false
11-29 09:05:25.438 1491 1760 I GameModeConfig: isGameModeOn = false
11-29 09:05:25.438 1491 1760 I GameModeConfig: isGameModeOn = false
11-29 09:05:25.455 1491 8592 D FreeFormWindowHelper: Remove freefrom task=Task{69ad522 #368 type=standard A=10089:android.task.video U=0 visible=false mode=freeform translucent=true sz=0}
11-29 09:05:25.462 16043 16059 W ContextImpl: Calling a method in the system process without a qualified user: android.app.ContextImpl.startService:1816 android.content.ContextWrapper.startService:774 com.thundercomm.gamemode.ingame.services.GameModeActionUtils.startGameModeService:93 com.thundercomm.gamemode.ingame.services.GameModeActionUtils.startGameModeEntry:21 com.thundercomm.gamemode.ingame.services.ActivityMonitoringService$1.onActivityLaunch:127
11-29 09:05:25.466 1491 1772 W ActivityTaskManager: getTaskSnapshot: taskId=5367 not found
11-29 09:05:25.468 1491 9370 W ActivityTaskManager: getTaskSnapshot: taskId=4367 not found
11-29 09:05:25.469 1491 1491 I GameModeConfig: Current uri is uri = content://com.thundercomm.gamemode.api/gamemode_settings/gamemode_isgaming
11-29 09:05:25.471 1491 9480 W ActivityTaskManager: getTaskSnapshot: taskId=1367 not found
11-29 09:05:25.472 1491 1491 I GameModeConfig: isGameModeOn = false
11-29 09:05:25.473 1491 1491 I GameModeConfig: isGameModeOn = false
11-29 09:05:25.473 1491 1491 I GameModeConfig: isDisableVoice = true
11-29 09:05:25.483 1491 8592 W ActivityTaskManager: getTaskSnapshot: taskId=2367 not found
11-29 09:05:25.485 1491 8592 W ActivityTaskManager: getTaskSnapshot: taskId=3367 not found
11-29 09:05:25.485 1491 8592 W ActivityTaskManager: getTaskSnapshot: taskId=4367 not found
11-29 09:05:25.486 1491 8592 W ActivityTaskManager: getTaskSnapshot: taskId=5367 not found
11-29 09:05:25.541 16043 16059 W ContextImpl: Calling a method in the system process without a qualified user: android.app.ContextImpl.startService:1816 android.content.ContextWrapper.startService:774 com.thundercomm.gamemode.ingame.services.GameModeActionUtils.startGameModeService:93 com.thundercomm.gamemode.ingame.services.GameModeActionUtils.startGameModeEntry:21 com.thundercomm.gamemode.ingame.services.ActivityMonitoringService$1.onActivityLaunch:127
11-29 09:05:25.545 1491 1491 I GameModeConfig: Current uri is uri = content://com.thundercomm.gamemode.api/gamemode_settings/gamemode_isgaming
11-29 09:05:25.547 1491 1491 I GameModeConfig: isGameModeOn = false
11-29 09:05:25.547 1491 1491 I GameModeConfig: isGameModeOn = false
11-29 09:05:25.547 1491 1491 I GameModeConfig: isDisableVoice = true
11-29 09:05:25.644 1491 1491 I GameModeConfig: isGameModeOn = false
11-29 09:05:25.646 1491 1491 W NotificationHistory: Attempted to add notif for locked/gone/disabled user 0
11-29 09:05:25.658 1491 8592 W ContextImpl: Calling a method in the system process without a qualified user: android.app.ContextImpl.startActivity:1067 com.android.server.wm.FreeFormWindowHelper.exitRecentTasks:423 com.android.server.wm.ActivityTaskManagerService.exitRecentTasks:3795 android.app.IActivityTaskManager$Stub.onTransact:2307 com.android.server.wm.ActivityTaskManagerService.onTransact:5046
11-29 09:05:25.659 1491 8592 I ActivityTaskManager: START u0 {flg=0x10008000 cmp=com.android.music/.VideoBrowserActivity} from uid 1000
11-29 09:05:25.662 1491 8592 W ActivityTaskManager: Can't find TaskDisplayArea to determine support for multi window. Task id=369 attached=false
11-29 09:05:25.663 1491 8592 D FreeFormWindowHelper: Add freeform task=Task{ac95dc7 #369 type=standard ?? U=0 visible=false mode=freeform translucent=true sz=0}
11-29 09:05:25.667 1491 8592 I ActivityTaskManager: FOREGROUND_APPLICATION_CHANGED to com.android.music.VideoBrowserActivity
11-29 09:05:25.667 1491 8592 I ActivityTaskManager: The Process com.android.music Already Exists in BG. So sending its PID: 7660
11-29 09:05:25.667 1491 8592 W ActivityTaskManager: Tried to set launchTime (0) < mLastActivityLaunchTime (21087477)
11-29 09:05:25.693 16043 16059 W ContextImpl: Calling a method in the system process without a qualified user: android.app.ContextImpl.startService:1816 android.content.ContextWrapper.startService:774 com.thundercomm.gamemode.ingame.services.GameModeActionUtils.startGameModeService:93 com.thundercomm.gamemode.ingame.services.GameModeActionUtils.startGameModeEntry:21 com.thundercomm.gamemode.ingame.services.ActivityMonitoringService$1.onActivityLaunch:127
11-29 09:05:25.704 1491 1491 I GameModeConfig: Current uri is uri = content://com.thundercomm.gamemode.api/gamemode_settings/gamemode_isgaming
11-29 09:05:25.707 1491 1491 I GameModeConfig: isGameModeOn = false
11-29 09:05:25.707 1491 1491 I GameModeConfig: isGameModeOn = false
11-29 09:05:25.707 1491 1491 I GameModeConfig: isDisableVoice = true
11-29 09:05:25.709 1491 8592 W WindowManager: updateScale0.7996942
11-29 09:05:25.719 1491 1600 W WindowManager: updateScale0.7996942
11-29 09:05:25.722 1491 1600 W WindowManager: updateScale0.7996942
11-29 09:05:25.722 1491 1600 W WindowManager: updateScale0.7996942
11-29 09:05:26.347 1491 1700 I ActivityTaskManager: FOREGROUND_APPLICATION_CHANGED to com.android.launcher3.uioverrides.QuickstepLauncher
11-29 09:05:26.351 1491 1700 W WindowManager: updateScale0.7996942
11-29 09:05:26.362 1491 1700 W WindowManager: updateScale0.7996942
11-29 09:05:26.383 1491 9315 W WindowManager: updateScale0.7996942
11-29 09:05:26.436 16043 16059 W ContextImpl: Calling a method in the system process without a qualified user: android.app.ContextImpl.startService:1816 android.content.ContextWrapper.startService:774 com.thundercomm.gamemode.ingame.services.GameModeActionUtils.startGameModeService:93 com.thundercomm.gamemode.ingame.services.GameModeActionUtils.startGameModeEntry:21 com.thundercomm.gamemode.ingame.services.ActivityMonitoringService$1.onActivityLaunch:127
11-29 09:05:26.440 1491 1491 I GameModeConfig: Current uri is uri = content://com.thundercomm.gamemode.api/gamemode_settings/gamemode_isgaming
11-29 09:05:26.448 1491 1491 I GameModeConfig: isGameModeOn = false
11-29 09:05:26.448 1491 1491 I GameModeConfig: isGameModeOn = false
11-29 09:05:26.448 1491 1491 I GameModeConfig: isDisableVoice = true
11-29 09:05:26.475 16043 16059 W ContextImpl: Calling a method in the system process without a qualified user: android.app.ContextImpl.startService:1816 android.content.ContextWrapper.startService:774 com.thundercomm.gamemode.ingame.services.GameModeActionUtils.startGameModeService:93 com.thundercomm.gamemode.ingame.services.GameModeActionUtils.startGameModeEntry:21 com.thundercomm.gamemode.ingame.services.ActivityMonitoringService$1.onActivityLaunch:127
11-29 09:05:26.479 1491 1491 I GameModeConfig: Current uri is uri = content://com.thundercomm.gamemode.api/gamemode_settings/gamemode_isgaming
11-29 09:05:26.480 1491 1491 I GameModeConfig: isGameModeOn = false
11-29 09:05:26.481 1491 1491 I GameModeConfig: isGameModeOn = false
11-29 09:05:26.481 1491 1491 I GameModeConfig: isDisableVoice = true
11-29 09:05:26.508 1491 9315 W ActivityTaskManager: getTaskSnapshot: taskId=5367 not found
11-29 09:05:26.509 1491 2058 W ActivityTaskManager: getTaskSnapshot: taskId=4367 not found
11-29 09:05:26.510 1491 2058 W ActivityTaskManager: getTaskSnapshot: taskId=3367 not found
11-29 09:05:26.511 1491 2058 W ActivityTaskManager: getTaskSnapshot: taskId=2367 not found
11-29 09:05:26.512 1491 9315 W ActivityTaskManager: getTaskSnapshot: taskId=1367 not found
11-29 09:05:27.408 1491 9315 W ActivityTaskManager: getTaskSnapshot: taskId=5367 not found
11-29 09:05:27.410 1491 9370 W ActivityTaskManager: getTaskSnapshot: taskId=4367 not found
11-29 09:05:28.570 1491 2058 W ActivityTaskManager: getTaskSnapshot: taskId=3367 not found
11-29 09:05:28.571 1491 2058 W ActivityTaskManager: getTaskSnapshot: taskId=2367 not found
11-29 09:05:28.571 1491 2058 W ActivityTaskManager: getTaskSnapshot: taskId=1367 not found
11-29 09:05:29.423 1491 9315 W ActivityTaskManager: getTaskSnapshot: taskId=5367 not found
11-29 09:05:29.424 1491 9315 W ActivityTaskManager: getTaskSnapshot: taskId=4367 not found
11-29 09:05:29.424 1491 9315 W ActivityTaskManager: getTaskSnapshot: taskId=3367 not found
11-29 09:05:30.707 1491 9370 W ActivityTaskManager: getTaskSnapshot: taskId=5367 not found
11-29 09:05:30.708 1491 9370 W ActivityTaskManager: getTaskSnapshot: taskId=2367 not found
11-29 09:05:30.708 1491 9370 W ActivityTaskManager: getTaskSnapshot: taskId=1367 not found
11-29 09:05:32.290 1491 1674 D ActivityManager: freezing 2500 com.thundercomm.screensaver
11-29 09:05:32.291 1491 1674 E ActivityManager: Unable to freeze binder for 2500 com.thundercomm.screensaver
11-29 09:05:32.293 1491 1674 D ActivityManager: froze 2500 com.thundercomm.screensaver
11-29 09:05:32.293 1491 1674 E ActivityManager: Unable to freeze binder for 2500 com.thundercomm.screensaver
11-29 09:05:32.295 1491 1674 I ActivityManager: Killing 2500:com.thundercomm.screensaver/u0a52 (adj 975): Unable to freeze binder interface
11-29 09:05:32.342 1491 1599 W ActivityManager: setHasOverlayUi called on unknown pid: 2500
11-29 09:05:32.846 1491 2106 W ActivityTaskManager: getTaskSnapshot: taskId=5367 not found
11-29 09:05:32.848 1491 2106 W ActivityTaskManager: getTaskSnapshot: taskId=4367 not found
11-29 09:05:32.849 1491 2106 W ActivityTaskManager: getTaskSnapshot: taskId=3367 not found
11-29 09:05:33.523 16043 16059 W ContextImpl: Calling a method in the system process without a qualified user: android.app.ContextImpl.startService:1816 android.content.ContextWrapper.startService:774 com.thundercomm.gamemode.ingame.services.GameModeActionUtils.startGameModeService:93 com.thundercomm.gamemode.ingame.services.GameModeActionUtils.startGameModeEntry:21 com.thundercomm.gamemode.ingame.services.ActivityMonitoringService$1.onActivityLaunch:127
11-29 09:05:33.528 1491 1491 I GameModeConfig: Current uri is uri = content://com.thundercomm.gamemode.api/gamemode_settings/gamemode_isgaming
11-29 09:05:33.534 1491 1491 I GameModeConfig: isGameModeOn = false
11-29 09:05:33.534 1491 1491 I GameModeConfig: isGameModeOn = false
11-29 09:05:33.534 1491 1491 I GameModeConfig: isDisableVoice = true
11-29 09:05:33.592 16043 16059 W ContextImpl: Calling a method in the system process without a qualified user: android.app.ContextImpl.startService:1816 android.content.ContextWrapper.startService:774 com.thundercomm.gamemode.ingame.services.GameModeActionUtils.startGameModeService:93 com.thundercomm.gamemode.ingame.services.GameModeActionUtils.startGameModeEntry:21 com.thundercomm.gamemode.ingame.services.ActivityMonitoringService$1.onActivityLaunch:127
11-29 09:05:33.597 1491 1491 I GameModeConfig: Current uri is uri = content://com.thundercomm.gamemode.api/gamemode_settings/gamemode_isgaming
11-29 09:05:33.599 1491 1491 I GameModeConfig: isGameModeOn = false
11-29 09:05:33.600 1491 1491 I GameModeConfig: isGameModeOn = false
11-29 09:05:33.600 1491 1491 I GameModeConfig: isDisableVoice = true
11-29 09:05:33.770 1491 9682 W ContextImpl: Calling a method in the system process without a qualified user: android.app.ContextImpl.startActivity:1067 com.android.server.wm.FreeFormWindowHelper.exitRecentTasks:423 com.android.server.wm.ActivityTaskManagerService.exitRecentTasks:3795 android.app.IActivityTaskManager$Stub.onTransact:2307 com.android.server.wm.ActivityTaskManagerService.onTransact:5046
11-29 09:05:33.770 1491 9682 I ActivityTaskManager: START u0 {flg=0x10008000 cmp=com.android.music/.VideoBrowserActivity} from uid 1000
11-29 09:05:33.773 1491 9682 W ActivityTaskManager: Can't find TaskDisplayArea to determine support for multi window. Task id=370 attached=false
11-29 09:05:33.774 1491 9682 D FreeFormWindowHelper: Add freeform task=Task{2e0879b #370 type=standard ?? U=0 visible=false mode=freeform translucent=true sz=0}
11-29 09:05:33.780 1491 9682 I ActivityTaskManager: FOREGROUND_APPLICATION_CHANGED to com.android.music.VideoBrowserActivity
11-29 09:05:33.780 1491 9682 I ActivityTaskManager: The Process com.android.music Already Exists in BG. So sending its PID: 7660
11-29 09:05:33.781 1491 9682 W ActivityTaskManager: Tried to set launchTime (0) < mLastActivityLaunchTime (21104147)
11-29 09:05:33.783 1491 9682 I ActivityTaskManager: Add Task{ac95dc7 #369 type=standard A=10089:android.task.video U=0 visible=false mode=freeform translucent=true sz=1} to hidden list because adding Task{2e0879b #370 type=standard A=10089:android.task.video U=0 visible=true mode=freeform translucent=false sz=1}
11-29 09:05:33.802 16043 16059 W ContextImpl: Calling a method in the system process without a qualified user: android.app.ContextImpl.startService:1816 android.content.ContextWrapper.startService:774 com.thundercomm.gamemode.ingame.services.GameModeActionUtils.startGameModeService:93 com.thundercomm.gamemode.ingame.services.GameModeActionUtils.startGameModeEntry:21 com.thundercomm.gamemode.ingame.services.ActivityMonitoringService$1.onActivityLaunch:127
11-29 09:05:33.810 1491 1491 I GameModeConfig: Current uri is uri = content://com.thundercomm.gamemode.api/gamemode_settings/gamemode_isgaming
11-29 09:05:33.812 1491 1491 I GameModeConfig: isGameModeOn = false
11-29 09:05:33.812 1491 1491 I GameModeConfig: isGameModeOn = false
11-29 09:05:33.812 1491 1491 I GameModeConfig: isDisableVoice = true
11-29 09:05:33.819 1491 2106 W WindowManager: updateScale0.7996942
11-29 09:05:33.829 1491 1600 W WindowManager: updateScale0.7996942
11-29 09:05:33.831 1491 1600 W WindowManager: updateScale0.7996942
11-29 09:05:33.831 1491 1600 W WindowManager: updateScale0.7996942
11-29 09:05:34.114 1491 1600 W WindowManager: updateScale0.7996942
11-29 09:05:34.514 1491 2106 I ActivityTaskManager: START u0 {act=android.intent.action.MAIN cat=[android.intent.category.HOME] flg=0x10000000 cmp=com.android.launcher3/.uioverrides.QuickstepLauncher} from uid 10077
11-29 09:05:34.520 1491 2106 I ActivityTaskManager: FOREGROUND_APPLICATION_CHANGED to com.android.launcher3.uioverrides.QuickstepLauncher
11-29 09:05:34.520 1491 2106 W WindowManager: updateScale0.7996942
11-29 09:05:34.524 1491 2106 W WindowManager: updateScale0.7996942
11-29 09:05:34.543 1491 8786 W WindowManager: updateScale0.7996942
11-29 09:05:34.923 1491 2106 W ActivityTaskManager: getTaskSnapshot: taskId=5367 not found
11-29 09:05:34.924 1491 9682 W ActivityTaskManager: getTaskSnapshot: taskId=4367 not found
11-29 09:05:34.924 1491 9682 W ActivityTaskManager: getTaskSnapshot: taskId=2367 not found
11-29 09:05:34.924 1491 9682 W ActivityTaskManager: getTaskSnapshot: taskId=1367 not found
11-29 09:05:35.085 16043 16059 W ContextImpl: Calling a method in the system process without a qualified user: android.app.ContextImpl.startService:1816 android.content.ContextWrapper.startService:774 com.thundercomm.gamemode.ingame.services.GameModeActionUtils.startGameModeService:93 com.thundercomm.gamemode.ingame.services.GameModeActionUtils.startGameModeEntry:21 com.thundercomm.gamemode.ingame.services.ActivityMonitoringService$1.onActivityLaunch:127
11-29 09:05:35.091 1491 1491 I GameModeConfig: Current uri is uri = content://com.thundercomm.gamemode.api/gamemode_settings/gamemode_isgaming
11-29 09:05:35.094 1491 1491 I GameModeConfig: isGameModeOn = false
11-29 09:05:35.094 1491 1491 I GameModeConfig: isGameModeOn = false
11-29 09:05:35.094 1491 1491 I GameModeConfig: isDisableVoice = true
11-29 09:05:35.178 16043 16059 W ContextImpl: Calling a method in the system process without a qualified user: android.app.ContextImpl.startService:1816 android.content.ContextWrapper.startService:774 com.thundercomm.gamemode.ingame.services.GameModeActionUtils.startGameModeService:93 com.thundercomm.gamemode.ingame.services.GameModeActionUtils.startGameModeEntry:21 com.thundercomm.gamemode.ingame.services.ActivityMonitoringService$1.onActivityLaunch:127
11-29 09:05:35.185 1491 1491 I GameModeConfig: Current uri is uri = content://com.thundercomm.gamemode.api/gamemode_settings/gamemode_isgaming
11-29 09:05:35.190 1491 1491 I GameModeConfig: isGameModeOn = false
11-29 09:05:35.190 1491 1491 I GameModeConfig: isGameModeOn = false
11-29 09:05:35.190 1491 1491 I GameModeConfig: isDisableVoice = true
11-29 09:05:35.364 1491 1600 D FreeFormWindowHelper: Remove freefrom task=Task{2e0879b #370 type=standard A=10089:android.task.video U=0 visible=false mode=freeform translucent=true sz=0}
11-29 09:05:35.559 1491 2106 W ActivityTaskManager: getTaskSnapshot: taskId=4367 not found
11-29 09:05:35.560 1491 7658 W ActivityTaskManager: getTaskSnapshot: taskId=3367 not found
11-29 09:05:35.560 1491 7658 W ActivityTaskManager: getTaskSnapshot: taskId=2367 not found
11-29 09:05:35.666 1491 1760 I GameModeConfig: isGameModeOn = false
11-29 09:05:36.341 1491 7658 W ActivityTaskManager: getTaskSnapshot: taskId=1367 not found
11-29 09:05:37.745 1491 1491 I GameModeConfig: isGameModeOn = false
11-29 09:05:38.055 1491 7658 D FreeFormWindowHelper: Add freeform task=Task{2e0879b #370 type=standard A=10089:android.task.video U=0 visible=false mode=freeform translucent=true sz=0}
11-29 09:05:38.058 1491 7658 I ActivityTaskManager: START u0 {flg=0x10108000 cmp=com.android.music/.VideoBrowserActivity} from uid 1000
11-29 09:05:38.063 1491 7658 I ActivityTaskManager: FOREGROUND_APPLICATION_CHANGED to com.android.music.VideoBrowserActivity
11-29 09:05:38.063 1491 7658 I ActivityTaskManager: The Process com.android.music Already Exists in BG. So sending its PID: 7660
11-29 09:05:38.064 1491 7658 W ActivityTaskManager: Tried to set launchTime (0) < mLastActivityLaunchTime (21112260)
11-29 09:05:38.088 16043 16059 W ContextImpl: Calling a method in the system process without a qualified user: android.app.ContextImpl.startService:1816 android.content.ContextWrapper.startService:774 com.thundercomm.gamemode.ingame.services.GameModeActionUtils.startGameModeService:93 com.thundercomm.gamemode.ingame.services.GameModeActionUtils.startGameModeEntry:21 com.thundercomm.gamemode.ingame.services.ActivityMonitoringService$1.onActivityLaunch:127
11-29 09:05:38.095 1491 1491 I GameModeConfig: Current uri is uri = content://com.thundercomm.gamemode.api/gamemode_settings/gamemode_isgaming
11-29 09:05:38.098 1491 1491 I GameModeConfig: isGameModeOn = false
11-29 09:05:38.098 1491 1491 I GameModeConfig: isGameModeOn = false
11-29 09:05:38.098 1491 1491 I GameModeConfig: isDisableVoice = true
11-29 09:05:38.112 1491 10785 W WindowManager: updateScale0.7996942
11-29 09:05:38.126 1491 1600 W WindowManager: updateScale0.7996942
11-29 09:05:38.129 1491 1600 W WindowManager: updateScale0.7996942
11-29 09:05:38.130 1491 1600 W WindowManager: updateScale0.7996942
11-29 09:05:38.408 1491 1600 W WindowManager: updateScale0.7996942
11-29 09:05:39.828 1491 7658 I ActivityTaskManager: START u0 {act=android.intent.action.MAIN cat=[android.intent.category.HOME] flg=0x10000000 cmp=com.android.launcher3/.uioverrides.QuickstepLauncher} from uid 10077
11-29 09:05:39.834 1491 7658 I ActivityTaskManager: FOREGROUND_APPLICATION_CHANGED to com.android.launcher3.uioverrides.QuickstepLauncher
11-29 09:05:39.835 1491 7658 W WindowManager: updateScale0.7996942
11-29 09:05:39.840 1491 7658 W WindowManager: updateScale0.7996942
11-29 09:05:39.856 1491 9682 W WindowManager: updateScale0.7996942
11-29 09:05:40.154 1491 7658 W ActivityTaskManager: getTaskSnapshot: taskId=4367 not found
11-29 09:05:40.155 1491 9682 W ActivityTaskManager: getTaskSnapshot: taskId=3367 not found
11-29 09:05:40.155 1491 7658 W ActivityTaskManager: getTaskSnapshot: taskId=2367 not found
11-29 09:05:40.735 16043 16059 W ContextImpl: Calling a method in the system process without a qualified user: android.app.ContextImpl.startService:1816 android.content.ContextWrapper.startService:774 com.thundercomm.gamemode.ingame.services.GameModeActionUtils.startGameModeService:93 com.thundercomm.gamemode.ingame.services.GameModeActionUtils.startGameModeEntry:21 com.thundercomm.gamemode.ingame.services.ActivityMonitoringService$1.onActivityLaunch:127
11-29 09:05:40.745 1491 1491 I GameModeConfig: Current uri is uri = content://com.thundercomm.gamemode.api/gamemode_settings/gamemode_isgaming
11-29 09:05:40.749 1491 1491 I GameModeConfig: isGameModeOn = false
11-29 09:05:40.750 1491 1491 I GameModeConfig: isGameModeOn = false
11-29 09:05:40.750 1491 1491 I GameModeConfig: isDisableVoice = true
11-29 09:05:40.808 16043 16059 W ContextImpl: Calling a method in the system process without a qualified user: android.app.ContextImpl.startService:1816 android.content.ContextWrapper.startService:774 com.thundercomm.gamemode.ingame.services.GameModeActionUtils.startGameModeService:93 com.thundercomm.gamemode.ingame.services.GameModeActionUtils.startGameModeEntry:21 com.thundercomm.gamemode.ingame.services.ActivityMonitoringService$1.onActivityLaunch:127
11-29 09:05:40.812 1491 1491 I GameModeConfig: Current uri is uri = content://com.thundercomm.gamemode.api/gamemode_settings/gamemode_isgaming
11-29 09:05:40.814 1491 1491 I GameModeConfig: isGameModeOn = false
11-29 09:05:40.814 1491 1491 I GameModeConfig: isGameModeOn = false
11-29 09:05:40.814 1491 1491 I GameModeConfig: isDisableVoice = true
11-29 09:05:40.994 1491 1600 D FreeFormWindowHelper: Remove freefrom task=Task{2e0879b #370 type=standard A=10089:android.task.video U=0 visible=false mode=freeform translucent=true sz=0}
11-29 09:05:41.425 1491 9682 I ActivityTaskManager: FOREGROUND_APPLICATION_CHANGED to com.android.gallery3d.app.GalleryActivity
11-29 09:05:41.470 16043 16059 W ContextImpl: Calling a method in the system process without a qualified user: android.app.ContextImpl.startService:1816 android.content.ContextWrapper.startService:774 com.thundercomm.gamemode.ingame.services.GameModeActionUtils.startGameModeService:93 com.thundercomm.gamemode.ingame.services.GameModeActionUtils.startGameModeEntry:21 com.thundercomm.gamemode.ingame.services.ActivityMonitoringService$1.onActivityLaunch:127
11-29 09:05:41.475 1491 1760 I GameModeConfig: isGameModeOn = false
11-29 09:05:41.476 1491 1491 I GameModeConfig: Current uri is uri = content://com.thundercomm.gamemode.api/gamemode_settings/gamemode_isgaming
11-29 09:05:41.480 1491 1491 I GameModeConfig: isGameModeOn = false
11-29 09:05:41.480 1491 1491 I GameModeConfig: isGameModeOn = false
11-29 09:05:41.480 1491 1491 I GameModeConfig: isDisableVoice = true
11-29 09:05:41.482 1491 1760 I GameModeConfig: isGameModeOn = false
11-29 09:05:41.482 1491 1760 I GameModeConfig: isGameModeOn = false
11-29 09:05:41.483 1491 1760 I GameModeConfig: isGameModeOn = false
11-29 09:05:41.483 1491 1760 I GameModeConfig: isGameModeOn = false
11-29 09:05:41.539 16043 16059 W ContextImpl: Calling a method in the system process without a qualified user: android.app.ContextImpl.startService:1816 android.content.ContextWrapper.startService:774 com.thundercomm.gamemode.ingame.services.GameModeActionUtils.startGameModeService:93 com.thundercomm.gamemode.ingame.services.GameModeActionUtils.startGameModeEntry:21 com.thundercomm.gamemode.ingame.services.ActivityMonitoringService$1.onActivityLaunch:127
11-29 09:05:41.546 1491 1491 I GameModeConfig: Current uri is uri = content://com.thundercomm.gamemode.api/gamemode_settings/gamemode_isgaming
11-29 09:05:41.547 1491 1491 I GameModeConfig: isGameModeOn = false
11-29 09:05:41.547 1491 1491 I GameModeConfig: isGameModeOn = false
11-29 09:05:41.547 1491 1491 I GameModeConfig: isDisableVoice = true
11-29 09:05:41.686 1491 1491 I GameModeConfig: isGameModeOn = false
11-29 09:05:41.688 1491 1491 W NotificationHistory: Attempted to add notif for locked/gone/disabled user 0
11-29 09:05:41.907 1491 9682 W ContextImpl: Calling a method in the system process without a qualified user: android.app.ContextImpl.startActivity:1067 com.android.server.wm.FreeFormWindowHelper.exitRecentTasks:423 com.android.server.wm.ActivityTaskManagerService.exitRecentTasks:3795 android.app.IActivityTaskManager$Stub.onTransact:2307 com.android.server.wm.ActivityTaskManagerService.onTransact:5046
11-29 09:05:41.909 1491 9682 I ActivityTaskManager: START u0 {flg=0x10108000 cmp=com.android.music/.VideoBrowserActivity} from uid 1000
11-29 09:05:41.914 1491 9682 W ActivityTaskManager: Can't find TaskDisplayArea to determine support for multi window. Task id=371 attached=false
11-29 09:05:41.915 1491 9682 D FreeFormWindowHelper: Add freeform task=Task{1095532 #371 type=standard ?? U=0 visible=false mode=freeform translucent=true sz=0}
11-29 09:05:41.920 1491 9682 I ActivityTaskManager: FOREGROUND_APPLICATION_CHANGED to com.android.music.VideoBrowserActivity
11-29 09:05:41.920 1491 9682 I ActivityTaskManager: The Process com.android.music Already Exists in BG. So sending its PID: 7660
11-29 09:05:41.920 1491 9682 W ActivityTaskManager: Tried to set launchTime (0) < mLastActivityLaunchTime (21116544)
11-29 09:05:41.945 16043 16059 W ContextImpl: Calling a method in the system process without a qualified user: android.app.ContextImpl.startService:1816 android.content.ContextWrapper.startService:774 com.thundercomm.gamemode.ingame.services.GameModeActionUtils.startGameModeService:93 com.thundercomm.gamemode.ingame.services.GameModeActionUtils.startGameModeEntry:21 com.thundercomm.gamemode.ingame.services.ActivityMonitoringService$1.onActivityLaunch:127
11-29 09:05:41.951 1491 1491 I GameModeConfig: Current uri is uri = content://com.thundercomm.gamemode.api/gamemode_settings/gamemode_isgaming
11-29 09:05:41.955 1491 1491 I GameModeConfig: isGameModeOn = false
11-29 09:05:41.956 1491 1491 I GameModeConfig: isGameModeOn = false
11-29 09:05:41.956 1491 1491 I GameModeConfig: isDisableVoice = true
11-29 09:05:41.966 1491 9316 W WindowManager: updateScale0.7996942
11-29 09:05:41.989 1491 1600 W WindowManager: updateScale0.7996942
11-29 09:05:41.990 1491 1600 W WindowManager: updateScale0.7996942
11-29 09:05:41.996 1491 1600 W WindowManager: updateScale0.7996942
11-29 09:05:41.997 1491 1600 W WindowManager: updateScale0.7996942
11-29 09:05:42.000 1491 1599 W WindowManager: updateScale0.7996942
11-29 09:05:42.035 16043 16059 W ContextImpl: Calling a method in the system process without a qualified user: android.app.ContextImpl.startService:1816 android.content.ContextWrapper.startService:774 com.thundercomm.gamemode.ingame.services.GameModeActionUtils.startGameModeService:93 com.thundercomm.gamemode.ingame.services.GameModeActionUtils.startGameModeEntry:21 com.thundercomm.gamemode.ingame.services.ActivityMonitoringService$1.onActivityLaunch:127
11-29 09:05:42.036 1491 1600 W WindowManager: updateScale0.7996942
11-29 09:05:42.041 1491 1491 I GameModeConfig: Current uri is uri = content://com.thundercomm.gamemode.api/gamemode_settings/gamemode_isgaming
11-29 09:05:42.042 1491 1491 I GameModeConfig: isGameModeOn = false
11-29 09:05:42.042 1491 1491 I GameModeConfig: isGameModeOn = false
11-29 09:05:42.042 1491 1491 I GameModeConfig: isDisableVoice = true
11-29 09:05:42.220 1491 1599 W WindowManager: updateScale0.7996942
11-29 09:05:42.224 1491 1599 I ActivityTaskManager: FOREGROUND_APPLICATION_CHANGED to com.android.gallery3d.app.GalleryActivity
11-29 09:05:42.249 1491 7158 W WindowManager: updateScale0.7996942
11-29 09:05:42.255 1491 2106 W WindowManager: updateScale0.7996942
11-29 09:05:42.268 1491 10785 W WindowManager: updateScale0.7996942
