11-29 09:10:22.653 1491 7072 D CompatibilityChangeReporter: Compat change id reported: 181136395; UID 10077; state: DISABLED
11-29 09:10:22.654 1491 7072 D CompatibilityChangeReporter: Compat change id reported: 174042936; UID 10077; state: DISABLED
11-29 09:10:22.666 16043 16059 W ContextImpl: Calling a method in the system process without a qualified user: android.app.ContextImpl.startService:1816 android.content.ContextWrapper.startService:774 com.thundercomm.gamemode.ingame.services.GameModeActionUtils.startGameModeService:93 com.thundercomm.gamemode.ingame.services.GameModeActionUtils.startGameModeEntry:21 com.thundercomm.gamemode.ingame.services.ActivityMonitoringService$1.onActivityLaunch:127
11-29 09:10:22.676 1491 2770 W ActivityTaskManager: getTaskSnapshot: taskId=4384 not found
11-29 09:10:22.683 1491 1491 I GameModeConfig: Current uri is uri = content://com.thundercomm.gamemode.api/gamemode_settings/gamemode_isgaming
11-29 09:10:22.694 1491 1491 I GameModeConfig: isGameModeOn = false
11-29 09:10:22.694 1491 1491 I GameModeConfig: isGameModeOn = false
11-29 09:10:22.694 1491 1491 I GameModeConfig: isDisableVoice = true
11-29 09:10:22.701 1491 10067 D FreeFormWindowHelper: Remove freefrom task=Task{f47063b #387 type=standard A=10068:com.android.gallery3d U=0 visible=false mode=freeform translucent=true sz=0}
11-29 09:10:22.723 1491 2770 W ActivityTaskManager: getTaskSnapshot: taskId=4384 not found
11-29 09:10:22.723 1491 2770 W ActivityTaskManager: getTaskSnapshot: taskId=2384 not found
11-29 09:10:22.723 1491 2770 W ActivityTaskManager: getTaskSnapshot: taskId=1384 not found
11-29 09:10:22.763 16043 16059 W ContextImpl: Calling a method in the system process without a qualified user: android.app.ContextImpl.startService:1816 android.content.ContextWrapper.startService:774 com.thundercomm.gamemode.ingame.services.GameModeActionUtils.startGameModeService:93 com.thundercomm.gamemode.ingame.services.GameModeActionUtils.startGameModeEntry:21 com.thundercomm.gamemode.ingame.services.ActivityMonitoringService$1.onActivityLaunch:127
11-29 09:10:22.767 1491 1491 I GameModeConfig: Current uri is uri = content://com.thundercomm.gamemode.api/gamemode_settings/gamemode_isgaming
11-29 09:10:22.769 1491 1491 I GameModeConfig: isGameModeOn = false
11-29 09:10:22.769 1491 1491 I GameModeConfig: isGameModeOn = false
11-29 09:10:22.769 1491 1491 I GameModeConfig: isDisableVoice = true
11-29 09:10:25.163 1491 8646 I ActivityTaskManager: START u0 {flg=0x10008000 cmp=com.android.calendar/.AllInOneActivity} from uid 10077
11-29 09:10:25.176 1491 8646 W ActivityTaskManager: Can't find TaskDisplayArea to determine support for multi window. Task id=388 attached=false
11-29 09:10:25.179 1491 8646 D FreeFormWindowHelper: Add freeform task=Task{92be792 #388 type=standard ?? U=0 visible=false mode=freeform translucent=true sz=0}
11-29 09:10:25.196 1491 8646 I ActivityTaskManager: FOREGROUND_APPLICATION_CHANGED to com.android.calendar.AllInOneActivity
11-29 09:10:25.196 1491 8646 I ActivityTaskManager: The Process com.android.calendar Already Exists in BG. So sending its PID: 10546
11-29 09:10:25.196 1491 8646 W ActivityTaskManager: Tried to set launchTime (0) < mLastActivityLaunchTime (20865010)
11-29 09:10:25.235 16043 16059 W ContextImpl: Calling a method in the system process without a qualified user: android.app.ContextImpl.startService:1816 android.content.ContextWrapper.startService:774 com.thundercomm.gamemode.ingame.services.GameModeActionUtils.startGameModeService:93 com.thundercomm.gamemode.ingame.services.GameModeActionUtils.startGameModeEntry:21 com.thundercomm.gamemode.ingame.services.ActivityMonitoringService$1.onActivityLaunch:127
11-29 09:10:25.240 1491 1491 I GameModeConfig: Current uri is uri = content://com.thundercomm.gamemode.api/gamemode_settings/gamemode_isgaming
11-29 09:10:25.242 1491 1491 I GameModeConfig: isGameModeOn = false
11-29 09:10:25.242 1491 1491 I GameModeConfig: isGameModeOn = false
11-29 09:10:25.242 1491 1491 I GameModeConfig: isDisableVoice = true
11-29 09:10:25.247 1491 2770 W WindowManager: updateScale0.7996942
11-29 09:10:25.263 1491 1600 W WindowManager: updateScale0.7996942
11-29 09:10:25.265 1491 1600 W WindowManager: updateScale0.7996942
11-29 09:10:25.265 1491 1600 W WindowManager: updateScale0.7996942
11-29 09:10:25.650 1491 7072 I ActivityTaskManager: FOREGROUND_APPLICATION_CHANGED to com.android.launcher3.uioverrides.QuickstepLauncher
11-29 09:10:25.658 1491 7072 W WindowManager: updateScale0.7996942
11-29 09:10:25.685 1491 7072 W WindowManager: updateScale0.7996942
11-29 09:10:25.691 1491 1772 W WindowManager: updateScale0.7996942
11-29 09:10:25.733 1491 8646 W WindowManager: updateScale0.7996942
11-29 09:10:25.750 16043 16059 W ContextImpl: Calling a method in the system process without a qualified user: android.app.ContextImpl.startService:1816 android.content.ContextWrapper.startService:774 com.thundercomm.gamemode.ingame.services.GameModeActionUtils.startGameModeService:93 com.thundercomm.gamemode.ingame.services.GameModeActionUtils.startGameModeEntry:21 com.thundercomm.gamemode.ingame.services.ActivityMonitoringService$1.onActivityLaunch:127
11-29 09:10:25.755 1491 1491 I GameModeConfig: Current uri is uri = content://com.thundercomm.gamemode.api/gamemode_settings/gamemode_isgaming
11-29 09:10:25.761 1491 1491 I GameModeConfig: isGameModeOn = false
11-29 09:10:25.761 1491 1491 I GameModeConfig: isGameModeOn = false
11-29 09:10:25.761 1491 1491 I GameModeConfig: isDisableVoice = true
11-29 09:10:25.798 16043 16059 W ContextImpl: Calling a method in the system process without a qualified user: android.app.ContextImpl.startService:1816 android.content.ContextWrapper.startService:774 com.thundercomm.gamemode.ingame.services.GameModeActionUtils.startGameModeService:93 com.thundercomm.gamemode.ingame.services.GameModeActionUtils.startGameModeEntry:21 com.thundercomm.gamemode.ingame.services.ActivityMonitoringService$1.onActivityLaunch:127
11-29 09:10:25.802 1491 1491 I GameModeConfig: Current uri is uri = content://com.thundercomm.gamemode.api/gamemode_settings/gamemode_isgaming
11-29 09:10:25.803 1491 1491 I GameModeConfig: isGameModeOn = false
11-29 09:10:25.803 1491 1491 I GameModeConfig: isGameModeOn = false
11-29 09:10:25.803 1491 1491 I GameModeConfig: isDisableVoice = true
11-29 09:10:26.471 1491 1599 W WindowManager: updateScale0.7996942
11-29 09:10:26.475 1491 1599 I ActivityTaskManager: FOREGROUND_APPLICATION_CHANGED to com.android.calendar.AllInOneActivity
11-29 09:10:26.583 1491 8646 W WindowManager: updateScale0.4617737
11-29 09:10:26.586 1491 8646 W WindowManager: updateScale0.4617737
11-29 09:10:26.667 1491 8646 W WindowManager: updateScale0.4617737
11-29 09:10:26.669 1491 8646 W WindowManager: updateScale0.4617737
11-29 09:10:28.535 1491 1674 D ActivityManager: freezing 14081 com.hryt.hiphishowfsecontrol
11-29 09:10:28.535 1491 1674 E ActivityManager: Unable to freeze binder for 14081 com.hryt.hiphishowfsecontrol
11-29 09:10:28.536 1491 1674 D ActivityManager: froze 14081 com.hryt.hiphishowfsecontrol
11-29 09:10:28.536 1491 1674 E ActivityManager: Unable to freeze binder for 14081 com.hryt.hiphishowfsecontrol
11-29 09:10:28.538 1491 1674 I ActivityManager: Killing 14081:com.hryt.hiphishowfsecontrol/u0a20 (adj 955): Unable to freeze binder interface
11-29 09:10:28.578 1491 1599 D CompatibilityChangeReporter: Compat change id reported: 135634846; UID 10020; state: DISABLED
11-29 09:10:28.578 1491 1599 D CompatibilityChangeReporter: Compat change id reported: 177438394; UID 10020; state: DISABLED
11-29 09:10:28.578 1491 1599 D CompatibilityChangeReporter: Compat change id reported: 135772972; UID 10020; state: DISABLED
11-29 09:10:28.578 1491 1599 D CompatibilityChangeReporter: Compat change id reported: 135754954; UID 10020; state: ENABLED
11-29 09:10:28.579 1491 1609 D CompatibilityChangeReporter: Compat change id reported: 143937733; UID 10020; state: ENABLED
11-29 09:10:28.588 1491 8646 I ActivityTaskManager: START u0 {act=android.intent.action.MAIN cat=[android.intent.category.HOME] flg=0x10000000 cmp=com.android.launcher3/.uioverrides.QuickstepLauncher} from uid 10077
11-29 09:10:28.594 1491 8646 I ActivityTaskManager: FOREGROUND_APPLICATION_CHANGED to com.android.launcher3.uioverrides.QuickstepLauncher
11-29 09:10:28.594 1491 1609 I ActivityManager: Start proc 15872:com.hryt.hiphishowfsecontrol/u0a20 for null
11-29 09:10:28.594 1491 8646 W WindowManager: updateScale0.4617737
11-29 09:10:28.598 1491 8646 W WindowManager: updateScale0.4617737
11-29 09:10:28.626 1491 8646 W WindowManager: updateScale0.4617737
11-29 09:10:28.643 1491 7072 D CompatibilityChangeReporter: Compat change id reported: 168419799; UID 10020; state: DISABLED
11-29 09:10:28.972 1491 8943 W ActivityTaskManager: getTaskSnapshot: taskId=3384 not found
11-29 09:10:28.972 1491 8943 W ActivityTaskManager: getTaskSnapshot: taskId=2384 not found
11-29 09:10:28.972 1491 8943 W ActivityTaskManager: getTaskSnapshot: taskId=1384 not found
11-29 09:10:29.596 16043 16059 W ContextImpl: Calling a method in the system process without a qualified user: android.app.ContextImpl.startService:1816 android.content.ContextWrapper.startService:774 com.thundercomm.gamemode.ingame.services.GameModeActionUtils.startGameModeService:93 com.thundercomm.gamemode.ingame.services.GameModeActionUtils.startGameModeEntry:21 com.thundercomm.gamemode.ingame.services.ActivityMonitoringService$1.onActivityLaunch:127
11-29 09:10:29.607 1491 1491 I GameModeConfig: Current uri is uri = content://com.thundercomm.gamemode.api/gamemode_settings/gamemode_isgaming
11-29 09:10:29.616 1491 1491 I GameModeConfig: isGameModeOn = false
11-29 09:10:29.616 1491 1491 I GameModeConfig: isGameModeOn = false
11-29 09:10:29.616 1491 1491 I GameModeConfig: isDisableVoice = true
11-29 09:10:29.679 16043 16059 W ContextImpl: Calling a method in the system process without a qualified user: android.app.ContextImpl.startService:1816 android.content.ContextWrapper.startService:774 com.thundercomm.gamemode.ingame.services.GameModeActionUtils.startGameModeService:93 com.thundercomm.gamemode.ingame.services.GameModeActionUtils.startGameModeEntry:21 com.thundercomm.gamemode.ingame.services.ActivityMonitoringService$1.onActivityLaunch:127
11-29 09:10:29.685 1491 1491 I GameModeConfig: Current uri is uri = content://com.thundercomm.gamemode.api/gamemode_settings/gamemode_isgaming
11-29 09:10:29.688 1491 1491 I GameModeConfig: isGameModeOn = false
11-29 09:10:29.688 1491 1491 I GameModeConfig: isGameModeOn = false
11-29 09:10:29.688 1491 1491 I GameModeConfig: isDisableVoice = true
11-29 09:10:29.871 1491 1600 D FreeFormWindowHelper: Remove freefrom task=Task{92be792 #388 type=standard A=10064:android.task.calendar U=0 visible=false mode=freeform translucent=true sz=0}
11-29 09:10:30.576 1491 2770 I ActivityTaskManager: START u0 {flg=0x10008000 cmp=com.android.music/.VideoBrowserActivity} from uid 10077
11-29 09:10:30.584 1491 2770 W ActivityTaskManager: Can't find TaskDisplayArea to determine support for multi window. Task id=389 attached=false
11-29 09:10:30.586 1491 2770 D FreeFormWindowHelper: Add freeform task=Task{4bd85b2 #389 type=standard ?? U=0 visible=false mode=freeform translucent=true sz=0}
11-29 09:10:30.593 1491 2770 I ActivityTaskManager: FOREGROUND_APPLICATION_CHANGED to com.android.music.VideoBrowserActivity
11-29 09:10:30.593 1491 2770 I ActivityTaskManager: The Process com.android.music Already Exists in BG. So sending its PID: 7660
11-29 09:10:30.594 1491 2770 W ActivityTaskManager: Tried to set launchTime (0) < mLastActivityLaunchTime (21383387)
11-29 09:10:30.605 1491 8646 W ActivityManager: Receiver with filter android.content.IntentFilter@71c66b9 already registered for pid 7660, callerPackage is com.android.music
11-29 09:10:30.632 16043 16059 W ContextImpl: Calling a method in the system process without a qualified user: android.app.ContextImpl.startService:1816 android.content.ContextWrapper.startService:774 com.thundercomm.gamemode.ingame.services.GameModeActionUtils.startGameModeService:93 com.thundercomm.gamemode.ingame.services.GameModeActionUtils.startGameModeEntry:21 com.thundercomm.gamemode.ingame.services.ActivityMonitoringService$1.onActivityLaunch:127
11-29 09:10:30.638 1491 1491 I GameModeConfig: Current uri is uri = content://com.thundercomm.gamemode.api/gamemode_settings/gamemode_isgaming
11-29 09:10:30.642 1491 1491 I GameModeConfig: isGameModeOn = false
11-29 09:10:30.642 1491 1491 I GameModeConfig: isGameModeOn = false
11-29 09:10:30.642 1491 1491 I GameModeConfig: isDisableVoice = true
11-29 09:10:30.661 1491 1772 W WindowManager: updateScale0.7996942
11-29 09:10:30.675 1491 1600 W WindowManager: updateScale0.7996942
11-29 09:10:30.677 1491 1600 W WindowManager: updateScale0.7996942
11-29 09:10:30.678 1491 1600 W WindowManager: updateScale0.7996942
11-29 09:10:30.961 1491 1600 W WindowManager: updateScale0.7996942
11-29 09:10:31.874 1491 1772 W WindowManager: updateScale0.4617737
11-29 09:10:31.876 1491 1772 W WindowManager: updateScale0.4617737
11-29 09:10:31.884 1491 2770 W ActivityManager: Receiver with filter android.content.IntentFilter@b97c686 already registered for pid 7660, callerPackage is com.android.music
11-29 09:10:31.930 1491 1772 W WindowManager: updateScale0.4617737
11-29 09:10:31.932 1491 1772 W WindowManager: updateScale0.4617737
11-29 09:10:33.047 1491 1772 W WindowManager: updateScale0.7996942
11-29 09:10:33.051 1491 1772 W WindowManager: updateScale0.7996942
11-29 09:10:33.070 1491 2770 W ActivityManager: Receiver with filter android.content.IntentFilter@a5ebee0 already registered for pid 7660, callerPackage is com.android.music
11-29 09:10:33.106 1491 8646 W WindowManager: updateScale0.7996942
11-29 09:10:33.109 1491 8646 W WindowManager: updateScale0.7996942
11-29 09:10:42.279 1491 8646 W WindowManager: updateScale0.4617737
11-29 09:10:42.284 1491 8646 W WindowManager: updateScale0.4617737
11-29 09:10:42.301 1491 1772 W ActivityManager: Receiver with filter android.content.IntentFilter@6cd1255 already registered for pid 7660, callerPackage is com.android.music
11-29 09:10:42.344 1491 2770 W WindowManager: updateScale0.4617737
11-29 09:10:42.347 1491 2770 W WindowManager: updateScale0.4617737
11-29 09:10:43.663 1491 2770 W WindowManager: updateScale0.7996942
11-29 09:10:43.667 1491 2770 W WindowManager: updateScale0.7996942
11-29 09:10:43.681 1491 1772 W ActivityManager: Receiver with filter android.content.IntentFilter@a197ed1 already registered for pid 7660, callerPackage is com.android.music
11-29 09:10:43.721 1491 1772 W WindowManager: updateScale0.7996942
11-29 09:10:43.723 1491 1772 W WindowManager: updateScale0.7996942
11-29 09:10:44.447 1491 1772 I ActivityTaskManager: START u0 {act=android.intent.action.VIEW dat=content://media/external/video/media/25 typ=video/mp4 cmp=com.android.gallery3d/.app.MovieActivity (has extras)} from uid 10089
11-29 09:10:44.463 1491 1772 W WindowManager: updateScale0.7996942
11-29 09:10:44.474 1491 2770 I ActivityTaskManager: FOREGROUND_APPLICATION_CHANGED to com.android.gallery3d.app.MovieActivity
11-29 09:10:44.474 1491 2770 I ActivityTaskManager: The Process com.android.gallery3d Already Exists in BG. So sending its PID: 15636
11-29 09:10:44.475 1491 2770 W ActivityTaskManager: Tried to set launchTime (0) < mLastActivityLaunchTime (21384007)
11-29 09:10:44.496 16043 16059 W ContextImpl: Calling a method in the system process without a qualified user: android.app.ContextImpl.startService:1816 android.content.ContextWrapper.startService:774 com.thundercomm.gamemode.ingame.services.GameModeActionUtils.startGameModeService:93 com.thundercomm.gamemode.ingame.services.GameModeActionUtils.startGameModeEntry:21 com.thundercomm.gamemode.ingame.services.ActivityMonitoringService$1.onActivityLaunch:127
11-29 09:10:44.502 1491 1491 I GameModeConfig: Current uri is uri = content://com.thundercomm.gamemode.api/gamemode_settings/gamemode_isgaming
11-29 09:10:44.505 1491 1491 I GameModeConfig: isGameModeOn = false
11-29 09:10:44.505 1491 1491 I GameModeConfig: isGameModeOn = false
11-29 09:10:44.505 1491 1491 I GameModeConfig: isDisableVoice = true
11-29 09:10:44.547 1491 8646 W WindowManager: Failed looking up window session=Session{56813ad 15636:u0a10068} callers=com.android.server.wm.WindowManagerService.windowForClientLocked:5628 com.android.server.wm.Session.insetsModified:629 android.view.IWindowSession$Stub.onTransact:1151
11-29 09:10:44.560 1491 8646 W WindowManager: updateScale0.7996942
11-29 09:10:44.560 1491 8646 W WindowManager: updateScale0.7996942
11-29 09:10:44.574 1491 1600 W WindowManager: updateScale0.7996942
11-29 09:10:44.574 1491 1600 W WindowManager: updateScale0.7996942
11-29 09:10:44.592 16043 16059 W ContextImpl: Calling a method in the system process without a qualified user: android.app.ContextImpl.startService:1816 android.content.ContextWrapper.startService:774 com.thundercomm.gamemode.ingame.services.GameModeActionUtils.startGameModeService:93 com.thundercomm.gamemode.ingame.services.GameModeActionUtils.startGameModeEntry:21 com.thundercomm.gamemode.ingame.services.ActivityMonitoringService$1.onActivityLaunch:127
11-29 09:10:44.598 1491 1491 I GameModeConfig: Current uri is uri = content://com.thundercomm.gamemode.api/gamemode_settings/gamemode_isgaming
11-29 09:10:44.601 1491 1491 I GameModeConfig: isGameModeOn = false
11-29 09:10:44.601 1491 1491 I GameModeConfig: isGameModeOn = false
11-29 09:10:44.601 1491 1491 I GameModeConfig: isDisableVoice = true
11-29 09:10:44.605 1491 1600 W WindowManager: updateScale0.7996942
11-29 09:10:44.605 1491 1600 W WindowManager: updateScale0.7996942
11-29 09:10:44.608 1491 1600 W WindowManager: updateScale0.7996942
11-29 09:10:44.608 1491 1600 W WindowManager: updateScale0.7996942
11-29 09:10:44.674 1491 8646 W WindowManager: updateScale0.7996942
11-29 09:10:44.674 1491 8646 W WindowManager: updateScale0.7996942
11-29 09:10:44.894 1491 1600 W WindowManager: updateScale0.7996942
11-29 09:10:44.894 1491 1600 W WindowManager: updateScale0.7996942
11-29 09:10:45.240 1491 1491 I GameModeConfig: isGameModeOn = false
11-29 09:10:45.432 1491 8646 W WindowManager: updateScale0.7996942
11-29 09:10:45.433 1491 8646 W WindowManager: updateScale0.7996942
11-29 09:10:45.436 1491 8646 W WindowManager: updateScale0.7996942
11-29 09:10:45.437 1491 8646 W WindowManager: updateScale0.7996942
11-29 09:10:46.948 1491 1600 D FreeFormWindowHelper: refreshTipWindow windowDragBounds:Rect(62, 72 - 585, 1000)
11-29 09:10:46.953 1491 1600 W WindowManager: updateScale0.7996942
11-29 09:10:46.953 1491 1600 W WindowManager: updateScale0.7996942
11-29 09:10:46.967 1491 2770 W WindowManager: updateScale0.7996942
11-29 09:10:46.968 1491 2770 W WindowManager: updateScale0.7996942
11-29 09:10:46.971 1491 1600 D FreeFormWindowHelper: refreshTipWindow windowDragBounds:Rect(77, 69 - 600, 997)
11-29 09:10:46.975 1491 1600 W WindowManager: updateScale0.7996942
11-29 09:10:46.975 1491 1600 W WindowManager: updateScale0.7996942
11-29 09:10:46.997 1491 2770 W WindowManager: updateScale0.7996942
11-29 09:10:46.997 1491 2770 W WindowManager: updateScale0.7996942
11-29 09:10:46.999 1491 1600 D FreeFormWindowHelper: refreshTipWindow windowDragBounds:Rect(146, 70 - 669, 998)
11-29 09:10:47.001 1491 1600 W WindowManager: updateScale0.7996942
11-29 09:10:47.001 1491 1600 W WindowManager: updateScale0.7996942
11-29 09:10:47.004 1491 2770 W WindowManager: updateScale0.7996942
11-29 09:10:47.004 1491 2770 W WindowManager: updateScale0.7996942
11-29 09:10:47.024 1491 2770 W WindowManager: updateScale0.7996942
11-29 09:10:47.024 1491 2770 W WindowManager: updateScale0.7996942
11-29 09:10:47.030 1491 1600 D FreeFormWindowHelper: refreshTipWindow windowDragBounds:Rect(154, 70 - 677, 998)
11-29 09:10:47.031 1491 1600 W WindowManager: updateScale0.7996942
11-29 09:10:47.031 1491 1600 W WindowManager: updateScale0.7996942
11-29 09:10:47.040 1491 1772 W WindowManager: updateScale0.7996942
11-29 09:10:47.040 1491 1772 W WindowManager: updateScale0.7996942
11-29 09:10:47.048 1491 1600 D FreeFormWindowHelper: refreshTipWindow windowDragBounds:Rect(166, 70 - 689, 998)
11-29 09:10:47.049 1491 1600 W WindowManager: updateScale0.7996942
11-29 09:10:47.050 1491 1600 W WindowManager: updateScale0.7996942
11-29 09:10:47.061 1491 1772 W WindowManager: updateScale0.7996942
11-29 09:10:47.061 1491 1772 W WindowManager: updateScale0.7996942
11-29 09:10:47.065 1491 1600 D FreeFormWindowHelper: refreshTipWindow windowDragBounds:Rect(189, 72 - 712, 1000)
11-29 09:10:47.066 1491 1600 W WindowManager: updateScale0.7996942
11-29 09:10:47.066 1491 1600 W WindowManager: updateScale0.7996942
11-29 09:10:47.070 1491 1772 W WindowManager: updateScale0.7996942
11-29 09:10:47.070 1491 1772 W WindowManager: updateScale0.7996942
11-29 09:10:47.081 1491 1600 D FreeFormWindowHelper: refreshTipWindow windowDragBounds:Rect(215, 74 - 738, 1002)
11-29 09:10:47.082 1491 1600 W WindowManager: updateScale0.7996942
11-29 09:10:47.083 1491 1600 W WindowManager: updateScale0.7996942
11-29 09:10:47.094 1491 2770 W WindowManager: updateScale0.7996942
11-29 09:10:47.094 1491 2770 W WindowManager: updateScale0.7996942
11-29 09:10:47.098 1491 1600 D FreeFormWindowHelper: refreshTipWindow windowDragBounds:Rect(225, 77 - 748, 1005)
11-29 09:10:47.099 1491 1600 W WindowManager: updateScale0.7996942
11-29 09:10:47.099 1491 1600 W WindowManager: updateScale0.7996942
11-29 09:10:47.115 1491 1600 D FreeFormWindowHelper: refreshTipWindow windowDragBounds:Rect(246, 76 - 769, 1004)
11-29 09:10:47.116 1491 1600 W WindowManager: updateScale0.7996942
11-29 09:10:47.116 1491 1600 W WindowManager: updateScale0.7996942
11-29 09:10:47.128 1491 1772 W WindowManager: updateScale0.7996942
11-29 09:10:47.129 1491 1772 W WindowManager: updateScale0.7996942
11-29 09:10:47.132 1491 1600 D FreeFormWindowHelper: refreshTipWindow windowDragBounds:Rect(261, 76 - 784, 1004)
11-29 09:10:47.135 1491 1600 W WindowManager: updateScale0.7996942
11-29 09:10:47.135 1491 1600 W WindowManager: updateScale0.7996942
11-29 09:10:47.144 1491 2770 W WindowManager: updateScale0.7996942
11-29 09:10:47.144 1491 2770 W WindowManager: updateScale0.7996942
11-29 09:10:47.147 1491 8646 W WindowManager: updateScale0.7996942
11-29 09:10:47.147 1491 8646 W WindowManager: updateScale0.7996942
11-29 09:10:47.149 1491 1600 D FreeFormWindowHelper: refreshTipWindow windowDragBounds:Rect(335, 81 - 858, 1009)
11-29 09:10:47.152 1491 1600 W WindowManager: updateScale0.7996942
11-29 09:10:47.152 1491 1600 W WindowManager: updateScale0.7996942
11-29 09:10:47.152 1491 1600 W WindowManager: updateScale0.7996942
11-29 09:10:47.152 1491 1600 W WindowManager: updateScale0.7996942
11-29 09:10:47.160 1491 1772 W WindowManager: updateScale0.7996942
11-29 09:10:47.160 1491 1772 W WindowManager: updateScale0.7996942
11-29 09:10:47.165 1491 1600 D FreeFormWindowHelper: refreshTipWindow windowDragBounds:Rect(393, 84 - 916, 1012)
11-29 09:10:47.167 1491 1600 W WindowManager: updateScale0.7996942
11-29 09:10:47.167 1491 1600 W WindowManager: updateScale0.7996942
11-29 09:10:47.177 1491 2770 W WindowManager: updateScale0.7996942
11-29 09:10:47.177 1491 2770 W WindowManager: updateScale0.7996942
11-29 09:10:47.181 1491 2770 W WindowManager: updateScale0.7996942
11-29 09:10:47.181 1491 2770 W WindowManager: updateScale0.7996942
11-29 09:10:47.183 1491 1600 D FreeFormWindowHelper: refreshTipWindow windowDragBounds:Rect(413, 83 - 936, 1011)
11-29 09:10:47.187 1491 1600 W WindowManager: updateScale0.7996942
11-29 09:10:47.187 1491 1600 W WindowManager: updateScale0.7996942
11-29 09:10:47.194 1491 2770 W WindowManager: updateScale0.7996942
11-29 09:10:47.194 1491 2770 W WindowManager: updateScale0.7996942
11-29 09:10:47.198 1491 1600 D FreeFormWindowHelper: refreshTipWindow windowDragBounds:Rect(415, 83 - 938, 1011)
11-29 09:10:47.201 1491 1600 W WindowManager: updateScale0.7996942
11-29 09:10:47.201 1491 1600 W WindowManager: updateScale0.7996942
11-29 09:10:47.210 1491 2770 W WindowManager: updateScale0.7996942
11-29 09:10:47.210 1491 2770 W WindowManager: updateScale0.7996942
11-29 09:10:47.214 1491 8646 W WindowManager: updateScale0.7996942
11-29 09:10:47.214 1491 8646 W WindowManager: updateScale0.7996942
11-29 09:10:47.216 1491 1600 D FreeFormWindowHelper: refreshTipWindow windowDragBounds:Rect(416, 83 - 939, 1011)
11-29 09:10:47.219 1491 1600 W WindowManager: updateScale0.7996942
11-29 09:10:47.219 1491 1600 W WindowManager: updateScale0.7996942
11-29 09:10:47.227 1491 8646 W WindowManager: updateScale0.7996942
11-29 09:10:47.227 1491 8646 W WindowManager: updateScale0.7996942
11-29 09:10:47.248 1491 8646 W WindowManager: updateScale0.7996942
11-29 09:10:47.248 1491 8646 W WindowManager: updateScale0.7996942
11-29 09:10:47.252 1491 1600 D FreeFormWindowHelper: refreshTipWindow windowDragBounds:Rect(431, 83 - 954, 1011)
11-29 09:10:47.255 1491 1600 W WindowManager: updateScale0.7996942
11-29 09:10:47.255 1491 1600 W WindowManager: updateScale0.7996942
11-29 09:10:47.262 1491 1772 W WindowManager: updateScale0.7996942
11-29 09:10:47.262 1491 1772 W WindowManager: updateScale0.7996942
11-29 09:10:47.266 1491 1600 D FreeFormWindowHelper: refreshTipWindow windowDragBounds:Rect(474, 83 - 997, 1011)
11-29 09:10:47.269 1491 1600 W WindowManager: updateScale0.7996942
11-29 09:10:47.269 1491 1600 W WindowManager: updateScale0.7996942
11-29 09:10:47.282 1491 1600 D FreeFormWindowHelper: refreshTipWindow windowDragBounds:Rect(514, 86 - 1037, 1014)
11-29 09:10:47.283 1491 1600 W WindowManager: updateScale0.7996942
11-29 09:10:47.283 1491 1600 W WindowManager: updateScale0.7996942
11-29 09:10:47.298 1491 1600 D FreeFormWindowHelper: refreshTipWindow windowDragBounds:Rect(565, 90 - 1088, 1018)
11-29 09:10:47.299 1491 1600 W WindowManager: updateScale0.7996942
11-29 09:10:47.299 1491 1600 W WindowManager: updateScale0.7996942
11-29 09:10:47.315 1491 1600 D FreeFormWindowHelper: refreshTipWindow windowDragBounds:Rect(646, 93 - 1169, 1021)
11-29 09:10:47.316 1491 1600 W WindowManager: updateScale0.7996942
11-29 09:10:47.316 1491 1600 W WindowManager: updateScale0.7996942
11-29 09:10:47.332 1491 1600 D FreeFormWindowHelper: refreshTipWindow windowDragBounds:Rect(737, 104 - 1260, 1032)
11-29 09:10:47.333 1491 1600 W WindowManager: updateScale0.7996942
11-29 09:10:47.333 1491 1600 W WindowManager: updateScale0.7996942
11-29 09:10:47.336 1491 8646 W WindowManager: updateScale0.7996942
11-29 09:10:47.336 1491 8646 W WindowManager: updateScale0.7996942
11-29 09:10:47.346 1491 8646 W WindowManager: updateScale0.7996942
11-29 09:10:47.346 1491 8646 W WindowManager: updateScale0.7996942
11-29 09:10:47.349 1491 1600 D FreeFormWindowHelper: refreshTipWindow windowDragBounds:Rect(772, 105 - 1295, 1033)
11-29 09:10:47.351 1491 1600 W WindowManager: updateScale0.7996942
11-29 09:10:47.351 1491 1600 W WindowManager: updateScale0.7996942
11-29 09:10:47.355 1491 8646 W WindowManager: updateScale0.7996942
11-29 09:10:47.355 1491 8646 W WindowManager: updateScale0.7996942
11-29 09:10:47.361 1491 1772 W WindowManager: updateScale0.7996942
11-29 09:10:47.361 1491 1772 W WindowManager: updateScale0.7996942
11-29 09:10:47.365 1491 1600 D FreeFormWindowHelper: refreshTipWindow windowDragBounds:Rect(809, 108 - 1332, 1036)
11-29 09:10:47.368 1491 1600 W WindowManager: updateScale0.7996942
11-29 09:10:47.368 1491 1600 W WindowManager: updateScale0.7996942
11-29 09:10:47.372 1491 8646 W WindowManager: updateScale0.7996942
11-29 09:10:47.372 1491 8646 W WindowManager: updateScale0.7996942
11-29 09:10:47.377 1491 1772 W WindowManager: updateScale0.7996942
11-29 09:10:47.378 1491 1772 W WindowManager: updateScale0.7996942
11-29 09:10:47.382 1491 1600 D FreeFormWindowHelper: refreshTipWindow windowDragBounds:Rect(879, 109 - 1402, 1037)
11-29 09:10:47.383 1491 1600 W WindowManager: updateScale0.7996942
11-29 09:10:47.384 1491 1600 W WindowManager: updateScale0.7996942
11-29 09:10:47.388 1491 8646 W WindowManager: updateScale0.7996942
11-29 09:10:47.388 1491 8646 W WindowManager: updateScale0.7996942
11-29 09:10:47.394 1491 8646 W WindowManager: updateScale0.7996942
11-29 09:10:47.394 1491 8646 W WindowManager: updateScale0.7996942
11-29 09:10:47.399 1491 1600 D FreeFormWindowHelper: refreshTipWindow windowDragBounds:Rect(933, 114 - 1456, 1042)
11-29 09:10:47.401 1491 1600 W WindowManager: updateScale0.7996942
11-29 09:10:47.401 1491 1600 W WindowManager: updateScale0.7996942
11-29 09:10:47.409 1491 8646 W WindowManager: updateScale0.7996942
11-29 09:10:47.409 1491 8646 W WindowManager: updateScale0.7996942
11-29 09:10:47.411 1491 1772 W WindowManager: updateScale0.7996942
11-29 09:10:47.412 1491 1772 W WindowManager: updateScale0.7996942
11-29 09:10:47.415 1491 1600 D FreeFormWindowHelper: refreshTipWindow windowDragBounds:Rect(991, 116 - 1514, 1044)
11-29 09:10:47.418 1491 1600 W WindowManager: updateScale0.7996942
11-29 09:10:47.418 1491 1600 W WindowManager: updateScale0.7996942
11-29 09:10:47.428 1491 1772 W WindowManager: updateScale0.7996942
11-29 09:10:47.428 1491 1772 W WindowManager: updateScale0.7996942
11-29 09:10:47.429 1491 8646 W WindowManager: updateScale0.7996942
11-29 09:10:47.429 1491 8646 W WindowManager: updateScale0.7996942
11-29 09:10:47.432 1491 1600 D FreeFormWindowHelper: refreshTipWindow windowDragBounds:Rect(1016, 117 - 1539, 1045)
11-29 09:10:47.434 1491 1600 W WindowManager: updateScale0.7996942
11-29 09:10:47.434 1491 1600 W WindowManager: updateScale0.7996942
11-29 09:10:47.444 1491 1772 W WindowManager: updateScale0.7996942
11-29 09:10:47.445 1491 1772 W WindowManager: updateScale0.7996942
11-29 09:10:47.447 1491 1772 W WindowManager: updateScale0.7996942
11-29 09:10:47.447 1491 1772 W WindowManager: updateScale0.7996942
11-29 09:10:47.450 1491 1600 D FreeFormWindowHelper: refreshTipWindow windowDragBounds:Rect(1054, 117 - 1577, 1045)
11-29 09:10:47.453 1491 1600 W WindowManager: updateScale0.7996942
11-29 09:10:47.453 1491 1600 W WindowManager: updateScale0.7996942
11-29 09:10:47.461 1491 1772 W WindowManager: updateScale0.7996942
11-29 09:10:47.461 1491 1772 W WindowManager: updateScale0.7996942
11-29 09:10:47.465 1491 1600 D FreeFormWindowHelper: refreshTipWindow windowDragBounds:Rect(1100, 117 - 1623, 1045)
11-29 09:10:47.468 1491 1600 W WindowManager: updateScale0.7996942
11-29 09:10:47.468 1491 1600 W WindowManager: updateScale0.7996942
11-29 09:10:47.476 1491 8646 W WindowManager: updateScale0.7996942
11-29 09:10:47.476 1491 8646 W WindowManager: updateScale0.7996942
11-29 09:10:47.479 1491 1772 W WindowManager: updateScale0.7996942
11-29 09:10:47.480 1491 1772 W WindowManager: updateScale0.7996942
11-29 09:10:47.483 1491 1600 D FreeFormWindowHelper: refreshTipWindow windowDragBounds:Rect(1179, 120 - 1702, 1048)
11-29 09:10:47.486 1491 1600 W WindowManager: updateScale0.7996942
11-29 09:10:47.486 1491 1600 W WindowManager: updateScale0.7996942
11-29 09:10:47.495 1491 1772 W WindowManager: updateScale0.7996942
11-29 09:10:47.495 1491 1772 W WindowManager: updateScale0.7996942
11-29 09:10:47.499 1491 1600 D FreeFormWindowHelper: refreshTipWindow windowDragBounds:Rect(1203, 122 - 1726, 1050)
11-29 09:10:47.501 1491 1600 W WindowManager: updateScale0.7996942
11-29 09:10:47.501 1491 1600 W WindowManager: updateScale0.7996942
11-29 09:10:47.511 1491 2770 W WindowManager: updateScale0.7996942
11-29 09:10:47.512 1491 2770 W WindowManager: updateScale0.7996942
11-29 09:10:47.516 1491 2770 W WindowManager: updateScale0.7996942
11-29 09:10:47.516 1491 2770 W WindowManager: updateScale0.7996942
11-29 09:10:47.518 1491 1600 D FreeFormWindowHelper: refreshTipWindow windowDragBounds:Rect(1340, 125 - 1863, 1053)
11-29 09:10:47.522 1491 1600 W WindowManager: updateScale0.7996942
11-29 09:10:47.522 1491 1600 W WindowManager: updateScale0.7996942
11-29 09:10:47.528 1491 1772 W WindowManager: updateScale0.7996942
11-29 09:10:47.528 1491 1772 W WindowManager: updateScale0.7996942
11-29 09:10:47.532 1491 1600 D FreeFormWindowHelper: refreshTipWindow windowDragBounds:Rect(1386, 124 - 1909, 1052)
11-29 09:10:47.535 1491 1600 W WindowManager: updateScale0.7996942
11-29 09:10:47.535 1491 1600 W WindowManager: updateScale0.7996942
11-29 09:10:47.538 1491 1772 W WindowManager: updateScale0.7996942
11-29 09:10:47.538 1491 1772 W WindowManager: updateScale0.7996942
11-29 09:10:47.545 1491 8646 W WindowManager: updateScale0.7996942
11-29 09:10:47.545 1491 8646 W WindowManager: updateScale0.7996942
11-29 09:10:47.549 1491 1600 D FreeFormWindowHelper: refreshTipWindow windowDragBounds:Rect(1438, 124 - 1961, 1052)
11-29 09:10:47.552 1491 1600 W WindowManager: updateScale0.7996942
11-29 09:10:47.552 1491 1600 W WindowManager: updateScale0.7996942
11-29 09:10:47.557 1491 8646 W WindowManager: updateScale0.7996942
11-29 09:10:47.557 1491 8646 W WindowManager: updateScale0.7996942
11-29 09:10:47.561 1491 8646 W WindowManager: updateScale0.7996942
11-29 09:10:47.562 1491 8646 W WindowManager: updateScale0.7996942
11-29 09:10:47.566 1491 1600 D FreeFormWindowHelper: refreshTipWindow windowDragBounds:Rect(1451, 124 - 1974, 1052)
11-29 09:10:47.568 1491 1600 W WindowManager: updateScale0.7996942
11-29 09:10:47.568 1491 1600 W WindowManager: updateScale0.7996942
11-29 09:10:47.578 1491 8646 W WindowManager: updateScale0.7996942
11-29 09:10:47.578 1491 8646 W WindowManager: updateScale0.7996942
11-29 09:10:47.581 1491 7072 W WindowManager: updateScale0.7996942
11-29 09:10:47.581 1491 7072 W WindowManager: updateScale0.7996942
11-29 09:10:47.584 1491 1600 D FreeFormWindowHelper: refreshTipWindow windowDragBounds:Rect(1477, 124 - 2000, 1052)
11-29 09:10:47.586 1491 1600 W WindowManager: updateScale0.7996942
11-29 09:10:47.586 1491 1600 W WindowManager: updateScale0.7996942
11-29 09:10:47.595 1491 7072 W WindowManager: updateScale0.7996942
11-29 09:10:47.595 1491 7072 W WindowManager: updateScale0.7996942
11-29 09:10:47.598 1491 1772 W WindowManager: updateScale0.7996942
11-29 09:10:47.598 1491 1772 W WindowManager: updateScale0.7996942
11-29 09:10:47.602 1491 1600 D FreeFormWindowHelper: refreshTipWindow windowDragBounds:Rect(1488, 124 - 2011, 1052)
11-29 09:10:47.604 1491 1600 W WindowManager: updateScale0.7996942
11-29 09:10:47.604 1491 1600 W WindowManager: updateScale0.7996942
11-29 09:10:47.611 1491 7072 W WindowManager: updateScale0.7996942
11-29 09:10:47.611 1491 7072 W WindowManager: updateScale0.7996942
11-29 09:10:47.616 1491 1600 D FreeFormWindowHelper: refreshTipWindow windowDragBounds:Rect(1509, 124 - 2032, 1052)
11-29 09:10:47.618 1491 1600 W WindowManager: updateScale0.7996942
11-29 09:10:47.618 1491 1600 W WindowManager: updateScale0.7996942
11-29 09:10:47.620 1491 7072 W WindowManager: updateScale0.7996942
11-29 09:10:47.620 1491 7072 W WindowManager: updateScale0.7996942
11-29 09:10:47.628 1491 7072 W WindowManager: updateScale0.7996942
11-29 09:10:47.628 1491 7072 W WindowManager: updateScale0.7996942
11-29 09:10:47.633 1491 1600 D FreeFormWindowHelper: refreshTipWindow windowDragBounds:Rect(1532, 121 - 2055, 1049)
11-29 09:10:47.634 1491 1600 W WindowManager: updateScale0.7996942
11-29 09:10:47.634 1491 1600 W WindowManager: updateScale0.7996942
11-29 09:10:47.645 1491 1772 W WindowManager: updateScale0.7996942
11-29 09:10:47.645 1491 1772 W WindowManager: updateScale0.7996942
11-29 09:10:47.650 1491 1600 D FreeFormWindowHelper: refreshTipWindow windowDragBounds:Rect(1541, 122 - 2064, 1050)
11-29 09:10:47.651 1491 1600 W WindowManager: updateScale0.7996942
11-29 09:10:47.651 1491 1600 W WindowManager: updateScale0.7996942
11-29 09:10:47.662 1491 1772 W WindowManager: updateScale0.7996942
11-29 09:10:47.662 1491 1772 W WindowManager: updateScale0.7996942
11-29 09:10:47.665 1491 1772 W WindowManager: updateScale0.7996942
11-29 09:10:47.665 1491 1772 W WindowManager: updateScale0.7996942
11-29 09:10:47.672 1491 1600 D FreeFormWindowHelper: refreshTipWindow windowDragBounds:Rect(1550, 122 - 2073, 1050)
11-29 09:10:47.674 1491 1600 W WindowManager: updateScale0.7996942
11-29 09:10:47.675 1491 1600 W WindowManager: updateScale0.7996942
11-29 09:10:47.678 1491 1772 W WindowManager: updateScale0.7996942
11-29 09:10:47.678 1491 1772 W WindowManager: updateScale0.7996942
11-29 09:10:47.686 1491 1600 D FreeFormWindowHelper: refreshTipWindow windowDragBounds:Rect(1559, 120 - 2082, 1048)
11-29 09:10:47.687 1491 1600 W WindowManager: updateScale0.7996942
11-29 09:10:47.687 1491 1600 W WindowManager: updateScale0.7996942
11-29 09:10:47.695 1491 1772 W WindowManager: updateScale0.7996942
11-29 09:10:47.695 1491 1772 W WindowManager: updateScale0.7996942
11-29 09:10:47.699 1491 1600 D FreeFormWindowHelper: refreshTipWindow windowDragBounds:Rect(1562, 120 - 2085, 1048)
11-29 09:10:47.701 1491 1600 W WindowManager: updateScale0.7996942
11-29 09:10:47.701 1491 1600 W WindowManager: updateScale0.7996942
11-29 09:10:47.712 1491 7072 W WindowManager: updateScale0.7996942
11-29 09:10:47.712 1491 7072 W WindowManager: updateScale0.7996942
11-29 09:10:47.716 1491 7072 W WindowManager: updateScale0.7996942
11-29 09:10:47.716 1491 7072 W WindowManager: updateScale0.7996942
11-29 09:10:47.719 1491 1600 D FreeFormWindowHelper: refreshTipWindow windowDragBounds:Rect(1563, 117 - 2086, 1045)
11-29 09:10:47.720 1491 1600 W WindowManager: updateScale0.7996942
11-29 09:10:47.720 1491 1600 W WindowManager: updateScale0.7996942
11-29 09:10:47.728 1491 1772 W WindowManager: updateScale0.7996942
11-29 09:10:47.728 1491 1772 W WindowManager: updateScale0.7996942
11-29 09:10:47.733 1491 1600 D FreeFormWindowHelper: refreshTipWindow windowDragBounds:Rect(1567, 117 - 2090, 1045)
11-29 09:10:47.733 1491 1772 W WindowManager: updateScale0.7996942
11-29 09:10:47.733 1491 1772 W WindowManager: updateScale0.7996942
11-29 09:10:47.738 1491 1600 W WindowManager: updateScale0.7996942
11-29 09:10:47.738 1491 1600 W WindowManager: updateScale0.7996942
11-29 09:10:47.741 1491 1600 D WindowManager: updateWindowDragBounds: mIsSwipeYfalse
11-29 09:10:47.741 1491 1600 D WindowManager: updateWindowDragBounds: mIsTopfalse
11-29 09:10:47.741 1491 1600 D WindowManager: updateWindowDragBounds: mIsSwipeXfalse
11-29 09:10:47.741 1491 1600 W WindowManager: updateScale0.4617737
11-29 09:10:47.741 1491 1600 W WindowManager: updateScale0.4617737
11-29 09:10:47.744 1491 1600 W WindowManager: updateScale0.4617737
11-29 09:10:47.744 1491 1600 W WindowManager: updateScale0.4617737
11-29 09:10:47.744 1491 1600 W WindowManager: updateScale0.4617737
11-29 09:10:47.744 1491 1600 W WindowManager: updateScale0.4617737
11-29 09:10:47.747 1491 1772 W WindowManager: updateScale0.4617737
11-29 09:10:47.747 1491 1772 W WindowManager: updateScale0.4617737
11-29 09:10:47.754 1491 1772 W ActivityManager: Receiver with filter android.content.IntentFilter@5517a6e already registered for pid 7660, callerPackage is com.android.music
11-29 09:10:47.794 1491 1772 W WindowManager: updateScale0.4617737
11-29 09:10:47.794 1491 1772 W WindowManager: updateScale0.4617737
11-29 09:10:47.796 1491 1772 W WindowManager: updateScale0.4617737
11-29 09:10:47.796 1491 1772 W WindowManager: updateScale0.4617737
11-29 09:10:47.834 1491 8646 W WindowManager: updateScale0.4617737
11-29 09:10:47.834 1491 8646 W WindowManager: updateScale0.4617737
11-29 09:10:47.834 1491 8646 W WindowManager: updateScale0.4617737
11-29 09:10:47.834 1491 8646 W WindowManager: updateScale0.4617737
11-29 09:10:47.836 1491 8646 W WindowManager: updateScale0.4617737
11-29 09:10:47.836 1491 8646 W WindowManager: updateScale0.4617737
11-29 09:10:47.854 1491 8646 I WindowManager: finishDrawing of relaunch: Window{adf6128 u0 com.android.gallery3d/com.android.gallery3d.app.MovieActivity} 112ms
11-29 09:10:47.902 1491 1772 W WindowManager: updateScale0.4617737
11-29 09:10:47.902 1491 1772 W WindowManager: updateScale0.4617737
11-29 09:10:49.905 1491 1772 I ActivityTaskManager: START u0 {act=android.intent.action.MAIN cat=[android.intent.category.HOME] flg=0x10000000 cmp=com.android.launcher3/.uioverrides.QuickstepLauncher} from uid 10077
11-29 09:10:49.922 1491 1772 I ActivityTaskManager: FOREGROUND_APPLICATION_CHANGED to com.android.launcher3.uioverrides.QuickstepLauncher
11-29 09:10:49.922 1491 1772 W WindowManager: updateScale0.4617737
11-29 09:10:49.922 1491 1772 W WindowManager: updateScale0.4617737
11-29 09:10:49.928 1491 1772 W WindowManager: updateScale0.4617737
11-29 09:10:49.928 1491 1772 W WindowManager: updateScale0.4617737
11-29 09:10:49.952 1491 1772 W WindowManager: updateScale0.4617737
11-29 09:10:49.952 1491 1772 W WindowManager: updateScale0.4617737
11-29 09:10:50.413 1491 8646 W ActivityTaskManager: getTaskSnapshot: taskId=2384 not found
11-29 09:10:50.413 1491 8646 W ActivityTaskManager: getTaskSnapshot: taskId=1384 not found
11-29 09:10:51.022 1491 8646 W ActivityManager: Receiver with filter android.content.IntentFilter@415aff6 already registered for pid 7660, callerPackage is com.android.music
11-29 09:10:51.093 16043 16059 W ContextImpl: Calling a method in the system process without a qualified user: android.app.ContextImpl.startService:1816 android.content.ContextWrapper.startService:774 com.thundercomm.gamemode.ingame.services.GameModeActionUtils.startGameModeService:93 com.thundercomm.gamemode.ingame.services.GameModeActionUtils.startGameModeEntry:21 com.thundercomm.gamemode.ingame.services.ActivityMonitoringService$1.onActivityLaunch:127
11-29 09:10:51.098 1491 1491 I GameModeConfig: Current uri is uri = content://com.thundercomm.gamemode.api/gamemode_settings/gamemode_isgaming
11-29 09:10:51.103 1491 1491 I GameModeConfig: isGameModeOn = false
11-29 09:10:51.104 1491 1491 I GameModeConfig: isGameModeOn = false
11-29 09:10:51.104 1491 1491 I GameModeConfig: isDisableVoice = true
11-29 09:10:51.194 16043 16059 W ContextImpl: Calling a method in the system process without a qualified user: android.app.ContextImpl.startService:1816 android.content.ContextWrapper.startService:774 com.thundercomm.gamemode.ingame.services.GameModeActionUtils.startGameModeService:93 com.thundercomm.gamemode.ingame.services.GameModeActionUtils.startGameModeEntry:21 com.thundercomm.gamemode.ingame.services.ActivityMonitoringService$1.onActivityLaunch:127
11-29 09:10:51.200 1491 1491 I GameModeConfig: Current uri is uri = content://com.thundercomm.gamemode.api/gamemode_settings/gamemode_isgaming
11-29 09:10:51.201 1491 1491 I GameModeConfig: isGameModeOn = false
11-29 09:10:51.202 1491 1491 I GameModeConfig: isGameModeOn = false
11-29 09:10:51.202 1491 1491 I GameModeConfig: isDisableVoice = true
11-29 09:10:51.307 1491 1600 D FreeFormWindowHelper: Remove freefrom task=Task{4bd85b2 #389 type=standard A=10089:android.task.video U=0 visible=false mode=freeform translucent=true sz=0}
11-29 09:10:52.624 1491 8646 I ActivityTaskManager: START u0 {flg=0x10008000 cmp=com.android.deskclock/.DeskClock} from uid 10077
11-29 09:10:52.637 1491 8646 W ActivityTaskManager: Can't find TaskDisplayArea to determine support for multi window. Task id=390 attached=false
11-29 09:10:52.640 1491 8646 D FreeFormWindowHelper: Add freeform task=Task{7e689df #390 type=standard ?? U=0 visible=false mode=freeform translucent=true sz=0}
11-29 09:10:52.648 1491 8646 I ActivityTaskManager: FOREGROUND_APPLICATION_CHANGED to com.android.deskclock.DeskClock
11-29 09:10:52.649 1491 8646 I ActivityTaskManager: The Process com.android.deskclock Already Exists in BG. So sending its PID: 8328
11-29 09:10:52.649 1491 8646 W ActivityTaskManager: Tried to set launchTime (0) < mLastActivityLaunchTime (21368622)
11-29 09:10:52.677 16043 16059 W ContextImpl: Calling a method in the system process without a qualified user: android.app.ContextImpl.startService:1816 android.content.ContextWrapper.startService:774 com.thundercomm.gamemode.ingame.services.GameModeActionUtils.startGameModeService:93 com.thundercomm.gamemode.ingame.services.GameModeActionUtils.startGameModeEntry:21 com.thundercomm.gamemode.ingame.services.ActivityMonitoringService$1.onActivityLaunch:127
11-29 09:10:52.683 1491 1491 I GameModeConfig: Current uri is uri = content://com.thundercomm.gamemode.api/gamemode_settings/gamemode_isgaming
11-29 09:10:52.687 1491 1491 I GameModeConfig: isGameModeOn = false
11-29 09:10:52.687 1491 1491 I GameModeConfig: isGameModeOn = false
11-29 09:10:52.687 1491 1491 I GameModeConfig: isDisableVoice = true
11-29 09:10:52.687 1491 8943 I ActivityTaskManager: START u0 {act=android.content.pm.action.REQUEST_PERMISSIONS pkg=com.android.permissioncontroller cmp=com.android.permissioncontroller/.permission.ui.GrantPermissionsActivity (has extras)} from uid 10067
11-29 09:10:52.723 1491 2770 I ActivityTaskManager: FOREGROUND_APPLICATION_CHANGED to com.android.permissioncontroller.permission.ui.GrantPermissionsActivity
11-29 09:10:52.723 1491 2770 I ActivityTaskManager: The Process com.android.permissioncontroller Already Exists in BG. So sending its PID: 8944
11-29 09:10:52.724 1491 2770 W ActivityTaskManager: Tried to set launchTime (0) < mLastActivityLaunchTime (21371432)
11-29 09:10:52.741 16043 16059 W ContextImpl: Calling a method in the system process without a qualified user: android.app.ContextImpl.startService:1816 android.content.ContextWrapper.startService:774 com.thundercomm.gamemode.ingame.services.GameModeActionUtils.startGameModeService:93 com.thundercomm.gamemode.ingame.services.GameModeActionUtils.startGameModeEntry:21 com.thundercomm.gamemode.ingame.services.ActivityMonitoringService$1.onActivityLaunch:127
11-29 09:10:52.748 1491 1491 I GameModeConfig: Current uri is uri = content://com.thundercomm.gamemode.api/gamemode_settings/gamemode_isgaming
11-29 09:10:52.751 1491 1491 I GameModeConfig: isGameModeOn = false
11-29 09:10:52.751 1491 1491 I GameModeConfig: isGameModeOn = false
11-29 09:10:52.751 1491 1491 I GameModeConfig: isDisableVoice = true
11-29 09:10:52.760 1491 8646 W WindowManager: updateScale0.7996942
11-29 09:10:52.760 1491 8646 W WindowManager: updateScale0.7996942
11-29 09:10:52.764 1491 8943 W WindowManager: updateScale0.7996942
11-29 09:10:52.764 1491 8943 W WindowManager: updateScale0.7996942
11-29 09:10:52.767 1491 1600 W WindowManager: updateScale0.7996942
11-29 09:10:52.770 1491 2770 I ActivityTaskManager: FOREGROUND_APPLICATION_CHANGED to com.android.deskclock.DeskClock
11-29 09:10:52.792 1491 1600 W WindowManager: updateScale0.7996942
11-29 09:10:52.794 1491 1600 W WindowManager: updateScale0.7996942
11-29 09:10:52.794 1491 1600 W WindowManager: updateScale0.7996942
11-29 09:10:52.877 16043 16059 W ContextImpl: Calling a method in the system process without a qualified user: android.app.ContextImpl.startService:1816 android.content.ContextWrapper.startService:774 com.thundercomm.gamemode.ingame.services.GameModeActionUtils.startGameModeService:93 com.thundercomm.gamemode.ingame.services.GameModeActionUtils.startGameModeEntry:21 com.thundercomm.gamemode.ingame.services.ActivityMonitoringService$1.onActivityLaunch:127
11-29 09:10:52.882 1491 1491 I GameModeConfig: Current uri is uri = content://com.thundercomm.gamemode.api/gamemode_settings/gamemode_isgaming
11-29 09:10:52.893 1491 1491 I GameModeConfig: isGameModeOn = false
11-29 09:10:52.893 1491 1491 I GameModeConfig: isGameModeOn = false
11-29 09:10:52.893 1491 1491 I GameModeConfig: isDisableVoice = true
11-29 09:10:52.895 16043 16059 W ContextImpl: Calling a method in the system process without a qualified user: android.app.ContextImpl.startService:1816 android.content.ContextWrapper.startService:774 com.thundercomm.gamemode.ingame.services.GameModeActionUtils.startGameModeService:93 com.thundercomm.gamemode.ingame.services.GameModeActionUtils.startGameModeEntry:21 com.thundercomm.gamemode.ingame.services.ActivityMonitoringService$1.onActivityLaunch:127
11-29 09:10:52.898 1491 1491 I GameModeConfig: Current uri is uri = content://com.thundercomm.gamemode.api/gamemode_settings/gamemode_isgaming
11-29 09:10:52.900 1491 1491 I GameModeConfig: isGameModeOn = false
11-29 09:10:52.900 1491 1491 I GameModeConfig: isGameModeOn = false
11-29 09:10:52.900 1491 1491 I GameModeConfig: isDisableVoice = true
11-29 09:10:53.084 1491 1600 W WindowManager: updateScale0.7996942
11-29 09:10:53.100 1491 8646 W WindowManager: updateScale0.7996942
11-29 09:10:53.102 16043 16059 W ContextImpl: Calling a method in the system process without a qualified user: android.app.ContextImpl.startService:1816 android.content.ContextWrapper.startService:774 com.thundercomm.gamemode.ingame.services.GameModeActionUtils.startGameModeService:93 com.thundercomm.gamemode.ingame.services.GameModeActionUtils.startGameModeEntry:21 com.thundercomm.gamemode.ingame.services.ActivityMonitoringService$1.onActivityLaunch:127
11-29 09:10:53.114 1491 1491 I GameModeConfig: Current uri is uri = content://com.thundercomm.gamemode.api/gamemode_settings/gamemode_isgaming
11-29 09:10:53.116 1491 1491 I GameModeConfig: isGameModeOn = false
11-29 09:10:53.116 1491 1491 I GameModeConfig: isGameModeOn = false
11-29 09:10:53.116 1491 1491 I GameModeConfig: isDisableVoice = true
11-29 09:10:54.138 1491 2770 W WindowManager: updateScale0.4617737
11-29 09:10:54.142 1491 2770 W WindowManager: updateScale0.4617737
11-29 09:10:54.199 1491 2770 I ActivityTaskManager: START u0 {act=android.content.pm.action.REQUEST_PERMISSIONS pkg=com.android.permissioncontroller cmp=com.android.permissioncontroller/.permission.ui.GrantPermissionsActivity (has extras)} from uid 10067
11-29 09:10:54.203 1491 2770 W WindowManager: updateScale0.4617737
11-29 09:10:54.267 1491 2770 W WindowManager: updateScale0.4617737
11-29 09:10:54.268 1491 2770 W WindowManager: updateScale0.4617737
11-29 09:10:54.300 1491 8646 I ActivityTaskManager: FOREGROUND_APPLICATION_CHANGED to com.android.permissioncontroller.permission.ui.GrantPermissionsActivity
11-29 09:10:54.300 1491 8646 I ActivityTaskManager: The Process com.android.permissioncontroller Already Exists in BG. So sending its PID: 8944
