11-29 09:17:39.860 1491 8943 W ActivityTaskManager: getTaskSnapshot: taskId=3406 not found
11-29 09:17:39.860 1491 1596 I sysui_multi_action: [319,13,322,71,325,21838,757,761,758,9,759,5,806,com.android.launcher3,871,com.android.launcher3.uioverrides.QuickstepLauncher,905,0,1320,8,1321,5]
11-29 09:17:39.861 1491 8943 W ActivityTaskManager: getTaskSnapshot: taskId=2406 not found
11-29 09:17:39.862 1491 8646 W ActivityTaskManager: getTaskSnapshot: taskId=1406 not found
11-29 09:17:39.871 7660 7660 I view_enqueue_input_event: [Motion - Cancel,com.android.music/com.android.music.VideoBrowserActivity]
11-29 09:17:39.871 13671 13671 I sysui_latency: [1,82]
11-29 09:17:39.874 1491 1693 I input_interaction: Interaction with: edge-swipe (server), swipe-up (server), PointerEventDispatcher0 (server),
11-29 09:17:39.887 1491 1600 I input_focus: [Focus request recents_animation_input_consumer,reason=UpdateInputWindows]
11-29 09:17:39.896 1491 8943 W ActivityTaskManager: getTaskSnapshot: taskId=4406 not found
11-29 09:17:39.905 1491 1693 I input_focus: [Focus leaving 53e8b85 com.android.music/com.android.music.VideoBrowserActivity (server),reason=NOT_FOCUSABLE]
11-29 09:17:39.906 1491 1693 I input_focus: [Focus entering recents_animation_input_consumer (server),reason=setFocusedWindow]
11-29 09:17:40.043 1491 1673 I commit_sys_config_file: [settings-1-0,8]
11-29 09:17:40.079 0 0 I auditd : type=1400 audit(0.0:24095): avc: denied { kill } for comm="swapper/1" capability=5 scontext=u:r:kernel:s0 tcontext=u:r:kernel:s0 tclass=capability permissive=0
11-29 09:17:40.153 1491 1607 I sysui_latency: [8,81]
11-29 09:17:40.804 1491 1673 I commit_sys_config_file: [settings-1-0,3]
11-29 09:17:41.079 0 0 I auditd : type=1400 audit(0.0:24096): avc: denied { kill } for comm="swapper/1" capability=5 scontext=u:r:kernel:s0 tcontext=u:r:kernel:s0 tclass=capability permissive=0
11-29 09:17:41.790 1491 1693 I input_interaction: Interaction with: 59b7b66 com.android.launcher3/com.android.launcher3.uioverrides.QuickstepLauncher (server), edge-swipe (server), swipe-up (server), PointerEventDispatcher0 (server),
11-29 09:17:41.902 1491 9682 I ActivityTaskManager: START u0 {flg=0x10008000 cmp=com.android.gallery3d/.app.GalleryActivity} from uid 10077
11-29 09:17:41.909 1491 9682 I wm_task_created: [408,-1]
11-29 09:17:41.910 1491 9682 W ActivityTaskManager: Can't find TaskDisplayArea to determine support for multi window. Task id=408 attached=false
11-29 09:17:41.912 1491 9682 D FreeFormWindowHelper: Add freeform task=Task{28def9c #408 type=standard ?? U=0 visible=false mode=freeform translucent=true sz=0}
11-29 09:17:41.919 1491 9682 I wm_task_moved: [408,1,10]
11-29 09:17:41.919 1491 9682 I wm_task_to_front: [0,408]
11-29 09:17:41.920 1491 9682 I wm_create_task: [0,408]
11-29 09:17:41.920 1491 9682 I wm_create_activity: [0,167546657,408,com.android.gallery3d/.app.GalleryActivity,NULL,NULL,NULL,268468224]
11-29 09:17:41.920 1491 9682 I wm_task_moved: [408,1,10]
11-29 09:17:41.920 7660 7660 I wm_on_top_resumed_lost_called: [156828563,com.android.music.VideoBrowserActivity,topStateChangedWhenResumed]
11-29 09:17:41.921 1491 9682 I ActivityTaskManager: FOREGROUND_APPLICATION_CHANGED to com.android.gallery3d.app.GalleryActivity
11-29 09:17:41.922 1491 9682 I ActivityTaskManager: The Process com.android.gallery3d Already Exists in BG. So sending its PID: 15636
11-29 09:17:41.922 1491 9682 W ActivityTaskManager: Tried to set launchTime (0) < mLastActivityLaunchTime (21831009)
11-29 09:17:41.923 1491 9682 I wm_restart_activity: [0,167546657,408,com.android.gallery3d/.app.GalleryActivity]
11-29 09:17:41.925 1491 9682 I wm_set_resumed_activity: [0,com.android.gallery3d/.app.GalleryActivity,minimalResumeActivityLocked]
11-29 09:17:41.954 16043 16059 W ContextImpl: Calling a method in the system process without a qualified user: android.app.ContextImpl.startService:1816 android.content.ContextWrapper.startService:774 com.thundercomm.gamemode.ingame.services.GameModeActionUtils.startGameModeService:93 com.thundercomm.gamemode.ingame.services.GameModeActionUtils.startGameModeEntry:21 com.thundercomm.gamemode.ingame.services.ActivityMonitoringService$1.onActivityLaunch:127
11-29 09:17:41.959 1491 1491 I GameModeConfig: Current uri is uri = content://com.thundercomm.gamemode.api/gamemode_settings/gamemode_isgaming
11-29 09:17:41.962 1491 1491 I GameModeConfig: isGameModeOn = false
11-29 09:17:41.962 1491 1491 I GameModeConfig: isGameModeOn = false
11-29 09:17:41.962 1491 1491 I GameModeConfig: isDisableVoice = true
11-29 09:17:41.978 15636 15636 I wm_on_create_called: [167546657,com.android.gallery3d.app.GalleryActivity,performCreate]
11-29 09:17:41.979 15636 15636 I wm_on_start_called: [167546657,com.android.gallery3d.app.GalleryActivity,handleStartActivity]
11-29 09:17:41.983 15636 15636 I wm_on_resume_called: [167546657,com.android.gallery3d.app.GalleryActivity,RESUME_ACTIVITY]
11-29 09:17:41.985 15636 15636 I wm_on_top_resumed_gained_called: [167546657,com.android.gallery3d.app.GalleryActivity,topStateChangedWhenResumed]
11-29 09:17:41.994 1491 8786 W WindowManager: updateScale0.7996942
11-29 09:17:42.005 1491 1600 I input_focus: [Focus request c68aa3 com.android.gallery3d/com.android.gallery3d.app.GalleryActivity,reason=UpdateInputWindows]
11-29 09:17:42.029 1491 1600 W WindowManager: updateScale0.7996942
11-29 09:17:42.031 1491 1600 W WindowManager: updateScale0.7996942
11-29 09:17:42.031 1491 1600 W WindowManager: updateScale0.7996942
11-29 09:17:42.033 1491 1693 I input_focus: [Focus leaving recents_animation_input_consumer (server),reason=Waiting for window because NOT_VISIBLE]
11-29 09:17:42.035 1491 1596 I sysui_multi_action: [319,129,322,128,325,21840,757,761,758,8,759,2,806,com.android.gallery3d,871,com.android.gallery3d.app.GalleryActivity,904,com.android.launcher3,905,0,1320,4,1321,1]
11-29 09:17:42.037 1491 1596 I wm_activity_launch_time: [0,167546657,com.android.gallery3d/.app.GalleryActivity,128]
11-29 09:17:42.047 1491 1693 I input_focus: [Focus entering c68aa3 com.android.gallery3d/com.android.gallery3d.app.GalleryActivity (server),reason=Window became focusable. Previous reason: NOT_VISIBLE]
11-29 09:17:42.349 1491 8786 I wm_task_moved: [32,1,10]
11-29 09:17:42.351 1491 8786 I wm_task_moved: [41,1,2147483647]
11-29 09:17:42.351 1491 8786 I wm_task_to_front: [0,41]
11-29 09:17:42.351 1491 8786 I wm_focused_root_task: [0,0,32,408,RecentsAnimation.onAnimationFinished()]
11-29 09:17:42.351 1491 8786 I wm_set_resumed_activity: [0,com.android.launcher3/.uioverrides.QuickstepLauncher,RecentsAnimation.onAnimationFinished()]
11-29 09:17:42.351 15636 15636 I wm_on_top_resumed_lost_called: [167546657,com.android.gallery3d.app.GalleryActivity,topStateChangedWhenResumed]
11-29 09:17:42.352 1491 8786 I wm_pause_activity: [0,156828563,com.android.music/.VideoBrowserActivity,userLeaving=true,pauseBackTasks]
11-29 09:17:42.353 1491 8786 I wm_add_to_stopping: [0,156828563,com.android.music/.VideoBrowserActivity,makeInvisible]
11-29 09:17:42.353 1491 8786 I ActivityTaskManager: FOREGROUND_APPLICATION_CHANGED to com.android.launcher3.uioverrides.QuickstepLauncher
11-29 09:17:42.353 7660 7660 I wm_on_paused_called: [156828563,com.android.music.VideoBrowserActivity,performPause]
11-29 09:17:42.354 1491 8786 I wm_set_resumed_activity: [0,com.android.launcher3/.uioverrides.QuickstepLauncher,resumeTopActivityInnerLocked]
11-29 09:17:42.355 1491 8786 I wm_resume_activity: [0,254362067,41,com.android.launcher3/.uioverrides.QuickstepLauncher]
11-29 09:17:42.357 1491 8786 W WindowManager: updateScale0.7996942
11-29 09:17:42.367 13671 13671 I wm_on_resume_called: [254362067,com.android.launcher3.uioverrides.QuickstepLauncher,RESUME_ACTIVITY]
11-29 09:17:42.380 1491 8786 W WindowManager: updateScale0.7996942
11-29 09:17:42.384 1491 1600 I input_focus: [Focus request 59b7b66 com.android.launcher3/com.android.launcher3.uioverrides.QuickstepLauncher,reason=UpdateInputWindows]
11-29 09:17:42.386 13671 13671 I wm_on_top_resumed_gained_called: [254362067,com.android.launcher3.uioverrides.QuickstepLauncher,topStateChangedWhenResumed]
11-29 09:17:42.387 1491 8943 W WindowManager: updateScale0.7996942
11-29 09:17:42.395 1491 1693 I input_focus: [Focus leaving c68aa3 com.android.gallery3d/com.android.gallery3d.app.GalleryActivity (server),reason=setFocusedWindow]
11-29 09:17:42.395 1491 1693 I input_focus: [Focus entering 59b7b66 com.android.launcher3/com.android.launcher3.uioverrides.QuickstepLauncher (server),reason=setFocusedWindow]
11-29 09:17:42.398 1491 8646 I wm_stop_activity: [0,156828563,com.android.music/.VideoBrowserActivity]
11-29 09:17:42.401 7660 7660 I wm_on_stop_called: [156828563,com.android.music.VideoBrowserActivity,STOP_ACTIVITY_ITEM]
11-29 09:17:42.406 1491 1599 I sysui_multi_action: [757,803,799,window_time_0,802,7]
11-29 09:17:42.407 1491 1599 I sysui_multi_action: [757,803,799,window_time_0,802,0]
11-29 09:17:42.412 1491 9950 W WindowManager: updateScale0.7996942
11-29 09:17:42.424 16043 16059 W ContextImpl: Calling a method in the system process without a qualified user: android.app.ContextImpl.startService:1816 android.content.ContextWrapper.startService:774 com.thundercomm.gamemode.ingame.services.GameModeActionUtils.startGameModeService:93 com.thundercomm.gamemode.ingame.services.GameModeActionUtils.startGameModeEntry:21 com.thundercomm.gamemode.ingame.services.ActivityMonitoringService$1.onActivityLaunch:127
11-29 09:17:42.429 1491 1491 I GameModeConfig: Current uri is uri = content://com.thundercomm.gamemode.api/gamemode_settings/gamemode_isgaming
11-29 09:17:42.431 1491 1491 I GameModeConfig: isGameModeOn = false
11-29 09:17:42.431 1491 1491 I GameModeConfig: isGameModeOn = false
11-29 09:17:42.431 1491 1491 I GameModeConfig: isDisableVoice = true
11-29 09:17:42.498 16043 16059 W ContextImpl: Calling a method in the system process without a qualified user: android.app.ContextImpl.startService:1816 android.content.ContextWrapper.startService:774 com.thundercomm.gamemode.ingame.services.GameModeActionUtils.startGameModeService:93 com.thundercomm.gamemode.ingame.services.GameModeActionUtils.startGameModeEntry:21 com.thundercomm.gamemode.ingame.services.ActivityMonitoringService$1.onActivityLaunch:127
11-29 09:17:42.507 1491 1491 I GameModeConfig: Current uri is uri = content://com.thundercomm.gamemode.api/gamemode_settings/gamemode_isgaming
11-29 09:17:42.511 1491 1491 I GameModeConfig: isGameModeOn = false
11-29 09:17:42.512 1491 1491 I GameModeConfig: isGameModeOn = false
11-29 09:17:42.512 1491 1491 I GameModeConfig: isDisableVoice = true
11-29 09:17:43.079 0 0 I auditd : type=1400 audit(0.0:24097): avc: denied { kill } for comm="swapper/2" capability=5 scontext=u:r:kernel:s0 tcontext=u:r:kernel:s0 tclass=capability permissive=0
11-29 09:17:43.557 1491 1693 I input_interaction: Interaction with: c68aa3 com.android.gallery3d/com.android.gallery3d.app.GalleryActivity (server), edge-swipe (server), swipe-up (server), PointerEventDispatcher0 (server),
11-29 09:17:43.561 1491 1599 I wm_task_moved: [408,1,10]
11-29 09:17:43.561 1491 1599 I wm_task_to_front: [0,408]
11-29 09:17:43.562 1491 1599 W WindowManager: updateScale0.7996942
11-29 09:17:43.567 13671 13671 I wm_on_top_resumed_lost_called: [254362067,com.android.launcher3.uioverrides.QuickstepLauncher,topStateChangedWhenResumed]
11-29 09:17:43.567 1491 1599 I wm_set_resumed_activity: [0,com.android.gallery3d/.app.GalleryActivity,positionChildAt]
11-29 09:17:43.567 1491 1599 I wm_focused_root_task: [0,0,408,32,setFocusedTask]
11-29 09:17:43.567 1491 1599 I wm_set_resumed_activity: [0,com.android.gallery3d/.app.GalleryActivity,setFocusedTask]
11-29 09:17:43.568 1491 1599 I ActivityTaskManager: FOREGROUND_APPLICATION_CHANGED to com.android.gallery3d.app.GalleryActivity
11-29 09:17:43.569 1491 1600 I input_focus: [Focus request c68aa3 com.android.gallery3d/com.android.gallery3d.app.GalleryActivity,reason=UpdateInputWindows]
11-29 09:17:43.569 15636 15636 I wm_on_top_resumed_gained_called: [167546657,com.android.gallery3d.app.GalleryActivity,topStateChangedWhenResumed]
11-29 09:17:43.587 1491 1693 I input_focus: [Focus leaving 59b7b66 com.android.launcher3/com.android.launcher3.uioverrides.QuickstepLauncher (server),reason=setFocusedWindow]
11-29 09:17:43.588 1491 1693 I input_focus: [Focus entering c68aa3 com.android.gallery3d/com.android.gallery3d.app.GalleryActivity (server),reason=setFocusedWindow]
11-29 09:17:44.079 0 0 I auditd : type=1400 audit(0.0:24098): avc: denied { kill } for comm="swapper/2" capability=5 scontext=u:r:kernel:s0 tcontext=u:r:kernel:s0 tclass=capability permissive=0
11-29 09:17:44.319 1491 9950 W WindowManager: updateScale0.4617737
11-29 09:17:44.321 1491 9950 I wm_relaunch_resume_activity: [0,167546657,408,com.android.gallery3d/.app.GalleryActivity]
11-29 09:17:44.325 1491 9950 W WindowManager: updateScale0.4617737
11-29 09:17:44.353 15636 15636 I wm_on_top_resumed_lost_called: [167546657,com.android.gallery3d.app.GalleryActivity,pausing]
11-29 09:17:44.368 15636 15636 I wm_on_paused_called: [167546657,com.android.gallery3d.app.GalleryActivity,performPause]
11-29 09:17:44.368 15636 15636 I wm_on_stop_called: [167546657,com.android.gallery3d.app.GalleryActivity,handleRelaunchActivity]
11-29 09:17:44.373 15636 15636 I wm_on_destroy_called: [167546657,com.android.gallery3d.app.GalleryActivity,performDestroy]
11-29 09:17:44.383 1491 9950 I WindowManager: finishDrawing of relaunch: Window{c68aa3 u0 com.android.gallery3d/com.android.gallery3d.app.GalleryActivity} 62ms
11-29 09:17:44.401 15636 15636 I wm_on_create_called: [167546657,com.android.gallery3d.app.GalleryActivity,performCreate]
11-29 09:17:44.402 15636 15636 I wm_on_start_called: [167546657,com.android.gallery3d.app.GalleryActivity,handleStartActivity]
11-29 09:17:44.409 15636 15636 I wm_on_resume_called: [167546657,com.android.gallery3d.app.GalleryActivity,RESUME_ACTIVITY]
11-29 09:17:44.409 15636 15636 I wm_on_top_resumed_gained_called: [167546657,com.android.gallery3d.app.GalleryActivity,topWhenResuming]
11-29 09:17:44.413 1491 11109 W WindowManager: updateScale0.4617737
11-29 09:17:44.415 1491 11109 W WindowManager: updateScale0.4617737
11-29 09:17:44.990 1491 1608 I am_uid_idle: 10061
11-29 09:17:45.518 1491 1693 I input_interaction: Interaction with: 59b7b66 com.android.launcher3/com.android.launcher3.uioverrides.QuickstepLauncher (server), f50ccd7 com.android.systemui.ImageWallpaper (server), edge-swipe (server), swipe-up (server), PointerEventDispatcher0 (server),
11-29 09:17:47.079 0 0 I auditd : type=1400 audit(0.0:24099): avc: denied { kill } for comm="swapper/2" capability=5 scontext=u:r:kernel:s0 tcontext=u:r:kernel:s0 tclass=capability permissive=0
11-29 09:17:47.226 1491 11109 I ActivityTaskManager: START u0 {flg=0x10008000 cmp=com.android.music/.VideoBrowserActivity} from uid 10077
11-29 09:17:47.228 1491 11109 I wm_task_moved: [407,1,10]
11-29 09:17:47.228 1491 11109 I wm_task_to_front: [0,407]
11-29 09:17:47.230 1491 11109 I wm_focused_root_task: [0,0,407,408,bringingFoundTaskToFront]
11-29 09:17:47.232 15636 15636 I wm_on_top_resumed_lost_called: [167546657,com.android.gallery3d.app.GalleryActivity,topStateChangedWhenResumed]
11-29 09:17:47.232 1491 11109 I wm_set_resumed_activity: [0,com.android.music/.VideoBrowserActivity,bringingFoundTaskToFront]
11-29 09:17:47.234 1491 11109 D FreeFormWindowHelper: Need finish old freeform task=Task{28def9c #408 type=standard A=10068:com.android.gallery3d U=0 visible=true mode=freeform translucent=false sz=1}
11-29 09:17:47.234 1491 11109 I wm_finish_activity: [0,167546657,408,com.android.gallery3d/.app.GalleryActivity,app-request]
11-29 09:17:47.243 1491 9950 W ActivityManager: Receiver with filter android.content.IntentFilter@25170eb already registered for pid 7660, callerPackage is com.android.music
11-29 09:17:47.250 1491 11109 I wm_pause_activity: [0,167546657,com.android.gallery3d/.app.GalleryActivity,userLeaving=false,finish]
11-29 09:17:47.252 1491 11109 D FreeFormWindowHelper: Add freeform task=Task{ce34ba2 #407 type=standard A=10089:android.task.video U=0 visible=true mode=freeform translucent=true sz=1}
11-29 09:17:47.252 1491 11109 I wm_relaunch_resume_activity: [0,156828563,407,com.android.music/.VideoBrowserActivity]
11-29 09:17:47.255 1491 11109 I wm_finish_activity: [0,156828563,407,com.android.music/.VideoBrowserActivity,clear-task-all]
11-29 09:17:47.256 7660 7660 I wm_on_destroy_called: [156828563,com.android.music.VideoBrowserActivity,performDestroy]
11-29 09:17:47.256 1491 11109 I wm_destroy_activity: [0,156828563,407,com.android.music/.VideoBrowserActivity,finish-imm:finishIfPossible]
11-29 09:17:47.259 1491 11109 I wm_task_moved: [407,1,10]
11-29 09:17:47.259 1491 11109 I wm_create_activity: [0,266781921,407,com.android.music/.VideoBrowserActivity,NULL,NULL,NULL,272662528]
11-29 09:17:47.272 1491 8943 W WindowManager: Attempted to set replacing window on app token with no content Token{2190082 ActivityRecord{9590393 u0 com.android.music/.VideoBrowserActivity t407 f}}}
11-29 09:17:47.276 1491 1693 I input_focus: [Focus leaving c68aa3 com.android.gallery3d/com.android.gallery3d.app.GalleryActivity (server),reason=NO_WINDOW]
11-29 09:17:47.295 15636 15636 I wm_on_paused_called: [167546657,com.android.gallery3d.app.GalleryActivity,performPause]
11-29 09:17:47.296 1491 8943 I wm_add_to_stopping: [0,167546657,com.android.gallery3d/.app.GalleryActivity,completeFinishing]
11-29 09:17:47.297 1491 8943 I ActivityTaskManager: FOREGROUND_APPLICATION_CHANGED to com.android.music.VideoBrowserActivity
11-29 09:17:47.298 1491 8943 I ActivityTaskManager: The Process com.android.music Already Exists in BG. So sending its PID: 7660
11-29 09:17:47.299 1491 8943 W ActivityTaskManager: Tried to set launchTime (0) < mLastActivityLaunchTime (21820464)
11-29 09:17:47.300 1491 8943 I wm_restart_activity: [0,266781921,407,com.android.music/.VideoBrowserActivity]
11-29 09:17:47.301 7660 7660 I wm_on_create_called: [156828563,com.android.music.VideoBrowserActivity,performCreate]
11-29 09:17:47.301 7660 7660 I wm_on_start_called: [156828563,com.android.music.VideoBrowserActivity,handleStartActivity]
11-29 09:17:47.301 1491 8943 I wm_set_resumed_activity: [0,com.android.music/.VideoBrowserActivity,minimalResumeActivityLocked]
11-29 09:17:47.302 7660 7660 I wm_on_resume_called: [156828563,com.android.music.VideoBrowserActivity,RESUME_ACTIVITY]
11-29 09:17:47.304 1491 1599 I sysui_multi_action: [757,803,799,window_time_0,802,5]
11-29 09:17:47.310 7660 7660 I wm_on_paused_called: [156828563,com.android.music.VideoBrowserActivity,performPause]
11-29 09:17:47.310 7660 7660 I wm_on_stop_called: [156828563,com.android.music.VideoBrowserActivity,LIFECYCLER_STOP_ACTIVITY]
11-29 09:17:47.311 7660 7660 I wm_on_destroy_called: [156828563,com.android.music.VideoBrowserActivity,performDestroy]
11-29 09:17:47.312 1491 1607 W UsageStatsService: Unexpected activity event reported! (com.android.music/com.android.music.VideoBrowserActivity event : 23 instanceId : 35192962)
11-29 09:17:47.321 16043 16059 W ContextImpl: Calling a method in the system process without a qualified user: android.app.ContextImpl.startService:1816 android.content.ContextWrapper.startService:774 com.thundercomm.gamemode.ingame.services.GameModeActionUtils.startGameModeService:93 com.thundercomm.gamemode.ingame.services.GameModeActionUtils.startGameModeEntry:21 com.thundercomm.gamemode.ingame.services.ActivityMonitoringService$1.onActivityLaunch:127
11-29 09:17:47.326 7660 7660 I wm_on_create_called: [266781921,com.android.music.VideoBrowserActivity,performCreate]
11-29 09:17:47.326 7660 7660 I wm_on_start_called: [266781921,com.android.music.VideoBrowserActivity,handleStartActivity]
11-29 09:17:47.327 7660 7660 I wm_on_resume_called: [266781921,com.android.music.VideoBrowserActivity,RESUME_ACTIVITY]
11-29 09:17:47.328 1491 1491 I GameModeConfig: Current uri is uri = content://com.thundercomm.gamemode.api/gamemode_settings/gamemode_isgaming
11-29 09:17:47.329 7660 7660 I wm_on_top_resumed_gained_called: [266781921,com.android.music.VideoBrowserActivity,topStateChangedWhenResumed]
11-29 09:17:47.334 1491 11109 W WindowManager: updateScale0.7996942
11-29 09:17:47.337 1491 1491 I GameModeConfig: isGameModeOn = false
11-29 09:17:47.337 1491 1491 I GameModeConfig: isGameModeOn = false
11-29 09:17:47.337 1491 1491 I GameModeConfig: isDisableVoice = true
11-29 09:17:47.345 1491 1600 I input_focus: [Focus request 1d2d08c com.android.music/com.android.music.VideoBrowserActivity,reason=UpdateInputWindows]
11-29 09:17:47.350 1491 1600 W WindowManager: updateScale0.7996942
11-29 09:17:47.353 1491 1600 W WindowManager: updateScale0.7996942
11-29 09:17:47.353 1491 1600 W WindowManager: updateScale0.7996942
11-29 09:17:47.355 1491 11109 W WindowManager: updateScale0.7996942
11-29 09:17:47.358 1491 1596 I sysui_multi_action: [319,127,322,127,325,21845,757,761,758,8,759,2,806,com.android.music,871,com.android.music.VideoBrowserActivity,904,com.android.launcher3,905,0,1320,4,1321,1]
11-29 09:17:47.361 1491 1596 I wm_activity_launch_time: [0,266781921,com.android.music/.VideoBrowserActivity,127]
11-29 09:17:47.365 1491 1693 I input_focus: [Focus entering 1d2d08c com.android.music/com.android.music.VideoBrowserActivity (server),reason=setFocusedWindow]
11-29 09:17:47.410 16043 16059 W ContextImpl: Calling a method in the system process without a qualified user: android.app.ContextImpl.startService:1816 android.content.ContextWrapper.startService:774 com.thundercomm.gamemode.ingame.services.GameModeActionUtils.startGameModeService:93 com.thundercomm.gamemode.ingame.services.GameModeActionUtils.startGameModeEntry:21 com.thundercomm.gamemode.ingame.services.ActivityMonitoringService$1.onActivityLaunch:127
11-29 09:17:47.414 1491 1491 I GameModeConfig: Current uri is uri = content://com.thundercomm.gamemode.api/gamemode_settings/gamemode_isgaming
11-29 09:17:47.416 1491 1491 I GameModeConfig: isGameModeOn = false
11-29 09:17:47.417 1491 1491 I GameModeConfig: isGameModeOn = false
11-29 09:17:47.417 1491 1491 I GameModeConfig: isDisableVoice = true
11-29 09:17:47.627 1491 1600 W WindowManager: updateScale0.7996942
11-29 09:17:47.630 1491 1599 I wm_destroy_activity: [0,167546657,408,com.android.gallery3d/.app.GalleryActivity,finish-imm:idle]
11-29 09:17:47.640 16043 16059 W ContextImpl: Calling a method in the system process without a qualified user: android.app.ContextImpl.startService:1816 android.content.ContextWrapper.startService:774 com.thundercomm.gamemode.ingame.services.GameModeActionUtils.startGameModeService:93 com.thundercomm.gamemode.ingame.services.GameModeActionUtils.startGameModeEntry:21 com.thundercomm.gamemode.ingame.services.ActivityMonitoringService$1.onActivityLaunch:127
11-29 09:17:47.648 1491 11109 W WindowManager: updateScale0.7996942
11-29 09:17:47.651 1491 1491 I GameModeConfig: Current uri is uri = content://com.thundercomm.gamemode.api/gamemode_settings/gamemode_isgaming
11-29 09:17:47.654 1491 1491 I GameModeConfig: isGameModeOn = false
11-29 09:17:47.655 1491 1491 I GameModeConfig: isGameModeOn = false
11-29 09:17:47.655 1491 1491 I GameModeConfig: isDisableVoice = true
11-29 09:17:47.656 15636 15636 I wm_on_stop_called: [167546657,com.android.gallery3d.app.GalleryActivity,LIFECYCLER_STOP_ACTIVITY]
11-29 09:17:47.664 15636 15636 I wm_on_destroy_called: [167546657,com.android.gallery3d.app.GalleryActivity,performDestroy]
11-29 09:17:47.667 1491 8943 W WindowManager: updateScale0.7996942
11-29 09:17:47.670 1491 8943 I wm_task_removed: [408,removeChild:removeChild last r=ActivityRecord{9fc8f21 u0 com.android.gallery3d/.app.GalleryActivity t-1 f}} in t=Task{28def9c #408 type=standard A=10068:com.android.gallery3d U=0 visible=false mode=freeform translucent=true sz=0}]
11-29 09:17:47.670 1491 8943 I wm_task_removed: [408,removeChild]
11-29 09:17:48.079 0 0 I auditd : type=1400 audit(0.0:24100): avc: denied { kill } for comm="swapper/2" capability=5 scontext=u:r:kernel:s0 tcontext=u:r:kernel:s0 tclass=capability permissive=0
11-29 09:17:48.390 13671 13671 I view_enqueue_input_event: [Motion - Cancel,com.android.launcher3/com.android.launcher3.uioverrides.QuickstepLauncher]
11-29 09:17:48.393 1491 1693 I input_interaction: Interaction with: edge-swipe (server), swipe-up (server), PointerEventDispatcher0 (server),
11-29 09:17:48.654 1491 11109 I ActivityTaskManager: START u0 {act=android.intent.action.MAIN cat=[android.intent.category.HOME] flg=0x10000000 cmp=com.android.launcher3/.uioverrides.QuickstepLauncher} from uid 10077
11-29 09:17:48.657 1491 11109 I wm_task_moved: [32,1,9]
11-29 09:17:48.662 7660 7660 I wm_on_top_resumed_lost_called: [266781921,com.android.music.VideoBrowserActivity,topStateChangedWhenResumed]
11-29 09:17:48.663 1491 11109 I wm_set_resumed_activity: [0,com.android.launcher3/.uioverrides.QuickstepLauncher,positionChildAt]
11-29 09:17:48.663 1491 11109 I wm_task_moved: [41,1,2147483647]
11-29 09:17:48.663 1491 11109 I wm_task_to_front: [0,41]
11-29 09:17:48.664 1491 11109 I wm_focused_root_task: [0,0,32,407,bringingFoundTaskToFront]
11-29 09:17:48.664 1491 11109 I wm_set_resumed_activity: [0,com.android.launcher3/.uioverrides.QuickstepLauncher,bringingFoundTaskToFront]
11-29 09:17:48.665 1491 11109 I wm_new_intent: [0,254362067,41,com.android.launcher3/.uioverrides.QuickstepLauncher,android.intent.action.MAIN,NULL,NULL,268435712]
11-29 09:17:48.665 1491 11109 I wm_task_moved: [32,1,9]
11-29 09:17:48.666 1491 11109 I wm_set_resumed_activity: [0,com.android.launcher3/.uioverrides.QuickstepLauncher,positionChildAt]
11-29 09:17:48.666 1491 11109 I ActivityTaskManager: FOREGROUND_APPLICATION_CHANGED to com.android.launcher3.uioverrides.QuickstepLauncher
11-29 09:17:48.667 1491 11109 W WindowManager: updateScale0.7996942
11-29 09:17:48.673 1491 11109 W WindowManager: updateScale0.7996942
11-29 09:17:48.676 1491 1600 I input_focus: [Focus request 59b7b66 com.android.launcher3/com.android.launcher3.uioverrides.QuickstepLauncher,reason=UpdateInputWindows]
11-29 09:17:48.682 13671 13671 I wm_on_paused_called: [254362067,com.android.launcher3.uioverrides.QuickstepLauncher,performPause]
11-29 09:17:48.684 13671 13671 I wm_on_resume_called: [254362067,com.android.launcher3.uioverrides.QuickstepLauncher,LIFECYCLER_RESUME_ACTIVITY]
11-29 09:17:48.686 13671 13671 I wm_on_top_resumed_gained_called: [254362067,com.android.launcher3.uioverrides.QuickstepLauncher,topStateChangedWhenResumed]
11-29 09:17:48.692 1491 11109 W WindowManager: updateScale0.7996942
11-29 09:17:48.699 1491 1693 I input_focus: [Focus leaving 1d2d08c com.android.music/com.android.music.VideoBrowserActivity (server),reason=setFocusedWindow]
11-29 09:17:48.699 1491 1693 I input_focus: [Focus entering 59b7b66 com.android.launcher3/com.android.launcher3.uioverrides.QuickstepLauncher (server),reason=setFocusedWindow]
11-29 09:17:48.942 1491 1693 I input_interaction: Interaction with: 59b7b66 com.android.launcher3/com.android.launcher3.uioverrides.QuickstepLauncher (server), f50ccd7 com.android.systemui.ImageWallpaper (server), edge-swipe (server), swipe-up (server), PointerEventDispatcher0 (server),
11-29 09:17:49.019 13671 13671 I view_enqueue_input_event: [Motion - Cancel,com.android.launcher3/com.android.launcher3.uioverrides.QuickstepLauncher]
11-29 09:17:49.021 1491 1693 I input_interaction: Interaction with: edge-swipe (server), swipe-up (server), PointerEventDispatcher0 (server),
11-29 09:17:49.079 15358 15358 I auditd : type=1400 audit(0.0:24101): avc: denied { kill } for comm="kworker/u17:5" capability=5 scontext=u:r:kernel:s0 tcontext=u:r:kernel:s0 tclass=capability permissive=0
11-29 09:17:49.110 1491 9950 W ActivityTaskManager: getTaskSnapshot: taskId=5408 not found
11-29 09:17:49.112 1491 9950 W ActivityTaskManager: getTaskSnapshot: taskId=4408 not found
11-29 09:17:49.113 1491 11109 W ActivityTaskManager: getTaskSnapshot: taskId=3408 not found
11-29 09:17:49.114 1491 11109 W ActivityTaskManager: getTaskSnapshot: taskId=2408 not found
11-29 09:17:49.114 1491 11109 W ActivityTaskManager: getTaskSnapshot: taskId=1408 not found
11-29 09:17:49.199 1491 1673 I commit_sys_config_file: [settings-1-0,5]
11-29 09:17:49.494 1491 1673 I commit_sys_config_file: [settings-1-0,5]
11-29 09:17:49.598 1491 9682 I wm_finish_activity: [0,266781921,407,com.android.music/.VideoBrowserActivity,app-request]
11-29 09:17:49.615 1491 9682 I wm_pause_activity: [0,266781921,com.android.music/.VideoBrowserActivity,userLeaving=false,finish]
11-29 09:17:49.617 7660 7660 I wm_on_paused_called: [266781921,com.android.music.VideoBrowserActivity,performPause]
11-29 09:17:49.626 1491 8943 I wm_destroy_activity: [0,266781921,407,com.android.music/.VideoBrowserActivity,finish-imm:completePausedLocked]
11-29 09:17:49.650 1491 1599 I sysui_multi_action: [757,803,799,window_time_2,802,3]
11-29 09:17:49.652 1491 2770 W ActivityManager: Receiver with filter android.content.IntentFilter@4be011c already registered for pid 7660, callerPackage is com.android.music
11-29 09:17:49.657 7660 7660 I wm_on_stop_called: [266781921,com.android.music.VideoBrowserActivity,LIFECYCLER_STOP_ACTIVITY]
11-29 09:17:49.658 16043 16059 W ContextImpl: Calling a method in the system process without a qualified user: android.app.ContextImpl.startService:1816 android.content.ContextWrapper.startService:774 com.thundercomm.gamemode.ingame.services.GameModeActionUtils.startGameModeService:93 com.thundercomm.gamemode.ingame.services.GameModeActionUtils.startGameModeEntry:21 com.thundercomm.gamemode.ingame.services.ActivityMonitoringService$1.onActivityLaunch:127
11-29 09:17:49.663 7660 7660 I wm_on_destroy_called: [266781921,com.android.music.VideoBrowserActivity,performDestroy]
11-29 09:17:49.670 1491 1491 I GameModeConfig: Current uri is uri = content://com.thundercomm.gamemode.api/gamemode_settings/gamemode_isgaming
11-29 09:17:49.678 1491 1491 I GameModeConfig: isGameModeOn = false
11-29 09:17:49.678 1491 1491 I GameModeConfig: isGameModeOn = false
11-29 09:17:49.678 1491 1491 I GameModeConfig: isDisableVoice = true
11-29 09:17:49.747 16043 16059 W ContextImpl: Calling a method in the system process without a qualified user: android.app.ContextImpl.startService:1816 android.content.ContextWrapper.startService:774 com.thundercomm.gamemode.ingame.services.GameModeActionUtils.startGameModeService:93 com.thundercomm.gamemode.ingame.services.GameModeActionUtils.startGameModeEntry:21 com.thundercomm.gamemode.ingame.services.ActivityMonitoringService$1.onActivityLaunch:127
11-29 09:17:49.753 1491 1491 I GameModeConfig: Current uri is uri = content://com.thundercomm.gamemode.api/gamemode_settings/gamemode_isgaming
11-29 09:17:49.755 1491 1491 I GameModeConfig: isGameModeOn = false
11-29 09:17:49.756 1491 1491 I GameModeConfig: isGameModeOn = false
11-29 09:17:49.756 1491 1491 I GameModeConfig: isDisableVoice = true
11-29 09:17:49.929 1491 1600 I wm_task_removed: [407,removeChild:removeChild last r=ActivityRecord{fe6c4e1 u0 com.android.music/.VideoBrowserActivity t-1 f}} in t=Task{ce34ba2 #407 type=standard A=10089:android.task.video U=0 visible=false mode=freeform translucent=true sz=0}]
11-29 09:17:49.929 1491 1600 I wm_task_removed: [407,removeChild]
11-29 09:17:49.929 1491 1600 D FreeFormWindowHelper: Remove freefrom task=Task{ce34ba2 #407 type=standard A=10089:android.task.video U=0 visible=false mode=freeform translucent=true sz=0}
11-29 09:17:50.079 0 0 I auditd : type=1400 audit(0.0:24102): avc: denied { kill } for comm="swapper/2" capability=5 scontext=u:r:kernel:s0 tcontext=u:r:kernel:s0 tclass=capability permissive=0
11-29 09:17:51.079 0 0 I auditd : type=1400 audit(0.0:24103): avc: denied { kill } for comm="swapper/2" capability=5 scontext=u:r:kernel:s0 tcontext=u:r:kernel:s0 tclass=capability permissive=0
11-29 09:17:51.085 1491 1693 I input_interaction: Interaction with: 59b7b66 com.android.launcher3/com.android.launcher3.uioverrides.QuickstepLauncher (server), f50ccd7 com.android.systemui.ImageWallpaper (server), edge-swipe (server), swipe-up (server), PointerEventDispatcher0 (server),
11-29 09:17:51.202 1491 9682 D FreeFormWindowHelper: Add freeform task=Task{28def9c #408 type=standard A=10068:com.android.gallery3d U=0 visible=false mode=freeform translucent=true sz=0}
11-29 09:17:51.204 1491 9682 I wm_task_moved: [32,1,9]
11-29 09:17:51.205 1491 9682 I wm_set_resumed_activity: [0,com.android.launcher3/.uioverrides.QuickstepLauncher,positionChildAt]
11-29 09:17:51.206 1491 9682 I ActivityTaskManager: START u0 {flg=0x10108000 cmp=com.android.gallery3d/.app.GalleryActivity} from uid 10077
11-29 09:17:51.209 1491 9682 I wm_task_moved: [408,1,9]
11-29 09:17:51.210 1491 9682 I wm_task_to_front: [0,408]
11-29 09:17:51.210 1491 9682 I wm_focused_root_task: [0,0,408,32,reuseOrNewTask]
11-29 09:17:51.210 1491 9682 I wm_create_activity: [0,244931107,408,com.android.gallery3d/.app.GalleryActivity,NULL,NULL,NULL,269516800]
11-29 09:17:51.211 1491 9682 I ActivityTaskManager: FOREGROUND_APPLICATION_CHANGED to com.android.gallery3d.app.GalleryActivity
11-29 09:17:51.212 1491 9682 I ActivityTaskManager: The Process com.android.gallery3d Already Exists in BG. So sending its PID: 15636
11-29 09:17:51.212 1491 9682 W ActivityTaskManager: Tried to set launchTime (0) < mLastActivityLaunchTime (21840402)
11-29 09:17:51.214 1491 9682 I wm_restart_activity: [0,244931107,408,com.android.gallery3d/.app.GalleryActivity]
11-29 09:17:51.216 1491 9682 I wm_set_resumed_activity: [0,com.android.gallery3d/.app.GalleryActivity,minimalResumeActivityLocked]
11-29 09:17:51.233 13671 13671 I wm_on_top_resumed_lost_called: [254362067,com.android.launcher3.uioverrides.QuickstepLauncher,topStateChangedWhenResumed]
11-29 09:17:51.239 16043 16059 W ContextImpl: Calling a method in the system process without a qualified user: android.app.ContextImpl.startService:1816 android.content.ContextWrapper.startService:774 com.thundercomm.gamemode.ingame.services.GameModeActionUtils.startGameModeService:93 com.thundercomm.gamemode.ingame.services.GameModeActionUtils.startGameModeEntry:21 com.thundercomm.gamemode.ingame.services.ActivityMonitoringService$1.onActivityLaunch:127
11-29 09:17:51.244 1491 1491 I GameModeConfig: Current uri is uri = content://com.thundercomm.gamemode.api/gamemode_settings/gamemode_isgaming
11-29 09:17:51.246 1491 1491 I GameModeConfig: isGameModeOn = false
11-29 09:17:51.247 1491 1491 I GameModeConfig: isGameModeOn = false
11-29 09:17:51.247 1491 1491 I GameModeConfig: isDisableVoice = true
11-29 09:17:51.260 15636 15636 I wm_on_create_called: [244931107,com.android.gallery3d.app.GalleryActivity,performCreate]
11-29 09:17:51.261 15636 15636 I wm_on_start_called: [244931107,com.android.gallery3d.app.GalleryActivity,handleStartActivity]
11-29 09:17:51.263 15636 15636 I wm_on_resume_called: [244931107,com.android.gallery3d.app.GalleryActivity,RESUME_ACTIVITY]
11-29 09:17:51.266 15636 15636 I wm_on_top_resumed_gained_called: [244931107,com.android.gallery3d.app.GalleryActivity,topStateChangedWhenResumed]
11-29 09:17:51.269 1491 11109 W WindowManager: updateScale0.4617737
11-29 09:17:51.273 1491 1600 I input_focus: [Focus request 1fdad95 com.android.gallery3d/com.android.gallery3d.app.GalleryActivity,reason=UpdateInputWindows]
11-29 09:17:51.293 1491 1600 W WindowManager: updateScale0.4617737
11-29 09:17:51.297 1491 1600 W WindowManager: updateScale0.4617737
11-29 09:17:51.298 1491 1600 W WindowManager: updateScale0.4617737
11-29 09:17:51.300 1491 1596 I sysui_multi_action: [319,91,322,90,325,21849,757,761,758,8,759,2,806,com.android.gallery3d,871,com.android.gallery3d.app.GalleryActivity,904,com.android.launcher3,905,0,1320,4,1321,1]
11-29 09:17:51.300 1491 1693 I input_focus: [Focus leaving 59b7b66 com.android.launcher3/com.android.launcher3.uioverrides.QuickstepLauncher (server),reason=Waiting for window because NOT_VISIBLE]
11-29 09:17:51.301 1491 1596 I wm_activity_launch_time: [0,244931107,com.android.gallery3d/.app.GalleryActivity,90]
11-29 09:17:51.316 1491 1693 I input_focus: [Focus entering 1fdad95 com.android.gallery3d/com.android.gallery3d.app.GalleryActivity (server),reason=Window became focusable. Previous reason: NOT_VISIBLE]
11-29 09:17:51.373 1491 1608 I am_uid_idle: 10064
11-29 09:17:51.374 1491 1608 I am_uid_idle: 10028
11-29 09:17:51.567 1491 1600 W WindowManager: updateScale0.4617737
11-29 09:17:52.079 0 0 I auditd : type=1400 audit(0.0:24104): avc: denied { kill } for comm="swapper/2" capability=5 scontext=u:r:kernel:s0 tcontext=u:r:kernel:s0 tclass=capability permissive=0
11-29 09:17:53.079 0 0 I auditd : type=1400 audit(0.0:24105): avc: denied { kill } for comm="swapper/2" capability=5 scontext=u:r:kernel:s0 tcontext=u:r:kernel:s0 tclass=capability permissive=0
11-29 09:17:54.079 0 0 I auditd : type=1400 audit(0.0:24106): avc: denied { kill } for comm="swapper/2" capability=5 scontext=u:r:kernel:s0 tcontext=u:r:kernel:s0 tclass=capability permissive=0
11-29 09:17:55.079 0 0 I auditd : type=1400 audit(0.0:24107): avc: denied { kill } for comm="swapper/2" capability=5 scontext=u:r:kernel:s0 tcontext=u:r:kernel:s0 tclass=capability permissive=0
11-29 09:17:55.543 1491 1491 I notification_enqueue: [10097,27146,com.tencent.android.qqdownloader,127,NULL,0,Notification(channel=channel_id_default_silent shortcut=null contentView=com.tencent.android.qqdownloader/0x7f0a01c2 vibrate=null sound=null defaults=0x0 flags=0x2a0 color=0x00000000 groupKey=com.tencent.android.qqdownloader vis=PRIVATE),1]
11-29 09:17:55.746 1491 1491 I GameModeConfig: isGameModeOn = false
11-29 09:17:56.079 0 0 I auditd : type=1400 audit(0.0:24108): avc: denied { kill } for comm="swapper/2" capability=5 scontext=u:r:kernel:s0 tcontext=u:r:kernel:s0 tclass=capability permissive=0
11-29 09:17:57.079 0 0 I auditd : type=1400 audit(0.0:24109): avc: denied { kill } for comm="swapper/2" capability=5 scontext=u:r:kernel:s0 tcontext=u:r:kernel:s0 tclass=capability permissive=0
11-29 09:17:57.637 1491 1723 I netstats_mobile_sample: [0,0,0,0,0,0,0,0,0,0,0,0,1669684677637]
11-29 09:17:57.638 1491 1723 I netstats_wifi_sample: [6552036924,5622080,279356274,1192619,6552036924,5622080,279356274,1192619,6667760908,6512987,158935363,919764,1669684677637]
11-29 09:17:58.079 0 0 I auditd : type=1400 audit(0.0:24110): avc: denied { kill } for comm="swapper/2" capability=5 scontext=u:r:kernel:s0 tcontext=u:r:kernel:s0 tclass=capability permissive=0
11-29 09:17:59.079 0 0 I auditd : type=1400 audit(0.0:24111): avc: denied { kill } for comm="swapper/2" capability=5 scontext=u:r:kernel:s0 tcontext=u:r:kernel:s0 tclass=capability permissive=0
11-29 09:17:59.806 1491 1693 I input_interaction: Interaction with: e1c10f5 StatusBar (server), edge-swipe (server), swipe-up (server), PointerEventDispatcher0 (server),
11-29 09:17:59.809 2164 2164 I sysui_multi_action: [757,803,799,panel_open,802,1]
11-29 09:17:59.810 2164 2164 I sysui_multi_action: [757,1328,758,4,1326,73,1327,2,1329,0]
11-29 09:17:59.923 1491 11109 I sysui_multi_action: [757,127,758,1]
11-29 09:17:59.924 1491 11109 I sysui_multi_action: [757,804,799,note_load,801,2,802,1]
11-29 09:17:59.924 1491 11109 I notification_panel_revealed: 2
11-29 09:17:59.925 1491 1760 I GameModeConfig: isGameModeOn = false
11-29 09:17:59.925 1491 1760 I GameModeConfig: isGameModeOn = false
11-29 09:17:59.926 1491 1760 I GameModeConfig: isGameModeOn = false
11-29 09:17:59.926 1491 1760 I GameModeConfig: isGameModeOn = false
11-29 09:17:59.927 1491 1760 I GameModeConfig: isGameModeOn = false
11-29 09:17:59.928 2164 2164 I sysui_multi_action: [757,111,758,2]
11-29 09:17:59.928 2164 2164 I sysui_multi_action: [757,111,758,2]
11-29 09:17:59.928 1491 1491 I notification_enqueue: [10082,2164,com.android.systemui,2048,NULL,0,Notification(channel=updateNotification shortcut=null contentView=null vibrate=null sound=null defaults=0x0 flags=0x0 color=0x00000000 vis=PRIVATE),1]
11-29 09:17:59.936 1491 11109 W WindowManager: updateScale0.4617737
11-29 09:17:59.941 1491 1600 I input_focus: [Focus request 2750200 NotificationShade,reason=UpdateInputWindows]
11-29 09:17:59.943 2164 2164 I sysui_multi_action: [757,111,758,1]
11-29 09:17:59.944 2164 2164 I sysui_multi_action: [757,126,758,1,759,126,927,0,928,1,1593,0]
11-29 09:17:59.944 2164 2164 I sysui_multi_action: [757,113,758,1,759,113,927,1,928,1,1593,0]
11-29 09:17:59.944 2164 2164 I sysui_multi_action: [757,0,758,1,759,0,927,2,928,0,1593,0]
11-29 09:17:59.944 2164 2164 I sysui_multi_action: [757,0,758,1,759,0,927,3,928,0,1593,0]
11-29 09:17:59.944 2164 2164 I sysui_multi_action: [757,491,758,1,759,491,927,4,928,0,1311,-1,1593,0]
11-29 09:17:59.945 2164 2164 I sysui_multi_action: [757,0,758,1,759,0,927,5,928,0,1593,0]
11-29 09:17:59.945 2164 2164 I sysui_multi_action: [757,111,758,1]
11-29 09:17:59.945 2164 2164 I sysui_multi_action: [757,126,758,1,759,126,927,0,928,1,1593,0]
11-29 09:17:59.945 2164 2164 I sysui_multi_action: [757,113,758,1,759,113,927,1,928,1,1593,0]
11-29 09:17:59.945 2164 2164 I sysui_multi_action: [757,0,758,1,759,0,927,2,928,0,1593,0]
11-29 09:17:59.945 2164 2164 I sysui_multi_action: [757,0,758,1,759,0,927,3,928,0,1593,0]
11-29 09:17:59.958 1491 1600 W WindowManager: updateScale0.4617737
11-29 09:17:59.959 1491 1760 I GameModeConfig: isGameModeOn = false
11-29 09:17:59.959 1491 1760 I GameModeConfig: isGameModeOn = false
11-29 09:17:59.959 1491 1760 I GameModeConfig: isGameModeOn = false
11-29 09:17:59.960 1491 1760 I GameModeConfig: isGameModeOn = false
11-29 09:17:59.960 1491 1760 I GameModeConfig: isGameModeOn = false
11-29 09:17:59.961 2164 2164 I sysui_multi_action: [757,111,758,2]
11-29 09:17:59.961 2164 2164 I sysui_multi_action: [757,111,758,2]
11-29 09:17:59.963 1491 1491 I notification_enqueue: [10082,2164,com.android.systemui,2048,NULL,0,Notification(channel=updateNotification shortcut=null contentView=null vibrate=null sound=null defaults=0x0 flags=0x0 color=0x00000000 vis=PRIVATE),1]
11-29 09:17:59.965 2164 2164 I sysui_multi_action: [757,111,758,1]
11-29 09:17:59.965 2164 2164 I sysui_multi_action: [757,126,758,1,759,126,927,0,928,1,1593,0]
11-29 09:17:59.965 2164 2164 I sysui_multi_action: [757,113,758,1,759,113,927,1,928,1,1593,0]
11-29 09:17:59.965 2164 2164 I sysui_multi_action: [757,0,758,1,759,0,927,2,928,0,1593,0]
11-29 09:17:59.965 2164 2164 I sysui_multi_action: [757,0,758,1,759,0,927,3,928,0,1593,0]
11-29 09:17:59.966 2164 2164 I sysui_multi_action: [757,491,758,1,759,491,927,4,928,0,1311,-1,1593,0]
11-29 09:17:59.966 2164 2164 I sysui_multi_action: [757,0,758,1,759,0,927,5,928,0,1593,0]
11-29 09:17:59.966 2164 2164 I sysui_multi_action: [757,111,758,1]
11-29 09:17:59.966 2164 2164 I sysui_multi_action: [757,126,758,1,759,126,927,0,928,1,1593,0]
11-29 09:17:59.966 2164 2164 I sysui_multi_action: [757,113,758,1,759,113,927,1,928,1,1593,0]
11-29 09:17:59.966 2164 2164 I sysui_multi_action: [757,0,758,1,759,0,927,2,928,0,1593,0]
11-29 09:17:59.966 2164 2164 I sysui_multi_action: [757,0,758,1,759,0,927,3,928,0,1593,0]
11-29 09:17:59.974 1491 1693 I input_focus: [Focus leaving 1fdad95 com.android.gallery3d/com.android.gallery3d.app.GalleryActivity (server),reason=setFocusedWindow]
11-29 09:17:59.974 1491 1693 I input_focus: [Focus entering 2750200 NotificationShade (server),reason=setFocusedWindow]
11-29 09:17:59.995 1491 1760 I GameModeConfig: isGameModeOn = false
11-29 09:17:59.995 1491 1760 I GameModeConfig: isGameModeOn = false
11-29 09:17:59.995 1491 1760 I GameModeConfig: isGameModeOn = false
11-29 09:17:59.995 1491 1760 I GameModeConfig: isGameModeOn = false
11-29 09:17:59.996 1491 1760 I GameModeConfig: isGameModeOn = false
11-29 09:17:59.996 2164 2164 I sysui_multi_action: [757,111,758,2]
11-29 09:17:59.996 2164 2164 I sysui_multi_action: [757,111,758,2]
11-29 09:17:59.997 1491 1491 I notification_enqueue: [10082,2164,com.android.systemui,2048,NULL,0,Notification(channel=updateNotification shortcut=null contentView=null vibrate=null sound=null defaults=0x0 flags=0x0 color=0x00000000 vis=PRIVATE),1]
11-29 09:18:00.002 2164 2164 I sysui_multi_action: [757,111,758,1]
11-29 09:18:00.003 2164 2164 I sysui_multi_action: [757,126,758,1,759,126,927,0,928,1,1593,0]
11-29 09:18:00.003 2164 2164 I sysui_multi_action: [757,113,758,1,759,113,927,1,928,1,1593,0]
11-29 09:18:00.003 2164 2164 I sysui_multi_action: [757,0,758,1,759,0,927,2,928,0,1593,0]
11-29 09:18:00.003 2164 2164 I sysui_multi_action: [757,0,758,1,759,0,927,3,928,0,1593,0]
11-29 09:18:00.003 2164 2164 I sysui_multi_action: [757,491,758,1,759,491,927,4,928,0,1311,-1,1593,0]
11-29 09:18:00.003 2164 2164 I sysui_multi_action: [757,0,758,1,759,0,927,5,928,0,1593,0]
11-29 09:18:00.003 2164 2164 I sysui_multi_action: [757,111,758,1]
11-29 09:18:00.003 2164 2164 I sysui_multi_action: [757,126,758,1,759,126,927,0,928,1,1593,0]
11-29 09:18:00.003 2164 2164 I sysui_multi_action: [757,113,758,1,759,113,927,1,928,1,1593,0]
11-29 09:18:00.003 2164 2164 I sysui_multi_action: [757,0,758,1,759,0,927,2,928,0,1593,0]
11-29 09:18:00.003 2164 2164 I sysui_multi_action: [757,0,758,1,759,0,927,3,928,0,1593,0]
11-29 09:18:00.079 287 287 I auditd : type=1400 audit(0.0:24112): avc: denied { kill } for comm="kgsl_worker_thr" capability=5 scontext=u:r:kernel:s0 tcontext=u:r:kernel:s0 tclass=capability permissive=0
11-29 09:18:00.133 1491 1491 I GameModeConfig: isGameModeOn = false
11-29 09:18:00.135 1491 1491 I sysui_multi_action: [757,1501,758,1,793,2711447,794,0,795,209,796,2048,806,com.android.systemui,857,updateNotification,858,3,947,0,1500,0,1688,1]
11-29 09:18:00.135 1491 1491 I sysui_multi_action: [757,804,799,note_interruptive,801,0,802,1]
11-29 09:18:00.135 1491 1491 I sysui_multi_action: [757,199,758,1,759,2,793,2711447,794,0,795,209,796,2048,806,com.android.systemui,857,updateNotification,858,3,947,0,1500,0,1688,1]
11-29 09:18:00.135 1491 1491 I notification_alert: [0|com.android.systemui|2048|null|10082,0,1,0]
11-29 09:18:00.136 1491 1491 W NotificationHistory: Attempted to add notif for locked/gone/disabled user 0
11-29 09:18:00.162 1491 9682 W WindowManager: updateScale0.4617737
11-29 09:18:00.165 1491 1491 I GameModeConfig: isGameModeOn = false
11-29 09:18:00.165 1491 1491 E NotificationService: Muting recently noisy 0|com.android.systemui|2048|null|10082
11-29 09:18:00.169 1491 9682 W WindowManager: updateScale0.4617737
11-29 09:18:00.199 1491 1491 I GameModeConfig: isGameModeOn = false
11-29 09:18:00.200 1491 1491 E NotificationService: Muting recently noisy 0|com.android.systemui|2048|null|10082
11-29 09:18:00.469 1491 9682 I sysui_multi_action: [757,128,758,1,793,20445242,794,0,795,20445242,796,26,798,0,806,android,857,DEVELOPER_IMPORTANT,858,4,947,0,1395,2,1500,20445037,1688,1]
11-29 09:18:00.470 1491 9682 I sysui_multi_action: [757,804,799,note_freshness,801,20445242,802,1]
11-29 09:18:00.470 1491 9682 I notification_visibility: [-1|android|26|null|1000,1,20445242,20445242,0,0]
11-29 09:18:00.470 1491 9682 I sysui_multi_action: [757,128,758,1,793,20445246,794,0,795,20445246,796,32,798,1,806,android,857,USB,858,1,947,0,1395,2,1500,20445043,1688,1]
11-29 09:18:00.470 1491 9682 I sysui_multi_action: [757,804,799,note_freshness,801,20445246,802,1]
11-29 09:18:00.470 1491 9682 I notification_visibility: [-1|android|32|null|1000,1,20445246,20445246,0,1]
11-29 09:18:01.079 0 0 I auditd : type=1400 audit(0.0:24113): avc: denied { kill } for comm="swapper/2" capability=5 scontext=u:r:kernel:s0 tcontext=u:r:kernel:s0 tclass=capability permissive=0
11-29 09:18:01.836 1491 1693 I input_interaction: Interaction with: 2750200 NotificationShade (server), edge-swipe (server), swipe-up (server), PointerEventDispatcher0 (server),
11-29 09:18:01.957 1491 9950 I ActivityTaskManager: START u0 {act=com.android.music.PLAYBACK_VIEWER flg=0x10000000 cmp=com.android.music/.MusicBrowserActivity} from uid 10089
11-29 09:18:01.961 1491 9950 I wm_task_created: [409,-1]
11-29 09:18:01.961 1491 9950 W ActivityTaskManager: Can't find TaskDisplayArea to determine support for multi window. Task id=409 attached=false
11-29 09:18:01.966 1491 9950 I wm_task_moved: [409,1,10]
11-29 09:18:01.966 1491 9950 I wm_task_to_front: [0,409]
11-29 09:18:01.967 1491 9950 I wm_create_task: [0,409]
11-29 09:18:01.967 1491 9950 I wm_create_activity: [0,148146247,409,com.android.music/.MusicBrowserActivity,com.android.music.PLAYBACK_VIEWER,NULL,NULL,268435456]
11-29 09:18:01.967 1491 9950 I wm_task_moved: [409,1,10]
11-29 09:18:01.968 15636 15636 I wm_on_top_resumed_lost_called: [244931107,com.android.gallery3d.app.GalleryActivity,topStateChangedWhenResumed]
11-29 09:18:01.969 1491 9950 I wm_pause_activity: [0,254362067,com.android.launcher3/.uioverrides.QuickstepLauncher,userLeaving=true,pauseBackTasks]
11-29 09:18:01.970 1491 9950 W WindowManager: updateScale0.4617737
11-29 09:18:01.971 13671 13671 I wm_on_paused_called: [254362067,com.android.launcher3.uioverrides.QuickstepLauncher,performPause]
11-29 09:18:01.981 1491 8943 I ActivityTaskManager: FOREGROUND_APPLICATION_CHANGED to com.android.music.MusicBrowserActivity
11-29 09:18:01.982 1491 8943 I ActivityTaskManager: The Process com.android.music Already Exists in BG. So sending its PID: 7660
11-29 09:18:01.982 1491 8943 W ActivityTaskManager: Tried to set launchTime (0) < mLastActivityLaunchTime (21845779)
11-29 09:18:01.983 1491 8943 I wm_add_to_stopping: [0,254362067,com.android.launcher3/.uioverrides.QuickstepLauncher,makeInvisible]
11-29 09:18:01.984 1491 8943 I wm_restart_activity: [0,148146247,409,com.android.music/.MusicBrowserActivity]
11-29 09:18:01.985 1491 8943 I wm_set_resumed_activity: [0,com.android.music/.MusicBrowserActivity,minimalResumeActivityLocked]
11-29 09:18:01.996 1491 9682 W WindowManager: updateScale0.4617737
11-29 09:18:02.012 1491 1599 I sysui_multi_action: [757,803,799,window_time_0,802,12]
11-29 09:18:02.013 1491 1600 W WindowManager: updateScale0.4617737
