11-29 09:17:23.482 1491 11109 D FreeFormWindowHelper: Remove freefrom task=Task{ce34ba2 #407 type=standard A=10089:android.task.video U=0 visible=true mode=fullscreen translucent=false sz=1}
11-29 09:17:23.485 1491 8786 W ActivityManager: Receiver with filter android.content.IntentFilter@826b4d7 already registered for pid 7660, callerPackage is com.android.music
11-29 09:17:23.487 7660 7660 I wm_on_top_resumed_lost_called: [156828563,com.android.music.VideoBrowserActivity,pausing]
11-29 09:17:23.487 7660 7660 I wm_on_paused_called: [156828563,com.android.music.VideoBrowserActivity,performPause]
11-29 09:17:23.487 7660 7660 I wm_on_stop_called: [156828563,com.android.music.VideoBrowserActivity,handleRelaunchActivity]
11-29 09:17:23.490 7660 7660 I wm_on_destroy_called: [156828563,com.android.music.VideoBrowserActivity,performDestroy]
11-29 09:17:23.494 1491 11109 W WindowManager: Attempted to set replacing window on app token with no content Token{2190082 ActivityRecord{9590393 u0 com.android.music/.VideoBrowserActivity t407}}
11-29 09:17:23.506 16043 16059 W ContextImpl: Calling a method in the system process without a qualified user: android.app.ContextImpl.startService:1816 android.content.ContextWrapper.startService:774 com.thundercomm.gamemode.ingame.services.GameModeActionUtils.startGameModeService:93 com.thundercomm.gamemode.ingame.services.GameModeActionUtils.startGameModeEntry:21 com.thundercomm.gamemode.ingame.services.ActivityMonitoringService$1.onActivityLaunch:127
11-29 09:17:23.516 1491 1491 I GameModeConfig: Current uri is uri = content://com.thundercomm.gamemode.api/gamemode_settings/gamemode_isgaming
11-29 09:17:23.517 7660 7660 I wm_on_create_called: [156828563,com.android.music.VideoBrowserActivity,performCreate]
11-29 09:17:23.518 7660 7660 I wm_on_start_called: [156828563,com.android.music.VideoBrowserActivity,handleStartActivity]
11-29 09:17:23.518 1491 1491 I GameModeConfig: isGameModeOn = false
11-29 09:17:23.519 7660 7660 I wm_on_resume_called: [156828563,com.android.music.VideoBrowserActivity,RESUME_ACTIVITY]
11-29 09:17:23.519 7660 7660 I wm_on_top_resumed_gained_called: [156828563,com.android.music.VideoBrowserActivity,topWhenResuming]
11-29 09:17:23.520 1491 1491 I GameModeConfig: isGameModeOn = false
11-29 09:17:23.520 1491 1491 I GameModeConfig: isDisableVoice = true
11-29 09:17:23.535 1491 8786 I WindowManager: finishDrawing of relaunch: Window{53e8b85 u0 com.android.music/com.android.music.VideoBrowserActivity} 57ms
11-29 09:17:23.887 1491 1599 I wm_stop_activity: [0,254362067,com.android.launcher3/.uioverrides.QuickstepLauncher]
11-29 09:17:23.898 16043 16059 W ContextImpl: Calling a method in the system process without a qualified user: android.app.ContextImpl.startService:1816 android.content.ContextWrapper.startService:774 com.thundercomm.gamemode.ingame.services.GameModeActionUtils.startGameModeService:93 com.thundercomm.gamemode.ingame.services.GameModeActionUtils.startGameModeEntry:21 com.thundercomm.gamemode.ingame.services.ActivityMonitoringService$1.onActivityLaunch:127
11-29 09:17:23.913 1491 1491 I GameModeConfig: Current uri is uri = content://com.thundercomm.gamemode.api/gamemode_settings/gamemode_isgaming
11-29 09:17:23.915 1491 1491 I GameModeConfig: isGameModeOn = false
11-29 09:17:23.915 1491 1491 I GameModeConfig: isGameModeOn = false
11-29 09:17:23.915 1491 1491 I GameModeConfig: isDisableVoice = true
11-29 09:17:23.919 13671 13671 I wm_on_paused_called: [254362067,com.android.launcher3.uioverrides.QuickstepLauncher,performPause]
11-29 09:17:23.920 13671 13671 I wm_on_stop_called: [254362067,com.android.launcher3.uioverrides.QuickstepLauncher,STOP_ACTIVITY_ITEM]
11-29 09:17:23.942 16043 16059 W ContextImpl: Calling a method in the system process without a qualified user: android.app.ContextImpl.startService:1816 android.content.ContextWrapper.startService:774 com.thundercomm.gamemode.ingame.services.GameModeActionUtils.startGameModeService:93 com.thundercomm.gamemode.ingame.services.GameModeActionUtils.startGameModeEntry:21 com.thundercomm.gamemode.ingame.services.ActivityMonitoringService$1.onActivityLaunch:127
11-29 09:17:23.946 1491 1491 I GameModeConfig: Current uri is uri = content://com.thundercomm.gamemode.api/gamemode_settings/gamemode_isgaming
11-29 09:17:23.947 1491 1491 I GameModeConfig: isGameModeOn = false
11-29 09:17:23.948 1491 1491 I GameModeConfig: isGameModeOn = false
11-29 09:17:23.949 1491 1491 I GameModeConfig: isDisableVoice = true
11-29 09:17:24.079 0 0 I auditd : type=1400 audit(0.0:24084): avc: denied { kill } for comm="swapper/1" capability=5 scontext=u:r:kernel:s0 tcontext=u:r:kernel:s0 tclass=capability permissive=0
11-29 09:17:24.829 1491 11109 I wm_task_moved: [32,0,0]
11-29 09:17:24.830 1491 11109 I wm_task_moved: [32,0,8]
11-29 09:17:24.854 13671 13671 I wm_on_restart_called: [254362067,com.android.launcher3.uioverrides.QuickstepLauncher,performRestartActivity]
11-29 09:17:24.864 16043 16059 W ContextImpl: Calling a method in the system process without a qualified user: android.app.ContextImpl.startService:1816 android.content.ContextWrapper.startService:774 com.thundercomm.gamemode.ingame.services.GameModeActionUtils.startGameModeService:93 com.thundercomm.gamemode.ingame.services.GameModeActionUtils.startGameModeEntry:21 com.thundercomm.gamemode.ingame.services.ActivityMonitoringService$1.onActivityLaunch:127
11-29 09:17:24.868 13671 13671 I wm_on_start_called: [254362067,com.android.launcher3.uioverrides.QuickstepLauncher,handleStartActivity]
11-29 09:17:24.869 1491 1491 I GameModeConfig: Current uri is uri = content://com.thundercomm.gamemode.api/gamemode_settings/gamemode_isgaming
11-29 09:17:24.872 1491 1491 I GameModeConfig: isGameModeOn = false
11-29 09:17:24.873 1491 1491 I GameModeConfig: isGameModeOn = false
11-29 09:17:24.873 1491 1491 I GameModeConfig: isDisableVoice = true
11-29 09:17:24.890 7660 7660 I view_enqueue_input_event: [Motion - Cancel,com.android.music/com.android.music.VideoBrowserActivity]
11-29 09:17:24.890 13671 13671 I sysui_latency: [1,60]
11-29 09:17:24.895 1491 1600 I input_focus: [Focus request recents_animation_input_consumer,reason=UpdateInputWindows]
11-29 09:17:24.895 1491 1596 I sysui_multi_action: [319,14,322,55,325,21823,757,761,758,9,759,5,806,com.android.launcher3,871,com.android.launcher3.uioverrides.QuickstepLauncher,905,0,1320,8,1321,5]
11-29 09:17:24.897 1491 8646 W ActivityTaskManager: getTaskSnapshot: taskId=4406 not found
11-29 09:17:24.899 1491 1693 I input_interaction: Interaction with: edge-swipe (server), swipe-up (server), PointerEventDispatcher0 (server),
11-29 09:17:24.909 1491 8646 W ActivityTaskManager: getTaskSnapshot: taskId=4406 not found
11-29 09:17:24.911 1491 8786 W ActivityTaskManager: getTaskSnapshot: taskId=3406 not found
11-29 09:17:24.912 1491 11109 W ActivityTaskManager: getTaskSnapshot: taskId=2406 not found
11-29 09:17:24.914 1491 8646 W ActivityTaskManager: getTaskSnapshot: taskId=1406 not found
11-29 09:17:24.920 1491 1693 I input_focus: [Focus leaving 53e8b85 com.android.music/com.android.music.VideoBrowserActivity (server),reason=NOT_FOCUSABLE]
11-29 09:17:24.920 1491 1693 I input_focus: [Focus entering recents_animation_input_consumer (server),reason=setFocusedWindow]
11-29 09:17:25.075 1491 1673 I commit_sys_config_file: [settings-1-0,7]
11-29 09:17:25.185 1491 1607 I sysui_latency: [8,62]
11-29 09:17:25.305 1491 1608 I am_uid_idle: 10052
11-29 09:17:25.783 1491 1673 I commit_sys_config_file: [settings-1-0,4]
11-29 09:17:26.079 0 0 I auditd : type=1400 audit(0.0:24085): avc: denied { kill } for comm="swapper/1" capability=5 scontext=u:r:kernel:s0 tcontext=u:r:kernel:s0 tclass=capability permissive=0
11-29 09:17:27.054 1491 1693 I input_interaction: Interaction with: 59b7b66 com.android.launcher3/com.android.launcher3.uioverrides.QuickstepLauncher (server), edge-swipe (server), swipe-up (server), PointerEventDispatcher0 (server),
11-29 09:17:27.079 0 0 I auditd : type=1400 audit(0.0:24086): avc: denied { kill } for comm="swapper/1" capability=5 scontext=u:r:kernel:s0 tcontext=u:r:kernel:s0 tclass=capability permissive=0
11-29 09:17:27.174 1491 11109 W ActivityManager: Receiver with filter android.content.IntentFilter@b59ed8c already registered for pid 7660, callerPackage is com.android.music
11-29 09:17:27.203 1491 8943 D FreeFormWindowHelper: Add freeform task=Task{ce34ba2 #407 type=standard A=10089:android.task.video U=0 visible=true mode=freeform translucent=false sz=1}
11-29 09:17:27.204 1491 8943 I wm_relaunch_resume_activity: [0,156828563,407,com.android.music/.VideoBrowserActivity]
11-29 09:17:27.205 7660 7660 I wm_on_top_resumed_lost_called: [156828563,com.android.music.VideoBrowserActivity,pausing]
11-29 09:17:27.205 7660 7660 I wm_on_paused_called: [156828563,com.android.music.VideoBrowserActivity,performPause]
11-29 09:17:27.205 7660 7660 I wm_on_stop_called: [156828563,com.android.music.VideoBrowserActivity,handleRelaunchActivity]
11-29 09:17:27.209 7660 7660 I wm_on_destroy_called: [156828563,com.android.music.VideoBrowserActivity,performDestroy]
11-29 09:17:27.206 1491 8943 I wm_task_moved: [32,1,9]
11-29 09:17:27.214 1491 8943 I wm_focused_root_task: [0,0,32,407,startActivityFromRecents]
11-29 09:17:27.214 1491 8943 I wm_task_moved: [407,1,9]
11-29 09:17:27.214 1491 8943 I wm_set_resumed_activity: [0,com.android.music/.VideoBrowserActivity,positionChildAt]
11-29 09:17:27.214 1491 8943 I wm_focused_root_task: [0,0,407,32,moveTaskToFront findTaskToMoveToFront]
11-29 09:17:27.214 1491 8943 I wm_set_resumed_activity: [0,com.android.music/.VideoBrowserActivity,moveTaskToFront findTaskToMoveToFront]
11-29 09:17:27.216 1491 8943 W WindowManager: updateScale0.7996942
11-29 09:17:27.225 1491 11109 W WindowManager: Attempted to set replacing window on app token with no content Token{2190082 ActivityRecord{9590393 u0 com.android.music/.VideoBrowserActivity t407}}
11-29 09:17:27.247 7660 7660 I wm_on_create_called: [156828563,com.android.music.VideoBrowserActivity,performCreate]
11-29 09:17:27.248 7660 7660 I wm_on_start_called: [156828563,com.android.music.VideoBrowserActivity,handleStartActivity]
11-29 09:17:27.249 7660 7660 I wm_on_resume_called: [156828563,com.android.music.VideoBrowserActivity,RESUME_ACTIVITY]
11-29 09:17:27.249 7660 7660 I wm_on_top_resumed_gained_called: [156828563,com.android.music.VideoBrowserActivity,topWhenResuming]
11-29 09:17:27.251 1491 8943 W WindowManager: updateScale0.7996942
11-29 09:17:27.263 7660 7660 I wm_on_top_resumed_lost_called: [156828563,com.android.music.VideoBrowserActivity,topStateChangedWhenResumed]
11-29 09:17:27.263 1491 11109 I WindowManager: finishDrawing of relaunch: Window{53e8b85 u0 com.android.music/com.android.music.VideoBrowserActivity} 60ms
11-29 09:17:27.264 1491 1600 W WindowManager: updateScale0.7996942
11-29 09:17:27.265 1491 1600 W WindowManager: updateScale0.7996942
11-29 09:17:27.269 7660 7660 I wm_on_top_resumed_gained_called: [156828563,com.android.music.VideoBrowserActivity,topStateChangedWhenResumed]
11-29 09:17:27.642 1491 9682 I wm_task_moved: [32,1,9]
11-29 09:17:27.642 1491 9682 I wm_task_moved: [41,1,2147483647]
11-29 09:17:27.642 1491 9682 I wm_task_to_front: [0,41]
11-29 09:17:27.643 1491 9682 I wm_focused_root_task: [0,0,32,407,RecentsAnimation.onAnimationFinished()]
11-29 09:17:27.643 7660 7660 I wm_on_top_resumed_lost_called: [156828563,com.android.music.VideoBrowserActivity,topStateChangedWhenResumed]
11-29 09:17:27.643 1491 9682 I wm_set_resumed_activity: [0,com.android.launcher3/.uioverrides.QuickstepLauncher,RecentsAnimation.onAnimationFinished()]
11-29 09:17:27.644 1491 9682 I ActivityTaskManager: FOREGROUND_APPLICATION_CHANGED to com.android.launcher3.uioverrides.QuickstepLauncher
11-29 09:17:27.645 1491 9682 I wm_set_resumed_activity: [0,com.android.launcher3/.uioverrides.QuickstepLauncher,resumeTopActivityInnerLocked]
11-29 09:17:27.648 1491 9682 I wm_resume_activity: [0,254362067,41,com.android.launcher3/.uioverrides.QuickstepLauncher]
11-29 09:17:27.651 1491 9682 W WindowManager: updateScale0.7996942
11-29 09:17:27.658 1491 9682 W WindowManager: updateScale0.7996942
11-29 09:17:27.663 1491 1600 I input_focus: [Focus request 59b7b66 com.android.launcher3/com.android.launcher3.uioverrides.QuickstepLauncher,reason=UpdateInputWindows]
11-29 09:17:27.681 1491 1599 I sysui_multi_action: [757,803,799,window_time_0,802,7]
11-29 09:17:27.682 1491 1693 I input_focus: [Focus leaving recents_animation_input_consumer (server),reason=NOT_VISIBLE]
11-29 09:17:27.683 1491 1693 I input_focus: [Focus entering 59b7b66 com.android.launcher3/com.android.launcher3.uioverrides.QuickstepLauncher (server),reason=setFocusedWindow]
11-29 09:17:27.684 13671 13671 I wm_on_resume_called: [254362067,com.android.launcher3.uioverrides.QuickstepLauncher,RESUME_ACTIVITY]
11-29 09:17:27.684 13671 13671 I wm_on_top_resumed_gained_called: [254362067,com.android.launcher3.uioverrides.QuickstepLauncher,topStateChangedWhenResumed]
11-29 09:17:27.772 16043 16059 W ContextImpl: Calling a method in the system process without a qualified user: android.app.ContextImpl.startService:1816 android.content.ContextWrapper.startService:774 com.thundercomm.gamemode.ingame.services.GameModeActionUtils.startGameModeService:93 com.thundercomm.gamemode.ingame.services.GameModeActionUtils.startGameModeEntry:21 com.thundercomm.gamemode.ingame.services.ActivityMonitoringService$1.onActivityLaunch:127
11-29 09:17:27.780 1491 1491 I GameModeConfig: Current uri is uri = content://com.thundercomm.gamemode.api/gamemode_settings/gamemode_isgaming
11-29 09:17:27.784 1491 1491 I GameModeConfig: isGameModeOn = false
11-29 09:17:27.784 1491 1491 I GameModeConfig: isGameModeOn = false
11-29 09:17:27.785 1491 1491 I GameModeConfig: isDisableVoice = true
11-29 09:17:28.079 0 0 I auditd : type=1400 audit(0.0:24087): avc: denied { kill } for comm="swapper/1" capability=5 scontext=u:r:kernel:s0 tcontext=u:r:kernel:s0 tclass=capability permissive=0
11-29 09:17:28.219 1491 1608 I am_uid_idle: 10094
11-29 09:17:28.677 1491 1693 I input_interaction: Interaction with: 53e8b85 com.android.music/com.android.music.VideoBrowserActivity (server), edge-swipe (server), swipe-up (server), PointerEventDispatcher0 (server),
11-29 09:17:28.682 1491 1599 I wm_task_moved: [407,1,9]
11-29 09:17:28.682 1491 1599 I wm_task_to_front: [0,407]
11-29 09:17:28.685 1491 1599 W WindowManager: updateScale0.7996942
11-29 09:17:28.692 1491 1599 I wm_set_resumed_activity: [0,com.android.music/.VideoBrowserActivity,positionChildAt]
11-29 09:17:28.692 1491 1599 I wm_focused_root_task: [0,0,407,32,setFocusedTask]
11-29 09:17:28.692 1491 1599 I wm_set_resumed_activity: [0,com.android.music/.VideoBrowserActivity,setFocusedTask]
11-29 09:17:28.693 1491 1599 I ActivityTaskManager: FOREGROUND_APPLICATION_CHANGED to com.android.music.VideoBrowserActivity
11-29 09:17:28.694 1491 1600 I input_focus: [Focus request 53e8b85 com.android.music/com.android.music.VideoBrowserActivity,reason=UpdateInputWindows]
11-29 09:17:28.695 13671 13671 I wm_on_top_resumed_lost_called: [254362067,com.android.launcher3.uioverrides.QuickstepLauncher,topStateChangedWhenResumed]
11-29 09:17:28.702 7660 7660 I wm_on_top_resumed_gained_called: [156828563,com.android.music.VideoBrowserActivity,topStateChangedWhenResumed]
11-29 09:17:28.730 1491 1693 I input_focus: [Focus leaving 59b7b66 com.android.launcher3/com.android.launcher3.uioverrides.QuickstepLauncher (server),reason=setFocusedWindow]
11-29 09:17:28.730 1491 1693 I input_focus: [Focus entering 53e8b85 com.android.music/com.android.music.VideoBrowserActivity (server),reason=setFocusedWindow]
11-29 09:17:28.812 1491 8943 I wm_relaunch_resume_activity: [0,156828563,407,com.android.music/.VideoBrowserActivity]
11-29 09:17:28.814 1491 8943 I wm_add_to_stopping: [0,254362067,com.android.launcher3/.uioverrides.QuickstepLauncher,makeInvisible]
11-29 09:17:28.817 1491 8943 D FreeFormWindowHelper: Remove freefrom task=Task{ce34ba2 #407 type=standard A=10089:android.task.video U=0 visible=true mode=fullscreen translucent=false sz=1}
11-29 09:17:28.821 1491 9682 W ActivityManager: Receiver with filter android.content.IntentFilter@63321ec already registered for pid 7660, callerPackage is com.android.music
11-29 09:17:28.840 7660 7660 I wm_on_top_resumed_lost_called: [156828563,com.android.music.VideoBrowserActivity,pausing]
11-29 09:17:28.840 7660 7660 I wm_on_paused_called: [156828563,com.android.music.VideoBrowserActivity,performPause]
11-29 09:17:28.840 7660 7660 I wm_on_stop_called: [156828563,com.android.music.VideoBrowserActivity,handleRelaunchActivity]
11-29 09:17:28.841 1491 11109 W WindowManager: Attempted to set replacing window on app token with no content Token{2190082 ActivityRecord{9590393 u0 com.android.music/.VideoBrowserActivity t407}}
11-29 09:17:28.841 16043 16059 W ContextImpl: Calling a method in the system process without a qualified user: android.app.ContextImpl.startService:1816 android.content.ContextWrapper.startService:774 com.thundercomm.gamemode.ingame.services.GameModeActionUtils.startGameModeService:93 com.thundercomm.gamemode.ingame.services.GameModeActionUtils.startGameModeEntry:21 com.thundercomm.gamemode.ingame.services.ActivityMonitoringService$1.onActivityLaunch:127
11-29 09:17:28.843 7660 7660 I wm_on_destroy_called: [156828563,com.android.music.VideoBrowserActivity,performDestroy]
11-29 09:17:28.848 1491 1491 I GameModeConfig: Current uri is uri = content://com.thundercomm.gamemode.api/gamemode_settings/gamemode_isgaming
11-29 09:17:28.851 1491 1491 I GameModeConfig: isGameModeOn = false
11-29 09:17:28.851 1491 1491 I GameModeConfig: isGameModeOn = false
11-29 09:17:28.851 1491 1491 I GameModeConfig: isDisableVoice = true
11-29 09:17:28.858 7660 7660 I wm_on_create_called: [156828563,com.android.music.VideoBrowserActivity,performCreate]
11-29 09:17:28.859 7660 7660 I wm_on_start_called: [156828563,com.android.music.VideoBrowserActivity,handleStartActivity]
11-29 09:17:28.861 7660 7660 I wm_on_resume_called: [156828563,com.android.music.VideoBrowserActivity,RESUME_ACTIVITY]
11-29 09:17:28.861 7660 7660 I wm_on_top_resumed_gained_called: [156828563,com.android.music.VideoBrowserActivity,topWhenResuming]
11-29 09:17:28.870 1491 8943 I WindowManager: finishDrawing of relaunch: Window{53e8b85 u0 com.android.music/com.android.music.VideoBrowserActivity} 57ms
11-29 09:17:29.079 0 0 I auditd : type=1400 audit(0.0:24088): avc: denied { kill } for comm="swapper/1" capability=5 scontext=u:r:kernel:s0 tcontext=u:r:kernel:s0 tclass=capability permissive=0
11-29 09:17:29.215 1491 1599 I wm_stop_activity: [0,254362067,com.android.launcher3/.uioverrides.QuickstepLauncher]
11-29 09:17:29.227 16043 16059 W ContextImpl: Calling a method in the system process without a qualified user: android.app.ContextImpl.startService:1816 android.content.ContextWrapper.startService:774 com.thundercomm.gamemode.ingame.services.GameModeActionUtils.startGameModeService:93 com.thundercomm.gamemode.ingame.services.GameModeActionUtils.startGameModeEntry:21 com.thundercomm.gamemode.ingame.services.ActivityMonitoringService$1.onActivityLaunch:127
11-29 09:17:29.240 1491 1491 I GameModeConfig: Current uri is uri = content://com.thundercomm.gamemode.api/gamemode_settings/gamemode_isgaming
11-29 09:17:29.243 1491 1491 I GameModeConfig: isGameModeOn = false
11-29 09:17:29.243 1491 1491 I GameModeConfig: isGameModeOn = false
11-29 09:17:29.243 1491 1491 I GameModeConfig: isDisableVoice = true
11-29 09:17:29.245 13671 13671 I wm_on_paused_called: [254362067,com.android.launcher3.uioverrides.QuickstepLauncher,performPause]
11-29 09:17:29.247 13671 13671 I wm_on_stop_called: [254362067,com.android.launcher3.uioverrides.QuickstepLauncher,STOP_ACTIVITY_ITEM]
11-29 09:17:29.272 16043 16059 W ContextImpl: Calling a method in the system process without a qualified user: android.app.ContextImpl.startService:1816 android.content.ContextWrapper.startService:774 com.thundercomm.gamemode.ingame.services.GameModeActionUtils.startGameModeService:93 com.thundercomm.gamemode.ingame.services.GameModeActionUtils.startGameModeEntry:21 com.thundercomm.gamemode.ingame.services.ActivityMonitoringService$1.onActivityLaunch:127
11-29 09:17:29.276 1491 1491 I GameModeConfig: Current uri is uri = content://com.thundercomm.gamemode.api/gamemode_settings/gamemode_isgaming
11-29 09:17:29.277 1491 1491 I GameModeConfig: isGameModeOn = false
11-29 09:17:29.277 1491 1491 I GameModeConfig: isGameModeOn = false
11-29 09:17:29.277 1491 1491 I GameModeConfig: isDisableVoice = true
11-29 09:17:30.071 1491 8943 I wm_task_moved: [32,0,0]
11-29 09:17:30.071 1491 8943 I wm_task_moved: [32,0,8]
11-29 09:17:30.081 7660 7660 I view_enqueue_input_event: [Motion - Cancel,com.android.music/com.android.music.VideoBrowserActivity]
11-29 09:17:30.082 13671 13671 I wm_on_restart_called: [254362067,com.android.launcher3.uioverrides.QuickstepLauncher,performRestartActivity]
11-29 09:17:30.097 1491 1693 I input_interaction: Interaction with: edge-swipe (server), swipe-up (server), PointerEventDispatcher0 (server),
11-29 09:17:30.102 1491 1607 I am_pss : [3417,10029,com.baidu.input,123622400,112267264,13312,238243840,0,7,14]
11-29 09:17:30.103 13671 13671 I wm_on_start_called: [254362067,com.android.launcher3.uioverrides.QuickstepLauncher,handleStartActivity]
11-29 09:17:30.104 16043 16059 W ContextImpl: Calling a method in the system process without a qualified user: android.app.ContextImpl.startService:1816 android.content.ContextWrapper.startService:774 com.thundercomm.gamemode.ingame.services.GameModeActionUtils.startGameModeService:93 com.thundercomm.gamemode.ingame.services.GameModeActionUtils.startGameModeEntry:21 com.thundercomm.gamemode.ingame.services.ActivityMonitoringService$1.onActivityLaunch:127
11-29 09:17:30.104 1491 1600 I input_focus: [Focus request recents_animation_input_consumer,reason=UpdateInputWindows]
11-29 09:17:30.108 1491 1491 I GameModeConfig: Current uri is uri = content://com.thundercomm.gamemode.api/gamemode_settings/gamemode_isgaming
11-29 09:17:30.111 1491 1491 I GameModeConfig: isGameModeOn = false
11-29 09:17:30.111 1491 1491 I GameModeConfig: isGameModeOn = false
11-29 09:17:30.111 1491 1491 I GameModeConfig: isDisableVoice = true
11-29 09:17:30.115 1491 8646 W ActivityTaskManager: getTaskSnapshot: taskId=4406 not found
11-29 09:17:30.117 13671 13671 I sysui_latency: [1,59]
11-29 09:17:30.118 1491 8786 W ActivityTaskManager: getTaskSnapshot: taskId=3406 not found
11-29 09:17:30.132 1491 1693 I input_focus: [Focus leaving 53e8b85 com.android.music/com.android.music.VideoBrowserActivity (server),reason=NOT_FOCUSABLE]
11-29 09:17:30.133 1491 1693 I input_focus: [Focus entering recents_animation_input_consumer (server),reason=setFocusedWindow]
11-29 09:17:30.135 1491 1596 I sysui_multi_action: [319,12,322,52,325,21828,757,761,758,9,759,5,806,com.android.launcher3,871,com.android.launcher3.uioverrides.QuickstepLauncher,905,0,1320,8,1321,5]
11-29 09:17:30.140 1491 8646 W ActivityTaskManager: getTaskSnapshot: taskId=3406 not found
11-29 09:17:30.140 1491 8646 W ActivityTaskManager: getTaskSnapshot: taskId=4406 not found
11-29 09:17:30.306 1491 1673 I commit_sys_config_file: [settings-1-0,4]
11-29 09:17:30.425 1491 1607 I sysui_latency: [8,58]
11-29 09:17:30.978 1491 1673 I commit_sys_config_file: [settings-1-0,4]
11-29 09:17:31.079 0 0 I auditd : type=1400 audit(0.0:24089): avc: denied { kill } for comm="swapper/1" capability=5 scontext=u:r:kernel:s0 tcontext=u:r:kernel:s0 tclass=capability permissive=0
11-29 09:17:32.079 0 0 I auditd : type=1400 audit(0.0:24090): avc: denied { kill } for comm="swapper/1" capability=5 scontext=u:r:kernel:s0 tcontext=u:r:kernel:s0 tclass=capability permissive=0
11-29 09:17:32.389 1491 1693 I input_interaction: Interaction with: 59b7b66 com.android.launcher3/com.android.launcher3.uioverrides.QuickstepLauncher (server), edge-swipe (server), swipe-up (server), PointerEventDispatcher0 (server),
11-29 09:17:32.503 1491 8646 D FreeFormWindowHelper: Add freeform task=Task{c8430c3 #406 type=standard A=10068:com.android.gallery3d U=0 visible=false mode=freeform translucent=true sz=0}
11-29 09:17:32.506 1491 8646 I wm_task_moved: [32,1,10]
11-29 09:17:32.508 1491 8646 I wm_focused_root_task: [0,0,32,407,startActivityFromRecents]
11-29 09:17:32.508 7660 7660 I wm_on_top_resumed_lost_called: [156828563,com.android.music.VideoBrowserActivity,topStateChangedWhenResumed]
11-29 09:17:32.508 1491 8646 I ActivityTaskManager: START u0 {flg=0x10108000 cmp=com.android.gallery3d/.app.GalleryActivity} from uid 10077
11-29 09:17:32.513 1491 8646 I wm_task_moved: [406,1,10]
11-29 09:17:32.513 1491 8646 I wm_task_to_front: [0,406]
11-29 09:17:32.513 1491 8646 I wm_focused_root_task: [0,0,406,32,reuseOrNewTask]
11-29 09:17:32.514 1491 8646 I wm_create_activity: [0,211392733,406,com.android.gallery3d/.app.GalleryActivity,NULL,NULL,NULL,269516800]
11-29 09:17:32.516 1491 8646 I wm_pause_activity: [0,156828563,com.android.music/.VideoBrowserActivity,userLeaving=true,pauseBackTasks]
11-29 09:17:32.524 1491 1600 I input_focus: [Focus request 59b7b66 com.android.launcher3/com.android.launcher3.uioverrides.QuickstepLauncher,reason=UpdateInputWindows]
11-29 09:17:32.525 7660 7660 I wm_on_paused_called: [156828563,com.android.music.VideoBrowserActivity,performPause]
11-29 09:17:32.526 1491 11109 I ActivityTaskManager: FOREGROUND_APPLICATION_CHANGED to com.android.gallery3d.app.GalleryActivity
11-29 09:17:32.529 1491 11109 I ActivityTaskManager: The Process com.android.gallery3d Already Exists in BG. So sending its PID: 15636
11-29 09:17:32.529 1491 11109 W ActivityTaskManager: Tried to set launchTime (0) < mLastActivityLaunchTime (21814497)
11-29 09:17:32.529 1491 11109 I wm_add_to_stopping: [0,156828563,com.android.music/.VideoBrowserActivity,makeInvisible]
11-29 09:17:32.530 1491 11109 I wm_restart_activity: [0,211392733,406,com.android.gallery3d/.app.GalleryActivity]
11-29 09:17:32.532 1491 11109 I wm_set_resumed_activity: [0,com.android.gallery3d/.app.GalleryActivity,minimalResumeActivityLocked]
11-29 09:17:32.537 1491 1693 I input_focus: [Focus leaving recents_animation_input_consumer (server),reason=setFocusedWindow]
11-29 09:17:32.538 1491 1693 I input_focus: [Focus entering 59b7b66 com.android.launcher3/com.android.launcher3.uioverrides.QuickstepLauncher (server),reason=setFocusedWindow]
11-29 09:17:32.552 1491 1599 I sysui_multi_action: [757,803,799,window_time_0,802,5]
11-29 09:17:32.567 16043 16059 W ContextImpl: Calling a method in the system process without a qualified user: android.app.ContextImpl.startService:1816 android.content.ContextWrapper.startService:774 com.thundercomm.gamemode.ingame.services.GameModeActionUtils.startGameModeService:93 com.thundercomm.gamemode.ingame.services.GameModeActionUtils.startGameModeEntry:21 com.thundercomm.gamemode.ingame.services.ActivityMonitoringService$1.onActivityLaunch:127
11-29 09:17:32.572 1491 1491 I GameModeConfig: Current uri is uri = content://com.thundercomm.gamemode.api/gamemode_settings/gamemode_isgaming
11-29 09:17:32.576 1491 1491 I GameModeConfig: isGameModeOn = false
11-29 09:17:32.576 1491 1491 I GameModeConfig: isGameModeOn = false
11-29 09:17:32.576 1491 1491 I GameModeConfig: isDisableVoice = true
11-29 09:17:32.585 15636 15636 I wm_on_create_called: [211392733,com.android.gallery3d.app.GalleryActivity,performCreate]
11-29 09:17:32.586 15636 15636 I wm_on_start_called: [211392733,com.android.gallery3d.app.GalleryActivity,handleStartActivity]
11-29 09:17:32.589 15636 15636 I wm_on_resume_called: [211392733,com.android.gallery3d.app.GalleryActivity,RESUME_ACTIVITY]
11-29 09:17:32.591 15636 15636 I wm_on_top_resumed_gained_called: [211392733,com.android.gallery3d.app.GalleryActivity,topStateChangedWhenResumed]
11-29 09:17:32.605 1491 8943 W WindowManager: updateScale0.7996942
11-29 09:17:32.615 1491 1600 I input_focus: [Focus request 5a6b9b com.android.gallery3d/com.android.gallery3d.app.GalleryActivity,reason=UpdateInputWindows]
11-29 09:17:32.639 1491 1693 I input_focus: [Focus leaving 59b7b66 com.android.launcher3/com.android.launcher3.uioverrides.QuickstepLauncher (server),reason=Waiting for window because NOT_VISIBLE]
11-29 09:17:32.641 16043 16059 W ContextImpl: Calling a method in the system process without a qualified user: android.app.ContextImpl.startService:1816 android.content.ContextWrapper.startService:774 com.thundercomm.gamemode.ingame.services.GameModeActionUtils.startGameModeService:93 com.thundercomm.gamemode.ingame.services.GameModeActionUtils.startGameModeEntry:21 com.thundercomm.gamemode.ingame.services.ActivityMonitoringService$1.onActivityLaunch:127
11-29 09:17:32.646 1491 1491 I GameModeConfig: Current uri is uri = content://com.thundercomm.gamemode.api/gamemode_settings/gamemode_isgaming
11-29 09:17:32.647 1491 1491 I GameModeConfig: isGameModeOn = false
11-29 09:17:32.647 1491 1491 I GameModeConfig: isGameModeOn = false
11-29 09:17:32.647 1491 1491 I GameModeConfig: isDisableVoice = true
11-29 09:17:32.674 1491 1600 W WindowManager: updateScale0.7996942
11-29 09:17:32.678 1491 1600 W WindowManager: updateScale0.7996942
11-29 09:17:32.679 1491 1600 W WindowManager: updateScale0.7996942
11-29 09:17:32.680 1491 1596 I sysui_multi_action: [319,169,322,168,325,21830,757,761,758,8,759,2,806,com.android.gallery3d,871,com.android.gallery3d.app.GalleryActivity,904,com.android.launcher3,905,0,1320,4,1321,1]
11-29 09:17:32.681 1491 1596 I wm_activity_launch_time: [0,211392733,com.android.gallery3d/.app.GalleryActivity,168]
11-29 09:17:32.689 1491 1693 I input_focus: [Focus entering 5a6b9b com.android.gallery3d/com.android.gallery3d.app.GalleryActivity (server),reason=Window became focusable. Previous reason: NOT_VISIBLE]
11-29 09:17:32.942 1491 8943 I wm_task_moved: [32,1,10]
11-29 09:17:32.945 15636 15636 I wm_on_top_resumed_lost_called: [211392733,com.android.gallery3d.app.GalleryActivity,topStateChangedWhenResumed]
11-29 09:17:32.947 1491 8943 I wm_task_moved: [41,1,2147483647]
11-29 09:17:32.947 1491 8943 I wm_task_to_front: [0,41]
11-29 09:17:32.947 1491 8943 I wm_focused_root_task: [0,0,32,406,RecentsAnimation.onAnimationFinished()]
11-29 09:17:32.952 1491 8943 I wm_set_resumed_activity: [0,com.android.launcher3/.uioverrides.QuickstepLauncher,RecentsAnimation.onAnimationFinished()]
11-29 09:17:32.954 1491 8943 I ActivityTaskManager: FOREGROUND_APPLICATION_CHANGED to com.android.launcher3.uioverrides.QuickstepLauncher
11-29 09:17:32.955 1491 8943 I wm_set_resumed_activity: [0,com.android.launcher3/.uioverrides.QuickstepLauncher,resumeTopActivityInnerLocked]
11-29 09:17:32.957 1491 8943 I wm_resume_activity: [0,254362067,41,com.android.launcher3/.uioverrides.QuickstepLauncher]
11-29 09:17:32.959 1491 8943 W WindowManager: updateScale0.7996942
11-29 09:17:32.962 13671 13671 I wm_on_resume_called: [254362067,com.android.launcher3.uioverrides.QuickstepLauncher,RESUME_ACTIVITY]
11-29 09:17:32.963 1491 8943 W WindowManager: updateScale0.7996942
11-29 09:17:32.966 1491 1599 I wm_stop_activity: [0,156828563,com.android.music/.VideoBrowserActivity]
11-29 09:17:32.967 1491 1600 I input_focus: [Focus request 59b7b66 com.android.launcher3/com.android.launcher3.uioverrides.QuickstepLauncher,reason=UpdateInputWindows]
11-29 09:17:32.967 13671 13671 I wm_on_top_resumed_gained_called: [254362067,com.android.launcher3.uioverrides.QuickstepLauncher,topStateChangedWhenResumed]
11-29 09:17:32.972 7660 7660 I wm_on_stop_called: [156828563,com.android.music.VideoBrowserActivity,STOP_ACTIVITY_ITEM]
11-29 09:17:32.975 1491 1693 I input_focus: [Focus leaving 5a6b9b com.android.gallery3d/com.android.gallery3d.app.GalleryActivity (server),reason=setFocusedWindow]
11-29 09:17:32.975 1491 1693 I input_focus: [Focus entering 59b7b66 com.android.launcher3/com.android.launcher3.uioverrides.QuickstepLauncher (server),reason=setFocusedWindow]
11-29 09:17:32.975 1491 1599 I sysui_multi_action: [757,803,799,window_time_2,802,0]
11-29 09:17:32.999 1491 8786 W WindowManager: updateScale0.7996942
11-29 09:17:33.014 16043 16059 W ContextImpl: Calling a method in the system process without a qualified user: android.app.ContextImpl.startService:1816 android.content.ContextWrapper.startService:774 com.thundercomm.gamemode.ingame.services.GameModeActionUtils.startGameModeService:93 com.thundercomm.gamemode.ingame.services.GameModeActionUtils.startGameModeEntry:21 com.thundercomm.gamemode.ingame.services.ActivityMonitoringService$1.onActivityLaunch:127
11-29 09:17:33.018 1491 1491 I GameModeConfig: Current uri is uri = content://com.thundercomm.gamemode.api/gamemode_settings/gamemode_isgaming
11-29 09:17:33.020 1491 1491 I GameModeConfig: isGameModeOn = false
11-29 09:17:33.020 1491 1491 I GameModeConfig: isGameModeOn = false
11-29 09:17:33.020 1491 1491 I GameModeConfig: isDisableVoice = true
11-29 09:17:33.021 1491 8786 W WindowManager: updateScale0.7996942
11-29 09:17:33.080 16043 16059 W ContextImpl: Calling a method in the system process without a qualified user: android.app.ContextImpl.startService:1816 android.content.ContextWrapper.startService:774 com.thundercomm.gamemode.ingame.services.GameModeActionUtils.startGameModeService:93 com.thundercomm.gamemode.ingame.services.GameModeActionUtils.startGameModeEntry:21 com.thundercomm.gamemode.ingame.services.ActivityMonitoringService$1.onActivityLaunch:127
11-29 09:17:33.079 0 0 I auditd : type=1400 audit(0.0:24091): avc: denied { kill } for comm="swapper/1" capability=5 scontext=u:r:kernel:s0 tcontext=u:r:kernel:s0 tclass=capability permissive=0
11-29 09:17:33.084 1491 1491 I GameModeConfig: Current uri is uri = content://com.thundercomm.gamemode.api/gamemode_settings/gamemode_isgaming
11-29 09:17:33.087 1491 1491 I GameModeConfig: isGameModeOn = false
11-29 09:17:33.088 1491 1491 I GameModeConfig: isGameModeOn = false
11-29 09:17:33.088 1491 1491 I GameModeConfig: isDisableVoice = true
11-29 09:17:34.630 1491 1693 I input_interaction: Interaction with: 59b7b66 com.android.launcher3/com.android.launcher3.uioverrides.QuickstepLauncher (server), f50ccd7 com.android.systemui.ImageWallpaper (server), edge-swipe (server), swipe-up (server), PointerEventDispatcher0 (server),
11-29 09:17:34.746 1491 1693 I input_interaction: Interaction with: edge-swipe (server), swipe-up (server), PointerEventDispatcher0 (server),
11-29 09:17:34.748 13671 13671 I view_enqueue_input_event: [Motion - Cancel,com.android.launcher3/com.android.launcher3.uioverrides.QuickstepLauncher]
11-29 09:17:34.766 1491 2770 W ActivityTaskManager: getTaskSnapshot: taskId=5407 not found
11-29 09:17:34.767 1491 8943 W ActivityTaskManager: getTaskSnapshot: taskId=4407 not found
11-29 09:17:34.768 1491 9682 W ActivityTaskManager: getTaskSnapshot: taskId=3407 not found
11-29 09:17:34.770 1491 9682 W ActivityTaskManager: getTaskSnapshot: taskId=2407 not found
11-29 09:17:34.770 1491 8943 W ActivityTaskManager: getTaskSnapshot: taskId=1407 not found
11-29 09:17:34.930 1491 1673 I commit_sys_config_file: [settings-1-0,4]
11-29 09:17:35.079 0 0 I auditd : type=1400 audit(0.0:24092): avc: denied { kill } for comm="swapper/1" capability=5 scontext=u:r:kernel:s0 tcontext=u:r:kernel:s0 tclass=capability permissive=0
11-29 09:17:35.285 1491 1673 I commit_sys_config_file: [settings-1-0,11]
11-29 09:17:35.376 1491 8786 I wm_finish_activity: [0,211392733,406,com.android.gallery3d/.app.GalleryActivity,app-request]
11-29 09:17:35.382 1491 8786 I wm_pause_activity: [0,211392733,com.android.gallery3d/.app.GalleryActivity,userLeaving=false,finish]
11-29 09:17:35.396 15636 15636 I wm_on_paused_called: [211392733,com.android.gallery3d.app.GalleryActivity,performPause]
11-29 09:17:35.397 1491 8786 I wm_destroy_activity: [0,211392733,406,com.android.gallery3d/.app.GalleryActivity,finish-imm:completePausedLocked]
11-29 09:17:35.405 1491 1599 I sysui_multi_action: [757,803,799,window_time_0,802,2]
11-29 09:17:35.409 15636 15636 I wm_on_stop_called: [211392733,com.android.gallery3d.app.GalleryActivity,LIFECYCLER_STOP_ACTIVITY]
11-29 09:17:35.417 15636 15636 I wm_on_destroy_called: [211392733,com.android.gallery3d.app.GalleryActivity,performDestroy]
11-29 09:17:35.421 16043 16059 W ContextImpl: Calling a method in the system process without a qualified user: android.app.ContextImpl.startService:1816 android.content.ContextWrapper.startService:774 com.thundercomm.gamemode.ingame.services.GameModeActionUtils.startGameModeService:93 com.thundercomm.gamemode.ingame.services.GameModeActionUtils.startGameModeEntry:21 com.thundercomm.gamemode.ingame.services.ActivityMonitoringService$1.onActivityLaunch:127
11-29 09:17:35.428 1491 1491 I GameModeConfig: Current uri is uri = content://com.thundercomm.gamemode.api/gamemode_settings/gamemode_isgaming
11-29 09:17:35.431 1491 1491 I GameModeConfig: isGameModeOn = false
11-29 09:17:35.431 1491 1491 I GameModeConfig: isGameModeOn = false
11-29 09:17:35.431 1491 1491 I GameModeConfig: isDisableVoice = true
11-29 09:17:35.512 16043 16059 W ContextImpl: Calling a method in the system process without a qualified user: android.app.ContextImpl.startService:1816 android.content.ContextWrapper.startService:774 com.thundercomm.gamemode.ingame.services.GameModeActionUtils.startGameModeService:93 com.thundercomm.gamemode.ingame.services.GameModeActionUtils.startGameModeEntry:21 com.thundercomm.gamemode.ingame.services.ActivityMonitoringService$1.onActivityLaunch:127
11-29 09:17:35.519 1491 1491 I GameModeConfig: Current uri is uri = content://com.thundercomm.gamemode.api/gamemode_settings/gamemode_isgaming
11-29 09:17:35.521 1491 1491 I GameModeConfig: isGameModeOn = false
11-29 09:17:35.522 1491 1491 I GameModeConfig: isGameModeOn = false
11-29 09:17:35.522 1491 1491 I GameModeConfig: isDisableVoice = true
11-29 09:17:35.711 1491 1600 I wm_task_removed: [406,removeChild:removeChild last r=ActivityRecord{c9998dd u0 com.android.gallery3d/.app.GalleryActivity t-1 f}} in t=Task{c8430c3 #406 type=standard A=10068:com.android.gallery3d U=0 visible=false mode=freeform translucent=true sz=0}]
11-29 09:17:35.711 1491 1600 I wm_task_removed: [406,removeChild]
11-29 09:17:35.711 1491 1600 D FreeFormWindowHelper: Remove freefrom task=Task{c8430c3 #406 type=standard A=10068:com.android.gallery3d U=0 visible=false mode=freeform translucent=true sz=0}
11-29 09:17:36.079 0 0 I auditd : type=1400 audit(0.0:24093): avc: denied { kill } for comm="swapper/1" capability=5 scontext=u:r:kernel:s0 tcontext=u:r:kernel:s0 tclass=capability permissive=0
11-29 09:17:36.747 1491 1693 I input_interaction: Interaction with: 59b7b66 com.android.launcher3/com.android.launcher3.uioverrides.QuickstepLauncher (server), f50ccd7 com.android.systemui.ImageWallpaper (server), edge-swipe (server), swipe-up (server), PointerEventDispatcher0 (server),
11-29 09:17:36.868 1491 9682 D FreeFormWindowHelper: Add freeform task=Task{ce34ba2 #407 type=standard A=10089:android.task.video U=0 visible=false mode=freeform translucent=true sz=1}
11-29 09:17:36.869 1491 9682 I wm_relaunch_activity: [0,156828563,407,com.android.music/.VideoBrowserActivity]
11-29 09:17:36.871 1491 8786 W ActivityManager: Receiver with filter android.content.IntentFilter@823aa3f already registered for pid 7660, callerPackage is com.android.music
11-29 09:17:36.871 1491 9682 I wm_task_moved: [32,1,9]
11-29 09:17:36.872 1491 9682 I wm_set_resumed_activity: [0,com.android.launcher3/.uioverrides.QuickstepLauncher,positionChildAt]
11-29 09:17:36.872 1491 9682 I wm_task_moved: [407,1,9]
11-29 09:17:36.872 1491 9682 I wm_task_to_front: [0,407]
11-29 09:17:36.873 1491 9682 I wm_focused_root_task: [0,0,407,32,moveTaskToFront findTaskToMoveToFront]
11-29 09:17:36.874 1491 9682 I wm_set_resumed_activity: [0,com.android.music/.VideoBrowserActivity,moveTaskToFront findTaskToMoveToFront]
11-29 09:17:36.875 1491 9682 I ActivityTaskManager: FOREGROUND_APPLICATION_CHANGED to com.android.music.VideoBrowserActivity
11-29 09:17:36.876 7660 7660 I wm_on_destroy_called: [156828563,com.android.music.VideoBrowserActivity,performDestroy]
11-29 09:17:36.876 1491 9682 I wm_set_resumed_activity: [0,com.android.music/.VideoBrowserActivity,resumeTopActivityInnerLocked]
11-29 09:17:36.878 1491 9682 I wm_resume_activity: [0,156828563,407,com.android.music/.VideoBrowserActivity]
11-29 09:17:36.886 1491 8786 W WindowManager: Attempted to set replacing window on app token with no content Token{2190082 ActivityRecord{9590393 u0 com.android.music/.VideoBrowserActivity t407}}
11-29 09:17:36.887 13671 13671 I wm_on_top_resumed_lost_called: [254362067,com.android.launcher3.uioverrides.QuickstepLauncher,topStateChangedWhenResumed]
11-29 09:17:36.915 16043 16059 W ContextImpl: Calling a method in the system process without a qualified user: android.app.ContextImpl.startService:1816 android.content.ContextWrapper.startService:774 com.thundercomm.gamemode.ingame.services.GameModeActionUtils.startGameModeService:93 com.thundercomm.gamemode.ingame.services.GameModeActionUtils.startGameModeEntry:21 com.thundercomm.gamemode.ingame.services.ActivityMonitoringService$1.onActivityLaunch:127
11-29 09:17:36.920 1491 1491 I GameModeConfig: Current uri is uri = content://com.thundercomm.gamemode.api/gamemode_settings/gamemode_isgaming
11-29 09:17:36.922 1491 1491 I GameModeConfig: isGameModeOn = false
11-29 09:17:36.922 1491 1491 I GameModeConfig: isGameModeOn = false
11-29 09:17:36.922 1491 1491 I GameModeConfig: isDisableVoice = true
11-29 09:17:36.929 7660 7660 I wm_on_create_called: [156828563,com.android.music.VideoBrowserActivity,performCreate]
11-29 09:17:36.930 7660 7660 I wm_on_start_called: [156828563,com.android.music.VideoBrowserActivity,handleStartActivity]
11-29 09:17:36.931 7660 7660 I wm_on_resume_called: [156828563,com.android.music.VideoBrowserActivity,LIFECYCLER_RESUME_ACTIVITY]
11-29 09:17:36.931 7660 7660 I wm_on_paused_called: [156828563,com.android.music.VideoBrowserActivity,performPause]
11-29 09:17:36.934 1491 2770 W WindowManager: updateScale0.7996942
11-29 09:17:36.937 1491 1600 I input_focus: [Focus request 53e8b85 com.android.music/com.android.music.VideoBrowserActivity,reason=UpdateInputWindows]
11-29 09:17:36.946 7660 7660 I wm_on_resume_called: [156828563,com.android.music.VideoBrowserActivity,RESUME_ACTIVITY]
11-29 09:17:36.947 7660 7660 I wm_on_top_resumed_gained_called: [156828563,com.android.music.VideoBrowserActivity,topStateChangedWhenResumed]
11-29 09:17:36.948 1491 1600 W WindowManager: updateScale0.7996942
11-29 09:17:36.956 1491 9682 I WindowManager: finishDrawing of relaunch: Window{53e8b85 u0 com.android.music/com.android.music.VideoBrowserActivity} 87ms
11-29 09:17:36.957 1491 1600 W WindowManager: updateScale0.7996942
11-29 09:17:36.959 1491 1600 W WindowManager: updateScale0.7996942
11-29 09:17:36.961 1491 1596 I sysui_multi_action: [319,86,322,86,325,21835,757,761,758,9,759,2,806,com.android.music,871,com.android.music.VideoBrowserActivity,904,com.android.launcher3,905,0,1320,4,1321,1]
11-29 09:17:36.968 1491 1693 I input_focus: [Focus leaving 59b7b66 com.android.launcher3/com.android.launcher3.uioverrides.QuickstepLauncher (server),reason=setFocusedWindow]
11-29 09:17:36.968 1491 1693 I input_focus: [Focus entering 53e8b85 com.android.music/com.android.music.VideoBrowserActivity (server),reason=setFocusedWindow]
11-29 09:17:37.893 1491 1608 I am_uid_idle: 10067
11-29 09:17:38.079 0 0 I auditd : type=1400 audit(0.0:24094): avc: denied { kill } for comm="swapper/1" capability=5 scontext=u:r:kernel:s0 tcontext=u:r:kernel:s0 tclass=capability permissive=0
11-29 09:17:38.400 1491 1693 I input_interaction: Interaction with: 53e8b85 com.android.music/com.android.music.VideoBrowserActivity (server), edge-swipe (server), swipe-up (server), PointerEventDispatcher0 (server),
11-29 09:17:38.410 1491 8646 W WindowManager: updateScale0.7996942
11-29 09:17:38.430 1491 1600 W WindowManager: updateScale0.7996942
11-29 09:17:38.540 1491 8646 I wm_relaunch_resume_activity: [0,156828563,407,com.android.music/.VideoBrowserActivity]
11-29 09:17:38.541 1491 8646 I wm_add_to_stopping: [0,254362067,com.android.launcher3/.uioverrides.QuickstepLauncher,makeInvisible]
11-29 09:17:38.543 1491 8646 D FreeFormWindowHelper: Remove freefrom task=Task{ce34ba2 #407 type=standard A=10089:android.task.video U=0 visible=true mode=fullscreen translucent=false sz=1}
11-29 09:17:38.548 1491 8646 W ActivityManager: Receiver with filter android.content.IntentFilter@821a12f already registered for pid 7660, callerPackage is com.android.music
11-29 09:17:38.554 7660 7660 I wm_on_top_resumed_lost_called: [156828563,com.android.music.VideoBrowserActivity,pausing]
11-29 09:17:38.554 7660 7660 I wm_on_paused_called: [156828563,com.android.music.VideoBrowserActivity,performPause]
11-29 09:17:38.554 7660 7660 I wm_on_stop_called: [156828563,com.android.music.VideoBrowserActivity,handleRelaunchActivity]
11-29 09:17:38.555 1491 2770 W WindowManager: Attempted to set replacing window on app token with no content Token{2190082 ActivityRecord{9590393 u0 com.android.music/.VideoBrowserActivity t407}}
11-29 09:17:38.561 7660 7660 I wm_on_destroy_called: [156828563,com.android.music.VideoBrowserActivity,performDestroy]
11-29 09:17:38.572 16043 16059 W ContextImpl: Calling a method in the system process without a qualified user: android.app.ContextImpl.startService:1816 android.content.ContextWrapper.startService:774 com.thundercomm.gamemode.ingame.services.GameModeActionUtils.startGameModeService:93 com.thundercomm.gamemode.ingame.services.GameModeActionUtils.startGameModeEntry:21 com.thundercomm.gamemode.ingame.services.ActivityMonitoringService$1.onActivityLaunch:127
11-29 09:17:38.579 1491 1491 I GameModeConfig: Current uri is uri = content://com.thundercomm.gamemode.api/gamemode_settings/gamemode_isgaming
11-29 09:17:38.581 1491 1491 I GameModeConfig: isGameModeOn = false
11-29 09:17:38.581 1491 1491 I GameModeConfig: isGameModeOn = false
11-29 09:17:38.581 1491 1491 I GameModeConfig: isDisableVoice = true
11-29 09:17:38.581 7660 7660 I wm_on_create_called: [156828563,com.android.music.VideoBrowserActivity,performCreate]
11-29 09:17:38.582 7660 7660 I wm_on_start_called: [156828563,com.android.music.VideoBrowserActivity,handleStartActivity]
11-29 09:17:38.584 7660 7660 I wm_on_resume_called: [156828563,com.android.music.VideoBrowserActivity,RESUME_ACTIVITY]
11-29 09:17:38.584 7660 7660 I wm_on_top_resumed_gained_called: [156828563,com.android.music.VideoBrowserActivity,topWhenResuming]
11-29 09:17:38.596 1491 8646 I WindowManager: finishDrawing of relaunch: Window{53e8b85 u0 com.android.music/com.android.music.VideoBrowserActivity} 56ms
11-29 09:17:38.954 1491 1599 I wm_stop_activity: [0,254362067,com.android.launcher3/.uioverrides.QuickstepLauncher]
11-29 09:17:38.965 16043 16059 W ContextImpl: Calling a method in the system process without a qualified user: android.app.ContextImpl.startService:1816 android.content.ContextWrapper.startService:774 com.thundercomm.gamemode.ingame.services.GameModeActionUtils.startGameModeService:93 com.thundercomm.gamemode.ingame.services.GameModeActionUtils.startGameModeEntry:21 com.thundercomm.gamemode.ingame.services.ActivityMonitoringService$1.onActivityLaunch:127
11-29 09:17:38.975 1491 1491 I GameModeConfig: Current uri is uri = content://com.thundercomm.gamemode.api/gamemode_settings/gamemode_isgaming
11-29 09:17:38.977 1491 1491 I GameModeConfig: isGameModeOn = false
11-29 09:17:38.977 1491 1491 I GameModeConfig: isGameModeOn = false
11-29 09:17:38.977 1491 1491 I GameModeConfig: isDisableVoice = true
11-29 09:17:38.987 13671 13671 I wm_on_paused_called: [254362067,com.android.launcher3.uioverrides.QuickstepLauncher,performPause]
11-29 09:17:38.989 13671 13671 I wm_on_stop_called: [254362067,com.android.launcher3.uioverrides.QuickstepLauncher,STOP_ACTIVITY_ITEM]
11-29 09:17:39.012 16043 16059 W ContextImpl: Calling a method in the system process without a qualified user: android.app.ContextImpl.startService:1816 android.content.ContextWrapper.startService:774 com.thundercomm.gamemode.ingame.services.GameModeActionUtils.startGameModeService:93 com.thundercomm.gamemode.ingame.services.GameModeActionUtils.startGameModeEntry:21 com.thundercomm.gamemode.ingame.services.ActivityMonitoringService$1.onActivityLaunch:127
11-29 09:17:39.015 1491 1491 I GameModeConfig: Current uri is uri = content://com.thundercomm.gamemode.api/gamemode_settings/gamemode_isgaming
11-29 09:17:39.016 1491 1491 I GameModeConfig: isGameModeOn = false
11-29 09:17:39.017 1491 1491 I GameModeConfig: isGameModeOn = false
11-29 09:17:39.017 1491 1491 I GameModeConfig: isDisableVoice = true
11-29 09:17:39.781 1491 8943 I wm_task_moved: [32,0,0]
11-29 09:17:39.782 1491 8943 I wm_task_moved: [32,0,8]
11-29 09:17:39.808 13671 13671 I wm_on_restart_called: [254362067,com.android.launcher3.uioverrides.QuickstepLauncher,performRestartActivity]
11-29 09:17:39.810 16043 16059 W ContextImpl: Calling a method in the system process without a qualified user: android.app.ContextImpl.startService:1816 android.content.ContextWrapper.startService:774 com.thundercomm.gamemode.ingame.services.GameModeActionUtils.startGameModeService:93 com.thundercomm.gamemode.ingame.services.GameModeActionUtils.startGameModeEntry:21 com.thundercomm.gamemode.ingame.services.ActivityMonitoringService$1.onActivityLaunch:127
11-29 09:17:39.816 1491 1491 I GameModeConfig: Current uri is uri = content://com.thundercomm.gamemode.api/gamemode_settings/gamemode_isgaming
11-29 09:17:39.820 1491 1491 I GameModeConfig: isGameModeOn = false
11-29 09:17:39.821 1491 1491 I GameModeConfig: isGameModeOn = false
11-29 09:17:39.821 1491 1491 I GameModeConfig: isDisableVoice = true
11-29 09:17:39.836 13671 13671 I wm_on_start_called: [254362067,com.android.launcher3.uioverrides.QuickstepLauncher,handleStartActivity]
11-29 09:17:39.855 1491 9682 W ActivityTaskManager: getTaskSnapshot: taskId=4406 not found
